66.249.70.7 - - [31/Mar/2026:17:19:47 +0000] "GET /?p=419 HTTP/1.1" 301 - "-" "Mozilla/5.0 (Linux; Android 6.0.1; Nexus 5X Build/MMB29P) AppleWebKit/537.36 (KHTML, like Gecko) Chrome/146.0.7680.153 Mobile Safari/537.36 (compatible; Googlebot/2.1; +http://www.google.com/bot.html)"
66.249.70.8 - - [31/Mar/2026:17:20:03 +0000] "GET /?p=6228 HTTP/1.1" 301 - "-" "Mozilla/5.0 (Linux; Android 6.0.1; Nexus 5X Build/MMB29P) AppleWebKit/537.36 (KHTML, like Gecko) Chrome/146.0.7680.153 Mobile Safari/537.36 (compatible; Googlebot/2.1; +http://www.google.com/bot.html)"
45.79.238.235 - - [31/Mar/2026:17:20:28 +0000] "POST /wp-cron.php?doing_wp_cron=1774977628.3247880935668945312500 HTTP/1.1" 200 - "-" "WordPress/6.2.9; https://www.aardvarkskateramps.co.nz"
66.249.70.7 - - [31/Mar/2026:17:20:27 +0000] "GET /2026/02/25/emerald-falls-slot/ HTTP/1.1" 200 57517 "-" "Mozilla/5.0 (Linux; Android 6.0.1; Nexus 5X Build/MMB29P) AppleWebKit/537.36 (KHTML, like Gecko) Chrome/146.0.7680.153 Mobile Safari/537.36 (compatible; Googlebot/2.1; +http://www.google.com/bot.html)"
66.249.70.6 - - [31/Mar/2026:17:20:37 +0000] "GET /?p=1455 HTTP/1.1" 301 - "-" "Mozilla/5.0 (Linux; Android 6.0.1; Nexus 5X Build/MMB29P) AppleWebKit/537.36 (KHTML, like Gecko) Chrome/146.0.7680.153 Mobile Safari/537.36 (compatible; Googlebot/2.1; +http://www.google.com/bot.html)"
66.249.70.6 - - [31/Mar/2026:17:21:00 +0000] "GET /2026/02/25/how-to-make-money-online-for-free-au/ HTTP/1.1" 200 58028 "-" "Mozilla/5.0 (Linux; Android 6.0.1; Nexus 5X Build/MMB29P) AppleWebKit/537.36 (KHTML, like Gecko) Chrome/146.0.7680.153 Mobile Safari/537.36 (compatible; Googlebot/2.1; +http://www.google.com/bot.html)"
45.79.238.235 - - [31/Mar/2026:17:23:04 +0000] "POST /wp-cron.php?doing_wp_cron=1774977784.5741240978240966796875 HTTP/1.1" 200 - "-" "WordPress/6.2.9; https://www.aardvarkskateramps.co.nz"
66.249.70.7 - - [31/Mar/2026:17:23:03 +0000] "GET /?p=1934 HTTP/1.1" 301 - "-" "Mozilla/5.0 (Linux; Android 6.0.1; Nexus 5X Build/MMB29P) AppleWebKit/537.36 (KHTML, like Gecko) Chrome/146.0.7680.153 Mobile Safari/537.36 (compatible; Googlebot/2.1; +http://www.google.com/bot.html)"
66.249.70.7 - - [31/Mar/2026:17:23:04 +0000] "GET /?p=2840 HTTP/1.1" 301 - "-" "Mozilla/5.0 (Linux; Android 6.0.1; Nexus 5X Build/MMB29P) AppleWebKit/537.36 (KHTML, like Gecko) Chrome/146.0.7680.153 Mobile Safari/537.36 (compatible; Googlebot/2.1; +http://www.google.com/bot.html)"
45.79.238.235 - - [31/Mar/2026:17:23:26 +0000] "POST /wp-cron.php?doing_wp_cron=1774977806.3155519962310791015625 HTTP/1.1" 200 - "-" "WordPress/6.2.9; https://www.aardvarkskateramps.co.nz"
66.249.70.7 - - [31/Mar/2026:17:23:25 +0000] "GET /2026/02/25/casinos-in-adelaide-au/ HTTP/1.1" 200 57740 "-" "Mozilla/5.0 (Linux; Android 6.0.1; Nexus 5X Build/MMB29P) AppleWebKit/537.36 (KHTML, like Gecko) Chrome/146.0.7680.153 Mobile Safari/537.36 (compatible; Googlebot/2.1; +http://www.google.com/bot.html)"
66.249.70.7 - - [31/Mar/2026:17:23:27 +0000] "GET /2026/02/25/native-australian-casino-money/ HTTP/1.1" 200 57831 "-" "Mozilla/5.0 (Linux; Android 6.0.1; Nexus 5X Build/MMB29P) AppleWebKit/537.36 (KHTML, like Gecko) Chrome/146.0.7680.153 Mobile Safari/537.36 (compatible; Googlebot/2.1; +http://www.google.com/bot.html)"
66.249.70.6 - - [31/Mar/2026:17:23:51 +0000] "GET /2026/02/25/gambling-in-melbourne-new-zealand/ HTTP/1.1" 200 57522 "-" "Mozilla/5.0 (Linux; Android 6.0.1; Nexus 5X Build/MMB29P) AppleWebKit/537.36 (KHTML, like Gecko) Chrome/146.0.7680.153 Mobile Safari/537.36 (compatible; Googlebot/2.1; +http://www.google.com/bot.html)"
66.249.70.8 - - [31/Mar/2026:17:24:05 +0000] "GET /?p=6108 HTTP/1.1" 301 - "-" "Mozilla/5.0 (Linux; Android 6.0.1; Nexus 5X Build/MMB29P) AppleWebKit/537.36 (KHTML, like Gecko) Chrome/146.0.7680.153 Mobile Safari/537.36 (compatible; Googlebot/2.1; +http://www.google.com/bot.html)"
45.79.238.235 - - [31/Mar/2026:17:24:28 +0000] "POST /wp-cron.php?doing_wp_cron=1774977868.0235719680786132812500 HTTP/1.1" 200 - "-" "WordPress/6.2.9; https://www.aardvarkskateramps.co.nz"
66.249.70.6 - - [31/Mar/2026:17:24:27 +0000] "GET /2026/02/25/crowne-casino-melbourne/ HTTP/1.1" 200 57892 "-" "Mozilla/5.0 (Linux; Android 6.0.1; Nexus 5X Build/MMB29P) AppleWebKit/537.36 (KHTML, like Gecko) Chrome/146.0.7680.153 Mobile Safari/537.36 (compatible; Googlebot/2.1; +http://www.google.com/bot.html)"
66.249.70.6 - - [31/Mar/2026:17:24:56 +0000] "GET /2026/02/25/tax-free-pokies-win-real-money-australia/ HTTP/1.1" 200 58016 "-" "Mozilla/5.0 (Linux; Android 6.0.1; Nexus 5X Build/MMB29P) AppleWebKit/537.36 (KHTML, like Gecko) Chrome/146.0.7680.153 Mobile Safari/537.36 (compatible; Googlebot/2.1; +http://www.google.com/bot.html)"
66.249.70.7 - - [31/Mar/2026:17:25:07 +0000] "GET /?p=178 HTTP/1.1" 301 - "-" "Mozilla/5.0 (Linux; Android 6.0.1; Nexus 5X Build/MMB29P) AppleWebKit/537.36 (KHTML, like Gecko) Chrome/146.0.7680.153 Mobile Safari/537.36 (compatible; Googlebot/2.1; +http://www.google.com/bot.html)"
45.79.238.235 - - [31/Mar/2026:17:25:31 +0000] "POST /wp-cron.php?doing_wp_cron=1774977931.0377950668334960937500 HTTP/1.1" 200 - "-" "WordPress/6.2.9; https://www.aardvarkskateramps.co.nz"
66.249.70.7 - - [31/Mar/2026:17:25:30 +0000] "GET /2026/02/25/free-deposit-casino-games-online-pokies-machine/ HTTP/1.1" 200 58267 "-" "Mozilla/5.0 (Linux; Android 6.0.1; Nexus 5X Build/MMB29P) AppleWebKit/537.36 (KHTML, like Gecko) Chrome/146.0.7680.153 Mobile Safari/537.36 (compatible; Googlebot/2.1; +http://www.google.com/bot.html)"
45.79.238.235 - - [31/Mar/2026:17:27:06 +0000] "POST /wp-cron.php?doing_wp_cron=1774978026.2754271030426025390625 HTTP/1.1" 200 - "-" "WordPress/6.2.9; https://www.aardvarkskateramps.co.nz"
66.249.70.6 - - [31/Mar/2026:17:27:04 +0000] "GET /?p=3348 HTTP/1.1" 301 - "-" "Mozilla/5.0 (Linux; Android 6.0.1; Nexus 5X Build/MMB29P) AppleWebKit/537.36 (KHTML, like Gecko) Chrome/146.0.7680.153 Mobile Safari/537.36 (compatible; Googlebot/2.1; +http://www.google.com/bot.html)"
45.79.238.235 - - [31/Mar/2026:17:27:28 +0000] "POST /wp-cron.php?doing_wp_cron=1774978048.2311758995056152343750 HTTP/1.1" 200 - "-" "WordPress/6.2.9; https://www.aardvarkskateramps.co.nz"
66.249.70.7 - - [31/Mar/2026:17:27:27 +0000] "GET /2026/02/25/casino-kamloops-nz/ HTTP/1.1" 200 57200 "-" "Mozilla/5.0 (Linux; Android 6.0.1; Nexus 5X Build/MMB29P) AppleWebKit/537.36 (KHTML, like Gecko) Chrome/146.0.7680.153 Mobile Safari/537.36 (compatible; Googlebot/2.1; +http://www.google.com/bot.html)"
66.249.70.6 - - [31/Mar/2026:17:27:45 +0000] "GET /2026/02/25/online-casino-games-real-money-nz/ HTTP/1.1" 200 57900 "-" "Mozilla/5.0 (Linux; Android 6.0.1; Nexus 5X Build/MMB29P) AppleWebKit/537.36 (KHTML, like Gecko) Chrome/146.0.7680.153 Mobile Safari/537.36 (compatible; Googlebot/2.1; +http://www.google.com/bot.html)"
66.249.70.6 - - [31/Mar/2026:17:28:09 +0000] "GET /?p=6666 HTTP/1.1" 301 - "-" "Mozilla/5.0 (Linux; Android 6.0.1; Nexus 5X Build/MMB29P) AppleWebKit/537.36 (KHTML, like Gecko) Chrome/146.0.7680.153 Mobile Safari/537.36 (compatible; Googlebot/2.1; +http://www.google.com/bot.html)"
45.79.238.235 - - [31/Mar/2026:17:28:11 +0000] "POST /wp-cron.php?doing_wp_cron=1774978091.3711469173431396484375 HTTP/1.1" 200 - "-" "WordPress/6.2.9; https://www.aardvarkskateramps.co.nz"
66.249.70.8 - - [31/Mar/2026:17:28:10 +0000] "GET /?p=4851 HTTP/1.1" 301 - "-" "Mozilla/5.0 (Linux; Android 6.0.1; Nexus 5X Build/MMB29P) AppleWebKit/537.36 (KHTML, like Gecko) Chrome/146.0.7680.153 Mobile Safari/537.36 (compatible; Googlebot/2.1; +http://www.google.com/bot.html)"
66.249.70.6 - - [31/Mar/2026:17:28:32 +0000] "GET /2026/02/25/australian-online-pokies-app/ HTTP/1.1" 200 57686 "-" "Mozilla/5.0 (Linux; Android 6.0.1; Nexus 5X Build/MMB29P) AppleWebKit/537.36 (KHTML, like Gecko) Chrome/146.0.7680.153 Mobile Safari/537.36 (compatible; Googlebot/2.1; +http://www.google.com/bot.html)"
66.249.70.7 - - [31/Mar/2026:17:28:33 +0000] "GET /2026/02/25/seminole-casino-brighton-okeechobee-au/ HTTP/1.1" 200 57230 "-" "Mozilla/5.0 (Linux; Android 6.0.1; Nexus 5X Build/MMB29P) AppleWebKit/537.36 (KHTML, like Gecko) Chrome/146.0.7680.153 Mobile Safari/537.36 (compatible; Googlebot/2.1; +http://www.google.com/bot.html)"
45.79.238.235 - - [31/Mar/2026:17:30:12 +0000] "POST /wp-cron.php?doing_wp_cron=1774978211.8468980789184570312500 HTTP/1.1" 200 - "-" "WordPress/6.2.9; https://www.aardvarkskateramps.co.nz"
66.249.70.6 - - [31/Mar/2026:17:30:10 +0000] "GET /2026/02/25/pokies-machines-free-play/ HTTP/1.1" 200 56821 "-" "Mozilla/5.0 (Linux; Android 6.0.1; Nexus 5X Build/MMB29P) AppleWebKit/537.36 (KHTML, like Gecko) Chrome/146.0.7680.153 Mobile Safari/537.36 (compatible; Googlebot/2.1; +http://www.google.com/bot.html)"
66.249.70.6 - - [31/Mar/2026:17:30:22 +0000] "GET /?p=6110 HTTP/1.1" 301 - "-" "Mozilla/5.0 (Linux; Android 6.0.1; Nexus 5X Build/MMB29P) AppleWebKit/537.36 (KHTML, like Gecko) Chrome/146.0.7680.153 Mobile Safari/537.36 (compatible; Googlebot/2.1; +http://www.google.com/bot.html)"
66.249.70.6 - - [31/Mar/2026:17:30:45 +0000] "GET /2026/02/25/free-sign-up-bonus-no-deposit-nz/ HTTP/1.1" 200 57820 "-" "Mozilla/5.0 (Linux; Android 6.0.1; Nexus 5X Build/MMB29P) AppleWebKit/537.36 (KHTML, like Gecko) Chrome/146.0.7680.153 Mobile Safari/537.36 (compatible; Googlebot/2.1; +http://www.google.com/bot.html)"
45.79.238.235 - - [31/Mar/2026:17:31:41 +0000] "POST /wp-cron.php?doing_wp_cron=1774978301.2836439609527587890625 HTTP/1.1" 200 - "-" "WordPress/6.2.9; https://www.aardvarkskateramps.co.nz"
66.249.70.7 - - [31/Mar/2026:17:31:40 +0000] "GET /2026/02/25/recommended-safe-pokies-casinos/ HTTP/1.1" 200 57828 "-" "Mozilla/5.0 (Linux; Android 6.0.1; Nexus 5X Build/MMB29P) AppleWebKit/537.36 (KHTML, like Gecko) Chrome/146.0.7680.153 Mobile Safari/537.36 (compatible; Googlebot/2.1; +http://www.google.com/bot.html)"
66.249.70.6 - - [31/Mar/2026:17:32:01 +0000] "GET /2026/02/25/new-casinos-australia/ HTTP/1.1" 200 57289 "-" "Mozilla/5.0 (Linux; Android 6.0.1; Nexus 5X Build/MMB29P) AppleWebKit/537.36 (KHTML, like Gecko) Chrome/146.0.7680.153 Mobile Safari/537.36 (compatible; Googlebot/2.1; +http://www.google.com/bot.html)"
45.79.238.235 - - [31/Mar/2026:17:32:43 +0000] "POST /wp-cron.php?doing_wp_cron=1774978363.6578309535980224609375 HTTP/1.1" 200 - "-" "WordPress/6.2.9; https://www.aardvarkskateramps.co.nz"
66.249.70.6 - - [31/Mar/2026:17:32:43 +0000] "GET /?p=1188 HTTP/1.1" 301 - "-" "Mozilla/5.0 (Linux; Android 6.0.1; Nexus 5X Build/MMB29P) AppleWebKit/537.36 (KHTML, like Gecko) Chrome/146.0.7680.153 Mobile Safari/537.36 (compatible; Googlebot/2.1; +http://www.google.com/bot.html)"
66.249.70.6 - - [31/Mar/2026:17:32:46 +0000] "GET /?p=1912 HTTP/1.1" 301 - "-" "Mozilla/5.0 (Linux; Android 6.0.1; Nexus 5X Build/MMB29P) AppleWebKit/537.36 (KHTML, like Gecko) Chrome/146.0.7680.153 Mobile Safari/537.36 (compatible; Googlebot/2.1; +http://www.google.com/bot.html)"
66.249.70.6 - - [31/Mar/2026:17:33:00 +0000] "GET /2026/02/25/how-to-win-the-pokies-in-australia/ HTTP/1.1" 200 58160 "-" "Mozilla/5.0 (Linux; Android 6.0.1; Nexus 5X Build/MMB29P) AppleWebKit/537.36 (KHTML, like Gecko) Chrome/146.0.7680.153 Mobile Safari/537.36 (compatible; Googlebot/2.1; +http://www.google.com/bot.html)"
66.249.70.5 - - [31/Mar/2026:17:33:08 +0000] "GET /2026/02/25/best-paying-no-deposit-pokies/ HTTP/1.1" 200 57650 "-" "Mozilla/5.0 (Linux; Android 6.0.1; Nexus 5X Build/MMB29P) AppleWebKit/537.36 (KHTML, like Gecko) Chrome/146.0.7680.153 Mobile Safari/537.36 (compatible; Googlebot/2.1; +http://www.google.com/bot.html)"
45.79.238.235 - - [31/Mar/2026:17:34:52 +0000] "POST /wp-cron.php?doing_wp_cron=1774978491.9386539459228515625000 HTTP/1.1" 200 - "-" "WordPress/6.2.9; https://www.aardvarkskateramps.co.nz"
66.249.70.5 - - [31/Mar/2026:17:34:51 +0000] "GET /?p=3179 HTTP/1.1" 301 - "-" "Mozilla/5.0 (Linux; Android 6.0.1; Nexus 5X Build/MMB29P) AppleWebKit/537.36 (KHTML, like Gecko) Chrome/146.0.7680.153 Mobile Safari/537.36 (compatible; Googlebot/2.1; +http://www.google.com/bot.html)"
45.79.238.235 - - [31/Mar/2026:17:35:13 +0000] "POST /wp-cron.php?doing_wp_cron=1774978513.3934090137481689453125 HTTP/1.1" 200 - "-" "WordPress/6.2.9; https://www.aardvarkskateramps.co.nz"
66.249.70.6 - - [31/Mar/2026:17:35:12 +0000] "GET /2026/02/25/site-of-pokies-australia-10-deposit/ HTTP/1.1" 200 57933 "-" "Mozilla/5.0 (Linux; Android 6.0.1; Nexus 5X Build/MMB29P) AppleWebKit/537.36 (KHTML, like Gecko) Chrome/146.0.7680.153 Mobile Safari/537.36 (compatible; Googlebot/2.1; +http://www.google.com/bot.html)"
45.79.238.235 - - [31/Mar/2026:17:35:31 +0000] "POST /wp-cron.php?doing_wp_cron=1774978531.7779970169067382812500 HTTP/1.1" 200 - "-" "WordPress/6.2.9; https://www.aardvarkskateramps.co.nz"
66.249.70.6 - - [31/Mar/2026:17:35:31 +0000] "GET /2026/02/25/legal-deposit-casino-pokies-sites-australia/ HTTP/1.1" 200 58431 "-" "Mozilla/5.0 (Linux; Android 6.0.1; Nexus 5X Build/MMB29P) AppleWebKit/537.36 (KHTML, like Gecko) Chrome/146.0.7680.153 Mobile Safari/537.36 (compatible; Googlebot/2.1; +http://www.google.com/bot.html)"
66.249.70.5 - - [31/Mar/2026:17:35:47 +0000] "GET /?p=2882 HTTP/1.1" 301 - "-" "Mozilla/5.0 (Linux; Android 6.0.1; Nexus 5X Build/MMB29P) AppleWebKit/537.36 (KHTML, like Gecko) Chrome/146.0.7680.153 Mobile Safari/537.36 (compatible; Googlebot/2.1; +http://www.google.com/bot.html)"
66.249.70.5 - - [31/Mar/2026:17:35:48 +0000] "GET /?p=4672 HTTP/1.1" 301 - "-" "Mozilla/5.0 (Linux; Android 6.0.1; Nexus 5X Build/MMB29P) AppleWebKit/537.36 (KHTML, like Gecko) Chrome/146.0.7680.153 Mobile Safari/537.36 (compatible; Googlebot/2.1; +http://www.google.com/bot.html)"
66.249.70.5 - - [31/Mar/2026:17:35:53 +0000] "GET /wp-content/themes/hestia/style.min.css?ver=3.0.6 HTTP/1.1" 304 - "https://www.aardvarkskateramps.co.nz/2026/02/25/new-casinos-australia/" "Mozilla/5.0 (Linux; Android 6.0.1; Nexus 5X Build/MMB29P) AppleWebKit/537.36 (KHTML, like Gecko) Chrome/146.0.7680.153 Mobile Safari/537.36 (compatible; Googlebot/2.1; +http://www.google.com/bot.html)"
45.79.238.235 - - [31/Mar/2026:17:36:12 +0000] "POST /wp-cron.php?doing_wp_cron=1774978572.0269939899444580078125 HTTP/1.1" 200 - "-" "WordPress/6.2.9; https://www.aardvarkskateramps.co.nz"
66.249.70.7 - - [31/Mar/2026:17:36:11 +0000] "GET /2026/02/25/pokies-paypal/ HTTP/1.1" 200 57537 "-" "Mozilla/5.0 (Linux; Android 6.0.1; Nexus 5X Build/MMB29P) AppleWebKit/537.36 (KHTML, like Gecko) Chrome/146.0.7680.153 Mobile Safari/537.36 (compatible; Googlebot/2.1; +http://www.google.com/bot.html)"
66.249.70.5 - - [31/Mar/2026:17:36:11 +0000] "GET /2026/02/25/free-no-deposit-bonus-codes-australia/ HTTP/1.1" 200 57867 "-" "Mozilla/5.0 (Linux; Android 6.0.1; Nexus 5X Build/MMB29P) AppleWebKit/537.36 (KHTML, like Gecko) Chrome/146.0.7680.153 Mobile Safari/537.36 (compatible; Googlebot/2.1; +http://www.google.com/bot.html)"
66.249.70.5 - - [31/Mar/2026:17:36:17 +0000] "GET /?p=4600 HTTP/1.1" 301 - "-" "Mozilla/5.0 (Linux; Android 6.0.1; Nexus 5X Build/MMB29P) AppleWebKit/537.36 (KHTML, like Gecko) Chrome/146.0.7680.153 Mobile Safari/537.36 (compatible; Googlebot/2.1; +http://www.google.com/bot.html)"
66.249.70.5 - - [31/Mar/2026:17:36:37 +0000] "GET /2026/02/25/no-deposit-casino-codes-for-au/ HTTP/1.1" 200 58098 "-" "Mozilla/5.0 (Linux; Android 6.0.1; Nexus 5X Build/MMB29P) AppleWebKit/537.36 (KHTML, like Gecko) Chrome/146.0.7680.153 Mobile Safari/537.36 (compatible; Googlebot/2.1; +http://www.google.com/bot.html)"
66.249.70.5 - - [31/Mar/2026:17:36:53 +0000] "GET /?p=2512 HTTP/1.1" 301 - "-" "Mozilla/5.0 (Linux; Android 6.0.1; Nexus 5X Build/MMB29P) AppleWebKit/537.36 (KHTML, like Gecko) Chrome/146.0.7680.153 Mobile Safari/537.36 (compatible; Googlebot/2.1; +http://www.google.com/bot.html)"
66.249.70.7 - - [31/Mar/2026:17:37:02 +0000] "GET /?p=5452 HTTP/1.1" 301 - "-" "Mozilla/5.0 (Linux; Android 6.0.1; Nexus 5X Build/MMB29P) AppleWebKit/537.36 (KHTML, like Gecko) Chrome/146.0.7680.153 Mobile Safari/537.36 (compatible; Googlebot/2.1; +http://www.google.com/bot.html)"
45.79.238.235 - - [31/Mar/2026:17:37:12 +0000] "POST /wp-cron.php?doing_wp_cron=1774978632.2502059936523437500000 HTTP/1.1" 200 - "-" "WordPress/6.2.9; https://www.aardvarkskateramps.co.nz"
66.249.70.5 - - [31/Mar/2026:17:37:11 +0000] "GET /?p=1836 HTTP/1.1" 301 - "-" "Mozilla/5.0 (Linux; Android 6.0.1; Nexus 5X Build/MMB29P) AppleWebKit/537.36 (KHTML, like Gecko) Chrome/146.0.7680.153 Mobile Safari/537.36 (compatible; Googlebot/2.1; +http://www.google.com/bot.html)"
66.249.70.5 - - [31/Mar/2026:17:37:24 +0000] "GET /2026/02/25/electronic-pokies-casino/ HTTP/1.1" 200 57414 "-" "Mozilla/5.0 (Linux; Android 6.0.1; Nexus 5X Build/MMB29P) AppleWebKit/537.36 (KHTML, like Gecko) Chrome/146.0.7680.153 Mobile Safari/537.36 (compatible; Googlebot/2.1; +http://www.google.com/bot.html)"
66.249.70.5 - - [31/Mar/2026:17:37:33 +0000] "GET /2026/02/25/gambling-payment-gateway-nz/ HTTP/1.1" 200 57797 "-" "Mozilla/5.0 (Linux; Android 6.0.1; Nexus 5X Build/MMB29P) AppleWebKit/537.36 (KHTML, like Gecko) Chrome/146.0.7680.153 Mobile Safari/537.36 (compatible; Googlebot/2.1; +http://www.google.com/bot.html)"
66.249.70.5 - - [31/Mar/2026:17:37:58 +0000] "GET /?p=3458 HTTP/1.1" 301 - "-" "Mozilla/5.0 (Linux; Android 6.0.1; Nexus 5X Build/MMB29P) AppleWebKit/537.36 (KHTML, like Gecko) Chrome/146.0.7680.153 Mobile Safari/537.36 (compatible; Googlebot/2.1; +http://www.google.com/bot.html)"
45.79.238.235 - - [31/Mar/2026:17:38:10 +0000] "POST /wp-cron.php?doing_wp_cron=1774978690.7837259769439697265625 HTTP/1.1" 200 - "-" "WordPress/6.2.9; https://www.aardvarkskateramps.co.nz"
66.249.70.5 - - [31/Mar/2026:17:38:10 +0000] "GET /?p=1311 HTTP/1.1" 301 - "-" "Mozilla/5.0 (Linux; Android 6.0.1; Nexus 5X Build/MMB29P) AppleWebKit/537.36 (KHTML, like Gecko) Chrome/146.0.7680.153 Mobile Safari/537.36 (compatible; Googlebot/2.1; +http://www.google.com/bot.html)"
66.249.70.6 - - [31/Mar/2026:17:38:19 +0000] "GET /2026/02/25/24-hour-pokies-geelong/ HTTP/1.1" 200 57723 "-" "Mozilla/5.0 (Linux; Android 6.0.1; Nexus 5X Build/MMB29P) AppleWebKit/537.36 (KHTML, like Gecko) Chrome/146.0.7680.153 Mobile Safari/537.36 (compatible; Googlebot/2.1; +http://www.google.com/bot.html)"
45.79.238.235 - - [31/Mar/2026:17:40:06 +0000] "POST /wp-cron.php?doing_wp_cron=1774978806.1864769458770751953125 HTTP/1.1" 200 - "-" "WordPress/6.2.9; https://www.aardvarkskateramps.co.nz"
66.249.70.6 - - [31/Mar/2026:17:40:05 +0000] "GET /2026/02/25/virtual-pokies-machine-real-money/ HTTP/1.1" 200 57434 "-" "Mozilla/5.0 (Linux; Android 6.0.1; Nexus 5X Build/MMB29P) AppleWebKit/537.36 (KHTML, like Gecko) Chrome/146.0.7680.153 Mobile Safari/537.36 (compatible; Googlebot/2.1; +http://www.google.com/bot.html)"
66.249.70.5 - - [31/Mar/2026:17:41:40 +0000] "GET /?p=3000 HTTP/1.1" 500 - "-" "Mozilla/5.0 (Linux; Android 6.0.1; Nexus 5X Build/MMB29P) AppleWebKit/537.36 (KHTML, like Gecko) Chrome/146.0.7680.153 Mobile Safari/537.36 (compatible; Googlebot/2.1; +http://www.google.com/bot.html)"
66.249.70.6 - - [31/Mar/2026:17:42:09 +0000] "GET /?p=5763 HTTP/1.1" 500 - "-" "Mozilla/5.0 (Linux; Android 6.0.1; Nexus 5X Build/MMB29P) AppleWebKit/537.36 (KHTML, like Gecko) Chrome/146.0.7680.153 Mobile Safari/537.36 (compatible; Googlebot/2.1; +http://www.google.com/bot.html)"
66.249.70.7 - - [31/Mar/2026:17:42:32 +0000] "GET /?p=6577 HTTP/1.1" 500 - "-" "Mozilla/5.0 (Linux; Android 6.0.1; Nexus 5X Build/MMB29P) AppleWebKit/537.36 (KHTML, like Gecko) Chrome/146.0.7680.153 Mobile Safari/537.36 (compatible; Googlebot/2.1; +http://www.google.com/bot.html)"
66.249.70.6 - - [31/Mar/2026:17:42:52 +0000] "GET /?p=3392 HTTP/1.1" 500 - "-" "Mozilla/5.0 (Linux; Android 6.0.1; Nexus 5X Build/MMB29P) AppleWebKit/537.36 (KHTML, like Gecko) Chrome/146.0.7680.153 Mobile Safari/537.36 (compatible; Googlebot/2.1; +http://www.google.com/bot.html)"
66.249.70.6 - - [31/Mar/2026:17:42:55 +0000] "GET /?p=4265 HTTP/1.1" 500 - "-" "Mozilla/5.0 (Linux; Android 6.0.1; Nexus 5X Build/MMB29P) AppleWebKit/537.36 (KHTML, like Gecko) Chrome/146.0.7680.153 Mobile Safari/537.36 (compatible; Googlebot/2.1; +http://www.google.com/bot.html)"
66.249.70.7 - - [31/Mar/2026:17:43:40 +0000] "GET /?p=2758 HTTP/1.1" 500 - "-" "Mozilla/5.0 (Linux; Android 6.0.1; Nexus 5X Build/MMB29P) AppleWebKit/537.36 (KHTML, like Gecko) Chrome/146.0.7680.153 Mobile Safari/537.36 (compatible; Googlebot/2.1; +http://www.google.com/bot.html)"
66.249.70.7 - - [31/Mar/2026:17:44:24 +0000] "GET /2026/02/25/au-players-online-casinos/ HTTP/1.1" 500 - "-" "Mozilla/5.0 (Linux; Android 6.0.1; Nexus 5X Build/MMB29P) AppleWebKit/537.36 (KHTML, like Gecko) Chrome/146.0.7680.153 Mobile Safari/537.36 (compatible; Googlebot/2.1; +http://www.google.com/bot.html)"
66.249.70.5 - - [31/Mar/2026:17:44:47 +0000] "GET /?p=3064 HTTP/1.1" 500 - "-" "Mozilla/5.0 (Linux; Android 6.0.1; Nexus 5X Build/MMB29P) AppleWebKit/537.36 (KHTML, like Gecko) Chrome/146.0.7680.153 Mobile Safari/537.36 (compatible; Googlebot/2.1; +http://www.google.com/bot.html)"
44.223.116.149 - - [31/Mar/2026:17:47:30 +0000] "GET /?p=395 HTTP/1.1" 500 - "-" "Mozilla/5.0 AppleWebKit/537.36 (KHTML, like Gecko; compatible; Amazonbot/0.1; +https://developer.amazon.com/support/amazonbot) Chrome/119.0.6045.214 Safari/537.36"
3.230.224.6 - - [31/Mar/2026:17:47:33 +0000] "GET /?p=253 HTTP/1.1" 500 - "-" "Mozilla/5.0 AppleWebKit/537.36 (KHTML, like Gecko; compatible; Amazonbot/0.1; +https://developer.amazon.com/support/amazonbot) Chrome/119.0.6045.214 Safari/537.36"
66.249.70.6 - - [31/Mar/2026:17:50:05 +0000] "GET /?p=3206 HTTP/1.1" 500 - "-" "Mozilla/5.0 (Linux; Android 6.0.1; Nexus 5X Build/MMB29P) AppleWebKit/537.36 (KHTML, like Gecko) Chrome/146.0.7680.153 Mobile Safari/537.36 (compatible; Googlebot/2.1; +http://www.google.com/bot.html)"
66.249.70.7 - - [31/Mar/2026:17:52:01 +0000] "GET /?p=2487 HTTP/1.1" 500 - "-" "Mozilla/5.0 (Linux; Android 6.0.1; Nexus 5X Build/MMB29P) AppleWebKit/537.36 (KHTML, like Gecko) Chrome/146.0.7680.153 Mobile Safari/537.36 (compatible; Googlebot/2.1; +http://www.google.com/bot.html)"
3.93.211.16 - - [31/Mar/2026:17:52:59 +0000] "GET /?p=118 HTTP/1.1" 500 - "-" "Mozilla/5.0 AppleWebKit/537.36 (KHTML, like Gecko; compatible; Amazonbot/0.1; +https://developer.amazon.com/support/amazonbot) Chrome/119.0.6045.214 Safari/537.36"
66.249.70.6 - - [31/Mar/2026:17:54:44 +0000] "GET /?p=5036 HTTP/1.1" 500 - "-" "Mozilla/5.0 (Linux; Android 6.0.1; Nexus 5X Build/MMB29P) AppleWebKit/537.36 (KHTML, like Gecko) Chrome/146.0.7680.153 Mobile Safari/537.36 (compatible; Googlebot/2.1; +http://www.google.com/bot.html)"
66.249.70.8 - - [31/Mar/2026:17:54:45 +0000] "GET /?p=4512 HTTP/1.1" 500 - "-" "Mozilla/5.0 (Linux; Android 6.0.1; Nexus 5X Build/MMB29P) AppleWebKit/537.36 (KHTML, like Gecko) Chrome/146.0.7680.153 Mobile Safari/537.36 (compatible; Googlebot/2.1; +http://www.google.com/bot.html)"
66.249.70.6 - - [31/Mar/2026:17:55:41 +0000] "GET /?p=5095 HTTP/1.1" 500 - "-" "Mozilla/5.0 (Linux; Android 6.0.1; Nexus 5X Build/MMB29P) AppleWebKit/537.36 (KHTML, like Gecko) Chrome/146.0.7680.153 Mobile Safari/537.36 (compatible; Googlebot/2.1; +http://www.google.com/bot.html)"
88.172.32.196 - - [31/Mar/2026:17:56:35 +0000] "GET /comments/feed/ HTTP/1.1" 404 - "-" "Mozilla/5.0 (Windows; U; Windows NT 5.0) AppleWebKit/534.44.6 (KHTML, like Gecko) Version/5.1 Safari/534.44.6"
66.249.70.7 - - [31/Mar/2026:17:59:23 +0000] "GET /2026/02/25/deposit-casino-pokies-free-to-play/ HTTP/1.1" 404 - "-" "Mozilla/5.0 (Linux; Android 6.0.1; Nexus 5X Build/MMB29P) AppleWebKit/537.36 (KHTML, like Gecko) Chrome/146.0.7680.153 Mobile Safari/537.36 (compatible; Googlebot/2.1; +http://www.google.com/bot.html)"
66.249.70.7 - - [31/Mar/2026:17:59:48 +0000] "GET /?p=1122 HTTP/1.1" 500 - "-" "Mozilla/5.0 (Linux; Android 6.0.1; Nexus 5X Build/MMB29P) AppleWebKit/537.36 (KHTML, like Gecko) Chrome/146.0.7680.153 Mobile Safari/537.36 (compatible; Googlebot/2.1; +http://www.google.com/bot.html)"
54.235.191.179 - - [31/Mar/2026:18:00:26 +0000] "GET /?p=264 HTTP/1.1" 500 - "-" "Mozilla/5.0 AppleWebKit/537.36 (KHTML, like Gecko; compatible; Amazonbot/0.1; +https://developer.amazon.com/support/amazonbot) Chrome/119.0.6045.214 Safari/537.36"
66.249.70.6 - - [31/Mar/2026:18:00:31 +0000] "GET /2026/02/25/free-online-pokies-with-no-downloads/ HTTP/1.1" 404 - "-" "Mozilla/5.0 (Linux; Android 6.0.1; Nexus 5X Build/MMB29P) AppleWebKit/537.36 (KHTML, like Gecko) Chrome/146.0.7680.153 Mobile Safari/537.36 (compatible; Googlebot/2.1; +http://www.google.com/bot.html)"
66.249.70.6 - - [31/Mar/2026:18:00:58 +0000] "GET /?p=2202 HTTP/1.1" 500 - "-" "Mozilla/5.0 (Linux; Android 6.0.1; Nexus 5X Build/MMB29P) AppleWebKit/537.36 (KHTML, like Gecko) Chrome/146.0.7680.153 Mobile Safari/537.36 (compatible; Googlebot/2.1; +http://www.google.com/bot.html)"
66.249.70.7 - - [31/Mar/2026:18:02:02 +0000] "GET /?p=2825 HTTP/1.1" 500 - "-" "Mozilla/5.0 (Linux; Android 6.0.1; Nexus 5X Build/MMB29P) AppleWebKit/537.36 (KHTML, like Gecko) Chrome/146.0.7680.153 Mobile Safari/537.36 (compatible; Googlebot/2.1; +http://www.google.com/bot.html)"
66.249.70.6 - - [31/Mar/2026:18:02:07 +0000] "GET /?p=3078 HTTP/1.1" 500 - "-" "Mozilla/5.0 (Linux; Android 6.0.1; Nexus 5X Build/MMB29P) AppleWebKit/537.36 (KHTML, like Gecko) Chrome/146.0.7680.153 Mobile Safari/537.36 (compatible; Googlebot/2.1; +http://www.google.com/bot.html)"
66.249.70.6 - - [31/Mar/2026:18:02:21 +0000] "GET /?p=231 HTTP/1.1" 500 - "-" "Mozilla/5.0 (Linux; Android 6.0.1; Nexus 5X Build/MMB29P) AppleWebKit/537.36 (KHTML, like Gecko) Chrome/146.0.7680.153 Mobile Safari/537.36 (compatible; Googlebot/2.1; +http://www.google.com/bot.html)"
66.249.70.6 - - [31/Mar/2026:18:02:30 +0000] "GET /?p=1847 HTTP/1.1" 500 - "-" "Mozilla/5.0 (Linux; Android 6.0.1; Nexus 5X Build/MMB29P) AppleWebKit/537.36 (KHTML, like Gecko) Chrome/146.0.7680.153 Mobile Safari/537.36 (compatible; Googlebot/2.1; +http://www.google.com/bot.html)"
66.249.70.6 - - [31/Mar/2026:18:03:23 +0000] "GET /?p=3350 HTTP/1.1" 500 - "-" "Mozilla/5.0 (Linux; Android 6.0.1; Nexus 5X Build/MMB29P) AppleWebKit/537.36 (KHTML, like Gecko) Chrome/146.0.7680.153 Mobile Safari/537.36 (compatible; Googlebot/2.1; +http://www.google.com/bot.html)"
66.249.70.6 - - [31/Mar/2026:18:04:00 +0000] "GET /?p=5490 HTTP/1.1" 500 - "-" "Mozilla/5.0 (Linux; Android 6.0.1; Nexus 5X Build/MMB29P) AppleWebKit/537.36 (KHTML, like Gecko) Chrome/146.0.7680.153 Mobile Safari/537.36 (compatible; Googlebot/2.1; +http://www.google.com/bot.html)"
66.249.70.6 - - [31/Mar/2026:18:04:09 +0000] "GET /?p=3081 HTTP/1.1" 500 - "-" "Mozilla/5.0 (Linux; Android 6.0.1; Nexus 5X Build/MMB29P) AppleWebKit/537.36 (KHTML, like Gecko) Chrome/146.0.7680.153 Mobile Safari/537.36 (compatible; Googlebot/2.1; +http://www.google.com/bot.html)"
66.249.70.7 - - [31/Mar/2026:18:05:29 +0000] "GET /?p=6200 HTTP/1.1" 500 - "-" "Mozilla/5.0 (Linux; Android 6.0.1; Nexus 5X Build/MMB29P) AppleWebKit/537.36 (KHTML, like Gecko) Chrome/146.0.7680.153 Mobile Safari/537.36 (compatible; Googlebot/2.1; +http://www.google.com/bot.html)"
66.249.70.7 - - [31/Mar/2026:18:05:34 +0000] "GET /?p=1857 HTTP/1.1" 500 - "-" "Mozilla/5.0 (Linux; Android 6.0.1; Nexus 5X Build/MMB29P) AppleWebKit/537.36 (KHTML, like Gecko) Chrome/146.0.7680.153 Mobile Safari/537.36 (compatible; Googlebot/2.1; +http://www.google.com/bot.html)"
66.249.70.7 - - [31/Mar/2026:18:06:49 +0000] "GET /?p=4597 HTTP/1.1" 500 - "-" "Mozilla/5.0 (Linux; Android 6.0.1; Nexus 5X Build/MMB29P) AppleWebKit/537.36 (KHTML, like Gecko) Chrome/146.0.7680.153 Mobile Safari/537.36 (compatible; Googlebot/2.1; +http://www.google.com/bot.html)"
66.249.70.6 - - [31/Mar/2026:18:07:39 +0000] "GET /?p=4661 HTTP/1.1" 500 - "-" "Mozilla/5.0 (Linux; Android 6.0.1; Nexus 5X Build/MMB29P) AppleWebKit/537.36 (KHTML, like Gecko) Chrome/146.0.7680.153 Mobile Safari/537.36 (compatible; Googlebot/2.1; +http://www.google.com/bot.html)"
66.249.70.6 - - [31/Mar/2026:18:08:26 +0000] "GET /?p=2331 HTTP/1.1" 500 - "-" "Mozilla/5.0 (Linux; Android 6.0.1; Nexus 5X Build/MMB29P) AppleWebKit/537.36 (KHTML, like Gecko) Chrome/146.0.7680.153 Mobile Safari/537.36 (compatible; Googlebot/2.1; +http://www.google.com/bot.html)"
66.249.70.7 - - [31/Mar/2026:18:08:36 +0000] "GET /?p=2422 HTTP/1.1" 500 - "-" "Mozilla/5.0 (Linux; Android 6.0.1; Nexus 5X Build/MMB29P) AppleWebKit/537.36 (KHTML, like Gecko) Chrome/146.0.7680.153 Mobile Safari/537.36 (compatible; Googlebot/2.1; +http://www.google.com/bot.html)"
66.249.70.7 - - [31/Mar/2026:18:09:52 +0000] "GET /?p=5493 HTTP/1.1" 500 - "-" "Mozilla/5.0 (Linux; Android 6.0.1; Nexus 5X Build/MMB29P) AppleWebKit/537.36 (KHTML, like Gecko) Chrome/146.0.7680.153 Mobile Safari/537.36 (compatible; Googlebot/2.1; +http://www.google.com/bot.html)"
66.249.70.7 - - [31/Mar/2026:18:16:12 +0000] "GET /?p=1627 HTTP/1.1" 500 - "-" "Mozilla/5.0 (Linux; Android 6.0.1; Nexus 5X Build/MMB29P) AppleWebKit/537.36 (KHTML, like Gecko) Chrome/146.0.7680.153 Mobile Safari/537.36 (compatible; Googlebot/2.1; +http://www.google.com/bot.html)"
66.249.70.6 - - [31/Mar/2026:18:16:59 +0000] "GET /?p=4549 HTTP/1.1" 500 - "-" "Mozilla/5.0 (Linux; Android 6.0.1; Nexus 5X Build/MMB29P) AppleWebKit/537.36 (KHTML, like Gecko) Chrome/146.0.7680.153 Mobile Safari/537.36 (compatible; Googlebot/2.1; +http://www.google.com/bot.html)"
66.249.70.8 - - [31/Mar/2026:18:18:27 +0000] "GET /?p=209 HTTP/1.1" 500 - "-" "Mozilla/5.0 (Linux; Android 6.0.1; Nexus 5X Build/MMB29P) AppleWebKit/537.36 (KHTML, like Gecko) Chrome/146.0.7680.153 Mobile Safari/537.36 (compatible; Googlebot/2.1; +http://www.google.com/bot.html)"
66.249.70.7 - - [31/Mar/2026:18:31:47 +0000] "GET /?p=1627 HTTP/1.1" 500 - "-" "Mozilla/5.0 (Linux; Android 6.0.1; Nexus 5X Build/MMB29P) AppleWebKit/537.36 (KHTML, like Gecko) Chrome/146.0.7680.164 Mobile Safari/537.36 (compatible; Googlebot/2.1; +http://www.google.com/bot.html)"
66.249.70.7 - - [31/Mar/2026:18:32:15 +0000] "GET /?p=4549 HTTP/1.1" 500 - "-" "Mozilla/5.0 (Linux; Android 6.0.1; Nexus 5X Build/MMB29P) AppleWebKit/537.36 (KHTML, like Gecko) Chrome/146.0.7680.164 Mobile Safari/537.36 (compatible; Googlebot/2.1; +http://www.google.com/bot.html)"
40.77.167.77 - - [31/Mar/2026:18:34:32 +0000] "GET /2026/02/25/free-sign-up-bonus-slots-nz/ HTTP/1.1" 404 - "-" "Mozilla/5.0 AppleWebKit/537.36 (KHTML, like Gecko; compatible; bingbot/2.0; +http://www.bing.com/bingbot.htm) Chrome/116.0.1938.76 Safari/537.36"
66.249.70.8 - - [31/Mar/2026:18:37:05 +0000] "GET /?p=209 HTTP/1.1" 500 - "-" "Mozilla/5.0 (Linux; Android 6.0.1; Nexus 5X Build/MMB29P) AppleWebKit/537.36 (KHTML, like Gecko) Chrome/146.0.7680.164 Mobile Safari/537.36 (compatible; Googlebot/2.1; +http://www.google.com/bot.html)"
66.249.70.5 - - [31/Mar/2026:18:37:58 +0000] "GET /2026/02/25/practice-pokies-online/ HTTP/1.1" 404 - "-" "Mozilla/5.0 (Linux; Android 6.0.1; Nexus 5X Build/MMB29P) AppleWebKit/537.36 (KHTML, like Gecko) Chrome/146.0.7680.164 Mobile Safari/537.36 (compatible; Googlebot/2.1; +http://www.google.com/bot.html)"
66.249.70.5 - - [31/Mar/2026:18:39:54 +0000] "GET /?p=4978 HTTP/1.1" 500 - "-" "Mozilla/5.0 (Linux; Android 6.0.1; Nexus 5X Build/MMB29P) AppleWebKit/537.36 (KHTML, like Gecko) Chrome/146.0.7680.164 Mobile Safari/537.36 (compatible; Googlebot/2.1; +http://www.google.com/bot.html)"
66.249.70.5 - - [31/Mar/2026:18:41:21 +0000] "GET /?p=974 HTTP/1.1" 500 - "-" "Mozilla/5.0 (Linux; Android 6.0.1; Nexus 5X Build/MMB29P) AppleWebKit/537.36 (KHTML, like Gecko) Chrome/146.0.7680.164 Mobile Safari/537.36 (compatible; Googlebot/2.1; +http://www.google.com/bot.html)"
66.249.70.6 - - [31/Mar/2026:18:45:03 +0000] "GET /?p=2592 HTTP/1.1" 500 - "-" "Mozilla/5.0 (Linux; Android 6.0.1; Nexus 5X Build/MMB29P) AppleWebKit/537.36 (KHTML, like Gecko) Chrome/146.0.7680.164 Mobile Safari/537.36 (compatible; Googlebot/2.1; +http://www.google.com/bot.html)"
66.249.70.5 - - [31/Mar/2026:18:45:36 +0000] "GET /?p=5470 HTTP/1.1" 500 - "-" "Mozilla/5.0 (Linux; Android 6.0.1; Nexus 5X Build/MMB29P) AppleWebKit/537.36 (KHTML, like Gecko) Chrome/146.0.7680.164 Mobile Safari/537.36 (compatible; Googlebot/2.1; +http://www.google.com/bot.html)"
66.249.70.5 - - [31/Mar/2026:18:51:06 +0000] "GET /?p=4022 HTTP/1.1" 500 - "-" "Mozilla/5.0 (Linux; Android 6.0.1; Nexus 5X Build/MMB29P) AppleWebKit/537.36 (KHTML, like Gecko) Chrome/146.0.7680.164 Mobile Safari/537.36 (compatible; Googlebot/2.1; +http://www.google.com/bot.html)"
66.249.70.6 - - [31/Mar/2026:18:51:35 +0000] "GET /?p=6256 HTTP/1.1" 500 - "-" "Mozilla/5.0 (Linux; Android 6.0.1; Nexus 5X Build/MMB29P) AppleWebKit/537.36 (KHTML, like Gecko) Chrome/146.0.7680.164 Mobile Safari/537.36 (compatible; Googlebot/2.1; +http://www.google.com/bot.html)"
66.249.70.7 - - [31/Mar/2026:18:52:16 +0000] "GET /?p=2924 HTTP/1.1" 500 - "-" "Mozilla/5.0 (Linux; Android 6.0.1; Nexus 5X Build/MMB29P) AppleWebKit/537.36 (KHTML, like Gecko) Chrome/146.0.7680.164 Mobile Safari/537.36 (compatible; Googlebot/2.1; +http://www.google.com/bot.html)"
154.209.193.240 - - [31/Mar/2026:18:52:33 +0000] "GET /wp-content/themes/twentytwentyone/page-meta.php?p= HTTP/1.1" 404 - "-" "Mozilla/5.0 (Windows NT 10.0; Win64; x64) AppleWebKit/537.36 (KHTML, like Gecko) Chrome/144.0.0.0 Safari/537.36"
154.209.193.240 - - [31/Mar/2026:18:52:34 +0000] "GET /favicon.ico HTTP/1.1" 404 - "https://www.aardvarkskateramps.co.nz/wp-content/themes/twentytwentyone/page-meta.php?p=" "Mozilla/5.0 (Windows NT 10.0; Win64; x64) AppleWebKit/537.36 (KHTML, like Gecko) Chrome/144.0.0.0 Safari/537.36"
66.249.70.8 - - [31/Mar/2026:18:55:36 +0000] "GET /2026/02/25/pokies-slots-free/ HTTP/1.1" 404 - "-" "Mozilla/5.0 (Linux; Android 6.0.1; Nexus 5X Build/MMB29P) AppleWebKit/537.36 (KHTML, like Gecko) Chrome/146.0.7680.164 Mobile Safari/537.36 (compatible; Googlebot/2.1; +http://www.google.com/bot.html)"
154.209.193.240 - - [31/Mar/2026:18:57:06 +0000] "GET /wp-content/themes/twentytwentyone/page-meta.php HTTP/1.1" 404 - "-" "Mozilla/5.0 (Windows NT 10.0; Win64; x64) AppleWebKit/537.36 (KHTML, like Gecko) Chrome/144.0.0.0 Safari/537.36"
154.209.193.240 - - [31/Mar/2026:18:57:06 +0000] "GET /wp-includes/registration-functions-repository.php?https=march03252.com/readme HTTP/1.1" 200 - "-" "Mozilla/5.0 (Windows NT 10.0; Win64; x64) AppleWebKit/537.36 (KHTML, like Gecko) Chrome/144.0.0.0 Safari/537.36"
154.209.193.240 - - [31/Mar/2026:18:57:06 +0000] "GET /wp-config-sample.php?stringyesmnj///webclient::=%{rDi-1W0}(zgcp%3Csb+[dFGI9RPmL?[xvO HTTP/1.1" 404 16 "-" "Mozilla/5.0 (Windows NT 10.0; Win64; x64) AppleWebKit/537.36 (KHTML, like Gecko) Chrome/144.0.0.0 Safari/537.36"
154.209.193.240 - - [31/Mar/2026:18:57:06 +0000] "GET /wp-admin/includes/user-reference.php HTTP/1.1" 200 - "-" "Mozilla/5.0 (Windows NT 10.0; Win64; x64) AppleWebKit/537.36 (KHTML, like Gecko) Chrome/144.0.0.0 Safari/537.36"
154.209.193.240 - - [31/Mar/2026:18:57:06 +0000] "GET /wp-admin/includes/class-wp-media-list-table-object.php?https=march03252.com/readme HTTP/1.1" 200 - "-" "Mozilla/5.0 (Windows NT 10.0; Win64; x64) AppleWebKit/537.36 (KHTML, like Gecko) Chrome/144.0.0.0 Safari/537.36"
154.209.193.240 - - [31/Mar/2026:18:57:06 +0000] "GET /wp-includes/blocks/search-all.php HTTP/1.1" 200 - "-" "Mozilla/5.0 (Windows NT 10.0; Win64; x64) AppleWebKit/537.36 (KHTML, like Gecko) Chrome/144.0.0.0 Safari/537.36"
154.209.193.240 - - [31/Mar/2026:18:57:06 +0000] "GET /wp-config-sample.php?stringyesmnj HTTP/1.1" 404 16 "-" "Mozilla/5.0 (Windows NT 10.0; Win64; x64) AppleWebKit/537.36 (KHTML, like Gecko) Chrome/144.0.0.0 Safari/537.36"
154.209.193.240 - - [31/Mar/2026:18:57:06 +0000] "GET /wp-admin/includes/taxonomy-get.php?loop=march03252.com/readme HTTP/1.1" 200 - "-" "Mozilla/5.0 (Windows NT 10.0; Win64; x64) AppleWebKit/537.36 (KHTML, like Gecko) Chrome/144.0.0.0 Safari/537.36"
154.209.193.240 - - [31/Mar/2026:18:57:12 +0000] "GET /wp-admin HTTP/1.1" 301 254 "-" "Mozilla/5.0 (Windows NT 10.0; Win64; x64) AppleWebKit/537.36 (KHTML, like Gecko) Chrome/144.0.0.0 Safari/537.36"
154.209.193.240 - - [31/Mar/2026:18:57:13 +0000] "GET /wp-admin/ HTTP/1.1" 500 - "-" "Mozilla/5.0 (Windows NT 10.0; Win64; x64) AppleWebKit/537.36 (KHTML, like Gecko) Chrome/144.0.0.0 Safari/537.36"
66.249.70.7 - - [31/Mar/2026:18:59:43 +0000] "GET /2026/02/25/live-pokies-with-bonus-free-no-deposit/ HTTP/1.1" 404 - "-" "Mozilla/5.0 (Linux; Android 6.0.1; Nexus 5X Build/MMB29P) AppleWebKit/537.36 (KHTML, like Gecko) Chrome/146.0.7680.164 Mobile Safari/537.36 (compatible; Googlebot/2.1; +http://www.google.com/bot.html)"
66.249.70.7 - - [31/Mar/2026:19:01:02 +0000] "GET /?p=2712 HTTP/1.1" 500 - "-" "Mozilla/5.0 (Linux; Android 6.0.1; Nexus 5X Build/MMB29P) AppleWebKit/537.36 (KHTML, like Gecko) Chrome/146.0.7680.164 Mobile Safari/537.36 (compatible; Googlebot/2.1; +http://www.google.com/bot.html)"
66.249.70.5 - - [31/Mar/2026:19:01:51 +0000] "GET /2026/02/25/popular-pokies-with-welcome-bonus-payout-methods/ HTTP/1.1" 404 - "-" "Mozilla/5.0 (Linux; Android 6.0.1; Nexus 5X Build/MMB29P) AppleWebKit/537.36 (KHTML, like Gecko) Chrome/146.0.7680.164 Mobile Safari/537.36 (compatible; Googlebot/2.1; +http://www.google.com/bot.html)"
66.249.70.5 - - [31/Mar/2026:19:02:16 +0000] "GET /2026/02/25/best-mobile-casinos-australia/ HTTP/1.1" 404 - "-" "Mozilla/5.0 (Linux; Android 6.0.1; Nexus 5X Build/MMB29P) AppleWebKit/537.36 (KHTML, like Gecko) Chrome/146.0.7680.164 Mobile Safari/537.36 (compatible; Googlebot/2.1; +http://www.google.com/bot.html)"
66.249.70.5 - - [31/Mar/2026:19:02:50 +0000] "GET /?p=4895 HTTP/1.1" 500 - "-" "Mozilla/5.0 (Linux; Android 6.0.1; Nexus 5X Build/MMB29P) AppleWebKit/537.36 (KHTML, like Gecko) Chrome/146.0.7680.164 Mobile Safari/537.36 (compatible; Googlebot/2.1; +http://www.google.com/bot.html)"
66.249.70.5 - - [31/Mar/2026:19:08:52 +0000] "GET /?p=2712 HTTP/1.1" 500 - "-" "Mozilla/5.0 (Linux; Android 6.0.1; Nexus 5X Build/MMB29P) AppleWebKit/537.36 (KHTML, like Gecko) Chrome/146.0.7680.164 Mobile Safari/537.36 (compatible; Googlebot/2.1; +http://www.google.com/bot.html)"
66.249.70.5 - - [31/Mar/2026:19:10:27 +0000] "GET /2026/02/25/live-pokies-with-bonus-free-no-deposit/ HTTP/1.1" 404 - "-" "Mozilla/5.0 (Linux; Android 6.0.1; Nexus 5X Build/MMB29P) AppleWebKit/537.36 (KHTML, like Gecko) Chrome/146.0.7680.164 Mobile Safari/537.36 (compatible; Googlebot/2.1; +http://www.google.com/bot.html)"
66.249.70.7 - - [31/Mar/2026:19:12:55 +0000] "GET /2026/02/25/popular-pokies-with-welcome-bonus-payout-methods/ HTTP/1.1" 404 - "-" "Mozilla/5.0 (Linux; Android 6.0.1; Nexus 5X Build/MMB29P) AppleWebKit/537.36 (KHTML, like Gecko) Chrome/146.0.7680.164 Mobile Safari/537.36 (compatible; Googlebot/2.1; +http://www.google.com/bot.html)"
66.249.70.8 - - [31/Mar/2026:19:14:56 +0000] "GET /?p=4895 HTTP/1.1" 500 - "-" "Mozilla/5.0 (Linux; Android 6.0.1; Nexus 5X Build/MMB29P) AppleWebKit/537.36 (KHTML, like Gecko) Chrome/146.0.7680.164 Mobile Safari/537.36 (compatible; Googlebot/2.1; +http://www.google.com/bot.html)"
66.249.70.7 - - [31/Mar/2026:19:16:07 +0000] "GET /2026/02/25/best-mobile-casinos-australia/ HTTP/1.1" 404 - "-" "Mozilla/5.0 (Linux; Android 6.0.1; Nexus 5X Build/MMB29P) AppleWebKit/537.36 (KHTML, like Gecko) Chrome/146.0.7680.164 Mobile Safari/537.36 (compatible; Googlebot/2.1; +http://www.google.com/bot.html)"
66.249.70.6 - - [31/Mar/2026:19:27:35 +0000] "GET /2026/02/25/888-casino-australia/ HTTP/1.1" 404 - "-" "Mozilla/5.0 (Linux; Android 6.0.1; Nexus 5X Build/MMB29P) AppleWebKit/537.36 (KHTML, like Gecko) Chrome/146.0.7680.164 Mobile Safari/537.36 (compatible; Googlebot/2.1; +http://www.google.com/bot.html)"
66.249.70.7 - - [31/Mar/2026:19:30:37 +0000] "GET /?p=6320 HTTP/1.1" 500 - "-" "Mozilla/5.0 (Linux; Android 6.0.1; Nexus 5X Build/MMB29P) AppleWebKit/537.36 (KHTML, like Gecko) Chrome/146.0.7680.164 Mobile Safari/537.36 (compatible; Googlebot/2.1; +http://www.google.com/bot.html)"
66.249.70.7 - - [31/Mar/2026:19:35:09 +0000] "GET /?p=3072 HTTP/1.1" 500 - "-" "Mozilla/5.0 (Linux; Android 6.0.1; Nexus 5X Build/MMB29P) AppleWebKit/537.36 (KHTML, like Gecko) Chrome/146.0.7680.164 Mobile Safari/537.36 (compatible; Googlebot/2.1; +http://www.google.com/bot.html)"
45.94.31.15 - - [31/Mar/2026:19:42:09 +0000] "GET /wp-content/themes/seotheme/db.php?u HTTP/1.1" 500 - "www.google.com" "Mozlila/5.0 (Linux; Android 7.0; SM-G892A Bulid/NRD90M; wv) AppleWebKit/537.36 (KHTML, like Gecko) Version/4.0 Chrome/60.0.3112.107 Moblie Safari/537.36"
45.94.31.15 - - [31/Mar/2026:19:42:09 +0000] "POST /wp-plain.php HTTP/1.1" 404 16 "www.google.com" "Mozilla/5.0 (Linux; Android 7.0; SM-G892A Bulid/NRD90M; wv) AppleWebKit/537.36 (KHTML, like Gecko) Version/4.0 Chrome/60.0.3112.107 Moblie Safari/537.36"
45.94.31.15 - - [31/Mar/2026:19:42:10 +0000] "GET /rrdqxryz.php?Fox=d3wL7 HTTP/1.1" 404 16 "www.google.com" "Mozilla/5.0 (Linux; Android 7.0; SM-G892A Bulid/NRD90M; wv) AppleWebKit/537.36 (KHTML, like Gecko) Version/4.0 Chrome/60.0.3112.107 Moblie Safari/537.36"
66.249.70.6 - - [31/Mar/2026:19:42:18 +0000] "GET /2026/02/25/internet-casino-gambling-nz/ HTTP/1.1" 404 - "-" "Mozilla/5.0 (Linux; Android 6.0.1; Nexus 5X Build/MMB29P) AppleWebKit/537.36 (KHTML, like Gecko) Chrome/146.0.7680.164 Mobile Safari/537.36 (compatible; Googlebot/2.1; +http://www.google.com/bot.html)"
66.249.70.6 - - [31/Mar/2026:19:59:19 +0000] "GET /2026/02/25/casino-in-hamilton/ HTTP/1.1" 404 - "-" "Mozilla/5.0 (Linux; Android 6.0.1; Nexus 5X Build/MMB29P) AppleWebKit/537.36 (KHTML, like Gecko) Chrome/146.0.7680.164 Mobile Safari/537.36 (compatible; Googlebot/2.1; +http://www.google.com/bot.html)"
172.225.245.97 - - [31/Mar/2026:19:59:29 +0000] "GET / HTTP/1.1" 200 54164 "-" "Mozilla/5.0 (Macintosh; Intel Mac OS X 10_15_7) AppleWebKit/605.1.15 (KHTML, like Gecko) Version/18.6 Safari/605.1.15"
172.225.245.97 - - [31/Mar/2026:19:59:30 +0000] "GET /wp-content/plugins/themeisle-companion/obfx_modules/companion-legacy/assets/css/hestia/clients-bar.css?ver=6.9.4 HTTP/1.1" 304 - "https://www.aardvarkskateramps.co.nz/" "Mozilla/5.0 (Macintosh; Intel Mac OS X 10_15_7) AppleWebKit/605.1.15 (KHTML, like Gecko) Version/18.6 Safari/605.1.15"
172.225.245.97 - - [31/Mar/2026:19:59:30 +0000] "GET /wp-content/plugins/nextgen-gallery/products/photocrati_nextgen/modules/widget/static/widgets.css?ver=3.17 HTTP/1.1" 304 - "https://www.aardvarkskateramps.co.nz/" "Mozilla/5.0 (Macintosh; Intel Mac OS X 10_15_7) AppleWebKit/605.1.15 (KHTML, like Gecko) Version/18.6 Safari/605.1.15"
172.225.245.97 - - [31/Mar/2026:19:59:30 +0000] "GET /wp-content/themes/hestia/style.min.css?ver=3.0.6 HTTP/1.1" 304 - "https://www.aardvarkskateramps.co.nz/" "Mozilla/5.0 (Macintosh; Intel Mac OS X 10_15_7) AppleWebKit/605.1.15 (KHTML, like Gecko) Version/18.6 Safari/605.1.15"
172.225.245.97 - - [31/Mar/2026:19:59:30 +0000] "GET /wp-content/themes/hestia/assets/css/font-sizes.min.css?ver=3.0.6 HTTP/1.1" 304 - "https://www.aardvarkskateramps.co.nz/" "Mozilla/5.0 (Macintosh; Intel Mac OS X 10_15_7) AppleWebKit/605.1.15 (KHTML, like Gecko) Version/18.6 Safari/605.1.15"
172.225.245.97 - - [31/Mar/2026:19:59:30 +0000] "GET /wp-includes/js/jquery/jquery-migrate.min.js?ver=3.4.1 HTTP/1.1" 304 - "https://www.aardvarkskateramps.co.nz/" "Mozilla/5.0 (Macintosh; Intel Mac OS X 10_15_7) AppleWebKit/605.1.15 (KHTML, like Gecko) Version/18.6 Safari/605.1.15"
172.225.245.97 - - [31/Mar/2026:19:59:30 +0000] "GET /wp-includes/js/jquery/jquery.min.js?ver=3.7.1 HTTP/1.1" 304 - "https://www.aardvarkskateramps.co.nz/" "Mozilla/5.0 (Macintosh; Intel Mac OS X 10_15_7) AppleWebKit/605.1.15 (KHTML, like Gecko) Version/18.6 Safari/605.1.15"
172.225.245.97 - - [31/Mar/2026:19:59:30 +0000] "GET /wp-content/plugins/nextgen-gallery/products/photocrati_nextgen/modules/nextgen_basic_gallery/static/thumbnails/nextgen_basic_thumbnails.css?ver=3.17 HTTP/1.1" 304 - "https://www.aardvarkskateramps.co.nz/" "Mozilla/5.0 (Macintosh; Intel Mac OS X 10_15_7) AppleWebKit/605.1.15 (KHTML, like Gecko) Version/18.6 Safari/605.1.15"
172.225.245.97 - - [31/Mar/2026:19:59:30 +0000] "GET /wp-content/themes/hestia/assets/bootstrap/css/bootstrap.min.css?ver=1.0.2 HTTP/1.1" 304 - "https://www.aardvarkskateramps.co.nz/" "Mozilla/5.0 (Macintosh; Intel Mac OS X 10_15_7) AppleWebKit/605.1.15 (KHTML, like Gecko) Version/18.6 Safari/605.1.15"
172.225.245.97 - - [31/Mar/2026:19:59:30 +0000] "GET /wp-content/plugins/nextgen-gallery/products/photocrati_nextgen/modules/nextgen_basic_gallery/static/slideshow/ngg_basic_slideshow.css?ver=3.17 HTTP/1.1" 304 - "https://www.aardvarkskateramps.co.nz/" "Mozilla/5.0 (Macintosh; Intel Mac OS X 10_15_7) AppleWebKit/605.1.15 (KHTML, like Gecko) Version/18.6 Safari/605.1.15"
172.225.245.97 - - [31/Mar/2026:19:59:30 +0000] "GET /wp-content/themes/hestia/assets/bootstrap/js/bootstrap.min.js?ver=1.0.2 HTTP/1.1" 304 - "https://www.aardvarkskateramps.co.nz/" "Mozilla/5.0 (Macintosh; Intel Mac OS X 10_15_7) AppleWebKit/605.1.15 (KHTML, like Gecko) Version/18.6 Safari/605.1.15"
172.225.245.97 - - [31/Mar/2026:19:59:30 +0000] "GET /wp-includes/js/jquery/ui/core.min.js?ver=1.13.3 HTTP/1.1" 304 - "https://www.aardvarkskateramps.co.nz/" "Mozilla/5.0 (Macintosh; Intel Mac OS X 10_15_7) AppleWebKit/605.1.15 (KHTML, like Gecko) Version/18.6 Safari/605.1.15"
172.225.245.97 - - [31/Mar/2026:19:59:30 +0000] "GET /wp-content/themes/hestia/assets/font-awesome/css/all.min.css?ver=1.0.2 HTTP/1.1" 304 - "https://www.aardvarkskateramps.co.nz/" "Mozilla/5.0 (Macintosh; Intel Mac OS X 10_15_7) AppleWebKit/605.1.15 (KHTML, like Gecko) Version/18.6 Safari/605.1.15"
172.225.245.97 - - [31/Mar/2026:19:59:30 +0000] "GET /wp-content/themes/hestia/assets/js/script.min.js?ver=3.0.6 HTTP/1.1" 304 - "https://www.aardvarkskateramps.co.nz/" "Mozilla/5.0 (Macintosh; Intel Mac OS X 10_15_7) AppleWebKit/605.1.15 (KHTML, like Gecko) Version/18.6 Safari/605.1.15"
172.225.245.97 - - [31/Mar/2026:19:59:30 +0000] "GET /wp-content/themes/hestia/assets/js/parallax.min.js?ver=1.0.2 HTTP/1.1" 304 - "https://www.aardvarkskateramps.co.nz/" "Mozilla/5.0 (Macintosh; Intel Mac OS X 10_15_7) AppleWebKit/605.1.15 (KHTML, like Gecko) Version/18.6 Safari/605.1.15"
172.225.245.97 - - [31/Mar/2026:19:59:30 +0000] "GET /wp-content/plugins/wpforms-lite/assets/css/wpforms-full.min.css?ver=1.7.0 HTTP/1.1" 304 - "https://www.aardvarkskateramps.co.nz/" "Mozilla/5.0 (Macintosh; Intel Mac OS X 10_15_7) AppleWebKit/605.1.15 (KHTML, like Gecko) Version/18.6 Safari/605.1.15"
172.225.245.97 - - [31/Mar/2026:19:59:30 +0000] "GET /wp-content/plugins/wpforms-lite/assets/js/punycode.min.js?ver=1.0.0 HTTP/1.1" 304 - "https://www.aardvarkskateramps.co.nz/" "Mozilla/5.0 (Macintosh; Intel Mac OS X 10_15_7) AppleWebKit/605.1.15 (KHTML, like Gecko) Version/18.6 Safari/605.1.15"
172.225.245.97 - - [31/Mar/2026:19:59:30 +0000] "GET /wp-content/plugins/wpforms-lite/assets/js/wpforms.js?ver=1.7.0 HTTP/1.1" 304 - "https://www.aardvarkskateramps.co.nz/" "Mozilla/5.0 (Macintosh; Intel Mac OS X 10_15_7) AppleWebKit/605.1.15 (KHTML, like Gecko) Version/18.6 Safari/605.1.15"
172.225.245.97 - - [31/Mar/2026:19:59:30 +0000] "GET /wp-content/plugins/wpforms-lite/assets/js/jquery.validate.min.js?ver=1.19.3 HTTP/1.1" 304 - "https://www.aardvarkskateramps.co.nz/" "Mozilla/5.0 (Macintosh; Intel Mac OS X 10_15_7) AppleWebKit/605.1.15 (KHTML, like Gecko) Version/18.6 Safari/605.1.15"
172.225.245.97 - - [31/Mar/2026:19:59:30 +0000] "GET /wp-content/plugins/wpforms-lite/assets/js/mailcheck.min.js?ver=1.1.2 HTTP/1.1" 304 - "https://www.aardvarkskateramps.co.nz/" "Mozilla/5.0 (Macintosh; Intel Mac OS X 10_15_7) AppleWebKit/605.1.15 (KHTML, like Gecko) Version/18.6 Safari/605.1.15"
172.225.245.97 - - [31/Mar/2026:19:59:30 +0000] "GET /wp-includes/js/comment-reply.min.js?ver=6.9.4 HTTP/1.1" 304 - "https://www.aardvarkskateramps.co.nz/" "Mozilla/5.0 (Macintosh; Intel Mac OS X 10_15_7) AppleWebKit/605.1.15 (KHTML, like Gecko) Version/18.6 Safari/605.1.15"
172.225.245.97 - - [31/Mar/2026:19:59:30 +0000] "GET /wp-content/themes/hestia/assets/font-awesome/webfonts/fa-solid-900.woff2 HTTP/1.1" 304 - "https://www.aardvarkskateramps.co.nz/" "Mozilla/5.0 (Macintosh; Intel Mac OS X 10_15_7) AppleWebKit/605.1.15 (KHTML, like Gecko) Version/18.6 Safari/605.1.15"
172.225.245.97 - - [31/Mar/2026:19:59:30 +0000] "GET /wp-content/themes/hestia/assets/font-awesome/webfonts/fa-regular-400.woff2 HTTP/1.1" 304 - "https://www.aardvarkskateramps.co.nz/" "Mozilla/5.0 (Macintosh; Intel Mac OS X 10_15_7) AppleWebKit/605.1.15 (KHTML, like Gecko) Version/18.6 Safari/605.1.15"
172.225.245.97 - - [31/Mar/2026:19:59:30 +0000] "GET /wp-content/themes/hestia/assets/font-awesome/webfonts/fa-brands-400.woff2 HTTP/1.1" 304 - "https://www.aardvarkskateramps.co.nz/" "Mozilla/5.0 (Macintosh; Intel Mac OS X 10_15_7) AppleWebKit/605.1.15 (KHTML, like Gecko) Version/18.6 Safari/605.1.15"
172.225.245.97 - - [31/Mar/2026:19:59:30 +0000] "GET /wp-content/uploads/2020/11/skate-background-1.jpg HTTP/1.1" 304 - "https://www.aardvarkskateramps.co.nz/" "Mozilla/5.0 (Macintosh; Intel Mac OS X 10_15_7) AppleWebKit/605.1.15 (KHTML, like Gecko) Version/18.6 Safari/605.1.15"
172.225.245.97 - - [31/Mar/2026:19:59:30 +0000] "GET /wp-includes/js/wp-emoji-release.min.js?ver=6.9.4 HTTP/1.1" 304 - "https://www.aardvarkskateramps.co.nz/" "Mozilla/5.0 (Macintosh; Intel Mac OS X 10_15_7) AppleWebKit/605.1.15 (KHTML, like Gecko) Version/18.6 Safari/605.1.15"
172.225.245.97 - - [31/Mar/2026:19:59:31 +0000] "GET /wp-content/uploads/2020/11/20200917_061607-scaled.jpg HTTP/1.1" 304 - "https://www.aardvarkskateramps.co.nz/" "Mozilla/5.0 (Macintosh; Intel Mac OS X 10_15_7) AppleWebKit/605.1.15 (KHTML, like Gecko) Version/18.6 Safari/605.1.15"
45.79.238.235 - - [31/Mar/2026:20:02:16 +0000] "POST /wp-cron.php?doing_wp_cron=1774987336.0536348819732666015625 HTTP/1.1" 200 - "-" "WordPress/6.9.4; https://www.aardvarkskateramps.co.nz"
