ruạṛ
66.249.70.6 - - [31/Mar/2026:11:56:56 +0000] "GET /2026/02/25/top-paying-new-pokies-online/ HTTP/1.1" 200 57400 "-" "Mozilla/5.0 (Linux; Android 6.0.1; Nexus 5X Build/MMB29P) AppleWebKit/537.36 (KHTML, like Gecko) Chrome/146.0.7680.153 Mobile Safari/537.36 (compatible; Googlebot/2.1; +http://www.google.com/bot.html)"
45.79.238.235 - - [31/Mar/2026:11:57:15 +0000] "POST /wp-cron.php?doing_wp_cron=1774958234.5832929611206054687500 HTTP/1.1" 200 - "-" "WordPress/6.2.9; https://www.aardvarkskateramps.co.nz"
66.249.70.6 - - [31/Mar/2026:11:57:13 +0000] "GET /2026/02/25/paypal-gambling-nz/ HTTP/1.1" 200 56996 "-" "Mozilla/5.0 (Linux; Android 6.0.1; Nexus 5X Build/MMB29P) AppleWebKit/537.36 (KHTML, like Gecko) Chrome/146.0.7680.153 Mobile Safari/537.36 (compatible; Googlebot/2.1; +http://www.google.com/bot.html)"
66.249.70.6 - - [31/Mar/2026:11:57:17 +0000] "GET /?p=1745 HTTP/1.1" 301 - "-" "Mozilla/5.0 (Linux; Android 6.0.1; Nexus 5X Build/MMB29P) AppleWebKit/537.36 (KHTML, like Gecko) Chrome/146.0.7680.153 Mobile Safari/537.36 (compatible; Googlebot/2.1; +http://www.google.com/bot.html)"
66.249.70.6 - - [31/Mar/2026:11:57:43 +0000] "GET /2026/02/25/tax-free-pokies-for-real-money-australia/ HTTP/1.1" 200 58402 "-" "Mozilla/5.0 (Linux; Android 6.0.1; Nexus 5X Build/MMB29P) AppleWebKit/537.36 (KHTML, like Gecko) Chrome/146.0.7680.153 Mobile Safari/537.36 (compatible; Googlebot/2.1; +http://www.google.com/bot.html)"
66.249.70.7 - - [31/Mar/2026:11:58:02 +0000] "GET /?p=526 HTTP/1.1" 301 - "-" "Mozilla/5.0 (Linux; Android 6.0.1; Nexus 5X Build/MMB29P) AppleWebKit/537.36 (KHTML, like Gecko) Chrome/146.0.7680.153 Mobile Safari/537.36 (compatible; Googlebot/2.1; +http://www.google.com/bot.html)"
66.249.70.6 - - [31/Mar/2026:11:58:38 +0000] "GET /2026/02/25/no-deposit-spins-au/ HTTP/1.1" 200 57792 "-" "Mozilla/5.0 (Linux; Android 6.0.1; Nexus 5X Build/MMB29P) AppleWebKit/537.36 (KHTML, like Gecko) Chrome/146.0.7680.153 Mobile Safari/537.36 (compatible; Googlebot/2.1; +http://www.google.com/bot.html)"
66.249.70.6 - - [31/Mar/2026:11:59:04 +0000] "GET /?p=1000 HTTP/1.1" 301 - "-" "Mozilla/5.0 (Linux; Android 6.0.1; Nexus 5X Build/MMB29P) AppleWebKit/537.36 (KHTML, like Gecko) Chrome/146.0.7680.153 Mobile Safari/537.36 (compatible; Googlebot/2.1; +http://www.google.com/bot.html)"
66.249.70.7 - - [31/Mar/2026:12:00:04 +0000] "GET /2026/02/25/online-pokies-without-deposit/ HTTP/1.1" 503 - "-" "Mozilla/5.0 (Linux; Android 6.0.1; Nexus 5X Build/MMB29P) AppleWebKit/537.36 (KHTML, like Gecko) Chrome/146.0.7680.153 Mobile Safari/537.36 (compatible; Googlebot/2.1; +http://www.google.com/bot.html)"
66.249.70.7 - - [31/Mar/2026:12:00:24 +0000] "GET /?p=1964 HTTP/1.1" 503 - "-" "Mozilla/5.0 (Linux; Android 6.0.1; Nexus 5X Build/MMB29P) AppleWebKit/537.36 (KHTML, like Gecko) Chrome/146.0.7680.153 Mobile Safari/537.36 (compatible; Googlebot/2.1; +http://www.google.com/bot.html)"
66.249.70.6 - - [31/Mar/2026:12:04:25 +0000] "GET /?p=325 HTTP/1.1" 301 - "-" "Mozilla/5.0 (Linux; Android 6.0.1; Nexus 5X Build/MMB29P) AppleWebKit/537.36 (KHTML, like Gecko) Chrome/146.0.7680.153 Mobile Safari/537.36 (compatible; Googlebot/2.1; +http://www.google.com/bot.html)"
66.249.70.6 - - [31/Mar/2026:12:04:39 +0000] "GET /?p=2284 HTTP/1.1" 301 - "-" "Mozilla/5.0 (Linux; Android 6.0.1; Nexus 5X Build/MMB29P) AppleWebKit/537.36 (KHTML, like Gecko) Chrome/146.0.7680.153 Mobile Safari/537.36 (compatible; Googlebot/2.1; +http://www.google.com/bot.html)"
66.249.70.6 - - [31/Mar/2026:12:04:57 +0000] "GET /?p=1490 HTTP/1.1" 301 - "-" "Mozilla/5.0 (Linux; Android 6.0.1; Nexus 5X Build/MMB29P) AppleWebKit/537.36 (KHTML, like Gecko) Chrome/146.0.7680.153 Mobile Safari/537.36 (compatible; Googlebot/2.1; +http://www.google.com/bot.html)"
66.249.70.6 - - [31/Mar/2026:12:05:00 +0000] "GET /?p=6653 HTTP/1.1" 301 - "-" "Mozilla/5.0 (Linux; Android 6.0.1; Nexus 5X Build/MMB29P) AppleWebKit/537.36 (KHTML, like Gecko) Chrome/146.0.7680.153 Mobile Safari/537.36 (compatible; Googlebot/2.1; +http://www.google.com/bot.html)"
45.79.238.235 - - [31/Mar/2026:12:06:34 +0000] "POST /wp-cron.php?doing_wp_cron=1774958794.5832779407501220703125 HTTP/1.1" 200 - "-" "WordPress/6.2.9; https://www.aardvarkskateramps.co.nz"
66.249.70.7 - - [31/Mar/2026:12:06:33 +0000] "GET /?p=6594 HTTP/1.1" 301 - "-" "Mozilla/5.0 (Linux; Android 6.0.1; Nexus 5X Build/MMB29P) AppleWebKit/537.36 (KHTML, like Gecko) Chrome/146.0.7680.153 Mobile Safari/537.36 (compatible; Googlebot/2.1; +http://www.google.com/bot.html)"
66.249.70.7 - - [31/Mar/2026:12:06:39 +0000] "GET /2026/02/25/try-pokies-online-deposit-casino/ HTTP/1.1" 200 57104 "-" "Mozilla/5.0 (Linux; Android 6.0.1; Nexus 5X Build/MMB29P) AppleWebKit/537.36 (KHTML, like Gecko) Chrome/146.0.7680.153 Mobile Safari/537.36 (compatible; Googlebot/2.1; +http://www.google.com/bot.html)"
66.249.70.6 - - [31/Mar/2026:12:06:47 +0000] "GET /2026/02/25/legit-online-casinos-australia/ HTTP/1.1" 200 57658 "-" "Mozilla/5.0 (Linux; Android 6.0.1; Nexus 5X Build/MMB29P) AppleWebKit/537.36 (KHTML, like Gecko) Chrome/146.0.7680.153 Mobile Safari/537.36 (compatible; Googlebot/2.1; +http://www.google.com/bot.html)"
66.249.70.6 - - [31/Mar/2026:12:06:52 +0000] "GET /2026/02/25/free-free-pokies-online-deposit-casino/ HTTP/1.1" 200 58253 "-" "Mozilla/5.0 (Linux; Android 6.0.1; Nexus 5X Build/MMB29P) AppleWebKit/537.36 (KHTML, like Gecko) Chrome/146.0.7680.153 Mobile Safari/537.36 (compatible; Googlebot/2.1; +http://www.google.com/bot.html)"
66.249.70.8 - - [31/Mar/2026:12:07:07 +0000] "GET /2026/02/25/australia-online-casino-sign-up-no-deposit-bonus/ HTTP/1.1" 200 57126 "-" "Mozilla/5.0 (Linux; Android 6.0.1; Nexus 5X Build/MMB29P) AppleWebKit/537.36 (KHTML, like Gecko) Chrome/146.0.7680.153 Mobile Safari/537.36 (compatible; Googlebot/2.1; +http://www.google.com/bot.html)"
66.249.70.6 - - [31/Mar/2026:12:07:08 +0000] "GET /2026/02/25/new-au-pokies-without-registration/ HTTP/1.1" 200 57506 "-" "Mozilla/5.0 (Linux; Android 6.0.1; Nexus 5X Build/MMB29P) AppleWebKit/537.36 (KHTML, like Gecko) Chrome/146.0.7680.153 Mobile Safari/537.36 (compatible; Googlebot/2.1; +http://www.google.com/bot.html)"
66.249.70.6 - - [31/Mar/2026:12:07:21 +0000] "GET /?p=4826 HTTP/1.1" 301 - "-" "Mozilla/5.0 (Linux; Android 6.0.1; Nexus 5X Build/MMB29P) AppleWebKit/537.36 (KHTML, like Gecko) Chrome/146.0.7680.153 Mobile Safari/537.36 (compatible; Googlebot/2.1; +http://www.google.com/bot.html)"
66.249.70.6 - - [31/Mar/2026:12:07:22 +0000] "GET /2026/02/25/how-to-win-big-on-pokies/ HTTP/1.1" 200 58001 "-" "Mozilla/5.0 (Linux; Android 6.0.1; Nexus 5X Build/MMB29P) AppleWebKit/537.36 (KHTML, like Gecko) Chrome/146.0.7680.153 Mobile Safari/537.36 (compatible; Googlebot/2.1; +http://www.google.com/bot.html)"
66.249.70.8 - - [31/Mar/2026:12:07:56 +0000] "GET /2026/02/25/pokies-parlour-promo-code/ HTTP/1.1" 200 57545 "-" "Mozilla/5.0 (Linux; Android 6.0.1; Nexus 5X Build/MMB29P) AppleWebKit/537.36 (KHTML, like Gecko) Chrome/146.0.7680.153 Mobile Safari/537.36 (compatible; Googlebot/2.1; +http://www.google.com/bot.html)"
66.249.70.8 - - [31/Mar/2026:12:08:07 +0000] "GET /2026/02/25/casino-real-money-australia/ HTTP/1.1" 200 57837 "-" "Mozilla/5.0 (Linux; Android 6.0.1; Nexus 5X Build/MMB29P) AppleWebKit/537.36 (KHTML, like Gecko) Chrome/146.0.7680.153 Mobile Safari/537.36 (compatible; Googlebot/2.1; +http://www.google.com/bot.html)"
45.79.238.235 - - [31/Mar/2026:12:08:20 +0000] "POST /wp-cron.php?doing_wp_cron=1774958900.0199139118194580078125 HTTP/1.1" 200 - "-" "WordPress/6.2.9; https://www.aardvarkskateramps.co.nz"
66.249.70.7 - - [31/Mar/2026:12:08:19 +0000] "GET /?p=2885 HTTP/1.1" 301 - "-" "Mozilla/5.0 (Linux; Android 6.0.1; Nexus 5X Build/MMB29P) AppleWebKit/537.36 (KHTML, like Gecko) Chrome/146.0.7680.153 Mobile Safari/537.36 (compatible; Googlebot/2.1; +http://www.google.com/bot.html)"
66.249.70.7 - - [31/Mar/2026:12:08:36 +0000] "GET /2026/02/25/best-popular-pokies-odds/ HTTP/1.1" 200 57399 "-" "Mozilla/5.0 (Linux; Android 6.0.1; Nexus 5X Build/MMB29P) AppleWebKit/537.36 (KHTML, like Gecko) Chrome/146.0.7680.153 Mobile Safari/537.36 (compatible; Googlebot/2.1; +http://www.google.com/bot.html)"
66.249.70.8 - - [31/Mar/2026:12:08:52 +0000] "GET /?p=2912 HTTP/1.1" 301 - "-" "Mozilla/5.0 (Linux; Android 6.0.1; Nexus 5X Build/MMB29P) AppleWebKit/537.36 (KHTML, like Gecko) Chrome/146.0.7680.153 Mobile Safari/537.36 (compatible; Googlebot/2.1; +http://www.google.com/bot.html)"
66.249.70.7 - - [31/Mar/2026:12:08:56 +0000] "GET /?p=6240 HTTP/1.1" 301 - "-" "Mozilla/5.0 (Linux; Android 6.0.1; Nexus 5X Build/MMB29P) AppleWebKit/537.36 (KHTML, like Gecko) Chrome/146.0.7680.153 Mobile Safari/537.36 (compatible; Googlebot/2.1; +http://www.google.com/bot.html)"
66.249.70.7 - - [31/Mar/2026:12:09:06 +0000] "GET /2026/02/25/nz-best-mobile-casinos/ HTTP/1.1" 200 57986 "-" "Mozilla/5.0 (Linux; Android 6.0.1; Nexus 5X Build/MMB29P) AppleWebKit/537.36 (KHTML, like Gecko) Chrome/146.0.7680.153 Mobile Safari/537.36 (compatible; Googlebot/2.1; +http://www.google.com/bot.html)"
45.79.238.235 - - [31/Mar/2026:12:09:10 +0000] "POST /wp-cron.php?doing_wp_cron=1774958950.0890929698944091796875 HTTP/1.1" 200 - "-" "WordPress/6.2.9; https://www.aardvarkskateramps.co.nz"
66.249.70.7 - - [31/Mar/2026:12:09:09 +0000] "GET /2026/02/25/trusted-casino-online-australia/ HTTP/1.1" 200 57046 "-" "Mozilla/5.0 (Linux; Android 6.0.1; Nexus 5X Build/MMB29P) AppleWebKit/537.36 (KHTML, like Gecko) Chrome/146.0.7680.153 Mobile Safari/537.36 (compatible; Googlebot/2.1; +http://www.google.com/bot.html)"
66.249.70.6 - - [31/Mar/2026:12:09:26 +0000] "GET /?p=3920 HTTP/1.1" 301 - "-" "Mozilla/5.0 (Linux; Android 6.0.1; Nexus 5X Build/MMB29P) AppleWebKit/537.36 (KHTML, like Gecko) Chrome/146.0.7680.153 Mobile Safari/537.36 (compatible; Googlebot/2.1; +http://www.google.com/bot.html)"
66.249.70.8 - - [31/Mar/2026:12:09:28 +0000] "GET /?p=308 HTTP/1.1" 301 - "-" "Mozilla/5.0 (Linux; Android 6.0.1; Nexus 5X Build/MMB29P) AppleWebKit/537.36 (KHTML, like Gecko) Chrome/146.0.7680.153 Mobile Safari/537.36 (compatible; Googlebot/2.1; +http://www.google.com/bot.html)"
66.249.70.6 - - [31/Mar/2026:12:09:32 +0000] "GET /2026/02/25/free-pokies-hot-chilli/ HTTP/1.1" 200 57833 "-" "Mozilla/5.0 (Linux; Android 6.0.1; Nexus 5X Build/MMB29P) AppleWebKit/537.36 (KHTML, like Gecko) Chrome/146.0.7680.153 Mobile Safari/537.36 (compatible; Googlebot/2.1; +http://www.google.com/bot.html)"
66.249.70.7 - - [31/Mar/2026:12:09:34 +0000] "GET /2026/02/25/new-player-no-deposit-free-au-pokies-casinos/ HTTP/1.1" 200 57919 "-" "Mozilla/5.0 (Linux; Android 6.0.1; Nexus 5X Build/MMB29P) AppleWebKit/537.36 (KHTML, like Gecko) Chrome/146.0.7680.153 Mobile Safari/537.36 (compatible; Googlebot/2.1; +http://www.google.com/bot.html)"
45.79.238.235 - - [31/Mar/2026:12:10:14 +0000] "POST /wp-cron.php?doing_wp_cron=1774959014.3404829502105712890625 HTTP/1.1" 200 - "-" "WordPress/6.2.9; https://www.aardvarkskateramps.co.nz"
66.249.70.8 - - [31/Mar/2026:12:10:13 +0000] "GET /?p=3390 HTTP/1.1" 301 - "-" "Mozilla/5.0 (Linux; Android 6.0.1; Nexus 5X Build/MMB29P) AppleWebKit/537.36 (KHTML, like Gecko) Chrome/146.0.7680.153 Mobile Safari/537.36 (compatible; Googlebot/2.1; +http://www.google.com/bot.html)"
66.249.70.8 - - [31/Mar/2026:12:10:15 +0000] "GET /2026/02/25/best-winning-top-australian-pokies/ HTTP/1.1" 200 58037 "-" "Mozilla/5.0 (Linux; Android 6.0.1; Nexus 5X Build/MMB29P) AppleWebKit/537.36 (KHTML, like Gecko) Chrome/146.0.7680.153 Mobile Safari/537.36 (compatible; Googlebot/2.1; +http://www.google.com/bot.html)"
66.249.70.7 - - [31/Mar/2026:12:10:36 +0000] "GET /?p=867 HTTP/1.1" 301 - "-" "Mozilla/5.0 (Linux; Android 6.0.1; Nexus 5X Build/MMB29P) AppleWebKit/537.36 (KHTML, like Gecko) Chrome/146.0.7680.153 Mobile Safari/537.36 (compatible; Googlebot/2.1; +http://www.google.com/bot.html)"
66.249.70.8 - - [31/Mar/2026:12:10:37 +0000] "GET /2026/02/25/harrisburg-nz-casino-penny-slot-machines-reviews/ HTTP/1.1" 200 58870 "-" "Mozilla/5.0 (Linux; Android 6.0.1; Nexus 5X Build/MMB29P) AppleWebKit/537.36 (KHTML, like Gecko) Chrome/146.0.7680.153 Mobile Safari/537.36 (compatible; Googlebot/2.1; +http://www.google.com/bot.html)"
66.249.70.7 - - [31/Mar/2026:12:10:57 +0000] "GET /?p=5171 HTTP/1.1" 301 - "-" "Mozilla/5.0 (Linux; Android 6.0.1; Nexus 5X Build/MMB29P) AppleWebKit/537.36 (KHTML, like Gecko) Chrome/146.0.7680.153 Mobile Safari/537.36 (compatible; Googlebot/2.1; +http://www.google.com/bot.html)"
66.249.70.6 - - [31/Mar/2026:12:10:58 +0000] "GET /2026/02/25/pokies-on-pix-11-news-new-york/ HTTP/1.1" 200 58042 "-" "Mozilla/5.0 (Linux; Android 6.0.1; Nexus 5X Build/MMB29P) AppleWebKit/537.36 (KHTML, like Gecko) Chrome/146.0.7680.153 Mobile Safari/537.36 (compatible; Googlebot/2.1; +http://www.google.com/bot.html)"
100.25.25.148 - - [31/Mar/2026:12:12:08 +0000] "GET /robots.txt HTTP/1.1" 304 - "-" "Mozilla/5.0 (Macintosh; Intel Mac OS X 10_10_1) AppleWebKit/600.2.5 (KHTML, like Gecko) Version/8.0.2 Safari/600.2.5 (Gort)"
66.249.70.8 - - [31/Mar/2026:12:12:43 +0000] "GET /?products/detail/249393062 HTTP/1.1" 301 - "-" "Mozilla/5.0 (Linux; Android 6.0.1; Nexus 5X Build/MMB29P) AppleWebKit/537.36 (KHTML, like Gecko) Chrome/146.0.7680.153 Mobile Safari/537.36 (compatible; GoogleOther)"
66.249.70.6 - - [31/Mar/2026:12:12:46 +0000] "GET /?products%2Fdetail%2F249393062 HTTP/1.1" 200 55557 "-" "Mozilla/5.0 (Linux; Android 6.0.1; Nexus 5X Build/MMB29P) AppleWebKit/537.36 (KHTML, like Gecko) Chrome/146.0.7680.153 Mobile Safari/537.36 (compatible; GoogleOther)"
45.88.138.44 - - [31/Mar/2026:12:13:00 +0000] "GET / HTTP/1.1" 200 55531 "-" "Go-http-client/2.0"
45.88.138.44 - - [31/Mar/2026:12:13:05 +0000] "GET /.env HTTP/1.1" 403 4170 "-" "Go-http-client/2.0"
66.249.70.6 - - [31/Mar/2026:12:13:06 +0000] "GET /?p=2610 HTTP/1.1" 301 - "-" "Mozilla/5.0 (Linux; Android 6.0.1; Nexus 5X Build/MMB29P) AppleWebKit/537.36 (KHTML, like Gecko) Chrome/146.0.7680.153 Mobile Safari/537.36 (compatible; Googlebot/2.1; +http://www.google.com/bot.html)"
66.249.70.7 - - [31/Mar/2026:12:13:07 +0000] "GET /?p=2551 HTTP/1.1" 301 - "-" "Mozilla/5.0 (Linux; Android 6.0.1; Nexus 5X Build/MMB29P) AppleWebKit/537.36 (KHTML, like Gecko) Chrome/146.0.7680.153 Mobile Safari/537.36 (compatible; Googlebot/2.1; +http://www.google.com/bot.html)"
66.249.70.7 - - [31/Mar/2026:12:13:07 +0000] "GET /2026/02/25/las-vegas-nz-casino-no-deposit-bonus/ HTTP/1.1" 200 57903 "-" "Mozilla/5.0 (Linux; Android 6.0.1; Nexus 5X Build/MMB29P) AppleWebKit/537.36 (KHTML, like Gecko) Chrome/146.0.7680.153 Mobile Safari/537.36 (compatible; Googlebot/2.1; +http://www.google.com/bot.html)"
45.79.238.235 - - [31/Mar/2026:12:13:09 +0000] "POST /wp-cron.php?doing_wp_cron=1774959189.3901059627532958984375 HTTP/1.1" 200 - "-" "WordPress/6.2.9; https://www.aardvarkskateramps.co.nz"
66.249.70.6 - - [31/Mar/2026:12:13:09 +0000] "GET /2026/02/25/australian-pokies-win-no-deposit/ HTTP/1.1" 200 57717 "-" "Mozilla/5.0 (Linux; Android 6.0.1; Nexus 5X Build/MMB29P) AppleWebKit/537.36 (KHTML, like Gecko) Chrome/146.0.7680.153 Mobile Safari/537.36 (compatible; Googlebot/2.1; +http://www.google.com/bot.html)"
66.249.70.7 - - [31/Mar/2026:12:13:09 +0000] "GET /2026/02/25/free-pokies-new-winning-pokies/ HTTP/1.1" 200 57560 "-" "Mozilla/5.0 (Linux; Android 6.0.1; Nexus 5X Build/MMB29P) AppleWebKit/537.36 (KHTML, like Gecko) Chrome/146.0.7680.153 Mobile Safari/537.36 (compatible; Googlebot/2.1; +http://www.google.com/bot.html)"
45.88.138.44 - - [31/Mar/2026:12:13:10 +0000] "GET /zz-nonexistent-test-8492.html HTTP/1.1" 404 46580 "-" "Go-http-client/2.0"
45.88.138.44 - - [31/Mar/2026:12:13:12 +0000] "GET /.aws/credentials HTTP/1.1" 403 4170 "-" "Go-http-client/2.0"
45.88.138.44 - - [31/Mar/2026:12:13:12 +0000] "GET /api/.env HTTP/1.1" 403 4170 "-" "Go-http-client/2.0"
45.88.138.44 - - [31/Mar/2026:12:13:12 +0000] "GET /backend/.env HTTP/1.1" 403 4170 "-" "Go-http-client/2.0"
45.88.138.44 - - [31/Mar/2026:12:13:12 +0000] "GET /app/.env HTTP/1.1" 403 4170 "-" "Go-http-client/2.0"
45.88.138.44 - - [31/Mar/2026:12:13:12 +0000] "GET /.env.swp HTTP/1.1" 403 4170 "-" "Go-http-client/2.0"
45.88.138.44 - - [31/Mar/2026:12:13:12 +0000] "GET /.DS_Store HTTP/1.1" 404 46580 "-" "Go-http-client/2.0"
45.88.138.44 - - [31/Mar/2026:12:13:13 +0000] "GET / HTTP/1.1" 200 55531 "https://www.aardvarkskateramps.co.nz/" "Mozilla/5.0 (Windows NT 10.0; Win64; x64) AppleWebKit/537.36 (KHTML, like Gecko) Chrome/131.0.0.0 Safari/537.36"
45.88.138.44 - - [31/Mar/2026:12:13:15 +0000] "GET /.env HTTP/1.1" 403 4170 "-" "Go-http-client/2.0"
45.88.138.44 - - [31/Mar/2026:12:13:16 +0000] "GET /.env.production HTTP/1.1" 403 4170 "-" "Go-http-client/2.0"
45.88.138.44 - - [31/Mar/2026:12:13:16 +0000] "GET /.git/config HTTP/1.1" 403 4170 "-" "Go-http-client/2.0"
45.88.138.44 - - [31/Mar/2026:12:13:16 +0000] "GET /.git/HEAD HTTP/1.1" 403 4170 "-" "Go-http-client/2.0"
45.88.138.44 - - [31/Mar/2026:12:13:15 +0000] "GET /config.env HTTP/1.1" 404 46580 "-" "Go-http-client/2.0"
45.88.138.44 - - [31/Mar/2026:12:13:16 +0000] "GET /.env.bak HTTP/1.1" 403 4170 "-" "Go-http-client/2.0"
45.88.138.44 - - [31/Mar/2026:12:13:15 +0000] "GET / HTTP/1.1" 200 55531 "https://www.aardvarkskateramps.co.nz/" "Mozilla/5.0 (Windows NT 10.0; Win64; x64; rv:132.0) Gecko/20100101 Firefox/132.0"
45.88.138.44 - - [31/Mar/2026:12:13:16 +0000] "GET / HTTP/1.1" 200 55531 "https://www.aardvarkskateramps.co.nz/" "Mozilla/5.0 (iPhone; CPU iPhone OS 17_0 like Mac OS X) AppleWebKit/605.1.15 (KHTML, like Gecko) Version/17.0 Mobile/15E148 Safari/604.1"
45.88.138.44 - - [31/Mar/2026:12:13:18 +0000] "GET / HTTP/1.1" 200 55531 "-" "Go-http-client/2.0"
45.88.138.44 - - [31/Mar/2026:12:13:20 +0000] "GET / HTTP/1.1" 200 55531 "-" "Go-http-client/2.0"
45.88.138.44 - - [31/Mar/2026:12:13:23 +0000] "GET / HTTP/1.1" 200 55531 "-" "Go-http-client/2.0"
66.249.70.7 - - [31/Mar/2026:12:13:26 +0000] "GET /?products/detail/125915870 HTTP/1.1" 301 - "-" "Mozilla/5.0 (Linux; Android 6.0.1; Nexus 5X Build/MMB29P) AppleWebKit/537.36 (KHTML, like Gecko) Chrome/146.0.7680.153 Mobile Safari/537.36 (compatible; GoogleOther)"
66.249.70.6 - - [31/Mar/2026:12:13:28 +0000] "GET /?products%2Fdetail%2F125915870 HTTP/1.1" 200 55557 "-" "Mozilla/5.0 (Linux; Android 6.0.1; Nexus 5X Build/MMB29P) AppleWebKit/537.36 (KHTML, like Gecko) Chrome/146.0.7680.153 Mobile Safari/537.36 (compatible; GoogleOther)"
66.249.70.6 - - [31/Mar/2026:12:13:35 +0000] "GET /?p=3009 HTTP/1.1" 301 - "-" "Mozilla/5.0 (Linux; Android 6.0.1; Nexus 5X Build/MMB29P) AppleWebKit/537.36 (KHTML, like Gecko) Chrome/146.0.7680.153 Mobile Safari/537.36 (compatible; Googlebot/2.1; +http://www.google.com/bot.html)"
66.249.70.6 - - [31/Mar/2026:12:13:36 +0000] "GET /2026/02/25/when-will-the-pokies-open-in-melbourne/ HTTP/1.1" 200 58185 "-" "Mozilla/5.0 (Linux; Android 6.0.1; Nexus 5X Build/MMB29P) AppleWebKit/537.36 (KHTML, like Gecko) Chrome/146.0.7680.153 Mobile Safari/537.36 (compatible; Googlebot/2.1; +http://www.google.com/bot.html)"
45.88.138.44 - - [31/Mar/2026:12:13:43 +0000] "GET /wp-content/plugins/the-events-calendar/readme.txt HTTP/1.1" 403 4170 "-" "Go-http-client/2.0"
45.88.138.44 - - [31/Mar/2026:12:13:43 +0000] "POST /wp-admin/admin-ajax.php HTTP/1.1" 403 4170 "https://www.aardvarkskateramps.co.nz/" "Mozilla/5.0 (X11; Linux x86_64) AppleWebKit/537.36 (KHTML, like Gecko) Chrome/124.0.0.0 Safari/537.36"
45.88.138.44 - - [31/Mar/2026:12:13:43 +0000] "GET /?__kubio-site-edit-iframe-classic-template=../../../../wp-config.php&__kubio-site-edit-iframe-preview=1 HTTP/1.1" 403 4170 "https://www.aardvarkskateramps.co.nz/" "Mozilla/5.0 (Windows NT 10.0; Win64; x64; rv:132.0) Gecko/20100101 Firefox/132.0"
45.88.138.44 - - [31/Mar/2026:12:13:43 +0000] "GET /?src=..%2f..%2f..%2f..%2fetc%2fpasswd HTTP/1.1" 301 - "https://www.aardvarkskateramps.co.nz/" "Mozilla/5.0 (Windows NT 10.0; Win64; x64) AppleWebKit/537.36 (KHTML, like Gecko) Chrome/133.0.0.0 Safari/537.36"
45.88.138.44 - - [31/Mar/2026:12:13:43 +0000] "GET /wp-json/sure-triggers/v1/connection/list HTTP/1.1" 404 114 "https://www.aardvarkskateramps.co.nz/" "Mozilla/5.0 (X11; Linux x86_64) AppleWebKit/537.36 (KHTML, like Gecko) Chrome/124.0.0.0 Safari/537.36"
45.88.138.44 - - [31/Mar/2026:12:13:43 +0000] "GET /?doc=..%2f..%2f..%2f..%2fetc%2fpasswd HTTP/1.1" 301 - "https://www.aardvarkskateramps.co.nz/" "Mozilla/5.0 (X11; Linux x86_64) AppleWebKit/537.36 (KHTML, like Gecko) Chrome/124.0.0.0 Safari/537.36"
45.88.138.44 - - [31/Mar/2026:12:13:43 +0000] "POST /wp-json/reallysimplessl/v1/two_fa/skip_onboarding HTTP/1.1" 404 114 "https://www.aardvarkskateramps.co.nz/" "Mozilla/5.0 (iPhone; CPU iPhone OS 17_0 like Mac OS X) AppleWebKit/605.1.15 (KHTML, like Gecko) Version/17.0 Mobile/15E148 Safari/604.1"
45.88.138.44 - - [31/Mar/2026:12:13:43 +0000] "GET /api/fetch?url=http://127.0.0.1:80 HTTP/1.1" 404 46580 "https://www.aardvarkskateramps.co.nz/" "Mozilla/5.0 (iPhone; CPU iPhone OS 17_0 like Mac OS X) AppleWebKit/605.1.15 (KHTML, like Gecko) Version/17.0 Mobile/15E148 Safari/604.1"
45.88.138.44 - - [31/Mar/2026:12:13:43 +0000] "POST /wp-json/sure-triggers/v1/automation/action HTTP/1.1" 403 4170 "https://www.aardvarkskateramps.co.nz/" "Mozilla/5.0 (iPhone; CPU iPhone OS 17_0 like Mac OS X) AppleWebKit/605.1.15 (KHTML, like Gecko) Version/17.0 Mobile/15E148 Safari/604.1"
45.88.138.44 - - [31/Mar/2026:12:13:43 +0000] "GET /?q=%7B%7B7%2A7%7D%7D HTTP/1.1" 200 55551 "https://www.aardvarkskateramps.co.nz/" "Mozilla/5.0 (X11; Linux x86_64) AppleWebKit/537.36 (KHTML, like Gecko) Chrome/124.0.0.0 Safari/537.36"
45.88.138.44 - - [31/Mar/2026:12:13:43 +0000] "GET /wp-content/plugins/depicter/readme.txt HTTP/1.1" 403 4170 "-" "Go-http-client/2.0"
45.88.138.44 - - [31/Mar/2026:12:13:43 +0000] "GET /?path=..%2f..%2f..%2f..%2fetc%2fpasswd HTTP/1.1" 301 - "https://www.aardvarkskateramps.co.nz/" "Mozilla/5.0 (X11; Linux x86_64) AppleWebKit/537.36 (KHTML, like Gecko) Chrome/124.0.0.0 Safari/537.36"
45.88.138.44 - - [31/Mar/2026:12:13:43 +0000] "GET /?page=....//....//....//....//etc/passwd HTTP/1.1" 403 4170 "https://www.aardvarkskateramps.co.nz/" "Mozilla/5.0 (iPhone; CPU iPhone OS 17_0 like Mac OS X) AppleWebKit/605.1.15 (KHTML, like Gecko) Version/17.0 Mobile/15E148 Safari/604.1"
45.88.138.44 - - [31/Mar/2026:12:13:43 +0000] "GET /wp-json/post-smtp/v1/get-log HTTP/1.1" 404 114 "https://www.aardvarkskateramps.co.nz/" "Mozilla/5.0 (Windows NT 10.0; Win64; x64) AppleWebKit/537.36 (KHTML, like Gecko) Chrome/131.0.0.0 Safari/537.36"
45.88.138.44 - - [31/Mar/2026:12:13:43 +0000] "GET /wp-content/plugins/wp-file-upload/wfu_file_downloader.php?file=../../../wp-config.php HTTP/1.1" 403 4170 "https://www.aardvarkskateramps.co.nz/" "Mozilla/5.0 (Macintosh; Intel Mac OS X 10_15_7) AppleWebKit/537.36 (KHTML, like Gecko) Chrome/130.0.0.0 Safari/537.36"
45.88.138.44 - - [31/Mar/2026:12:13:43 +0000] "GET /?include=....//....//....//....//etc/passwd HTTP/1.1" 301 - "https://www.aardvarkskateramps.co.nz/" "Mozilla/5.0 (Windows NT 10.0; Win64; x64; rv:132.0) Gecko/20100101 Firefox/132.0"
45.88.138.44 - - [31/Mar/2026:12:13:43 +0000] "GET /?template=..%2f..%2f..%2f..%2fetc%2fpasswd HTTP/1.1" 301 - "https://www.aardvarkskateramps.co.nz/" "Mozilla/5.0 (Windows NT 10.0; Win64; x64) AppleWebKit/537.36 (KHTML, like Gecko) Chrome/133.0.0.0 Safari/537.36"
45.88.138.44 - - [31/Mar/2026:12:13:43 +0000] "GET /?file=....//....//....//....//etc/passwd HTTP/1.1" 301 - "https://www.aardvarkskateramps.co.nz/" "Mozilla/5.0 (Windows NT 10.0; Win64; x64; rv:132.0) Gecko/20100101 Firefox/132.0"
45.88.138.44 - - [31/Mar/2026:12:13:43 +0000] "GET /?template=....//....//....//....//etc/passwd HTTP/1.1" 301 - "https://www.aardvarkskateramps.co.nz/" "Mozilla/5.0 (iPhone; CPU iPhone OS 17_0 like Mac OS X) AppleWebKit/605.1.15 (KHTML, like Gecko) Version/17.0 Mobile/15E148 Safari/604.1"
45.88.138.44 - - [31/Mar/2026:12:13:43 +0000] "GET /?template=%7B%7B7%2A7%7D%7D HTTP/1.1" 200 55558 "https://www.aardvarkskateramps.co.nz/" "Mozilla/5.0 (Windows NT 10.0; Win64; x64) AppleWebKit/537.36 (KHTML, like Gecko) Chrome/133.0.0.0 Safari/537.36"
45.88.138.44 - - [31/Mar/2026:12:13:43 +0000] "GET /?path=....//....//....//....//etc/passwd HTTP/1.1" 301 - "https://www.aardvarkskateramps.co.nz/" "Mozilla/5.0 (Macintosh; Intel Mac OS X 10_15_7) AppleWebKit/537.36 (KHTML, like Gecko) Chrome/130.0.0.0 Safari/537.36"
45.88.138.44 - - [31/Mar/2026:12:13:43 +0000] "GET /?file=..%2f..%2f..%2f..%2fetc%2fpasswd HTTP/1.1" 301 - "https://www.aardvarkskateramps.co.nz/" "Mozilla/5.0 (Windows NT 10.0; Win64; x64) AppleWebKit/537.36 (KHTML, like Gecko) Chrome/131.0.0.0 Safari/537.36"
45.88.138.44 - - [31/Mar/2026:12:13:43 +0000] "GET /?view=....//....//....//....//etc/passwd HTTP/1.1" 301 - "https://www.aardvarkskateramps.co.nz/" "Mozilla/5.0 (Windows NT 10.0; Win64; x64; rv:132.0) Gecko/20100101 Firefox/132.0"
45.88.138.44 - - [31/Mar/2026:12:13:43 +0000] "POST /wp-admin/admin-ajax.php HTTP/1.1" 400 1 "https://www.aardvarkskateramps.co.nz/" "Mozilla/5.0 (Macintosh; Intel Mac OS X 10_15_7) AppleWebKit/537.36 (KHTML, like Gecko) Chrome/130.0.0.0 Safari/537.36"
45.88.138.44 - - [31/Mar/2026:12:13:43 +0000] "GET /?msg=%7B%7B7%2A7%7D%7D HTTP/1.1" 200 55553 "https://www.aardvarkskateramps.co.nz/" "Mozilla/5.0 (Windows NT 10.0; Win64; x64) AppleWebKit/537.36 (KHTML, like Gecko) Chrome/133.0.0.0 Safari/537.36"
45.88.138.44 - - [31/Mar/2026:12:13:43 +0000] "GET /?search=%7B%7B7%2A7%7D%7D HTTP/1.1" 200 48069 "https://www.aardvarkskateramps.co.nz/" "Mozilla/5.0 (iPhone; CPU iPhone OS 17_0 like Mac OS X) AppleWebKit/605.1.15 (KHTML, like Gecko) Version/17.0 Mobile/15E148 Safari/604.1"
45.88.138.44 - - [31/Mar/2026:12:13:43 +0000] "GET /?page=..%2f..%2f..%2f..%2fetc%2fpasswd HTTP/1.1" 403 4170 "https://www.aardvarkskateramps.co.nz/" "Mozilla/5.0 (Windows NT 10.0; Win64; x64) AppleWebKit/537.36 (KHTML, like Gecko) Chrome/133.0.0.0 Safari/537.36"
45.88.138.44 - - [31/Mar/2026:12:13:43 +0000] "GET /?view=..%2f..%2f..%2f..%2fetc%2fpasswd HTTP/1.1" 301 - "https://www.aardvarkskateramps.co.nz/" "Mozilla/5.0 (Windows NT 10.0; Win64; x64) AppleWebKit/537.36 (KHTML, like Gecko) Chrome/131.0.0.0 Safari/537.36"
45.88.138.44 - - [31/Mar/2026:12:13:43 +0000] "GET /?include=..%2f..%2f..%2f..%2fetc%2fpasswd HTTP/1.1" 301 - "https://www.aardvarkskateramps.co.nz/" "Mozilla/5.0 (Windows NT 10.0; Win64; x64) AppleWebKit/537.36 (KHTML, like Gecko) Chrome/131.0.0.0 Safari/537.36"
45.88.138.44 - - [31/Mar/2026:12:13:44 +0000] "POST /api HTTP/1.1" 403 4170 "https://www.aardvarkskateramps.co.nz/" "Mozilla/5.0 (Windows NT 10.0; Win64; x64) AppleWebKit/537.36 (KHTML, like Gecko) Chrome/131.0.0.0 Safari/537.36"
45.88.138.44 - - [31/Mar/2026:12:13:43 +0000] "GET /?page=%7B%7B7%2A7%7D%7D HTTP/1.1" 404 46676 "https://www.aardvarkskateramps.co.nz/" "Mozilla/5.0 (Windows NT 10.0; Win64; x64; rv:132.0) Gecko/20100101 Firefox/132.0"
45.88.138.44 - - [31/Mar/2026:12:13:43 +0000] "GET /?doc=....//....//....//....//etc/passwd HTTP/1.1" 301 - "https://www.aardvarkskateramps.co.nz/" "Mozilla/5.0 (Macintosh; Intel Mac OS X 10_15_7) AppleWebKit/537.36 (KHTML, like Gecko) Chrome/130.0.0.0 Safari/537.36"
45.88.138.44 - - [31/Mar/2026:12:13:45 +0000] "POST /wp-admin/admin-ajax.php HTTP/1.1" 403 4170 "https://www.aardvarkskateramps.co.nz/" "Mozilla/5.0 (iPhone; CPU iPhone OS 17_0 like Mac OS X) AppleWebKit/605.1.15 (KHTML, like Gecko) Version/17.0 Mobile/15E148 Safari/604.1"
45.88.138.44 - - [31/Mar/2026:12:13:44 +0000] "GET /api/fetch?url=http://169.254.169.254/latest/meta-data/ HTTP/1.1" 404 46580 "https://www.aardvarkskateramps.co.nz/" "Mozilla/5.0 (Macintosh; Intel Mac OS X 10_15_7) AppleWebKit/537.36 (KHTML, like Gecko) Chrome/130.0.0.0 Safari/537.36"
45.88.138.44 - - [31/Mar/2026:12:13:43 +0000] "GET /?name=%7B%7B7%2A7%7D%7D HTTP/1.1" 301 - "https://www.aardvarkskateramps.co.nz/" "Mozilla/5.0 (Macintosh; Intel Mac OS X 10_15_7) AppleWebKit/537.36 (KHTML, like Gecko) Chrome/130.0.0.0 Safari/537.36"
45.88.138.44 - - [31/Mar/2026:12:13:44 +0000] "GET /wp-json/sure-triggers/v1/automation/list HTTP/1.1" 404 114 "https://www.aardvarkskateramps.co.nz/" "Mozilla/5.0 (Windows NT 10.0; Win64; x64) AppleWebKit/537.36 (KHTML, like Gecko) Chrome/133.0.0.0 Safari/537.36"
45.88.138.44 - - [31/Mar/2026:12:13:44 +0000] "GET /?dir=....//....//....//....//etc/passwd HTTP/1.1" 301 - "https://www.aardvarkskateramps.co.nz/" "Mozilla/5.0 (X11; Linux x86_64) AppleWebKit/537.36 (KHTML, like Gecko) Chrome/124.0.0.0 Safari/537.36"
45.88.138.44 - - [31/Mar/2026:12:13:45 +0000] "GET /?src=....//....//....//....//etc/passwd HTTP/1.1" 301 - "https://www.aardvarkskateramps.co.nz/" "Mozilla/5.0 (Macintosh; Intel Mac OS X 10_15_7) AppleWebKit/537.36 (KHTML, like Gecko) Chrome/130.0.0.0 Safari/537.36"
45.88.138.44 - - [31/Mar/2026:12:13:45 +0000] "GET /?q=%7B%7B7%2A191%7D%7D HTTP/1.1" 200 55553 "https://www.aardvarkskateramps.co.nz/" "Mozilla/5.0 (Windows NT 10.0; Win64; x64) AppleWebKit/537.36 (KHTML, like Gecko) Chrome/131.0.0.0 Safari/537.36"
45.88.138.44 - - [31/Mar/2026:12:13:45 +0000] "GET /wp-content/plugins/wp-file-upload/wfu_file_downloader.php?file=../../../../etc/passwd HTTP/1.1" 404 46580 "https://www.aardvarkskateramps.co.nz/" "Mozilla/5.0 (X11; Linux x86_64) AppleWebKit/537.36 (KHTML, like Gecko) Chrome/124.0.0.0 Safari/537.36"
45.88.138.44 - - [31/Mar/2026:12:13:45 +0000] "GET /?template=%7B%7B7%2A191%7D%7D HTTP/1.1" 200 55560 "https://www.aardvarkskateramps.co.nz/" "Mozilla/5.0 (iPhone; CPU iPhone OS 17_0 like Mac OS X) AppleWebKit/605.1.15 (KHTML, like Gecko) Version/17.0 Mobile/15E148 Safari/604.1"
45.88.138.44 - - [31/Mar/2026:12:13:45 +0000] "GET /?dir=..%2f..%2f..%2f..%2fetc%2fpasswd HTTP/1.1" 301 - "https://www.aardvarkskateramps.co.nz/" "Mozilla/5.0 (Windows NT 10.0; Win64; x64; rv:132.0) Gecko/20100101 Firefox/132.0"
45.88.138.44 - - [31/Mar/2026:12:13:45 +0000] "POST /api/upload HTTP/1.1" 403 4170 "https://www.aardvarkskateramps.co.nz/" "Mozilla/5.0 (Macintosh; Intel Mac OS X 10_15_7) AppleWebKit/537.36 (KHTML, like Gecko) Chrome/130.0.0.0 Safari/537.36"
45.88.138.44 - - [31/Mar/2026:12:13:45 +0000] "GET /wp-json/post-smtp/v1/connect-app HTTP/1.1" 404 114 "https://www.aardvarkskateramps.co.nz/" "Mozilla/5.0 (Windows NT 10.0; Win64; x64; rv:132.0) Gecko/20100101 Firefox/132.0"
45.88.138.44 - - [31/Mar/2026:12:13:45 +0000] "POST /wp-admin/admin-ajax.php HTTP/1.1" 400 1 "https://www.aardvarkskateramps.co.nz/" "Mozilla/5.0 (Windows NT 10.0; Win64; x64) AppleWebKit/537.36 (KHTML, like Gecko) Chrome/131.0.0.0 Safari/537.36"
45.88.138.44 - - [31/Mar/2026:12:13:46 +0000] "GET /?msg=%7B%7B7%2A191%7D%7D HTTP/1.1" 200 55555 "https://www.aardvarkskateramps.co.nz/" "Mozilla/5.0 (iPhone; CPU iPhone OS 17_0 like Mac OS X) AppleWebKit/605.1.15 (KHTML, like Gecko) Version/17.0 Mobile/15E148 Safari/604.1"
45.88.138.44 - - [31/Mar/2026:12:13:46 +0000] "GET /?template=%7B%25print%287%2A191%29%25%7D HTTP/1.1" 200 55571 "https://www.aardvarkskateramps.co.nz/" "Mozilla/5.0 (Windows NT 10.0; Win64; x64) AppleWebKit/537.36 (KHTML, like Gecko) Chrome/133.0.0.0 Safari/537.36"
45.88.138.44 - - [31/Mar/2026:12:13:46 +0000] "GET /?__kubio-site-edit-iframe-classic-template=../../../../../wp-config.php&__kubio-site-edit-iframe-preview=1 HTTP/1.1" 403 4170 "https://www.aardvarkskateramps.co.nz/" "Mozilla/5.0 (X11; Linux x86_64) AppleWebKit/537.36 (KHTML, like Gecko) Chrome/124.0.0.0 Safari/537.36"
45.88.138.44 - - [31/Mar/2026:12:13:46 +0000] "POST /soap HTTP/1.1" 403 4170 "https://www.aardvarkskateramps.co.nz/" "Mozilla/5.0 (iPhone; CPU iPhone OS 17_0 like Mac OS X) AppleWebKit/605.1.15 (KHTML, like Gecko) Version/17.0 Mobile/15E148 Safari/604.1"
45.88.138.44 - - [31/Mar/2026:12:13:46 +0000] "GET /wp-json/sure-triggers/v1/connection/create-wp-connection HTTP/1.1" 404 114 "https://www.aardvarkskateramps.co.nz/" "Mozilla/5.0 (Windows NT 10.0; Win64; x64; rv:132.0) Gecko/20100101 Firefox/132.0"
45.88.138.44 - - [31/Mar/2026:12:13:46 +0000] "GET /?q=%7B%25print%287%2A191%29%25%7D HTTP/1.1" 200 55564 "https://www.aardvarkskateramps.co.nz/" "Mozilla/5.0 (Windows NT 10.0; Win64; x64) AppleWebKit/537.36 (KHTML, like Gecko) Chrome/131.0.0.0 Safari/537.36"
45.88.138.44 - - [31/Mar/2026:12:13:46 +0000] "POST /wp-admin/admin-ajax.php HTTP/1.1" 400 1 "https://www.aardvarkskateramps.co.nz/" "Mozilla/5.0 (Macintosh; Intel Mac OS X 10_15_7) AppleWebKit/537.36 (KHTML, like Gecko) Chrome/130.0.0.0 Safari/537.36"
45.88.138.44 - - [31/Mar/2026:12:13:46 +0000] "GET /?url=http://127.0.0.1:80 HTTP/1.1" 301 - "https://www.aardvarkskateramps.co.nz/" "Mozilla/5.0 (Windows NT 10.0; Win64; x64) AppleWebKit/537.36 (KHTML, like Gecko) Chrome/133.0.0.0 Safari/537.36"
45.88.138.44 - - [31/Mar/2026:12:13:47 +0000] "GET /?__kubio-site-edit-iframe-classic-template=../../../../../../wp-config.php&__kubio-site-edit-iframe-preview=1 HTTP/1.1" 403 4170 "https://www.aardvarkskateramps.co.nz/" "Mozilla/5.0 (Windows NT 10.0; Win64; x64) AppleWebKit/537.36 (KHTML, like Gecko) Chrome/131.0.0.0 Safari/537.36"
45.88.138.44 - - [31/Mar/2026:12:13:47 +0000] "GET /?url=http://169.254.169.254/latest/meta-data/ HTTP/1.1" 301 - "https://www.aardvarkskateramps.co.nz/" "Mozilla/5.0 (Macintosh; Intel Mac OS X 10_15_7) AppleWebKit/537.36 (KHTML, like Gecko) Chrome/130.0.0.0 Safari/537.36"
45.88.138.44 - - [31/Mar/2026:12:13:47 +0000] "POST /ws HTTP/1.1" 403 4170 "https://www.aardvarkskateramps.co.nz/" "Mozilla/5.0 (X11; Linux x86_64) AppleWebKit/537.36 (KHTML, like Gecko) Chrome/124.0.0.0 Safari/537.36"
45.88.138.44 - - [31/Mar/2026:12:13:47 +0000] "GET /?q=%24%7B7%2A191%7D HTTP/1.1" 200 55550 "https://www.aardvarkskateramps.co.nz/" "Mozilla/5.0 (Windows NT 10.0; Win64; x64) AppleWebKit/537.36 (KHTML, like Gecko) Chrome/133.0.0.0 Safari/537.36"
45.88.138.44 - - [31/Mar/2026:12:13:47 +0000] "GET /?template=%24%7B7%2A191%7D HTTP/1.1" 200 55557 "https://www.aardvarkskateramps.co.nz/" "Mozilla/5.0 (iPhone; CPU iPhone OS 17_0 like Mac OS X) AppleWebKit/605.1.15 (KHTML, like Gecko) Version/17.0 Mobile/15E148 Safari/604.1"
45.88.138.44 - - [31/Mar/2026:12:13:47 +0000] "GET /?msg=%7B%25print%287%2A191%29%25%7D HTTP/1.1" 200 55566 "https://www.aardvarkskateramps.co.nz/" "Mozilla/5.0 (Windows NT 10.0; Win64; x64; rv:132.0) Gecko/20100101 Firefox/132.0"
66.249.70.6 - - [31/Mar/2026:12:13:48 +0000] "GET /?products/detail/293248264 HTTP/1.1" 301 - "-" "Mozilla/5.0 (Linux; Android 6.0.1; Nexus 5X Build/MMB29P) AppleWebKit/537.36 (KHTML, like Gecko) Chrome/146.0.7680.153 Mobile Safari/537.36 (compatible; GoogleOther)"
45.88.138.44 - - [31/Mar/2026:12:13:48 +0000] "POST /wp-admin/admin-ajax.php HTTP/1.1" 400 1 "https://www.aardvarkskateramps.co.nz/" "Mozilla/5.0 (Windows NT 10.0; Win64; x64) AppleWebKit/537.36 (KHTML, like Gecko) Chrome/131.0.0.0 Safari/537.36"
45.88.138.44 - - [31/Mar/2026:12:13:48 +0000] "GET /..%252f..%252f..%252fetc%252fpasswd HTTP/1.1" 404 46580 "https://www.aardvarkskateramps.co.nz/" "Mozilla/5.0 (X11; Linux x86_64) AppleWebKit/537.36 (KHTML, like Gecko) Chrome/124.0.0.0 Safari/537.36"
45.88.138.44 - - [31/Mar/2026:12:13:49 +0000] "POST /xmlrpc.php HTTP/1.1" 403 4170 "https://www.aardvarkskateramps.co.nz/" "Mozilla/5.0 (iPhone; CPU iPhone OS 17_0 like Mac OS X) AppleWebKit/605.1.15 (KHTML, like Gecko) Version/17.0 Mobile/15E148 Safari/604.1"
45.88.138.44 - - [31/Mar/2026:12:13:49 +0000] "GET /?__kubio-site-edit-iframe-classic-template=../../../../../../../wp-config.php&__kubio-site-edit-iframe-preview=1 HTTP/1.1" 403 4170 "https://www.aardvarkskateramps.co.nz/" "Mozilla/5.0 (Windows NT 10.0; Win64; x64) AppleWebKit/537.36 (KHTML, like Gecko) Chrome/133.0.0.0 Safari/537.36"
45.88.138.44 - - [31/Mar/2026:12:13:48 +0000] "GET /proxy?url=http://127.0.0.1:80 HTTP/1.1" 404 46580 "https://www.aardvarkskateramps.co.nz/" "Mozilla/5.0 (Macintosh; Intel Mac OS X 10_15_7) AppleWebKit/537.36 (KHTML, like Gecko) Chrome/130.0.0.0 Safari/537.36"
45.88.138.44 - - [31/Mar/2026:12:13:49 +0000] "POST / HTTP/1.1" 403 4170 "https://www.aardvarkskateramps.co.nz/" "Mozilla/5.0 (Windows NT 10.0; Win64; x64) AppleWebKit/537.36 (KHTML, like Gecko) Chrome/131.0.0.0 Safari/537.36"
45.88.138.44 - - [31/Mar/2026:12:13:49 +0000] "GET /?msg=%24%7B7%2A191%7D HTTP/1.1" 200 55552 "https://www.aardvarkskateramps.co.nz/" "Mozilla/5.0 (Windows NT 10.0; Win64; x64; rv:132.0) Gecko/20100101 Firefox/132.0"
45.88.138.44 - - [31/Mar/2026:12:13:50 +0000] "GET /?__kubio-site-edit-iframe-classic-template=../../../../../../../../wp-config.php&__kubio-site-edit-iframe-preview=1 HTTP/1.1" 403 4170 "https://www.aardvarkskateramps.co.nz/" "Mozilla/5.0 (Macintosh; Intel Mac OS X 10_15_7) AppleWebKit/537.36 (KHTML, like Gecko) Chrome/130.0.0.0 Safari/537.36"
45.88.138.44 - - [31/Mar/2026:12:13:50 +0000] "GET /proxy?url=http://169.254.169.254/latest/meta-data/ HTTP/1.1" 404 46580 "https://www.aardvarkskateramps.co.nz/" "Mozilla/5.0 (iPhone; CPU iPhone OS 17_0 like Mac OS X) AppleWebKit/605.1.15 (KHTML, like Gecko) Version/17.0 Mobile/15E148 Safari/604.1"
45.88.138.44 - - [31/Mar/2026:12:13:50 +0000] "POST /wp-admin/admin-ajax.php HTTP/1.1" 400 1 "https://www.aardvarkskateramps.co.nz/" "Mozilla/5.0 (X11; Linux x86_64) AppleWebKit/537.36 (KHTML, like Gecko) Chrome/124.0.0.0 Safari/537.36"
66.249.70.6 - - [31/Mar/2026:12:13:50 +0000] "GET /?products%2Fdetail%2F293248264 HTTP/1.1" 200 55557 "-" "Mozilla/5.0 (Linux; Android 6.0.1; Nexus 5X Build/MMB29P) AppleWebKit/537.36 (KHTML, like Gecko) Chrome/146.0.7680.153 Mobile Safari/537.36 (compatible; GoogleOther)"
45.88.138.44 - - [31/Mar/2026:12:13:51 +0000] "GET /api/proxy?url=http://127.0.0.1:80 HTTP/1.1" 404 46580 "https://www.aardvarkskateramps.co.nz/" "Mozilla/5.0 (Windows NT 10.0; Win64; x64) AppleWebKit/537.36 (KHTML, like Gecko) Chrome/133.0.0.0 Safari/537.36"
45.88.138.44 - - [31/Mar/2026:12:13:52 +0000] "GET /api/proxy?url=http://169.254.169.254/latest/meta-data/ HTTP/1.1" 404 46580 "https://www.aardvarkskateramps.co.nz/" "Mozilla/5.0 (Windows NT 10.0; Win64; x64; rv:132.0) Gecko/20100101 Firefox/132.0"
45.88.138.44 - - [31/Mar/2026:12:13:54 +0000] "GET /api/fetch?url=http://2130706433/ HTTP/1.1" 404 46580 "https://www.aardvarkskateramps.co.nz/" "Mozilla/5.0 (Windows NT 10.0; Win64; x64) AppleWebKit/537.36 (KHTML, like Gecko) Chrome/131.0.0.0 Safari/537.36"
45.88.138.44 - - [31/Mar/2026:12:13:55 +0000] "GET /api/fetch?url=http://2852039166/latest/meta-data/ HTTP/1.1" 404 46580 "https://www.aardvarkskateramps.co.nz/" "Mozilla/5.0 (Macintosh; Intel Mac OS X 10_15_7) AppleWebKit/537.36 (KHTML, like Gecko) Chrome/130.0.0.0 Safari/537.36"
45.88.138.44 - - [31/Mar/2026:12:13:56 +0000] "GET /api/fetch?url=http://[::1]/ HTTP/1.1" 404 46580 "https://www.aardvarkskateramps.co.nz/" "Mozilla/5.0 (X11; Linux x86_64) AppleWebKit/537.36 (KHTML, like Gecko) Chrome/124.0.0.0 Safari/537.36"
185.177.72.50 - - [31/Mar/2026:12:13:58 +0000] "GET /robots.txt HTTP/1.1" 304 - "-" "Mozilla/5.0 (Windows NT 10.0; Win64; x64) AppleWebKit/537.36"
185.177.72.50 - - [31/Mar/2026:12:13:57 +0000] "GET /donate HTTP/1.1" 404 46580 "-" "Mozilla/5.0 (Windows NT 10.0; Win64; x64) AppleWebKit/537.36, Mozilla/5.0 (Windows NT 10.0; Win64; x64) AppleWebKit/537.36 (KHTML, like Gecko) Chrome/120.0.0.0 Safari/537.36"
185.177.72.50 - - [31/Mar/2026:12:13:58 +0000] "GET /account HTTP/1.1" 404 46580 "-" "Mozilla/5.0 (Windows NT 10.0; Win64; x64) AppleWebKit/537.36, Mozilla/5.0 (Windows NT 10.0; Win64; x64) AppleWebKit/537.36 (KHTML, like Gecko) Chrome/120.0.0.0 Safari/537.36"
185.177.72.50 - - [31/Mar/2026:12:13:58 +0000] "GET /.env HTTP/1.1" 403 4170 "-" "Mozilla/5.0 (Windows NT 10.0; Win64; x64) AppleWebKit/537.36, Mozilla/5.0 (Windows NT 10.0; Win64; x64; rv:121.0) Gecko/20100101 Firefox/121.0"
185.177.72.50 - - [31/Mar/2026:12:13:58 +0000] "GET /order HTTP/1.1" 404 46580 "-" "Mozilla/5.0 (Windows NT 10.0; Win64; x64) AppleWebKit/537.36, Mozilla/5.0 (Windows NT 10.0; Win64; x64) AppleWebKit/537.36 (KHTML, like Gecko) Chrome/120.0.0.0 Safari/537.36"
185.177.72.50 - - [31/Mar/2026:12:13:58 +0000] "GET /billing HTTP/1.1" 404 46580 "-" "Mozilla/5.0 (Windows NT 10.0; Win64; x64) AppleWebKit/537.36, Mozilla/5.0 (Windows NT 10.0; Win64; x64) AppleWebKit/537.36 (KHTML, like Gecko) Chrome/120.0.0.0 Safari/537.36"
185.177.72.50 - - [31/Mar/2026:12:13:58 +0000] "GET /signup HTTP/1.1" 404 46580 "-" "Mozilla/5.0 (Windows NT 10.0; Win64; x64) AppleWebKit/537.36, Mozilla/5.0 (Windows NT 10.0; Win64; x64) AppleWebKit/537.36 (KHTML, like Gecko) Chrome/120.0.0.0 Safari/537.36"
185.177.72.50 - - [31/Mar/2026:12:13:58 +0000] "GET / HTTP/1.1" 200 55531 "-" "Mozilla/5.0 (Windows NT 10.0; Win64; x64) AppleWebKit/537.36, Mozilla/5.0 (Windows NT 10.0; Win64; x64) AppleWebKit/537.36 (KHTML, like Gecko) Chrome/120.0.0.0 Safari/537.36"
185.177.72.50 - - [31/Mar/2026:12:13:58 +0000] "GET /index.html HTTP/1.1" 404 46580 "-" "Mozilla/5.0 (Windows NT 10.0; Win64; x64) AppleWebKit/537.36, Mozilla/5.0 (Windows NT 10.0; Win64; x64) AppleWebKit/537.36 (KHTML, like Gecko) Chrome/120.0.0.0 Safari/537.36"
185.177.72.50 - - [31/Mar/2026:12:13:58 +0000] "GET /register HTTP/1.1" 301 - "-" "Mozilla/5.0 (Windows NT 10.0; Win64; x64) AppleWebKit/537.36, Mozilla/5.0 (Windows NT 10.0; Win64; x64) AppleWebKit/537.36 (KHTML, like Gecko) Chrome/120.0.0.0 Safari/537.36"
185.177.72.50 - - [31/Mar/2026:12:13:58 +0000] "GET /checkout HTTP/1.1" 404 46580 "-" "Mozilla/5.0 (Windows NT 10.0; Win64; x64) AppleWebKit/537.36, Mozilla/5.0 (Windows NT 10.0; Win64; x64) AppleWebKit/537.36 (KHTML, like Gecko) Chrome/120.0.0.0 Safari/537.36"
185.177.72.50 - - [31/Mar/2026:12:13:58 +0000] "GET /dashboard HTTP/1.1" 302 - "-" "Mozilla/5.0 (Windows NT 10.0; Win64; x64) AppleWebKit/537.36, Mozilla/5.0 (Windows NT 10.0; Win64; x64) AppleWebKit/537.36 (KHTML, like Gecko) Chrome/120.0.0.0 Safari/537.36"
185.177.72.50 - - [31/Mar/2026:12:13:59 +0000] "GET /payment HTTP/1.1" 404 46580 "-" "Mozilla/5.0 (Windows NT 10.0; Win64; x64) AppleWebKit/537.36, Mozilla/5.0 (Windows NT 10.0; Win64; x64) AppleWebKit/537.36 (KHTML, like Gecko) Chrome/120.0.0.0 Safari/537.36"
185.177.72.50 - - [31/Mar/2026:12:13:59 +0000] "GET /cart HTTP/1.1" 404 46580 "-" "Mozilla/5.0 (Windows NT 10.0; Win64; x64) AppleWebKit/537.36, Mozilla/5.0 (Windows NT 10.0; Win64; x64) AppleWebKit/537.36 (KHTML, like Gecko) Chrome/120.0.0.0 Safari/537.36"
185.177.72.50 - - [31/Mar/2026:12:13:59 +0000] "GET /?p=114 HTTP/1.1" 301 - "-" "Mozilla/5.0 (Windows NT 10.0; Win64; x64) AppleWebKit/537.36"
66.249.70.6 - - [31/Mar/2026:12:13:59 +0000] "GET /2026/02/25/las-vegas-nz-casino-no-deposit-bonus-code/ HTTP/1.1" 200 58161 "-" "Mozilla/5.0 (Linux; Android 6.0.1; Nexus 5X Build/MMB29P) AppleWebKit/537.36 (KHTML, like Gecko) Chrome/146.0.7680.153 Mobile Safari/537.36 (compatible; Googlebot/2.1; +http://www.google.com/bot.html)"
185.177.72.50 - - [31/Mar/2026:12:13:59 +0000] "GET /plans HTTP/1.1" 404 46580 "-" "Mozilla/5.0 (Windows NT 10.0; Win64; x64) AppleWebKit/537.36, Mozilla/5.0 (Windows NT 10.0; Win64; x64) AppleWebKit/537.36 (KHTML, like Gecko) Chrome/120.0.0.0 Safari/537.36"
185.177.72.50 - - [31/Mar/2026:12:14:00 +0000] "GET /2026/02/25/register-deposit-casino-pokies/ HTTP/1.1" 500 2527 "-" "Mozilla/5.0 (Windows NT 10.0; Win64; x64) AppleWebKit/537.36, Mozilla/5.0 (Windows NT 10.0; Win64; x64) AppleWebKit/537.36 (KHTML, like Gecko) Chrome/120.0.0.0 Safari/537.36"
185.177.72.50 - - [31/Mar/2026:12:14:02 +0000] "GET /wp-admin/ HTTP/1.1" 500 3213 "-" "Mozilla/5.0 (Windows NT 10.0; Win64; x64) AppleWebKit/537.36, Mozilla/5.0 (Windows NT 10.0; Win64; x64) AppleWebKit/537.36 (KHTML, like Gecko) Chrome/120.0.0.0 Safari/537.36"
185.177.72.50 - - [31/Mar/2026:12:14:02 +0000] "GET /payment HTTP/1.1" 500 2527 "-" "Mozilla/5.0 (Windows NT 10.0; Win64; x64) AppleWebKit/537.36, Mozilla/5.0 (Windows NT 10.0; Win64; x64) AppleWebKit/537.36 (KHTML, like Gecko) Chrome/120.0.0.0 Safari/537.36"
185.177.72.50 - - [31/Mar/2026:12:14:03 +0000] "GET /2026/02/25/casino-online-no-deposit-bonus-nz/ HTTP/1.1" 500 2527 "-" "Mozilla/5.0 (Windows NT 10.0; Win64; x64) AppleWebKit/537.36"
185.177.72.50 - - [31/Mar/2026:12:14:04 +0000] "GET /2026/02/25/register-deposit-casino-pokies/ HTTP/1.1" 500 2527 "-" "Mozilla/5.0 (Windows NT 10.0; Win64; x64) AppleWebKit/537.36, Mozilla/5.0 (Windows NT 10.0; Win64; x64) AppleWebKit/537.36 (KHTML, like Gecko) Chrome/120.0.0.0 Safari/537.36"
185.177.72.50 - - [31/Mar/2026:12:14:04 +0000] "GET /plans HTTP/1.1" 500 2527 "-" "Mozilla/5.0 (Windows NT 10.0; Win64; x64) AppleWebKit/537.36, Mozilla/5.0 (Windows NT 10.0; Win64; x64) AppleWebKit/537.36 (KHTML, like Gecko) Chrome/120.0.0.0 Safari/537.36"
185.177.72.50 - - [31/Mar/2026:12:14:05 +0000] "GET /shop HTTP/1.1" 500 2527 "-" "Mozilla/5.0 (Windows NT 10.0; Win64; x64) AppleWebKit/537.36, Mozilla/5.0 (Windows NT 10.0; Win64; x64) AppleWebKit/537.36 (KHTML, like Gecko) Chrome/120.0.0.0 Safari/537.36"
185.177.72.50 - - [31/Mar/2026:12:14:05 +0000] "GET /pricing HTTP/1.1" 500 2527 "-" "Mozilla/5.0 (Windows NT 10.0; Win64; x64) AppleWebKit/537.36, Mozilla/5.0 (Windows NT 10.0; Win64; x64) AppleWebKit/537.36 (KHTML, like Gecko) Chrome/120.0.0.0 Safari/537.36"
185.177.72.50 - - [31/Mar/2026:12:14:05 +0000] "GET /wp-admin/ HTTP/1.1" 500 3213 "-" "Mozilla/5.0 (Windows NT 10.0; Win64; x64) AppleWebKit/537.36, Mozilla/5.0 (Windows NT 10.0; Win64; x64) AppleWebKit/537.36 (KHTML, like Gecko) Chrome/120.0.0.0 Safari/537.36"
45.88.138.44 - - [31/Mar/2026:12:14:44 +0000] "GET /api/fetch?url=http://[::ffff:169.254.169.254]/latest/meta-data/ HTTP/1.1" 500 2527 "https://www.aardvarkskateramps.co.nz/" "Mozilla/5.0 (Windows NT 10.0; Win64; x64; rv:132.0) Gecko/20100101 Firefox/132.0"
45.88.138.44 - - [31/Mar/2026:12:14:44 +0000] "GET / HTTP/1.1" 500 2527 "https://www.aardvarkskateramps.co.nz/" "Mozilla/5.0 (Windows NT 10.0; Win64; x64; rv:132.0) Gecko/20100101 Firefox/132.0"
45.88.138.44 - - [31/Mar/2026:12:14:45 +0000] "GET /api/fetch?url=http://0x7f000001/ HTTP/1.1" 500 2527 "https://www.aardvarkskateramps.co.nz/" "Mozilla/5.0 (Windows NT 10.0; Win64; x64) AppleWebKit/537.36 (KHTML, like Gecko) Chrome/131.0.0.0 Safari/537.36"
66.249.70.6 - - [31/Mar/2026:12:14:46 +0000] "GET /wp-content/themes/hestia/assets/bootstrap/css/bootstrap.min.css?ver=1.0.2 HTTP/1.1" 304 - "https://www.aardvarkskateramps.co.nz/?products%2Fdetail%2F249393062" "Mozilla/5.0 (Linux; Android 6.0.1; Nexus 5X Build/MMB29P) AppleWebKit/537.36 (KHTML, like Gecko) Chrome/146.0.7680.153 Mobile Safari/537.36 (compatible; GoogleOther)"
185.177.72.50 - - [31/Mar/2026:12:14:46 +0000] "GET /?p=123 HTTP/1.1" 500 2527 "-" "Mozilla/5.0 (Windows NT 10.0; Win64; x64) AppleWebKit/537.36"
185.177.72.50 - - [31/Mar/2026:12:14:00 +0000] "GET /shop HTTP/1.1" 500 2604 "-" "Mozilla/5.0 (Windows NT 10.0; Win64; x64) AppleWebKit/537.36, Mozilla/5.0 (Windows NT 10.0; Win64; x64) AppleWebKit/537.36 (KHTML, like Gecko) Chrome/120.0.0.0 Safari/537.36"
45.88.138.44 - - [31/Mar/2026:12:13:59 +0000] "GET /api/fetch?url=http://[::ffff:169.254.169.254]/latest/meta-data/ HTTP/1.1" 500 2604 "https://www.aardvarkskateramps.co.nz/" "Mozilla/5.0 (iPhone; CPU iPhone OS 17_0 like Mac OS X) AppleWebKit/605.1.15 (KHTML, like Gecko) Version/17.0 Mobile/15E148 Safari/604.1"
45.88.138.44 - - [31/Mar/2026:12:14:49 +0000] "GET /api/fetch?url=http://0x7f000001/ HTTP/1.1" 500 2527 "https://www.aardvarkskateramps.co.nz/" "Mozilla/5.0 (X11; Linux x86_64) AppleWebKit/537.36 (KHTML, like Gecko) Chrome/124.0.0.0 Safari/537.36"
185.177.72.50 - - [31/Mar/2026:12:14:49 +0000] "GET /?p=124 HTTP/1.1" 500 2527 "-" "Mozilla/5.0 (Windows NT 10.0; Win64; x64) AppleWebKit/537.36"
45.88.138.44 - - [31/Mar/2026:12:14:49 +0000] "GET / HTTP/1.1" 500 2527 "https://www.aardvarkskateramps.co.nz/" "Mozilla/5.0 (X11; Linux x86_64) AppleWebKit/537.36 (KHTML, like Gecko) Chrome/124.0.0.0 Safari/537.36"
66.249.70.6 - - [31/Mar/2026:12:14:50 +0000] "GET /wp-includes/css/classic-themes.min.css?ver=6.2.9 HTTP/1.1" 304 - "https://www.aardvarkskateramps.co.nz/?products%2Fdetail%2F249393062" "Mozilla/5.0 (Linux; Android 6.0.1; Nexus 5X Build/MMB29P) AppleWebKit/537.36 (KHTML, like Gecko) Chrome/146.0.7680.153 Mobile Safari/537.36 (compatible; GoogleOther)"
45.88.138.44 - - [31/Mar/2026:12:14:50 +0000] "GET /api/fetch?url=https://example.com HTTP/1.1" 500 2527 "https://www.aardvarkskateramps.co.nz/" "Mozilla/5.0 (iPhone; CPU iPhone OS 17_0 like Mac OS X) AppleWebKit/605.1.15 (KHTML, like Gecko) Version/17.0 Mobile/15E148 Safari/604.1"
185.177.72.50 - - [31/Mar/2026:12:14:51 +0000] "GET /?p=125 HTTP/1.1" 500 2527 "-" "Mozilla/5.0 (Windows NT 10.0; Win64; x64) AppleWebKit/537.36"
185.177.72.50 - - [31/Mar/2026:12:14:51 +0000] "GET /?p=126 HTTP/1.1" 500 2527 "-" "Mozilla/5.0 (Windows NT 10.0; Win64; x64) AppleWebKit/537.36"
185.177.72.50 - - [31/Mar/2026:12:14:52 +0000] "GET /?p=127 HTTP/1.1" 500 2527 "-" "Mozilla/5.0 (Windows NT 10.0; Win64; x64) AppleWebKit/537.36"
185.177.72.50 - - [31/Mar/2026:12:14:52 +0000] "GET /?p=128 HTTP/1.1" 500 2527 "-" "Mozilla/5.0 (Windows NT 10.0; Win64; x64) AppleWebKit/537.36"
185.177.72.50 - - [31/Mar/2026:12:14:53 +0000] "GET /?p=129 HTTP/1.1" 500 2527 "-" "Mozilla/5.0 (Windows NT 10.0; Win64; x64) AppleWebKit/537.36"
185.177.72.50 - - [31/Mar/2026:12:13:59 +0000] "GET /pricing HTTP/1.1" 500 5158 "-" "Mozilla/5.0 (Windows NT 10.0; Win64; x64) AppleWebKit/537.36, Mozilla/5.0 (Windows NT 10.0; Win64; x64) AppleWebKit/537.36 (KHTML, like Gecko) Chrome/120.0.0.0 Safari/537.36"
185.177.72.50 - - [31/Mar/2026:12:14:54 +0000] "GET /?p=130 HTTP/1.1" 500 2527 "-" "Mozilla/5.0 (Windows NT 10.0; Win64; x64) AppleWebKit/537.36"
185.177.72.50 - - [31/Mar/2026:12:14:55 +0000] "GET /?p=131 HTTP/1.1" 500 2527 "-" "Mozilla/5.0 (Windows NT 10.0; Win64; x64) AppleWebKit/537.36"
45.79.238.235 - - [31/Mar/2026:12:14:58 +0000] "POST /wp-cron.php?doing_wp_cron=1774959297.7432699203491210937500 HTTP/1.1" 200 - "-" "WordPress/6.2.9; https://www.aardvarkskateramps.co.nz"
185.177.72.50 - - [31/Mar/2026:12:14:56 +0000] "GET /?p=132 HTTP/1.1" 301 - "-" "Mozilla/5.0 (Windows NT 10.0; Win64; x64) AppleWebKit/537.36"
