185.177.72.50 - - [31/Mar/2026:12:14:59 +0000] "GET /2026/02/25/pokies-in-australia-vs-profitable-pokies/ HTTP/1.1" 200 59584 "-" "Mozilla/5.0 (Windows NT 10.0; Win64; x64) AppleWebKit/537.36"
66.249.70.6 - - [31/Mar/2026:12:15:01 +0000] "GET /?p=383 HTTP/1.1" 301 - "-" "Mozilla/5.0 (Linux; Android 6.0.1; Nexus 5X Build/MMB29P) AppleWebKit/537.36 (KHTML, like Gecko) Chrome/146.0.7680.153 Mobile Safari/537.36 (compatible; Googlebot/2.1; +http://www.google.com/bot.html)"
185.177.72.50 - - [31/Mar/2026:12:15:02 +0000] "GET /?p=133 HTTP/1.1" 301 - "-" "Mozilla/5.0 (Windows NT 10.0; Win64; x64) AppleWebKit/537.36"
66.249.70.8 - - [31/Mar/2026:12:15:02 +0000] "GET /?products/detail/100025810 HTTP/1.1" 301 - "-" "Mozilla/5.0 (Linux; Android 6.0.1; Nexus 5X Build/MMB29P) AppleWebKit/537.36 (KHTML, like Gecko) Chrome/146.0.7680.153 Mobile Safari/537.36 (compatible; GoogleOther)"
45.88.138.44 - - [31/Mar/2026:12:15:02 +0000] "GET /?url=http://2130706433/ HTTP/1.1" 301 - "https://www.aardvarkskateramps.co.nz/" "Mozilla/5.0 (Windows NT 10.0; Win64; x64) AppleWebKit/537.36 (KHTML, like Gecko) Chrome/131.0.0.0 Safari/537.36"
185.177.72.50 - - [31/Mar/2026:12:15:03 +0000] "GET /2026/02/25/win-pokies-with-welcome-bonus-casino/ HTTP/1.1" 200 58660 "-" "Mozilla/5.0 (Windows NT 10.0; Win64; x64) AppleWebKit/537.36"
45.88.138.44 - - [31/Mar/2026:12:15:05 +0000] "GET /?url=http://2852039166/latest/meta-data/ HTTP/1.1" 301 - "https://www.aardvarkskateramps.co.nz/" "Mozilla/5.0 (Windows NT 10.0; Win64; x64) AppleWebKit/537.36 (KHTML, like Gecko) Chrome/131.0.0.0 Safari/537.36"
66.249.70.6 - - [31/Mar/2026:12:15:05 +0000] "GET /?p=4706 HTTP/1.1" 301 - "-" "Mozilla/5.0 (Linux; Android 6.0.1; Nexus 5X Build/MMB29P) AppleWebKit/537.36 (KHTML, like Gecko) Chrome/146.0.7680.153 Mobile Safari/537.36 (compatible; Googlebot/2.1; +http://www.google.com/bot.html)"
66.249.70.6 - - [31/Mar/2026:12:15:06 +0000] "GET /?products/detail/146733668 HTTP/1.1" 301 - "-" "Mozilla/5.0 (Linux; Android 6.0.1; Nexus 5X Build/MMB29P) AppleWebKit/537.36 (KHTML, like Gecko) Chrome/146.0.7680.153 Mobile Safari/537.36 (compatible; GoogleOther)"
45.79.238.235 - - [31/Mar/2026:12:15:20 +0000] "POST /wp-cron.php?doing_wp_cron=1774959320.0692539215087890625000 HTTP/1.1" 200 - "-" "WordPress/6.2.9; https://www.aardvarkskateramps.co.nz"
45.88.138.44 - - [31/Mar/2026:12:15:18 +0000] "GET /?url=http://[::1]/ HTTP/1.1" 301 - "https://www.aardvarkskateramps.co.nz/" "Mozilla/5.0 (iPhone; CPU iPhone OS 17_0 like Mac OS X) AppleWebKit/605.1.15 (KHTML, like Gecko) Version/17.0 Mobile/15E148 Safari/604.1"
45.88.138.44 - - [31/Mar/2026:12:15:21 +0000] "GET /?url=http://[::ffff:169.254.169.254]/latest/meta-data/ HTTP/1.1" 301 - "https://www.aardvarkskateramps.co.nz/" "Mozilla/5.0 (iPhone; CPU iPhone OS 17_0 like Mac OS X) AppleWebKit/605.1.15 (KHTML, like Gecko) Version/17.0 Mobile/15E148 Safari/604.1"
185.177.72.50 - - [31/Mar/2026:12:15:24 +0000] "GET /cart HTTP/1.1" 404 46580 "-" "Mozilla/5.0 (Windows NT 10.0; Win64; x64) AppleWebKit/537.36, Mozilla/5.0 (Windows NT 10.0; Win64; x64) AppleWebKit/537.36 (KHTML, like Gecko) Chrome/120.0.0.0 Safari/537.36"
185.177.72.50 - - [31/Mar/2026:12:15:24 +0000] "GET /checkout HTTP/1.1" 404 46580 "-" "Mozilla/5.0 (Windows NT 10.0; Win64; x64) AppleWebKit/537.36, Mozilla/5.0 (Windows NT 10.0; Win64; x64) AppleWebKit/537.36 (KHTML, like Gecko) Chrome/120.0.0.0 Safari/537.36"
185.177.72.50 - - [31/Mar/2026:12:15:24 +0000] "GET / HTTP/1.1" 200 55531 "-" "Mozilla/5.0 (Windows NT 10.0; Win64; x64) AppleWebKit/537.36, Mozilla/5.0 (Windows NT 10.0; Win64; x64) AppleWebKit/537.36 (KHTML, like Gecko) Chrome/120.0.0.0 Safari/537.36"
185.177.72.50 - - [31/Mar/2026:12:15:26 +0000] "GET /.env.production HTTP/1.1" 403 4170 "-" "Mozilla/5.0 (Windows NT 10.0; Win64; x64) AppleWebKit/537.36, Mozilla/5.0 (Windows NT 10.0; Win64; x64; rv:121.0) Gecko/20100101 Firefox/121.0"
185.177.72.50 - - [31/Mar/2026:12:15:26 +0000] "GET /robots.txt HTTP/1.1" 304 - "-" "Mozilla/5.0 (Windows NT 10.0; Win64; x64) AppleWebKit/537.36"
185.177.72.50 - - [31/Mar/2026:12:15:25 +0000] "GET /billing HTTP/1.1" 404 46580 "-" "Mozilla/5.0 (Windows NT 10.0; Win64; x64) AppleWebKit/537.36, Mozilla/5.0 (Windows NT 10.0; Win64; x64) AppleWebKit/537.36 (KHTML, like Gecko) Chrome/120.0.0.0 Safari/537.36"
185.177.72.50 - - [31/Mar/2026:12:15:26 +0000] "GET /subscribe HTTP/1.1" 404 46580 "-" "Mozilla/5.0 (Windows NT 10.0; Win64; x64) AppleWebKit/537.36, Mozilla/5.0 (Windows NT 10.0; Win64; x64) AppleWebKit/537.36 (KHTML, like Gecko) Chrome/120.0.0.0 Safari/537.36"
185.177.72.50 - - [31/Mar/2026:12:15:25 +0000] "GET /payment HTTP/1.1" 404 46580 "-" "Mozilla/5.0 (Windows NT 10.0; Win64; x64) AppleWebKit/537.36, Mozilla/5.0 (Windows NT 10.0; Win64; x64) AppleWebKit/537.36 (KHTML, like Gecko) Chrome/120.0.0.0 Safari/537.36"
185.177.72.50 - - [31/Mar/2026:12:15:26 +0000] "GET /dashboard HTTP/1.1" 302 - "-" "Mozilla/5.0 (Windows NT 10.0; Win64; x64) AppleWebKit/537.36, Mozilla/5.0 (Windows NT 10.0; Win64; x64) AppleWebKit/537.36 (KHTML, like Gecko) Chrome/120.0.0.0 Safari/537.36"
185.177.72.50 - - [31/Mar/2026:12:15:26 +0000] "GET /admin HTTP/1.1" 302 - "-" "Mozilla/5.0 (Windows NT 10.0; Win64; x64) AppleWebKit/537.36, Mozilla/5.0 (Windows NT 10.0; Win64; x64) AppleWebKit/537.36 (KHTML, like Gecko) Chrome/120.0.0.0 Safari/537.36"
185.177.72.50 - - [31/Mar/2026:12:15:27 +0000] "GET /.env.production.local HTTP/1.1" 403 4170 "-" "Mozilla/5.0 (Windows NT 10.0; Win64; x64) AppleWebKit/537.36, Mozilla/5.0 (Windows NT 10.0; Win64; x64; rv:121.0) Gecko/20100101 Firefox/121.0"
185.177.72.50 - - [31/Mar/2026:12:15:26 +0000] "GET /signup HTTP/1.1" 404 46580 "-" "Mozilla/5.0 (Windows NT 10.0; Win64; x64) AppleWebKit/537.36, Mozilla/5.0 (Windows NT 10.0; Win64; x64) AppleWebKit/537.36 (KHTML, like Gecko) Chrome/120.0.0.0 Safari/537.36"
185.177.72.50 - - [31/Mar/2026:12:15:26 +0000] "GET /donate HTTP/1.1" 404 46580 "-" "Mozilla/5.0 (Windows NT 10.0; Win64; x64) AppleWebKit/537.36, Mozilla/5.0 (Windows NT 10.0; Win64; x64) AppleWebKit/537.36 (KHTML, like Gecko) Chrome/120.0.0.0 Safari/537.36"
185.177.72.50 - - [31/Mar/2026:12:15:27 +0000] "GET /.env.staging HTTP/1.1" 403 4170 "-" "Mozilla/5.0 (Windows NT 10.0; Win64; x64) AppleWebKit/537.36, Mozilla/5.0 (Windows NT 10.0; Win64; x64; rv:121.0) Gecko/20100101 Firefox/121.0"
185.177.72.50 - - [31/Mar/2026:12:15:27 +0000] "GET /index.html HTTP/1.1" 404 46580 "-" "Mozilla/5.0 (Windows NT 10.0; Win64; x64) AppleWebKit/537.36, Mozilla/5.0 (Windows NT 10.0; Win64; x64) AppleWebKit/537.36 (KHTML, like Gecko) Chrome/120.0.0.0 Safari/537.36"
185.177.72.50 - - [31/Mar/2026:12:15:27 +0000] "GET /.env.prod HTTP/1.1" 403 4170 "-" "Mozilla/5.0 (Windows NT 10.0; Win64; x64) AppleWebKit/537.36, Mozilla/5.0 (Windows NT 10.0; Win64; x64; rv:121.0) Gecko/20100101 Firefox/121.0"
185.177.72.50 - - [31/Mar/2026:12:15:27 +0000] "GET /.env.stage HTTP/1.1" 403 4170 "-" "Mozilla/5.0 (Windows NT 10.0; Win64; x64) AppleWebKit/537.36, Mozilla/5.0 (Windows NT 10.0; Win64; x64; rv:121.0) Gecko/20100101 Firefox/121.0"
185.177.72.50 - - [31/Mar/2026:12:15:27 +0000] "GET /register HTTP/1.1" 301 - "-" "Mozilla/5.0 (Windows NT 10.0; Win64; x64) AppleWebKit/537.36, Mozilla/5.0 (Windows NT 10.0; Win64; x64) AppleWebKit/537.36 (KHTML, like Gecko) Chrome/120.0.0.0 Safari/537.36"
185.177.72.50 - - [31/Mar/2026:12:15:26 +0000] "GET /account HTTP/1.1" 404 46580 "-" "Mozilla/5.0 (Windows NT 10.0; Win64; x64) AppleWebKit/537.36, Mozilla/5.0 (Windows NT 10.0; Win64; x64) AppleWebKit/537.36 (KHTML, like Gecko) Chrome/120.0.0.0 Safari/537.36"
185.177.72.50 - - [31/Mar/2026:12:15:28 +0000] "GET /.env HTTP/1.1" 403 4170 "-" "Mozilla/5.0 (Windows NT 10.0; Win64; x64) AppleWebKit/537.36, Mozilla/5.0 (Windows NT 10.0; Win64; x64; rv:121.0) Gecko/20100101 Firefox/121.0"
45.88.138.44 - - [31/Mar/2026:12:15:27 +0000] "GET /?url=http://0x7f000001/ HTTP/1.1" 301 - "https://www.aardvarkskateramps.co.nz/" "Mozilla/5.0 (Windows NT 10.0; Win64; x64) AppleWebKit/537.36 (KHTML, like Gecko) Chrome/133.0.0.0 Safari/537.36"
185.177.72.50 - - [31/Mar/2026:12:15:27 +0000] "GET /order HTTP/1.1" 404 46580 "-" "Mozilla/5.0 (Windows NT 10.0; Win64; x64) AppleWebKit/537.36, Mozilla/5.0 (Windows NT 10.0; Win64; x64) AppleWebKit/537.36 (KHTML, like Gecko) Chrome/120.0.0.0 Safari/537.36"
185.177.72.50 - - [31/Mar/2026:12:15:28 +0000] "GET /plans HTTP/1.1" 404 46580 "-" "Mozilla/5.0 (Windows NT 10.0; Win64; x64) AppleWebKit/537.36, Mozilla/5.0 (Windows NT 10.0; Win64; x64) AppleWebKit/537.36 (KHTML, like Gecko) Chrome/120.0.0.0 Safari/537.36"
185.177.72.50 - - [31/Mar/2026:12:15:28 +0000] "GET /.env.dev HTTP/1.1" 403 4170 "-" "Mozilla/5.0 (Windows NT 10.0; Win64; x64) AppleWebKit/537.36, Mozilla/5.0 (Windows NT 10.0; Win64; x64; rv:121.0) Gecko/20100101 Firefox/121.0"
185.177.72.50 - - [31/Mar/2026:12:15:28 +0000] "GET /pricing HTTP/1.1" 404 46580 "-" "Mozilla/5.0 (Windows NT 10.0; Win64; x64) AppleWebKit/537.36, Mozilla/5.0 (Windows NT 10.0; Win64; x64) AppleWebKit/537.36 (KHTML, like Gecko) Chrome/120.0.0.0 Safari/537.36"
185.177.72.50 - - [31/Mar/2026:12:15:28 +0000] "GET /.env.development HTTP/1.1" 403 4170 "-" "Mozilla/5.0 (Windows NT 10.0; Win64; x64) AppleWebKit/537.36, Mozilla/5.0 (Windows NT 10.0; Win64; x64; rv:121.0) Gecko/20100101 Firefox/121.0"
185.177.72.50 - - [31/Mar/2026:12:15:27 +0000] "GET /shop HTTP/1.1" 404 46580 "-" "Mozilla/5.0 (Windows NT 10.0; Win64; x64) AppleWebKit/537.36, Mozilla/5.0 (Windows NT 10.0; Win64; x64) AppleWebKit/537.36 (KHTML, like Gecko) Chrome/120.0.0.0 Safari/537.36"
185.177.72.50 - - [31/Mar/2026:12:15:28 +0000] "GET /.env.local HTTP/1.1" 403 4170 "-" "Mozilla/5.0 (Windows NT 10.0; Win64; x64) AppleWebKit/537.36, Mozilla/5.0 (Windows NT 10.0; Win64; x64; rv:121.0) Gecko/20100101 Firefox/121.0"
185.177.72.50 - - [31/Mar/2026:12:15:28 +0000] "GET /sitemap.xml HTTP/1.1" 301 - "-" "Mozilla/5.0 (Windows NT 10.0; Win64; x64) AppleWebKit/537.36"
185.177.72.50 - - [31/Mar/2026:12:15:28 +0000] "GET /.env.test HTTP/1.1" 403 4170 "-" "Mozilla/5.0 (Windows NT 10.0; Win64; x64) AppleWebKit/537.36, Mozilla/5.0 (Windows NT 10.0; Win64; x64; rv:121.0) Gecko/20100101 Firefox/121.0"
185.177.72.50 - - [31/Mar/2026:12:15:28 +0000] "GET /.env.uat HTTP/1.1" 403 4170 "-" "Mozilla/5.0 (Windows NT 10.0; Win64; x64) AppleWebKit/537.36, Mozilla/5.0 (Windows NT 10.0; Win64; x64; rv:121.0) Gecko/20100101 Firefox/121.0"
185.177.72.50 - - [31/Mar/2026:12:15:28 +0000] "GET /.env.vite HTTP/1.1" 403 4170 "-" "Mozilla/5.0 (Windows NT 10.0; Win64; x64) AppleWebKit/537.36, Mozilla/5.0 (Windows NT 10.0; Win64; x64; rv:121.0) Gecko/20100101 Firefox/121.0"
185.177.72.50 - - [31/Mar/2026:12:15:28 +0000] "GET /.env.bak HTTP/1.1" 403 4170 "-" "Mozilla/5.0 (Windows NT 10.0; Win64; x64) AppleWebKit/537.36, Mozilla/5.0 (Windows NT 10.0; Win64; x64; rv:121.0) Gecko/20100101 Firefox/121.0"
185.177.72.50 - - [31/Mar/2026:12:15:29 +0000] "GET /.env.backup HTTP/1.1" 403 4170 "-" "Mozilla/5.0 (Windows NT 10.0; Win64; x64) AppleWebKit/537.36, Mozilla/5.0 (Windows NT 10.0; Win64; x64; rv:121.0) Gecko/20100101 Firefox/121.0"
185.177.72.50 - - [31/Mar/2026:12:15:29 +0000] "GET /.env.old HTTP/1.1" 403 4170 "-" "Mozilla/5.0 (Windows NT 10.0; Win64; x64) AppleWebKit/537.36, Mozilla/5.0 (Windows NT 10.0; Win64; x64; rv:121.0) Gecko/20100101 Firefox/121.0"
185.177.72.50 - - [31/Mar/2026:12:15:30 +0000] "GET /.env.save HTTP/1.1" 403 4170 "-" "Mozilla/5.0 (Windows NT 10.0; Win64; x64) AppleWebKit/537.36, Mozilla/5.0 (Windows NT 10.0; Win64; x64; rv:121.0) Gecko/20100101 Firefox/121.0"
185.177.72.50 - - [31/Mar/2026:12:15:28 +0000] "GET /wp-admin/ HTTP/1.1" 302 - "-" "Mozilla/5.0 (Windows NT 10.0; Win64; x64) AppleWebKit/537.36, Mozilla/5.0 (Windows NT 10.0; Win64; x64) AppleWebKit/537.36 (KHTML, like Gecko) Chrome/120.0.0.0 Safari/537.36"
185.177.72.50 - - [31/Mar/2026:12:15:30 +0000] "GET /.env.example HTTP/1.1" 403 4170 "-" "Mozilla/5.0 (Windows NT 10.0; Win64; x64) AppleWebKit/537.36, Mozilla/5.0 (Windows NT 10.0; Win64; x64; rv:121.0) Gecko/20100101 Firefox/121.0"
185.177.72.50 - - [31/Mar/2026:12:15:30 +0000] "GET /.env.txt HTTP/1.1" 403 4170 "-" "Mozilla/5.0 (Windows NT 10.0; Win64; x64) AppleWebKit/537.36, Mozilla/5.0 (Windows NT 10.0; Win64; x64; rv:121.0) Gecko/20100101 Firefox/121.0"
185.177.72.50 - - [31/Mar/2026:12:15:30 +0000] "GET /2026/02/25/register-deposit-casino-pokies/ HTTP/1.1" 500 2527 "-" "Mozilla/5.0 (Windows NT 10.0; Win64; x64) AppleWebKit/537.36, Mozilla/5.0 (Windows NT 10.0; Win64; x64) AppleWebKit/537.36 (KHTML, like Gecko) Chrome/120.0.0.0 Safari/537.36"
185.177.72.50 - - [31/Mar/2026:12:15:30 +0000] "GET /.env.template HTTP/1.1" 403 4170 "-" "Mozilla/5.0 (Windows NT 10.0; Win64; x64) AppleWebKit/537.36, Mozilla/5.0 (Windows NT 10.0; Win64; x64; rv:121.0) Gecko/20100101 Firefox/121.0"
185.177.72.50 - - [31/Mar/2026:12:15:30 +0000] "GET /.env.json HTTP/1.1" 403 4170 "-" "Mozilla/5.0 (Windows NT 10.0; Win64; x64) AppleWebKit/537.36, Mozilla/5.0 (Windows NT 10.0; Win64; x64; rv:121.0) Gecko/20100101 Firefox/121.0"
185.177.72.50 - - [31/Mar/2026:12:15:31 +0000] "GET /wp-admin/ HTTP/1.1" 500 3213 "-" "Mozilla/5.0 (Windows NT 10.0; Win64; x64) AppleWebKit/537.36, Mozilla/5.0 (Windows NT 10.0; Win64; x64) AppleWebKit/537.36 (KHTML, like Gecko) Chrome/120.0.0.0 Safari/537.36"
185.177.72.50 - - [31/Mar/2026:12:15:31 +0000] "GET /.env.stripe HTTP/1.1" 500 2527 "-" "Mozilla/5.0 (Windows NT 10.0; Win64; x64) AppleWebKit/537.36, Mozilla/5.0 (Windows NT 10.0; Win64; x64; rv:121.0) Gecko/20100101 Firefox/121.0"
185.177.72.50 - - [31/Mar/2026:12:16:37 +0000] "GET /.env_sample HTTP/1.1" 403 4170 "-" "Mozilla/5.0 (Windows NT 10.0; Win64; x64) AppleWebKit/537.36, Mozilla/5.0 (Windows NT 10.0; Win64; x64; rv:121.0) Gecko/20100101 Firefox/121.0"
185.177.72.50 - - [31/Mar/2026:12:16:37 +0000] "GET /.env.aws HTTP/1.1" 500 2527 "-" "Mozilla/5.0 (Windows NT 10.0; Win64; x64) AppleWebKit/537.36, Mozilla/5.0 (Windows NT 10.0; Win64; x64; rv:121.0) Gecko/20100101 Firefox/121.0"
185.177.72.50 - - [31/Mar/2026:12:16:37 +0000] "GET /sitemap_index.xml HTTP/1.1" 500 2527 "-" "Mozilla/5.0 (Windows NT 10.0; Win64; x64) AppleWebKit/537.36"
185.177.72.50 - - [31/Mar/2026:12:16:38 +0000] "GET /env HTTP/1.1" 500 2527 "-" "Mozilla/5.0 (Windows NT 10.0; Win64; x64) AppleWebKit/537.36, Mozilla/5.0 (Windows NT 10.0; Win64; x64; rv:121.0) Gecko/20100101 Firefox/121.0"
185.177.72.50 - - [31/Mar/2026:12:15:28 +0000] "GET /wp-admin/ HTTP/1.1" 500 3121 "-" "Mozilla/5.0 (Windows NT 10.0; Win64; x64) AppleWebKit/537.36, Mozilla/5.0 (Windows NT 10.0; Win64; x64) AppleWebKit/537.36 (KHTML, like Gecko) Chrome/120.0.0.0 Safari/537.36"
185.177.72.50 - - [31/Mar/2026:12:15:30 +0000] "GET /.env.dist HTTP/1.1" 500 2527 "-" "Mozilla/5.0 (Windows NT 10.0; Win64; x64) AppleWebKit/537.36, Mozilla/5.0 (Windows NT 10.0; Win64; x64; rv:121.0) Gecko/20100101 Firefox/121.0"
185.177.72.50 - - [31/Mar/2026:12:15:29 +0000] "GET /?p=114 HTTP/1.1" 500 2604 "-" "Mozilla/5.0 (Windows NT 10.0; Win64; x64) AppleWebKit/537.36"
185.177.72.50 - - [31/Mar/2026:12:16:42 +0000] "GET /env.backup HTTP/1.1" 500 2527 "-" "Mozilla/5.0 (Windows NT 10.0; Win64; x64) AppleWebKit/537.36, Mozilla/5.0 (Windows NT 10.0; Win64; x64; rv:121.0) Gecko/20100101 Firefox/121.0"
185.177.72.50 - - [31/Mar/2026:12:16:42 +0000] "GET /.env.uat HTTP/1.1" 403 4170 "-" "Mozilla/5.0 (Windows NT 10.0; Win64; x64) AppleWebKit/537.36, Mozilla/5.0 (Windows NT 10.0; Win64; x64; rv:121.0) Gecko/20100101 Firefox/121.0"
45.88.138.44 - - [31/Mar/2026:12:16:42 +0000] "GET /proxy?url=http://2130706433/ HTTP/1.1" 500 2527 "https://www.aardvarkskateramps.co.nz/" "Mozilla/5.0 (Windows NT 10.0; Win64; x64; rv:132.0) Gecko/20100101 Firefox/132.0"
185.177.72.50 - - [31/Mar/2026:12:16:42 +0000] "GET /.env.test HTTP/1.1" 500 2527 "-" "Mozilla/5.0 (Windows NT 10.0; Win64; x64) AppleWebKit/537.36, Mozilla/5.0 (Windows NT 10.0; Win64; x64; rv:121.0) Gecko/20100101 Firefox/121.0"
185.177.72.50 - - [31/Mar/2026:12:16:42 +0000] "GET /.env.vite HTTP/1.1" 500 2527 "-" "Mozilla/5.0 (Windows NT 10.0; Win64; x64) AppleWebKit/537.36, Mozilla/5.0 (Windows NT 10.0; Win64; x64; rv:121.0) Gecko/20100101 Firefox/121.0"
185.177.72.50 - - [31/Mar/2026:12:16:42 +0000] "GET /.env.bak HTTP/1.1" 500 2527 "-" "Mozilla/5.0 (Windows NT 10.0; Win64; x64) AppleWebKit/537.36, Mozilla/5.0 (Windows NT 10.0; Win64; x64; rv:121.0) Gecko/20100101 Firefox/121.0"
185.177.72.50 - - [31/Mar/2026:12:16:42 +0000] "GET /2026/02/25/register-deposit-casino-pokies/ HTTP/1.1" 500 2527 "-" "Mozilla/5.0 (Windows NT 10.0; Win64; x64) AppleWebKit/537.36, Mozilla/5.0 (Windows NT 10.0; Win64; x64) AppleWebKit/537.36 (KHTML, like Gecko) Chrome/120.0.0.0 Safari/537.36"
185.177.72.50 - - [31/Mar/2026:12:16:44 +0000] "GET /.env.save HTTP/1.1" 403 4170 "-" "Mozilla/5.0 (Windows NT 10.0; Win64; x64) AppleWebKit/537.36, Mozilla/5.0 (Windows NT 10.0; Win64; x64; rv:121.0) Gecko/20100101 Firefox/121.0"
185.177.72.50 - - [31/Mar/2026:12:16:43 +0000] "GET /wp-admin/ HTTP/1.1" 302 - "-" "Mozilla/5.0 (Windows NT 10.0; Win64; x64) AppleWebKit/537.36, Mozilla/5.0 (Windows NT 10.0; Win64; x64) AppleWebKit/537.36 (KHTML, like Gecko) Chrome/120.0.0.0 Safari/537.36"
185.177.72.50 - - [31/Mar/2026:12:16:44 +0000] "GET /.env.example HTTP/1.1" 403 4170 "-" "Mozilla/5.0 (Windows NT 10.0; Win64; x64) AppleWebKit/537.36, Mozilla/5.0 (Windows NT 10.0; Win64; x64; rv:121.0) Gecko/20100101 Firefox/121.0"
185.177.72.50 - - [31/Mar/2026:12:16:44 +0000] "GET /.env.template HTTP/1.1" 403 4170 "-" "Mozilla/5.0 (Windows NT 10.0; Win64; x64) AppleWebKit/537.36, Mozilla/5.0 (Windows NT 10.0; Win64; x64; rv:121.0) Gecko/20100101 Firefox/121.0"
185.177.72.50 - - [31/Mar/2026:12:16:46 +0000] "GET /api/.env HTTP/1.1" 403 4170 "-" "Mozilla/5.0 (Windows NT 10.0; Win64; x64) AppleWebKit/537.36, Mozilla/5.0 (Windows NT 10.0; Win64; x64; rv:121.0) Gecko/20100101 Firefox/121.0"
185.177.72.50 - - [31/Mar/2026:12:16:47 +0000] "GET /.env.json HTTP/1.1" 404 46580 "-" "Mozilla/5.0 (Windows NT 10.0; Win64; x64) AppleWebKit/537.36, Mozilla/5.0 (Windows NT 10.0; Win64; x64; rv:121.0) Gecko/20100101 Firefox/121.0"
185.177.72.50 - - [31/Mar/2026:12:16:47 +0000] "GET /.env.txt HTTP/1.1" 404 46580 "-" "Mozilla/5.0 (Windows NT 10.0; Win64; x64) AppleWebKit/537.36, Mozilla/5.0 (Windows NT 10.0; Win64; x64; rv:121.0) Gecko/20100101 Firefox/121.0"
185.177.72.50 - - [31/Mar/2026:12:16:48 +0000] "GET /.env.aws HTTP/1.1" 403 4170 "-" "Mozilla/5.0 (Windows NT 10.0; Win64; x64) AppleWebKit/537.36, Mozilla/5.0 (Windows NT 10.0; Win64; x64; rv:121.0) Gecko/20100101 Firefox/121.0"
185.177.72.50 - - [31/Mar/2026:12:16:48 +0000] "GET /.env.stripe HTTP/1.1" 403 4170 "-" "Mozilla/5.0 (Windows NT 10.0; Win64; x64) AppleWebKit/537.36, Mozilla/5.0 (Windows NT 10.0; Win64; x64; rv:121.0) Gecko/20100101 Firefox/121.0"
185.177.72.50 - - [31/Mar/2026:12:16:49 +0000] "GET /.env.dist HTTP/1.1" 403 4170 "-" "Mozilla/5.0 (Windows NT 10.0; Win64; x64) AppleWebKit/537.36, Mozilla/5.0 (Windows NT 10.0; Win64; x64; rv:121.0) Gecko/20100101 Firefox/121.0"
185.177.72.50 - - [31/Mar/2026:12:16:51 +0000] "GET /?p=114 HTTP/1.1" 301 - "-" "Mozilla/5.0 (Windows NT 10.0; Win64; x64) AppleWebKit/537.36"
185.177.72.50 - - [31/Mar/2026:12:16:56 +0000] "GET /?p=129 HTTP/1.1" 500 2527 "-" "Mozilla/5.0 (Windows NT 10.0; Win64; x64) AppleWebKit/537.36"
185.177.72.50 - - [31/Mar/2026:12:17:43 +0000] "GET /?p=129 HTTP/1.1" 500 2527 "-" "Mozilla/5.0 (Windows NT 10.0; Win64; x64) AppleWebKit/537.36"
185.177.72.50 - - [31/Mar/2026:12:17:44 +0000] "GET /?p=130 HTTP/1.1" 500 2527 "-" "Mozilla/5.0 (Windows NT 10.0; Win64; x64) AppleWebKit/537.36"
185.177.72.50 - - [31/Mar/2026:12:17:44 +0000] "GET /?p=130 HTTP/1.1" 500 2527 "-" "Mozilla/5.0 (Windows NT 10.0; Win64; x64) AppleWebKit/537.36"
45.88.138.44 - - [31/Mar/2026:12:16:54 +0000] "GET /proxy?url=http://2130706433/ HTTP/1.1" 404 46580 "https://www.aardvarkskateramps.co.nz/" "Mozilla/5.0 (Macintosh; Intel Mac OS X 10_15_7) AppleWebKit/537.36 (KHTML, like Gecko) Chrome/130.0.0.0 Safari/537.36"
45.79.238.235 - - [31/Mar/2026:12:20:36 +0000] "POST /wp-cron.php?doing_wp_cron=1774959636.1281619071960449218750 HTTP/1.1" 200 - "-" "WordPress/6.2.9; https://www.aardvarkskateramps.co.nz"
66.249.70.6 - - [31/Mar/2026:12:20:29 +0000] "GET /?products%2Fdetail%2F146733668 HTTP/1.1" 200 55557 "-" "Mozilla/5.0 (Linux; Android 6.0.1; Nexus 5X Build/MMB29P) AppleWebKit/537.36 (KHTML, like Gecko) Chrome/146.0.7680.153 Mobile Safari/537.36 (compatible; GoogleOther)"
66.249.70.6 - - [31/Mar/2026:12:20:37 +0000] "GET /?products/detail/65693517 HTTP/1.1" 301 - "-" "Mozilla/5.0 (Linux; Android 6.0.1; Nexus 5X Build/MMB29P) AppleWebKit/537.36 (KHTML, like Gecko) Chrome/146.0.7680.153 Mobile Safari/537.36 (compatible; GoogleOther)"
66.249.70.6 - - [31/Mar/2026:12:20:38 +0000] "GET /2026/02/25/pokies-sites-for-real-money-machine-free-no-download/ HTTP/1.1" 200 57958 "-" "Mozilla/5.0 (Linux; Android 6.0.1; Nexus 5X Build/MMB29P) AppleWebKit/537.36 (KHTML, like Gecko) Chrome/146.0.7680.153 Mobile Safari/537.36 (compatible; Googlebot/2.1; +http://www.google.com/bot.html)"
66.249.70.6 - - [31/Mar/2026:12:20:41 +0000] "GET /2026/02/25/best-australian-pokies-to-play/ HTTP/1.1" 200 57791 "-" "Mozilla/5.0 (Linux; Android 6.0.1; Nexus 5X Build/MMB29P) AppleWebKit/537.36 (KHTML, like Gecko) Chrome/146.0.7680.153 Mobile Safari/537.36 (compatible; Googlebot/2.1; +http://www.google.com/bot.html)"
66.249.70.6 - - [31/Mar/2026:12:20:52 +0000] "GET /2026/02/25/illegal-gambling-au/ HTTP/1.1" 200 57277 "-" "Mozilla/5.0 (Linux; Android 6.0.1; Nexus 5X Build/MMB29P) AppleWebKit/537.36 (KHTML, like Gecko) Chrome/146.0.7680.153 Mobile Safari/537.36 (compatible; Googlebot/2.1; +http://www.google.com/bot.html)"
66.249.70.6 - - [31/Mar/2026:12:21:11 +0000] "GET /?p=2539 HTTP/1.1" 301 - "-" "Mozilla/5.0 (Linux; Android 6.0.1; Nexus 5X Build/MMB29P) AppleWebKit/537.36 (KHTML, like Gecko) Chrome/146.0.7680.153 Mobile Safari/537.36 (compatible; Googlebot/2.1; +http://www.google.com/bot.html)"
66.249.70.8 - - [31/Mar/2026:12:21:15 +0000] "GET /2026/02/25/benefits-of-pokies-with-bonus/ HTTP/1.1" 200 57243 "-" "Mozilla/5.0 (Linux; Android 6.0.1; Nexus 5X Build/MMB29P) AppleWebKit/537.36 (KHTML, like Gecko) Chrome/146.0.7680.153 Mobile Safari/537.36 (compatible; Googlebot/2.1; +http://www.google.com/bot.html)"
66.249.70.7 - - [31/Mar/2026:12:21:36 +0000] "GET /?p=2104 HTTP/1.1" 301 - "-" "Mozilla/5.0 (Linux; Android 6.0.1; Nexus 5X Build/MMB29P) AppleWebKit/537.36 (KHTML, like Gecko) Chrome/146.0.7680.153 Mobile Safari/537.36 (compatible; Googlebot/2.1; +http://www.google.com/bot.html)"
66.249.70.6 - - [31/Mar/2026:12:21:41 +0000] "GET /?products%2Fdetail%2F65693517 HTTP/1.1" 200 55556 "-" "Mozilla/5.0 (Linux; Android 6.0.1; Nexus 5X Build/MMB29P) AppleWebKit/537.36 (KHTML, like Gecko) Chrome/146.0.7680.153 Mobile Safari/537.36 (compatible; GoogleOther)"
66.249.70.6 - - [31/Mar/2026:12:21:43 +0000] "GET /?p=6250 HTTP/1.1" 301 - "-" "Mozilla/5.0 (Linux; Android 6.0.1; Nexus 5X Build/MMB29P) AppleWebKit/537.36 (KHTML, like Gecko) Chrome/146.0.7680.153 Mobile Safari/537.36 (compatible; Googlebot/2.1; +http://www.google.com/bot.html)"
66.249.70.6 - - [31/Mar/2026:12:21:44 +0000] "GET /2026/02/25/free-aristocrat-pokies-no-download/ HTTP/1.1" 200 57893 "-" "Mozilla/5.0 (Linux; Android 6.0.1; Nexus 5X Build/MMB29P) AppleWebKit/537.36 (KHTML, like Gecko) Chrome/146.0.7680.153 Mobile Safari/537.36 (compatible; Googlebot/2.1; +http://www.google.com/bot.html)"
45.79.238.235 - - [31/Mar/2026:12:22:14 +0000] "POST /wp-cron.php?doing_wp_cron=1774959734.8761351108551025390625 HTTP/1.1" 200 - "-" "WordPress/6.2.9; https://www.aardvarkskateramps.co.nz"
66.249.70.8 - - [31/Mar/2026:12:22:14 +0000] "GET /2026/02/25/empire-casino-queens-au/ HTTP/1.1" 200 57531 "-" "Mozilla/5.0 (Linux; Android 6.0.1; Nexus 5X Build/MMB29P) AppleWebKit/537.36 (KHTML, like Gecko) Chrome/146.0.7680.153 Mobile Safari/537.36 (compatible; Googlebot/2.1; +http://www.google.com/bot.html)"
66.249.70.7 - - [31/Mar/2026:12:22:31 +0000] "GET /2026/02/25/no-download-money-pokies-machine/ HTTP/1.1" 200 57485 "-" "Mozilla/5.0 (Linux; Android 6.0.1; Nexus 5X Build/MMB29P) AppleWebKit/537.36 (KHTML, like Gecko) Chrome/146.0.7680.153 Mobile Safari/537.36 (compatible; Googlebot/2.1; +http://www.google.com/bot.html)"
66.249.70.6 - - [31/Mar/2026:12:22:35 +0000] "GET /2026/02/25/newest-no-deposit-cashable-au-casino-bonus-codes/ HTTP/1.1" 200 56894 "-" "Mozilla/5.0 (Linux; Android 6.0.1; Nexus 5X Build/MMB29P) AppleWebKit/537.36 (KHTML, like Gecko) Chrome/146.0.7680.153 Mobile Safari/537.36 (compatible; Googlebot/2.1; +http://www.google.com/bot.html)"
66.249.70.6 - - [31/Mar/2026:12:22:43 +0000] "GET /?products/detail/124010688 HTTP/1.1" 301 - "-" "Mozilla/5.0 (Linux; Android 6.0.1; Nexus 5X Build/MMB29P) AppleWebKit/537.36 (KHTML, like Gecko) Chrome/146.0.7680.153 Mobile Safari/537.36 (compatible; GoogleOther)"
66.249.70.6 - - [31/Mar/2026:12:22:45 +0000] "GET /?p=5086 HTTP/1.1" 301 - "-" "Mozilla/5.0 (Linux; Android 6.0.1; Nexus 5X Build/MMB29P) AppleWebKit/537.36 (KHTML, like Gecko) Chrome/146.0.7680.153 Mobile Safari/537.36 (compatible; Googlebot/2.1; +http://www.google.com/bot.html)"
66.249.70.6 - - [31/Mar/2026:12:22:53 +0000] "GET /2026/02/25/australian-pokies-wins/ HTTP/1.1" 200 57919 "-" "Mozilla/5.0 (Linux; Android 6.0.1; Nexus 5X Build/MMB29P) AppleWebKit/537.36 (KHTML, like Gecko) Chrome/146.0.7680.153 Mobile Safari/537.36 (compatible; Googlebot/2.1; +http://www.google.com/bot.html)"
66.249.70.7 - - [31/Mar/2026:12:23:07 +0000] "GET /?products/detail/86788042 HTTP/1.1" 301 - "-" "Mozilla/5.0 (Linux; Android 6.0.1; Nexus 5X Build/MMB29P) AppleWebKit/537.36 (KHTML, like Gecko) Chrome/146.0.7680.153 Mobile Safari/537.36 (compatible; GoogleOther)"
45.79.238.235 - - [31/Mar/2026:12:23:12 +0000] "POST /wp-cron.php?doing_wp_cron=1774959792.6080920696258544921875 HTTP/1.1" 200 - "-" "WordPress/6.2.9; https://www.aardvarkskateramps.co.nz"
66.249.70.7 - - [31/Mar/2026:12:23:12 +0000] "GET /?p=1784 HTTP/1.1" 301 - "-" "Mozilla/5.0 (Linux; Android 6.0.1; Nexus 5X Build/MMB29P) AppleWebKit/537.36 (KHTML, like Gecko) Chrome/146.0.7680.153 Mobile Safari/537.36 (compatible; Googlebot/2.1; +http://www.google.com/bot.html)"
66.249.70.6 - - [31/Mar/2026:12:23:12 +0000] "GET /?products%2Fdetail%2F124010688 HTTP/1.1" 200 55557 "-" "Mozilla/5.0 (Linux; Android 6.0.1; Nexus 5X Build/MMB29P) AppleWebKit/537.36 (KHTML, like Gecko) Chrome/146.0.7680.153 Mobile Safari/537.36 (compatible; GoogleOther)"
66.249.70.6 - - [31/Mar/2026:12:23:22 +0000] "GET /2026/02/25/money-pokies-games-to-win/ HTTP/1.1" 200 57154 "-" "Mozilla/5.0 (Linux; Android 6.0.1; Nexus 5X Build/MMB29P) AppleWebKit/537.36 (KHTML, like Gecko) Chrome/146.0.7680.153 Mobile Safari/537.36 (compatible; Googlebot/2.1; +http://www.google.com/bot.html)"
66.249.70.6 - - [31/Mar/2026:12:23:29 +0000] "GET /?products%2Fdetail%2F86788042 HTTP/1.1" 200 55556 "-" "Mozilla/5.0 (Linux; Android 6.0.1; Nexus 5X Build/MMB29P) AppleWebKit/537.36 (KHTML, like Gecko) Chrome/146.0.7680.153 Mobile Safari/537.36 (compatible; GoogleOther)"
66.249.70.7 - - [31/Mar/2026:12:23:34 +0000] "GET /?products/detail/160483315 HTTP/1.1" 301 - "-" "Mozilla/5.0 (Linux; Android 6.0.1; Nexus 5X Build/MMB29P) AppleWebKit/537.36 (KHTML, like Gecko) Chrome/146.0.7680.153 Mobile Safari/537.36 (compatible; GoogleOther)"
66.249.70.6 - - [31/Mar/2026:12:23:39 +0000] "GET /wp-content/plugins/themeisle-companion/obfx_modules/companion-legacy/assets/css/hestia/clients-bar.css?ver=6.2.9 HTTP/1.1" 304 - "https://www.aardvarkskateramps.co.nz/?products%2Fdetail%2F125915870" "Mozilla/5.0 (Linux; Android 6.0.1; Nexus 5X Build/MMB29P) AppleWebKit/537.36 (KHTML, like Gecko) Chrome/146.0.7680.153 Mobile Safari/537.36 (compatible; GoogleOther)"
66.249.70.6 - - [31/Mar/2026:12:23:41 +0000] "GET /?p=3186 HTTP/1.1" 301 - "-" "Mozilla/5.0 (Linux; Android 6.0.1; Nexus 5X Build/MMB29P) AppleWebKit/537.36 (KHTML, like Gecko) Chrome/146.0.7680.153 Mobile Safari/537.36 (compatible; Googlebot/2.1; +http://www.google.com/bot.html)"
66.249.70.6 - - [31/Mar/2026:12:23:43 +0000] "GET /wp-content/themes/hestia/style.min.css?ver=3.0.6 HTTP/1.1" 304 - "https://www.aardvarkskateramps.co.nz/?products%2Fdetail%2F125915870" "Mozilla/5.0 (Linux; Android 6.0.1; Nexus 5X Build/MMB29P) AppleWebKit/537.36 (KHTML, like Gecko) Chrome/146.0.7680.153 Mobile Safari/537.36 (compatible; GoogleOther)"
66.249.70.6 - - [31/Mar/2026:12:23:45 +0000] "GET /2026/02/25/socal-australian-casinos/ HTTP/1.1" 200 57608 "-" "Mozilla/5.0 (Linux; Android 6.0.1; Nexus 5X Build/MMB29P) AppleWebKit/537.36 (KHTML, like Gecko) Chrome/146.0.7680.153 Mobile Safari/537.36 (compatible; Googlebot/2.1; +http://www.google.com/bot.html)"
66.249.70.6 - - [31/Mar/2026:12:23:47 +0000] "GET /wp-content/themes/hestia/assets/js/parallax.min.js?ver=1.0.2 HTTP/1.1" 304 - "https://www.aardvarkskateramps.co.nz/?products%2Fdetail%2F125915870" "Mozilla/5.0 (Linux; Android 6.0.1; Nexus 5X Build/MMB29P) AppleWebKit/537.36 (KHTML, like Gecko) Chrome/146.0.7680.153 Mobile Safari/537.36 (compatible; GoogleOther)"
66.249.70.6 - - [31/Mar/2026:12:23:49 +0000] "GET /wp-content/plugins/nextgen-gallery/products/photocrati_nextgen/modules/widget/static/widgets.css?ver=3.17 HTTP/1.1" 304 - "https://www.aardvarkskateramps.co.nz/?products%2Fdetail%2F125915870" "Mozilla/5.0 (Linux; Android 6.0.1; Nexus 5X Build/MMB29P) AppleWebKit/537.36 (KHTML, like Gecko) Chrome/146.0.7680.153 Mobile Safari/537.36 (compatible; GoogleOther)"
66.249.70.6 - - [31/Mar/2026:12:23:55 +0000] "GET /?products%2Fdetail%2F160483315 HTTP/1.1" 200 55557 "-" "Mozilla/5.0 (Linux; Android 6.0.1; Nexus 5X Build/MMB29P) AppleWebKit/537.36 (KHTML, like Gecko) Chrome/146.0.7680.153 Mobile Safari/537.36 (compatible; GoogleOther)"
66.249.70.6 - - [31/Mar/2026:12:24:03 +0000] "GET /?p=1689 HTTP/1.1" 301 - "-" "Mozilla/5.0 (Linux; Android 6.0.1; Nexus 5X Build/MMB29P) AppleWebKit/537.36 (KHTML, like Gecko) Chrome/146.0.7680.153 Mobile Safari/537.36 (compatible; Googlebot/2.1; +http://www.google.com/bot.html)"
45.79.238.235 - - [31/Mar/2026:12:24:09 +0000] "POST /wp-cron.php?doing_wp_cron=1774959849.1492550373077392578125 HTTP/1.1" 200 - "-" "WordPress/6.2.9; https://www.aardvarkskateramps.co.nz"
66.249.70.7 - - [31/Mar/2026:12:24:08 +0000] "GET /2026/02/25/good-pokies-free-no-download-required/ HTTP/1.1" 200 58123 "-" "Mozilla/5.0 (Linux; Android 6.0.1; Nexus 5X Build/MMB29P) AppleWebKit/537.36 (KHTML, like Gecko) Chrome/146.0.7680.153 Mobile Safari/537.36 (compatible; Googlebot/2.1; +http://www.google.com/bot.html)"
66.249.70.6 - - [31/Mar/2026:12:24:16 +0000] "GET /?p=726 HTTP/1.1" 301 - "-" "Mozilla/5.0 (Linux; Android 6.0.1; Nexus 5X Build/MMB29P) AppleWebKit/537.36 (KHTML, like Gecko) Chrome/146.0.7680.153 Mobile Safari/537.36 (compatible; Googlebot/2.1; +http://www.google.com/bot.html)"
66.249.70.6 - - [31/Mar/2026:12:24:25 +0000] "GET /2026/02/25/nz-slots-bonus/ HTTP/1.1" 200 57250 "-" "Mozilla/5.0 (Linux; Android 6.0.1; Nexus 5X Build/MMB29P) AppleWebKit/537.36 (KHTML, like Gecko) Chrome/146.0.7680.153 Mobile Safari/537.36 (compatible; Googlebot/2.1; +http://www.google.com/bot.html)"
66.249.70.6 - - [31/Mar/2026:12:24:35 +0000] "GET /2026/02/25/casino-gulfport-nz/ HTTP/1.1" 200 56950 "-" "Mozilla/5.0 (Linux; Android 6.0.1; Nexus 5X Build/MMB29P) AppleWebKit/537.36 (KHTML, like Gecko) Chrome/146.0.7680.153 Mobile Safari/537.36 (compatible; Googlebot/2.1; +http://www.google.com/bot.html)"
66.249.70.6 - - [31/Mar/2026:12:24:42 +0000] "GET /?products/detail/291335769 HTTP/1.1" 301 - "-" "Mozilla/5.0 (Linux; Android 6.0.1; Nexus 5X Build/MMB29P) AppleWebKit/537.36 (KHTML, like Gecko) Chrome/146.0.7680.153 Mobile Safari/537.36 (compatible; GoogleOther)"
66.249.70.6 - - [31/Mar/2026:12:24:55 +0000] "GET /wp-content/themes/hestia/assets/css/font-sizes.min.css?ver=3.0.6 HTTP/1.1" 304 - "https://www.aardvarkskateramps.co.nz/?products%2Fdetail%2F86788042" "Mozilla/5.0 (Linux; Android 6.0.1; Nexus 5X Build/MMB29P) AppleWebKit/537.36 (KHTML, like Gecko) Chrome/146.0.7680.153 Mobile Safari/537.36 (compatible; GoogleOther)"
66.249.70.6 - - [31/Mar/2026:12:24:55 +0000] "GET /?products%2Fdetail%2F291335769 HTTP/1.1" 200 55557 "-" "Mozilla/5.0 (Linux; Android 6.0.1; Nexus 5X Build/MMB29P) AppleWebKit/537.36 (KHTML, like Gecko) Chrome/146.0.7680.153 Mobile Safari/537.36 (compatible; GoogleOther)"
66.249.70.6 - - [31/Mar/2026:12:24:58 +0000] "GET /wp-includes/css/classic-themes.min.css?ver=6.2.9 HTTP/1.1" 304 - "https://www.aardvarkskateramps.co.nz/?products%2Fdetail%2F86788042" "Mozilla/5.0 (Linux; Android 6.0.1; Nexus 5X Build/MMB29P) AppleWebKit/537.36 (KHTML, like Gecko) Chrome/146.0.7680.153 Mobile Safari/537.36 (compatible; GoogleOther)"
66.249.70.6 - - [31/Mar/2026:12:25:00 +0000] "GET /wp-content/plugins/wpforms-lite/assets/css/wpforms-full.min.css?ver=1.7.0 HTTP/1.1" 304 - "https://www.aardvarkskateramps.co.nz/?products%2Fdetail%2F86788042" "Mozilla/5.0 (Linux; Android 6.0.1; Nexus 5X Build/MMB29P) AppleWebKit/537.36 (KHTML, like Gecko) Chrome/146.0.7680.153 Mobile Safari/537.36 (compatible; GoogleOther)"
66.249.70.7 - - [31/Mar/2026:12:25:04 +0000] "GET /wp-content/themes/hestia/assets/font-awesome/css/all.min.css?ver=1.0.2 HTTP/1.1" 304 - "https://www.aardvarkskateramps.co.nz/?products%2Fdetail%2F86788042" "Mozilla/5.0 (Linux; Android 6.0.1; Nexus 5X Build/MMB29P) AppleWebKit/537.36 (KHTML, like Gecko) Chrome/146.0.7680.153 Mobile Safari/537.36 (compatible; GoogleOther)"
66.249.70.8 - - [31/Mar/2026:12:25:04 +0000] "GET /?products/detail/42704688 HTTP/1.1" 301 - "-" "Mozilla/5.0 (Linux; Android 6.0.1; Nexus 5X Build/MMB29P) AppleWebKit/537.36 (KHTML, like Gecko) Chrome/146.0.7680.153 Mobile Safari/537.36 (compatible; GoogleOther)"
45.79.238.235 - - [31/Mar/2026:12:25:16 +0000] "POST /wp-cron.php?doing_wp_cron=1774959916.5593819618225097656250 HTTP/1.1" 200 - "-" "WordPress/6.2.9; https://www.aardvarkskateramps.co.nz"
66.249.70.6 - - [31/Mar/2026:12:25:16 +0000] "GET /?products%2Fdetail%2F42704688 HTTP/1.1" 200 55556 "-" "Mozilla/5.0 (Linux; Android 6.0.1; Nexus 5X Build/MMB29P) AppleWebKit/537.36 (KHTML, like Gecko) Chrome/146.0.7680.153 Mobile Safari/537.36 (compatible; GoogleOther)"
66.249.70.6 - - [31/Mar/2026:12:25:23 +0000] "GET /cgi-bin/ HTTP/1.1" 200 - "-" "Mozilla/5.0 (Linux; Android 6.0.1; Nexus 5X Build/MMB29P) AppleWebKit/537.36 (KHTML, like Gecko) Chrome/146.0.7680.153 Mobile Safari/537.36 (compatible; Googlebot/2.1; +http://www.google.com/bot.html)"
66.249.70.6 - - [31/Mar/2026:12:26:00 +0000] "GET /?p=2304 HTTP/1.1" 301 - "-" "Mozilla/5.0 (Linux; Android 6.0.1; Nexus 5X Build/MMB29P) AppleWebKit/537.36 (KHTML, like Gecko) Chrome/146.0.7680.153 Mobile Safari/537.36 (compatible; Googlebot/2.1; +http://www.google.com/bot.html)"
66.249.70.6 - - [31/Mar/2026:12:26:01 +0000] "GET /2026/02/25/pokies-sites-online-for-real-money-australia/ HTTP/1.1" 200 57914 "-" "Mozilla/5.0 (Linux; Android 6.0.1; Nexus 5X Build/MMB29P) AppleWebKit/537.36 (KHTML, like Gecko) Chrome/146.0.7680.153 Mobile Safari/537.36 (compatible; Googlebot/2.1; +http://www.google.com/bot.html)"
45.79.238.235 - - [31/Mar/2026:12:26:10 +0000] "POST /wp-cron.php?doing_wp_cron=1774959970.0909340381622314453125 HTTP/1.1" 200 - "-" "WordPress/6.2.9; https://www.aardvarkskateramps.co.nz"
66.249.70.6 - - [31/Mar/2026:12:26:09 +0000] "GET /?p=3042 HTTP/1.1" 301 - "-" "Mozilla/5.0 (Linux; Android 6.0.1; Nexus 5X Build/MMB29P) AppleWebKit/537.36 (KHTML, like Gecko) Chrome/146.0.7680.153 Mobile Safari/537.36 (compatible; Googlebot/2.1; +http://www.google.com/bot.html)"
66.249.73.231 - - [31/Mar/2026:12:26:10 +0000] "GET /2026/02/25/are-top-online-pokies-and-casinos-in-new-zealand-same/ HTTP/1.1" 200 57917 "-" "Mozilla/5.0 (Linux; Android 6.0.1; Nexus 5X Build/MMB29P) AppleWebKit/537.36 (KHTML, like Gecko) Chrome/146.0.7680.153 Mobile Safari/537.36 (compatible; Googlebot/2.1; +http://www.google.com/bot.html)"
66.249.70.6 - - [31/Mar/2026:12:26:13 +0000] "GET /wp-includes/css/dist/block-library/style.min.css?ver=6.2.9 HTTP/1.1" 304 - "https://www.aardvarkskateramps.co.nz/?products%2Fdetail%2F65693517" "Mozilla/5.0 (Linux; Android 6.0.1; Nexus 5X Build/MMB29P) AppleWebKit/537.36 (KHTML, like Gecko) Chrome/146.0.7680.153 Mobile Safari/537.36 (compatible; GoogleOther)"
66.249.70.6 - - [31/Mar/2026:12:26:16 +0000] "GET /wp-includes/js/jquery/jquery.min.js?ver=3.6.4 HTTP/1.1" 304 - "https://www.aardvarkskateramps.co.nz/?products%2Fdetail%2F65693517" "Mozilla/5.0 (Linux; Android 6.0.1; Nexus 5X Build/MMB29P) AppleWebKit/537.36 (KHTML, like Gecko) Chrome/146.0.7680.153 Mobile Safari/537.36 (compatible; GoogleOther)"
66.249.70.6 - - [31/Mar/2026:12:26:18 +0000] "GET /wp-includes/js/comment-reply.min.js?ver=6.2.9 HTTP/1.1" 304 - "https://www.aardvarkskateramps.co.nz/?products%2Fdetail%2F65693517" "Mozilla/5.0 (Linux; Android 6.0.1; Nexus 5X Build/MMB29P) AppleWebKit/537.36 (KHTML, like Gecko) Chrome/146.0.7680.153 Mobile Safari/537.36 (compatible; GoogleOther)"
66.249.70.6 - - [31/Mar/2026:12:26:50 +0000] "GET /?p=5344 HTTP/1.1" 301 - "-" "Mozilla/5.0 (Linux; Android 6.0.1; Nexus 5X Build/MMB29P) AppleWebKit/537.36 (KHTML, like Gecko) Chrome/146.0.7680.153 Mobile Safari/537.36 (compatible; Googlebot/2.1; +http://www.google.com/bot.html)"
66.249.70.6 - - [31/Mar/2026:12:26:50 +0000] "GET /2026/02/25/electronic-pokies-welcome-bonus-no-deposit/ HTTP/1.1" 200 57479 "-" "Mozilla/5.0 (Linux; Android 6.0.1; Nexus 5X Build/MMB29P) AppleWebKit/537.36 (KHTML, like Gecko) Chrome/146.0.7680.153 Mobile Safari/537.36 (compatible; Googlebot/2.1; +http://www.google.com/bot.html)"
66.249.70.7 - - [31/Mar/2026:12:27:01 +0000] "GET /?p=3100 HTTP/1.1" 301 - "-" "Mozilla/5.0 (Linux; Android 6.0.1; Nexus 5X Build/MMB29P) AppleWebKit/537.36 (KHTML, like Gecko) Chrome/146.0.7680.153 Mobile Safari/537.36 (compatible; Googlebot/2.1; +http://www.google.com/bot.html)"
66.249.70.7 - - [31/Mar/2026:12:27:02 +0000] "GET /2026/02/25/real-money-mobile-slots-australia/ HTTP/1.1" 200 57624 "-" "Mozilla/5.0 (Linux; Android 6.0.1; Nexus 5X Build/MMB29P) AppleWebKit/537.36 (KHTML, like Gecko) Chrome/146.0.7680.153 Mobile Safari/537.36 (compatible; Googlebot/2.1; +http://www.google.com/bot.html)"
45.79.238.235 - - [31/Mar/2026:12:27:23 +0000] "POST /wp-cron.php?doing_wp_cron=1774960043.0408239364624023437500 HTTP/1.1" 200 - "-" "WordPress/6.2.9; https://www.aardvarkskateramps.co.nz"
66.249.70.7 - - [31/Mar/2026:12:27:22 +0000] "GET /2026/02/25/online-australian-gambling-sites/ HTTP/1.1" 200 58075 "-" "Mozilla/5.0 (Linux; Android 6.0.1; Nexus 5X Build/MMB29P) AppleWebKit/537.36 (KHTML, like Gecko) Chrome/146.0.7680.153 Mobile Safari/537.36 (compatible; Googlebot/2.1; +http://www.google.com/bot.html)"
66.249.70.8 - - [31/Mar/2026:12:28:07 +0000] "GET /?p=2497 HTTP/1.1" 301 - "-" "Mozilla/5.0 (Linux; Android 6.0.1; Nexus 5X Build/MMB29P) AppleWebKit/537.36 (KHTML, like Gecko) Chrome/146.0.7680.153 Mobile Safari/537.36 (compatible; Googlebot/2.1; +http://www.google.com/bot.html)"
66.249.70.7 - - [31/Mar/2026:12:28:08 +0000] "GET /2026/02/25/best-nz-online-casinos-with-no-deposit-bonus/ HTTP/1.1" 200 58218 "-" "Mozilla/5.0 (Linux; Android 6.0.1; Nexus 5X Build/MMB29P) AppleWebKit/537.36 (KHTML, like Gecko) Chrome/146.0.7680.153 Mobile Safari/537.36 (compatible; Googlebot/2.1; +http://www.google.com/bot.html)"
45.79.238.235 - - [31/Mar/2026:12:28:15 +0000] "POST /wp-cron.php?doing_wp_cron=1774960095.5798249244689941406250 HTTP/1.1" 200 - "-" "WordPress/6.2.9; https://www.aardvarkskateramps.co.nz"
66.249.70.6 - - [31/Mar/2026:12:28:15 +0000] "GET /?p=3582 HTTP/1.1" 301 - "-" "Mozilla/5.0 (Linux; Android 6.0.1; Nexus 5X Build/MMB29P) AppleWebKit/537.36 (KHTML, like Gecko) Chrome/146.0.7680.153 Mobile Safari/537.36 (compatible; Googlebot/2.1; +http://www.google.com/bot.html)"
66.249.70.6 - - [31/Mar/2026:12:28:15 +0000] "GET /?p=4759 HTTP/1.1" 301 - "-" "Mozilla/5.0 (Linux; Android 6.0.1; Nexus 5X Build/MMB29P) AppleWebKit/537.36 (KHTML, like Gecko) Chrome/146.0.7680.153 Mobile Safari/537.36 (compatible; Googlebot/2.1; +http://www.google.com/bot.html)"
66.249.70.7 - - [31/Mar/2026:12:28:16 +0000] "GET /2026/02/25/where-are-the-best-casinos-in-the-australia/ HTTP/1.1" 200 57706 "-" "Mozilla/5.0 (Linux; Android 6.0.1; Nexus 5X Build/MMB29P) AppleWebKit/537.36 (KHTML, like Gecko) Chrome/146.0.7680.153 Mobile Safari/537.36 (compatible; Googlebot/2.1; +http://www.google.com/bot.html)"
66.249.70.6 - - [31/Mar/2026:12:28:16 +0000] "GET /?products/detail/39616678 HTTP/1.1" 301 - "-" "Mozilla/5.0 (Linux; Android 6.0.1; Nexus 5X Build/MMB29P) AppleWebKit/537.36 (KHTML, like Gecko) Chrome/146.0.7680.153 Mobile Safari/537.36 (compatible; GoogleOther)"
66.249.70.6 - - [31/Mar/2026:12:28:16 +0000] "GET /2026/02/25/pokies-for-real-money-games-free-no-download/ HTTP/1.1" 200 58034 "-" "Mozilla/5.0 (Linux; Android 6.0.1; Nexus 5X Build/MMB29P) AppleWebKit/537.36 (KHTML, like Gecko) Chrome/146.0.7680.153 Mobile Safari/537.36 (compatible; Googlebot/2.1; +http://www.google.com/bot.html)"
66.249.70.6 - - [31/Mar/2026:12:28:23 +0000] "GET /?products%2Fdetail%2F39616678 HTTP/1.1" 200 55556 "-" "Mozilla/5.0 (Linux; Android 6.0.1; Nexus 5X Build/MMB29P) AppleWebKit/537.36 (KHTML, like Gecko) Chrome/146.0.7680.153 Mobile Safari/537.36 (compatible; GoogleOther)"
66.249.70.6 - - [31/Mar/2026:12:28:50 +0000] "GET /?p=702 HTTP/1.1" 301 - "-" "Mozilla/5.0 (Linux; Android 6.0.1; Nexus 5X Build/MMB29P) AppleWebKit/537.36 (KHTML, like Gecko) Chrome/146.0.7680.153 Mobile Safari/537.36 (compatible; Googlebot/2.1; +http://www.google.com/bot.html)"
66.249.70.6 - - [31/Mar/2026:12:28:50 +0000] "GET /2026/02/25/online-pokies-app-new-zealand-iphone/ HTTP/1.1" 200 58186 "-" "Mozilla/5.0 (Linux; Android 6.0.1; Nexus 5X Build/MMB29P) AppleWebKit/537.36 (KHTML, like Gecko) Chrome/146.0.7680.153 Mobile Safari/537.36 (compatible; Googlebot/2.1; +http://www.google.com/bot.html)"
66.249.70.8 - - [31/Mar/2026:12:29:31 +0000] "GET /?products/detail/119581123 HTTP/1.1" 301 - "-" "Mozilla/5.0 (Linux; Android 6.0.1; Nexus 5X Build/MMB29P) AppleWebKit/537.36 (KHTML, like Gecko) Chrome/146.0.7680.153 Mobile Safari/537.36 (compatible; GoogleOther)"
66.249.70.8 - - [31/Mar/2026:12:29:33 +0000] "GET /?products%2Fdetail%2F119581123 HTTP/1.1" 200 55557 "-" "Mozilla/5.0 (Linux; Android 6.0.1; Nexus 5X Build/MMB29P) AppleWebKit/537.36 (KHTML, like Gecko) Chrome/146.0.7680.153 Mobile Safari/537.36 (compatible; GoogleOther)"
66.249.70.7 - - [31/Mar/2026:12:29:53 +0000] "GET /wp-content/plugins/nextgen-gallery/products/photocrati_nextgen/modules/nextgen_basic_gallery/static/slideshow/ngg_basic_slideshow.css?ver=3.17 HTTP/1.1" 304 - "https://www.aardvarkskateramps.co.nz/?products%2Fdetail%2F42704688" "Mozilla/5.0 (Linux; Android 6.0.1; Nexus 5X Build/MMB29P) AppleWebKit/537.36 (KHTML, like Gecko) Chrome/146.0.7680.153 Mobile Safari/537.36 (compatible; GoogleOther)"
66.249.70.7 - - [31/Mar/2026:12:29:55 +0000] "GET /wp-content/plugins/wpforms-lite/assets/js/mailcheck.min.js?ver=1.1.2 HTTP/1.1" 304 - "https://www.aardvarkskateramps.co.nz/?products%2Fdetail%2F42704688" "Mozilla/5.0 (Linux; Android 6.0.1; Nexus 5X Build/MMB29P) AppleWebKit/537.36 (KHTML, like Gecko) Chrome/146.0.7680.153 Mobile Safari/537.36 (compatible; GoogleOther)"
66.249.70.6 - - [31/Mar/2026:12:29:57 +0000] "GET /wp-content/themes/hestia/assets/bootstrap/js/bootstrap.min.js?ver=1.0.2 HTTP/1.1" 304 - "https://www.aardvarkskateramps.co.nz/?products%2Fdetail%2F42704688" "Mozilla/5.0 (Linux; Android 6.0.1; Nexus 5X Build/MMB29P) AppleWebKit/537.36 (KHTML, like Gecko) Chrome/146.0.7680.153 Mobile Safari/537.36 (compatible; GoogleOther)"
66.249.70.6 - - [31/Mar/2026:12:29:58 +0000] "GET /wp-includes/js/jquery/jquery-migrate.min.js?ver=3.4.0 HTTP/1.1" 304 - "https://www.aardvarkskateramps.co.nz/?products%2Fdetail%2F42704688" "Mozilla/5.0 (Linux; Android 6.0.1; Nexus 5X Build/MMB29P) AppleWebKit/537.36 (KHTML, like Gecko) Chrome/146.0.7680.153 Mobile Safari/537.36 (compatible; GoogleOther)"
66.249.70.6 - - [31/Mar/2026:12:29:59 +0000] "GET /wp-content/themes/hestia/assets/js/script.min.js?ver=3.0.6 HTTP/1.1" 304 - "https://www.aardvarkskateramps.co.nz/?products%2Fdetail%2F42704688" "Mozilla/5.0 (Linux; Android 6.0.1; Nexus 5X Build/MMB29P) AppleWebKit/537.36 (KHTML, like Gecko) Chrome/146.0.7680.153 Mobile Safari/537.36 (compatible; GoogleOther)"
66.249.70.6 - - [31/Mar/2026:12:30:01 +0000] "GET /wp-content/themes/hestia/assets/css/font-sizes.min.css?ver=3.0.6 HTTP/1.1" 304 - "https://www.aardvarkskateramps.co.nz/?products%2Fdetail%2F42704688" "Mozilla/5.0 (Linux; Android 6.0.1; Nexus 5X Build/MMB29P) AppleWebKit/537.36 (KHTML, like Gecko) Chrome/146.0.7680.153 Mobile Safari/537.36 (compatible; GoogleOther)"
66.249.70.6 - - [31/Mar/2026:12:30:01 +0000] "GET /?p=4887 HTTP/1.1" 301 - "-" "Mozilla/5.0 (Linux; Android 6.0.1; Nexus 5X Build/MMB29P) AppleWebKit/537.36 (KHTML, like Gecko) Chrome/146.0.7680.153 Mobile Safari/537.36 (compatible; Googlebot/2.1; +http://www.google.com/bot.html)"
66.249.70.6 - - [31/Mar/2026:12:30:02 +0000] "GET /wp-content/plugins/wpforms-lite/assets/js/punycode.min.js?ver=1.0.0 HTTP/1.1" 304 - "https://www.aardvarkskateramps.co.nz/?products%2Fdetail%2F42704688" "Mozilla/5.0 (Linux; Android 6.0.1; Nexus 5X Build/MMB29P) AppleWebKit/537.36 (KHTML, like Gecko) Chrome/146.0.7680.153 Mobile Safari/537.36 (compatible; GoogleOther)"
66.249.70.6 - - [31/Mar/2026:12:30:02 +0000] "GET /2026/02/25/no-deposit-australian-pokies/ HTTP/1.1" 200 58124 "-" "Mozilla/5.0 (Linux; Android 6.0.1; Nexus 5X Build/MMB29P) AppleWebKit/537.36 (KHTML, like Gecko) Chrome/146.0.7680.153 Mobile Safari/537.36 (compatible; Googlebot/2.1; +http://www.google.com/bot.html)"
66.249.70.6 - - [31/Mar/2026:12:30:03 +0000] "GET /wp-includes/js/jquery/ui/core.min.js?ver=1.13.2 HTTP/1.1" 304 - "https://www.aardvarkskateramps.co.nz/?products%2Fdetail%2F42704688" "Mozilla/5.0 (Linux; Android 6.0.1; Nexus 5X Build/MMB29P) AppleWebKit/537.36 (KHTML, like Gecko) Chrome/146.0.7680.153 Mobile Safari/537.36 (compatible; GoogleOther)"
66.249.70.6 - - [31/Mar/2026:12:30:04 +0000] "GET /wp-content/themes/hestia/assets/font-awesome/css/all.min.css?ver=1.0.2 HTTP/1.1" 304 - "https://www.aardvarkskateramps.co.nz/?products%2Fdetail%2F42704688" "Mozilla/5.0 (Linux; Android 6.0.1; Nexus 5X Build/MMB29P) AppleWebKit/537.36 (KHTML, like Gecko) Chrome/146.0.7680.153 Mobile Safari/537.36 (compatible; GoogleOther)"
66.249.70.6 - - [31/Mar/2026:12:30:09 +0000] "GET /wp-content/plugins/nextgen-gallery/products/photocrati_nextgen/modules/nextgen_basic_gallery/static/thumbnails/nextgen_basic_thumbnails.css?ver=3.17 HTTP/1.1" 304 - "https://www.aardvarkskateramps.co.nz/?products%2Fdetail%2F54014870" "Mozilla/5.0 (Linux; Android 6.0.1; Nexus 5X Build/MMB29P) AppleWebKit/537.36 (KHTML, like Gecko) Chrome/146.0.7680.153 Mobile Safari/537.36 (compatible; GoogleOther)"
66.249.70.6 - - [31/Mar/2026:12:30:10 +0000] "GET /wp-content/plugins/wpforms-lite/assets/js/jquery.validate.min.js?ver=1.19.3 HTTP/1.1" 304 - "https://www.aardvarkskateramps.co.nz/?products%2Fdetail%2F54014870" "Mozilla/5.0 (Linux; Android 6.0.1; Nexus 5X Build/MMB29P) AppleWebKit/537.36 (KHTML, like Gecko) Chrome/146.0.7680.153 Mobile Safari/537.36 (compatible; GoogleOther)"
66.249.70.6 - - [31/Mar/2026:12:30:11 +0000] "GET /wp-content/plugins/wpforms-lite/assets/js/wpforms.js?ver=1.7.0 HTTP/1.1" 304 - "https://www.aardvarkskateramps.co.nz/?products%2Fdetail%2F54014870" "Mozilla/5.0 (Linux; Android 6.0.1; Nexus 5X Build/MMB29P) AppleWebKit/537.36 (KHTML, like Gecko) Chrome/146.0.7680.153 Mobile Safari/537.36 (compatible; GoogleOther)"
66.249.70.6 - - [31/Mar/2026:12:30:13 +0000] "GET /wp-content/plugins/wpforms-lite/assets/css/wpforms-full.min.css?ver=1.7.0 HTTP/1.1" 304 - "https://www.aardvarkskateramps.co.nz/?products%2Fdetail%2F54014870" "Mozilla/5.0 (Linux; Android 6.0.1; Nexus 5X Build/MMB29P) AppleWebKit/537.36 (KHTML, like Gecko) Chrome/146.0.7680.153 Mobile Safari/537.36 (compatible; GoogleOther)"
66.249.70.6 - - [31/Mar/2026:12:30:14 +0000] "GET /wp-content/themes/hestia/assets/css/font-sizes.min.css?ver=3.0.6 HTTP/1.1" 304 - "https://www.aardvarkskateramps.co.nz/?products%2Fdetail%2F54014870" "Mozilla/5.0 (Linux; Android 6.0.1; Nexus 5X Build/MMB29P) AppleWebKit/537.36 (KHTML, like Gecko) Chrome/146.0.7680.153 Mobile Safari/537.36 (compatible; GoogleOther)"
66.249.70.8 - - [31/Mar/2026:12:32:08 +0000] "GET /?products/detail/120155547 HTTP/1.1" 301 - "-" "Mozilla/5.0 (Linux; Android 6.0.1; Nexus 5X Build/MMB29P) AppleWebKit/537.36 (KHTML, like Gecko) Chrome/146.0.7680.153 Mobile Safari/537.36 (compatible; GoogleOther)"
45.79.238.235 - - [31/Mar/2026:12:32:13 +0000] "POST /wp-cron.php?doing_wp_cron=1774960333.1106810569763183593750 HTTP/1.1" 200 - "-" "WordPress/6.2.9; https://www.aardvarkskateramps.co.nz"
66.249.70.6 - - [31/Mar/2026:12:32:12 +0000] "GET /?products%2Fdetail%2F120155547 HTTP/1.1" 200 55557 "-" "Mozilla/5.0 (Linux; Android 6.0.1; Nexus 5X Build/MMB29P) AppleWebKit/537.36 (KHTML, like Gecko) Chrome/146.0.7680.153 Mobile Safari/537.36 (compatible; GoogleOther)"
66.249.70.6 - - [31/Mar/2026:12:32:29 +0000] "GET /?category/0/1/022/022007/?SPC=0&SGC=0&STA=0&FPC=0&FGC=0&FTA=0&SFL_DF=0&CPPR=1 HTTP/1.1" 301 - "-" "Mozilla/5.0 (Linux; Android 6.0.1; Nexus 5X Build/MMB29P) AppleWebKit/537.36 (KHTML, like Gecko) Chrome/146.0.7680.153 Mobile Safari/537.36 (compatible; GoogleOther)"
66.249.70.6 - - [31/Mar/2026:12:32:30 +0000] "GET /?category%2F0%2F1%2F022%2F022007%2F%3FSPC=0&SGC=0&STA=0&FPC=0&FGC=0&FTA=0&SFL_DF=0&CPPR=1 HTTP/1.1" 200 55643 "-" "Mozilla/5.0 (Linux; Android 6.0.1; Nexus 5X Build/MMB29P) AppleWebKit/537.36 (KHTML, like Gecko) Chrome/146.0.7680.153 Mobile Safari/537.36 (compatible; GoogleOther)"
