139.18.2.214 - - [31/Mar/2026:20:59:38 +0000] "GET /wp-includes/css/dist/components/?C=N;O=D HTTP/1.1" 200 1397 "https://weddingswithjoy.org.nz/wp-includes/css/dist/components/" "LCC (+http://corpora.uni-leipzig.de/crawler_faq.html)"
74.7.227.41 - - [31/Mar/2026:20:59:45 +0000] "GET /wp-includes/js/dist/commands.min.js HTTP/1.1" 200 49929 "https://weddingswithjoy.org.nz/wp-includes/js/dist/" "Mozilla/5.0 AppleWebKit/537.36 (KHTML, like Gecko; compatible; GPTBot/1.3; +https://openai.com/gptbot)"
74.7.243.230 - - [31/Mar/2026:20:59:45 +0000] "GET /wp-includes/js/dist/editor.js HTTP/1.1" 200 1146132 "https://schoolofgolfnz.co.nz/wp-includes/js/dist/" "Mozilla/5.0 AppleWebKit/537.36 (KHTML, like Gecko; compatible; GPTBot/1.3; +https://openai.com/gptbot)"
139.18.2.214 - - [31/Mar/2026:20:59:50 +0000] "GET /wp-includes/css/dist/components/?C=M;O=A HTTP/1.1" 200 1397 "https://weddingswithjoy.org.nz/wp-includes/css/dist/components/" "LCC (+http://corpora.uni-leipzig.de/crawler_faq.html)"
74.7.243.230 - - [31/Mar/2026:20:59:52 +0000] "GET /wp-includes/js/dist/core-data.js HTTP/1.1" 200 221896 "https://schoolofgolfnz.co.nz/wp-includes/js/dist/" "Mozilla/5.0 AppleWebKit/537.36 (KHTML, like Gecko; compatible; GPTBot/1.3; +https://openai.com/gptbot)"
74.7.227.159 - - [31/Mar/2026:20:59:53 +0000] "GET /wp-includes/interactivity-api/interactivity-api.php HTTP/1.1" 200 - "https://www.qualityprecast.co.nz/wp-includes/interactivity-api/" "Mozilla/5.0 AppleWebKit/537.36 (KHTML, like Gecko; compatible; GPTBot/1.3; +https://openai.com/gptbot)"
74.7.243.230 - - [31/Mar/2026:20:59:58 +0000] "GET /wp-includes/js/dist/api-fetch.js HTTP/1.1" 200 16323 "https://schoolofgolfnz.co.nz/wp-includes/js/dist/" "Mozilla/5.0 AppleWebKit/537.36 (KHTML, like Gecko; compatible; GPTBot/1.3; +https://openai.com/gptbot)"
139.18.2.214 - - [31/Mar/2026:21:00:01 +0000] "GET /wp-includes/css/dist/components/?C=S;O=A HTTP/1.1" 200 1397 "https://weddingswithjoy.org.nz/wp-includes/css/dist/components/" "LCC (+http://corpora.uni-leipzig.de/crawler_faq.html)"
74.7.243.230 - - [31/Mar/2026:21:00:03 +0000] "GET /wp-includes/js/'%20+%20src%20+%20' HTTP/1.1" 404 - "https://schoolofgolfnz.co.nz/wp-includes/js/quicktags.js" "Mozilla/5.0 AppleWebKit/537.36 (KHTML, like Gecko; compatible; GPTBot/1.3; +https://openai.com/gptbot)"
74.7.243.230 - - [31/Mar/2026:21:00:08 +0000] "GET /wp-includes/js/dist/rich-text.js HTTP/1.1" 200 85527 "https://schoolofgolfnz.co.nz/wp-includes/js/dist/" "Mozilla/5.0 AppleWebKit/537.36 (KHTML, like Gecko; compatible; GPTBot/1.3; +https://openai.com/gptbot)"
139.18.2.214 - - [31/Mar/2026:21:00:11 +0000] "GET /wp-includes/css/dist/components/?C=D;O=A HTTP/1.1" 200 1397 "https://weddingswithjoy.org.nz/wp-includes/css/dist/components/" "LCC (+http://corpora.uni-leipzig.de/crawler_faq.html)"
74.7.243.230 - - [31/Mar/2026:21:00:13 +0000] "GET /wp-includes/js/dist/hooks.min.js HTTP/1.1" 200 5661 "https://schoolofgolfnz.co.nz/wp-includes/js/dist/" "Mozilla/5.0 AppleWebKit/537.36 (KHTML, like Gecko; compatible; GPTBot/1.3; +https://openai.com/gptbot)"
74.7.243.230 - - [31/Mar/2026:21:00:18 +0000] "GET /wp-includes/js/dist/editor.min.js HTTP/1.1" 200 419625 "https://schoolofgolfnz.co.nz/wp-includes/js/dist/" "Mozilla/5.0 AppleWebKit/537.36 (KHTML, like Gecko; compatible; GPTBot/1.3; +https://openai.com/gptbot)"
74.7.243.230 - - [31/Mar/2026:21:00:22 +0000] "GET /wp-includes/js/dist/router.min.js HTTP/1.1" 200 13763 "https://schoolofgolfnz.co.nz/wp-includes/js/dist/" "Mozilla/5.0 AppleWebKit/537.36 (KHTML, like Gecko; compatible; GPTBot/1.3; +https://openai.com/gptbot)"
74.7.243.230 - - [31/Mar/2026:21:00:26 +0000] "GET /wp-includes/js/dist/autop.min.js HTTP/1.1" 200 5614 "https://schoolofgolfnz.co.nz/wp-includes/js/dist/" "Mozilla/5.0 AppleWebKit/537.36 (KHTML, like Gecko; compatible; GPTBot/1.3; +https://openai.com/gptbot)"
139.18.2.214 - - [31/Mar/2026:21:00:26 +0000] "GET /wp-includes/css/dist/customize-widgets/?C=N;O=D HTTP/1.1" 200 1411 "https://weddingswithjoy.org.nz/wp-includes/css/dist/customize-widgets/" "LCC (+http://corpora.uni-leipzig.de/crawler_faq.html)"
74.7.243.230 - - [31/Mar/2026:21:00:29 +0000] "GET /wp-includes/sodium_compat/namespaced/Core/HChaCha20.php HTTP/1.1" 500 - "https://schoolofgolfnz.co.nz/wp-includes/sodium_compat/namespaced/Core/" "Mozilla/5.0 AppleWebKit/537.36 (KHTML, like Gecko; compatible; GPTBot/1.3; +https://openai.com/gptbot)"
74.7.243.230 - - [31/Mar/2026:21:00:32 +0000] "GET /wp-includes/sodium_compat/namespaced/Core/ChaCha20.php HTTP/1.1" 500 - "https://schoolofgolfnz.co.nz/wp-includes/sodium_compat/namespaced/Core/" "Mozilla/5.0 AppleWebKit/537.36 (KHTML, like Gecko; compatible; GPTBot/1.3; +https://openai.com/gptbot)"
172.105.82.111 - - [31/Mar/2026:21:00:34 +0000] "GET / HTTP/1.1" 200 2980 "-" "Mozilla/5.0 (Macintosh; Intel Mac OS X 10_15_7) AppleWebKit/537.36 (KHTML, like Gecko) Chrome/141.0.0.0 Safari/537.36"
74.7.243.230 - - [31/Mar/2026:21:00:41 +0000] "GET /wp-includes/sodium_compat/namespaced/Core/XChaCha20.php HTTP/1.1" 500 - "https://schoolofgolfnz.co.nz/wp-includes/sodium_compat/namespaced/Core/" "Mozilla/5.0 AppleWebKit/537.36 (KHTML, like Gecko; compatible; GPTBot/1.3; +https://openai.com/gptbot)"
139.18.2.214 - - [31/Mar/2026:21:00:41 +0000] "GET /wp-includes/css/dist/customize-widgets/?C=M;O=A HTTP/1.1" 200 1411 "https://weddingswithjoy.org.nz/wp-includes/css/dist/customize-widgets/" "LCC (+http://corpora.uni-leipzig.de/crawler_faq.html)"
74.7.227.41 - - [31/Mar/2026:21:00:41 +0000] "GET /wp-includes/js/dist/edit-post.min.js HTTP/1.1" 200 43713 "https://weddingswithjoy.org.nz/wp-includes/js/dist/" "Mozilla/5.0 AppleWebKit/537.36 (KHTML, like Gecko; compatible; GPTBot/1.3; +https://openai.com/gptbot)"
74.7.175.185 - - [31/Mar/2026:21:00:43 +0000] "GET /robots.txt HTTP/1.1" 304 - "-" "Mozilla/5.0 (Macintosh; Intel Mac OS X 10_15_7) AppleWebKit/537.36 (KHTML, like Gecko) Chrome/131.0.0.0 Safari/537.36; compatible; OAI-SearchBot/1.3; robots.txt; +https://openai.com/searchbot"
172.105.82.111 - - [31/Mar/2026:21:00:47 +0000] "GET /wp-admin/ HTTP/1.1" 500 - "-" "Mozilla/5.0 (Macintosh; Intel Mac OS X 10_15_7) AppleWebKit/537.36 (KHTML, like Gecko) Chrome/141.0.0.0 Safari/537.36"
139.18.2.214 - - [31/Mar/2026:21:00:53 +0000] "GET /wp-includes/css/dist/customize-widgets/?C=S;O=A HTTP/1.1" 200 1411 "https://weddingswithjoy.org.nz/wp-includes/css/dist/customize-widgets/" "LCC (+http://corpora.uni-leipzig.de/crawler_faq.html)"
74.7.227.159 - - [31/Mar/2026:21:00:57 +0000] "GET /wp-includes/interactivity-api/class-wp-interactivity-api.php HTTP/1.1" 200 - "https://www.qualityprecast.co.nz/wp-includes/interactivity-api/" "Mozilla/5.0 AppleWebKit/537.36 (KHTML, like Gecko; compatible; GPTBot/1.3; +https://openai.com/gptbot)"
139.18.2.214 - - [31/Mar/2026:21:01:02 +0000] "GET /wp-includes/css/dist/customize-widgets/?C=D;O=A HTTP/1.1" 200 1411 "https://weddingswithjoy.org.nz/wp-includes/css/dist/customize-widgets/" "LCC (+http://corpora.uni-leipzig.de/crawler_faq.html)"
74.7.243.230 - - [31/Mar/2026:21:01:07 +0000] "GET /wp-includes/sodium_compat/namespaced/Core/BLAKE2b.php HTTP/1.1" 500 - "https://schoolofgolfnz.co.nz/wp-includes/sodium_compat/namespaced/Core/" "Mozilla/5.0 AppleWebKit/537.36 (KHTML, like Gecko; compatible; GPTBot/1.3; +https://openai.com/gptbot)"
139.18.2.214 - - [31/Mar/2026:21:01:14 +0000] "GET /wp-includes/css/dist/edit-post/?C=N;O=D HTTP/1.1" 200 2127 "https://weddingswithjoy.org.nz/wp-includes/css/dist/edit-post/" "LCC (+http://corpora.uni-leipzig.de/crawler_faq.html)"
139.18.2.214 - - [31/Mar/2026:21:01:24 +0000] "GET /wp-includes/css/dist/edit-post/?C=M;O=A HTTP/1.1" 200 2127 "https://weddingswithjoy.org.nz/wp-includes/css/dist/edit-post/" "LCC (+http://corpora.uni-leipzig.de/crawler_faq.html)"
74.7.227.41 - - [31/Mar/2026:21:01:34 +0000] "GET /wp-includes/js/dist/private-apis.min.js HTTP/1.1" 200 2833 "https://weddingswithjoy.org.nz/wp-includes/js/dist/" "Mozilla/5.0 AppleWebKit/537.36 (KHTML, like Gecko; compatible; GPTBot/1.3; +https://openai.com/gptbot)"
139.18.2.214 - - [31/Mar/2026:21:01:36 +0000] "GET /wp-includes/css/dist/edit-post/?C=S;O=A HTTP/1.1" 200 2127 "https://weddingswithjoy.org.nz/wp-includes/css/dist/edit-post/" "LCC (+http://corpora.uni-leipzig.de/crawler_faq.html)"
139.18.2.214 - - [31/Mar/2026:21:01:47 +0000] "GET /wp-includes/css/dist/edit-post/?C=D;O=A HTTP/1.1" 200 2127 "https://weddingswithjoy.org.nz/wp-includes/css/dist/edit-post/" "LCC (+http://corpora.uni-leipzig.de/crawler_faq.html)"
74.7.227.159 - - [31/Mar/2026:21:01:51 +0000] "GET /wp-includes/interactivity-api/class-wp-interactivity-api-directives-processor.php HTTP/1.1" 500 - "https://www.qualityprecast.co.nz/wp-includes/interactivity-api/" "Mozilla/5.0 AppleWebKit/537.36 (KHTML, like Gecko; compatible; GPTBot/1.3; +https://openai.com/gptbot)"
139.18.2.214 - - [31/Mar/2026:21:01:56 +0000] "GET /wp-includes/css/dist/edit-site/?C=N;O=D HTTP/1.1" 200 2119 "https://weddingswithjoy.org.nz/wp-includes/css/dist/edit-site/" "LCC (+http://corpora.uni-leipzig.de/crawler_faq.html)"
139.18.2.214 - - [31/Mar/2026:21:02:06 +0000] "GET /wp-includes/css/dist/edit-site/?C=M;O=A HTTP/1.1" 200 2119 "https://weddingswithjoy.org.nz/wp-includes/css/dist/edit-site/" "LCC (+http://corpora.uni-leipzig.de/crawler_faq.html)"
74.7.243.230 - - [31/Mar/2026:21:02:11 +0000] "GET /wp-includes/js/dist/views.js HTTP/1.1" 200 7988 "https://schoolofgolfnz.co.nz/wp-includes/js/dist/" "Mozilla/5.0 AppleWebKit/537.36 (KHTML, like Gecko; compatible; GPTBot/1.3; +https://openai.com/gptbot)"
139.18.2.214 - - [31/Mar/2026:21:02:17 +0000] "GET /wp-includes/css/dist/edit-site/?C=S;O=A HTTP/1.1" 200 2119 "https://weddingswithjoy.org.nz/wp-includes/css/dist/edit-site/" "LCC (+http://corpora.uni-leipzig.de/crawler_faq.html)"
74.7.227.41 - - [31/Mar/2026:21:02:19 +0000] "GET /wp-includes/js/dist/preferences-persistence.js HTTP/1.1" 200 17224 "https://weddingswithjoy.org.nz/wp-includes/js/dist/" "Mozilla/5.0 AppleWebKit/537.36 (KHTML, like Gecko; compatible; GPTBot/1.3; +https://openai.com/gptbot)"
139.18.2.214 - - [31/Mar/2026:21:02:27 +0000] "GET /wp-includes/css/dist/edit-site/?C=D;O=A HTTP/1.1" 200 2119 "https://weddingswithjoy.org.nz/wp-includes/css/dist/edit-site/" "LCC (+http://corpora.uni-leipzig.de/crawler_faq.html)"
4.205.39.97 - - [31/Mar/2026:21:02:32 +0000] "GET /wp-content/themes/seotheme/db.php?u HTTP/1.1" 404 - "www.google.com" "Mozlila/5.0 (Linux; Android 7.0; SM-G892A Bulid/NRD90M; wv) AppleWebKit/537.36 (KHTML, like Gecko) Version/4.0 Chrome/60.0.3112.107 Moblie Safari/537.36"
4.205.39.97 - - [31/Mar/2026:21:02:32 +0000] "POST /wp-plain.php HTTP/1.1" 403 4170 "www.google.com" "Mozilla/5.0 (Linux; Android 7.0; SM-G892A Bulid/NRD90M; wv) AppleWebKit/537.36 (KHTML, like Gecko) Version/4.0 Chrome/60.0.3112.107 Moblie Safari/537.36"
4.205.39.97 - - [31/Mar/2026:21:02:32 +0000] "GET /jweknpgh.php?Fox=d3wL7 HTTP/1.1" 404 16 "www.google.com" "Mozilla/5.0 (Linux; Android 7.0; SM-G892A Bulid/NRD90M; wv) AppleWebKit/537.36 (KHTML, like Gecko) Version/4.0 Chrome/60.0.3112.107 Moblie Safari/537.36"
139.18.2.214 - - [31/Mar/2026:21:02:36 +0000] "GET /wp-includes/css/dist/edit-widgets/?C=N;O=D HTTP/1.1" 200 1401 "https://weddingswithjoy.org.nz/wp-includes/css/dist/edit-widgets/" "LCC (+http://corpora.uni-leipzig.de/crawler_faq.html)"
74.7.227.159 - - [31/Mar/2026:21:02:40 +0000] "GET /wp-includes/class-wp-phpmailer.php HTTP/1.1" 500 - "https://www.qualityprecast.co.nz/wp-includes/" "Mozilla/5.0 AppleWebKit/537.36 (KHTML, like Gecko; compatible; GPTBot/1.3; +https://openai.com/gptbot)"
139.18.2.214 - - [31/Mar/2026:21:02:48 +0000] "GET /wp-includes/css/dist/edit-widgets/?C=M;O=A HTTP/1.1" 200 1401 "https://weddingswithjoy.org.nz/wp-includes/css/dist/edit-widgets/" "LCC (+http://corpora.uni-leipzig.de/crawler_faq.html)"
139.18.2.214 - - [31/Mar/2026:21:02:58 +0000] "GET /wp-includes/css/dist/edit-widgets/?C=S;O=A HTTP/1.1" 200 1401 "https://weddingswithjoy.org.nz/wp-includes/css/dist/edit-widgets/" "LCC (+http://corpora.uni-leipzig.de/crawler_faq.html)"
74.7.227.41 - - [31/Mar/2026:21:02:59 +0000] "GET /wp-includes/js/dist/edit-post.js HTTP/1.1" 200 107174 "https://weddingswithjoy.org.nz/wp-includes/js/dist/" "Mozilla/5.0 AppleWebKit/537.36 (KHTML, like Gecko; compatible; GPTBot/1.3; +https://openai.com/gptbot)"
139.18.2.214 - - [31/Mar/2026:21:03:07 +0000] "GET /wp-includes/css/dist/edit-widgets/?C=D;O=A HTTP/1.1" 200 1401 "https://weddingswithjoy.org.nz/wp-includes/css/dist/edit-widgets/" "LCC (+http://corpora.uni-leipzig.de/crawler_faq.html)"
142.93.123.109 - - [31/Mar/2026:21:03:08 +0000] "GET /.env HTTP/1.1" 404 - "-" "Mozilla/5.0 (Macintosh; Intel Mac OS X 10_15_7) AppleWebKit/537.36 (KHTML, like Gecko) Chrome/131.0.0.0 Safari/537.36"
74.7.243.230 - - [31/Mar/2026:21:03:12 +0000] "GET /wp-includes/js/dist/data.js HTTP/1.1" 200 90267 "https://schoolofgolfnz.co.nz/wp-includes/js/dist/" "Mozilla/5.0 AppleWebKit/537.36 (KHTML, like Gecko; compatible; GPTBot/1.3; +https://openai.com/gptbot)"
139.18.2.214 - - [31/Mar/2026:21:03:17 +0000] "GET /wp-includes/css/dist/editor/?C=N;O=D HTTP/1.1" 200 1389 "https://weddingswithjoy.org.nz/wp-includes/css/dist/editor/" "LCC (+http://corpora.uni-leipzig.de/crawler_faq.html)"
139.18.2.214 - - [31/Mar/2026:21:03:26 +0000] "GET /wp-includes/css/dist/editor/?C=M;O=A HTTP/1.1" 200 1389 "https://weddingswithjoy.org.nz/wp-includes/css/dist/editor/" "LCC (+http://corpora.uni-leipzig.de/crawler_faq.html)"
74.7.227.41 - - [31/Mar/2026:21:03:36 +0000] "GET /wp-includes/js/dist/block-serialization-default-parser.min.js HTTP/1.1" 200 2400 "https://weddingswithjoy.org.nz/wp-includes/js/dist/" "Mozilla/5.0 AppleWebKit/537.36 (KHTML, like Gecko; compatible; GPTBot/1.3; +https://openai.com/gptbot)"
139.18.2.214 - - [31/Mar/2026:21:03:38 +0000] "GET /wp-includes/css/dist/editor/?C=S;O=A HTTP/1.1" 200 1389 "https://weddingswithjoy.org.nz/wp-includes/css/dist/editor/" "LCC (+http://corpora.uni-leipzig.de/crawler_faq.html)"
74.7.227.159 - - [31/Mar/2026:21:03:45 +0000] "GET /wp-includes/class-wp-dependencies.php HTTP/1.1" 200 - "https://www.qualityprecast.co.nz/wp-includes/" "Mozilla/5.0 AppleWebKit/537.36 (KHTML, like Gecko; compatible; GPTBot/1.3; +https://openai.com/gptbot)"
139.18.2.214 - - [31/Mar/2026:21:03:50 +0000] "GET /wp-includes/css/dist/editor/?C=D;O=A HTTP/1.1" 200 1389 "https://weddingswithjoy.org.nz/wp-includes/css/dist/editor/" "LCC (+http://corpora.uni-leipzig.de/crawler_faq.html)"
139.18.2.214 - - [31/Mar/2026:21:04:01 +0000] "GET /wp-includes/css/dist/format-library/?C=N;O=D HTTP/1.1" 200 1405 "https://weddingswithjoy.org.nz/wp-includes/css/dist/format-library/" "LCC (+http://corpora.uni-leipzig.de/crawler_faq.html)"
74.7.243.230 - - [31/Mar/2026:21:04:06 +0000] "GET /wp-includes/js/dist/date.js HTTP/1.1" 200 809839 "https://schoolofgolfnz.co.nz/wp-includes/js/dist/" "Mozilla/5.0 AppleWebKit/537.36 (KHTML, like Gecko; compatible; GPTBot/1.3; +https://openai.com/gptbot)"
74.7.227.41 - - [31/Mar/2026:21:04:09 +0000] "GET /wp-includes/js/dist/block-serialization-default-parser.js HTTP/1.1" 200 6976 "https://weddingswithjoy.org.nz/wp-includes/js/dist/" "Mozilla/5.0 AppleWebKit/537.36 (KHTML, like Gecko; compatible; GPTBot/1.3; +https://openai.com/gptbot)"
139.18.2.214 - - [31/Mar/2026:21:04:13 +0000] "GET /wp-includes/css/dist/format-library/?C=M;O=A HTTP/1.1" 200 1405 "https://weddingswithjoy.org.nz/wp-includes/css/dist/format-library/" "LCC (+http://corpora.uni-leipzig.de/crawler_faq.html)"
66.249.70.193 - - [31/Mar/2026:21:04:23 +0000] "GET / HTTP/1.1" 200 2980 "-" "Mozilla/5.0 (Linux; Android 6.0.1; Nexus 5X Build/MMB29P) AppleWebKit/537.36 (KHTML, like Gecko) Chrome/146.0.7680.164 Mobile Safari/537.36 (compatible; Googlebot/2.1; +http://www.google.com/bot.html)"
139.18.2.214 - - [31/Mar/2026:21:04:24 +0000] "GET /wp-includes/css/dist/format-library/?C=S;O=A HTTP/1.1" 200 1405 "https://weddingswithjoy.org.nz/wp-includes/css/dist/format-library/" "LCC (+http://corpora.uni-leipzig.de/crawler_faq.html)"
139.18.2.214 - - [31/Mar/2026:21:04:33 +0000] "GET /wp-includes/css/dist/format-library/?C=D;O=A HTTP/1.1" 200 1405 "https://weddingswithjoy.org.nz/wp-includes/css/dist/format-library/" "LCC (+http://corpora.uni-leipzig.de/crawler_faq.html)"
139.18.2.214 - - [31/Mar/2026:21:04:43 +0000] "GET /wp-includes/css/dist/list-reusable-blocks/?C=N;O=D HTTP/1.1" 200 1417 "https://weddingswithjoy.org.nz/wp-includes/css/dist/list-reusable-blocks/" "LCC (+http://corpora.uni-leipzig.de/crawler_faq.html)"
74.7.227.159 - - [31/Mar/2026:21:04:46 +0000] "GET /wp-includes/class-wp-textdomain-registry.php HTTP/1.1" 200 - "https://www.qualityprecast.co.nz/wp-includes/" "Mozilla/5.0 AppleWebKit/537.36 (KHTML, like Gecko; compatible; GPTBot/1.3; +https://openai.com/gptbot)"
139.18.2.214 - - [31/Mar/2026:21:04:54 +0000] "GET /wp-includes/css/dist/list-reusable-blocks/?C=M;O=A HTTP/1.1" 200 1417 "https://weddingswithjoy.org.nz/wp-includes/css/dist/list-reusable-blocks/" "LCC (+http://corpora.uni-leipzig.de/crawler_faq.html)"
74.7.243.230 - - [31/Mar/2026:21:04:55 +0000] "GET /wp-includes/js/dist/vendor/ HTTP/1.1" 200 6567 "https://schoolofgolfnz.co.nz/wp-includes/js/dist/" "Mozilla/5.0 AppleWebKit/537.36 (KHTML, like Gecko; compatible; GPTBot/1.3; +https://openai.com/gptbot)"
139.18.2.214 - - [31/Mar/2026:21:05:07 +0000] "GET /wp-includes/css/dist/list-reusable-blocks/?C=S;O=A HTTP/1.1" 200 1417 "https://weddingswithjoy.org.nz/wp-includes/css/dist/list-reusable-blocks/" "LCC (+http://corpora.uni-leipzig.de/crawler_faq.html)"
74.7.227.41 - - [31/Mar/2026:21:05:07 +0000] "GET /wp-includes/js/dist/admin-ui.min.js HTTP/1.1" 200 2157 "https://weddingswithjoy.org.nz/wp-includes/js/dist/" "Mozilla/5.0 AppleWebKit/537.36 (KHTML, like Gecko; compatible; GPTBot/1.3; +https://openai.com/gptbot)"
139.18.2.214 - - [31/Mar/2026:21:05:18 +0000] "GET /wp-includes/css/dist/list-reusable-blocks/?C=D;O=A HTTP/1.1" 200 1417 "https://weddingswithjoy.org.nz/wp-includes/css/dist/list-reusable-blocks/" "LCC (+http://corpora.uni-leipzig.de/crawler_faq.html)"
139.18.2.214 - - [31/Mar/2026:21:05:27 +0000] "GET /wp-includes/css/dist/nux/?C=N;O=D HTTP/1.1" 200 1383 "https://weddingswithjoy.org.nz/wp-includes/css/dist/nux/" "LCC (+http://corpora.uni-leipzig.de/crawler_faq.html)"
74.7.227.41 - - [31/Mar/2026:21:05:35 +0000] "GET /wp-includes/IXR/class-IXR-introspectionserver.php HTTP/1.1" 500 - "https://weddingswithjoy.org.nz/wp-includes/IXR/" "Mozilla/5.0 AppleWebKit/537.36 (KHTML, like Gecko; compatible; GPTBot/1.3; +https://openai.com/gptbot)"
139.18.2.214 - - [31/Mar/2026:21:05:38 +0000] "GET /wp-includes/css/dist/nux/?C=M;O=A HTTP/1.1" 200 1383 "https://weddingswithjoy.org.nz/wp-includes/css/dist/nux/" "LCC (+http://corpora.uni-leipzig.de/crawler_faq.html)"
74.7.227.159 - - [31/Mar/2026:21:05:41 +0000] "GET /wp-includes/class-wp-theme-json-data.php HTTP/1.1" 200 - "https://www.qualityprecast.co.nz/wp-includes/" "Mozilla/5.0 AppleWebKit/537.36 (KHTML, like Gecko; compatible; GPTBot/1.3; +https://openai.com/gptbot)"
74.7.243.230 - - [31/Mar/2026:21:05:42 +0000] "GET /wp-includes/js/dist/nux.js HTTP/1.1" 200 10126 "https://schoolofgolfnz.co.nz/wp-includes/js/dist/" "Mozilla/5.0 AppleWebKit/537.36 (KHTML, like Gecko; compatible; GPTBot/1.3; +https://openai.com/gptbot)"
139.18.2.214 - - [31/Mar/2026:21:05:48 +0000] "GET /wp-includes/css/dist/nux/?C=S;O=A HTTP/1.1" 200 1383 "https://weddingswithjoy.org.nz/wp-includes/css/dist/nux/" "LCC (+http://corpora.uni-leipzig.de/crawler_faq.html)"
139.18.2.214 - - [31/Mar/2026:21:05:57 +0000] "GET /wp-includes/css/dist/nux/?C=D;O=A HTTP/1.1" 200 1383 "https://weddingswithjoy.org.nz/wp-includes/css/dist/nux/" "LCC (+http://corpora.uni-leipzig.de/crawler_faq.html)"
74.7.227.41 - - [31/Mar/2026:21:06:01 +0000] "GET /wp-includes/js/dist/preferences-persistence.min.js HTTP/1.1" 200 5457 "https://weddingswithjoy.org.nz/wp-includes/js/dist/" "Mozilla/5.0 AppleWebKit/537.36 (KHTML, like Gecko; compatible; GPTBot/1.3; +https://openai.com/gptbot)"
139.18.2.214 - - [31/Mar/2026:21:06:08 +0000] "GET /wp-includes/css/dist/patterns/?C=N;O=D HTTP/1.1" 200 1393 "https://weddingswithjoy.org.nz/wp-includes/css/dist/patterns/" "LCC (+http://corpora.uni-leipzig.de/crawler_faq.html)"
139.18.2.214 - - [31/Mar/2026:21:06:23 +0000] "GET /wp-includes/css/dist/patterns/?C=M;O=A HTTP/1.1" 200 1393 "https://weddingswithjoy.org.nz/wp-includes/css/dist/patterns/" "LCC (+http://corpora.uni-leipzig.de/crawler_faq.html)"
74.7.243.230 - - [31/Mar/2026:21:06:24 +0000] "GET /wp-includes/js/dist/dom.js HTTP/1.1" 200 35001 "https://schoolofgolfnz.co.nz/wp-includes/js/dist/" "Mozilla/5.0 AppleWebKit/537.36 (KHTML, like Gecko; compatible; GPTBot/1.3; +https://openai.com/gptbot)"
74.7.227.159 - - [31/Mar/2026:21:06:32 +0000] "GET /wp-includes/robots-template.php HTTP/1.1" 200 - "https://www.qualityprecast.co.nz/wp-includes/" "Mozilla/5.0 AppleWebKit/537.36 (KHTML, like Gecko; compatible; GPTBot/1.3; +https://openai.com/gptbot)"
139.18.2.214 - - [31/Mar/2026:21:06:37 +0000] "GET /wp-includes/css/dist/patterns/?C=S;O=A HTTP/1.1" 200 1393 "https://weddingswithjoy.org.nz/wp-includes/css/dist/patterns/" "LCC (+http://corpora.uni-leipzig.de/crawler_faq.html)"
139.18.2.214 - - [31/Mar/2026:21:06:50 +0000] "GET /wp-includes/css/dist/patterns/?C=D;O=A HTTP/1.1" 200 1393 "https://weddingswithjoy.org.nz/wp-includes/css/dist/patterns/" "LCC (+http://corpora.uni-leipzig.de/crawler_faq.html)"
74.7.227.41 - - [31/Mar/2026:21:07:02 +0000] "GET /wp-includes/js/dist/html-entities.min.js HTTP/1.1" 200 792 "https://weddingswithjoy.org.nz/wp-includes/js/dist/" "Mozilla/5.0 AppleWebKit/537.36 (KHTML, like Gecko; compatible; GPTBot/1.3; +https://openai.com/gptbot)"
139.18.2.214 - - [31/Mar/2026:21:07:02 +0000] "GET /wp-includes/css/dist/preferences/?C=N;O=D HTTP/1.1" 200 1399 "https://weddingswithjoy.org.nz/wp-includes/css/dist/preferences/" "LCC (+http://corpora.uni-leipzig.de/crawler_faq.html)"
74.7.243.230 - - [31/Mar/2026:21:07:03 +0000] "GET /wp-includes/Text/Diff/Renderer/ HTTP/1.1" 200 850 "https://schoolofgolfnz.co.nz/wp-includes/Text/Diff/" "Mozilla/5.0 AppleWebKit/537.36 (KHTML, like Gecko; compatible; GPTBot/1.3; +https://openai.com/gptbot)"
139.18.2.214 - - [31/Mar/2026:21:07:14 +0000] "GET /wp-includes/css/dist/preferences/?C=M;O=A HTTP/1.1" 200 1399 "https://weddingswithjoy.org.nz/wp-includes/css/dist/preferences/" "LCC (+http://corpora.uni-leipzig.de/crawler_faq.html)"
74.7.227.159 - - [31/Mar/2026:21:07:19 +0000] "GET /wp-includes/template-loader.php HTTP/1.1" 500 - "https://www.qualityprecast.co.nz/wp-includes/" "Mozilla/5.0 AppleWebKit/537.36 (KHTML, like Gecko; compatible; GPTBot/1.3; +https://openai.com/gptbot)"
139.18.2.214 - - [31/Mar/2026:21:07:26 +0000] "GET /wp-includes/css/dist/preferences/?C=S;O=A HTTP/1.1" 200 1399 "https://weddingswithjoy.org.nz/wp-includes/css/dist/preferences/" "LCC (+http://corpora.uni-leipzig.de/crawler_faq.html)"
74.7.243.230 - - [31/Mar/2026:21:07:37 +0000] "GET /wp-includes/IXR/?C=D;O=D HTTP/1.1" 200 2538 "https://schoolofgolfnz.co.nz/wp-includes/IXR/?C=D;O=A" "Mozilla/5.0 AppleWebKit/537.36 (KHTML, like Gecko; compatible; GPTBot/1.3; +https://openai.com/gptbot)"
139.18.2.214 - - [31/Mar/2026:21:07:37 +0000] "GET /wp-includes/css/dist/preferences/?C=D;O=A HTTP/1.1" 200 1399 "https://weddingswithjoy.org.nz/wp-includes/css/dist/preferences/" "LCC (+http://corpora.uni-leipzig.de/crawler_faq.html)"
167.86.95.210 - - [31/Mar/2026:21:07:45 +0000] "GET /.env HTTP/1.1" 404 - "-" "Mozilla/5.0 (Windows NT 6.1; WOW64) AppleWebKit/537.36 (KHTML, like Gecko) Chrome/66.0.3359.181 Safari/537.36"
139.18.2.214 - - [31/Mar/2026:21:07:48 +0000] "GET /wp-includes/css/dist/reusable-blocks/?C=N;O=D HTTP/1.1" 200 1407 "https://weddingswithjoy.org.nz/wp-includes/css/dist/reusable-blocks/" "LCC (+http://corpora.uni-leipzig.de/crawler_faq.html)"
74.7.227.41 - - [31/Mar/2026:21:07:57 +0000] "GET /wp-includes/js/dist/token-list.min.js HTTP/1.1" 200 1299 "https://weddingswithjoy.org.nz/wp-includes/js/dist/" "Mozilla/5.0 AppleWebKit/537.36 (KHTML, like Gecko; compatible; GPTBot/1.3; +https://openai.com/gptbot)"
74.7.227.159 - - [31/Mar/2026:21:07:59 +0000] "GET /wp-includes/https-migration.php HTTP/1.1" 200 - "https://www.qualityprecast.co.nz/wp-includes/" "Mozilla/5.0 AppleWebKit/537.36 (KHTML, like Gecko; compatible; GPTBot/1.3; +https://openai.com/gptbot)"
139.18.2.214 - - [31/Mar/2026:21:07:59 +0000] "GET /wp-includes/css/dist/reusable-blocks/?C=M;O=A HTTP/1.1" 200 1407 "https://weddingswithjoy.org.nz/wp-includes/css/dist/reusable-blocks/" "LCC (+http://corpora.uni-leipzig.de/crawler_faq.html)"
74.7.243.230 - - [31/Mar/2026:21:08:07 +0000] "GET /wp-includes/html-api/class-wp-html-tag-processor.php HTTP/1.1" 200 - "https://schoolofgolfnz.co.nz/wp-includes/html-api/" "Mozilla/5.0 AppleWebKit/537.36 (KHTML, like Gecko; compatible; GPTBot/1.3; +https://openai.com/gptbot)"
139.18.2.214 - - [31/Mar/2026:21:08:09 +0000] "GET /wp-includes/css/dist/reusable-blocks/?C=S;O=A HTTP/1.1" 200 1407 "https://weddingswithjoy.org.nz/wp-includes/css/dist/reusable-blocks/" "LCC (+http://corpora.uni-leipzig.de/crawler_faq.html)"
139.18.2.214 - - [31/Mar/2026:21:08:18 +0000] "GET /wp-includes/css/dist/reusable-blocks/?C=D;O=A HTTP/1.1" 200 1407 "https://weddingswithjoy.org.nz/wp-includes/css/dist/reusable-blocks/" "LCC (+http://corpora.uni-leipzig.de/crawler_faq.html)"
139.18.2.214 - - [31/Mar/2026:21:08:29 +0000] "GET /wp-includes/css/dist/widgets/?C=N;O=D HTTP/1.1" 200 1391 "https://weddingswithjoy.org.nz/wp-includes/css/dist/widgets/" "LCC (+http://corpora.uni-leipzig.de/crawler_faq.html)"
74.7.243.230 - - [31/Mar/2026:21:08:33 +0000] "GET /wp-includes/js/comment-reply.js HTTP/1.1" 200 12513 "https://schoolofgolfnz.co.nz/wp-includes/js/" "Mozilla/5.0 AppleWebKit/537.36 (KHTML, like Gecko; compatible; GPTBot/1.3; +https://openai.com/gptbot)"
139.18.2.214 - - [31/Mar/2026:21:08:38 +0000] "GET /wp-includes/css/dist/widgets/?C=M;O=A HTTP/1.1" 200 1391 "https://weddingswithjoy.org.nz/wp-includes/css/dist/widgets/" "LCC (+http://corpora.uni-leipzig.de/crawler_faq.html)"
204.76.203.25 - - [31/Mar/2026:21:08:43 +0000] "GET /.env HTTP/1.1" 404 - "-" "Mozilla/5.0 (Windows NT 10.0; Win64; x64) AppleWebKit/537.36 (KHTML, like Gecko) Chrome/134.0.0.0 Safari/537.3"
139.18.2.214 - - [31/Mar/2026:21:08:47 +0000] "GET /wp-includes/css/dist/widgets/?C=S;O=A HTTP/1.1" 200 1391 "https://weddingswithjoy.org.nz/wp-includes/css/dist/widgets/" "LCC (+http://corpora.uni-leipzig.de/crawler_faq.html)"
74.7.227.41 - - [31/Mar/2026:21:08:50 +0000] "GET /wp-includes/js/dist/is-shallow-equal.min.js HTTP/1.1" 200 1018 "https://weddingswithjoy.org.nz/wp-includes/js/dist/" "Mozilla/5.0 AppleWebKit/537.36 (KHTML, like Gecko; compatible; GPTBot/1.3; +https://openai.com/gptbot)"
74.7.243.230 - - [31/Mar/2026:21:08:57 +0000] "GET /wp-includes/js/dist/'%20+%20lnk%20+%20' HTTP/1.1" 404 - "https://schoolofgolfnz.co.nz/wp-includes/js/dist/blocks.js" "Mozilla/5.0 AppleWebKit/537.36 (KHTML, like Gecko; compatible; GPTBot/1.3; +https://openai.com/gptbot)"
139.18.2.214 - - [31/Mar/2026:21:08:58 +0000] "GET /wp-includes/css/dist/widgets/?C=D;O=A HTTP/1.1" 200 1391 "https://weddingswithjoy.org.nz/wp-includes/css/dist/widgets/" "LCC (+http://corpora.uni-leipzig.de/crawler_faq.html)"
74.7.227.159 - - [31/Mar/2026:21:09:02 +0000] "GET /wp-includes/class-simplepie.php HTTP/1.1" 500 - "https://www.qualityprecast.co.nz/wp-includes/" "Mozilla/5.0 AppleWebKit/537.36 (KHTML, like Gecko; compatible; GPTBot/1.3; +https://openai.com/gptbot)"
139.18.2.214 - - [31/Mar/2026:21:09:07 +0000] "GET /wp-includes/images/crystal/?C=N;O=A HTTP/1.1" 200 2450 "https://weddingswithjoy.org.nz/wp-includes/images/crystal/?C=N;O=D" "LCC (+http://corpora.uni-leipzig.de/crawler_faq.html)"
139.18.2.214 - - [31/Mar/2026:21:09:18 +0000] "GET /wp-includes/images/crystal/?C=M;O=D HTTP/1.1" 200 2450 "https://weddingswithjoy.org.nz/wp-includes/images/crystal/?C=M;O=A" "LCC (+http://corpora.uni-leipzig.de/crawler_faq.html)"
74.7.243.230 - - [31/Mar/2026:21:09:20 +0000] "GET /wp-includes/js/dist/'%20+%20url%20+%20' HTTP/1.1" 404 - "https://schoolofgolfnz.co.nz/wp-includes/js/dist/blocks.js" "Mozilla/5.0 AppleWebKit/537.36 (KHTML, like Gecko; compatible; GPTBot/1.3; +https://openai.com/gptbot)"
139.18.2.214 - - [31/Mar/2026:21:09:28 +0000] "GET /wp-includes/images/crystal/?C=S;O=D HTTP/1.1" 200 2450 "https://weddingswithjoy.org.nz/wp-includes/images/crystal/?C=S;O=A" "LCC (+http://corpora.uni-leipzig.de/crawler_faq.html)"
74.7.227.41 - - [31/Mar/2026:21:09:38 +0000] "GET /wp-includes/js/dist/latex-to-mathml.min.js HTTP/1.1" 200 196627 "https://weddingswithjoy.org.nz/wp-includes/js/dist/" "Mozilla/5.0 AppleWebKit/537.36 (KHTML, like Gecko; compatible; GPTBot/1.3; +https://openai.com/gptbot)"
139.18.2.214 - - [31/Mar/2026:21:09:39 +0000] "GET /wp-includes/images/crystal/?C=D;O=D HTTP/1.1" 200 2450 "https://weddingswithjoy.org.nz/wp-includes/images/crystal/?C=D;O=A" "LCC (+http://corpora.uni-leipzig.de/crawler_faq.html)"
74.7.243.230 - - [31/Mar/2026:21:09:41 +0000] "GET /wp-includes/js/dist/redux.mjs.map HTTP/1.1" 404 - "https://schoolofgolfnz.co.nz/wp-includes/js/dist/data.js" "Mozilla/5.0 AppleWebKit/537.36 (KHTML, like Gecko; compatible; GPTBot/1.3; +https://openai.com/gptbot)"
139.18.2.214 - - [31/Mar/2026:21:09:50 +0000] "GET /wp-includes/images/media/?C=N;O=A HTTP/1.1" 200 3877 "https://weddingswithjoy.org.nz/wp-includes/images/media/?C=N;O=D" "LCC (+http://corpora.uni-leipzig.de/crawler_faq.html)"
74.7.227.159 - - [31/Mar/2026:21:09:59 +0000] "GET /wp-includes/theme-templates.php HTTP/1.1" 200 - "https://www.qualityprecast.co.nz/wp-includes/" "Mozilla/5.0 AppleWebKit/537.36 (KHTML, like Gecko; compatible; GPTBot/1.3; +https://openai.com/gptbot)"
139.18.2.214 - - [31/Mar/2026:21:10:01 +0000] "GET /wp-includes/images/media/?C=M;O=D HTTP/1.1" 200 3877 "https://weddingswithjoy.org.nz/wp-includes/images/media/?C=M;O=A" "LCC (+http://corpora.uni-leipzig.de/crawler_faq.html)"
74.7.243.230 - - [31/Mar/2026:21:10:03 +0000] "GET /wp-includes/js/wp-list-revisions.js HTTP/1.1" 200 970 "https://schoolofgolfnz.co.nz/wp-includes/js/" "Mozilla/5.0 AppleWebKit/537.36 (KHTML, like Gecko; compatible; GPTBot/1.3; +https://openai.com/gptbot)"
139.18.2.214 - - [31/Mar/2026:21:10:14 +0000] "GET /wp-includes/images/media/?C=S;O=D HTTP/1.1" 200 3877 "https://weddingswithjoy.org.nz/wp-includes/images/media/?C=S;O=A" "LCC (+http://corpora.uni-leipzig.de/crawler_faq.html)"
74.7.227.41 - - [31/Mar/2026:21:10:20 +0000] "GET /wp-includes/js/dist/server-side-render.min.js HTTP/1.1" 200 3151 "https://weddingswithjoy.org.nz/wp-includes/js/dist/" "Mozilla/5.0 AppleWebKit/537.36 (KHTML, like Gecko; compatible; GPTBot/1.3; +https://openai.com/gptbot)"
74.7.243.230 - - [31/Mar/2026:21:10:25 +0000] "GET /wp-includes/js/dist/vendor/wp-polyfill-url.min.js HTTP/1.1" 200 47075 "https://schoolofgolfnz.co.nz/wp-includes/js/dist/vendor/" "Mozilla/5.0 AppleWebKit/537.36 (KHTML, like Gecko; compatible; GPTBot/1.3; +https://openai.com/gptbot)"
139.18.2.214 - - [31/Mar/2026:21:10:26 +0000] "GET /wp-includes/images/media/?C=D;O=D HTTP/1.1" 200 3877 "https://weddingswithjoy.org.nz/wp-includes/images/media/?C=D;O=A" "LCC (+http://corpora.uni-leipzig.de/crawler_faq.html)"
139.18.2.214 - - [31/Mar/2026:21:10:37 +0000] "GET /wp-includes/images/smilies/?C=N;O=A HTTP/1.1" 200 5397 "https://weddingswithjoy.org.nz/wp-includes/images/smilies/?C=N;O=D" "LCC (+http://corpora.uni-leipzig.de/crawler_faq.html)"
74.7.243.230 - - [31/Mar/2026:21:10:45 +0000] "GET /wp-includes/js/dist/vendor/wp-polyfill-url.js HTTP/1.1" 200 110332 "https://schoolofgolfnz.co.nz/wp-includes/js/dist/vendor/" "Mozilla/5.0 AppleWebKit/537.36 (KHTML, like Gecko; compatible; GPTBot/1.3; +https://openai.com/gptbot)"
139.18.2.214 - - [31/Mar/2026:21:10:53 +0000] "GET /wp-includes/images/smilies/?C=M;O=D HTTP/1.1" 200 5397 "https://weddingswithjoy.org.nz/wp-includes/images/smilies/?C=M;O=A" "LCC (+http://corpora.uni-leipzig.de/crawler_faq.html)"
74.7.227.41 - - [31/Mar/2026:21:10:57 +0000] "GET /wp-includes/js/dist/block-library.min.js HTTP/1.1" 200 983039 "https://weddingswithjoy.org.nz/wp-includes/js/dist/" "Mozilla/5.0 AppleWebKit/537.36 (KHTML, like Gecko; compatible; GPTBot/1.3; +https://openai.com/gptbot)"
74.7.243.230 - - [31/Mar/2026:21:11:03 +0000] "GET /wp-includes/js/dist/vendor/react.min.js HTTP/1.1" 200 10628 "https://schoolofgolfnz.co.nz/wp-includes/js/dist/vendor/" "Mozilla/5.0 AppleWebKit/537.36 (KHTML, like Gecko; compatible; GPTBot/1.3; +https://openai.com/gptbot)"
74.7.227.159 - - [31/Mar/2026:21:11:03 +0000] "GET /wp-includes/https-detection.php HTTP/1.1" 200 - "https://www.qualityprecast.co.nz/wp-includes/" "Mozilla/5.0 AppleWebKit/537.36 (KHTML, like Gecko; compatible; GPTBot/1.3; +https://openai.com/gptbot)"
139.18.2.214 - - [31/Mar/2026:21:11:06 +0000] "GET /wp-includes/images/smilies/?C=S;O=D HTTP/1.1" 200 5397 "https://weddingswithjoy.org.nz/wp-includes/images/smilies/?C=S;O=A" "LCC (+http://corpora.uni-leipzig.de/crawler_faq.html)"
139.18.2.214 - - [31/Mar/2026:21:11:17 +0000] "GET /wp-includes/images/smilies/?C=D;O=D HTTP/1.1" 200 5397 "https://weddingswithjoy.org.nz/wp-includes/images/smilies/?C=D;O=A" "LCC (+http://corpora.uni-leipzig.de/crawler_faq.html)"
74.7.243.230 - - [31/Mar/2026:21:11:19 +0000] "GET /wp-includes/Text/Diff/Renderer/?C=N;O=D HTTP/1.1" 200 850 "https://schoolofgolfnz.co.nz/wp-includes/Text/Diff/Renderer/" "Mozilla/5.0 AppleWebKit/537.36 (KHTML, like Gecko; compatible; GPTBot/1.3; +https://openai.com/gptbot)"
139.18.2.214 - - [31/Mar/2026:21:11:29 +0000] "GET /wp-includes/js/codemirror/?C=N;O=A HTTP/1.1" 200 2105 "https://weddingswithjoy.org.nz/wp-includes/js/codemirror/?C=N;O=D" "LCC (+http://corpora.uni-leipzig.de/crawler_faq.html)"
74.7.227.41 - - [31/Mar/2026:21:11:31 +0000] "GET /wp-includes/js/dist/data-controls.min.js HTTP/1.1" 200 1472 "https://weddingswithjoy.org.nz/wp-includes/js/dist/" "Mozilla/5.0 AppleWebKit/537.36 (KHTML, like Gecko; compatible; GPTBot/1.3; +https://openai.com/gptbot)"
74.7.243.230 - - [31/Mar/2026:21:11:34 +0000] "GET /wp-includes/js/dist/vendor/react-dom.js HTTP/1.1" 200 1080227 "https://schoolofgolfnz.co.nz/wp-includes/js/dist/vendor/" "Mozilla/5.0 AppleWebKit/537.36 (KHTML, like Gecko; compatible; GPTBot/1.3; +https://openai.com/gptbot)"
139.18.2.214 - - [31/Mar/2026:21:11:41 +0000] "GET /wp-includes/js/codemirror/?C=M;O=D HTTP/1.1" 200 2105 "https://weddingswithjoy.org.nz/wp-includes/js/codemirror/?C=M;O=A" "LCC (+http://corpora.uni-leipzig.de/crawler_faq.html)"
74.7.243.230 - - [31/Mar/2026:21:11:47 +0000] "GET /wp-includes/js/dist/vendor/react-dom.min.js HTTP/1.1" 200 128946 "https://schoolofgolfnz.co.nz/wp-includes/js/dist/vendor/" "Mozilla/5.0 AppleWebKit/537.36 (KHTML, like Gecko; compatible; GPTBot/1.3; +https://openai.com/gptbot)"
139.18.2.214 - - [31/Mar/2026:21:11:52 +0000] "GET /wp-includes/js/codemirror/?C=S;O=D HTTP/1.1" 200 2105 "https://weddingswithjoy.org.nz/wp-includes/js/codemirror/?C=S;O=A" "LCC (+http://corpora.uni-leipzig.de/crawler_faq.html)"
74.7.227.159 - - [31/Mar/2026:21:11:57 +0000] "GET /wp-includes/template-canvas.php HTTP/1.1" 500 - "https://www.qualityprecast.co.nz/wp-includes/" "Mozilla/5.0 AppleWebKit/537.36 (KHTML, like Gecko; compatible; GPTBot/1.3; +https://openai.com/gptbot)"
74.7.243.230 - - [31/Mar/2026:21:11:59 +0000] "GET /wp-includes/js/dist/vendor/moment.min.js HTTP/1.1" 200 58812 "https://schoolofgolfnz.co.nz/wp-includes/js/dist/vendor/" "Mozilla/5.0 AppleWebKit/537.36 (KHTML, like Gecko; compatible; GPTBot/1.3; +https://openai.com/gptbot)"
139.18.2.214 - - [31/Mar/2026:21:12:01 +0000] "GET /wp-includes/js/codemirror/?C=D;O=D HTTP/1.1" 200 2105 "https://weddingswithjoy.org.nz/wp-includes/js/codemirror/?C=D;O=A" "LCC (+http://corpora.uni-leipzig.de/crawler_faq.html)"
74.7.227.41 - - [31/Mar/2026:21:12:02 +0000] "GET /wp-includes/js/dist/core-commands.min.js HTTP/1.1" 200 10639 "https://weddingswithjoy.org.nz/wp-includes/js/dist/" "Mozilla/5.0 AppleWebKit/537.36 (KHTML, like Gecko; compatible; GPTBot/1.3; +https://openai.com/gptbot)"
74.7.243.230 - - [31/Mar/2026:21:12:09 +0000] "GET /wp-includes/js/dist/vendor/lodash.min.js HTTP/1.1" 200 70707 "https://schoolofgolfnz.co.nz/wp-includes/js/dist/vendor/" "Mozilla/5.0 AppleWebKit/537.36 (KHTML, like Gecko; compatible; GPTBot/1.3; +https://openai.com/gptbot)"
139.18.2.214 - - [31/Mar/2026:21:12:12 +0000] "GET /wp-includes/js/crop/?C=N;O=A HTTP/1.1" 200 1367 "https://weddingswithjoy.org.nz/wp-includes/js/crop/?C=N;O=D" "LCC (+http://corpora.uni-leipzig.de/crawler_faq.html)"
74.7.243.230 - - [31/Mar/2026:21:12:18 +0000] "GET /wp-includes/js/dist/vendor/react-jsx-runtime.min.js HTTP/1.1" 200 900 "https://schoolofgolfnz.co.nz/wp-includes/js/dist/vendor/" "Mozilla/5.0 AppleWebKit/537.36 (KHTML, like Gecko; compatible; GPTBot/1.3; +https://openai.com/gptbot)"
139.18.2.214 - - [31/Mar/2026:21:12:23 +0000] "GET /wp-includes/js/crop/?C=M;O=D HTTP/1.1" 200 1367 "https://weddingswithjoy.org.nz/wp-includes/js/crop/?C=M;O=A" "LCC (+http://corpora.uni-leipzig.de/crawler_faq.html)"
74.7.243.230 - - [31/Mar/2026:21:12:27 +0000] "GET /wp-includes/js/dist/vendor/regenerator-runtime.min.js HTTP/1.1" 200 6598 "https://schoolofgolfnz.co.nz/wp-includes/js/dist/vendor/" "Mozilla/5.0 AppleWebKit/537.36 (KHTML, like Gecko; compatible; GPTBot/1.3; +https://openai.com/gptbot)"
74.7.227.41 - - [31/Mar/2026:21:12:29 +0000] "GET /wp-includes/js/dist/redux-routine.min.js HTTP/1.1" 200 8889 "https://weddingswithjoy.org.nz/wp-includes/js/dist/" "Mozilla/5.0 AppleWebKit/537.36 (KHTML, like Gecko; compatible; GPTBot/1.3; +https://openai.com/gptbot)"
139.18.2.214 - - [31/Mar/2026:21:12:32 +0000] "GET /wp-includes/js/crop/?C=S;O=D HTTP/1.1" 200 1367 "https://weddingswithjoy.org.nz/wp-includes/js/crop/?C=S;O=A" "LCC (+http://corpora.uni-leipzig.de/crawler_faq.html)"
74.7.243.230 - - [31/Mar/2026:21:12:34 +0000] "GET /wp-includes/js/dist/vendor/regenerator-runtime.js HTTP/1.1" 200 25307 "https://schoolofgolfnz.co.nz/wp-includes/js/dist/vendor/" "Mozilla/5.0 AppleWebKit/537.36 (KHTML, like Gecko; compatible; GPTBot/1.3; +https://openai.com/gptbot)"
74.7.243.230 - - [31/Mar/2026:21:12:42 +0000] "GET /wp-includes/js/dist/vendor/react-jsx-runtime.js HTTP/1.1" 200 47276 "https://schoolofgolfnz.co.nz/wp-includes/js/dist/vendor/" "Mozilla/5.0 AppleWebKit/537.36 (KHTML, like Gecko; compatible; GPTBot/1.3; +https://openai.com/gptbot)"
139.18.2.214 - - [31/Mar/2026:21:12:42 +0000] "GET /wp-includes/js/crop/?C=D;O=D HTTP/1.1" 200 1367 "https://weddingswithjoy.org.nz/wp-includes/js/crop/?C=D;O=A" "LCC (+http://corpora.uni-leipzig.de/crawler_faq.html)"
74.7.243.230 - - [31/Mar/2026:21:12:47 +0000] "GET /wp-includes/js/tinymce/plugins/colorpicker/ HTTP/1.1" 200 1063 "https://schoolofgolfnz.co.nz/wp-includes/js/tinymce/plugins/" "Mozilla/5.0 AppleWebKit/537.36 (KHTML, like Gecko; compatible; GPTBot/1.3; +https://openai.com/gptbot)"
74.7.227.159 - - [31/Mar/2026:21:12:50 +0000] "GET /wp-includes/class-wp-theme-json-schema.php HTTP/1.1" 200 - "https://www.qualityprecast.co.nz/wp-includes/" "Mozilla/5.0 AppleWebKit/537.36 (KHTML, like Gecko; compatible; GPTBot/1.3; +https://openai.com/gptbot)"
74.7.243.230 - - [31/Mar/2026:21:12:53 +0000] "GET /wp-includes/Text/Diff/Engine/ HTTP/1.1" 200 1378 "https://schoolofgolfnz.co.nz/wp-includes/Text/Diff/" "Mozilla/5.0 AppleWebKit/537.36 (KHTML, like Gecko; compatible; GPTBot/1.3; +https://openai.com/gptbot)"
139.18.2.214 - - [31/Mar/2026:21:12:53 +0000] "GET /wp-includes/js/dist/?C=N;O=A HTTP/1.1" 200 24289 "https://weddingswithjoy.org.nz/wp-includes/js/dist/?C=N;O=D" "LCC (+http://corpora.uni-leipzig.de/crawler_faq.html)"
74.7.227.41 - - [31/Mar/2026:21:12:54 +0000] "GET /wp-includes/js/dist/keyboard-shortcuts.min.js HTTP/1.1" 200 3056 "https://weddingswithjoy.org.nz/wp-includes/js/dist/" "Mozilla/5.0 AppleWebKit/537.36 (KHTML, like Gecko; compatible; GPTBot/1.3; +https://openai.com/gptbot)"
74.7.243.230 - - [31/Mar/2026:21:12:58 +0000] "GET /wp-includes/sodium_compat/src/Core32/Util.php HTTP/1.1" 500 - "https://schoolofgolfnz.co.nz/wp-includes/sodium_compat/src/Core32/" "Mozilla/5.0 AppleWebKit/537.36 (KHTML, like Gecko; compatible; GPTBot/1.3; +https://openai.com/gptbot)"
74.7.243.230 - - [31/Mar/2026:21:13:03 +0000] "GET /wp-includes/js/underscore.min.js HTTP/1.1" 200 18905 "https://schoolofgolfnz.co.nz/wp-includes/js/" "Mozilla/5.0 AppleWebKit/537.36 (KHTML, like Gecko; compatible; GPTBot/1.3; +https://openai.com/gptbot)"
139.18.2.214 - - [31/Mar/2026:21:13:09 +0000] "GET /wp-includes/js/dist/?C=M;O=D HTTP/1.1" 200 24289 "https://weddingswithjoy.org.nz/wp-includes/js/dist/?C=M;O=A" "LCC (+http://corpora.uni-leipzig.de/crawler_faq.html)"
74.7.227.41 - - [31/Mar/2026:21:13:15 +0000] "GET /wp-includes/js/dist/escape-html.min.js HTTP/1.1" 200 1000 "https://weddingswithjoy.org.nz/wp-includes/js/dist/" "Mozilla/5.0 AppleWebKit/537.36 (KHTML, like Gecko; compatible; GPTBot/1.3; +https://openai.com/gptbot)"
74.7.243.230 - - [31/Mar/2026:21:13:16 +0000] "GET /wp-includes/sodium_compat/src/Core32/SipHash.php HTTP/1.1" 500 - "https://schoolofgolfnz.co.nz/wp-includes/sodium_compat/src/Core32/" "Mozilla/5.0 AppleWebKit/537.36 (KHTML, like Gecko; compatible; GPTBot/1.3; +https://openai.com/gptbot)"
139.18.2.214 - - [31/Mar/2026:21:13:21 +0000] "GET /wp-includes/js/dist/?C=S;O=D HTTP/1.1" 200 24289 "https://weddingswithjoy.org.nz/wp-includes/js/dist/?C=S;O=A" "LCC (+http://corpora.uni-leipzig.de/crawler_faq.html)"
74.7.243.230 - - [31/Mar/2026:21:13:28 +0000] "GET /wp-includes/js/dist/$%7Bthis.src%7D HTTP/1.1" 404 - "https://schoolofgolfnz.co.nz/wp-includes/js/dist/latex-to-mathml.js" "Mozilla/5.0 AppleWebKit/537.36 (KHTML, like Gecko; compatible; GPTBot/1.3; +https://openai.com/gptbot)"
74.7.227.41 - - [31/Mar/2026:21:13:35 +0000] "GET /wp-includes/js/dist/block-editor.min.js HTTP/1.1" 200 892243 "https://weddingswithjoy.org.nz/wp-includes/js/dist/" "Mozilla/5.0 AppleWebKit/537.36 (KHTML, like Gecko; compatible; GPTBot/1.3; +https://openai.com/gptbot)"
139.18.2.214 - - [31/Mar/2026:21:13:37 +0000] "GET /wp-includes/js/dist/?C=D;O=D HTTP/1.1" 200 24289 "https://weddingswithjoy.org.nz/wp-includes/js/dist/?C=D;O=A" "LCC (+http://corpora.uni-leipzig.de/crawler_faq.html)"
139.18.2.214 - - [31/Mar/2026:21:13:51 +0000] "GET /wp-includes/js/dist/development/?C=N;O=D HTTP/1.1" 200 1453 "https://weddingswithjoy.org.nz/wp-includes/js/dist/development/" "LCC (+http://corpora.uni-leipzig.de/crawler_faq.html)"
74.7.227.41 - - [31/Mar/2026:21:13:53 +0000] "GET /wp-includes/js/dist/customize-widgets.min.js HTTP/1.1" 200 35042 "https://weddingswithjoy.org.nz/wp-includes/js/dist/" "Mozilla/5.0 AppleWebKit/537.36 (KHTML, like Gecko; compatible; GPTBot/1.3; +https://openai.com/gptbot)"
74.7.227.159 - - [31/Mar/2026:21:13:55 +0000] "GET /wp-includes/admin-bar.php HTTP/1.1" 200 - "https://www.qualityprecast.co.nz/wp-includes/" "Mozilla/5.0 AppleWebKit/537.36 (KHTML, like Gecko; compatible; GPTBot/1.3; +https://openai.com/gptbot)"
139.18.2.214 - - [31/Mar/2026:21:14:01 +0000] "GET /wp-includes/js/dist/development/?C=M;O=A HTTP/1.1" 200 1453 "https://weddingswithjoy.org.nz/wp-includes/js/dist/development/" "LCC (+http://corpora.uni-leipzig.de/crawler_faq.html)"
74.7.243.230 - - [31/Mar/2026:21:14:04 +0000] "GET /wp-includes/js/tinymce/plugins/wpeditimage/ HTTP/1.1" 200 1063 "https://schoolofgolfnz.co.nz/wp-includes/js/tinymce/plugins/" "Mozilla/5.0 AppleWebKit/537.36 (KHTML, like Gecko; compatible; GPTBot/1.3; +https://openai.com/gptbot)"
74.7.227.41 - - [31/Mar/2026:21:14:09 +0000] "GET /wp-includes/js/dist/escape-html.js HTTP/1.1" 200 3062 "https://weddingswithjoy.org.nz/wp-includes/js/dist/" "Mozilla/5.0 AppleWebKit/537.36 (KHTML, like Gecko; compatible; GPTBot/1.3; +https://openai.com/gptbot)"
139.18.2.214 - - [31/Mar/2026:21:14:13 +0000] "GET /wp-includes/js/dist/development/?C=S;O=A HTTP/1.1" 200 1453 "https://weddingswithjoy.org.nz/wp-includes/js/dist/development/" "LCC (+http://corpora.uni-leipzig.de/crawler_faq.html)"
139.18.2.214 - - [31/Mar/2026:21:14:21 +0000] "GET /wp-includes/js/dist/development/?C=D;O=A HTTP/1.1" 200 1453 "https://weddingswithjoy.org.nz/wp-includes/js/dist/development/" "LCC (+http://corpora.uni-leipzig.de/crawler_faq.html)"
74.7.227.41 - - [31/Mar/2026:21:14:23 +0000] "GET /wp-includes/js/dist/edit-widgets.min.js HTTP/1.1" 200 58995 "https://weddingswithjoy.org.nz/wp-includes/js/dist/" "Mozilla/5.0 AppleWebKit/537.36 (KHTML, like Gecko; compatible; GPTBot/1.3; +https://openai.com/gptbot)"
139.18.2.214 - - [31/Mar/2026:21:14:31 +0000] "GET /wp-includes/js/dist/script-modules/?C=N;O=D HTTP/1.1" 200 1585 "https://weddingswithjoy.org.nz/wp-includes/js/dist/script-modules/" "LCC (+http://corpora.uni-leipzig.de/crawler_faq.html)"
74.7.227.41 - - [31/Mar/2026:21:14:36 +0000] "GET /wp-includes/js/dist/style-engine.min.js HTTP/1.1" 200 6059 "https://weddingswithjoy.org.nz/wp-includes/js/dist/" "Mozilla/5.0 AppleWebKit/537.36 (KHTML, like Gecko; compatible; GPTBot/1.3; +https://openai.com/gptbot)"
74.7.243.230 - - [31/Mar/2026:21:14:41 +0000] "GET /wp-includes/js/tinymce/plugins/tabfocus/plugin.js HTTP/1.1" 200 3722 "https://schoolofgolfnz.co.nz/wp-includes/js/tinymce/plugins/tabfocus/" "Mozilla/5.0 AppleWebKit/537.36 (KHTML, like Gecko; compatible; GPTBot/1.3; +https://openai.com/gptbot)"
139.18.2.214 - - [31/Mar/2026:21:14:43 +0000] "GET /wp-includes/js/dist/script-modules/?C=M;O=A HTTP/1.1" 200 1585 "https://weddingswithjoy.org.nz/wp-includes/js/dist/script-modules/" "LCC (+http://corpora.uni-leipzig.de/crawler_faq.html)"
74.7.227.41 - - [31/Mar/2026:21:14:48 +0000] "GET /wp-includes/js/dist/is-shallow-equal.js HTTP/1.1" 200 3360 "https://weddingswithjoy.org.nz/wp-includes/js/dist/" "Mozilla/5.0 AppleWebKit/537.36 (KHTML, like Gecko; compatible; GPTBot/1.3; +https://openai.com/gptbot)"
74.7.227.159 - - [31/Mar/2026:21:14:49 +0000] "GET /wp-includes/class-wp-recovery-mode-key-service.php HTTP/1.1" 200 - "https://www.qualityprecast.co.nz/wp-includes/" "Mozilla/5.0 AppleWebKit/537.36 (KHTML, like Gecko; compatible; GPTBot/1.3; +https://openai.com/gptbot)"
139.18.2.214 - - [31/Mar/2026:21:14:55 +0000] "GET /wp-includes/js/dist/script-modules/?C=S;O=A HTTP/1.1" 200 1585 "https://weddingswithjoy.org.nz/wp-includes/js/dist/script-modules/" "LCC (+http://corpora.uni-leipzig.de/crawler_faq.html)"
74.7.227.41 - - [31/Mar/2026:21:14:58 +0000] "GET /wp-includes/IXR/class-IXR-base64.php HTTP/1.1" 200 - "https://weddingswithjoy.org.nz/wp-includes/IXR/" "Mozilla/5.0 AppleWebKit/537.36 (KHTML, like Gecko; compatible; GPTBot/1.3; +https://openai.com/gptbot)"
139.18.2.214 - - [31/Mar/2026:21:15:06 +0000] "GET /wp-includes/js/dist/script-modules/?C=D;O=A HTTP/1.1" 200 1585 "https://weddingswithjoy.org.nz/wp-includes/js/dist/script-modules/" "LCC (+http://corpora.uni-leipzig.de/crawler_faq.html)"
74.7.227.41 - - [31/Mar/2026:21:15:08 +0000] "GET /wp-includes/IXR/class-IXR-request.php HTTP/1.1" 200 - "https://weddingswithjoy.org.nz/wp-includes/IXR/" "Mozilla/5.0 AppleWebKit/537.36 (KHTML, like Gecko; compatible; GPTBot/1.3; +https://openai.com/gptbot)"
74.7.243.230 - - [31/Mar/2026:21:15:13 +0000] "GET /wp-includes/js/tinymce/plugins/fullscreen/plugin.min.js HTTP/1.1" 200 2184 "https://schoolofgolfnz.co.nz/wp-includes/js/tinymce/plugins/fullscreen/" "Mozilla/5.0 AppleWebKit/537.36 (KHTML, like Gecko; compatible; GPTBot/1.3; +https://openai.com/gptbot)"
74.7.227.41 - - [31/Mar/2026:21:15:17 +0000] "GET /wp-includes/js/dist/list-reusable-blocks.js HTTP/1.1" 200 30668 "https://weddingswithjoy.org.nz/wp-includes/js/dist/" "Mozilla/5.0 AppleWebKit/537.36 (KHTML, like Gecko; compatible; GPTBot/1.3; +https://openai.com/gptbot)"
139.18.2.214 - - [31/Mar/2026:21:15:18 +0000] "GET /wp-includes/js/dist/script-modules/a11y/ HTTP/1.1" 200 2658 "https://weddingswithjoy.org.nz/wp-includes/js/dist/script-modules/" "LCC (+http://corpora.uni-leipzig.de/crawler_faq.html)"
74.7.227.41 - - [31/Mar/2026:21:15:25 +0000] "GET /wp-includes/js/dist/priority-queue.min.js HTTP/1.1" 200 3382 "https://weddingswithjoy.org.nz/wp-includes/js/dist/" "Mozilla/5.0 AppleWebKit/537.36 (KHTML, like Gecko; compatible; GPTBot/1.3; +https://openai.com/gptbot)"
139.18.2.214 - - [31/Mar/2026:21:15:27 +0000] "GET /wp-includes/js/dist/script-modules/block-editor/ HTTP/1.1" 200 893 "https://weddingswithjoy.org.nz/wp-includes/js/dist/script-modules/" "LCC (+http://corpora.uni-leipzig.de/crawler_faq.html)"
74.7.227.41 - - [31/Mar/2026:21:15:31 +0000] "GET /wp-includes/js/dist/reusable-blocks.min.js HTTP/1.1" 200 6047 "https://weddingswithjoy.org.nz/wp-includes/js/dist/" "Mozilla/5.0 AppleWebKit/537.36 (KHTML, like Gecko; compatible; GPTBot/1.3; +https://openai.com/gptbot)"
74.7.227.41 - - [31/Mar/2026:21:15:37 +0000] "GET /wp-includes/js/dist/block-directory.min.js HTTP/1.1" 200 20668 "https://weddingswithjoy.org.nz/wp-includes/js/dist/" "Mozilla/5.0 AppleWebKit/537.36 (KHTML, like Gecko; compatible; GPTBot/1.3; +https://openai.com/gptbot)"
139.18.2.214 - - [31/Mar/2026:21:15:39 +0000] "GET /wp-includes/js/dist/script-modules/block-library/ HTTP/1.1" 200 1947 "https://weddingswithjoy.org.nz/wp-includes/js/dist/script-modules/" "LCC (+http://corpora.uni-leipzig.de/crawler_faq.html)"
74.7.227.159 - - [31/Mar/2026:21:15:40 +0000] "GET /wp-admin/install.php HTTP/1.1" 500 - "https://www.qualityprecast.co.nz/readme.html" "Mozilla/5.0 AppleWebKit/537.36 (KHTML, like Gecko; compatible; GPTBot/1.3; +https://openai.com/gptbot)"
74.7.243.230 - - [31/Mar/2026:21:15:43 +0000] "GET /wp-includes/js/dist/blob.js HTTP/1.1" 200 3161 "https://schoolofgolfnz.co.nz/wp-includes/js/dist/" "Mozilla/5.0 AppleWebKit/537.36 (KHTML, like Gecko; compatible; GPTBot/1.3; +https://openai.com/gptbot)"
