74.7.243.230 - - [31/Mar/2026:18:04:40 +0000] "GET /wp-includes/js/jquery/jquery.form.min.js HTTP/1.1" 200 15977 "https://schoolofgolfnz.co.nz/wp-includes/js/jquery/" "Mozilla/5.0 AppleWebKit/537.36 (KHTML, like Gecko; compatible; GPTBot/1.3; +https://openai.com/gptbot)"
74.7.243.230 - - [31/Mar/2026:18:04:41 +0000] "GET /wp-includes/js/jquery/jquery.table-hotkeys.js HTTP/1.1" 200 3752 "https://schoolofgolfnz.co.nz/wp-includes/js/jquery/" "Mozilla/5.0 AppleWebKit/537.36 (KHTML, like Gecko; compatible; GPTBot/1.3; +https://openai.com/gptbot)"
74.7.243.230 - - [31/Mar/2026:18:04:41 +0000] "GET /wp-includes/js/jquery/jquery.masonry.min.js HTTP/1.1" 200 1819 "https://schoolofgolfnz.co.nz/wp-includes/js/jquery/" "Mozilla/5.0 AppleWebKit/537.36 (KHTML, like Gecko; compatible; GPTBot/1.3; +https://openai.com/gptbot)"
74.7.243.230 - - [31/Mar/2026:18:04:42 +0000] "GET /wp-includes/js/jquery/jquery-migrate.min.js HTTP/1.1" 200 13577 "https://schoolofgolfnz.co.nz/wp-includes/js/jquery/" "Mozilla/5.0 AppleWebKit/537.36 (KHTML, like Gecko; compatible; GPTBot/1.3; +https://openai.com/gptbot)"
74.7.243.230 - - [31/Mar/2026:18:04:42 +0000] "GET /wp-includes/js/jquery/jquery.hotkeys.min.js HTTP/1.1" 200 1793 "https://schoolofgolfnz.co.nz/wp-includes/js/jquery/" "Mozilla/5.0 AppleWebKit/537.36 (KHTML, like Gecko; compatible; GPTBot/1.3; +https://openai.com/gptbot)"
74.7.243.230 - - [31/Mar/2026:18:04:43 +0000] "GET /wp-includes/js/jquery/jquery.schedule.js HTTP/1.1" 200 3457 "https://schoolofgolfnz.co.nz/wp-includes/js/jquery/" "Mozilla/5.0 AppleWebKit/537.36 (KHTML, like Gecko; compatible; GPTBot/1.3; +https://openai.com/gptbot)"
74.7.243.230 - - [31/Mar/2026:18:04:43 +0000] "GET /wp-includes/js/jquery/jquery-migrate.js HTTP/1.1" 200 31978 "https://schoolofgolfnz.co.nz/wp-includes/js/jquery/" "Mozilla/5.0 AppleWebKit/537.36 (KHTML, like Gecko; compatible; GPTBot/1.3; +https://openai.com/gptbot)"
74.7.243.230 - - [31/Mar/2026:18:04:44 +0000] "GET /wp-includes/js/jquery/jquery.hotkeys.js HTTP/1.1" 200 5617 "https://schoolofgolfnz.co.nz/wp-includes/js/jquery/" "Mozilla/5.0 AppleWebKit/537.36 (KHTML, like Gecko; compatible; GPTBot/1.3; +https://openai.com/gptbot)"
74.7.243.230 - - [31/Mar/2026:18:04:44 +0000] "GET /wp-includes/js/jquery/jquery.table-hotkeys.min.js HTTP/1.1" 200 2295 "https://schoolofgolfnz.co.nz/wp-includes/js/jquery/" "Mozilla/5.0 AppleWebKit/537.36 (KHTML, like Gecko; compatible; GPTBot/1.3; +https://openai.com/gptbot)"
74.7.243.230 - - [31/Mar/2026:18:04:45 +0000] "GET /wp-includes/js/jquery/jquery.query.js HTTP/1.1" 200 3694 "https://schoolofgolfnz.co.nz/wp-includes/js/jquery/" "Mozilla/5.0 AppleWebKit/537.36 (KHTML, like Gecko; compatible; GPTBot/1.3; +https://openai.com/gptbot)"
74.7.243.230 - - [31/Mar/2026:18:04:46 +0000] "GET /wp-includes/js/jquery/jquery.min.js HTTP/1.1" 200 87553 "https://schoolofgolfnz.co.nz/wp-includes/js/jquery/" "Mozilla/5.0 AppleWebKit/537.36 (KHTML, like Gecko; compatible; GPTBot/1.3; +https://openai.com/gptbot)"
74.7.243.230 - - [31/Mar/2026:18:04:46 +0000] "GET /wp-includes/js/jquery/jquery.js HTTP/1.1" 200 285334 "https://schoolofgolfnz.co.nz/wp-includes/js/jquery/" "Mozilla/5.0 AppleWebKit/537.36 (KHTML, like Gecko; compatible; GPTBot/1.3; +https://openai.com/gptbot)"
74.7.243.230 - - [31/Mar/2026:18:04:47 +0000] "GET /wp-includes/js/jquery/jquery.form.js HTTP/1.1" 200 41911 "https://schoolofgolfnz.co.nz/wp-includes/js/jquery/" "Mozilla/5.0 AppleWebKit/537.36 (KHTML, like Gecko; compatible; GPTBot/1.3; +https://openai.com/gptbot)"
74.7.243.230 - - [31/Mar/2026:18:04:47 +0000] "GET /wp-includes/js/jquery/jquery.serialize-object.js HTTP/1.1" 200 769 "https://schoolofgolfnz.co.nz/wp-includes/js/jquery/" "Mozilla/5.0 AppleWebKit/537.36 (KHTML, like Gecko; compatible; GPTBot/1.3; +https://openai.com/gptbot)"
74.7.243.230 - - [31/Mar/2026:18:04:48 +0000] "GET /wp-includes/js/jquery/suggest.min.js HTTP/1.1" 200 2993 "https://schoolofgolfnz.co.nz/wp-includes/js/jquery/" "Mozilla/5.0 AppleWebKit/537.36 (KHTML, like Gecko; compatible; GPTBot/1.3; +https://openai.com/gptbot)"
74.7.243.230 - - [31/Mar/2026:18:04:48 +0000] "GET /wp-includes/js/'+e.href+' HTTP/1.1" 404 - "https://schoolofgolfnz.co.nz/wp-includes/js/wplink.min.js" "Mozilla/5.0 AppleWebKit/537.36 (KHTML, like Gecko; compatible; GPTBot/1.3; +https://openai.com/gptbot)"
74.7.243.230 - - [31/Mar/2026:18:04:49 +0000] "GET /wp-includes/sitemaps/providers/ HTTP/1.1" 200 1270 "https://schoolofgolfnz.co.nz/wp-includes/sitemaps/" "Mozilla/5.0 AppleWebKit/537.36 (KHTML, like Gecko; compatible; GPTBot/1.3; +https://openai.com/gptbot)"
74.7.243.230 - - [31/Mar/2026:18:04:49 +0000] "GET /wp-includes/fonts/dashicons.ttf HTTP/1.1" 200 56392 "https://schoolofgolfnz.co.nz/wp-includes/fonts/" "Mozilla/5.0 AppleWebKit/537.36 (KHTML, like Gecko; compatible; GPTBot/1.3; +https://openai.com/gptbot)"
139.18.2.214 - - [31/Mar/2026:18:04:50 +0000] "GET /wp-includes/ID3/?C=S;O=A HTTP/1.1" 200 4042 "https://weddingswithjoy.org.nz/wp-includes/ID3/" "LCC (+http://corpora.uni-leipzig.de/crawler_faq.html)"
74.7.243.230 - - [31/Mar/2026:18:04:50 +0000] "GET /wp-includes/sodium_compat/namespaced/Compat.php HTTP/1.1" 500 - "https://schoolofgolfnz.co.nz/wp-includes/sodium_compat/namespaced/" "Mozilla/5.0 AppleWebKit/537.36 (KHTML, like Gecko; compatible; GPTBot/1.3; +https://openai.com/gptbot)"
74.7.243.230 - - [31/Mar/2026:18:04:50 +0000] "GET /wp-includes/rest-api/endpoints/class-wp-rest-widgets-controller.php HTTP/1.1" 500 - "https://schoolofgolfnz.co.nz/wp-includes/rest-api/endpoints/" "Mozilla/5.0 AppleWebKit/537.36 (KHTML, like Gecko; compatible; GPTBot/1.3; +https://openai.com/gptbot)"
74.7.243.230 - - [31/Mar/2026:18:04:52 +0000] "GET /wp-includes/rest-api/endpoints/class-wp-rest-block-renderer-controller.php HTTP/1.1" 500 - "https://schoolofgolfnz.co.nz/wp-includes/rest-api/endpoints/" "Mozilla/5.0 AppleWebKit/537.36 (KHTML, like Gecko; compatible; GPTBot/1.3; +https://openai.com/gptbot)"
74.7.243.230 - - [31/Mar/2026:18:04:57 +0000] "GET /wp-includes/rest-api/endpoints/class-wp-rest-sidebars-controller.php HTTP/1.1" 500 - "https://schoolofgolfnz.co.nz/wp-includes/rest-api/endpoints/" "Mozilla/5.0 AppleWebKit/537.36 (KHTML, like Gecko; compatible; GPTBot/1.3; +https://openai.com/gptbot)"
139.18.2.214 - - [31/Mar/2026:18:04:59 +0000] "GET /wp-includes/ID3/?C=D;O=A HTTP/1.1" 200 4042 "https://weddingswithjoy.org.nz/wp-includes/ID3/" "LCC (+http://corpora.uni-leipzig.de/crawler_faq.html)"
74.7.243.230 - - [31/Mar/2026:18:05:11 +0000] "GET /wp-includes/rest-api/endpoints/class-wp-rest-plugins-controller.php HTTP/1.1" 500 - "https://schoolofgolfnz.co.nz/wp-includes/rest-api/endpoints/" "Mozilla/5.0 AppleWebKit/537.36 (KHTML, like Gecko; compatible; GPTBot/1.3; +https://openai.com/gptbot)"
139.18.2.214 - - [31/Mar/2026:18:05:12 +0000] "GET /wp-includes/ID3/getid3.lib.php HTTP/1.1" 200 - "https://weddingswithjoy.org.nz/wp-includes/ID3/" "LCC (+http://corpora.uni-leipzig.de/crawler_faq.html)"
74.7.227.41 - - [31/Mar/2026:18:05:12 +0000] "GET /wp-includes/widgets/class-wp-widget-archives.php HTTP/1.1" 500 - "https://weddingswithjoy.org.nz/wp-includes/widgets/" "Mozilla/5.0 AppleWebKit/537.36 (KHTML, like Gecko; compatible; GPTBot/1.3; +https://openai.com/gptbot)"
139.18.2.214 - - [31/Mar/2026:18:05:25 +0000] "GET /wp-includes/ID3/getid3.php HTTP/1.1" 200 - "https://weddingswithjoy.org.nz/wp-includes/ID3/" "LCC (+http://corpora.uni-leipzig.de/crawler_faq.html)"
139.18.2.214 - - [31/Mar/2026:18:05:36 +0000] "GET /wp-includes/ID3/license.txt HTTP/1.1" 200 1396 "https://weddingswithjoy.org.nz/wp-includes/ID3/" "LCC (+http://corpora.uni-leipzig.de/crawler_faq.html)"
139.18.2.214 - - [31/Mar/2026:18:05:47 +0000] "GET /wp-includes/ID3/module.audio-video.asf.php HTTP/1.1" 200 - "https://weddingswithjoy.org.nz/wp-includes/ID3/" "LCC (+http://corpora.uni-leipzig.de/crawler_faq.html)"
74.7.243.230 - - [31/Mar/2026:18:05:56 +0000] "GET /wp-includes/js/crop/ HTTP/1.1" 200 1367 "https://schoolofgolfnz.co.nz/wp-includes/js/" "Mozilla/5.0 AppleWebKit/537.36 (KHTML, like Gecko; compatible; GPTBot/1.3; +https://openai.com/gptbot)"
139.18.2.214 - - [31/Mar/2026:18:05:57 +0000] "GET /wp-includes/ID3/module.audio-video.flv.php HTTP/1.1" 200 - "https://weddingswithjoy.org.nz/wp-includes/ID3/" "LCC (+http://corpora.uni-leipzig.de/crawler_faq.html)"
139.18.2.214 - - [31/Mar/2026:18:06:10 +0000] "GET /wp-includes/ID3/module.audio-video.matroska.php HTTP/1.1" 200 - "https://weddingswithjoy.org.nz/wp-includes/ID3/" "LCC (+http://corpora.uni-leipzig.de/crawler_faq.html)"
74.7.227.41 - - [31/Mar/2026:18:06:12 +0000] "GET /wp-includes/widgets/class-wp-widget-calendar.php HTTP/1.1" 500 - "https://weddingswithjoy.org.nz/wp-includes/widgets/" "Mozilla/5.0 AppleWebKit/537.36 (KHTML, like Gecko; compatible; GPTBot/1.3; +https://openai.com/gptbot)"
139.18.2.214 - - [31/Mar/2026:18:06:20 +0000] "GET /wp-includes/ID3/module.audio-video.quicktime.php HTTP/1.1" 200 - "https://weddingswithjoy.org.nz/wp-includes/ID3/" "LCC (+http://corpora.uni-leipzig.de/crawler_faq.html)"
139.18.2.214 - - [31/Mar/2026:18:06:29 +0000] "GET /wp-includes/ID3/module.audio-video.riff.php HTTP/1.1" 200 - "https://weddingswithjoy.org.nz/wp-includes/ID3/" "LCC (+http://corpora.uni-leipzig.de/crawler_faq.html)"
139.18.2.214 - - [31/Mar/2026:18:06:39 +0000] "GET /wp-includes/ID3/module.audio.ac3.php HTTP/1.1" 200 - "https://weddingswithjoy.org.nz/wp-includes/ID3/" "LCC (+http://corpora.uni-leipzig.de/crawler_faq.html)"
139.18.2.214 - - [31/Mar/2026:18:06:50 +0000] "GET /wp-includes/ID3/module.audio.dts.php HTTP/1.1" 200 - "https://weddingswithjoy.org.nz/wp-includes/ID3/" "LCC (+http://corpora.uni-leipzig.de/crawler_faq.html)"
74.7.243.230 - - [31/Mar/2026:18:06:59 +0000] "GET /wp-includes/js/customize-loader.js HTTP/1.1" 200 7903 "https://schoolofgolfnz.co.nz/wp-includes/js/" "Mozilla/5.0 AppleWebKit/537.36 (KHTML, like Gecko; compatible; GPTBot/1.3; +https://openai.com/gptbot)"
139.18.2.214 - - [31/Mar/2026:18:07:01 +0000] "GET /wp-includes/ID3/module.audio.flac.php HTTP/1.1" 200 - "https://weddingswithjoy.org.nz/wp-includes/ID3/" "LCC (+http://corpora.uni-leipzig.de/crawler_faq.html)"
139.18.2.214 - - [31/Mar/2026:18:07:11 +0000] "GET /wp-includes/ID3/module.audio.mp3.php HTTP/1.1" 200 - "https://weddingswithjoy.org.nz/wp-includes/ID3/" "LCC (+http://corpora.uni-leipzig.de/crawler_faq.html)"
74.7.227.41 - - [31/Mar/2026:18:07:15 +0000] "GET /wp-includes/widgets/class-wp-widget-categories.php HTTP/1.1" 500 - "https://weddingswithjoy.org.nz/wp-includes/widgets/" "Mozilla/5.0 AppleWebKit/537.36 (KHTML, like Gecko; compatible; GPTBot/1.3; +https://openai.com/gptbot)"
139.18.2.214 - - [31/Mar/2026:18:07:24 +0000] "GET /wp-includes/ID3/module.audio.ogg.php HTTP/1.1" 200 - "https://weddingswithjoy.org.nz/wp-includes/ID3/" "LCC (+http://corpora.uni-leipzig.de/crawler_faq.html)"
47.128.51.177 - - [31/Mar/2026:18:07:34 +0000] "GET /wp-links-opml.php HTTP/1.1" 500 - "-" "Mozilla/5.0 (Linux; Android 5.0) AppleWebKit/537.36 (KHTML, like Gecko) Mobile Safari/537.36 (compatible; Bytespider; spider-feedback@bytedance.com)"
139.18.2.214 - - [31/Mar/2026:18:07:35 +0000] "GET /wp-includes/ID3/module.tag.apetag.php HTTP/1.1" 200 - "https://weddingswithjoy.org.nz/wp-includes/ID3/" "LCC (+http://corpora.uni-leipzig.de/crawler_faq.html)"
139.18.2.214 - - [31/Mar/2026:18:07:44 +0000] "GET /wp-includes/ID3/module.tag.id3v1.php HTTP/1.1" 200 - "https://weddingswithjoy.org.nz/wp-includes/ID3/" "LCC (+http://corpora.uni-leipzig.de/crawler_faq.html)"
139.18.2.214 - - [31/Mar/2026:18:07:55 +0000] "GET /wp-includes/ID3/module.tag.id3v2.php HTTP/1.1" 200 - "https://weddingswithjoy.org.nz/wp-includes/ID3/" "LCC (+http://corpora.uni-leipzig.de/crawler_faq.html)"
74.7.243.230 - - [31/Mar/2026:18:07:56 +0000] "GET /wp-includes/rest-api/endpoints/class-wp-rest-templates-controller.php HTTP/1.1" 500 - "https://schoolofgolfnz.co.nz/wp-includes/rest-api/endpoints/" "Mozilla/5.0 AppleWebKit/537.36 (KHTML, like Gecko; compatible; GPTBot/1.3; +https://openai.com/gptbot)"
139.18.2.214 - - [31/Mar/2026:18:08:07 +0000] "GET /wp-includes/ID3/module.tag.lyrics3.php HTTP/1.1" 200 - "https://weddingswithjoy.org.nz/wp-includes/ID3/" "LCC (+http://corpora.uni-leipzig.de/crawler_faq.html)"
139.18.2.214 - - [31/Mar/2026:18:08:18 +0000] "GET /wp-includes/ID3/readme.txt HTTP/1.1" 200 26330 "https://weddingswithjoy.org.nz/wp-includes/ID3/" "LCC (+http://corpora.uni-leipzig.de/crawler_faq.html)"
74.7.227.41 - - [31/Mar/2026:18:08:18 +0000] "GET /wp-includes/widgets/class-wp-widget-custom-html.php HTTP/1.1" 500 - "https://weddingswithjoy.org.nz/wp-includes/widgets/" "Mozilla/5.0 AppleWebKit/537.36 (KHTML, like Gecko; compatible; GPTBot/1.3; +https://openai.com/gptbot)"
139.18.2.214 - - [31/Mar/2026:18:08:30 +0000] "GET /wp-includes/IXR/?C=N;O=D HTTP/1.1" 200 2538 "https://weddingswithjoy.org.nz/wp-includes/IXR/" "LCC (+http://corpora.uni-leipzig.de/crawler_faq.html)"
139.18.2.214 - - [31/Mar/2026:18:08:42 +0000] "GET /wp-includes/IXR/?C=M;O=A HTTP/1.1" 200 2538 "https://weddingswithjoy.org.nz/wp-includes/IXR/" "LCC (+http://corpora.uni-leipzig.de/crawler_faq.html)"
74.7.243.230 - - [31/Mar/2026:18:08:45 +0000] "GET /wp-includes/rest-api/endpoints/class-wp-rest-settings-controller.php HTTP/1.1" 500 - "https://schoolofgolfnz.co.nz/wp-includes/rest-api/endpoints/" "Mozilla/5.0 AppleWebKit/537.36 (KHTML, like Gecko; compatible; GPTBot/1.3; +https://openai.com/gptbot)"
139.18.2.214 - - [31/Mar/2026:18:08:54 +0000] "GET /wp-includes/IXR/?C=S;O=A HTTP/1.1" 200 2538 "https://weddingswithjoy.org.nz/wp-includes/IXR/" "LCC (+http://corpora.uni-leipzig.de/crawler_faq.html)"
139.18.2.214 - - [31/Mar/2026:18:09:05 +0000] "GET /wp-includes/IXR/?C=D;O=A HTTP/1.1" 200 2538 "https://weddingswithjoy.org.nz/wp-includes/IXR/" "LCC (+http://corpora.uni-leipzig.de/crawler_faq.html)"
74.7.227.41 - - [31/Mar/2026:18:09:19 +0000] "GET /wp-includes/widgets/class-wp-nav-menu-widget.php HTTP/1.1" 500 - "https://weddingswithjoy.org.nz/wp-includes/widgets/" "Mozilla/5.0 AppleWebKit/537.36 (KHTML, like Gecko; compatible; GPTBot/1.3; +https://openai.com/gptbot)"
139.18.2.214 - - [31/Mar/2026:18:09:19 +0000] "GET /wp-includes/IXR/class-IXR-base64.php HTTP/1.1" 200 - "https://weddingswithjoy.org.nz/wp-includes/IXR/" "LCC (+http://corpora.uni-leipzig.de/crawler_faq.html)"
139.18.2.214 - - [31/Mar/2026:18:09:31 +0000] "GET /wp-includes/IXR/class-IXR-client.php HTTP/1.1" 200 - "https://weddingswithjoy.org.nz/wp-includes/IXR/" "LCC (+http://corpora.uni-leipzig.de/crawler_faq.html)"
139.18.2.214 - - [31/Mar/2026:18:09:39 +0000] "GET /wp-includes/IXR/class-IXR-clientmulticall.php HTTP/1.1" 500 - "https://weddingswithjoy.org.nz/wp-includes/IXR/" "LCC (+http://corpora.uni-leipzig.de/crawler_faq.html)"
74.7.243.230 - - [31/Mar/2026:18:09:48 +0000] "GET /wp-includes/sitemaps/providers/class-wp-sitemaps-users.php HTTP/1.1" 500 - "https://schoolofgolfnz.co.nz/wp-includes/sitemaps/providers/" "Mozilla/5.0 AppleWebKit/537.36 (KHTML, like Gecko; compatible; GPTBot/1.3; +https://openai.com/gptbot)"
139.18.2.214 - - [31/Mar/2026:18:09:51 +0000] "GET /wp-includes/IXR/class-IXR-date.php HTTP/1.1" 200 - "https://weddingswithjoy.org.nz/wp-includes/IXR/" "LCC (+http://corpora.uni-leipzig.de/crawler_faq.html)"
139.18.2.214 - - [31/Mar/2026:18:10:08 +0000] "GET /wp-includes/IXR/class-IXR-error.php HTTP/1.1" 200 - "https://weddingswithjoy.org.nz/wp-includes/IXR/" "LCC (+http://corpora.uni-leipzig.de/crawler_faq.html)"
139.18.2.214 - - [31/Mar/2026:18:10:21 +0000] "GET /wp-includes/IXR/class-IXR-introspectionserver.php HTTP/1.1" 500 - "https://weddingswithjoy.org.nz/wp-includes/IXR/" "LCC (+http://corpora.uni-leipzig.de/crawler_faq.html)"
74.7.227.41 - - [31/Mar/2026:18:10:22 +0000] "GET /wp-includes/theme-compat/embed-404.php HTTP/1.1" 200 52 "https://weddingswithjoy.org.nz/wp-includes/theme-compat/" "Mozilla/5.0 AppleWebKit/537.36 (KHTML, like Gecko; compatible; GPTBot/1.3; +https://openai.com/gptbot)"
139.18.2.214 - - [31/Mar/2026:18:10:31 +0000] "GET /wp-includes/IXR/class-IXR-message.php HTTP/1.1" 200 - "https://weddingswithjoy.org.nz/wp-includes/IXR/" "LCC (+http://corpora.uni-leipzig.de/crawler_faq.html)"
139.18.2.214 - - [31/Mar/2026:18:10:46 +0000] "GET /wp-includes/IXR/class-IXR-request.php HTTP/1.1" 200 - "https://weddingswithjoy.org.nz/wp-includes/IXR/" "LCC (+http://corpora.uni-leipzig.de/crawler_faq.html)"
74.7.243.230 - - [31/Mar/2026:18:10:48 +0000] "GET /wp-includes/sitemaps/providers/class-wp-sitemaps-posts.php HTTP/1.1" 500 - "https://schoolofgolfnz.co.nz/wp-includes/sitemaps/providers/" "Mozilla/5.0 AppleWebKit/537.36 (KHTML, like Gecko; compatible; GPTBot/1.3; +https://openai.com/gptbot)"
139.18.2.214 - - [31/Mar/2026:18:10:59 +0000] "GET /wp-includes/IXR/class-IXR-server.php HTTP/1.1" 200 - "https://weddingswithjoy.org.nz/wp-includes/IXR/" "LCC (+http://corpora.uni-leipzig.de/crawler_faq.html)"
139.18.2.214 - - [31/Mar/2026:18:11:11 +0000] "GET /wp-includes/IXR/class-IXR-value.php HTTP/1.1" 200 - "https://weddingswithjoy.org.nz/wp-includes/IXR/" "LCC (+http://corpora.uni-leipzig.de/crawler_faq.html)"
139.18.2.214 - - [31/Mar/2026:18:11:23 +0000] "GET /wp-includes/PHPMailer/?C=N;O=D HTTP/1.1" 200 1912 "https://weddingswithjoy.org.nz/wp-includes/PHPMailer/" "LCC (+http://corpora.uni-leipzig.de/crawler_faq.html)"
74.7.227.41 - - [31/Mar/2026:18:11:28 +0000] "GET /wp-includes/theme-compat/embed.php HTTP/1.1" 500 - "https://weddingswithjoy.org.nz/wp-includes/theme-compat/" "Mozilla/5.0 AppleWebKit/537.36 (KHTML, like Gecko; compatible; GPTBot/1.3; +https://openai.com/gptbot)"
139.18.2.214 - - [31/Mar/2026:18:11:35 +0000] "GET /wp-includes/PHPMailer/?C=M;O=A HTTP/1.1" 200 1912 "https://weddingswithjoy.org.nz/wp-includes/PHPMailer/" "LCC (+http://corpora.uni-leipzig.de/crawler_faq.html)"
139.18.2.214 - - [31/Mar/2026:18:11:46 +0000] "GET /wp-includes/PHPMailer/?C=S;O=A HTTP/1.1" 200 1912 "https://weddingswithjoy.org.nz/wp-includes/PHPMailer/" "LCC (+http://corpora.uni-leipzig.de/crawler_faq.html)"
74.7.243.230 - - [31/Mar/2026:18:11:52 +0000] "GET /wp-includes/sitemaps/providers/class-wp-sitemaps-taxonomies.php HTTP/1.1" 500 - "https://schoolofgolfnz.co.nz/wp-includes/sitemaps/providers/" "Mozilla/5.0 AppleWebKit/537.36 (KHTML, like Gecko; compatible; GPTBot/1.3; +https://openai.com/gptbot)"
139.18.2.214 - - [31/Mar/2026:18:11:56 +0000] "GET /wp-includes/PHPMailer/?C=D;O=A HTTP/1.1" 200 1912 "https://weddingswithjoy.org.nz/wp-includes/PHPMailer/" "LCC (+http://corpora.uni-leipzig.de/crawler_faq.html)"
47.128.51.155 - - [31/Mar/2026:18:12:08 +0000] "GET /xmlrpc.php HTTP/1.1" 500 - "-" "Mozilla/5.0 (Linux; Android 5.0) AppleWebKit/537.36 (KHTML, like Gecko) Mobile Safari/537.36 (compatible; Bytespider; spider-feedback@bytedance.com)"
139.18.2.214 - - [31/Mar/2026:18:12:09 +0000] "GET /wp-includes/PHPMailer/DSNConfigurator.php HTTP/1.1" 200 - "https://weddingswithjoy.org.nz/wp-includes/PHPMailer/" "LCC (+http://corpora.uni-leipzig.de/crawler_faq.html)"
139.18.2.214 - - [31/Mar/2026:18:12:21 +0000] "GET /wp-includes/PHPMailer/Exception.php HTTP/1.1" 200 - "https://weddingswithjoy.org.nz/wp-includes/PHPMailer/" "LCC (+http://corpora.uni-leipzig.de/crawler_faq.html)"
74.7.227.41 - - [31/Mar/2026:18:12:26 +0000] "GET /wp-includes/sitemaps/class-wp-sitemaps-index.php HTTP/1.1" 200 - "https://weddingswithjoy.org.nz/wp-includes/sitemaps/" "Mozilla/5.0 AppleWebKit/537.36 (KHTML, like Gecko; compatible; GPTBot/1.3; +https://openai.com/gptbot)"
139.18.2.214 - - [31/Mar/2026:18:12:32 +0000] "GET /wp-includes/PHPMailer/OAuth.php HTTP/1.1" 500 - "https://weddingswithjoy.org.nz/wp-includes/PHPMailer/" "LCC (+http://corpora.uni-leipzig.de/crawler_faq.html)"
139.18.2.214 - - [31/Mar/2026:18:12:40 +0000] "GET /wp-includes/PHPMailer/OAuthTokenProvider.php HTTP/1.1" 200 - "https://weddingswithjoy.org.nz/wp-includes/PHPMailer/" "LCC (+http://corpora.uni-leipzig.de/crawler_faq.html)"
139.18.2.214 - - [31/Mar/2026:18:12:49 +0000] "GET /wp-includes/PHPMailer/PHPMailer.php HTTP/1.1" 200 - "https://weddingswithjoy.org.nz/wp-includes/PHPMailer/" "LCC (+http://corpora.uni-leipzig.de/crawler_faq.html)"
74.7.243.230 - - [31/Mar/2026:18:12:57 +0000] "GET /wp-includes/rest-api/endpoints/class-wp-rest-revisions-controller.php HTTP/1.1" 500 - "https://schoolofgolfnz.co.nz/wp-includes/rest-api/endpoints/" "Mozilla/5.0 AppleWebKit/537.36 (KHTML, like Gecko; compatible; GPTBot/1.3; +https://openai.com/gptbot)"
139.18.2.214 - - [31/Mar/2026:18:12:59 +0000] "GET /wp-includes/PHPMailer/POP3.php HTTP/1.1" 200 - "https://weddingswithjoy.org.nz/wp-includes/PHPMailer/" "LCC (+http://corpora.uni-leipzig.de/crawler_faq.html)"
139.18.2.214 - - [31/Mar/2026:18:13:09 +0000] "GET /wp-includes/PHPMailer/SMTP.php HTTP/1.1" 200 - "https://weddingswithjoy.org.nz/wp-includes/PHPMailer/" "LCC (+http://corpora.uni-leipzig.de/crawler_faq.html)"
14.234.72.228 - - [31/Mar/2026:18:13:10 +0000] "GET /testimonials/ HTTP/1.1" 404 - "-" "Mozilla/5.0 (Windows NT 10.0; WOW64; rv:127.0) Gecko/20100101 Firefox/127.0"
139.18.2.214 - - [31/Mar/2026:18:13:18 +0000] "GET /wp-includes/Requests/?C=N;O=D HTTP/1.1" 200 990 "https://weddingswithjoy.org.nz/wp-includes/Requests/" "LCC (+http://corpora.uni-leipzig.de/crawler_faq.html)"
74.7.227.41 - - [31/Mar/2026:18:13:26 +0000] "GET /wp-includes/theme-compat/footer.php HTTP/1.1" 500 - "https://weddingswithjoy.org.nz/wp-includes/theme-compat/" "Mozilla/5.0 AppleWebKit/537.36 (KHTML, like Gecko; compatible; GPTBot/1.3; +https://openai.com/gptbot)"
139.18.2.214 - - [31/Mar/2026:18:13:29 +0000] "GET /wp-includes/Requests/?C=M;O=A HTTP/1.1" 200 990 "https://weddingswithjoy.org.nz/wp-includes/Requests/" "LCC (+http://corpora.uni-leipzig.de/crawler_faq.html)"
139.18.2.214 - - [31/Mar/2026:18:13:41 +0000] "GET /wp-includes/Requests/?C=S;O=A HTTP/1.1" 200 990 "https://weddingswithjoy.org.nz/wp-includes/Requests/" "LCC (+http://corpora.uni-leipzig.de/crawler_faq.html)"
139.18.2.214 - - [31/Mar/2026:18:13:52 +0000] "GET /wp-includes/Requests/?C=D;O=A HTTP/1.1" 200 990 "https://weddingswithjoy.org.nz/wp-includes/Requests/" "LCC (+http://corpora.uni-leipzig.de/crawler_faq.html)"
77.83.39.167 - - [31/Mar/2026:18:13:57 +0000] "GET /.git/objects/ HTTP/1.1" 404 - "-" "Mozilla/5.0 (Linux; Android 7.1.2; Redmi 4) AppleWebKit/537.36 (KHTML, like Gecko) Chrome/76.0.3809.111 Mobile Safari/537.36"
139.18.2.214 - - [31/Mar/2026:18:14:01 +0000] "GET /wp-includes/Requests/library/ HTTP/1.1" 200 847 "https://weddingswithjoy.org.nz/wp-includes/Requests/" "LCC (+http://corpora.uni-leipzig.de/crawler_faq.html)"
74.7.243.230 - - [31/Mar/2026:18:14:02 +0000] "GET /wp-includes/class-wp-user-meta-session-tokens.php HTTP/1.1" 500 - "https://schoolofgolfnz.co.nz/wp-includes/" "Mozilla/5.0 AppleWebKit/537.36 (KHTML, like Gecko; compatible; GPTBot/1.3; +https://openai.com/gptbot)"
139.18.2.214 - - [31/Mar/2026:18:14:10 +0000] "GET /wp-includes/Requests/src/ HTTP/1.1" 200 4929 "https://weddingswithjoy.org.nz/wp-includes/Requests/" "LCC (+http://corpora.uni-leipzig.de/crawler_faq.html)"
139.18.2.214 - - [31/Mar/2026:18:14:19 +0000] "GET /wp-includes/SimplePie/?C=N;O=D HTTP/1.1" 200 1174 "https://weddingswithjoy.org.nz/wp-includes/SimplePie/" "LCC (+http://corpora.uni-leipzig.de/crawler_faq.html)"
74.7.227.41 - - [31/Mar/2026:18:14:22 +0000] "GET /wp-includes/theme-compat/header.php HTTP/1.1" 500 - "https://weddingswithjoy.org.nz/wp-includes/theme-compat/" "Mozilla/5.0 AppleWebKit/537.36 (KHTML, like Gecko; compatible; GPTBot/1.3; +https://openai.com/gptbot)"
139.18.2.214 - - [31/Mar/2026:18:14:29 +0000] "GET /wp-includes/SimplePie/?C=M;O=A HTTP/1.1" 200 1174 "https://weddingswithjoy.org.nz/wp-includes/SimplePie/" "LCC (+http://corpora.uni-leipzig.de/crawler_faq.html)"
139.18.2.214 - - [31/Mar/2026:18:14:42 +0000] "GET /wp-includes/SimplePie/?C=S;O=A HTTP/1.1" 200 1174 "https://weddingswithjoy.org.nz/wp-includes/SimplePie/" "LCC (+http://corpora.uni-leipzig.de/crawler_faq.html)"
139.18.2.214 - - [31/Mar/2026:18:14:53 +0000] "GET /wp-includes/SimplePie/?C=D;O=A HTTP/1.1" 200 1174 "https://weddingswithjoy.org.nz/wp-includes/SimplePie/" "LCC (+http://corpora.uni-leipzig.de/crawler_faq.html)"
139.18.2.214 - - [31/Mar/2026:18:15:02 +0000] "GET /wp-includes/SimplePie/autoloader.php HTTP/1.1" 200 - "https://weddingswithjoy.org.nz/wp-includes/SimplePie/" "LCC (+http://corpora.uni-leipzig.de/crawler_faq.html)"
74.7.243.230 - - [31/Mar/2026:18:15:04 +0000] "GET /wp-includes/images/down_arrow.gif HTTP/1.1" 200 59 "https://schoolofgolfnz.co.nz/wp-includes/images/" "Mozilla/5.0 AppleWebKit/537.36 (KHTML, like Gecko; compatible; GPTBot/1.3; +https://openai.com/gptbot)"
139.18.2.214 - - [31/Mar/2026:18:15:15 +0000] "GET /wp-includes/SimplePie/library/ HTTP/1.1" 200 1029 "https://weddingswithjoy.org.nz/wp-includes/SimplePie/" "LCC (+http://corpora.uni-leipzig.de/crawler_faq.html)"
74.7.227.41 - - [31/Mar/2026:18:15:26 +0000] "GET /wp-includes/theme-compat/sidebar.php HTTP/1.1" 500 - "https://weddingswithjoy.org.nz/wp-includes/theme-compat/" "Mozilla/5.0 AppleWebKit/537.36 (KHTML, like Gecko; compatible; GPTBot/1.3; +https://openai.com/gptbot)"
139.18.2.214 - - [31/Mar/2026:18:15:27 +0000] "GET /wp-includes/SimplePie/src/ HTTP/1.1" 200 5643 "https://weddingswithjoy.org.nz/wp-includes/SimplePie/" "LCC (+http://corpora.uni-leipzig.de/crawler_faq.html)"
139.18.2.214 - - [31/Mar/2026:18:15:37 +0000] "GET /wp-includes/Text/?C=N;O=D HTTP/1.1" 200 1164 "https://weddingswithjoy.org.nz/wp-includes/Text/" "LCC (+http://corpora.uni-leipzig.de/crawler_faq.html)"
47.128.51.152 - - [31/Mar/2026:18:15:38 +0000] "GET /wp-signup.php HTTP/1.1" 500 - "-" "Mozilla/5.0 (Linux; Android 5.0) AppleWebKit/537.36 (KHTML, like Gecko) Mobile Safari/537.36 (compatible; Bytespider; spider-feedback@bytedance.com)"
139.18.2.214 - - [31/Mar/2026:18:15:49 +0000] "GET /wp-includes/Text/?C=M;O=A HTTP/1.1" 200 1164 "https://weddingswithjoy.org.nz/wp-includes/Text/" "LCC (+http://corpora.uni-leipzig.de/crawler_faq.html)"
139.18.2.214 - - [31/Mar/2026:18:16:00 +0000] "GET /wp-includes/Text/?C=S;O=A HTTP/1.1" 200 1164 "https://weddingswithjoy.org.nz/wp-includes/Text/" "LCC (+http://corpora.uni-leipzig.de/crawler_faq.html)"
74.7.243.230 - - [31/Mar/2026:18:16:09 +0000] "GET /wp-includes/rest-api/endpoints/class-wp-rest-autosaves-controller.php HTTP/1.1" 500 - "https://schoolofgolfnz.co.nz/wp-includes/rest-api/endpoints/" "Mozilla/5.0 AppleWebKit/537.36 (KHTML, like Gecko; compatible; GPTBot/1.3; +https://openai.com/gptbot)"
139.18.2.214 - - [31/Mar/2026:18:16:12 +0000] "GET /wp-includes/Text/?C=D;O=A HTTP/1.1" 200 1164 "https://weddingswithjoy.org.nz/wp-includes/Text/" "LCC (+http://corpora.uni-leipzig.de/crawler_faq.html)"
139.18.2.214 - - [31/Mar/2026:18:16:24 +0000] "GET /wp-includes/Text/Diff.php HTTP/1.1" 200 - "https://weddingswithjoy.org.nz/wp-includes/Text/" "LCC (+http://corpora.uni-leipzig.de/crawler_faq.html)"
74.7.227.41 - - [31/Mar/2026:18:16:31 +0000] "GET /wp-includes/widgets/class-wp-widget-recent-comments.php HTTP/1.1" 500 - "https://weddingswithjoy.org.nz/wp-includes/widgets/" "Mozilla/5.0 AppleWebKit/537.36 (KHTML, like Gecko; compatible; GPTBot/1.3; +https://openai.com/gptbot)"
139.18.2.214 - - [31/Mar/2026:18:16:36 +0000] "GET /wp-includes/Text/Diff/ HTTP/1.1" 200 1181 "https://weddingswithjoy.org.nz/wp-includes/Text/" "LCC (+http://corpora.uni-leipzig.de/crawler_faq.html)"
43.130.39.254 - - [31/Mar/2026:18:16:37 +0000] "GET / HTTP/1.1" 200 2980 "http://www.qualityprecast.nz" "Mozilla/5.0 (iPhone; CPU iPhone OS 13_2_3 like Mac OS X) AppleWebKit/605.1.15 (KHTML, like Gecko) Version/13.0.3 Mobile/15E148 Safari/604.1"
139.18.2.214 - - [31/Mar/2026:18:16:47 +0000] "GET /wp-includes/Text/Exception.php HTTP/1.1" 200 - "https://weddingswithjoy.org.nz/wp-includes/Text/" "LCC (+http://corpora.uni-leipzig.de/crawler_faq.html)"
139.18.2.214 - - [31/Mar/2026:18:17:02 +0000] "GET /wp-includes/abilities-api/?C=N;O=D HTTP/1.1" 200 1453 "https://weddingswithjoy.org.nz/wp-includes/abilities-api/" "LCC (+http://corpora.uni-leipzig.de/crawler_faq.html)"
74.7.243.230 - - [31/Mar/2026:18:17:06 +0000] "GET /wp-includes/js/crop/cropper.js HTTP/1.1" 200 16485 "https://schoolofgolfnz.co.nz/wp-includes/js/crop/" "Mozilla/5.0 AppleWebKit/537.36 (KHTML, like Gecko; compatible; GPTBot/1.3; +https://openai.com/gptbot)"
139.18.2.214 - - [31/Mar/2026:18:17:13 +0000] "GET /wp-includes/abilities-api/?C=M;O=A HTTP/1.1" 200 1453 "https://weddingswithjoy.org.nz/wp-includes/abilities-api/" "LCC (+http://corpora.uni-leipzig.de/crawler_faq.html)"
139.18.2.214 - - [31/Mar/2026:18:17:25 +0000] "GET /wp-includes/abilities-api/?C=S;O=A HTTP/1.1" 200 1453 "https://weddingswithjoy.org.nz/wp-includes/abilities-api/" "LCC (+http://corpora.uni-leipzig.de/crawler_faq.html)"
74.7.227.41 - - [31/Mar/2026:18:17:33 +0000] "GET /wp-includes/plugin.php HTTP/1.1" 200 - "https://weddingswithjoy.org.nz/wp-includes/" "Mozilla/5.0 AppleWebKit/537.36 (KHTML, like Gecko; compatible; GPTBot/1.3; +https://openai.com/gptbot)"
139.18.2.214 - - [31/Mar/2026:18:17:35 +0000] "GET /wp-includes/abilities-api/?C=D;O=A HTTP/1.1" 200 1453 "https://weddingswithjoy.org.nz/wp-includes/abilities-api/" "LCC (+http://corpora.uni-leipzig.de/crawler_faq.html)"
139.18.2.214 - - [31/Mar/2026:18:17:50 +0000] "GET /wp-includes/abilities-api/class-wp-abilities-registry.php HTTP/1.1" 200 - "https://weddingswithjoy.org.nz/wp-includes/abilities-api/" "LCC (+http://corpora.uni-leipzig.de/crawler_faq.html)"
139.18.2.214 - - [31/Mar/2026:18:18:04 +0000] "GET /wp-includes/abilities-api/class-wp-ability-categories-registry.php HTTP/1.1" 200 - "https://weddingswithjoy.org.nz/wp-includes/abilities-api/" "LCC (+http://corpora.uni-leipzig.de/crawler_faq.html)"
74.7.243.230 - - [31/Mar/2026:18:18:10 +0000] "GET /wp-includes/rest-api/endpoints/class-wp-rest-blocks-controller.php HTTP/1.1" 500 - "https://schoolofgolfnz.co.nz/wp-includes/rest-api/endpoints/" "Mozilla/5.0 AppleWebKit/537.36 (KHTML, like Gecko; compatible; GPTBot/1.3; +https://openai.com/gptbot)"
139.18.2.214 - - [31/Mar/2026:18:18:15 +0000] "GET /wp-includes/abilities-api/class-wp-ability-category.php HTTP/1.1" 200 - "https://weddingswithjoy.org.nz/wp-includes/abilities-api/" "LCC (+http://corpora.uni-leipzig.de/crawler_faq.html)"
139.18.2.214 - - [31/Mar/2026:18:18:26 +0000] "GET /wp-includes/abilities-api/class-wp-ability.php HTTP/1.1" 200 - "https://weddingswithjoy.org.nz/wp-includes/abilities-api/" "LCC (+http://corpora.uni-leipzig.de/crawler_faq.html)"
139.18.2.214 - - [31/Mar/2026:18:18:35 +0000] "GET /wp-includes/assets/?C=N;O=D HTTP/1.1" 200 2280 "https://weddingswithjoy.org.nz/wp-includes/assets/" "LCC (+http://corpora.uni-leipzig.de/crawler_faq.html)"
74.7.227.41 - - [31/Mar/2026:18:18:37 +0000] "GET /wp-includes/locale.php HTTP/1.1" 500 - "https://weddingswithjoy.org.nz/wp-includes/" "Mozilla/5.0 AppleWebKit/537.36 (KHTML, like Gecko; compatible; GPTBot/1.3; +https://openai.com/gptbot)"
139.18.2.214 - - [31/Mar/2026:18:18:46 +0000] "GET /wp-includes/assets/?C=M;O=A HTTP/1.1" 200 2280 "https://weddingswithjoy.org.nz/wp-includes/assets/" "LCC (+http://corpora.uni-leipzig.de/crawler_faq.html)"
139.18.2.214 - - [31/Mar/2026:18:18:55 +0000] "GET /wp-includes/assets/?C=S;O=A HTTP/1.1" 200 2280 "https://weddingswithjoy.org.nz/wp-includes/assets/" "LCC (+http://corpora.uni-leipzig.de/crawler_faq.html)"
139.18.2.214 - - [31/Mar/2026:18:19:04 +0000] "GET /wp-includes/assets/?C=D;O=A HTTP/1.1" 200 2280 "https://weddingswithjoy.org.nz/wp-includes/assets/" "LCC (+http://corpora.uni-leipzig.de/crawler_faq.html)"
74.7.243.230 - - [31/Mar/2026:18:19:06 +0000] "GET /wp-includes/rest-api/endpoints/class-wp-rest-menus-controller.php HTTP/1.1" 500 - "https://schoolofgolfnz.co.nz/wp-includes/rest-api/endpoints/" "Mozilla/5.0 AppleWebKit/537.36 (KHTML, like Gecko; compatible; GPTBot/1.3; +https://openai.com/gptbot)"
172.86.114.147 - - [31/Mar/2026:18:19:06 +0000] "GET / HTTP/1.1" 200 2980 "-" "Mozilla/5.0 (Windows NT 10.0; Win64; x64) AppleWebKit/537.36 (KHTML, like Gecko) Chrome/123.0.0.0 Safari/537.36"
139.18.2.214 - - [31/Mar/2026:18:19:13 +0000] "GET /wp-includes/assets/script-loader-packages.min.php HTTP/1.1" 200 - "https://weddingswithjoy.org.nz/wp-includes/assets/" "LCC (+http://corpora.uni-leipzig.de/crawler_faq.html)"
139.18.2.214 - - [31/Mar/2026:18:19:28 +0000] "GET /wp-includes/assets/script-loader-packages.php HTTP/1.1" 200 - "https://weddingswithjoy.org.nz/wp-includes/assets/" "LCC (+http://corpora.uni-leipzig.de/crawler_faq.html)"
74.7.227.41 - - [31/Mar/2026:18:19:32 +0000] "GET /wp-includes/rewrite.php HTTP/1.1" 200 - "https://weddingswithjoy.org.nz/wp-includes/" "Mozilla/5.0 AppleWebKit/537.36 (KHTML, like Gecko; compatible; GPTBot/1.3; +https://openai.com/gptbot)"
47.128.51.147 - - [31/Mar/2026:18:19:37 +0000] "GET /wp-blog-header.php HTTP/1.1" 500 - "-" "Mozilla/5.0 (Linux; Android 5.0) AppleWebKit/537.36 (KHTML, like Gecko) Mobile Safari/537.36 (compatible; Bytespider; spider-feedback@bytedance.com)"
139.18.2.214 - - [31/Mar/2026:18:19:39 +0000] "GET /wp-includes/assets/script-loader-react-refresh-entry.min.php HTTP/1.1" 200 - "https://weddingswithjoy.org.nz/wp-includes/assets/" "LCC (+http://corpora.uni-leipzig.de/crawler_faq.html)"
139.18.2.214 - - [31/Mar/2026:18:19:57 +0000] "GET /wp-includes/assets/script-loader-react-refresh-entry.php HTTP/1.1" 200 - "https://weddingswithjoy.org.nz/wp-includes/assets/" "LCC (+http://corpora.uni-leipzig.de/crawler_faq.html)"
139.18.2.214 - - [31/Mar/2026:18:20:07 +0000] "GET /wp-includes/assets/script-loader-react-refresh-runtime.min.php HTTP/1.1" 200 - "https://weddingswithjoy.org.nz/wp-includes/assets/" "LCC (+http://corpora.uni-leipzig.de/crawler_faq.html)"
74.7.243.230 - - [31/Mar/2026:18:20:09 +0000] "GET /wp-includes/js/wp-ajax-response.js HTTP/1.1" 200 3903 "https://schoolofgolfnz.co.nz/wp-includes/js/" "Mozilla/5.0 AppleWebKit/537.36 (KHTML, like Gecko; compatible; GPTBot/1.3; +https://openai.com/gptbot)"
139.18.2.214 - - [31/Mar/2026:18:20:20 +0000] "GET /wp-includes/assets/script-loader-react-refresh-runtime.php HTTP/1.1" 200 - "https://weddingswithjoy.org.nz/wp-includes/assets/" "LCC (+http://corpora.uni-leipzig.de/crawler_faq.html)"
139.18.2.214 - - [31/Mar/2026:18:20:35 +0000] "GET /wp-includes/assets/script-modules-packages.min.php HTTP/1.1" 200 - "https://weddingswithjoy.org.nz/wp-includes/assets/" "LCC (+http://corpora.uni-leipzig.de/crawler_faq.html)"
74.7.227.41 - - [31/Mar/2026:18:20:35 +0000] "GET /wp-includes/compat.php HTTP/1.1" 200 - "https://weddingswithjoy.org.nz/wp-includes/" "Mozilla/5.0 AppleWebKit/537.36 (KHTML, like Gecko; compatible; GPTBot/1.3; +https://openai.com/gptbot)"
139.18.2.214 - - [31/Mar/2026:18:20:46 +0000] "GET /wp-includes/assets/script-modules-packages.php HTTP/1.1" 200 - "https://weddingswithjoy.org.nz/wp-includes/assets/" "LCC (+http://corpora.uni-leipzig.de/crawler_faq.html)"
139.18.2.214 - - [31/Mar/2026:18:20:57 +0000] "GET /wp-includes/block-bindings/?C=N;O=D HTTP/1.1" 200 1386 "https://weddingswithjoy.org.nz/wp-includes/block-bindings/" "LCC (+http://corpora.uni-leipzig.de/crawler_faq.html)"
139.18.2.214 - - [31/Mar/2026:18:21:09 +0000] "GET /wp-includes/block-bindings/?C=M;O=A HTTP/1.1" 200 1386 "https://weddingswithjoy.org.nz/wp-includes/block-bindings/" "LCC (+http://corpora.uni-leipzig.de/crawler_faq.html)"
74.7.243.230 - - [31/Mar/2026:18:21:11 +0000] "GET /wp-includes/l10n.php HTTP/1.1" 200 - "https://schoolofgolfnz.co.nz/wp-includes/" "Mozilla/5.0 AppleWebKit/537.36 (KHTML, like Gecko; compatible; GPTBot/1.3; +https://openai.com/gptbot)"
139.18.2.214 - - [31/Mar/2026:18:21:20 +0000] "GET /wp-includes/block-bindings/?C=S;O=A HTTP/1.1" 200 1386 "https://weddingswithjoy.org.nz/wp-includes/block-bindings/" "LCC (+http://corpora.uni-leipzig.de/crawler_faq.html)"
118.107.44.79 - - [31/Mar/2026:18:21:25 +0000] "GET / HTTP/1.1" 200 2980 "-" "Mozilla/5.0 (Windows NT 10.0; Win64; x64; rv:149.0) Gecko/20100101 Firefox/149.0"
139.18.2.214 - - [31/Mar/2026:18:21:33 +0000] "GET /wp-includes/block-bindings/?C=D;O=A HTTP/1.1" 200 1386 "https://weddingswithjoy.org.nz/wp-includes/block-bindings/" "LCC (+http://corpora.uni-leipzig.de/crawler_faq.html)"
74.7.227.41 - - [31/Mar/2026:18:21:34 +0000] "GET /wp-includes/widgets.php HTTP/1.1" 200 - "https://weddingswithjoy.org.nz/wp-includes/" "Mozilla/5.0 AppleWebKit/537.36 (KHTML, like Gecko; compatible; GPTBot/1.3; +https://openai.com/gptbot)"
139.18.2.214 - - [31/Mar/2026:18:21:48 +0000] "GET /wp-includes/block-bindings/pattern-overrides.php HTTP/1.1" 500 - "https://weddingswithjoy.org.nz/wp-includes/block-bindings/" "LCC (+http://corpora.uni-leipzig.de/crawler_faq.html)"
139.18.2.214 - - [31/Mar/2026:18:22:04 +0000] "GET /wp-includes/block-bindings/post-data.php HTTP/1.1" 500 - "https://weddingswithjoy.org.nz/wp-includes/block-bindings/" "LCC (+http://corpora.uni-leipzig.de/crawler_faq.html)"
74.7.243.230 - - [31/Mar/2026:18:22:06 +0000] "GET /wp-includes/sodium_compat/namespaced/Core/Curve25519.php HTTP/1.1" 500 - "https://schoolofgolfnz.co.nz/wp-includes/sodium_compat/namespaced/Core/" "Mozilla/5.0 AppleWebKit/537.36 (KHTML, like Gecko; compatible; GPTBot/1.3; +https://openai.com/gptbot)"
139.18.2.214 - - [31/Mar/2026:18:22:16 +0000] "GET /wp-includes/block-bindings/post-meta.php HTTP/1.1" 500 - "https://weddingswithjoy.org.nz/wp-includes/block-bindings/" "LCC (+http://corpora.uni-leipzig.de/crawler_faq.html)"
74.7.227.41 - - [31/Mar/2026:18:22:23 +0000] "GET /wp-includes/blocks.php HTTP/1.1" 200 - "https://weddingswithjoy.org.nz/wp-includes/" "Mozilla/5.0 AppleWebKit/537.36 (KHTML, like Gecko; compatible; GPTBot/1.3; +https://openai.com/gptbot)"
139.18.2.214 - - [31/Mar/2026:18:22:25 +0000] "GET /wp-includes/block-bindings/term-data.php HTTP/1.1" 500 - "https://weddingswithjoy.org.nz/wp-includes/block-bindings/" "LCC (+http://corpora.uni-leipzig.de/crawler_faq.html)"
139.18.2.214 - - [31/Mar/2026:18:22:36 +0000] "GET /wp-includes/block-patterns/?C=N;O=D HTTP/1.1" 200 2015 "https://weddingswithjoy.org.nz/wp-includes/block-patterns/" "LCC (+http://corpora.uni-leipzig.de/crawler_faq.html)"
139.18.2.214 - - [31/Mar/2026:18:22:48 +0000] "GET /wp-includes/block-patterns/?C=M;O=A HTTP/1.1" 200 2015 "https://weddingswithjoy.org.nz/wp-includes/block-patterns/" "LCC (+http://corpora.uni-leipzig.de/crawler_faq.html)"
74.7.243.230 - - [31/Mar/2026:18:22:57 +0000] "GET /wp-includes/ID3/ HTTP/1.1" 200 4042 "https://schoolofgolfnz.co.nz/wp-includes/" "Mozilla/5.0 AppleWebKit/537.36 (KHTML, like Gecko; compatible; GPTBot/1.3; +https://openai.com/gptbot)"
139.18.2.214 - - [31/Mar/2026:18:22:59 +0000] "GET /wp-includes/block-patterns/?C=S;O=A HTTP/1.1" 200 2015 "https://weddingswithjoy.org.nz/wp-includes/block-patterns/" "LCC (+http://corpora.uni-leipzig.de/crawler_faq.html)"
74.7.227.41 - - [31/Mar/2026:18:23:08 +0000] "GET /wp-includes/option.php HTTP/1.1" 200 - "https://weddingswithjoy.org.nz/wp-includes/" "Mozilla/5.0 AppleWebKit/537.36 (KHTML, like Gecko; compatible; GPTBot/1.3; +https://openai.com/gptbot)"
139.18.2.214 - - [31/Mar/2026:18:23:08 +0000] "GET /wp-includes/block-patterns/?C=D;O=A HTTP/1.1" 200 2015 "https://weddingswithjoy.org.nz/wp-includes/block-patterns/" "LCC (+http://corpora.uni-leipzig.de/crawler_faq.html)"
139.18.2.214 - - [31/Mar/2026:18:23:19 +0000] "GET /wp-includes/block-patterns/query-grid-posts.php HTTP/1.1" 500 - "https://weddingswithjoy.org.nz/wp-includes/block-patterns/" "LCC (+http://corpora.uni-leipzig.de/crawler_faq.html)"
139.18.2.214 - - [31/Mar/2026:18:23:29 +0000] "GET /wp-includes/block-patterns/query-large-title-posts.php HTTP/1.1" 500 - "https://weddingswithjoy.org.nz/wp-includes/block-patterns/" "LCC (+http://corpora.uni-leipzig.de/crawler_faq.html)"
47.128.51.202 - - [31/Mar/2026:18:23:38 +0000] "GET /license.txt HTTP/1.1" 404 - "-" "Mozilla/5.0 (Linux; Android 5.0) AppleWebKit/537.36 (KHTML, like Gecko) Mobile Safari/537.36 (compatible; Bytespider; spider-feedback@bytedance.com)"
139.18.2.214 - - [31/Mar/2026:18:23:41 +0000] "GET /wp-includes/block-patterns/query-medium-posts.php HTTP/1.1" 500 - "https://weddingswithjoy.org.nz/wp-includes/block-patterns/" "LCC (+http://corpora.uni-leipzig.de/crawler_faq.html)"
74.7.227.41 - - [31/Mar/2026:18:23:48 +0000] "GET /wp-includes/version.php HTTP/1.1" 200 - "https://weddingswithjoy.org.nz/wp-includes/" "Mozilla/5.0 AppleWebKit/537.36 (KHTML, like Gecko; compatible; GPTBot/1.3; +https://openai.com/gptbot)"
139.18.2.214 - - [31/Mar/2026:18:23:51 +0000] "GET /wp-includes/block-patterns/query-offset-posts.php HTTP/1.1" 500 - "https://weddingswithjoy.org.nz/wp-includes/block-patterns/" "LCC (+http://corpora.uni-leipzig.de/crawler_faq.html)"
74.7.243.230 - - [31/Mar/2026:18:24:01 +0000] "GET /wp-includes/l10n/class-wp-translation-file.php HTTP/1.1" 200 - "https://schoolofgolfnz.co.nz/wp-includes/l10n/" "Mozilla/5.0 AppleWebKit/537.36 (KHTML, like Gecko; compatible; GPTBot/1.3; +https://openai.com/gptbot)"
139.18.2.214 - - [31/Mar/2026:18:24:03 +0000] "GET /wp-includes/block-patterns/query-small-posts.php HTTP/1.1" 500 - "https://weddingswithjoy.org.nz/wp-includes/block-patterns/" "LCC (+http://corpora.uni-leipzig.de/crawler_faq.html)"
139.18.2.214 - - [31/Mar/2026:18:24:16 +0000] "GET /wp-includes/block-patterns/query-standard-posts.php HTTP/1.1" 500 - "https://weddingswithjoy.org.nz/wp-includes/block-patterns/" "LCC (+http://corpora.uni-leipzig.de/crawler_faq.html)"
74.7.227.41 - - [31/Mar/2026:18:24:24 +0000] "GET /wp-includes/rest-api/endpoints/ HTTP/1.1" 200 9993 "https://weddingswithjoy.org.nz/wp-includes/rest-api/" "Mozilla/5.0 AppleWebKit/537.36 (KHTML, like Gecko; compatible; GPTBot/1.3; +https://openai.com/gptbot)"
139.18.2.214 - - [31/Mar/2026:18:24:27 +0000] "GET /wp-includes/block-patterns/social-links-shared-background-color.php HTTP/1.1" 500 - "https://weddingswithjoy.org.nz/wp-includes/block-patterns/" "LCC (+http://corpora.uni-leipzig.de/crawler_faq.html)"
139.18.2.214 - - [31/Mar/2026:18:24:38 +0000] "GET /wp-includes/block-supports/?C=N;O=D HTTP/1.1" 200 4110 "https://weddingswithjoy.org.nz/wp-includes/block-supports/" "LCC (+http://corpora.uni-leipzig.de/crawler_faq.html)"
139.18.2.214 - - [31/Mar/2026:18:24:50 +0000] "GET /wp-includes/block-supports/?C=M;O=A HTTP/1.1" 200 4110 "https://weddingswithjoy.org.nz/wp-includes/block-supports/" "LCC (+http://corpora.uni-leipzig.de/crawler_faq.html)"
74.7.243.230 - - [31/Mar/2026:18:24:56 +0000] "GET /wp-includes/rest-api/endpoints/class-wp-rest-taxonomies-controller.php HTTP/1.1" 500 - "https://schoolofgolfnz.co.nz/wp-includes/rest-api/endpoints/" "Mozilla/5.0 AppleWebKit/537.36 (KHTML, like Gecko; compatible; GPTBot/1.3; +https://openai.com/gptbot)"
74.7.227.41 - - [31/Mar/2026:18:24:58 +0000] "GET /wp-includes/sodium_compat/src/ HTTP/1.1" 200 2095 "https://weddingswithjoy.org.nz/wp-includes/sodium_compat/" "Mozilla/5.0 AppleWebKit/537.36 (KHTML, like Gecko; compatible; GPTBot/1.3; +https://openai.com/gptbot)"
139.18.2.214 - - [31/Mar/2026:18:25:01 +0000] "GET /wp-includes/block-supports/?C=S;O=A HTTP/1.1" 200 4110 "https://weddingswithjoy.org.nz/wp-includes/block-supports/" "LCC (+http://corpora.uni-leipzig.de/crawler_faq.html)"
139.18.2.214 - - [31/Mar/2026:18:25:12 +0000] "GET /wp-includes/block-supports/?C=D;O=A HTTP/1.1" 200 4110 "https://weddingswithjoy.org.nz/wp-includes/block-supports/" "LCC (+http://corpora.uni-leipzig.de/crawler_faq.html)"
139.18.2.214 - - [31/Mar/2026:18:25:22 +0000] "GET /wp-includes/block-supports/align.php HTTP/1.1" 500 - "https://weddingswithjoy.org.nz/wp-includes/block-supports/" "LCC (+http://corpora.uni-leipzig.de/crawler_faq.html)"
74.7.227.41 - - [31/Mar/2026:18:25:27 +0000] "GET /wp-includes/l10n/ HTTP/1.1" 200 1643 "https://weddingswithjoy.org.nz/wp-includes/" "Mozilla/5.0 AppleWebKit/537.36 (KHTML, like Gecko; compatible; GPTBot/1.3; +https://openai.com/gptbot)"
139.18.2.214 - - [31/Mar/2026:18:25:39 +0000] "GET /wp-includes/block-supports/aria-label.php HTTP/1.1" 500 - "https://weddingswithjoy.org.nz/wp-includes/block-supports/" "LCC (+http://corpora.uni-leipzig.de/crawler_faq.html)"
207.244.251.108 - - [31/Mar/2026:18:25:48 +0000] "GET /.env HTTP/1.1" 404 - "-" "Mozilla/5.0 (compatible)"
74.7.243.230 - - [31/Mar/2026:18:25:48 +0000] "GET /wp-includes/pomo/mo.php HTTP/1.1" 200 - "https://schoolofgolfnz.co.nz/wp-includes/pomo/" "Mozilla/5.0 AppleWebKit/537.36 (KHTML, like Gecko; compatible; GPTBot/1.3; +https://openai.com/gptbot)"
207.244.251.108 - - [31/Mar/2026:18:25:49 +0000] "GET /.env.production HTTP/1.1" 404 - "-" "Mozilla/5.0 (compatible)"
207.244.251.108 - - [31/Mar/2026:18:25:49 +0000] "GET /.env.local HTTP/1.1" 404 - "-" "Mozilla/5.0 (compatible)"
207.244.251.108 - - [31/Mar/2026:18:25:50 +0000] "GET /.env.prod HTTP/1.1" 404 - "-" "Mozilla/5.0 (compatible)"
139.18.2.214 - - [31/Mar/2026:18:25:51 +0000] "GET /wp-includes/block-supports/background.php HTTP/1.1" 500 - "https://weddingswithjoy.org.nz/wp-includes/block-supports/" "LCC (+http://corpora.uni-leipzig.de/crawler_faq.html)"
207.244.251.108 - - [31/Mar/2026:18:25:51 +0000] "GET /.env.backup HTTP/1.1" 404 - "-" "Mozilla/5.0 (compatible)"
207.244.251.108 - - [31/Mar/2026:18:25:52 +0000] "GET /.env.old HTTP/1.1" 404 - "-" "Mozilla/5.0 (compatible)"
207.244.251.108 - - [31/Mar/2026:18:25:53 +0000] "GET /.env.save HTTP/1.1" 404 - "-" "Mozilla/5.0 (compatible)"
74.7.227.41 - - [31/Mar/2026:18:25:53 +0000] "GET /wp-includes/session.php HTTP/1.1" 500 - "https://weddingswithjoy.org.nz/wp-includes/" "Mozilla/5.0 AppleWebKit/537.36 (KHTML, like Gecko; compatible; GPTBot/1.3; +https://openai.com/gptbot)"
207.244.251.108 - - [31/Mar/2026:18:25:54 +0000] "GET /.env.example HTTP/1.1" 404 - "-" "Mozilla/5.0 (compatible)"
207.244.251.108 - - [31/Mar/2026:18:25:54 +0000] "GET /.env.dev HTTP/1.1" 404 - "-" "Mozilla/5.0 (compatible)"
207.244.251.108 - - [31/Mar/2026:18:25:55 +0000] "GET /.env.staging HTTP/1.1" 404 - "-" "Mozilla/5.0 (compatible)"
207.244.251.108 - - [31/Mar/2026:18:25:56 +0000] "GET /.env.development HTTP/1.1" 404 - "-" "Mozilla/5.0 (compatible)"
139.18.2.214 - - [31/Mar/2026:18:26:01 +0000] "GET /wp-includes/block-supports/block-style-variations.php HTTP/1.1" 500 - "https://weddingswithjoy.org.nz/wp-includes/block-supports/" "LCC (+http://corpora.uni-leipzig.de/crawler_faq.html)"
139.18.2.214 - - [31/Mar/2026:18:26:11 +0000] "GET /wp-includes/block-supports/block-visibility.php HTTP/1.1" 500 - "https://weddingswithjoy.org.nz/wp-includes/block-supports/" "LCC (+http://corpora.uni-leipzig.de/crawler_faq.html)"
74.7.227.41 - - [31/Mar/2026:18:26:16 +0000] "GET /wp-includes/Requests/ HTTP/1.1" 200 990 "https://weddingswithjoy.org.nz/wp-includes/" "Mozilla/5.0 AppleWebKit/537.36 (KHTML, like Gecko; compatible; GPTBot/1.3; +https://openai.com/gptbot)"
139.18.2.214 - - [31/Mar/2026:18:26:23 +0000] "GET /wp-includes/block-supports/border.php HTTP/1.1" 500 - "https://weddingswithjoy.org.nz/wp-includes/block-supports/" "LCC (+http://corpora.uni-leipzig.de/crawler_faq.html)"
139.18.2.214 - - [31/Mar/2026:18:26:34 +0000] "GET /wp-includes/block-supports/colors.php HTTP/1.1" 500 - "https://weddingswithjoy.org.nz/wp-includes/block-supports/" "LCC (+http://corpora.uni-leipzig.de/crawler_faq.html)"
139.18.2.214 - - [31/Mar/2026:18:26:44 +0000] "GET /wp-includes/block-supports/custom-classname.php HTTP/1.1" 500 - "https://weddingswithjoy.org.nz/wp-includes/block-supports/" "LCC (+http://corpora.uni-leipzig.de/crawler_faq.html)"
74.7.243.230 - - [31/Mar/2026:18:26:53 +0000] "GET /wp-includes/utf8.php HTTP/1.1" 500 - "https://schoolofgolfnz.co.nz/wp-includes/" "Mozilla/5.0 AppleWebKit/537.36 (KHTML, like Gecko; compatible; GPTBot/1.3; +https://openai.com/gptbot)"
139.18.2.214 - - [31/Mar/2026:18:26:59 +0000] "GET /wp-includes/block-supports/dimensions.php HTTP/1.1" 500 - "https://weddingswithjoy.org.nz/wp-includes/block-supports/" "LCC (+http://corpora.uni-leipzig.de/crawler_faq.html)"
139.18.2.214 - - [31/Mar/2026:18:27:15 +0000] "GET /wp-includes/block-supports/duotone.php HTTP/1.1" 500 - "https://weddingswithjoy.org.nz/wp-includes/block-supports/" "LCC (+http://corpora.uni-leipzig.de/crawler_faq.html)"
74.7.227.41 - - [31/Mar/2026:18:27:20 +0000] "GET /wp-includes/customize/ HTTP/1.1" 200 8270 "https://weddingswithjoy.org.nz/wp-includes/" "Mozilla/5.0 AppleWebKit/537.36 (KHTML, like Gecko; compatible; GPTBot/1.3; +https://openai.com/gptbot)"
139.18.2.214 - - [31/Mar/2026:18:27:30 +0000] "GET /wp-includes/block-supports/elements.php HTTP/1.1" 500 - "https://weddingswithjoy.org.nz/wp-includes/block-supports/" "LCC (+http://corpora.uni-leipzig.de/crawler_faq.html)"
47.128.51.196 - - [31/Mar/2026:18:27:39 +0000] "GET /wp-trackback.php HTTP/1.1" 404 16 "-" "Mozilla/5.0 (Linux; Android 5.0) AppleWebKit/537.36 (KHTML, like Gecko) Mobile Safari/537.36 (compatible; Bytespider; spider-feedback@bytedance.com)"
139.18.2.214 - - [31/Mar/2026:18:27:42 +0000] "GET /wp-includes/block-supports/generated-classname.php HTTP/1.1" 500 - "https://weddingswithjoy.org.nz/wp-includes/block-supports/" "LCC (+http://corpora.uni-leipzig.de/crawler_faq.html)"
74.7.243.230 - - [31/Mar/2026:18:27:50 +0000] "GET /wp-includes/rest-api/endpoints/class-wp-rest-attachments-controller.php HTTP/1.1" 500 - "https://schoolofgolfnz.co.nz/wp-includes/rest-api/endpoints/" "Mozilla/5.0 AppleWebKit/537.36 (KHTML, like Gecko; compatible; GPTBot/1.3; +https://openai.com/gptbot)"
205.169.39.45 - - [31/Mar/2026:18:27:53 +0000] "GET / HTTP/1.1" 200 2980 "-" "Mozilla/5.0 (Windows NT 10.0) AppleWebKit/537.36 (KHTML, like Gecko) Chrome/106.0.0.0 Safari/537.36"
139.18.2.214 - - [31/Mar/2026:18:27:54 +0000] "GET /wp-includes/block-supports/layout.php HTTP/1.1" 500 - "https://weddingswithjoy.org.nz/wp-includes/block-supports/" "LCC (+http://corpora.uni-leipzig.de/crawler_faq.html)"
