139.18.2.214 - - [31/Mar/2026:20:10:33 +0000] "GET /wp-includes/rest-api/fields/?C=N;O=D HTTP/1.1" 200 1688 "https://weddingswithjoy.org.nz/wp-includes/rest-api/fields/" "LCC (+http://corpora.uni-leipzig.de/crawler_faq.html)"
74.7.243.230 - - [31/Mar/2026:20:10:35 +0000] "GET /wp-includes/js/dist/+e+ HTTP/1.1" 404 - "https://schoolofgolfnz.co.nz/wp-includes/js/dist/block-editor.min.js" "Mozilla/5.0 AppleWebKit/537.36 (KHTML, like Gecko; compatible; GPTBot/1.3; +https://openai.com/gptbot)"
139.18.2.214 - - [31/Mar/2026:20:10:43 +0000] "GET /wp-includes/rest-api/fields/?C=M;O=A HTTP/1.1" 200 1688 "https://weddingswithjoy.org.nz/wp-includes/rest-api/fields/" "LCC (+http://corpora.uni-leipzig.de/crawler_faq.html)"
74.7.227.159 - - [31/Mar/2026:20:10:46 +0000] "GET /wp-includes/class-wp-recovery-mode-email-service.php HTTP/1.1" 200 - "https://www.qualityprecast.co.nz/wp-includes/" "Mozilla/5.0 AppleWebKit/537.36 (KHTML, like Gecko; compatible; GPTBot/1.3; +https://openai.com/gptbot)"
139.18.2.214 - - [31/Mar/2026:20:10:54 +0000] "GET /wp-includes/rest-api/fields/?C=S;O=A HTTP/1.1" 200 1688 "https://weddingswithjoy.org.nz/wp-includes/rest-api/fields/" "LCC (+http://corpora.uni-leipzig.de/crawler_faq.html)"
74.7.227.41 - - [31/Mar/2026:20:11:02 +0000] "GET /wp-includes/fonts/dashicons.eot HTTP/1.1" 304 - "https://weddingswithjoy.org.nz/wp-includes/fonts/" "Mozilla/5.0 AppleWebKit/537.36 (KHTML, like Gecko; compatible; GPTBot/1.3; +https://openai.com/gptbot)"
139.18.2.214 - - [31/Mar/2026:20:11:05 +0000] "GET /wp-includes/rest-api/fields/?C=D;O=A HTTP/1.1" 200 1688 "https://weddingswithjoy.org.nz/wp-includes/rest-api/fields/" "LCC (+http://corpora.uni-leipzig.de/crawler_faq.html)"
139.18.2.214 - - [31/Mar/2026:20:11:18 +0000] "GET /wp-includes/rest-api/fields/class-wp-rest-comment-meta-fields.php HTTP/1.1" 500 - "https://weddingswithjoy.org.nz/wp-includes/rest-api/fields/" "LCC (+http://corpora.uni-leipzig.de/crawler_faq.html)"
139.18.2.214 - - [31/Mar/2026:20:11:28 +0000] "GET /wp-includes/rest-api/fields/class-wp-rest-meta-fields.php HTTP/1.1" 200 - "https://weddingswithjoy.org.nz/wp-includes/rest-api/fields/" "LCC (+http://corpora.uni-leipzig.de/crawler_faq.html)"
74.7.243.230 - - [31/Mar/2026:20:11:32 +0000] "GET /wp-includes/js/jquery/ui/mouse.min.js HTTP/1.1" 200 3428 "https://schoolofgolfnz.co.nz/wp-includes/js/jquery/ui/" "Mozilla/5.0 AppleWebKit/537.36 (KHTML, like Gecko; compatible; GPTBot/1.3; +https://openai.com/gptbot)"
74.7.227.159 - - [31/Mar/2026:20:11:34 +0000] "GET /wp-includes/error-protection.php HTTP/1.1" 200 - "https://www.qualityprecast.co.nz/wp-includes/" "Mozilla/5.0 AppleWebKit/537.36 (KHTML, like Gecko; compatible; GPTBot/1.3; +https://openai.com/gptbot)"
139.18.2.214 - - [31/Mar/2026:20:11:39 +0000] "GET /wp-includes/rest-api/fields/class-wp-rest-post-meta-fields.php HTTP/1.1" 500 - "https://weddingswithjoy.org.nz/wp-includes/rest-api/fields/" "LCC (+http://corpora.uni-leipzig.de/crawler_faq.html)"
74.7.227.41 - - [31/Mar/2026:20:11:42 +0000] "GET /wp-includes/js/wp-emoji-loader.js HTTP/1.1" 200 13203 "https://weddingswithjoy.org.nz/wp-includes/js/" "Mozilla/5.0 AppleWebKit/537.36 (KHTML, like Gecko; compatible; GPTBot/1.3; +https://openai.com/gptbot)"
139.18.2.214 - - [31/Mar/2026:20:11:48 +0000] "GET /wp-includes/rest-api/fields/class-wp-rest-term-meta-fields.php HTTP/1.1" 500 - "https://weddingswithjoy.org.nz/wp-includes/rest-api/fields/" "LCC (+http://corpora.uni-leipzig.de/crawler_faq.html)"
139.18.2.214 - - [31/Mar/2026:20:12:00 +0000] "GET /wp-includes/rest-api/fields/class-wp-rest-user-meta-fields.php HTTP/1.1" 500 - "https://weddingswithjoy.org.nz/wp-includes/rest-api/fields/" "LCC (+http://corpora.uni-leipzig.de/crawler_faq.html)"
139.18.2.214 - - [31/Mar/2026:20:12:09 +0000] "GET /wp-includes/rest-api/search/?C=N;O=D HTTP/1.1" 200 1499 "https://weddingswithjoy.org.nz/wp-includes/rest-api/search/" "LCC (+http://corpora.uni-leipzig.de/crawler_faq.html)"
74.7.227.159 - - [31/Mar/2026:20:12:17 +0000] "GET /wp-includes/ms-default-constants.php HTTP/1.1" 200 - "https://www.qualityprecast.co.nz/wp-includes/" "Mozilla/5.0 AppleWebKit/537.36 (KHTML, like Gecko; compatible; GPTBot/1.3; +https://openai.com/gptbot)"
139.18.2.214 - - [31/Mar/2026:20:12:18 +0000] "GET /wp-includes/rest-api/search/?C=M;O=A HTTP/1.1" 200 1499 "https://weddingswithjoy.org.nz/wp-includes/rest-api/search/" "LCC (+http://corpora.uni-leipzig.de/crawler_faq.html)"
74.7.227.41 - - [31/Mar/2026:20:12:19 +0000] "GET /wp-includes/js/customize-preview-nav-menus.min.js HTTP/1.1" 200 5033 "https://weddingswithjoy.org.nz/wp-includes/js/" "Mozilla/5.0 AppleWebKit/537.36 (KHTML, like Gecko; compatible; GPTBot/1.3; +https://openai.com/gptbot)"
74.7.243.230 - - [31/Mar/2026:20:12:27 +0000] "GET /wp-includes/pomo/entry.php HTTP/1.1" 200 - "https://schoolofgolfnz.co.nz/wp-includes/pomo/" "Mozilla/5.0 AppleWebKit/537.36 (KHTML, like Gecko; compatible; GPTBot/1.3; +https://openai.com/gptbot)"
139.18.2.214 - - [31/Mar/2026:20:12:30 +0000] "GET /wp-includes/rest-api/search/?C=S;O=A HTTP/1.1" 200 1499 "https://weddingswithjoy.org.nz/wp-includes/rest-api/search/" "LCC (+http://corpora.uni-leipzig.de/crawler_faq.html)"
139.18.2.214 - - [31/Mar/2026:20:12:39 +0000] "GET /wp-includes/rest-api/search/?C=D;O=A HTTP/1.1" 200 1499 "https://weddingswithjoy.org.nz/wp-includes/rest-api/search/" "LCC (+http://corpora.uni-leipzig.de/crawler_faq.html)"
139.18.2.214 - - [31/Mar/2026:20:12:51 +0000] "GET /wp-includes/rest-api/search/class-wp-rest-post-format-search-handler.php HTTP/1.1" 500 - "https://weddingswithjoy.org.nz/wp-includes/rest-api/search/" "LCC (+http://corpora.uni-leipzig.de/crawler_faq.html)"
74.7.227.159 - - [31/Mar/2026:20:12:53 +0000] "GET /wp-includes/class-wp-customize-panel.php HTTP/1.1" 200 2 "https://www.qualityprecast.co.nz/wp-includes/" "Mozilla/5.0 AppleWebKit/537.36 (KHTML, like Gecko; compatible; GPTBot/1.3; +https://openai.com/gptbot)"
74.7.227.41 - - [31/Mar/2026:20:12:54 +0000] "GET /wp-includes/js/customize-selective-refresh.min.js HTTP/1.1" 200 10693 "https://weddingswithjoy.org.nz/wp-includes/js/" "Mozilla/5.0 AppleWebKit/537.36 (KHTML, like Gecko; compatible; GPTBot/1.3; +https://openai.com/gptbot)"
139.18.2.214 - - [31/Mar/2026:20:13:03 +0000] "GET /wp-includes/rest-api/search/class-wp-rest-post-search-handler.php HTTP/1.1" 500 - "https://weddingswithjoy.org.nz/wp-includes/rest-api/search/" "LCC (+http://corpora.uni-leipzig.de/crawler_faq.html)"
66.249.64.14 - - [31/Mar/2026:20:13:05 +0000] "GET / HTTP/1.1" 200 2980 "-" "Mozilla/5.0 (Linux; Android 6.0.1; Nexus 5X Build/MMB29P) AppleWebKit/537.36 (KHTML, like Gecko) Chrome/146.0.7680.164 Mobile Safari/537.36 (compatible; Googlebot/2.1; +http://www.google.com/bot.html)"
139.18.2.214 - - [31/Mar/2026:20:13:15 +0000] "GET /wp-includes/rest-api/search/class-wp-rest-search-handler.php HTTP/1.1" 200 - "https://weddingswithjoy.org.nz/wp-includes/rest-api/search/" "LCC (+http://corpora.uni-leipzig.de/crawler_faq.html)"
74.7.243.230 - - [31/Mar/2026:20:13:20 +0000] "GET /wp-includes/sodium_compat/src/Core/AEGIS256.php HTTP/1.1" 500 - "https://schoolofgolfnz.co.nz/wp-includes/sodium_compat/src/Core/" "Mozilla/5.0 AppleWebKit/537.36 (KHTML, like Gecko; compatible; GPTBot/1.3; +https://openai.com/gptbot)"
74.7.227.41 - - [31/Mar/2026:20:13:22 +0000] "GET /wp-includes/js/customize-preview-widgets.min.js HTTP/1.1" 200 7820 "https://weddingswithjoy.org.nz/wp-includes/js/" "Mozilla/5.0 AppleWebKit/537.36 (KHTML, like Gecko; compatible; GPTBot/1.3; +https://openai.com/gptbot)"
74.7.227.159 - - [31/Mar/2026:20:13:26 +0000] "GET /wp-includes/embed-template.php HTTP/1.1" 500 - "https://www.qualityprecast.co.nz/wp-includes/" "Mozilla/5.0 AppleWebKit/537.36 (KHTML, like Gecko; compatible; GPTBot/1.3; +https://openai.com/gptbot)"
139.18.2.214 - - [31/Mar/2026:20:13:26 +0000] "GET /wp-includes/rest-api/search/class-wp-rest-term-search-handler.php HTTP/1.1" 500 - "https://weddingswithjoy.org.nz/wp-includes/rest-api/search/" "LCC (+http://corpora.uni-leipzig.de/crawler_faq.html)"
139.18.2.214 - - [31/Mar/2026:20:13:38 +0000] "GET /wp-includes/sitemaps/?C=N;O=A HTTP/1.1" 200 2013 "https://weddingswithjoy.org.nz/wp-includes/sitemaps/?C=N;O=D" "LCC (+http://corpora.uni-leipzig.de/crawler_faq.html)"
139.18.2.214 - - [31/Mar/2026:20:13:49 +0000] "GET /wp-includes/sitemaps/?C=M;O=D HTTP/1.1" 200 2013 "https://weddingswithjoy.org.nz/wp-includes/sitemaps/?C=M;O=A" "LCC (+http://corpora.uni-leipzig.de/crawler_faq.html)"
74.7.227.41 - - [31/Mar/2026:20:13:50 +0000] "GET /wp-includes/js/admin-bar.min.js HTTP/1.1" 200 3487 "https://weddingswithjoy.org.nz/wp-includes/js/" "Mozilla/5.0 AppleWebKit/537.36 (KHTML, like Gecko; compatible; GPTBot/1.3; +https://openai.com/gptbot)"
74.7.227.159 - - [31/Mar/2026:20:13:57 +0000] "GET /wp-includes/class-wp-simplepie-sanitize-kses.php HTTP/1.1" 200 2 "https://www.qualityprecast.co.nz/wp-includes/" "Mozilla/5.0 AppleWebKit/537.36 (KHTML, like Gecko; compatible; GPTBot/1.3; +https://openai.com/gptbot)"
139.18.2.214 - - [31/Mar/2026:20:14:00 +0000] "GET /wp-includes/sitemaps/?C=S;O=D HTTP/1.1" 200 2013 "https://weddingswithjoy.org.nz/wp-includes/sitemaps/?C=S;O=A" "LCC (+http://corpora.uni-leipzig.de/crawler_faq.html)"
74.7.243.230 - - [31/Mar/2026:20:14:07 +0000] "GET /wp-includes/js/media-grid.js HTTP/1.1" 200 26781 "https://schoolofgolfnz.co.nz/wp-includes/js/" "Mozilla/5.0 AppleWebKit/537.36 (KHTML, like Gecko; compatible; GPTBot/1.3; +https://openai.com/gptbot)"
139.18.2.214 - - [31/Mar/2026:20:14:10 +0000] "GET /wp-includes/sitemaps/?C=D;O=D HTTP/1.1" 200 2013 "https://weddingswithjoy.org.nz/wp-includes/sitemaps/?C=D;O=A" "LCC (+http://corpora.uni-leipzig.de/crawler_faq.html)"
74.7.227.41 - - [31/Mar/2026:20:14:15 +0000] "GET /wp-includes/js/wp-embed.min.js HTTP/1.1" 200 1251 "https://weddingswithjoy.org.nz/wp-includes/js/" "Mozilla/5.0 AppleWebKit/537.36 (KHTML, like Gecko; compatible; GPTBot/1.3; +https://openai.com/gptbot)"
139.18.2.214 - - [31/Mar/2026:20:14:22 +0000] "GET /wp-includes/sitemaps/providers/?C=N;O=D HTTP/1.1" 200 1270 "https://weddingswithjoy.org.nz/wp-includes/sitemaps/providers/" "LCC (+http://corpora.uni-leipzig.de/crawler_faq.html)"
20.65.194.16 - - [31/Mar/2026:20:14:31 +0000] "GET /ReportServer HTTP/1.1" 404 - "-" "Mozilla/5.0 zgrab/0.x"
139.18.2.214 - - [31/Mar/2026:20:14:35 +0000] "GET /wp-includes/sitemaps/providers/?C=M;O=A HTTP/1.1" 200 1270 "https://weddingswithjoy.org.nz/wp-includes/sitemaps/providers/" "LCC (+http://corpora.uni-leipzig.de/crawler_faq.html)"
74.7.227.41 - - [31/Mar/2026:20:14:36 +0000] "GET /wp-includes/js/media-editor.min.js HTTP/1.1" 200 10885 "https://weddingswithjoy.org.nz/wp-includes/js/" "Mozilla/5.0 AppleWebKit/537.36 (KHTML, like Gecko; compatible; GPTBot/1.3; +https://openai.com/gptbot)"
139.18.2.214 - - [31/Mar/2026:20:14:44 +0000] "GET /wp-includes/sitemaps/providers/?C=S;O=A HTTP/1.1" 200 1270 "https://weddingswithjoy.org.nz/wp-includes/sitemaps/providers/" "LCC (+http://corpora.uni-leipzig.de/crawler_faq.html)"
74.7.227.41 - - [31/Mar/2026:20:14:56 +0000] "GET /wp-includes/js/wp-lists.min.js HTTP/1.1" 200 7521 "https://weddingswithjoy.org.nz/wp-includes/js/" "Mozilla/5.0 AppleWebKit/537.36 (KHTML, like Gecko; compatible; GPTBot/1.3; +https://openai.com/gptbot)"
139.18.2.214 - - [31/Mar/2026:20:14:56 +0000] "GET /wp-includes/sitemaps/providers/?C=D;O=A HTTP/1.1" 200 1270 "https://weddingswithjoy.org.nz/wp-includes/sitemaps/providers/" "LCC (+http://corpora.uni-leipzig.de/crawler_faq.html)"
74.7.230.51 - - [31/Mar/2026:20:14:57 +0000] "GET /robots.txt HTTP/1.1" 200 92 "-" "Mozilla/5.0 (Macintosh; Intel Mac OS X 10_15_7) AppleWebKit/537.36 (KHTML, like Gecko) Chrome/131.0.0.0 Safari/537.36; compatible; OAI-SearchBot/1.3; robots.txt; +https://openai.com/searchbot"
74.7.227.159 - - [31/Mar/2026:20:14:58 +0000] "GET /wp-includes/class-wp-recovery-mode-link-service.php HTTP/1.1" 200 - "https://www.qualityprecast.co.nz/wp-includes/" "Mozilla/5.0 AppleWebKit/537.36 (KHTML, like Gecko; compatible; GPTBot/1.3; +https://openai.com/gptbot)"
43.159.141.150 - - [31/Mar/2026:20:14:58 +0000] "GET /wp-includes/class-walker-category.php HTTP/1.1" 500 - "-" "Mozilla/5.0 (iPhone; CPU iPhone OS 13_2_3 like Mac OS X) AppleWebKit/605.1.15 (KHTML, like Gecko) Version/13.0.3 Mobile/15E148 Safari/604.1"
139.18.2.214 - - [31/Mar/2026:20:15:09 +0000] "GET /wp-includes/sitemaps/providers/class-wp-sitemaps-posts.php HTTP/1.1" 500 - "https://weddingswithjoy.org.nz/wp-includes/sitemaps/providers/" "LCC (+http://corpora.uni-leipzig.de/crawler_faq.html)"
74.7.243.230 - - [31/Mar/2026:20:15:13 +0000] "GET /wp-includes/Requests/library/ HTTP/1.1" 200 847 "https://schoolofgolfnz.co.nz/wp-includes/Requests/" "Mozilla/5.0 AppleWebKit/537.36 (KHTML, like Gecko; compatible; GPTBot/1.3; +https://openai.com/gptbot)"
74.7.227.41 - - [31/Mar/2026:20:15:14 +0000] "GET /wp-includes/js/wp-emoji.min.js HTTP/1.1" 200 2855 "https://weddingswithjoy.org.nz/wp-includes/js/" "Mozilla/5.0 AppleWebKit/537.36 (KHTML, like Gecko; compatible; GPTBot/1.3; +https://openai.com/gptbot)"
139.18.2.214 - - [31/Mar/2026:20:15:22 +0000] "GET /wp-includes/sitemaps/providers/class-wp-sitemaps-taxonomies.php HTTP/1.1" 500 - "https://weddingswithjoy.org.nz/wp-includes/sitemaps/providers/" "LCC (+http://corpora.uni-leipzig.de/crawler_faq.html)"
74.7.227.41 - - [31/Mar/2026:20:15:30 +0000] "GET /wp-includes/js/customize-preview-nav-menus.js HTTP/1.1" 200 15024 "https://weddingswithjoy.org.nz/wp-includes/js/" "Mozilla/5.0 AppleWebKit/537.36 (KHTML, like Gecko; compatible; GPTBot/1.3; +https://openai.com/gptbot)"
139.18.2.214 - - [31/Mar/2026:20:15:32 +0000] "GET /wp-includes/sitemaps/providers/class-wp-sitemaps-users.php HTTP/1.1" 500 - "https://weddingswithjoy.org.nz/wp-includes/sitemaps/providers/" "LCC (+http://corpora.uni-leipzig.de/crawler_faq.html)"
139.18.2.214 - - [31/Mar/2026:20:15:42 +0000] "GET /wp-includes/sodium_compat/?C=N;O=A HTTP/1.1" 200 1896 "https://weddingswithjoy.org.nz/wp-includes/sodium_compat/?C=N;O=D" "LCC (+http://corpora.uni-leipzig.de/crawler_faq.html)"
74.7.227.41 - - [31/Mar/2026:20:15:44 +0000] "GET /wp-includes/js/wp-sanitize.js HTTP/1.1" 200 1328 "https://weddingswithjoy.org.nz/wp-includes/js/" "Mozilla/5.0 AppleWebKit/537.36 (KHTML, like Gecko; compatible; GPTBot/1.3; +https://openai.com/gptbot)"
139.18.2.214 - - [31/Mar/2026:20:15:51 +0000] "GET /wp-includes/sodium_compat/?C=M;O=D HTTP/1.1" 200 1896 "https://weddingswithjoy.org.nz/wp-includes/sodium_compat/?C=M;O=A" "LCC (+http://corpora.uni-leipzig.de/crawler_faq.html)"
74.7.227.159 - - [31/Mar/2026:20:15:54 +0000] "GET /wp-includes/class-phpmailer.php HTTP/1.1" 200 - "https://www.qualityprecast.co.nz/wp-includes/" "Mozilla/5.0 AppleWebKit/537.36 (KHTML, like Gecko; compatible; GPTBot/1.3; +https://openai.com/gptbot)"
74.7.227.41 - - [31/Mar/2026:20:15:57 +0000] "GET /wp-includes/js/customize-preview-widgets.js HTTP/1.1" 200 23253 "https://weddingswithjoy.org.nz/wp-includes/js/" "Mozilla/5.0 AppleWebKit/537.36 (KHTML, like Gecko; compatible; GPTBot/1.3; +https://openai.com/gptbot)"
139.18.2.214 - - [31/Mar/2026:20:16:00 +0000] "GET /wp-includes/sodium_compat/?C=S;O=D HTTP/1.1" 200 1896 "https://weddingswithjoy.org.nz/wp-includes/sodium_compat/?C=S;O=A" "LCC (+http://corpora.uni-leipzig.de/crawler_faq.html)"
74.7.227.41 - - [31/Mar/2026:20:16:08 +0000] "GET /wp-includes/js/customize-selective-refresh.js HTTP/1.1" 200 33335 "https://weddingswithjoy.org.nz/wp-includes/js/" "Mozilla/5.0 AppleWebKit/537.36 (KHTML, like Gecko; compatible; GPTBot/1.3; +https://openai.com/gptbot)"
139.18.2.214 - - [31/Mar/2026:20:16:09 +0000] "GET /wp-includes/sodium_compat/?C=D;O=D HTTP/1.1" 200 1896 "https://weddingswithjoy.org.nz/wp-includes/sodium_compat/?C=D;O=A" "LCC (+http://corpora.uni-leipzig.de/crawler_faq.html)"
74.7.243.230 - - [31/Mar/2026:20:16:11 +0000] "GET /wp-includes/js/hoverIntent.js HTTP/1.1" 200 7225 "https://schoolofgolfnz.co.nz/wp-includes/js/" "Mozilla/5.0 AppleWebKit/537.36 (KHTML, like Gecko; compatible; GPTBot/1.3; +https://openai.com/gptbot)"
74.7.227.41 - - [31/Mar/2026:20:16:19 +0000] "GET /wp-includes/js/wp-util.min.js HTTP/1.1" 200 1431 "https://weddingswithjoy.org.nz/wp-includes/js/" "Mozilla/5.0 AppleWebKit/537.36 (KHTML, like Gecko; compatible; GPTBot/1.3; +https://openai.com/gptbot)"
139.18.2.214 - - [31/Mar/2026:20:16:23 +0000] "GET /wp-includes/sodium_compat/lib/?C=N;O=D HTTP/1.1" 200 2338 "https://weddingswithjoy.org.nz/wp-includes/sodium_compat/lib/" "LCC (+http://corpora.uni-leipzig.de/crawler_faq.html)"
195.178.110.162 - - [31/Mar/2026:20:16:27 +0000] "GET /.git/config HTTP/1.1" 404 - "-" "Mozilla/5.0 (SymbianOS/9.2; U; Series60/3.1 Nokia5700/3.27; Profile/MIDP-2.0 Configuration/CLDC-1.1) AppleWebKit/413 (KHTML, like Gecko) Safari/413"
74.7.227.41 - - [31/Mar/2026:20:16:28 +0000] "GET /wp-includes/js/wp-backbone.js HTTP/1.1" 200 15241 "https://weddingswithjoy.org.nz/wp-includes/js/" "Mozilla/5.0 AppleWebKit/537.36 (KHTML, like Gecko; compatible; GPTBot/1.3; +https://openai.com/gptbot)"
139.18.2.214 - - [31/Mar/2026:20:16:35 +0000] "GET /wp-includes/sodium_compat/lib/?C=M;O=A HTTP/1.1" 200 2338 "https://weddingswithjoy.org.nz/wp-includes/sodium_compat/lib/" "LCC (+http://corpora.uni-leipzig.de/crawler_faq.html)"
74.7.227.41 - - [31/Mar/2026:20:16:37 +0000] "GET /wp-includes/js/admin-bar.js HTTP/1.1" 200 10547 "https://weddingswithjoy.org.nz/wp-includes/js/" "Mozilla/5.0 AppleWebKit/537.36 (KHTML, like Gecko; compatible; GPTBot/1.3; +https://openai.com/gptbot)"
74.7.227.41 - - [31/Mar/2026:20:16:44 +0000] "GET /wp-includes/js/json2.min.js HTTP/1.1" 200 35 "https://weddingswithjoy.org.nz/wp-includes/js/" "Mozilla/5.0 AppleWebKit/537.36 (KHTML, like Gecko; compatible; GPTBot/1.3; +https://openai.com/gptbot)"
139.18.2.214 - - [31/Mar/2026:20:16:47 +0000] "GET /wp-includes/sodium_compat/lib/?C=S;O=A HTTP/1.1" 200 2338 "https://weddingswithjoy.org.nz/wp-includes/sodium_compat/lib/" "LCC (+http://corpora.uni-leipzig.de/crawler_faq.html)"
74.7.227.159 - - [31/Mar/2026:20:16:47 +0000] "GET /wp-includes/class-wp-http.php HTTP/1.1" 200 2 "https://www.qualityprecast.co.nz/wp-includes/" "Mozilla/5.0 AppleWebKit/537.36 (KHTML, like Gecko; compatible; GPTBot/1.3; +https://openai.com/gptbot)"
74.7.227.41 - - [31/Mar/2026:20:16:51 +0000] "GET /wp-includes/js/?C=M;O=A HTTP/1.1" 200 21270 "https://weddingswithjoy.org.nz/wp-includes/js/" "Mozilla/5.0 AppleWebKit/537.36 (KHTML, like Gecko; compatible; GPTBot/1.3; +https://openai.com/gptbot)"
74.7.227.41 - - [31/Mar/2026:20:16:58 +0000] "GET /wp-includes/js/?C=D;O=A HTTP/1.1" 200 21270 "https://weddingswithjoy.org.nz/wp-includes/js/" "Mozilla/5.0 AppleWebKit/537.36 (KHTML, like Gecko; compatible; GPTBot/1.3; +https://openai.com/gptbot)"
139.18.2.214 - - [31/Mar/2026:20:16:59 +0000] "GET /wp-includes/sodium_compat/lib/?C=D;O=A HTTP/1.1" 200 2338 "https://weddingswithjoy.org.nz/wp-includes/sodium_compat/lib/" "LCC (+http://corpora.uni-leipzig.de/crawler_faq.html)"
74.7.243.230 - - [31/Mar/2026:20:16:59 +0000] "GET /wp-includes/js/dist/script-modules/block-library/search/ HTTP/1.1" 200 1103 "https://schoolofgolfnz.co.nz/wp-includes/js/dist/script-modules/block-library/" "Mozilla/5.0 AppleWebKit/537.36 (KHTML, like Gecko; compatible; GPTBot/1.3; +https://openai.com/gptbot)"
74.7.227.41 - - [31/Mar/2026:20:17:04 +0000] "GET /wp-includes/js/?C=S;O=A HTTP/1.1" 200 21270 "https://weddingswithjoy.org.nz/wp-includes/js/" "Mozilla/5.0 AppleWebKit/537.36 (KHTML, like Gecko; compatible; GPTBot/1.3; +https://openai.com/gptbot)"
74.7.227.41 - - [31/Mar/2026:20:17:09 +0000] "GET /wp-includes/js/?C=N;O=D HTTP/1.1" 200 21270 "https://weddingswithjoy.org.nz/wp-includes/js/" "Mozilla/5.0 AppleWebKit/537.36 (KHTML, like Gecko; compatible; GPTBot/1.3; +https://openai.com/gptbot)"
139.18.2.214 - - [31/Mar/2026:20:17:10 +0000] "GET /wp-includes/sodium_compat/lib/constants.php HTTP/1.1" 200 - "https://weddingswithjoy.org.nz/wp-includes/sodium_compat/lib/" "LCC (+http://corpora.uni-leipzig.de/crawler_faq.html)"
74.7.227.41 - - [31/Mar/2026:20:17:13 +0000] "GET /wp-includes/js/wp-embed-template.min.js HTTP/1.1" 200 3174 "https://weddingswithjoy.org.nz/wp-includes/js/" "Mozilla/5.0 AppleWebKit/537.36 (KHTML, like Gecko; compatible; GPTBot/1.3; +https://openai.com/gptbot)"
74.7.227.41 - - [31/Mar/2026:20:17:18 +0000] "GET /wp-includes/js/media-editor.js HTTP/1.1" 200 29119 "https://weddingswithjoy.org.nz/wp-includes/js/" "Mozilla/5.0 AppleWebKit/537.36 (KHTML, like Gecko; compatible; GPTBot/1.3; +https://openai.com/gptbot)"
74.7.227.41 - - [31/Mar/2026:20:17:21 +0000] "GET /wp-includes/js/customize-preview.min.js HTTP/1.1" 200 11011 "https://weddingswithjoy.org.nz/wp-includes/js/" "Mozilla/5.0 AppleWebKit/537.36 (KHTML, like Gecko; compatible; GPTBot/1.3; +https://openai.com/gptbot)"
74.7.227.41 - - [31/Mar/2026:20:17:24 +0000] "GET /wp-includes/js/wpdialog.min.js HTTP/1.1" 200 281 "https://weddingswithjoy.org.nz/wp-includes/js/" "Mozilla/5.0 AppleWebKit/537.36 (KHTML, like Gecko; compatible; GPTBot/1.3; +https://openai.com/gptbot)"
139.18.2.214 - - [31/Mar/2026:20:17:24 +0000] "GET /wp-includes/sodium_compat/lib/namespaced.php HTTP/1.1" 200 - "https://weddingswithjoy.org.nz/wp-includes/sodium_compat/lib/" "LCC (+http://corpora.uni-leipzig.de/crawler_faq.html)"
74.7.228.36 - - [31/Mar/2026:20:17:26 +0000] "GET /robots.txt HTTP/1.1" 200 92 "-" "Mozilla/5.0 (Macintosh; Intel Mac OS X 10_15_7) AppleWebKit/537.36 (KHTML, like Gecko) Chrome/131.0.0.0 Safari/537.36; compatible; OAI-SearchBot/1.3; robots.txt; +https://openai.com/searchbot"
74.7.227.41 - - [31/Mar/2026:20:17:27 +0000] "GET /wp-includes/js/customize-models.min.js HTTP/1.1" 200 3681 "https://weddingswithjoy.org.nz/wp-includes/js/" "Mozilla/5.0 AppleWebKit/537.36 (KHTML, like Gecko; compatible; GPTBot/1.3; +https://openai.com/gptbot)"
74.7.227.41 - - [31/Mar/2026:20:17:30 +0000] "GET /wp-includes/js/customize-loader.min.js HTTP/1.1" 200 3551 "https://weddingswithjoy.org.nz/wp-includes/js/" "Mozilla/5.0 AppleWebKit/537.36 (KHTML, like Gecko; compatible; GPTBot/1.3; +https://openai.com/gptbot)"
74.7.227.41 - - [31/Mar/2026:20:17:32 +0000] "GET /wp-includes/sitemaps/providers/class-wp-sitemaps-posts.php HTTP/1.1" 500 - "https://weddingswithjoy.org.nz/wp-includes/sitemaps/providers/" "Mozilla/5.0 AppleWebKit/537.36 (KHTML, like Gecko; compatible; GPTBot/1.3; +https://openai.com/gptbot)"
139.18.2.214 - - [31/Mar/2026:20:17:34 +0000] "GET /wp-includes/sodium_compat/lib/php72compat.php HTTP/1.1" 200 - "https://weddingswithjoy.org.nz/wp-includes/sodium_compat/lib/" "LCC (+http://corpora.uni-leipzig.de/crawler_faq.html)"
74.7.227.41 - - [31/Mar/2026:20:17:34 +0000] "GET /wp-includes/js/?C=M;O=D HTTP/1.1" 200 21270 "https://weddingswithjoy.org.nz/wp-includes/js/?C=M;O=A" "Mozilla/5.0 AppleWebKit/537.36 (KHTML, like Gecko; compatible; GPTBot/1.3; +https://openai.com/gptbot)"
74.7.227.159 - - [31/Mar/2026:20:17:35 +0000] "GET /wp-includes/class-wp-site.php HTTP/1.1" 200 - "https://www.qualityprecast.co.nz/wp-includes/" "Mozilla/5.0 AppleWebKit/537.36 (KHTML, like Gecko; compatible; GPTBot/1.3; +https://openai.com/gptbot)"
74.7.227.41 - - [31/Mar/2026:20:17:41 +0000] "GET /wp-includes/js/?C=D;O=D HTTP/1.1" 200 21270 "https://weddingswithjoy.org.nz/wp-includes/js/?C=D;O=A" "Mozilla/5.0 AppleWebKit/537.36 (KHTML, like Gecko; compatible; GPTBot/1.3; +https://openai.com/gptbot)"
139.18.2.214 - - [31/Mar/2026:20:17:43 +0000] "GET /wp-includes/sodium_compat/lib/php72compat_const.php HTTP/1.1" 200 - "https://weddingswithjoy.org.nz/wp-includes/sodium_compat/lib/" "LCC (+http://corpora.uni-leipzig.de/crawler_faq.html)"
74.7.243.230 - - [31/Mar/2026:20:17:46 +0000] "GET /wp-includes/js/dist/script-modules/block-library/accordion/ HTTP/1.1" 200 1109 "https://schoolofgolfnz.co.nz/wp-includes/js/dist/script-modules/block-library/" "Mozilla/5.0 AppleWebKit/537.36 (KHTML, like Gecko; compatible; GPTBot/1.3; +https://openai.com/gptbot)"
74.7.227.41 - - [31/Mar/2026:20:17:46 +0000] "GET /wp-includes/js/?C=S;O=D HTTP/1.1" 200 21270 "https://weddingswithjoy.org.nz/wp-includes/js/?C=S;O=A" "Mozilla/5.0 AppleWebKit/537.36 (KHTML, like Gecko; compatible; GPTBot/1.3; +https://openai.com/gptbot)"
74.7.227.41 - - [31/Mar/2026:20:17:51 +0000] "GET /wp-includes/js/?C=N;O=A HTTP/1.1" 200 21270 "https://weddingswithjoy.org.nz/wp-includes/js/?C=M;O=A" "Mozilla/5.0 AppleWebKit/537.36 (KHTML, like Gecko; compatible; GPTBot/1.3; +https://openai.com/gptbot)"
139.18.2.214 - - [31/Mar/2026:20:17:52 +0000] "GET /wp-includes/sodium_compat/lib/php84compat.php HTTP/1.1" 200 - "https://weddingswithjoy.org.nz/wp-includes/sodium_compat/lib/" "LCC (+http://corpora.uni-leipzig.de/crawler_faq.html)"
74.7.227.41 - - [31/Mar/2026:20:17:56 +0000] "GET /wp-includes/sitemaps/providers/class-wp-sitemaps-users.php HTTP/1.1" 500 - "https://weddingswithjoy.org.nz/wp-includes/sitemaps/providers/" "Mozilla/5.0 AppleWebKit/537.36 (KHTML, like Gecko; compatible; GPTBot/1.3; +https://openai.com/gptbot)"
74.7.227.41 - - [31/Mar/2026:20:18:00 +0000] "GET /wp-includes/js/media-audiovideo.min.js HTTP/1.1" 200 12052 "https://weddingswithjoy.org.nz/wp-includes/js/" "Mozilla/5.0 AppleWebKit/537.36 (KHTML, like Gecko; compatible; GPTBot/1.3; +https://openai.com/gptbot)"
139.18.2.214 - - [31/Mar/2026:20:18:02 +0000] "GET /wp-includes/sodium_compat/lib/php84compat_const.php HTTP/1.1" 200 - "https://weddingswithjoy.org.nz/wp-includes/sodium_compat/lib/" "LCC (+http://corpora.uni-leipzig.de/crawler_faq.html)"
74.7.227.41 - - [31/Mar/2026:20:18:13 +0000] "GET /wp-includes/js/wp-embed-template.js HTTP/1.1" 200 6779 "https://weddingswithjoy.org.nz/wp-includes/js/" "Mozilla/5.0 AppleWebKit/537.36 (KHTML, like Gecko; compatible; GPTBot/1.3; +https://openai.com/gptbot)"
74.7.227.159 - - [31/Mar/2026:20:18:17 +0000] "GET /wp-includes/class-wp-block-template.php HTTP/1.1" 200 - "https://www.qualityprecast.co.nz/wp-includes/" "Mozilla/5.0 AppleWebKit/537.36 (KHTML, like Gecko; compatible; GPTBot/1.3; +https://openai.com/gptbot)"
139.18.2.214 - - [31/Mar/2026:20:18:22 +0000] "GET /wp-includes/sodium_compat/lib/ristretto255.php HTTP/1.1" 200 - "https://weddingswithjoy.org.nz/wp-includes/sodium_compat/lib/" "LCC (+http://corpora.uni-leipzig.de/crawler_faq.html)"
74.7.227.41 - - [31/Mar/2026:20:18:25 +0000] "GET /wp-includes/js/wp-pointer.js HTTP/1.1" 200 10233 "https://weddingswithjoy.org.nz/wp-includes/js/" "Mozilla/5.0 AppleWebKit/537.36 (KHTML, like Gecko; compatible; GPTBot/1.3; +https://openai.com/gptbot)"
74.7.243.230 - - [31/Mar/2026:20:18:29 +0000] "GET /wp-includes/js/dist/script-modules/block-library/navigation/ HTTP/1.1" 200 1111 "https://schoolofgolfnz.co.nz/wp-includes/js/dist/script-modules/block-library/" "Mozilla/5.0 AppleWebKit/537.36 (KHTML, like Gecko; compatible; GPTBot/1.3; +https://openai.com/gptbot)"
139.18.2.214 - - [31/Mar/2026:20:18:32 +0000] "GET /wp-includes/sodium_compat/lib/sodium_compat.php HTTP/1.1" 200 - "https://weddingswithjoy.org.nz/wp-includes/sodium_compat/lib/" "LCC (+http://corpora.uni-leipzig.de/crawler_faq.html)"
74.7.227.41 - - [31/Mar/2026:20:18:36 +0000] "GET /wp-includes/js/wp-emoji-release.min.js HTTP/1.1" 200 22762 "https://weddingswithjoy.org.nz/wp-includes/js/" "Mozilla/5.0 AppleWebKit/537.36 (KHTML, like Gecko; compatible; GPTBot/1.3; +https://openai.com/gptbot)"
139.18.2.214 - - [31/Mar/2026:20:18:42 +0000] "GET /wp-includes/sodium_compat/lib/stream-xchacha20.php HTTP/1.1" 200 - "https://weddingswithjoy.org.nz/wp-includes/sodium_compat/lib/" "LCC (+http://corpora.uni-leipzig.de/crawler_faq.html)"
74.7.227.41 - - [31/Mar/2026:20:18:45 +0000] "GET /wp-includes/js/jcrop/ HTTP/1.1" 200 1197 "https://weddingswithjoy.org.nz/wp-includes/js/" "Mozilla/5.0 AppleWebKit/537.36 (KHTML, like Gecko; compatible; GPTBot/1.3; +https://openai.com/gptbot)"
139.18.2.214 - - [31/Mar/2026:20:18:53 +0000] "GET /wp-includes/sodium_compat/namespaced/?C=N;O=D HTTP/1.1" 200 1393 "https://weddingswithjoy.org.nz/wp-includes/sodium_compat/namespaced/" "LCC (+http://corpora.uni-leipzig.de/crawler_faq.html)"
74.7.227.159 - - [31/Mar/2026:20:18:53 +0000] "GET /wp-includes/class-wp-widget-factory.php HTTP/1.1" 200 - "https://www.qualityprecast.co.nz/wp-includes/" "Mozilla/5.0 AppleWebKit/537.36 (KHTML, like Gecko; compatible; GPTBot/1.3; +https://openai.com/gptbot)"
74.7.227.41 - - [31/Mar/2026:20:18:54 +0000] "GET /wp-includes/js/customize-views.min.js HTTP/1.1" 200 2567 "https://weddingswithjoy.org.nz/wp-includes/js/" "Mozilla/5.0 AppleWebKit/537.36 (KHTML, like Gecko; compatible; GPTBot/1.3; +https://openai.com/gptbot)"
74.7.227.41 - - [31/Mar/2026:20:19:01 +0000] "GET /wp-includes/js/wp-api.min.js HTTP/1.1" 200 14682 "https://weddingswithjoy.org.nz/wp-includes/js/" "Mozilla/5.0 AppleWebKit/537.36 (KHTML, like Gecko; compatible; GPTBot/1.3; +https://openai.com/gptbot)"
139.18.2.214 - - [31/Mar/2026:20:19:02 +0000] "GET /wp-includes/sodium_compat/namespaced/?C=M;O=A HTTP/1.1" 200 1393 "https://weddingswithjoy.org.nz/wp-includes/sodium_compat/namespaced/" "LCC (+http://corpora.uni-leipzig.de/crawler_faq.html)"
74.7.243.230 - - [31/Mar/2026:20:19:07 +0000] "GET /wp-includes/js/dist/dom-ready.js HTTP/1.1" 200 1608 "https://schoolofgolfnz.co.nz/wp-includes/js/dist/" "Mozilla/5.0 AppleWebKit/537.36 (KHTML, like Gecko; compatible; GPTBot/1.3; +https://openai.com/gptbot)"
74.7.227.41 - - [31/Mar/2026:20:19:08 +0000] "GET /wp-includes/js/wp-list-revisions.min.js HTTP/1.1" 200 597 "https://weddingswithjoy.org.nz/wp-includes/js/" "Mozilla/5.0 AppleWebKit/537.36 (KHTML, like Gecko; compatible; GPTBot/1.3; +https://openai.com/gptbot)"
139.18.2.214 - - [31/Mar/2026:20:19:13 +0000] "GET /wp-includes/sodium_compat/namespaced/?C=S;O=A HTTP/1.1" 200 1393 "https://weddingswithjoy.org.nz/wp-includes/sodium_compat/namespaced/" "LCC (+http://corpora.uni-leipzig.de/crawler_faq.html)"
74.7.227.41 - - [31/Mar/2026:20:19:14 +0000] "GET /wp-includes/js/hoverintent-js.min.js HTTP/1.1" 200 1718 "https://weddingswithjoy.org.nz/wp-includes/js/" "Mozilla/5.0 AppleWebKit/537.36 (KHTML, like Gecko; compatible; GPTBot/1.3; +https://openai.com/gptbot)"
74.7.227.41 - - [31/Mar/2026:20:19:20 +0000] "GET /wp-includes/js/customize-base.min.js HTTP/1.1" 200 7852 "https://weddingswithjoy.org.nz/wp-includes/js/" "Mozilla/5.0 AppleWebKit/537.36 (KHTML, like Gecko; compatible; GPTBot/1.3; +https://openai.com/gptbot)"
139.18.2.214 - - [31/Mar/2026:20:19:23 +0000] "GET /wp-includes/sodium_compat/namespaced/?C=D;O=A HTTP/1.1" 200 1393 "https://weddingswithjoy.org.nz/wp-includes/sodium_compat/namespaced/" "LCC (+http://corpora.uni-leipzig.de/crawler_faq.html)"
74.7.227.41 - - [31/Mar/2026:20:19:25 +0000] "GET /wp-includes/js/swfobject.min.js HTTP/1.1" 200 35 "https://weddingswithjoy.org.nz/wp-includes/js/" "Mozilla/5.0 AppleWebKit/537.36 (KHTML, like Gecko; compatible; GPTBot/1.3; +https://openai.com/gptbot)"
74.7.227.159 - - [31/Mar/2026:20:19:27 +0000] "GET /wp-includes/class-wp-block-supports.php HTTP/1.1" 200 - "https://www.qualityprecast.co.nz/wp-includes/" "Mozilla/5.0 AppleWebKit/537.36 (KHTML, like Gecko; compatible; GPTBot/1.3; +https://openai.com/gptbot)"
74.7.227.41 - - [31/Mar/2026:20:19:29 +0000] "GET /wp-includes/js/backbone.min.js HTTP/1.1" 200 24301 "https://weddingswithjoy.org.nz/wp-includes/js/" "Mozilla/5.0 AppleWebKit/537.36 (KHTML, like Gecko; compatible; GPTBot/1.3; +https://openai.com/gptbot)"
139.18.2.214 - - [31/Mar/2026:20:19:33 +0000] "GET /wp-includes/sodium_compat/namespaced/Compat.php HTTP/1.1" 500 - "https://weddingswithjoy.org.nz/wp-includes/sodium_compat/namespaced/" "LCC (+http://corpora.uni-leipzig.de/crawler_faq.html)"
74.7.227.41 - - [31/Mar/2026:20:19:33 +0000] "GET /wp-includes/js/shortcode.min.js HTTP/1.1" 200 2643 "https://weddingswithjoy.org.nz/wp-includes/js/" "Mozilla/5.0 AppleWebKit/537.36 (KHTML, like Gecko; compatible; GPTBot/1.3; +https://openai.com/gptbot)"
74.7.227.41 - - [31/Mar/2026:20:19:37 +0000] "GET /wp-includes/js/heartbeat.min.js HTTP/1.1" 200 5947 "https://weddingswithjoy.org.nz/wp-includes/js/" "Mozilla/5.0 AppleWebKit/537.36 (KHTML, like Gecko; compatible; GPTBot/1.3; +https://openai.com/gptbot)"
74.7.243.230 - - [31/Mar/2026:20:19:39 +0000] "GET /wp-includes/js/dist/blocks.min.js HTTP/1.1" 200 176880 "https://schoolofgolfnz.co.nz/wp-includes/js/dist/" "Mozilla/5.0 AppleWebKit/537.36 (KHTML, like Gecko; compatible; GPTBot/1.3; +https://openai.com/gptbot)"
74.7.227.41 - - [31/Mar/2026:20:19:40 +0000] "GET /wp-includes/js/clipboard.min.js HTTP/1.1" 200 9009 "https://weddingswithjoy.org.nz/wp-includes/js/" "Mozilla/5.0 AppleWebKit/537.36 (KHTML, like Gecko; compatible; GPTBot/1.3; +https://openai.com/gptbot)"
74.7.227.41 - - [31/Mar/2026:20:19:43 +0000] "GET /wp-includes/js/jcrop/jquery.Jcrop.min.js HTTP/1.1" 200 22585 "https://weddingswithjoy.org.nz/wp-includes/js/jcrop/" "Mozilla/5.0 AppleWebKit/537.36 (KHTML, like Gecko; compatible; GPTBot/1.3; +https://openai.com/gptbot)"
139.18.2.214 - - [31/Mar/2026:20:19:44 +0000] "GET /wp-includes/sodium_compat/namespaced/Core/ HTTP/1.1" 200 3576 "https://weddingswithjoy.org.nz/wp-includes/sodium_compat/namespaced/" "LCC (+http://corpora.uni-leipzig.de/crawler_faq.html)"
74.7.227.41 - - [31/Mar/2026:20:19:46 +0000] "GET /wp-includes/js/jcrop/Jcrop.gif HTTP/1.1" 200 323 "https://weddingswithjoy.org.nz/wp-includes/js/jcrop/" "Mozilla/5.0 AppleWebKit/537.36 (KHTML, like Gecko; compatible; GPTBot/1.3; +https://openai.com/gptbot)"
74.7.227.41 - - [31/Mar/2026:20:19:48 +0000] "GET /wp-includes/js/autosave.min.js HTTP/1.1" 200 5807 "https://weddingswithjoy.org.nz/wp-includes/js/" "Mozilla/5.0 AppleWebKit/537.36 (KHTML, like Gecko; compatible; GPTBot/1.3; +https://openai.com/gptbot)"
74.7.227.41 - - [31/Mar/2026:20:19:50 +0000] "GET /wp-includes/js/quicktags.min.js HTTP/1.1" 200 11132 "https://weddingswithjoy.org.nz/wp-includes/js/" "Mozilla/5.0 AppleWebKit/537.36 (KHTML, like Gecko; compatible; GPTBot/1.3; +https://openai.com/gptbot)"
74.7.227.41 - - [31/Mar/2026:20:19:52 +0000] "GET /wp-includes/js/zxcvbn-async.js HTTP/1.1" 200 821 "https://weddingswithjoy.org.nz/wp-includes/js/" "Mozilla/5.0 AppleWebKit/537.36 (KHTML, like Gecko; compatible; GPTBot/1.3; +https://openai.com/gptbot)"
74.7.227.41 - - [31/Mar/2026:20:19:54 +0000] "GET /wp-includes/js/customize-preview.js HTTP/1.1" 200 28597 "https://weddingswithjoy.org.nz/wp-includes/js/" "Mozilla/5.0 AppleWebKit/537.36 (KHTML, like Gecko; compatible; GPTBot/1.3; +https://openai.com/gptbot)"
74.7.227.41 - - [31/Mar/2026:20:19:55 +0000] "GET /wp-includes/js/zxcvbn-async.min.js HTTP/1.1" 200 351 "https://weddingswithjoy.org.nz/wp-includes/js/" "Mozilla/5.0 AppleWebKit/537.36 (KHTML, like Gecko; compatible; GPTBot/1.3; +https://openai.com/gptbot)"
139.18.2.214 - - [31/Mar/2026:20:19:56 +0000] "GET /wp-includes/sodium_compat/namespaced/Crypto.php HTTP/1.1" 500 - "https://weddingswithjoy.org.nz/wp-includes/sodium_compat/namespaced/" "LCC (+http://corpora.uni-leipzig.de/crawler_faq.html)"
74.7.227.41 - - [31/Mar/2026:20:19:57 +0000] "GET /wp-includes/js/jquery/ HTTP/1.1" 200 4178 "https://weddingswithjoy.org.nz/wp-includes/js/" "Mozilla/5.0 AppleWebKit/537.36 (KHTML, like Gecko; compatible; GPTBot/1.3; +https://openai.com/gptbot)"
74.7.227.41 - - [31/Mar/2026:20:19:58 +0000] "GET /wp-includes/js/media-models.js HTTP/1.1" 200 43604 "https://weddingswithjoy.org.nz/wp-includes/js/" "Mozilla/5.0 AppleWebKit/537.36 (KHTML, like Gecko; compatible; GPTBot/1.3; +https://openai.com/gptbot)"
74.7.227.159 - - [31/Mar/2026:20:19:58 +0000] "GET /wp-includes/class-wp-post-type.php HTTP/1.1" 200 - "https://www.qualityprecast.co.nz/wp-includes/" "Mozilla/5.0 AppleWebKit/537.36 (KHTML, like Gecko; compatible; GPTBot/1.3; +https://openai.com/gptbot)"
74.7.227.41 - - [31/Mar/2026:20:19:59 +0000] "GET /wp-includes/js/wp-ajax-response.min.js HTTP/1.1" 200 2571 "https://weddingswithjoy.org.nz/wp-includes/js/" "Mozilla/5.0 AppleWebKit/537.36 (KHTML, like Gecko; compatible; GPTBot/1.3; +https://openai.com/gptbot)"
74.7.227.41 - - [31/Mar/2026:20:20:00 +0000] "GET /wp-includes/js/wp-custom-header.min.js HTTP/1.1" 200 4442 "https://weddingswithjoy.org.nz/wp-includes/js/" "Mozilla/5.0 AppleWebKit/537.36 (KHTML, like Gecko; compatible; GPTBot/1.3; +https://openai.com/gptbot)"
74.7.227.41 - - [31/Mar/2026:20:20:01 +0000] "GET /wp-includes/sitemaps/providers/class-wp-sitemaps-taxonomies.php HTTP/1.1" 500 - "https://weddingswithjoy.org.nz/wp-includes/sitemaps/providers/" "Mozilla/5.0 AppleWebKit/537.36 (KHTML, like Gecko; compatible; GPTBot/1.3; +https://openai.com/gptbot)"
74.7.227.41 - - [31/Mar/2026:20:20:02 +0000] "GET /wp-includes/js/media-models.min.js HTTP/1.1" 200 13284 "https://weddingswithjoy.org.nz/wp-includes/js/" "Mozilla/5.0 AppleWebKit/537.36 (KHTML, like Gecko; compatible; GPTBot/1.3; +https://openai.com/gptbot)"
74.7.227.41 - - [31/Mar/2026:20:20:04 +0000] "GET /wp-includes/js/wp-embed.js HTTP/1.1" 200 3214 "https://weddingswithjoy.org.nz/wp-includes/js/" "Mozilla/5.0 AppleWebKit/537.36 (KHTML, like Gecko; compatible; GPTBot/1.3; +https://openai.com/gptbot)"
74.7.227.41 - - [31/Mar/2026:20:20:06 +0000] "GET /wp-includes/js/wp-emoji-loader.min.js HTTP/1.1" 200 2890 "https://weddingswithjoy.org.nz/wp-includes/js/" "Mozilla/5.0 AppleWebKit/537.36 (KHTML, like Gecko; compatible; GPTBot/1.3; +https://openai.com/gptbot)"
74.7.227.41 - - [31/Mar/2026:20:20:08 +0000] "GET /wp-includes/js/wplink.js HTTP/1.1" 200 21240 "https://weddingswithjoy.org.nz/wp-includes/js/" "Mozilla/5.0 AppleWebKit/537.36 (KHTML, like Gecko; compatible; GPTBot/1.3; +https://openai.com/gptbot)"
139.18.2.214 - - [31/Mar/2026:20:20:09 +0000] "GET /wp-includes/sodium_compat/namespaced/File.php HTTP/1.1" 500 - "https://weddingswithjoy.org.nz/wp-includes/sodium_compat/namespaced/" "LCC (+http://corpora.uni-leipzig.de/crawler_faq.html)"
74.7.227.41 - - [31/Mar/2026:20:20:10 +0000] "GET /wp-includes/js/wplink.min.js HTTP/1.1" 200 11317 "https://weddingswithjoy.org.nz/wp-includes/js/" "Mozilla/5.0 AppleWebKit/537.36 (KHTML, like Gecko; compatible; GPTBot/1.3; +https://openai.com/gptbot)"
74.7.227.41 - - [31/Mar/2026:20:20:12 +0000] "GET /wp-includes/js/wp-auth-check.js HTTP/1.1" 200 4207 "https://weddingswithjoy.org.nz/wp-includes/js/" "Mozilla/5.0 AppleWebKit/537.36 (KHTML, like Gecko; compatible; GPTBot/1.3; +https://openai.com/gptbot)"
74.7.227.41 - - [31/Mar/2026:20:20:13 +0000] "GET /wp-includes/js/jquery/jquery.ui.touch-punch.js HTTP/1.1" 200 1179 "https://weddingswithjoy.org.nz/wp-includes/js/jquery/" "Mozilla/5.0 AppleWebKit/537.36 (KHTML, like Gecko; compatible; GPTBot/1.3; +https://openai.com/gptbot)"
74.7.227.41 - - [31/Mar/2026:20:20:15 +0000] "GET /wp-includes/js/jquery/jquery.form.min.js HTTP/1.1" 200 15977 "https://weddingswithjoy.org.nz/wp-includes/js/jquery/" "Mozilla/5.0 AppleWebKit/537.36 (KHTML, like Gecko; compatible; GPTBot/1.3; +https://openai.com/gptbot)"
74.7.227.41 - - [31/Mar/2026:20:20:16 +0000] "GET /wp-includes/js/jquery/jquery.table-hotkeys.js HTTP/1.1" 200 3752 "https://weddingswithjoy.org.nz/wp-includes/js/jquery/" "Mozilla/5.0 AppleWebKit/537.36 (KHTML, like Gecko; compatible; GPTBot/1.3; +https://openai.com/gptbot)"
74.7.227.41 - - [31/Mar/2026:20:20:17 +0000] "GET /wp-includes/js/jquery/jquery-migrate.min.js HTTP/1.1" 200 13577 "https://weddingswithjoy.org.nz/wp-includes/js/jquery/" "Mozilla/5.0 AppleWebKit/537.36 (KHTML, like Gecko; compatible; GPTBot/1.3; +https://openai.com/gptbot)"
74.7.227.41 - - [31/Mar/2026:20:20:18 +0000] "GET /wp-includes/js/jquery/jquery.masonry.min.js HTTP/1.1" 200 1819 "https://weddingswithjoy.org.nz/wp-includes/js/jquery/" "Mozilla/5.0 AppleWebKit/537.36 (KHTML, like Gecko; compatible; GPTBot/1.3; +https://openai.com/gptbot)"
74.7.227.41 - - [31/Mar/2026:20:20:19 +0000] "GET /wp-includes/js/jquery/jquery.hotkeys.min.js HTTP/1.1" 200 1793 "https://weddingswithjoy.org.nz/wp-includes/js/jquery/" "Mozilla/5.0 AppleWebKit/537.36 (KHTML, like Gecko; compatible; GPTBot/1.3; +https://openai.com/gptbot)"
74.7.227.41 - - [31/Mar/2026:20:20:19 +0000] "GET /wp-includes/js/jquery/jquery.color.min.js HTTP/1.1" 200 6645 "https://weddingswithjoy.org.nz/wp-includes/js/jquery/" "Mozilla/5.0 AppleWebKit/537.36 (KHTML, like Gecko; compatible; GPTBot/1.3; +https://openai.com/gptbot)"
74.7.227.41 - - [31/Mar/2026:20:20:20 +0000] "GET /wp-includes/js/jquery/jquery.schedule.js HTTP/1.1" 200 3457 "https://weddingswithjoy.org.nz/wp-includes/js/jquery/" "Mozilla/5.0 AppleWebKit/537.36 (KHTML, like Gecko; compatible; GPTBot/1.3; +https://openai.com/gptbot)"
74.7.227.41 - - [31/Mar/2026:20:20:21 +0000] "GET /wp-includes/js/jquery/jquery.hotkeys.js HTTP/1.1" 200 5617 "https://weddingswithjoy.org.nz/wp-includes/js/jquery/" "Mozilla/5.0 AppleWebKit/537.36 (KHTML, like Gecko; compatible; GPTBot/1.3; +https://openai.com/gptbot)"
139.18.2.214 - - [31/Mar/2026:20:20:21 +0000] "GET /wp-includes/sodium_compat/src/?C=N;O=D HTTP/1.1" 200 2095 "https://weddingswithjoy.org.nz/wp-includes/sodium_compat/src/" "LCC (+http://corpora.uni-leipzig.de/crawler_faq.html)"
74.7.227.41 - - [31/Mar/2026:20:20:21 +0000] "GET /wp-includes/js/jquery/jquery-migrate.js HTTP/1.1" 200 31978 "https://weddingswithjoy.org.nz/wp-includes/js/jquery/" "Mozilla/5.0 AppleWebKit/537.36 (KHTML, like Gecko; compatible; GPTBot/1.3; +https://openai.com/gptbot)"
74.7.227.41 - - [31/Mar/2026:20:20:22 +0000] "GET /wp-includes/js/jquery/jquery.table-hotkeys.min.js HTTP/1.1" 200 2295 "https://weddingswithjoy.org.nz/wp-includes/js/jquery/" "Mozilla/5.0 AppleWebKit/537.36 (KHTML, like Gecko; compatible; GPTBot/1.3; +https://openai.com/gptbot)"
74.7.227.41 - - [31/Mar/2026:20:20:22 +0000] "GET /wp-includes/js/jquery/jquery.query.js HTTP/1.1" 200 3694 "https://weddingswithjoy.org.nz/wp-includes/js/jquery/" "Mozilla/5.0 AppleWebKit/537.36 (KHTML, like Gecko; compatible; GPTBot/1.3; +https://openai.com/gptbot)"
74.7.227.41 - - [31/Mar/2026:20:20:23 +0000] "GET /wp-includes/js/jquery/jquery.min.js HTTP/1.1" 200 87553 "https://weddingswithjoy.org.nz/wp-includes/js/jquery/" "Mozilla/5.0 AppleWebKit/537.36 (KHTML, like Gecko; compatible; GPTBot/1.3; +https://openai.com/gptbot)"
74.7.227.41 - - [31/Mar/2026:20:20:23 +0000] "GET /wp-includes/js/jquery/jquery.js HTTP/1.1" 200 285334 "https://weddingswithjoy.org.nz/wp-includes/js/jquery/" "Mozilla/5.0 AppleWebKit/537.36 (KHTML, like Gecko; compatible; GPTBot/1.3; +https://openai.com/gptbot)"
74.7.227.41 - - [31/Mar/2026:20:20:24 +0000] "GET /wp-includes/js/jquery/jquery.form.js HTTP/1.1" 200 41911 "https://weddingswithjoy.org.nz/wp-includes/js/jquery/" "Mozilla/5.0 AppleWebKit/537.36 (KHTML, like Gecko; compatible; GPTBot/1.3; +https://openai.com/gptbot)"
74.7.227.159 - - [31/Mar/2026:20:20:24 +0000] "GET /wp-includes/class-wp-xmlrpc-server.php HTTP/1.1" 500 - "https://www.qualityprecast.co.nz/wp-includes/" "Mozilla/5.0 AppleWebKit/537.36 (KHTML, like Gecko; compatible; GPTBot/1.3; +https://openai.com/gptbot)"
74.7.227.41 - - [31/Mar/2026:20:20:24 +0000] "GET /wp-includes/js/jquery/jquery.serialize-object.js HTTP/1.1" 200 769 "https://weddingswithjoy.org.nz/wp-includes/js/jquery/" "Mozilla/5.0 AppleWebKit/537.36 (KHTML, like Gecko; compatible; GPTBot/1.3; +https://openai.com/gptbot)"
74.7.227.41 - - [31/Mar/2026:20:20:25 +0000] "GET /wp-includes/js/jquery/suggest.min.js HTTP/1.1" 200 2993 "https://weddingswithjoy.org.nz/wp-includes/js/jquery/" "Mozilla/5.0 AppleWebKit/537.36 (KHTML, like Gecko; compatible; GPTBot/1.3; +https://openai.com/gptbot)"
74.7.227.41 - - [31/Mar/2026:20:20:26 +0000] "GET /wp-includes/js/'+e.href+' HTTP/1.1" 404 - "https://weddingswithjoy.org.nz/wp-includes/js/wplink.min.js" "Mozilla/5.0 AppleWebKit/537.36 (KHTML, like Gecko; compatible; GPTBot/1.3; +https://openai.com/gptbot)"
74.7.227.41 - - [31/Mar/2026:20:20:26 +0000] "GET /wp-includes/js/wp-auth-check.min.js HTTP/1.1" 200 1658 "https://weddingswithjoy.org.nz/wp-includes/js/" "Mozilla/5.0 AppleWebKit/537.36 (KHTML, like Gecko; compatible; GPTBot/1.3; +https://openai.com/gptbot)"
74.7.227.41 - - [31/Mar/2026:20:20:27 +0000] "GET /wp-includes/sodium_compat/namespaced/Compat.php HTTP/1.1" 500 - "https://weddingswithjoy.org.nz/wp-includes/sodium_compat/namespaced/" "Mozilla/5.0 AppleWebKit/537.36 (KHTML, like Gecko; compatible; GPTBot/1.3; +https://openai.com/gptbot)"
74.7.227.41 - - [31/Mar/2026:20:20:27 +0000] "GET /wp-includes/rest-api/endpoints/class-wp-rest-block-renderer-controller.php HTTP/1.1" 500 - "https://weddingswithjoy.org.nz/wp-includes/rest-api/endpoints/" "Mozilla/5.0 AppleWebKit/537.36 (KHTML, like Gecko; compatible; GPTBot/1.3; +https://openai.com/gptbot)"
74.7.227.41 - - [31/Mar/2026:20:20:29 +0000] "GET /wp-includes/rest-api/endpoints/class-wp-rest-sidebars-controller.php HTTP/1.1" 500 - "https://weddingswithjoy.org.nz/wp-includes/rest-api/endpoints/" "Mozilla/5.0 AppleWebKit/537.36 (KHTML, like Gecko; compatible; GPTBot/1.3; +https://openai.com/gptbot)"
139.18.2.214 - - [31/Mar/2026:20:20:33 +0000] "GET /wp-includes/sodium_compat/src/?C=M;O=A HTTP/1.1" 200 2095 "https://weddingswithjoy.org.nz/wp-includes/sodium_compat/src/" "LCC (+http://corpora.uni-leipzig.de/crawler_faq.html)"
74.7.227.41 - - [31/Mar/2026:20:20:34 +0000] "GET /wp-includes/rest-api/endpoints/class-wp-rest-plugins-controller.php HTTP/1.1" 500 - "https://weddingswithjoy.org.nz/wp-includes/rest-api/endpoints/" "Mozilla/5.0 AppleWebKit/537.36 (KHTML, like Gecko; compatible; GPTBot/1.3; +https://openai.com/gptbot)"
74.7.243.230 - - [31/Mar/2026:20:20:37 +0000] "GET /wp-includes/IXR/?C=N;O=D HTTP/1.1" 200 2538 "https://schoolofgolfnz.co.nz/wp-includes/IXR/" "Mozilla/5.0 AppleWebKit/537.36 (KHTML, like Gecko; compatible; GPTBot/1.3; +https://openai.com/gptbot)"
139.18.2.214 - - [31/Mar/2026:20:20:44 +0000] "GET /wp-includes/sodium_compat/src/?C=S;O=A HTTP/1.1" 200 2095 "https://weddingswithjoy.org.nz/wp-includes/sodium_compat/src/" "LCC (+http://corpora.uni-leipzig.de/crawler_faq.html)"
74.7.227.41 - - [31/Mar/2026:20:20:47 +0000] "GET /wp-includes/rest-api/endpoints/class-wp-rest-widgets-controller.php HTTP/1.1" 500 - "https://weddingswithjoy.org.nz/wp-includes/rest-api/endpoints/" "Mozilla/5.0 AppleWebKit/537.36 (KHTML, like Gecko; compatible; GPTBot/1.3; +https://openai.com/gptbot)"
74.7.227.159 - - [31/Mar/2026:20:20:48 +0000] "GET /wp-includes/class-wp-http-response.php HTTP/1.1" 200 - "https://www.qualityprecast.co.nz/wp-includes/" "Mozilla/5.0 AppleWebKit/537.36 (KHTML, like Gecko; compatible; GPTBot/1.3; +https://openai.com/gptbot)"
139.18.2.214 - - [31/Mar/2026:20:20:53 +0000] "GET /wp-includes/sodium_compat/src/?C=D;O=A HTTP/1.1" 200 2095 "https://weddingswithjoy.org.nz/wp-includes/sodium_compat/src/" "LCC (+http://corpora.uni-leipzig.de/crawler_faq.html)"
74.7.243.230 - - [31/Mar/2026:20:21:04 +0000] "GET /wp-includes/IXR/?C=D;O=A HTTP/1.1" 200 2538 "https://schoolofgolfnz.co.nz/wp-includes/IXR/" "Mozilla/5.0 AppleWebKit/537.36 (KHTML, like Gecko; compatible; GPTBot/1.3; +https://openai.com/gptbot)"
139.18.2.214 - - [31/Mar/2026:20:21:09 +0000] "GET /wp-includes/sodium_compat/src/Compat.php HTTP/1.1" 200 - "https://weddingswithjoy.org.nz/wp-includes/sodium_compat/src/" "LCC (+http://corpora.uni-leipzig.de/crawler_faq.html)"
139.18.2.214 - - [31/Mar/2026:20:21:21 +0000] "GET /wp-includes/sodium_compat/src/Core/ HTTP/1.1" 200 4977 "https://weddingswithjoy.org.nz/wp-includes/sodium_compat/src/" "LCC (+http://corpora.uni-leipzig.de/crawler_faq.html)"
74.7.243.230 - - [31/Mar/2026:20:21:28 +0000] "GET /wp-includes/IXR/?C=S;O=A HTTP/1.1" 200 2538 "https://schoolofgolfnz.co.nz/wp-includes/IXR/" "Mozilla/5.0 AppleWebKit/537.36 (KHTML, like Gecko; compatible; GPTBot/1.3; +https://openai.com/gptbot)"
139.18.2.214 - - [31/Mar/2026:20:21:31 +0000] "GET /wp-includes/sodium_compat/src/Core32/ HTTP/1.1" 200 4094 "https://weddingswithjoy.org.nz/wp-includes/sodium_compat/src/" "LCC (+http://corpora.uni-leipzig.de/crawler_faq.html)"
74.7.227.41 - - [31/Mar/2026:20:21:31 +0000] "GET /wp-includes/js/crop/ HTTP/1.1" 200 1367 "https://weddingswithjoy.org.nz/wp-includes/js/" "Mozilla/5.0 AppleWebKit/537.36 (KHTML, like Gecko; compatible; GPTBot/1.3; +https://openai.com/gptbot)"
139.18.2.214 - - [31/Mar/2026:20:21:47 +0000] "GET /wp-includes/sodium_compat/src/Crypto.php HTTP/1.1" 200 - "https://weddingswithjoy.org.nz/wp-includes/sodium_compat/src/" "LCC (+http://corpora.uni-leipzig.de/crawler_faq.html)"
74.7.227.159 - - [31/Mar/2026:20:21:48 +0000] "GET /wp-includes/class-wp-ajax-response.php HTTP/1.1" 200 - "https://www.qualityprecast.co.nz/wp-includes/" "Mozilla/5.0 AppleWebKit/537.36 (KHTML, like Gecko; compatible; GPTBot/1.3; +https://openai.com/gptbot)"
74.7.243.230 - - [31/Mar/2026:20:21:49 +0000] "GET /wp-includes/Requests/library/Requests.php HTTP/1.1" 500 - "https://schoolofgolfnz.co.nz/wp-includes/Requests/library/" "Mozilla/5.0 AppleWebKit/537.36 (KHTML, like Gecko; compatible; GPTBot/1.3; +https://openai.com/gptbot)"
139.18.2.214 - - [31/Mar/2026:20:21:57 +0000] "GET /wp-includes/sodium_compat/src/Crypto32.php HTTP/1.1" 200 - "https://weddingswithjoy.org.nz/wp-includes/sodium_compat/src/" "LCC (+http://corpora.uni-leipzig.de/crawler_faq.html)"
139.18.2.214 - - [31/Mar/2026:20:22:08 +0000] "GET /wp-includes/sodium_compat/src/File.php HTTP/1.1" 500 - "https://weddingswithjoy.org.nz/wp-includes/sodium_compat/src/" "LCC (+http://corpora.uni-leipzig.de/crawler_faq.html)"
74.7.243.230 - - [31/Mar/2026:20:22:10 +0000] "GET /wp-includes/rest-api/endpoints/class-wp-rest-abilities-v1-categories-controller.php HTTP/1.1" 500 - "https://schoolofgolfnz.co.nz/wp-includes/rest-api/endpoints/" "Mozilla/5.0 AppleWebKit/537.36 (KHTML, like Gecko; compatible; GPTBot/1.3; +https://openai.com/gptbot)"
139.18.2.214 - - [31/Mar/2026:20:22:19 +0000] "GET /wp-includes/sodium_compat/src/PHP52/ HTTP/1.1" 200 875 "https://weddingswithjoy.org.nz/wp-includes/sodium_compat/src/" "LCC (+http://corpora.uni-leipzig.de/crawler_faq.html)"
