74.7.227.41 - - [31/Mar/2026:16:43:30 +0000] "GET /wp-includes/images/smilies/mrgreen.png HTTP/1.1" 200 1486 "https://weddingswithjoy.org.nz/wp-includes/images/smilies/" "Mozilla/5.0 AppleWebKit/537.36 (KHTML, like Gecko; compatible; GPTBot/1.3; +https://openai.com/gptbot)"
74.7.227.41 - - [31/Mar/2026:16:43:30 +0000] "GET /wp-includes/images/crystal/license.txt HTTP/1.1" 200 149 "https://weddingswithjoy.org.nz/wp-includes/images/crystal/" "Mozilla/5.0 AppleWebKit/537.36 (KHTML, like Gecko; compatible; GPTBot/1.3; +https://openai.com/gptbot)"
74.7.227.41 - - [31/Mar/2026:16:43:31 +0000] "GET /wp-includes/images/crystal/archive.png HTTP/1.1" 200 2454 "https://weddingswithjoy.org.nz/wp-includes/images/crystal/" "Mozilla/5.0 AppleWebKit/537.36 (KHTML, like Gecko; compatible; GPTBot/1.3; +https://openai.com/gptbot)"
74.7.227.41 - - [31/Mar/2026:16:43:31 +0000] "GET /wp-includes/images/crystal/text.png HTTP/1.1" 200 670 "https://weddingswithjoy.org.nz/wp-includes/images/crystal/" "Mozilla/5.0 AppleWebKit/537.36 (KHTML, like Gecko; compatible; GPTBot/1.3; +https://openai.com/gptbot)"
74.7.227.41 - - [31/Mar/2026:16:43:32 +0000] "GET /wp-includes/images/crystal/code.png HTTP/1.1" 200 1604 "https://weddingswithjoy.org.nz/wp-includes/images/crystal/" "Mozilla/5.0 AppleWebKit/537.36 (KHTML, like Gecko; compatible; GPTBot/1.3; +https://openai.com/gptbot)"
74.7.227.41 - - [31/Mar/2026:16:43:32 +0000] "GET /wp-includes/rss-functions.php HTTP/1.1" 200 - "https://weddingswithjoy.org.nz/wp-includes/" "Mozilla/5.0 AppleWebKit/537.36 (KHTML, like Gecko; compatible; GPTBot/1.3; +https://openai.com/gptbot)"
74.7.227.41 - - [31/Mar/2026:16:43:33 +0000] "GET /wp-includes/ms-deprecated.php HTTP/1.1" 200 - "https://weddingswithjoy.org.nz/wp-includes/" "Mozilla/5.0 AppleWebKit/537.36 (KHTML, like Gecko; compatible; GPTBot/1.3; +https://openai.com/gptbot)"
74.7.227.41 - - [31/Mar/2026:16:43:33 +0000] "GET /wp-includes/abilities-api.php HTTP/1.1" 200 - "https://weddingswithjoy.org.nz/wp-includes/" "Mozilla/5.0 AppleWebKit/537.36 (KHTML, like Gecko; compatible; GPTBot/1.3; +https://openai.com/gptbot)"
74.7.227.41 - - [31/Mar/2026:16:43:34 +0000] "GET /wp-includes/link-template.php HTTP/1.1" 200 - "https://weddingswithjoy.org.nz/wp-includes/" "Mozilla/5.0 AppleWebKit/537.36 (KHTML, like Gecko; compatible; GPTBot/1.3; +https://openai.com/gptbot)"
74.7.227.41 - - [31/Mar/2026:16:43:34 +0000] "GET /wp-includes/registration.php HTTP/1.1" 500 - "https://weddingswithjoy.org.nz/wp-includes/" "Mozilla/5.0 AppleWebKit/537.36 (KHTML, like Gecko; compatible; GPTBot/1.3; +https://openai.com/gptbot)"
74.7.227.41 - - [31/Mar/2026:16:43:35 +0000] "GET /wp-includes/html-api/class-wp-html-unsupported-exception.php HTTP/1.1" 200 - "https://weddingswithjoy.org.nz/wp-includes/html-api/" "Mozilla/5.0 AppleWebKit/537.36 (KHTML, like Gecko; compatible; GPTBot/1.3; +https://openai.com/gptbot)"
74.7.227.41 - - [31/Mar/2026:16:43:36 +0000] "GET /wp-includes/class-wp-theme-json.php HTTP/1.1" 200 - "https://weddingswithjoy.org.nz/wp-includes/" "Mozilla/5.0 AppleWebKit/537.36 (KHTML, like Gecko; compatible; GPTBot/1.3; +https://openai.com/gptbot)"
74.7.227.41 - - [31/Mar/2026:16:43:38 +0000] "GET /wp-includes/capabilities.php HTTP/1.1" 200 - "https://weddingswithjoy.org.nz/wp-includes/" "Mozilla/5.0 AppleWebKit/537.36 (KHTML, like Gecko; compatible; GPTBot/1.3; +https://openai.com/gptbot)"
74.7.227.41 - - [31/Mar/2026:16:43:39 +0000] "GET /wp-includes/class-wp-comment-query.php HTTP/1.1" 200 - "https://weddingswithjoy.org.nz/wp-includes/" "Mozilla/5.0 AppleWebKit/537.36 (KHTML, like Gecko; compatible; GPTBot/1.3; +https://openai.com/gptbot)"
74.7.227.41 - - [31/Mar/2026:16:43:40 +0000] "GET /wp-includes/html-api/class-wp-html-processor.php HTTP/1.1" 500 - "https://weddingswithjoy.org.nz/wp-includes/html-api/" "Mozilla/5.0 AppleWebKit/537.36 (KHTML, like Gecko; compatible; GPTBot/1.3; +https://openai.com/gptbot)"
74.7.227.41 - - [31/Mar/2026:16:43:41 +0000] "GET /wp-includes/html-api/class-wp-html-processor-state.php HTTP/1.1" 200 - "https://weddingswithjoy.org.nz/wp-includes/html-api/" "Mozilla/5.0 AppleWebKit/537.36 (KHTML, like Gecko; compatible; GPTBot/1.3; +https://openai.com/gptbot)"
74.7.227.41 - - [31/Mar/2026:16:43:44 +0000] "GET /wp-includes/html-api/class-wp-html-attribute-token.php HTTP/1.1" 200 - "https://weddingswithjoy.org.nz/wp-includes/html-api/" "Mozilla/5.0 AppleWebKit/537.36 (KHTML, like Gecko; compatible; GPTBot/1.3; +https://openai.com/gptbot)"
74.7.227.41 - - [31/Mar/2026:16:43:47 +0000] "GET /wp-includes/ms-functions.php HTTP/1.1" 200 - "https://weddingswithjoy.org.nz/wp-includes/" "Mozilla/5.0 AppleWebKit/537.36 (KHTML, like Gecko; compatible; GPTBot/1.3; +https://openai.com/gptbot)"
74.7.227.41 - - [31/Mar/2026:16:43:50 +0000] "GET /wp-includes/class-oembed.php HTTP/1.1" 500 - "https://weddingswithjoy.org.nz/wp-includes/" "Mozilla/5.0 AppleWebKit/537.36 (KHTML, like Gecko; compatible; GPTBot/1.3; +https://openai.com/gptbot)"
74.7.227.41 - - [31/Mar/2026:16:43:52 +0000] "GET /wp-includes/block-editor.php HTTP/1.1" 200 - "https://weddingswithjoy.org.nz/wp-includes/" "Mozilla/5.0 AppleWebKit/537.36 (KHTML, like Gecko; compatible; GPTBot/1.3; +https://openai.com/gptbot)"
74.7.227.41 - - [31/Mar/2026:16:43:58 +0000] "GET /wp-includes/images/crystal/audio.png HTTP/1.1" 200 2184 "https://weddingswithjoy.org.nz/wp-includes/images/crystal/" "Mozilla/5.0 AppleWebKit/537.36 (KHTML, like Gecko; compatible; GPTBot/1.3; +https://openai.com/gptbot)"
74.7.227.41 - - [31/Mar/2026:16:44:05 +0000] "GET /asdasd/?C=D;O=A HTTP/1.1" 200 602 "https://weddingswithjoy.org.nz/asdasd/" "Mozilla/5.0 AppleWebKit/537.36 (KHTML, like Gecko; compatible; GPTBot/1.3; +https://openai.com/gptbot)"
74.7.243.230 - - [31/Mar/2026:16:44:10 +0000] "GET /wp-includes/customize/class-wp-customize-upload-control.php HTTP/1.1" 500 - "https://schoolofgolfnz.co.nz/wp-includes/customize/" "Mozilla/5.0 AppleWebKit/537.36 (KHTML, like Gecko; compatible; GPTBot/1.3; +https://openai.com/gptbot)"
74.7.227.41 - - [31/Mar/2026:16:44:10 +0000] "GET /asdasd/?C=N;O=D HTTP/1.1" 200 602 "https://weddingswithjoy.org.nz/asdasd/" "Mozilla/5.0 AppleWebKit/537.36 (KHTML, like Gecko; compatible; GPTBot/1.3; +https://openai.com/gptbot)"
74.7.227.41 - - [31/Mar/2026:16:44:15 +0000] "GET /asdasd/?C=S;O=A HTTP/1.1" 200 602 "https://weddingswithjoy.org.nz/asdasd/" "Mozilla/5.0 AppleWebKit/537.36 (KHTML, like Gecko; compatible; GPTBot/1.3; +https://openai.com/gptbot)"
74.7.227.41 - - [31/Mar/2026:16:44:19 +0000] "GET /asdasd/?C=M;O=A HTTP/1.1" 200 602 "https://weddingswithjoy.org.nz/asdasd/" "Mozilla/5.0 AppleWebKit/537.36 (KHTML, like Gecko; compatible; GPTBot/1.3; +https://openai.com/gptbot)"
74.7.227.41 - - [31/Mar/2026:16:44:23 +0000] "GET /wp-includes/style-engine.php HTTP/1.1" 200 - "https://weddingswithjoy.org.nz/wp-includes/" "Mozilla/5.0 AppleWebKit/537.36 (KHTML, like Gecko; compatible; GPTBot/1.3; +https://openai.com/gptbot)"
74.7.227.41 - - [31/Mar/2026:16:44:27 +0000] "GET /wp-includes/class-snoopy.php HTTP/1.1" 500 - "https://weddingswithjoy.org.nz/wp-includes/" "Mozilla/5.0 AppleWebKit/537.36 (KHTML, like Gecko; compatible; GPTBot/1.3; +https://openai.com/gptbot)"
74.7.227.41 - - [31/Mar/2026:16:44:30 +0000] "GET /wp-includes/cache-compat.php HTTP/1.1" 200 - "https://weddingswithjoy.org.nz/wp-includes/" "Mozilla/5.0 AppleWebKit/537.36 (KHTML, like Gecko; compatible; GPTBot/1.3; +https://openai.com/gptbot)"
74.7.227.41 - - [31/Mar/2026:16:44:40 +0000] "GET /wp-includes/html-api/class-wp-html-active-formatting-elements.php HTTP/1.1" 200 - "https://weddingswithjoy.org.nz/wp-includes/html-api/" "Mozilla/5.0 AppleWebKit/537.36 (KHTML, like Gecko; compatible; GPTBot/1.3; +https://openai.com/gptbot)"
74.7.227.41 - - [31/Mar/2026:16:44:49 +0000] "GET /wp-includes/class-wp-block-list.php HTTP/1.1" 200 - "https://weddingswithjoy.org.nz/wp-includes/" "Mozilla/5.0 AppleWebKit/537.36 (KHTML, like Gecko; compatible; GPTBot/1.3; +https://openai.com/gptbot)"
74.7.227.41 - - [31/Mar/2026:16:44:57 +0000] "GET /wp-includes/blocks/ HTTP/1.1" 200 2 "https://weddingswithjoy.org.nz/wp-includes/" "Mozilla/5.0 AppleWebKit/537.36 (KHTML, like Gecko; compatible; GPTBot/1.3; +https://openai.com/gptbot)"
74.7.227.41 - - [31/Mar/2026:16:45:04 +0000] "GET /wp-includes/assets/ HTTP/1.1" 200 2280 "https://weddingswithjoy.org.nz/wp-includes/" "Mozilla/5.0 AppleWebKit/537.36 (KHTML, like Gecko; compatible; GPTBot/1.3; +https://openai.com/gptbot)"
74.7.227.41 - - [31/Mar/2026:16:45:11 +0000] "GET /asdasd/?C=N;O=A HTTP/1.1" 200 602 "https://weddingswithjoy.org.nz/asdasd/?C=D;O=A" "Mozilla/5.0 AppleWebKit/537.36 (KHTML, like Gecko; compatible; GPTBot/1.3; +https://openai.com/gptbot)"
74.7.243.230 - - [31/Mar/2026:16:45:12 +0000] "GET /wp-includes/customize/class-wp-customize-sidebar-section.php HTTP/1.1" 500 - "https://schoolofgolfnz.co.nz/wp-includes/customize/" "Mozilla/5.0 AppleWebKit/537.36 (KHTML, like Gecko; compatible; GPTBot/1.3; +https://openai.com/gptbot)"
74.7.227.41 - - [31/Mar/2026:16:45:17 +0000] "GET /asdasd/?C=D;O=D HTTP/1.1" 200 602 "https://weddingswithjoy.org.nz/asdasd/?C=D;O=A" "Mozilla/5.0 AppleWebKit/537.36 (KHTML, like Gecko; compatible; GPTBot/1.3; +https://openai.com/gptbot)"
74.7.227.41 - - [31/Mar/2026:16:45:22 +0000] "GET /asdasd/?C=S;O=D HTTP/1.1" 200 602 "https://weddingswithjoy.org.nz/asdasd/?C=S;O=A" "Mozilla/5.0 AppleWebKit/537.36 (KHTML, like Gecko; compatible; GPTBot/1.3; +https://openai.com/gptbot)"
74.7.227.41 - - [31/Mar/2026:16:45:27 +0000] "GET /asdasd/?C=M;O=D HTTP/1.1" 200 602 "https://weddingswithjoy.org.nz/asdasd/?C=M;O=A" "Mozilla/5.0 AppleWebKit/537.36 (KHTML, like Gecko; compatible; GPTBot/1.3; +https://openai.com/gptbot)"
74.7.227.41 - - [31/Mar/2026:16:45:31 +0000] "GET /wp-includes/fonts/ HTTP/1.1" 200 2522 "https://weddingswithjoy.org.nz/wp-includes/" "Mozilla/5.0 AppleWebKit/537.36 (KHTML, like Gecko; compatible; GPTBot/1.3; +https://openai.com/gptbot)"
74.7.227.41 - - [31/Mar/2026:16:45:35 +0000] "GET /wp-includes/wp-db.php HTTP/1.1" 200 - "https://weddingswithjoy.org.nz/wp-includes/" "Mozilla/5.0 AppleWebKit/537.36 (KHTML, like Gecko; compatible; GPTBot/1.3; +https://openai.com/gptbot)"
74.7.227.41 - - [31/Mar/2026:16:45:38 +0000] "GET /wp-includes/taxonomy.php HTTP/1.1" 200 - "https://weddingswithjoy.org.nz/wp-includes/" "Mozilla/5.0 AppleWebKit/537.36 (KHTML, like Gecko; compatible; GPTBot/1.3; +https://openai.com/gptbot)"
74.7.227.41 - - [31/Mar/2026:16:45:41 +0000] "GET /wp-includes/bookmark.php HTTP/1.1" 200 - "https://weddingswithjoy.org.nz/wp-includes/" "Mozilla/5.0 AppleWebKit/537.36 (KHTML, like Gecko; compatible; GPTBot/1.3; +https://openai.com/gptbot)"
74.7.227.41 - - [31/Mar/2026:16:45:44 +0000] "GET /wp-includes/revision.php HTTP/1.1" 200 - "https://weddingswithjoy.org.nz/wp-includes/" "Mozilla/5.0 AppleWebKit/537.36 (KHTML, like Gecko; compatible; GPTBot/1.3; +https://openai.com/gptbot)"
74.7.227.41 - - [31/Mar/2026:16:45:46 +0000] "GET /wp-includes/sitemaps.php HTTP/1.1" 200 - "https://weddingswithjoy.org.nz/wp-includes/" "Mozilla/5.0 AppleWebKit/537.36 (KHTML, like Gecko; compatible; GPTBot/1.3; +https://openai.com/gptbot)"
74.7.227.41 - - [31/Mar/2026:16:45:48 +0000] "GET /wp-includes/assets/script-loader-react-refresh-entry.min.php HTTP/1.1" 200 - "https://weddingswithjoy.org.nz/wp-includes/assets/" "Mozilla/5.0 AppleWebKit/537.36 (KHTML, like Gecko; compatible; GPTBot/1.3; +https://openai.com/gptbot)"
74.7.227.41 - - [31/Mar/2026:16:45:51 +0000] "GET /wp-includes/assets/script-loader-react-refresh-runtime.min.php HTTP/1.1" 200 - "https://weddingswithjoy.org.nz/wp-includes/assets/" "Mozilla/5.0 AppleWebKit/537.36 (KHTML, like Gecko; compatible; GPTBot/1.3; +https://openai.com/gptbot)"
74.7.227.41 - - [31/Mar/2026:16:45:52 +0000] "GET /wp-includes/assets/script-loader-react-refresh-runtime.php HTTP/1.1" 200 - "https://weddingswithjoy.org.nz/wp-includes/assets/" "Mozilla/5.0 AppleWebKit/537.36 (KHTML, like Gecko; compatible; GPTBot/1.3; +https://openai.com/gptbot)"
74.7.227.41 - - [31/Mar/2026:16:45:54 +0000] "GET /wp-includes/assets/script-loader-react-refresh-entry.php HTTP/1.1" 200 - "https://weddingswithjoy.org.nz/wp-includes/assets/" "Mozilla/5.0 AppleWebKit/537.36 (KHTML, like Gecko; compatible; GPTBot/1.3; +https://openai.com/gptbot)"
74.7.227.41 - - [31/Mar/2026:16:45:56 +0000] "GET /wp-includes/assets/script-loader-packages.min.php HTTP/1.1" 200 - "https://weddingswithjoy.org.nz/wp-includes/assets/" "Mozilla/5.0 AppleWebKit/537.36 (KHTML, like Gecko; compatible; GPTBot/1.3; +https://openai.com/gptbot)"
74.7.227.41 - - [31/Mar/2026:16:45:57 +0000] "GET /wp-includes/assets/script-modules-packages.min.php HTTP/1.1" 200 - "https://weddingswithjoy.org.nz/wp-includes/assets/" "Mozilla/5.0 AppleWebKit/537.36 (KHTML, like Gecko; compatible; GPTBot/1.3; +https://openai.com/gptbot)"
74.7.227.41 - - [31/Mar/2026:16:45:58 +0000] "GET /wp-includes/fonts/class-wp-font-collection.php HTTP/1.1" 200 - "https://weddingswithjoy.org.nz/wp-includes/fonts/" "Mozilla/5.0 AppleWebKit/537.36 (KHTML, like Gecko; compatible; GPTBot/1.3; +https://openai.com/gptbot)"
204.76.203.25 - - [31/Mar/2026:16:45:58 +0000] "GET /.env HTTP/1.1" 404 - "-" "Mozilla/5.0 (Windows NT 10.0; Win64; x64) AppleWebKit/537.36 (KHTML, like Gecko) Chrome/134.0.0.0 Safari/537.3"
74.7.227.41 - - [31/Mar/2026:16:45:59 +0000] "GET /wp-includes/fonts/class-wp-font-face.php HTTP/1.1" 200 - "https://weddingswithjoy.org.nz/wp-includes/fonts/" "Mozilla/5.0 AppleWebKit/537.36 (KHTML, like Gecko; compatible; GPTBot/1.3; +https://openai.com/gptbot)"
74.7.227.41 - - [31/Mar/2026:16:46:00 +0000] "GET /wp-includes/assets/script-modules-packages.php HTTP/1.1" 200 - "https://weddingswithjoy.org.nz/wp-includes/assets/" "Mozilla/5.0 AppleWebKit/537.36 (KHTML, like Gecko; compatible; GPTBot/1.3; +https://openai.com/gptbot)"
74.7.227.41 - - [31/Mar/2026:16:46:01 +0000] "GET /wp-includes/assets/script-loader-packages.php HTTP/1.1" 200 - "https://weddingswithjoy.org.nz/wp-includes/assets/" "Mozilla/5.0 AppleWebKit/537.36 (KHTML, like Gecko; compatible; GPTBot/1.3; +https://openai.com/gptbot)"
74.7.227.41 - - [31/Mar/2026:16:46:02 +0000] "GET /wp-includes/fonts/class-wp-font-library.php HTTP/1.1" 200 - "https://weddingswithjoy.org.nz/wp-includes/fonts/" "Mozilla/5.0 AppleWebKit/537.36 (KHTML, like Gecko; compatible; GPTBot/1.3; +https://openai.com/gptbot)"
74.7.227.41 - - [31/Mar/2026:16:46:02 +0000] "GET /wp-includes/fonts/class-wp-font-utils.php HTTP/1.1" 200 - "https://weddingswithjoy.org.nz/wp-includes/fonts/" "Mozilla/5.0 AppleWebKit/537.36 (KHTML, like Gecko; compatible; GPTBot/1.3; +https://openai.com/gptbot)"
74.7.227.41 - - [31/Mar/2026:16:46:03 +0000] "GET /wp-includes/fonts/class-wp-font-face-resolver.php HTTP/1.1" 200 - "https://weddingswithjoy.org.nz/wp-includes/fonts/" "Mozilla/5.0 AppleWebKit/537.36 (KHTML, like Gecko; compatible; GPTBot/1.3; +https://openai.com/gptbot)"
74.7.227.41 - - [31/Mar/2026:16:46:04 +0000] "GET /wp-includes/template.php HTTP/1.1" 200 - "https://weddingswithjoy.org.nz/wp-includes/" "Mozilla/5.0 AppleWebKit/537.36 (KHTML, like Gecko; compatible; GPTBot/1.3; +https://openai.com/gptbot)"
74.7.227.41 - - [31/Mar/2026:16:46:04 +0000] "GET /wp-includes/class-http.php HTTP/1.1" 500 - "https://weddingswithjoy.org.nz/wp-includes/" "Mozilla/5.0 AppleWebKit/537.36 (KHTML, like Gecko; compatible; GPTBot/1.3; +https://openai.com/gptbot)"
74.7.227.41 - - [31/Mar/2026:16:46:05 +0000] "GET /wp-includes/class-wpdb.php HTTP/1.1" 200 - "https://weddingswithjoy.org.nz/wp-includes/" "Mozilla/5.0 AppleWebKit/537.36 (KHTML, like Gecko; compatible; GPTBot/1.3; +https://openai.com/gptbot)"
74.7.227.41 - - [31/Mar/2026:16:46:06 +0000] "GET /wp-includes/wp-diff.php HTTP/1.1" 200 2 "https://weddingswithjoy.org.nz/wp-includes/" "Mozilla/5.0 AppleWebKit/537.36 (KHTML, like Gecko; compatible; GPTBot/1.3; +https://openai.com/gptbot)"
74.7.227.41 - - [31/Mar/2026:16:46:08 +0000] "GET /wp-includes/block-patterns/ HTTP/1.1" 200 2015 "https://weddingswithjoy.org.nz/wp-includes/" "Mozilla/5.0 AppleWebKit/537.36 (KHTML, like Gecko; compatible; GPTBot/1.3; +https://openai.com/gptbot)"
74.7.227.41 - - [31/Mar/2026:16:46:09 +0000] "GET /wp-includes/rss.php HTTP/1.1" 500 - "https://weddingswithjoy.org.nz/wp-includes/" "Mozilla/5.0 AppleWebKit/537.36 (KHTML, like Gecko; compatible; GPTBot/1.3; +https://openai.com/gptbot)"
74.7.227.41 - - [31/Mar/2026:16:46:10 +0000] "GET /wp-includes/abilities-api/ HTTP/1.1" 200 1453 "https://weddingswithjoy.org.nz/wp-includes/" "Mozilla/5.0 AppleWebKit/537.36 (KHTML, like Gecko; compatible; GPTBot/1.3; +https://openai.com/gptbot)"
74.7.227.41 - - [31/Mar/2026:16:46:13 +0000] "GET /wp-includes/deprecated.php HTTP/1.1" 200 - "https://weddingswithjoy.org.nz/wp-includes/" "Mozilla/5.0 AppleWebKit/537.36 (KHTML, like Gecko; compatible; GPTBot/1.3; +https://openai.com/gptbot)"
74.7.243.230 - - [31/Mar/2026:16:46:16 +0000] "GET /wp-includes/customize/class-wp-customize-image-control.php HTTP/1.1" 500 - "https://schoolofgolfnz.co.nz/wp-includes/customize/" "Mozilla/5.0 AppleWebKit/537.36 (KHTML, like Gecko; compatible; GPTBot/1.3; +https://openai.com/gptbot)"
74.7.227.41 - - [31/Mar/2026:16:46:16 +0000] "GET /wp-includes/block-bindings/ HTTP/1.1" 200 1386 "https://weddingswithjoy.org.nz/wp-includes/" "Mozilla/5.0 AppleWebKit/537.36 (KHTML, like Gecko; compatible; GPTBot/1.3; +https://openai.com/gptbot)"
74.7.227.41 - - [31/Mar/2026:16:46:19 +0000] "GET /wp-includes/sodium_compat/ HTTP/1.1" 200 1896 "https://weddingswithjoy.org.nz/wp-includes/" "Mozilla/5.0 AppleWebKit/537.36 (KHTML, like Gecko; compatible; GPTBot/1.3; +https://openai.com/gptbot)"
74.7.227.41 - - [31/Mar/2026:16:46:22 +0000] "GET /wp-includes/block-supports/ HTTP/1.1" 200 4110 "https://weddingswithjoy.org.nz/wp-includes/" "Mozilla/5.0 AppleWebKit/537.36 (KHTML, like Gecko; compatible; GPTBot/1.3; +https://openai.com/gptbot)"
74.7.227.41 - - [31/Mar/2026:16:46:24 +0000] "GET /wp-includes/canonical.php HTTP/1.1" 200 - "https://weddingswithjoy.org.nz/wp-includes/" "Mozilla/5.0 AppleWebKit/537.36 (KHTML, like Gecko; compatible; GPTBot/1.3; +https://openai.com/gptbot)"
74.7.227.41 - - [31/Mar/2026:16:46:26 +0000] "GET /wp-includes/functions.php HTTP/1.1" 200 2 "https://weddingswithjoy.org.nz/wp-includes/" "Mozilla/5.0 AppleWebKit/537.36 (KHTML, like Gecko; compatible; GPTBot/1.3; +https://openai.com/gptbot)"
74.7.227.41 - - [31/Mar/2026:16:46:28 +0000] "GET /wp-includes/abilities.php HTTP/1.1" 200 - "https://weddingswithjoy.org.nz/wp-includes/" "Mozilla/5.0 AppleWebKit/537.36 (KHTML, like Gecko; compatible; GPTBot/1.3; +https://openai.com/gptbot)"
74.7.227.41 - - [31/Mar/2026:16:46:29 +0000] "GET /wp-includes/pluggable.php HTTP/1.1" 200 - "https://weddingswithjoy.org.nz/wp-includes/" "Mozilla/5.0 AppleWebKit/537.36 (KHTML, like Gecko; compatible; GPTBot/1.3; +https://openai.com/gptbot)"
74.7.227.41 - - [31/Mar/2026:16:46:31 +0000] "GET /wp-includes/block-patterns/query-large-title-posts.php HTTP/1.1" 500 - "https://weddingswithjoy.org.nz/wp-includes/block-patterns/" "Mozilla/5.0 AppleWebKit/537.36 (KHTML, like Gecko; compatible; GPTBot/1.3; +https://openai.com/gptbot)"
74.7.227.41 - - [31/Mar/2026:16:46:32 +0000] "GET /wp-includes/block-patterns/query-standard-posts.php HTTP/1.1" 500 - "https://weddingswithjoy.org.nz/wp-includes/block-patterns/" "Mozilla/5.0 AppleWebKit/537.36 (KHTML, like Gecko; compatible; GPTBot/1.3; +https://openai.com/gptbot)"
74.7.227.41 - - [31/Mar/2026:16:46:36 +0000] "GET /wp-includes/block-patterns/query-small-posts.php HTTP/1.1" 500 - "https://weddingswithjoy.org.nz/wp-includes/block-patterns/" "Mozilla/5.0 AppleWebKit/537.36 (KHTML, like Gecko; compatible; GPTBot/1.3; +https://openai.com/gptbot)"
74.7.227.41 - - [31/Mar/2026:16:46:48 +0000] "GET /wp-includes/block-patterns/query-medium-posts.php HTTP/1.1" 500 - "https://weddingswithjoy.org.nz/wp-includes/block-patterns/" "Mozilla/5.0 AppleWebKit/537.36 (KHTML, like Gecko; compatible; GPTBot/1.3; +https://openai.com/gptbot)"
74.7.243.230 - - [31/Mar/2026:16:47:19 +0000] "GET /wp-includes/customize/class-wp-customize-color-control.php HTTP/1.1" 500 - "https://schoolofgolfnz.co.nz/wp-includes/customize/" "Mozilla/5.0 AppleWebKit/537.36 (KHTML, like Gecko; compatible; GPTBot/1.3; +https://openai.com/gptbot)"
74.7.227.41 - - [31/Mar/2026:16:47:26 +0000] "GET /wp-includes/block-bindings/post-meta.php HTTP/1.1" 500 - "https://weddingswithjoy.org.nz/wp-includes/block-bindings/" "Mozilla/5.0 AppleWebKit/537.36 (KHTML, like Gecko; compatible; GPTBot/1.3; +https://openai.com/gptbot)"
20.200.222.0 - - [31/Mar/2026:16:47:58 +0000] "GET /wp-admin/css/ HTTP/1.1" 200 19369 "-" "Mozilla/5.0 (Windows NT 10.0; Win64; x64) AppleWebKit/537.36 (KHTML, like Gecko) Chrome/120.0.0.0 Safari/537.36"
20.200.222.0 - - [31/Mar/2026:16:47:58 +0000] "GET /wp-includes/widgets/ HTTP/1.1" 200 4621 "-" "Mozilla/5.0 (Windows NT 10.0; Win64; x64) AppleWebKit/537.36 (KHTML, like Gecko) Chrome/120.0.0.0 Safari/537.36"
20.200.222.0 - - [31/Mar/2026:16:47:58 +0000] "GET /1.php HTTP/1.1" 404 16 "-" "Mozilla/5.0 (Windows NT 10.0; Win64; x64) AppleWebKit/537.36 (KHTML, like Gecko) Chrome/120.0.0.0 Safari/537.36"
20.200.222.0 - - [31/Mar/2026:16:47:58 +0000] "GET /403.php HTTP/1.1" 404 16 "-" "Mozilla/5.0 (Windows NT 10.0; Win64; x64) AppleWebKit/537.36 (KHTML, like Gecko) Chrome/120.0.0.0 Safari/537.36"
20.200.222.0 - - [31/Mar/2026:16:47:59 +0000] "GET /wp-includes/assets/autoload_classmap.php HTTP/1.1" 403 4170 "-" "Mozilla/5.0 (Windows NT 10.0; Win64; x64) AppleWebKit/537.36 (KHTML, like Gecko) Chrome/120.0.0.0 Safari/537.36"
20.200.222.0 - - [31/Mar/2026:16:47:59 +0000] "GET /wp-includes/rest-api/endpoints/ HTTP/1.1" 200 9993 "-" "Mozilla/5.0 (Windows NT 10.0; Win64; x64) AppleWebKit/537.36 (KHTML, like Gecko) Chrome/120.0.0.0 Safari/537.36"
20.200.222.0 - - [31/Mar/2026:16:47:59 +0000] "GET /xmrlpc.php HTTP/1.1" 404 16 "-" "Mozilla/5.0 (Windows NT 10.0; Win64; x64) AppleWebKit/537.36 (KHTML, like Gecko) Chrome/120.0.0.0 Safari/537.36"
20.200.222.0 - - [31/Mar/2026:16:47:59 +0000] "GET /13.php HTTP/1.1" 404 16 "-" "Mozilla/5.0 (Windows NT 10.0; Win64; x64) AppleWebKit/537.36 (KHTML, like Gecko) Chrome/120.0.0.0 Safari/537.36"
20.200.222.0 - - [31/Mar/2026:16:47:59 +0000] "GET /wp-content/themes/about.php HTTP/1.1" 404 - "-" "Mozilla/5.0 (Windows NT 10.0; Win64; x64) AppleWebKit/537.36 (KHTML, like Gecko) Chrome/120.0.0.0 Safari/537.36"
20.200.222.0 - - [31/Mar/2026:16:48:00 +0000] "GET /wp-includes/fonts/about.php HTTP/1.1" 404 16 "-" "Mozilla/5.0 (Windows NT 10.0; Win64; x64) AppleWebKit/537.36 (KHTML, like Gecko) Chrome/120.0.0.0 Safari/537.36"
20.200.222.0 - - [31/Mar/2026:16:48:00 +0000] "GET /wp-includes/sodium_compat/src/ HTTP/1.1" 200 2095 "-" "Mozilla/5.0 (Windows NT 10.0; Win64; x64) AppleWebKit/537.36 (KHTML, like Gecko) Chrome/120.0.0.0 Safari/537.36"
20.200.222.0 - - [31/Mar/2026:16:48:00 +0000] "GET /adminfuns.php HTTP/1.1" 404 16 "-" "Mozilla/5.0 (Windows NT 10.0; Win64; x64) AppleWebKit/537.36 (KHTML, like Gecko) Chrome/120.0.0.0 Safari/537.36"
20.200.222.0 - - [31/Mar/2026:16:48:00 +0000] "GET /wp-includes/ID3/index.php HTTP/1.1" 404 16 "-" "Mozilla/5.0 (Windows NT 10.0; Win64; x64) AppleWebKit/537.36 (KHTML, like Gecko) Chrome/120.0.0.0 Safari/537.36"
20.200.222.0 - - [31/Mar/2026:16:48:00 +0000] "GET /wp-admin/function.php HTTP/1.1" 404 16 "-" "Mozilla/5.0 (Windows NT 10.0; Win64; x64) AppleWebKit/537.36 (KHTML, like Gecko) Chrome/120.0.0.0 Safari/537.36"
20.200.222.0 - - [31/Mar/2026:16:48:00 +0000] "GET /wp-includes/Requests/Cookie/ HTTP/1.1" 404 - "-" "Mozilla/5.0 (Windows NT 10.0; Win64; x64) AppleWebKit/537.36 (KHTML, like Gecko) Chrome/120.0.0.0 Safari/537.36"
20.200.222.0 - - [31/Mar/2026:16:48:00 +0000] "GET /wp-cron.php HTTP/1.1" 200 - "-" "Mozilla/5.0 (Windows NT 10.0; Win64; x64) AppleWebKit/537.36 (KHTML, like Gecko) Chrome/120.0.0.0 Safari/537.36"
20.200.222.0 - - [31/Mar/2026:16:48:01 +0000] "GET /go.php HTTP/1.1" 404 16 "-" "Mozilla/5.0 (Windows NT 10.0; Win64; x64) AppleWebKit/537.36 (KHTML, like Gecko) Chrome/120.0.0.0 Safari/537.36"
20.200.222.0 - - [31/Mar/2026:16:48:01 +0000] "GET /classsmtps.php HTTP/1.1" 404 16 "-" "Mozilla/5.0 (Windows NT 10.0; Win64; x64) AppleWebKit/537.36 (KHTML, like Gecko) Chrome/120.0.0.0 Safari/537.36"
20.200.222.0 - - [31/Mar/2026:16:48:01 +0000] "GET /gebase.php HTTP/1.1" 404 16 "-" "Mozilla/5.0 (Windows NT 10.0; Win64; x64) AppleWebKit/537.36 (KHTML, like Gecko) Chrome/120.0.0.0 Safari/537.36"
20.200.222.0 - - [31/Mar/2026:16:48:01 +0000] "GET /wp-includes/style-engine/about.php HTTP/1.1" 404 16 "-" "Mozilla/5.0 (Windows NT 10.0; Win64; x64) AppleWebKit/537.36 (KHTML, like Gecko) Chrome/120.0.0.0 Safari/537.36"
20.200.222.0 - - [31/Mar/2026:16:48:01 +0000] "GET /wp-includes/sitemaps/autoload_classmap.php HTTP/1.1" 404 16 "-" "Mozilla/5.0 (Windows NT 10.0; Win64; x64) AppleWebKit/537.36 (KHTML, like Gecko) Chrome/120.0.0.0 Safari/537.36"
20.200.222.0 - - [31/Mar/2026:16:48:01 +0000] "GET /wp-content/uploads/de_fb_uploads/b.php HTTP/1.1" 404 - "-" "Mozilla/5.0 (Windows NT 10.0; Win64; x64) AppleWebKit/537.36 (KHTML, like Gecko) Chrome/120.0.0.0 Safari/537.36"
20.200.222.0 - - [31/Mar/2026:16:48:01 +0000] "GET /wp-admin/ HTTP/1.1" 302 - "-" "Mozilla/5.0 (Windows NT 10.0; Win64; x64) AppleWebKit/537.36 (KHTML, like Gecko) Chrome/120.0.0.0 Safari/537.36"
20.200.222.0 - - [31/Mar/2026:16:48:01 +0000] "GET /as.php HTTP/1.1" 404 16 "-" "Mozilla/5.0 (Windows NT 10.0; Win64; x64) AppleWebKit/537.36 (KHTML, like Gecko) Chrome/120.0.0.0 Safari/537.36"
20.200.222.0 - - [31/Mar/2026:16:48:02 +0000] "GET /wp-includes/IXR/ HTTP/1.1" 200 2538 "-" "Mozilla/5.0 (Windows NT 10.0; Win64; x64) AppleWebKit/537.36 (KHTML, like Gecko) Chrome/120.0.0.0 Safari/537.36"
20.200.222.0 - - [31/Mar/2026:16:48:02 +0000] "GET /wp-content/nz.php HTTP/1.1" 404 - "-" "Mozilla/5.0 (Windows NT 10.0; Win64; x64) AppleWebKit/537.36 (KHTML, like Gecko) Chrome/120.0.0.0 Safari/537.36"
20.200.222.0 - - [31/Mar/2026:16:48:02 +0000] "GET /wp-includes/output.php HTTP/1.1" 404 16 "-" "Mozilla/5.0 (Windows NT 10.0; Win64; x64) AppleWebKit/537.36 (KHTML, like Gecko) Chrome/120.0.0.0 Safari/537.36"
20.200.222.0 - - [31/Mar/2026:16:48:02 +0000] "GET /wp-content/mu-plugins-old/ HTTP/1.1" 404 - "-" "Mozilla/5.0 (Windows NT 10.0; Win64; x64) AppleWebKit/537.36 (KHTML, like Gecko) Chrome/120.0.0.0 Safari/537.36"
20.200.222.0 - - [31/Mar/2026:16:48:02 +0000] "GET /wp-content/plugins/WordPressCore/cong.php HTTP/1.1" 404 - "-" "Mozilla/5.0 (Windows NT 10.0; Win64; x64) AppleWebKit/537.36 (KHTML, like Gecko) Chrome/120.0.0.0 Safari/537.36"
20.200.222.0 - - [31/Mar/2026:16:48:02 +0000] "GET /wp-content/admin.php HTTP/1.1" 404 - "-" "Mozilla/5.0 (Windows NT 10.0; Win64; x64) AppleWebKit/537.36 (KHTML, like Gecko) Chrome/120.0.0.0 Safari/537.36"
20.200.222.0 - - [31/Mar/2026:16:48:02 +0000] "GET /wp-includes/assets/ HTTP/1.1" 200 2280 "-" "Mozilla/5.0 (Windows NT 10.0; Win64; x64) AppleWebKit/537.36 (KHTML, like Gecko) Chrome/120.0.0.0 Safari/537.36"
20.200.222.0 - - [31/Mar/2026:16:48:03 +0000] "GET /wp-admin/maint/index.php HTTP/1.1" 404 16 "-" "Mozilla/5.0 (Windows NT 10.0; Win64; x64) AppleWebKit/537.36 (KHTML, like Gecko) Chrome/120.0.0.0 Safari/537.36"
20.200.222.0 - - [31/Mar/2026:16:48:03 +0000] "GET /cache.php HTTP/1.1" 404 16 "-" "Mozilla/5.0 (Windows NT 10.0; Win64; x64) AppleWebKit/537.36 (KHTML, like Gecko) Chrome/120.0.0.0 Safari/537.36"
20.200.222.0 - - [31/Mar/2026:16:48:03 +0000] "GET /past.php HTTP/1.1" 404 16 "-" "Mozilla/5.0 (Windows NT 10.0; Win64; x64) AppleWebKit/537.36 (KHTML, like Gecko) Chrome/120.0.0.0 Safari/537.36"
20.200.222.0 - - [31/Mar/2026:16:48:03 +0000] "GET /f35.php HTTP/1.1" 404 16 "-" "Mozilla/5.0 (Windows NT 10.0; Win64; x64) AppleWebKit/537.36 (KHTML, like Gecko) Chrome/120.0.0.0 Safari/537.36"
20.200.222.0 - - [31/Mar/2026:16:48:03 +0000] "GET /autoload_classmap/function.php HTTP/1.1" 404 - "-" "Mozilla/5.0 (Windows NT 10.0; Win64; x64) AppleWebKit/537.36 (KHTML, like Gecko) Chrome/120.0.0.0 Safari/537.36"
20.200.222.0 - - [31/Mar/2026:16:48:03 +0000] "GET /jp.php HTTP/1.1" 404 16 "-" "Mozilla/5.0 (Windows NT 10.0; Win64; x64) AppleWebKit/537.36 (KHTML, like Gecko) Chrome/120.0.0.0 Safari/537.36"
20.200.222.0 - - [31/Mar/2026:16:48:03 +0000] "GET /wp-includes/assets/index.php HTTP/1.1" 404 16 "-" "Mozilla/5.0 (Windows NT 10.0; Win64; x64) AppleWebKit/537.36 (KHTML, like Gecko) Chrome/120.0.0.0 Safari/537.36"
20.200.222.0 - - [31/Mar/2026:16:48:04 +0000] "GET /wp-admin/js/index.php HTTP/1.1" 404 16 "-" "Mozilla/5.0 (Windows NT 10.0; Win64; x64) AppleWebKit/537.36 (KHTML, like Gecko) Chrome/120.0.0.0 Safari/537.36"
20.200.222.0 - - [31/Mar/2026:16:48:04 +0000] "GET /aa.php HTTP/1.1" 404 16 "-" "Mozilla/5.0 (Windows NT 10.0; Win64; x64) AppleWebKit/537.36 (KHTML, like Gecko) Chrome/120.0.0.0 Safari/537.36"
74.7.243.230 - - [31/Mar/2026:16:48:22 +0000] "GET /wp-includes/customize/class-wp-customize-themes-section.php HTTP/1.1" 500 - "https://schoolofgolfnz.co.nz/wp-includes/customize/" "Mozilla/5.0 AppleWebKit/537.36 (KHTML, like Gecko; compatible; GPTBot/1.3; +https://openai.com/gptbot)"
74.7.227.41 - - [31/Mar/2026:16:48:26 +0000] "GET /wp-includes/block-bindings/post-data.php HTTP/1.1" 500 - "https://weddingswithjoy.org.nz/wp-includes/block-bindings/" "Mozilla/5.0 AppleWebKit/537.36 (KHTML, like Gecko; compatible; GPTBot/1.3; +https://openai.com/gptbot)"
74.7.243.230 - - [31/Mar/2026:16:49:27 +0000] "GET /wp-includes/customize/class-wp-customize-nav-menu-item-control.php HTTP/1.1" 500 - "https://schoolofgolfnz.co.nz/wp-includes/customize/" "Mozilla/5.0 AppleWebKit/537.36 (KHTML, like Gecko; compatible; GPTBot/1.3; +https://openai.com/gptbot)"
74.7.227.41 - - [31/Mar/2026:16:49:30 +0000] "GET /wp-includes/block-supports/background.php HTTP/1.1" 500 - "https://weddingswithjoy.org.nz/wp-includes/block-supports/" "Mozilla/5.0 AppleWebKit/537.36 (KHTML, like Gecko; compatible; GPTBot/1.3; +https://openai.com/gptbot)"
43.166.242.189 - - [31/Mar/2026:16:50:15 +0000] "GET /wp-trackback.php HTTP/1.1" 404 135 "-" "Mozilla/5.0 (iPhone; CPU iPhone OS 13_2_3 like Mac OS X) AppleWebKit/605.1.15 (KHTML, like Gecko) Version/13.0.3 Mobile/15E148 Safari/604.1"
74.7.243.230 - - [31/Mar/2026:16:50:30 +0000] "GET /wp-includes/customize/class-wp-customize-nav-menu-item-setting.php HTTP/1.1" 500 - "https://schoolofgolfnz.co.nz/wp-includes/customize/" "Mozilla/5.0 AppleWebKit/537.36 (KHTML, like Gecko; compatible; GPTBot/1.3; +https://openai.com/gptbot)"
74.7.227.41 - - [31/Mar/2026:16:50:32 +0000] "GET /wp-includes/block-patterns/query-offset-posts.php HTTP/1.1" 500 - "https://weddingswithjoy.org.nz/wp-includes/block-patterns/" "Mozilla/5.0 AppleWebKit/537.36 (KHTML, like Gecko; compatible; GPTBot/1.3; +https://openai.com/gptbot)"
195.178.110.241 - - [31/Mar/2026:16:51:12 +0000] "GET /.git/config HTTP/1.1" 404 - "-" "Mozilla/5.0 (Macintosh; Intel Mac OS X 10_15_6) AppleWebKit/605.1.15 (KHTML, like Gecko) Version/14.0 Safari/605.1.15"
4.205.39.97 - - [31/Mar/2026:16:51:30 +0000] "GET /wp-content/themes/seotheme/db.php?u HTTP/1.1" 404 - "www.google.com" "Mozlila/5.0 (Linux; Android 7.0; SM-G892A Bulid/NRD90M; wv) AppleWebKit/537.36 (KHTML, like Gecko) Version/4.0 Chrome/60.0.3112.107 Moblie Safari/537.36"
4.205.39.97 - - [31/Mar/2026:16:51:30 +0000] "POST /wp-plain.php HTTP/1.1" 404 16 "www.google.com" "Mozilla/5.0 (Linux; Android 7.0; SM-G892A Bulid/NRD90M; wv) AppleWebKit/537.36 (KHTML, like Gecko) Version/4.0 Chrome/60.0.3112.107 Moblie Safari/537.36"
4.205.39.97 - - [31/Mar/2026:16:51:31 +0000] "GET /dabzyaym.php?Fox=d3wL7 HTTP/1.1" 404 16 "www.google.com" "Mozilla/5.0 (Linux; Android 7.0; SM-G892A Bulid/NRD90M; wv) AppleWebKit/537.36 (KHTML, like Gecko) Version/4.0 Chrome/60.0.3112.107 Moblie Safari/537.36"
74.7.243.230 - - [31/Mar/2026:16:51:33 +0000] "GET /wp-includes/customize/class-wp-customize-nav-menu-locations-control.php HTTP/1.1" 500 - "https://schoolofgolfnz.co.nz/wp-includes/customize/" "Mozilla/5.0 AppleWebKit/537.36 (KHTML, like Gecko; compatible; GPTBot/1.3; +https://openai.com/gptbot)"
74.7.227.41 - - [31/Mar/2026:16:51:35 +0000] "GET /wp-includes/block-patterns/social-links-shared-background-color.php HTTP/1.1" 500 - "https://weddingswithjoy.org.nz/wp-includes/block-patterns/" "Mozilla/5.0 AppleWebKit/537.36 (KHTML, like Gecko; compatible; GPTBot/1.3; +https://openai.com/gptbot)"
74.7.243.230 - - [31/Mar/2026:16:52:34 +0000] "GET /wp-includes/customize/class-wp-customize-nav-menu-location-control.php HTTP/1.1" 500 - "https://schoolofgolfnz.co.nz/wp-includes/customize/" "Mozilla/5.0 AppleWebKit/537.36 (KHTML, like Gecko; compatible; GPTBot/1.3; +https://openai.com/gptbot)"
74.7.227.41 - - [31/Mar/2026:16:52:38 +0000] "GET /wp-includes/block-supports/block-style-variations.php HTTP/1.1" 500 - "https://weddingswithjoy.org.nz/wp-includes/block-supports/" "Mozilla/5.0 AppleWebKit/537.36 (KHTML, like Gecko; compatible; GPTBot/1.3; +https://openai.com/gptbot)"
74.7.243.230 - - [31/Mar/2026:16:53:34 +0000] "GET /wp-includes/customize/class-wp-customize-background-image-control.php HTTP/1.1" 500 - "https://schoolofgolfnz.co.nz/wp-includes/customize/" "Mozilla/5.0 AppleWebKit/537.36 (KHTML, like Gecko; compatible; GPTBot/1.3; +https://openai.com/gptbot)"
74.7.227.41 - - [31/Mar/2026:16:53:39 +0000] "GET /wp-includes/block-supports/generated-classname.php HTTP/1.1" 500 - "https://weddingswithjoy.org.nz/wp-includes/block-supports/" "Mozilla/5.0 AppleWebKit/537.36 (KHTML, like Gecko; compatible; GPTBot/1.3; +https://openai.com/gptbot)"
74.7.227.41 - - [31/Mar/2026:16:54:39 +0000] "GET /wp-includes/block-patterns/query-grid-posts.php HTTP/1.1" 500 - "https://weddingswithjoy.org.nz/wp-includes/block-patterns/" "Mozilla/5.0 AppleWebKit/537.36 (KHTML, like Gecko; compatible; GPTBot/1.3; +https://openai.com/gptbot)"
74.7.243.230 - - [31/Mar/2026:16:54:39 +0000] "GET /wp-includes/customize/class-wp-customize-themes-panel.php HTTP/1.1" 500 - "https://schoolofgolfnz.co.nz/wp-includes/customize/" "Mozilla/5.0 AppleWebKit/537.36 (KHTML, like Gecko; compatible; GPTBot/1.3; +https://openai.com/gptbot)"
4.205.39.97 - - [31/Mar/2026:16:55:14 +0000] "GET /wp-content/themes/seotheme/db.php?u HTTP/1.1" 404 - "www.google.com" "Mozlila/5.0 (Linux; Android 7.0; SM-G892A Bulid/NRD90M; wv) AppleWebKit/537.36 (KHTML, like Gecko) Version/4.0 Chrome/60.0.3112.107 Moblie Safari/537.36"
4.205.39.97 - - [31/Mar/2026:16:55:14 +0000] "POST /wp-plain.php HTTP/1.1" 403 4170 "www.google.com" "Mozilla/5.0 (Linux; Android 7.0; SM-G892A Bulid/NRD90M; wv) AppleWebKit/537.36 (KHTML, like Gecko) Version/4.0 Chrome/60.0.3112.107 Moblie Safari/537.36"
4.205.39.97 - - [31/Mar/2026:16:55:15 +0000] "GET /lbcymqab.php?Fox=d3wL7 HTTP/1.1" 404 16 "www.google.com" "Mozilla/5.0 (Linux; Android 7.0; SM-G892A Bulid/NRD90M; wv) AppleWebKit/537.36 (KHTML, like Gecko) Version/4.0 Chrome/60.0.3112.107 Moblie Safari/537.36"
74.7.227.41 - - [31/Mar/2026:16:55:40 +0000] "GET /wp-includes/block-supports/custom-classname.php HTTP/1.1" 500 - "https://weddingswithjoy.org.nz/wp-includes/block-supports/" "Mozilla/5.0 AppleWebKit/537.36 (KHTML, like Gecko; compatible; GPTBot/1.3; +https://openai.com/gptbot)"
74.7.243.230 - - [31/Mar/2026:16:55:41 +0000] "GET /wp-includes/customize/class-wp-customize-background-position-control.php HTTP/1.1" 500 - "https://schoolofgolfnz.co.nz/wp-includes/customize/" "Mozilla/5.0 AppleWebKit/537.36 (KHTML, like Gecko; compatible; GPTBot/1.3; +https://openai.com/gptbot)"
43.166.255.122 - - [31/Mar/2026:16:56:25 +0000] "GET /wp-signup.php HTTP/1.1" 302 - "-" "Mozilla/5.0 (iPhone; CPU iPhone OS 13_2_3 like Mac OS X) AppleWebKit/605.1.15 (KHTML, like Gecko) Version/13.0.3 Mobile/15E148 Safari/604.1"
43.166.255.122 - - [31/Mar/2026:16:56:29 +0000] "GET /wp-login.php?action=register HTTP/1.1" 302 - "https://qualityprecast.co.nz/wp-signup.php" "Mozilla/5.0 (iPhone; CPU iPhone OS 13_2_3 like Mac OS X) AppleWebKit/605.1.15 (KHTML, like Gecko) Version/13.0.3 Mobile/15E148 Safari/604.1"
43.166.255.122 - - [31/Mar/2026:16:56:30 +0000] "GET /wp-login.php?registration=disabled HTTP/1.1" 200 5773 "https://adaptiveweb.co.nz.45-79-238-235.cpanel.site/wp-login.php?action=register" "Mozilla/5.0 (iPhone; CPU iPhone OS 13_2_3 like Mac OS X) AppleWebKit/605.1.15 (KHTML, like Gecko) Version/13.0.3 Mobile/15E148 Safari/604.1"
74.7.227.41 - - [31/Mar/2026:16:56:41 +0000] "GET /wp-includes/block-supports/block-visibility.php HTTP/1.1" 500 - "https://weddingswithjoy.org.nz/wp-includes/block-supports/" "Mozilla/5.0 AppleWebKit/537.36 (KHTML, like Gecko; compatible; GPTBot/1.3; +https://openai.com/gptbot)"
74.7.243.230 - - [31/Mar/2026:16:56:47 +0000] "GET /wp-includes/customize/class-wp-widget-form-customize-control.php HTTP/1.1" 500 - "https://schoolofgolfnz.co.nz/wp-includes/customize/" "Mozilla/5.0 AppleWebKit/537.36 (KHTML, like Gecko; compatible; GPTBot/1.3; +https://openai.com/gptbot)"
74.7.227.41 - - [31/Mar/2026:16:57:41 +0000] "GET /wp-includes/abilities-api/class-wp-ability.php HTTP/1.1" 200 - "https://weddingswithjoy.org.nz/wp-includes/abilities-api/" "Mozilla/5.0 AppleWebKit/537.36 (KHTML, like Gecko; compatible; GPTBot/1.3; +https://openai.com/gptbot)"
74.7.243.230 - - [31/Mar/2026:16:57:51 +0000] "GET /wp-includes/customize/class-wp-customize-partial.php HTTP/1.1" 200 - "https://schoolofgolfnz.co.nz/wp-includes/customize/" "Mozilla/5.0 AppleWebKit/537.36 (KHTML, like Gecko; compatible; GPTBot/1.3; +https://openai.com/gptbot)"
98.83.177.42 - - [31/Mar/2026:16:57:55 +0000] "GET /propagation.txt HTTP/1.1" 404 - "-" "Mozilla/5.0 AppleWebKit/537.36 (KHTML, like Gecko; compatible; Amazonbot/0.1; +https://developer.amazon.com/support/amazonbot) Chrome/119.0.6045.214 Safari/537.36"
74.7.227.41 - - [31/Mar/2026:16:58:42 +0000] "GET /wp-includes/abilities-api/class-wp-abilities-registry.php HTTP/1.1" 200 - "https://weddingswithjoy.org.nz/wp-includes/abilities-api/" "Mozilla/5.0 AppleWebKit/537.36 (KHTML, like Gecko; compatible; GPTBot/1.3; +https://openai.com/gptbot)"
74.7.243.230 - - [31/Mar/2026:16:58:55 +0000] "GET /wp-includes/customize/class-wp-customize-cropped-image-control.php HTTP/1.1" 500 - "https://schoolofgolfnz.co.nz/wp-includes/customize/" "Mozilla/5.0 AppleWebKit/537.36 (KHTML, like Gecko; compatible; GPTBot/1.3; +https://openai.com/gptbot)"
74.7.227.41 - - [31/Mar/2026:16:59:40 +0000] "GET /wp-includes/sodium_compat/composer.json HTTP/1.1" 200 1608 "https://weddingswithjoy.org.nz/wp-includes/sodium_compat/" "Mozilla/5.0 AppleWebKit/537.36 (KHTML, like Gecko; compatible; GPTBot/1.3; +https://openai.com/gptbot)"
74.7.243.230 - - [31/Mar/2026:16:59:52 +0000] "GET /wp-includes/customize/class-wp-customize-header-image-setting.php HTTP/1.1" 500 - "https://schoolofgolfnz.co.nz/wp-includes/customize/" "Mozilla/5.0 AppleWebKit/537.36 (KHTML, like Gecko; compatible; GPTBot/1.3; +https://openai.com/gptbot)"
40.77.167.156 - - [31/Mar/2026:16:59:53 +0000] "GET /Products/ HTTP/1.1" 404 - "-" "Mozilla/5.0 AppleWebKit/537.36 (KHTML, like Gecko; compatible; bingbot/2.0; +http://www.bing.com/bingbot.htm) Chrome/116.0.1938.76 Safari/537.36"
74.7.227.41 - - [31/Mar/2026:17:00:32 +0000] "GET /wp-includes/block-bindings/pattern-overrides.php HTTP/1.1" 500 - "https://weddingswithjoy.org.nz/wp-includes/block-bindings/" "Mozilla/5.0 AppleWebKit/537.36 (KHTML, like Gecko; compatible; GPTBot/1.3; +https://openai.com/gptbot)"
172.105.82.111 - - [31/Mar/2026:17:00:36 +0000] "GET / HTTP/1.1" 200 4621 "-" "Mozilla/5.0 (Macintosh; Intel Mac OS X 10_15_7) AppleWebKit/537.36 (KHTML, like Gecko) Chrome/141.0.0.0 Safari/537.36"
172.105.82.111 - - [31/Mar/2026:17:00:52 +0000] "GET /asdasd/ HTTP/1.1" 200 602 "-" "Mozilla/5.0 (Macintosh; Intel Mac OS X 10_15_7) AppleWebKit/537.36 (KHTML, like Gecko) Chrome/141.0.0.0 Safari/537.36"
172.105.82.111 - - [31/Mar/2026:17:00:52 +0000] "GET /wp-admin/ HTTP/1.1" 302 - "-" "Mozilla/5.0 (Macintosh; Intel Mac OS X 10_15_7) AppleWebKit/537.36 (KHTML, like Gecko) Chrome/141.0.0.0 Safari/537.36"
172.105.82.111 - - [31/Mar/2026:17:00:53 +0000] "GET /wp-login.php?redirect_to=https%3A%2F%2F45.79.238.235%2Fwp-admin%2F&reauth=1 HTTP/1.1" 200 5551 "https://45.79.238.235:443/wp-admin/" "Mozilla/5.0 (Macintosh; Intel Mac OS X 10_15_7) AppleWebKit/537.36 (KHTML, like Gecko) Chrome/141.0.0.0 Safari/537.36"
74.7.243.230 - - [31/Mar/2026:17:00:53 +0000] "GET /wp-includes/customize/class-wp-customize-selective-refresh.php HTTP/1.1" 200 - "https://schoolofgolfnz.co.nz/wp-includes/customize/" "Mozilla/5.0 AppleWebKit/537.36 (KHTML, like Gecko; compatible; GPTBot/1.3; +https://openai.com/gptbot)"
74.7.227.41 - - [31/Mar/2026:17:01:20 +0000] "GET /wp-includes/block-supports/aria-label.php HTTP/1.1" 500 - "https://weddingswithjoy.org.nz/wp-includes/block-supports/" "Mozilla/5.0 AppleWebKit/537.36 (KHTML, like Gecko; compatible; GPTBot/1.3; +https://openai.com/gptbot)"
74.7.243.230 - - [31/Mar/2026:17:01:58 +0000] "GET /wp-includes/customize/class-wp-widget-area-customize-control.php HTTP/1.1" 500 - "https://schoolofgolfnz.co.nz/wp-includes/customize/" "Mozilla/5.0 AppleWebKit/537.36 (KHTML, like Gecko; compatible; GPTBot/1.3; +https://openai.com/gptbot)"
74.7.227.41 - - [31/Mar/2026:17:02:20 +0000] "GET /wp-includes/block-bindings/term-data.php HTTP/1.1" 500 - "https://weddingswithjoy.org.nz/wp-includes/block-bindings/" "Mozilla/5.0 AppleWebKit/537.36 (KHTML, like Gecko; compatible; GPTBot/1.3; +https://openai.com/gptbot)"
74.7.243.230 - - [31/Mar/2026:17:02:53 +0000] "GET /wp-includes/customize/class-wp-customize-code-editor-control.php HTTP/1.1" 500 - "https://schoolofgolfnz.co.nz/wp-includes/customize/" "Mozilla/5.0 AppleWebKit/537.36 (KHTML, like Gecko; compatible; GPTBot/1.3; +https://openai.com/gptbot)"
74.7.227.41 - - [31/Mar/2026:17:03:22 +0000] "GET /wp-includes/block-supports/typography.php HTTP/1.1" 500 - "https://weddingswithjoy.org.nz/wp-includes/block-supports/" "Mozilla/5.0 AppleWebKit/537.36 (KHTML, like Gecko; compatible; GPTBot/1.3; +https://openai.com/gptbot)"
74.7.243.230 - - [31/Mar/2026:17:03:54 +0000] "GET /wp-includes/customize/class-wp-sidebar-block-editor-control.php HTTP/1.1" 500 - "https://schoolofgolfnz.co.nz/wp-includes/customize/" "Mozilla/5.0 AppleWebKit/537.36 (KHTML, like Gecko; compatible; GPTBot/1.3; +https://openai.com/gptbot)"
74.7.227.41 - - [31/Mar/2026:17:04:25 +0000] "GET /wp-includes/block-supports/dimensions.php HTTP/1.1" 500 - "https://weddingswithjoy.org.nz/wp-includes/block-supports/" "Mozilla/5.0 AppleWebKit/537.36 (KHTML, like Gecko; compatible; GPTBot/1.3; +https://openai.com/gptbot)"
74.7.243.230 - - [31/Mar/2026:17:04:54 +0000] "GET /wp-includes/l10n/class-wp-translation-controller.php HTTP/1.1" 200 - "https://schoolofgolfnz.co.nz/wp-includes/l10n/" "Mozilla/5.0 AppleWebKit/537.36 (KHTML, like Gecko; compatible; GPTBot/1.3; +https://openai.com/gptbot)"
139.18.2.214 - - [31/Mar/2026:17:04:55 +0000] "GET /robots.txt HTTP/1.1" 304 - "-" "LCC (+http://corpora.uni-leipzig.de/crawler_faq.html)"
139.18.2.214 - - [31/Mar/2026:17:05:07 +0000] "GET /?utm_source=www.myweddingguide.co.nz&utm_medium=website&utm_content=services_link&utm_campaign=listing HTTP/1.1" 200 4621 "https://www.myweddingguide.co.nz/listing/244503/joy-gottermeyer-celebrant" "LCC (+http://corpora.uni-leipzig.de/crawler_faq.html)"
139.18.2.214 - - [31/Mar/2026:17:05:17 +0000] "GET /asdasd/ HTTP/1.1" 200 602 "https://weddingswithjoy.org.nz/?utm_source=www.myweddingguide.co.nz&utm_medium=website&utm_content=services_link&utm_campaign=listing" "LCC (+http://corpora.uni-leipzig.de/crawler_faq.html)"
74.7.227.41 - - [31/Mar/2026:17:05:25 +0000] "GET /wp-includes/sodium_compat/autoload-php7.php HTTP/1.1" 200 - "https://weddingswithjoy.org.nz/wp-includes/sodium_compat/" "Mozilla/5.0 AppleWebKit/537.36 (KHTML, like Gecko; compatible; GPTBot/1.3; +https://openai.com/gptbot)"
139.18.2.214 - - [31/Mar/2026:17:05:28 +0000] "GET /google79ea90e038e6acd3.html HTTP/1.1" 200 53 "https://weddingswithjoy.org.nz/?utm_source=www.myweddingguide.co.nz&utm_medium=website&utm_content=services_link&utm_campaign=listing" "LCC (+http://corpora.uni-leipzig.de/crawler_faq.html)"
139.18.2.214 - - [31/Mar/2026:17:05:37 +0000] "GET /index.php1 HTTP/1.1" 403 15 "https://weddingswithjoy.org.nz/?utm_source=www.myweddingguide.co.nz&utm_medium=website&utm_content=services_link&utm_campaign=listing" "LCC (+http://corpora.uni-leipzig.de/crawler_faq.html)"
139.18.2.214 - - [31/Mar/2026:17:05:49 +0000] "GET /license.txt HTTP/1.1" 200 19903 "https://weddingswithjoy.org.nz/?utm_source=www.myweddingguide.co.nz&utm_medium=website&utm_content=services_link&utm_campaign=listing" "LCC (+http://corpora.uni-leipzig.de/crawler_faq.html)"
74.7.243.230 - - [31/Mar/2026:17:06:00 +0000] "GET /wp-includes/rest-api/endpoints/class-wp-rest-application-passwords-controller.php HTTP/1.1" 500 - "https://schoolofgolfnz.co.nz/wp-includes/rest-api/endpoints/" "Mozilla/5.0 AppleWebKit/537.36 (KHTML, like Gecko; compatible; GPTBot/1.3; +https://openai.com/gptbot)"
139.18.2.214 - - [31/Mar/2026:17:06:01 +0000] "GET /readme.html HTTP/1.1" 200 7425 "https://weddingswithjoy.org.nz/?utm_source=www.myweddingguide.co.nz&utm_medium=website&utm_content=services_link&utm_campaign=listing" "LCC (+http://corpora.uni-leipzig.de/crawler_faq.html)"
139.18.2.214 - - [31/Mar/2026:17:06:11 +0000] "GET /wp-activate.php HTTP/1.1" 302 - "https://weddingswithjoy.org.nz/?utm_source=www.myweddingguide.co.nz&utm_medium=website&utm_content=services_link&utm_campaign=listing" "LCC (+http://corpora.uni-leipzig.de/crawler_faq.html)"
139.18.2.214 - - [31/Mar/2026:17:06:22 +0000] "GET /wp-admin/ HTTP/1.1" 302 - "https://weddingswithjoy.org.nz/?utm_source=www.myweddingguide.co.nz&utm_medium=website&utm_content=services_link&utm_campaign=listing" "LCC (+http://corpora.uni-leipzig.de/crawler_faq.html)"
74.7.227.41 - - [31/Mar/2026:17:06:28 +0000] "GET /wp-includes/abilities-api/class-wp-ability-categories-registry.php HTTP/1.1" 200 - "https://weddingswithjoy.org.nz/wp-includes/abilities-api/" "Mozilla/5.0 AppleWebKit/537.36 (KHTML, like Gecko; compatible; GPTBot/1.3; +https://openai.com/gptbot)"
139.18.2.214 - - [31/Mar/2026:17:06:32 +0000] "GET /wp-blog-header.php HTTP/1.1" 404 - "https://weddingswithjoy.org.nz/?utm_source=www.myweddingguide.co.nz&utm_medium=website&utm_content=services_link&utm_campaign=listing" "LCC (+http://corpora.uni-leipzig.de/crawler_faq.html)"
139.18.2.214 - - [31/Mar/2026:17:06:41 +0000] "GET /wp-comments-post.php HTTP/1.1" 405 - "https://weddingswithjoy.org.nz/?utm_source=www.myweddingguide.co.nz&utm_medium=website&utm_content=services_link&utm_campaign=listing" "LCC (+http://corpora.uni-leipzig.de/crawler_faq.html)"
139.18.2.214 - - [31/Mar/2026:17:06:51 +0000] "GET /wp-config-sample.php HTTP/1.1" 500 2431 "https://weddingswithjoy.org.nz/?utm_source=www.myweddingguide.co.nz&utm_medium=website&utm_content=services_link&utm_campaign=listing" "LCC (+http://corpora.uni-leipzig.de/crawler_faq.html)"
74.7.243.230 - - [31/Mar/2026:17:06:57 +0000] "GET /wp-includes/sodium_compat/src/Compat.php HTTP/1.1" 200 - "https://schoolofgolfnz.co.nz/wp-includes/sodium_compat/src/" "Mozilla/5.0 AppleWebKit/537.36 (KHTML, like Gecko; compatible; GPTBot/1.3; +https://openai.com/gptbot)"
139.18.2.214 - - [31/Mar/2026:17:07:01 +0000] "GET /wp-config.php HTTP/1.1" 403 4170 "https://weddingswithjoy.org.nz/?utm_source=www.myweddingguide.co.nz&utm_medium=website&utm_content=services_link&utm_campaign=listing" "LCC (+http://corpora.uni-leipzig.de/crawler_faq.html)"
139.18.2.214 - - [31/Mar/2026:17:07:12 +0000] "GET /wp-cron.php HTTP/1.1" 200 - "https://weddingswithjoy.org.nz/?utm_source=www.myweddingguide.co.nz&utm_medium=website&utm_content=services_link&utm_campaign=listing" "LCC (+http://corpora.uni-leipzig.de/crawler_faq.html)"
139.18.2.214 - - [31/Mar/2026:17:07:21 +0000] "GET /wp-includes/ HTTP/1.1" 200 52987 "https://weddingswithjoy.org.nz/?utm_source=www.myweddingguide.co.nz&utm_medium=website&utm_content=services_link&utm_campaign=listing" "LCC (+http://corpora.uni-leipzig.de/crawler_faq.html)"
74.7.227.41 - - [31/Mar/2026:17:07:24 +0000] "GET /wp-includes/block-supports/border.php HTTP/1.1" 500 - "https://weddingswithjoy.org.nz/wp-includes/block-supports/" "Mozilla/5.0 AppleWebKit/537.36 (KHTML, like Gecko; compatible; GPTBot/1.3; +https://openai.com/gptbot)"
62.60.131.158 - - [31/Mar/2026:17:07:42 +0000] "GET / HTTP/1.1" 200 4621 "-" "Go-http-client/1.1"
139.18.2.214 - - [31/Mar/2026:17:07:43 +0000] "GET /wp-links-opml.php HTTP/1.1" 200 222 "https://weddingswithjoy.org.nz/?utm_source=www.myweddingguide.co.nz&utm_medium=website&utm_content=services_link&utm_campaign=listing" "LCC (+http://corpora.uni-leipzig.de/crawler_faq.html)"
62.60.131.158 - - [31/Mar/2026:17:07:43 +0000] "GET /feed/atom/ HTTP/1.1" 404 - "-" "Go-http-client/1.1"
62.60.131.158 - - [31/Mar/2026:17:07:43 +0000] "POST /graphql HTTP/1.1" 404 - "-" "Go-http-client/1.1"
62.60.131.158 - - [31/Mar/2026:17:07:43 +0000] "GET /feed/ HTTP/1.1" 404 - "-" "Go-http-client/1.1"
62.60.131.158 - - [31/Mar/2026:17:07:43 +0000] "GET /?author=1 HTTP/1.1" 200 4621 "-" "Go-http-client/1.1"
62.60.131.158 - - [31/Mar/2026:17:07:43 +0000] "GET /wp-json/oembed/1.0/embed?url=https%3A%2F%2Felectricalinspectorschristchurch.co.nz&format=json HTTP/1.1" 404 - "-" "Go-http-client/1.1"
62.60.131.158 - - [31/Mar/2026:17:07:43 +0000] "GET /?rest_route=/wp/v2/users&per_page=100&_fields=slug HTTP/1.1" 200 4621 "-" "Go-http-client/1.1"
62.60.131.158 - - [31/Mar/2026:17:07:43 +0000] "GET /wp-sitemap-users-1.xml HTTP/1.1" 404 - "-" "Go-http-client/1.1"
62.60.131.158 - - [31/Mar/2026:17:07:43 +0000] "GET /comments/feed/ HTTP/1.1" 404 - "-" "Go-http-client/1.1"
62.60.131.158 - - [31/Mar/2026:17:07:44 +0000] "GET /?author=2 HTTP/1.1" 200 4621 "-" "Go-http-client/1.1"
62.60.131.158 - - [31/Mar/2026:17:07:44 +0000] "GET /wp-json/wp/v2/posts?per_page=100&_fields=author HTTP/1.1" 404 - "-" "Go-http-client/1.1"
