74.7.243.230 - - [31/Mar/2026:21:20:53 +0000] "GET /wp-includes/js/mediaelement/mediaelement-and-player.js HTTP/1.1" 200 265827 "https://schoolofgolfnz.co.nz/wp-includes/js/mediaelement/" "Mozilla/5.0 AppleWebKit/537.36 (KHTML, like Gecko; compatible; GPTBot/1.3; +https://openai.com/gptbot)"
74.7.227.41 - - [31/Mar/2026:21:20:53 +0000] "GET /wp-includes/js/jquery/ui/effect-size.min.js HTTP/1.1" 200 2491 "https://weddingswithjoy.org.nz/wp-includes/js/jquery/ui/" "Mozilla/5.0 AppleWebKit/537.36 (KHTML, like Gecko; compatible; GPTBot/1.3; +https://openai.com/gptbot)"
74.7.227.41 - - [31/Mar/2026:21:20:54 +0000] "GET /wp-includes/js/jquery/ui/effect-puff.min.js HTTP/1.1" 200 510 "https://weddingswithjoy.org.nz/wp-includes/js/jquery/ui/" "Mozilla/5.0 AppleWebKit/537.36 (KHTML, like Gecko; compatible; GPTBot/1.3; +https://openai.com/gptbot)"
74.7.227.41 - - [31/Mar/2026:21:20:54 +0000] "GET /wp-includes/js/jquery/ui/effect-drop.min.js HTTP/1.1" 200 753 "https://weddingswithjoy.org.nz/wp-includes/js/jquery/ui/" "Mozilla/5.0 AppleWebKit/537.36 (KHTML, like Gecko; compatible; GPTBot/1.3; +https://openai.com/gptbot)"
74.7.227.41 - - [31/Mar/2026:21:20:55 +0000] "GET /wp-includes/js/tinymce/plugins/wptextpattern/plugin.min.js HTTP/1.1" 200 3121 "https://weddingswithjoy.org.nz/wp-includes/js/tinymce/plugins/wptextpattern/" "Mozilla/5.0 AppleWebKit/537.36 (KHTML, like Gecko; compatible; GPTBot/1.3; +https://openai.com/gptbot)"
74.7.227.41 - - [31/Mar/2026:21:20:55 +0000] "GET /wp-includes/js/tinymce/plugins/directionality/plugin.min.js HTTP/1.1" 200 857 "https://weddingswithjoy.org.nz/wp-includes/js/tinymce/plugins/directionality/" "Mozilla/5.0 AppleWebKit/537.36 (KHTML, like Gecko; compatible; GPTBot/1.3; +https://openai.com/gptbot)"
74.7.227.41 - - [31/Mar/2026:21:20:56 +0000] "GET /wp-includes/js/tinymce/plugins/wptextpattern/plugin.js HTTP/1.1" 200 8802 "https://weddingswithjoy.org.nz/wp-includes/js/tinymce/plugins/wptextpattern/" "Mozilla/5.0 AppleWebKit/537.36 (KHTML, like Gecko; compatible; GPTBot/1.3; +https://openai.com/gptbot)"
74.7.227.41 - - [31/Mar/2026:21:20:56 +0000] "GET /wp-includes/js/tinymce/plugins/directionality/plugin.js HTTP/1.1" 200 1892 "https://weddingswithjoy.org.nz/wp-includes/js/tinymce/plugins/directionality/" "Mozilla/5.0 AppleWebKit/537.36 (KHTML, like Gecko; compatible; GPTBot/1.3; +https://openai.com/gptbot)"
74.7.227.41 - - [31/Mar/2026:21:20:57 +0000] "GET /wp-includes/js/jquery/ui/effect-fade.min.js HTTP/1.1" 200 525 "https://weddingswithjoy.org.nz/wp-includes/js/jquery/ui/" "Mozilla/5.0 AppleWebKit/537.36 (KHTML, like Gecko; compatible; GPTBot/1.3; +https://openai.com/gptbot)"
74.7.227.41 - - [31/Mar/2026:21:20:58 +0000] "GET /wp-includes/js/jquery/ui/effect-clip.min.js HTTP/1.1" 200 796 "https://weddingswithjoy.org.nz/wp-includes/js/jquery/ui/" "Mozilla/5.0 AppleWebKit/537.36 (KHTML, like Gecko; compatible; GPTBot/1.3; +https://openai.com/gptbot)"
74.7.227.41 - - [31/Mar/2026:21:20:58 +0000] "GET /wp-includes/sodium_compat/namespaced/Core/Poly1305/State.php HTTP/1.1" 500 - "https://weddingswithjoy.org.nz/wp-includes/sodium_compat/namespaced/Core/Poly1305/" "Mozilla/5.0 AppleWebKit/537.36 (KHTML, like Gecko; compatible; GPTBot/1.3; +https://openai.com/gptbot)"
74.7.227.41 - - [31/Mar/2026:21:20:59 +0000] "GET /wp-includes/js/tinymce/'+(m=n).source1+' HTTP/1.1" 404 - "https://weddingswithjoy.org.nz/wp-includes/js/tinymce/wp-tinymce.js" "Mozilla/5.0 AppleWebKit/537.36 (KHTML, like Gecko; compatible; GPTBot/1.3; +https://openai.com/gptbot)"
74.7.243.230 - - [31/Mar/2026:21:21:00 +0000] "GET /wp-includes/js/mediaelement/mediaelement-migrate.min.js HTTP/1.1" 200 1191 "https://schoolofgolfnz.co.nz/wp-includes/js/mediaelement/" "Mozilla/5.0 AppleWebKit/537.36 (KHTML, like Gecko; compatible; GPTBot/1.3; +https://openai.com/gptbot)"
74.7.227.41 - - [31/Mar/2026:21:21:00 +0000] "GET /wp-includes/js/jquery/ui/effect-blind.js HTTP/1.1" 200 1644 "https://weddingswithjoy.org.nz/wp-includes/js/jquery/ui/" "Mozilla/5.0 AppleWebKit/537.36 (KHTML, like Gecko; compatible; GPTBot/1.3; +https://openai.com/gptbot)"
74.7.227.41 - - [31/Mar/2026:21:21:02 +0000] "GET /wp-includes/js/jquery/ui/effect-shake.js HTTP/1.1" 200 1884 "https://weddingswithjoy.org.nz/wp-includes/js/jquery/ui/" "Mozilla/5.0 AppleWebKit/537.36 (KHTML, like Gecko; compatible; GPTBot/1.3; +https://openai.com/gptbot)"
139.18.2.214 - - [31/Mar/2026:21:21:02 +0000] "GET /wp-includes/js/mediaelement/renderers/?C=M;O=A HTTP/1.1" 200 1048 "https://weddingswithjoy.org.nz/wp-includes/js/mediaelement/renderers/" "LCC (+http://corpora.uni-leipzig.de/crawler_faq.html)"
74.7.227.41 - - [31/Mar/2026:21:21:03 +0000] "GET /wp-includes/js/jquery/ui/sortable.min.js HTTP/1.1" 200 25504 "https://weddingswithjoy.org.nz/wp-includes/js/jquery/ui/" "Mozilla/5.0 AppleWebKit/537.36 (KHTML, like Gecko; compatible; GPTBot/1.3; +https://openai.com/gptbot)"
74.7.227.41 - - [31/Mar/2026:21:21:04 +0000] "GET /wp-includes/js/jquery/ui/effect-scale.js HTTP/1.1" 200 1373 "https://weddingswithjoy.org.nz/wp-includes/js/jquery/ui/" "Mozilla/5.0 AppleWebKit/537.36 (KHTML, like Gecko; compatible; GPTBot/1.3; +https://openai.com/gptbot)"
74.7.227.41 - - [31/Mar/2026:21:21:05 +0000] "GET /wp-includes/theme-compat/comments.php HTTP/1.1" 500 - "https://weddingswithjoy.org.nz/wp-includes/theme-compat/" "Mozilla/5.0 AppleWebKit/537.36 (KHTML, like Gecko; compatible; GPTBot/1.3; +https://openai.com/gptbot)"
74.7.243.230 - - [31/Mar/2026:21:21:06 +0000] "GET /wp-includes/js/mediaelement/mediaelement-migrate.js HTTP/1.1" 200 2841 "https://schoolofgolfnz.co.nz/wp-includes/js/mediaelement/" "Mozilla/5.0 AppleWebKit/537.36 (KHTML, like Gecko; compatible; GPTBot/1.3; +https://openai.com/gptbot)"
74.7.227.41 - - [31/Mar/2026:21:21:07 +0000] "GET /wp-includes/js/jquery/ui/spinner.min.js HTTP/1.1" 200 7676 "https://weddingswithjoy.org.nz/wp-includes/js/jquery/ui/" "Mozilla/5.0 AppleWebKit/537.36 (KHTML, like Gecko; compatible; GPTBot/1.3; +https://openai.com/gptbot)"
74.7.227.41 - - [31/Mar/2026:21:21:10 +0000] "GET /wp-includes/js/jquery/ui/effect-puff.js HTTP/1.1" 200 995 "https://weddingswithjoy.org.nz/wp-includes/js/jquery/ui/" "Mozilla/5.0 AppleWebKit/537.36 (KHTML, like Gecko; compatible; GPTBot/1.3; +https://openai.com/gptbot)"
139.18.2.214 - - [31/Mar/2026:21:21:12 +0000] "GET /wp-includes/js/mediaelement/renderers/?C=S;O=A HTTP/1.1" 200 1048 "https://weddingswithjoy.org.nz/wp-includes/js/mediaelement/renderers/" "LCC (+http://corpora.uni-leipzig.de/crawler_faq.html)"
74.7.243.230 - - [31/Mar/2026:21:21:12 +0000] "GET /wp-includes/js/mediaelement/wp-mediaelement.js HTTP/1.1" 200 2754 "https://schoolofgolfnz.co.nz/wp-includes/js/mediaelement/" "Mozilla/5.0 AppleWebKit/537.36 (KHTML, like Gecko; compatible; GPTBot/1.3; +https://openai.com/gptbot)"
74.7.227.41 - - [31/Mar/2026:21:21:12 +0000] "GET /wp-includes/js/jquery/ui/checkboxradio.js HTTP/1.1" 200 7589 "https://weddingswithjoy.org.nz/wp-includes/js/jquery/ui/" "Mozilla/5.0 AppleWebKit/537.36 (KHTML, like Gecko; compatible; GPTBot/1.3; +https://openai.com/gptbot)"
74.7.227.41 - - [31/Mar/2026:21:21:15 +0000] "GET /wp-includes/js/jquery/ui/effect-slide.js HTTP/1.1" 200 1967 "https://weddingswithjoy.org.nz/wp-includes/js/jquery/ui/" "Mozilla/5.0 AppleWebKit/537.36 (KHTML, like Gecko; compatible; GPTBot/1.3; +https://openai.com/gptbot)"
74.7.243.230 - - [31/Mar/2026:21:21:17 +0000] "GET /wp-includes/js/mediaelement/mediaelement.min.js HTTP/1.1" 200 68310 "https://schoolofgolfnz.co.nz/wp-includes/js/mediaelement/" "Mozilla/5.0 AppleWebKit/537.36 (KHTML, like Gecko; compatible; GPTBot/1.3; +https://openai.com/gptbot)"
74.7.227.41 - - [31/Mar/2026:21:21:17 +0000] "GET /wp-includes/js/zxcvbn.min.js HTTP/1.1" 200 822237 "https://weddingswithjoy.org.nz/wp-includes/js/" "Mozilla/5.0 AppleWebKit/537.36 (KHTML, like Gecko; compatible; GPTBot/1.3; +https://openai.com/gptbot)"
74.7.227.159 - - [31/Mar/2026:21:21:18 +0000] "GET /wp-includes/class-wp-block-metadata-registry.php HTTP/1.1" 200 - "https://www.qualityprecast.co.nz/wp-includes/" "Mozilla/5.0 AppleWebKit/537.36 (KHTML, like Gecko; compatible; GPTBot/1.3; +https://openai.com/gptbot)"
74.7.227.41 - - [31/Mar/2026:21:21:19 +0000] "GET /wp-includes/widgets/class-wp-widget-tag-cloud.php HTTP/1.1" 500 - "https://weddingswithjoy.org.nz/wp-includes/widgets/" "Mozilla/5.0 AppleWebKit/537.36 (KHTML, like Gecko; compatible; GPTBot/1.3; +https://openai.com/gptbot)"
74.7.227.41 - - [31/Mar/2026:21:21:21 +0000] "GET /wp-includes/sodium_compat/src/PHP52/ HTTP/1.1" 200 875 "https://weddingswithjoy.org.nz/wp-includes/sodium_compat/src/" "Mozilla/5.0 AppleWebKit/537.36 (KHTML, like Gecko; compatible; GPTBot/1.3; +https://openai.com/gptbot)"
74.7.243.230 - - [31/Mar/2026:21:21:21 +0000] "GET /wp-includes/js/mediaelement/wp-mediaelement.min.js HTTP/1.1" 200 1107 "https://schoolofgolfnz.co.nz/wp-includes/js/mediaelement/" "Mozilla/5.0 AppleWebKit/537.36 (KHTML, like Gecko; compatible; GPTBot/1.3; +https://openai.com/gptbot)"
139.18.2.214 - - [31/Mar/2026:21:21:22 +0000] "GET /wp-includes/js/mediaelement/renderers/?C=D;O=A HTTP/1.1" 200 1048 "https://weddingswithjoy.org.nz/wp-includes/js/mediaelement/renderers/" "LCC (+http://corpora.uni-leipzig.de/crawler_faq.html)"
74.7.243.230 - - [31/Mar/2026:21:21:26 +0000] "GET /wp-includes/js/mediaelement/renderers/ HTTP/1.1" 200 1048 "https://schoolofgolfnz.co.nz/wp-includes/js/mediaelement/" "Mozilla/5.0 AppleWebKit/537.36 (KHTML, like Gecko; compatible; GPTBot/1.3; +https://openai.com/gptbot)"
74.7.227.41 - - [31/Mar/2026:21:21:26 +0000] "GET /wp-includes/sodium_compat/namespaced/Core/Curve25519/H.php HTTP/1.1" 500 - "https://weddingswithjoy.org.nz/wp-includes/sodium_compat/namespaced/Core/Curve25519/" "Mozilla/5.0 AppleWebKit/537.36 (KHTML, like Gecko; compatible; GPTBot/1.3; +https://openai.com/gptbot)"
74.7.243.230 - - [31/Mar/2026:21:21:29 +0000] "GET /wp-includes/js/mediaelement/wp-playlist.min.js HTTP/1.1" 200 3445 "https://schoolofgolfnz.co.nz/wp-includes/js/mediaelement/" "Mozilla/5.0 AppleWebKit/537.36 (KHTML, like Gecko; compatible; GPTBot/1.3; +https://openai.com/gptbot)"
74.7.227.41 - - [31/Mar/2026:21:21:32 +0000] "GET /wp-includes/js/dist/script-modules/block-editor/ HTTP/1.1" 200 893 "https://weddingswithjoy.org.nz/wp-includes/js/dist/script-modules/" "Mozilla/5.0 AppleWebKit/537.36 (KHTML, like Gecko; compatible; GPTBot/1.3; +https://openai.com/gptbot)"
139.18.2.214 - - [31/Mar/2026:21:21:32 +0000] "GET /wp-includes/js/plupload/?C=N;O=A HTTP/1.1" 200 2278 "https://weddingswithjoy.org.nz/wp-includes/js/plupload/?C=N;O=D" "LCC (+http://corpora.uni-leipzig.de/crawler_faq.html)"
74.7.243.230 - - [31/Mar/2026:21:21:33 +0000] "GET /wp-includes/js/mediaelement/wp-playlist.js HTTP/1.1" 200 5410 "https://schoolofgolfnz.co.nz/wp-includes/js/mediaelement/" "Mozilla/5.0 AppleWebKit/537.36 (KHTML, like Gecko; compatible; GPTBot/1.3; +https://openai.com/gptbot)"
74.7.243.230 - - [31/Mar/2026:21:21:36 +0000] "GET /wp-includes/js/mediaelement/'%20+%20(0,%20_general.escapeHTML)(url)%20+%20' HTTP/1.1" 404 - "https://schoolofgolfnz.co.nz/wp-includes/js/mediaelement/mediaelement.js" "Mozilla/5.0 AppleWebKit/537.36 (KHTML, like Gecko; compatible; GPTBot/1.3; +https://openai.com/gptbot)"
74.7.243.230 - - [31/Mar/2026:21:21:38 +0000] "GET /wp-includes/sodium_compat/src/Core/XChaCha20.php HTTP/1.1" 500 - "https://schoolofgolfnz.co.nz/wp-includes/sodium_compat/src/Core/" "Mozilla/5.0 AppleWebKit/537.36 (KHTML, like Gecko; compatible; GPTBot/1.3; +https://openai.com/gptbot)"
74.7.243.230 - - [31/Mar/2026:21:21:41 +0000] "GET /wp-includes/js/mediaelement/'%20+%20poster%20+%20' HTTP/1.1" 404 - "https://schoolofgolfnz.co.nz/wp-includes/js/mediaelement/mediaelement-and-player.js" "Mozilla/5.0 AppleWebKit/537.36 (KHTML, like Gecko; compatible; GPTBot/1.3; +https://openai.com/gptbot)"
139.18.2.214 - - [31/Mar/2026:21:21:41 +0000] "GET /wp-includes/js/plupload/?C=M;O=D HTTP/1.1" 200 2278 "https://weddingswithjoy.org.nz/wp-includes/js/plupload/?C=M;O=A" "LCC (+http://corpora.uni-leipzig.de/crawler_faq.html)"
74.7.227.41 - - [31/Mar/2026:21:21:47 +0000] "GET /wp-includes/js/wp-api.js HTTP/1.1" 200 46983 "https://weddingswithjoy.org.nz/wp-includes/js/" "Mozilla/5.0 AppleWebKit/537.36 (KHTML, like Gecko; compatible; GPTBot/1.3; +https://openai.com/gptbot)"
20.194.110.188 - - [31/Mar/2026:21:21:49 +0000] "GET /aa.php HTTP/1.1" 404 16 "-" "Mozilla/5.0 (Windows NT 10.0; Win64; x64) AppleWebKit/537.36 (KHTML, like Gecko) Chrome/120.0.0.0 Safari/537.36"
20.194.110.188 - - [31/Mar/2026:21:21:49 +0000] "GET /abcd.php HTTP/1.1" 404 16 "-" "Mozilla/5.0 (Windows NT 10.0; Win64; x64) AppleWebKit/537.36 (KHTML, like Gecko) Chrome/120.0.0.0 Safari/537.36"
20.194.110.188 - - [31/Mar/2026:21:21:49 +0000] "GET /admin.php HTTP/1.1" 404 16 "-" "Mozilla/5.0 (Windows NT 10.0; Win64; x64) AppleWebKit/537.36 (KHTML, like Gecko) Chrome/120.0.0.0 Safari/537.36"
74.7.243.230 - - [31/Mar/2026:21:21:49 +0000] "GET /wp-includes/js/mediaelement/'%20+%20url.src%20+%20' HTTP/1.1" 404 - "https://schoolofgolfnz.co.nz/wp-includes/js/mediaelement/mediaelement-and-player.js" "Mozilla/5.0 AppleWebKit/537.36 (KHTML, like Gecko; compatible; GPTBot/1.3; +https://openai.com/gptbot)"
20.194.110.188 - - [31/Mar/2026:21:21:49 +0000] "GET /buy.php HTTP/1.1" 404 16 "-" "Mozilla/5.0 (Windows NT 10.0; Win64; x64) AppleWebKit/537.36 (KHTML, like Gecko) Chrome/120.0.0.0 Safari/537.36"
20.194.110.188 - - [31/Mar/2026:21:21:49 +0000] "GET /cgi-bin/ HTTP/1.1" 404 - "-" "Mozilla/5.0 (Windows NT 10.0; Win64; x64) AppleWebKit/537.36 (KHTML, like Gecko) Chrome/120.0.0.0 Safari/537.36"
20.194.110.188 - - [31/Mar/2026:21:21:50 +0000] "GET /edit.php HTTP/1.1" 404 16 "-" "Mozilla/5.0 (Windows NT 10.0; Win64; x64) AppleWebKit/537.36 (KHTML, like Gecko) Chrome/120.0.0.0 Safari/537.36"
20.194.110.188 - - [31/Mar/2026:21:21:50 +0000] "GET /file.php HTTP/1.1" 404 16 "-" "Mozilla/5.0 (Windows NT 10.0; Win64; x64) AppleWebKit/537.36 (KHTML, like Gecko) Chrome/120.0.0.0 Safari/537.36"
20.194.110.188 - - [31/Mar/2026:21:21:50 +0000] "GET /flower.php HTTP/1.1" 403 4170 "-" "Mozilla/5.0 (Windows NT 10.0; Win64; x64) AppleWebKit/537.36 (KHTML, like Gecko) Chrome/120.0.0.0 Safari/537.36"
20.194.110.188 - - [31/Mar/2026:21:21:50 +0000] "GET /images/index.php HTTP/1.1" 404 - "-" "Mozilla/5.0 (Windows NT 10.0; Win64; x64) AppleWebKit/537.36 (KHTML, like Gecko) Chrome/120.0.0.0 Safari/537.36"
20.194.110.188 - - [31/Mar/2026:21:21:50 +0000] "GET /info.php HTTP/1.1" 404 16 "-" "Mozilla/5.0 (Windows NT 10.0; Win64; x64) AppleWebKit/537.36 (KHTML, like Gecko) Chrome/120.0.0.0 Safari/537.36"
20.194.110.188 - - [31/Mar/2026:21:21:51 +0000] "GET /ioxi-o.php HTTP/1.1" 404 16 "-" "Mozilla/5.0 (Windows NT 10.0; Win64; x64) AppleWebKit/537.36 (KHTML, like Gecko) Chrome/120.0.0.0 Safari/537.36"
74.7.227.159 - - [31/Mar/2026:21:21:51 +0000] "GET /wp-includes/class-wp-http-cookie.php HTTP/1.1" 200 - "https://www.qualityprecast.co.nz/wp-includes/" "Mozilla/5.0 AppleWebKit/537.36 (KHTML, like Gecko; compatible; GPTBot/1.3; +https://openai.com/gptbot)"
20.194.110.188 - - [31/Mar/2026:21:21:51 +0000] "GET /nc4.php HTTP/1.1" 404 16 "-" "Mozilla/5.0 (Windows NT 10.0; Win64; x64) AppleWebKit/537.36 (KHTML, like Gecko) Chrome/120.0.0.0 Safari/537.36"
20.194.110.188 - - [31/Mar/2026:21:21:51 +0000] "GET /xleet.php HTTP/1.1" 404 16 "-" "Mozilla/5.0 (Windows NT 10.0; Win64; x64) AppleWebKit/537.36 (KHTML, like Gecko) Chrome/120.0.0.0 Safari/537.36"
20.194.110.188 - - [31/Mar/2026:21:21:51 +0000] "GET /wp-admin/includes/ HTTP/1.1" 200 20996 "-" "Mozilla/5.0 (Windows NT 10.0; Win64; x64) AppleWebKit/537.36 (KHTML, like Gecko) Chrome/120.0.0.0 Safari/537.36"
20.194.110.188 - - [31/Mar/2026:21:21:51 +0000] "GET /wp-content/upgrade/index.php HTTP/1.1" 404 - "-" "Mozilla/5.0 (Windows NT 10.0; Win64; x64) AppleWebKit/537.36 (KHTML, like Gecko) Chrome/120.0.0.0 Safari/537.36"
20.194.110.188 - - [31/Mar/2026:21:21:52 +0000] "GET /wp-content/uploads/admin.php HTTP/1.1" 404 - "-" "Mozilla/5.0 (Windows NT 10.0; Win64; x64) AppleWebKit/537.36 (KHTML, like Gecko) Chrome/120.0.0.0 Safari/537.36"
20.194.110.188 - - [31/Mar/2026:21:21:52 +0000] "GET /wp-good.php HTTP/1.1" 404 16 "-" "Mozilla/5.0 (Windows NT 10.0; Win64; x64) AppleWebKit/537.36 (KHTML, like Gecko) Chrome/120.0.0.0 Safari/537.36"
20.194.110.188 - - [31/Mar/2026:21:21:52 +0000] "GET /wp-includes/Text/Diff/Renderer/ HTTP/1.1" 200 850 "-" "Mozilla/5.0 (Windows NT 10.0; Win64; x64) AppleWebKit/537.36 (KHTML, like Gecko) Chrome/120.0.0.0 Safari/537.36"
139.18.2.214 - - [31/Mar/2026:21:21:52 +0000] "GET /wp-includes/js/plupload/?C=S;O=D HTTP/1.1" 200 2278 "https://weddingswithjoy.org.nz/wp-includes/js/plupload/?C=S;O=A" "LCC (+http://corpora.uni-leipzig.de/crawler_faq.html)"
20.194.110.188 - - [31/Mar/2026:21:21:52 +0000] "GET /wp-includes/style-engine/ HTTP/1.1" 200 1682 "-" "Mozilla/5.0 (Windows NT 10.0; Win64; x64) AppleWebKit/537.36 (KHTML, like Gecko) Chrome/120.0.0.0 Safari/537.36"
20.194.110.188 - - [31/Mar/2026:21:21:52 +0000] "GET /xmrlpc.php HTTP/1.1" 404 16 "-" "Mozilla/5.0 (Windows NT 10.0; Win64; x64) AppleWebKit/537.36 (KHTML, like Gecko) Chrome/120.0.0.0 Safari/537.36"
20.194.110.188 - - [31/Mar/2026:21:21:52 +0000] "GET /about.php HTTP/1.1" 404 16 "-" "Mozilla/5.0 (Windows NT 10.0; Win64; x64) AppleWebKit/537.36 (KHTML, like Gecko) Chrome/120.0.0.0 Safari/537.36"
20.194.110.188 - - [31/Mar/2026:21:21:53 +0000] "GET /adminfuns.php HTTP/1.1" 404 16 "-" "Mozilla/5.0 (Windows NT 10.0; Win64; x64) AppleWebKit/537.36 (KHTML, like Gecko) Chrome/120.0.0.0 Safari/537.36"
20.194.110.188 - - [31/Mar/2026:21:21:53 +0000] "GET /alfa.php HTTP/1.1" 403 4170 "-" "Mozilla/5.0 (Windows NT 10.0; Win64; x64) AppleWebKit/537.36 (KHTML, like Gecko) Chrome/120.0.0.0 Safari/537.36"
20.194.110.188 - - [31/Mar/2026:21:21:53 +0000] "GET /asasx.php HTTP/1.1" 404 16 "-" "Mozilla/5.0 (Windows NT 10.0; Win64; x64) AppleWebKit/537.36 (KHTML, like Gecko) Chrome/120.0.0.0 Safari/537.36"
20.194.110.188 - - [31/Mar/2026:21:21:53 +0000] "GET /autoload_classmap.php HTTP/1.1" 404 16 "-" "Mozilla/5.0 (Windows NT 10.0; Win64; x64) AppleWebKit/537.36 (KHTML, like Gecko) Chrome/120.0.0.0 Safari/537.36"
20.194.110.188 - - [31/Mar/2026:21:21:53 +0000] "GET /classwithtostring.php HTTP/1.1" 404 16 "-" "Mozilla/5.0 (Windows NT 10.0; Win64; x64) AppleWebKit/537.36 (KHTML, like Gecko) Chrome/120.0.0.0 Safari/537.36"
20.194.110.188 - - [31/Mar/2026:21:21:53 +0000] "GET /cong.php HTTP/1.1" 404 16 "-" "Mozilla/5.0 (Windows NT 10.0; Win64; x64) AppleWebKit/537.36 (KHTML, like Gecko) Chrome/120.0.0.0 Safari/537.36"
20.194.110.188 - - [31/Mar/2026:21:21:54 +0000] "GET /file2.php HTTP/1.1" 404 16 "-" "Mozilla/5.0 (Windows NT 10.0; Win64; x64) AppleWebKit/537.36 (KHTML, like Gecko) Chrome/120.0.0.0 Safari/537.36"
20.194.110.188 - - [31/Mar/2026:21:21:54 +0000] "GET /moon.php HTTP/1.1" 404 16 "-" "Mozilla/5.0 (Windows NT 10.0; Win64; x64) AppleWebKit/537.36 (KHTML, like Gecko) Chrome/120.0.0.0 Safari/537.36"
20.194.110.188 - - [31/Mar/2026:21:21:54 +0000] "GET /wp-admin/css/colors/blue/index.php HTTP/1.1" 404 16 "-" "Mozilla/5.0 (Windows NT 10.0; Win64; x64) AppleWebKit/537.36 (KHTML, like Gecko) Chrome/120.0.0.0 Safari/537.36"
20.194.110.188 - - [31/Mar/2026:21:21:54 +0000] "GET /wp-content/index.php HTTP/1.1" 404 - "-" "Mozilla/5.0 (Windows NT 10.0; Win64; x64) AppleWebKit/537.36 (KHTML, like Gecko) Chrome/120.0.0.0 Safari/537.36"
20.194.110.188 - - [31/Mar/2026:21:21:54 +0000] "GET /wp-content/plugins/yanierin/akcc.php HTTP/1.1" 404 - "-" "Mozilla/5.0 (Windows NT 10.0; Win64; x64) AppleWebKit/537.36 (KHTML, like Gecko) Chrome/120.0.0.0 Safari/537.36"
20.194.110.188 - - [31/Mar/2026:21:21:54 +0000] "GET /wp-content/uploads/index.php HTTP/1.1" 404 - "-" "Mozilla/5.0 (Windows NT 10.0; Win64; x64) AppleWebKit/537.36 (KHTML, like Gecko) Chrome/120.0.0.0 Safari/537.36"
20.194.110.188 - - [31/Mar/2026:21:21:54 +0000] "GET /wp-content/wp-conflg.php HTTP/1.1" 404 - "-" "Mozilla/5.0 (Windows NT 10.0; Win64; x64) AppleWebKit/537.36 (KHTML, like Gecko) Chrome/120.0.0.0 Safari/537.36"
20.194.110.188 - - [31/Mar/2026:21:21:55 +0000] "GET /wp-cron.php HTTP/1.1" 200 - "-" "Mozilla/5.0 (Windows NT 10.0; Win64; x64) AppleWebKit/537.36 (KHTML, like Gecko) Chrome/120.0.0.0 Safari/537.36"
20.194.110.188 - - [31/Mar/2026:21:21:55 +0000] "GET /wp-includes/IXR/ HTTP/1.1" 200 2538 "-" "Mozilla/5.0 (Windows NT 10.0; Win64; x64) AppleWebKit/537.36 (KHTML, like Gecko) Chrome/120.0.0.0 Safari/537.36"
20.194.110.188 - - [31/Mar/2026:21:21:55 +0000] "GET /wp-includes/block-supports/ HTTP/1.1" 200 4110 "-" "Mozilla/5.0 (Windows NT 10.0; Win64; x64) AppleWebKit/537.36 (KHTML, like Gecko) Chrome/120.0.0.0 Safari/537.36"
20.194.110.188 - - [31/Mar/2026:21:21:55 +0000] "GET /wp-includes/fonts/ HTTP/1.1" 200 2522 "-" "Mozilla/5.0 (Windows NT 10.0; Win64; x64) AppleWebKit/537.36 (KHTML, like Gecko) Chrome/120.0.0.0 Safari/537.36"
20.194.110.188 - - [31/Mar/2026:21:21:55 +0000] "GET /wp-includes/fonts/index.php HTTP/1.1" 404 16 "-" "Mozilla/5.0 (Windows NT 10.0; Win64; x64) AppleWebKit/537.36 (KHTML, like Gecko) Chrome/120.0.0.0 Safari/537.36"
20.194.110.188 - - [31/Mar/2026:21:21:55 +0000] "GET /wp-includes/js/crop/ HTTP/1.1" 200 1367 "-" "Mozilla/5.0 (Windows NT 10.0; Win64; x64) AppleWebKit/537.36 (KHTML, like Gecko) Chrome/120.0.0.0 Safari/537.36"
20.194.110.188 - - [31/Mar/2026:21:21:55 +0000] "GET /wp-includes/rest-api/ HTTP/1.1" 200 1758 "-" "Mozilla/5.0 (Windows NT 10.0; Win64; x64) AppleWebKit/537.36 (KHTML, like Gecko) Chrome/120.0.0.0 Safari/537.36"
20.194.110.188 - - [31/Mar/2026:21:21:56 +0000] "GET /wp-includes/widgets/ HTTP/1.1" 200 4621 "-" "Mozilla/5.0 (Windows NT 10.0; Win64; x64) AppleWebKit/537.36 (KHTML, like Gecko) Chrome/120.0.0.0 Safari/537.36"
74.7.243.230 - - [31/Mar/2026:21:21:58 +0000] "GET /wp-includes/js/mediaelement/$1 HTTP/1.1" 404 - "https://schoolofgolfnz.co.nz/wp-includes/js/mediaelement/mediaelement-and-player.js" "Mozilla/5.0 AppleWebKit/537.36 (KHTML, like Gecko; compatible; GPTBot/1.3; +https://openai.com/gptbot)"
74.7.227.41 - - [31/Mar/2026:21:22:00 +0000] "GET /wp-includes/js/wp-custom-header.js HTTP/1.1" 200 10465 "https://weddingswithjoy.org.nz/wp-includes/js/" "Mozilla/5.0 AppleWebKit/537.36 (KHTML, like Gecko; compatible; GPTBot/1.3; +https://openai.com/gptbot)"
139.18.2.214 - - [31/Mar/2026:21:22:06 +0000] "GET /wp-includes/js/plupload/?C=D;O=D HTTP/1.1" 200 2278 "https://weddingswithjoy.org.nz/wp-includes/js/plupload/?C=D;O=A" "LCC (+http://corpora.uni-leipzig.de/crawler_faq.html)"
74.7.243.230 - - [31/Mar/2026:21:22:06 +0000] "GET /wp-includes/js/mediaelement/'%20+%20node.src%20+%20' HTTP/1.1" 404 - "https://schoolofgolfnz.co.nz/wp-includes/js/mediaelement/wp-mediaelement.js" "Mozilla/5.0 AppleWebKit/537.36 (KHTML, like Gecko; compatible; GPTBot/1.3; +https://openai.com/gptbot)"
74.7.227.41 - - [31/Mar/2026:21:22:11 +0000] "GET /wp-includes/js/'%20+%20attrs.href%20+%20' HTTP/1.1" 404 - "https://weddingswithjoy.org.nz/wp-includes/js/wplink.js" "Mozilla/5.0 AppleWebKit/537.36 (KHTML, like Gecko; compatible; GPTBot/1.3; +https://openai.com/gptbot)"
74.7.243.230 - - [31/Mar/2026:21:22:14 +0000] "GET /wp-includes/js/swfupload/ HTTP/1.1" 200 1374 "https://schoolofgolfnz.co.nz/wp-includes/js/" "Mozilla/5.0 AppleWebKit/537.36 (KHTML, like Gecko; compatible; GPTBot/1.3; +https://openai.com/gptbot)"
139.18.2.214 - - [31/Mar/2026:21:22:18 +0000] "GET /wp-includes/js/swfupload/?C=N;O=A HTTP/1.1" 200 1374 "https://weddingswithjoy.org.nz/wp-includes/js/swfupload/?C=N;O=D" "LCC (+http://corpora.uni-leipzig.de/crawler_faq.html)"
74.7.227.41 - - [31/Mar/2026:21:22:21 +0000] "GET /wp-includes/sodium_compat/src/Core/ HTTP/1.1" 200 4977 "https://weddingswithjoy.org.nz/wp-includes/sodium_compat/src/" "Mozilla/5.0 AppleWebKit/537.36 (KHTML, like Gecko; compatible; GPTBot/1.3; +https://openai.com/gptbot)"
74.7.227.159 - - [31/Mar/2026:21:22:22 +0000] "GET /wp-includes/functions.wp-scripts.php HTTP/1.1" 200 - "https://www.qualityprecast.co.nz/wp-includes/" "Mozilla/5.0 AppleWebKit/537.36 (KHTML, like Gecko; compatible; GPTBot/1.3; +https://openai.com/gptbot)"
74.7.243.230 - - [31/Mar/2026:21:22:22 +0000] "GET /wp-includes/js/mediaelement/'+t.src+' HTTP/1.1" 404 - "https://schoolofgolfnz.co.nz/wp-includes/js/mediaelement/wp-mediaelement.min.js" "Mozilla/5.0 AppleWebKit/537.36 (KHTML, like Gecko; compatible; GPTBot/1.3; +https://openai.com/gptbot)"
139.18.2.214 - - [31/Mar/2026:21:22:30 +0000] "GET /wp-includes/js/swfupload/?C=M;O=D HTTP/1.1" 200 1374 "https://weddingswithjoy.org.nz/wp-includes/js/swfupload/?C=M;O=A" "LCC (+http://corpora.uni-leipzig.de/crawler_faq.html)"
74.7.243.230 - - [31/Mar/2026:21:22:30 +0000] "GET /wp-includes/js/mediaelement/renderers/vimeo.js HTTP/1.1" 200 12416 "https://schoolofgolfnz.co.nz/wp-includes/js/mediaelement/renderers/" "Mozilla/5.0 AppleWebKit/537.36 (KHTML, like Gecko; compatible; GPTBot/1.3; +https://openai.com/gptbot)"
74.7.227.41 - - [31/Mar/2026:21:22:32 +0000] "GET /wp-includes/js/thickbox/ HTTP/1.1" 200 1381 "https://weddingswithjoy.org.nz/wp-includes/js/" "Mozilla/5.0 AppleWebKit/537.36 (KHTML, like Gecko; compatible; GPTBot/1.3; +https://openai.com/gptbot)"
74.7.243.230 - - [31/Mar/2026:21:22:38 +0000] "GET /wp-includes/js/mediaelement/renderers/vimeo.min.js HTTP/1.1" 200 6464 "https://schoolofgolfnz.co.nz/wp-includes/js/mediaelement/renderers/" "Mozilla/5.0 AppleWebKit/537.36 (KHTML, like Gecko; compatible; GPTBot/1.3; +https://openai.com/gptbot)"
139.18.2.214 - - [31/Mar/2026:21:22:41 +0000] "GET /wp-includes/js/swfupload/?C=S;O=D HTTP/1.1" 200 1374 "https://weddingswithjoy.org.nz/wp-includes/js/swfupload/?C=S;O=A" "LCC (+http://corpora.uni-leipzig.de/crawler_faq.html)"
74.7.227.41 - - [31/Mar/2026:21:22:42 +0000] "GET /wp-includes/abilities-api/class-wp-ability-category.php HTTP/1.1" 200 - "https://weddingswithjoy.org.nz/wp-includes/abilities-api/" "Mozilla/5.0 AppleWebKit/537.36 (KHTML, like Gecko; compatible; GPTBot/1.3; +https://openai.com/gptbot)"
74.7.243.230 - - [31/Mar/2026:21:22:44 +0000] "GET /wp-includes/sodium_compat/namespaced/Core/Curve25519/Ge/ HTTP/1.1" 200 1634 "https://schoolofgolfnz.co.nz/wp-includes/sodium_compat/namespaced/Core/Curve25519/" "Mozilla/5.0 AppleWebKit/537.36 (KHTML, like Gecko; compatible; GPTBot/1.3; +https://openai.com/gptbot)"
74.7.227.159 - - [31/Mar/2026:21:22:49 +0000] "GET /wp-includes/default-widgets.php HTTP/1.1" 200 2 "https://www.qualityprecast.co.nz/wp-includes/" "Mozilla/5.0 AppleWebKit/537.36 (KHTML, like Gecko; compatible; GPTBot/1.3; +https://openai.com/gptbot)"
74.7.243.230 - - [31/Mar/2026:21:22:50 +0000] "GET /wp-includes/js/tinymce/skins/lightgray/img/ HTTP/1.1" 200 1424 "https://schoolofgolfnz.co.nz/wp-includes/js/tinymce/skins/lightgray/" "Mozilla/5.0 AppleWebKit/537.36 (KHTML, like Gecko; compatible; GPTBot/1.3; +https://openai.com/gptbot)"
74.7.227.41 - - [31/Mar/2026:21:22:50 +0000] "GET /wp-includes/block-i18n.json HTTP/1.1" 304 - "https://weddingswithjoy.org.nz/wp-includes/" "Mozilla/5.0 AppleWebKit/537.36 (KHTML, like Gecko; compatible; GPTBot/1.3; +https://openai.com/gptbot)"
139.18.2.214 - - [31/Mar/2026:21:22:50 +0000] "GET /wp-includes/js/swfupload/?C=D;O=D HTTP/1.1" 200 1374 "https://weddingswithjoy.org.nz/wp-includes/js/swfupload/?C=D;O=A" "LCC (+http://corpora.uni-leipzig.de/crawler_faq.html)"
74.7.243.230 - - [31/Mar/2026:21:22:55 +0000] "GET /wp-includes/sodium_compat/src/Core/ChaCha20/ HTTP/1.1" 200 1065 "https://schoolofgolfnz.co.nz/wp-includes/sodium_compat/src/Core/" "Mozilla/5.0 AppleWebKit/537.36 (KHTML, like Gecko; compatible; GPTBot/1.3; +https://openai.com/gptbot)"
74.7.227.41 - - [31/Mar/2026:21:22:58 +0000] "GET /wp-includes/theme-i18n.json HTTP/1.1" 304 - "https://weddingswithjoy.org.nz/wp-includes/" "Mozilla/5.0 AppleWebKit/537.36 (KHTML, like Gecko; compatible; GPTBot/1.3; +https://openai.com/gptbot)"
139.18.2.214 - - [31/Mar/2026:21:23:00 +0000] "GET /wp-includes/js/thickbox/?C=N;O=A HTTP/1.1" 200 1381 "https://weddingswithjoy.org.nz/wp-includes/js/thickbox/?C=N;O=D" "LCC (+http://corpora.uni-leipzig.de/crawler_faq.html)"
74.7.243.230 - - [31/Mar/2026:21:23:00 +0000] "GET /wp-includes/sodium_compat/src/Core/Salsa20.php HTTP/1.1" 500 - "https://schoolofgolfnz.co.nz/wp-includes/sodium_compat/src/Core/" "Mozilla/5.0 AppleWebKit/537.36 (KHTML, like Gecko; compatible; GPTBot/1.3; +https://openai.com/gptbot)"
74.7.243.230 - - [31/Mar/2026:21:23:05 +0000] "GET /wp-includes/js/dist/'%20+%20href%20+%20' HTTP/1.1" 404 - "https://schoolofgolfnz.co.nz/wp-includes/js/dist/blocks.js" "Mozilla/5.0 AppleWebKit/537.36 (KHTML, like Gecko; compatible; GPTBot/1.3; +https://openai.com/gptbot)"
74.7.227.41 - - [31/Mar/2026:21:23:05 +0000] "GET /wp-includes/sodium_compat/src/Core32/ HTTP/1.1" 200 4094 "https://weddingswithjoy.org.nz/wp-includes/sodium_compat/src/" "Mozilla/5.0 AppleWebKit/537.36 (KHTML, like Gecko; compatible; GPTBot/1.3; +https://openai.com/gptbot)"
139.18.2.214 - - [31/Mar/2026:21:23:12 +0000] "GET /wp-includes/js/thickbox/?C=M;O=D HTTP/1.1" 200 1381 "https://weddingswithjoy.org.nz/wp-includes/js/thickbox/?C=M;O=A" "LCC (+http://corpora.uni-leipzig.de/crawler_faq.html)"
74.7.227.41 - - [31/Mar/2026:21:23:12 +0000] "GET /wp-includes/ID3/?C=S;O=D HTTP/1.1" 200 4042 "https://weddingswithjoy.org.nz/wp-includes/ID3/?C=S;O=A" "Mozilla/5.0 AppleWebKit/537.36 (KHTML, like Gecko; compatible; GPTBot/1.3; +https://openai.com/gptbot)"
74.7.227.159 - - [31/Mar/2026:21:23:14 +0000] "GET /wp-includes/default-filters.php HTTP/1.1" 200 2 "https://www.qualityprecast.co.nz/wp-includes/" "Mozilla/5.0 AppleWebKit/537.36 (KHTML, like Gecko; compatible; GPTBot/1.3; +https://openai.com/gptbot)"
74.7.227.41 - - [31/Mar/2026:21:23:17 +0000] "GET /wp-includes/ID3/?C=N;O=D HTTP/1.1" 200 4042 "https://weddingswithjoy.org.nz/wp-includes/ID3/" "Mozilla/5.0 AppleWebKit/537.36 (KHTML, like Gecko; compatible; GPTBot/1.3; +https://openai.com/gptbot)"
74.7.243.230 - - [31/Mar/2026:21:23:18 +0000] "GET /wp-includes/js/jquery/ui/accordion.js HTTP/1.1" 200 16138 "https://schoolofgolfnz.co.nz/wp-includes/js/jquery/ui/" "Mozilla/5.0 AppleWebKit/537.36 (KHTML, like Gecko; compatible; GPTBot/1.3; +https://openai.com/gptbot)"
74.7.227.41 - - [31/Mar/2026:21:23:22 +0000] "GET /wp-includes/ID3/?C=D;O=A HTTP/1.1" 200 4042 "https://weddingswithjoy.org.nz/wp-includes/ID3/" "Mozilla/5.0 AppleWebKit/537.36 (KHTML, like Gecko; compatible; GPTBot/1.3; +https://openai.com/gptbot)"
139.18.2.214 - - [31/Mar/2026:21:23:23 +0000] "GET /wp-includes/js/thickbox/?C=S;O=D HTTP/1.1" 200 1381 "https://weddingswithjoy.org.nz/wp-includes/js/thickbox/?C=S;O=A" "LCC (+http://corpora.uni-leipzig.de/crawler_faq.html)"
74.7.227.41 - - [31/Mar/2026:21:23:27 +0000] "GET /wp-includes/ID3/?C=M;O=D HTTP/1.1" 200 4042 "https://weddingswithjoy.org.nz/wp-includes/ID3/?C=M;O=A" "Mozilla/5.0 AppleWebKit/537.36 (KHTML, like Gecko; compatible; GPTBot/1.3; +https://openai.com/gptbot)"
74.7.243.230 - - [31/Mar/2026:21:23:31 +0000] "GET /wp-includes/js/jquery/ui/resizable.js HTTP/1.1" 200 30490 "https://schoolofgolfnz.co.nz/wp-includes/js/jquery/ui/" "Mozilla/5.0 AppleWebKit/537.36 (KHTML, like Gecko; compatible; GPTBot/1.3; +https://openai.com/gptbot)"
74.7.227.41 - - [31/Mar/2026:21:23:31 +0000] "GET /wp-includes/js/plupload/ HTTP/1.1" 200 2278 "https://weddingswithjoy.org.nz/wp-includes/js/" "Mozilla/5.0 AppleWebKit/537.36 (KHTML, like Gecko; compatible; GPTBot/1.3; +https://openai.com/gptbot)"
74.7.227.41 - - [31/Mar/2026:21:23:35 +0000] "GET /wp-includes/sodium_compat/src/Core/BLAKE2b.php HTTP/1.1" 500 - "https://weddingswithjoy.org.nz/wp-includes/sodium_compat/src/Core/" "Mozilla/5.0 AppleWebKit/537.36 (KHTML, like Gecko; compatible; GPTBot/1.3; +https://openai.com/gptbot)"
74.7.227.159 - - [31/Mar/2026:21:23:37 +0000] "GET /wp-includes/class-wp-locale.php HTTP/1.1" 200 - "https://www.qualityprecast.co.nz/wp-includes/" "Mozilla/5.0 AppleWebKit/537.36 (KHTML, like Gecko; compatible; GPTBot/1.3; +https://openai.com/gptbot)"
139.18.2.214 - - [31/Mar/2026:21:23:38 +0000] "GET /wp-includes/js/thickbox/?C=D;O=D HTTP/1.1" 200 1381 "https://weddingswithjoy.org.nz/wp-includes/js/thickbox/?C=D;O=A" "LCC (+http://corpora.uni-leipzig.de/crawler_faq.html)"
74.7.227.41 - - [31/Mar/2026:21:23:39 +0000] "GET /wp-includes/js/thickbox/thickbox.js HTTP/1.1" 200 13332 "https://weddingswithjoy.org.nz/wp-includes/js/thickbox/" "Mozilla/5.0 AppleWebKit/537.36 (KHTML, like Gecko; compatible; GPTBot/1.3; +https://openai.com/gptbot)"
74.7.243.230 - - [31/Mar/2026:21:23:43 +0000] "GET /wp-includes/js/swfupload/swfupload.js HTTP/1.1" 200 - "https://schoolofgolfnz.co.nz/wp-includes/js/swfupload/" "Mozilla/5.0 AppleWebKit/537.36 (KHTML, like Gecko; compatible; GPTBot/1.3; +https://openai.com/gptbot)"
139.18.2.214 - - [31/Mar/2026:21:23:47 +0000] "GET /wp-includes/js/tinymce/?C=N;O=A HTTP/1.1" 200 2431 "https://weddingswithjoy.org.nz/wp-includes/js/tinymce/?C=N;O=D" "LCC (+http://corpora.uni-leipzig.de/crawler_faq.html)"
74.7.227.41 - - [31/Mar/2026:21:23:48 +0000] "GET /wp-includes/sodium_compat/src/Core/Poly1305.php HTTP/1.1" 500 - "https://weddingswithjoy.org.nz/wp-includes/sodium_compat/src/Core/" "Mozilla/5.0 AppleWebKit/537.36 (KHTML, like Gecko; compatible; GPTBot/1.3; +https://openai.com/gptbot)"
74.7.243.230 - - [31/Mar/2026:21:23:54 +0000] "GET /wp-includes/js/swfupload/handlers.min.js HTTP/1.1" 200 - "https://schoolofgolfnz.co.nz/wp-includes/js/swfupload/" "Mozilla/5.0 AppleWebKit/537.36 (KHTML, like Gecko; compatible; GPTBot/1.3; +https://openai.com/gptbot)"
74.7.227.159 - - [31/Mar/2026:21:23:57 +0000] "GET /wp-includes/class-wp-styles.php HTTP/1.1" 500 - "https://www.qualityprecast.co.nz/wp-includes/" "Mozilla/5.0 AppleWebKit/537.36 (KHTML, like Gecko; compatible; GPTBot/1.3; +https://openai.com/gptbot)"
74.7.227.41 - - [31/Mar/2026:21:23:58 +0000] "GET /wp-includes/js/thickbox/loadingAnimation.gif HTTP/1.1" 200 15238 "https://weddingswithjoy.org.nz/wp-includes/js/thickbox/" "Mozilla/5.0 AppleWebKit/537.36 (KHTML, like Gecko; compatible; GPTBot/1.3; +https://openai.com/gptbot)"
139.18.2.214 - - [31/Mar/2026:21:23:59 +0000] "GET /wp-includes/js/tinymce/?C=M;O=D HTTP/1.1" 200 2431 "https://weddingswithjoy.org.nz/wp-includes/js/tinymce/?C=M;O=A" "LCC (+http://corpora.uni-leipzig.de/crawler_faq.html)"
74.7.243.230 - - [31/Mar/2026:21:24:04 +0000] "GET /wp-includes/js/swfupload/license.txt HTTP/1.1" 200 - "https://schoolofgolfnz.co.nz/wp-includes/js/swfupload/" "Mozilla/5.0 AppleWebKit/537.36 (KHTML, like Gecko; compatible; GPTBot/1.3; +https://openai.com/gptbot)"
139.18.2.214 - - [31/Mar/2026:21:24:09 +0000] "GET /wp-includes/js/tinymce/?C=S;O=D HTTP/1.1" 200 2431 "https://weddingswithjoy.org.nz/wp-includes/js/tinymce/?C=S;O=A" "LCC (+http://corpora.uni-leipzig.de/crawler_faq.html)"
74.7.243.230 - - [31/Mar/2026:21:24:13 +0000] "GET /wp-includes/js/swfupload/handlers.js HTTP/1.1" 200 - "https://schoolofgolfnz.co.nz/wp-includes/js/swfupload/" "Mozilla/5.0 AppleWebKit/537.36 (KHTML, like Gecko; compatible; GPTBot/1.3; +https://openai.com/gptbot)"
74.7.227.159 - - [31/Mar/2026:21:24:14 +0000] "GET /wp-includes/class-wp-theme-json-resolver.php HTTP/1.1" 200 - "https://www.qualityprecast.co.nz/wp-includes/" "Mozilla/5.0 AppleWebKit/537.36 (KHTML, like Gecko; compatible; GPTBot/1.3; +https://openai.com/gptbot)"
74.7.243.230 - - [31/Mar/2026:21:24:21 +0000] "GET /wp-includes/js/jquery/ui/droppable.js HTTP/1.1" 200 12899 "https://schoolofgolfnz.co.nz/wp-includes/js/jquery/ui/" "Mozilla/5.0 AppleWebKit/537.36 (KHTML, like Gecko; compatible; GPTBot/1.3; +https://openai.com/gptbot)"
139.18.2.214 - - [31/Mar/2026:21:24:23 +0000] "GET /wp-includes/js/tinymce/?C=D;O=D HTTP/1.1" 200 2431 "https://weddingswithjoy.org.nz/wp-includes/js/tinymce/?C=D;O=A" "LCC (+http://corpora.uni-leipzig.de/crawler_faq.html)"
74.7.227.41 - - [31/Mar/2026:21:24:24 +0000] "GET /wp-includes/js/thickbox/macFFBgHack.png HTTP/1.1" 200 94 "https://weddingswithjoy.org.nz/wp-includes/js/thickbox/" "Mozilla/5.0 AppleWebKit/537.36 (KHTML, like Gecko; compatible; GPTBot/1.3; +https://openai.com/gptbot)"
74.7.243.230 - - [31/Mar/2026:21:24:28 +0000] "GET /wp-includes/js/jquery/ui/draggable.js HTTP/1.1" 200 35546 "https://schoolofgolfnz.co.nz/wp-includes/js/jquery/ui/" "Mozilla/5.0 AppleWebKit/537.36 (KHTML, like Gecko; compatible; GPTBot/1.3; +https://openai.com/gptbot)"
74.7.243.230 - - [31/Mar/2026:21:24:34 +0000] "GET /wp-includes/sodium_compat/src/Core/ChaCha20/?C=D;O=A HTTP/1.1" 200 1065 "https://schoolofgolfnz.co.nz/wp-includes/sodium_compat/src/Core/ChaCha20/" "Mozilla/5.0 AppleWebKit/537.36 (KHTML, like Gecko; compatible; GPTBot/1.3; +https://openai.com/gptbot)"
139.18.2.214 - - [31/Mar/2026:21:24:35 +0000] "GET /wp-includes/js/tinymce/langs/?C=N;O=D HTTP/1.1" 200 851 "https://weddingswithjoy.org.nz/wp-includes/js/tinymce/langs/" "LCC (+http://corpora.uni-leipzig.de/crawler_faq.html)"
74.7.243.230 - - [31/Mar/2026:21:24:40 +0000] "GET /wp-includes/sodium_compat/src/Core/Base64/ HTTP/1.1" 200 1066 "https://schoolofgolfnz.co.nz/wp-includes/sodium_compat/src/Core/" "Mozilla/5.0 AppleWebKit/537.36 (KHTML, like Gecko; compatible; GPTBot/1.3; +https://openai.com/gptbot)"
139.18.2.214 - - [31/Mar/2026:21:24:44 +0000] "GET /wp-includes/js/tinymce/langs/?C=M;O=A HTTP/1.1" 200 851 "https://weddingswithjoy.org.nz/wp-includes/js/tinymce/langs/" "LCC (+http://corpora.uni-leipzig.de/crawler_faq.html)"
74.7.243.230 - - [31/Mar/2026:21:24:45 +0000] "GET /wp-includes/js/tinymce/skins/lightgray/fonts/ HTTP/1.1" 200 2175 "https://schoolofgolfnz.co.nz/wp-includes/js/tinymce/skins/lightgray/" "Mozilla/5.0 AppleWebKit/537.36 (KHTML, like Gecko; compatible; GPTBot/1.3; +https://openai.com/gptbot)"
74.7.227.41 - - [31/Mar/2026:21:24:49 +0000] "GET /wp-includes/sodium_compat/src/Core32/Ed25519.php HTTP/1.1" 500 - "https://weddingswithjoy.org.nz/wp-includes/sodium_compat/src/Core32/" "Mozilla/5.0 AppleWebKit/537.36 (KHTML, like Gecko; compatible; GPTBot/1.3; +https://openai.com/gptbot)"
74.7.243.230 - - [31/Mar/2026:21:24:50 +0000] "GET /wp-includes/js/codemirror/ HTTP/1.1" 200 2105 "https://schoolofgolfnz.co.nz/wp-includes/js/" "Mozilla/5.0 AppleWebKit/537.36 (KHTML, like Gecko; compatible; GPTBot/1.3; +https://openai.com/gptbot)"
139.18.2.214 - - [31/Mar/2026:21:24:53 +0000] "GET /wp-includes/js/tinymce/langs/?C=S;O=A HTTP/1.1" 200 851 "https://weddingswithjoy.org.nz/wp-includes/js/tinymce/langs/" "LCC (+http://corpora.uni-leipzig.de/crawler_faq.html)"
74.7.243.230 - - [31/Mar/2026:21:24:54 +0000] "GET /wp-includes/js/tinymce/plugins/lists/ HTTP/1.1" 200 1051 "https://schoolofgolfnz.co.nz/wp-includes/js/tinymce/plugins/" "Mozilla/5.0 AppleWebKit/537.36 (KHTML, like Gecko; compatible; GPTBot/1.3; +https://openai.com/gptbot)"
74.7.243.230 - - [31/Mar/2026:21:24:58 +0000] "GET /wp-includes/js/tinymce/themes/inlite/ HTTP/1.1" 200 1048 "https://schoolofgolfnz.co.nz/wp-includes/js/tinymce/themes/" "Mozilla/5.0 AppleWebKit/537.36 (KHTML, like Gecko; compatible; GPTBot/1.3; +https://openai.com/gptbot)"
74.7.243.230 - - [31/Mar/2026:21:25:01 +0000] "GET /wp-includes/images/crystal/video.png HTTP/1.1" 200 1339 "https://schoolofgolfnz.co.nz/wp-includes/images/crystal/" "Mozilla/5.0 AppleWebKit/537.36 (KHTML, like Gecko; compatible; GPTBot/1.3; +https://openai.com/gptbot)"
139.18.2.214 - - [31/Mar/2026:21:25:02 +0000] "GET /wp-includes/js/tinymce/langs/?C=D;O=A HTTP/1.1" 200 851 "https://weddingswithjoy.org.nz/wp-includes/js/tinymce/langs/" "LCC (+http://corpora.uni-leipzig.de/crawler_faq.html)"
74.7.243.230 - - [31/Mar/2026:21:25:04 +0000] "GET /wp-includes/js/tinymce/plugins/wpautoresize/ HTTP/1.1" 200 1065 "https://schoolofgolfnz.co.nz/wp-includes/js/tinymce/plugins/" "Mozilla/5.0 AppleWebKit/537.36 (KHTML, like Gecko; compatible; GPTBot/1.3; +https://openai.com/gptbot)"
74.7.243.230 - - [31/Mar/2026:21:25:07 +0000] "GET /wp-includes/js/shortcode.js HTTP/1.1" 200 10758 "https://schoolofgolfnz.co.nz/wp-includes/js/" "Mozilla/5.0 AppleWebKit/537.36 (KHTML, like Gecko; compatible; GPTBot/1.3; +https://openai.com/gptbot)"
74.7.227.159 - - [31/Mar/2026:21:25:08 +0000] "GET /wp-includes/class-wp-http-curl.php HTTP/1.1" 200 - "https://www.qualityprecast.co.nz/wp-includes/" "Mozilla/5.0 AppleWebKit/537.36 (KHTML, like Gecko; compatible; GPTBot/1.3; +https://openai.com/gptbot)"
74.7.243.230 - - [31/Mar/2026:21:25:09 +0000] "GET /wp-includes/js/autosave.js HTTP/1.1" 200 22476 "https://schoolofgolfnz.co.nz/wp-includes/js/" "Mozilla/5.0 AppleWebKit/537.36 (KHTML, like Gecko; compatible; GPTBot/1.3; +https://openai.com/gptbot)"
74.7.227.41 - - [31/Mar/2026:21:25:10 +0000] "GET /wp-includes/sodium_compat/src/Core32/X25519.php HTTP/1.1" 500 - "https://weddingswithjoy.org.nz/wp-includes/sodium_compat/src/Core32/" "Mozilla/5.0 AppleWebKit/537.36 (KHTML, like Gecko; compatible; GPTBot/1.3; +https://openai.com/gptbot)"
74.7.243.230 - - [31/Mar/2026:21:25:11 +0000] "GET /wp-includes/js/swfobject.js HTTP/1.1" 200 - "https://schoolofgolfnz.co.nz/wp-includes/js/" "Mozilla/5.0 AppleWebKit/537.36 (KHTML, like Gecko; compatible; GPTBot/1.3; +https://openai.com/gptbot)"
74.7.243.230 - - [31/Mar/2026:21:25:13 +0000] "GET /wp-includes/js/tinymce/themes/modern/ HTTP/1.1" 200 1048 "https://schoolofgolfnz.co.nz/wp-includes/js/tinymce/themes/" "Mozilla/5.0 AppleWebKit/537.36 (KHTML, like Gecko; compatible; GPTBot/1.3; +https://openai.com/gptbot)"
139.18.2.214 - - [31/Mar/2026:21:25:14 +0000] "GET /wp-includes/js/tinymce/plugins/?C=N;O=D HTTP/1.1" 200 4566 "https://weddingswithjoy.org.nz/wp-includes/js/tinymce/plugins/" "LCC (+http://corpora.uni-leipzig.de/crawler_faq.html)"
74.7.243.230 - - [31/Mar/2026:21:25:15 +0000] "GET /wp-includes/sodium_compat/src/Core/Base64/UrlSafe.php HTTP/1.1" 200 - "https://schoolofgolfnz.co.nz/wp-includes/sodium_compat/src/Core/Base64/" "Mozilla/5.0 AppleWebKit/537.36 (KHTML, like Gecko; compatible; GPTBot/1.3; +https://openai.com/gptbot)"
74.7.243.230 - - [31/Mar/2026:21:25:17 +0000] "GET /wp-includes/sodium_compat/src/Core/Base64/Original.php HTTP/1.1" 200 - "https://schoolofgolfnz.co.nz/wp-includes/sodium_compat/src/Core/Base64/" "Mozilla/5.0 AppleWebKit/537.36 (KHTML, like Gecko; compatible; GPTBot/1.3; +https://openai.com/gptbot)"
74.7.243.230 - - [31/Mar/2026:21:25:18 +0000] "GET /wp-includes/js/codemirror/codemirror.min.js HTTP/1.1" 200 585414 "https://schoolofgolfnz.co.nz/wp-includes/js/codemirror/" "Mozilla/5.0 AppleWebKit/537.36 (KHTML, like Gecko; compatible; GPTBot/1.3; +https://openai.com/gptbot)"
74.7.243.230 - - [31/Mar/2026:21:25:19 +0000] "GET /wp-includes/js/codemirror/htmlhint-kses.js HTTP/1.1" 200 984 "https://schoolofgolfnz.co.nz/wp-includes/js/codemirror/" "Mozilla/5.0 AppleWebKit/537.36 (KHTML, like Gecko; compatible; GPTBot/1.3; +https://openai.com/gptbot)"
74.7.243.230 - - [31/Mar/2026:21:25:21 +0000] "GET /wp-includes/js/codemirror/jsonlint.js HTTP/1.1" 200 16189 "https://schoolofgolfnz.co.nz/wp-includes/js/codemirror/" "Mozilla/5.0 AppleWebKit/537.36 (KHTML, like Gecko; compatible; GPTBot/1.3; +https://openai.com/gptbot)"
74.7.243.230 - - [31/Mar/2026:21:25:22 +0000] "GET /wp-includes/js/codemirror/htmlhint.js HTTP/1.1" 200 17735 "https://schoolofgolfnz.co.nz/wp-includes/js/codemirror/" "Mozilla/5.0 AppleWebKit/537.36 (KHTML, like Gecko; compatible; GPTBot/1.3; +https://openai.com/gptbot)"
74.7.243.230 - - [31/Mar/2026:21:25:23 +0000] "GET /wp-includes/js/codemirror/fakejshint.js HTTP/1.1" 200 1002 "https://schoolofgolfnz.co.nz/wp-includes/js/codemirror/" "Mozilla/5.0 AppleWebKit/537.36 (KHTML, like Gecko; compatible; GPTBot/1.3; +https://openai.com/gptbot)"
74.7.243.230 - - [31/Mar/2026:21:25:23 +0000] "GET /wp-includes/js/codemirror/esprima.js HTTP/1.1" 200 283149 "https://schoolofgolfnz.co.nz/wp-includes/js/codemirror/" "Mozilla/5.0 AppleWebKit/537.36 (KHTML, like Gecko; compatible; GPTBot/1.3; +https://openai.com/gptbot)"
139.18.2.214 - - [31/Mar/2026:21:25:23 +0000] "GET /wp-includes/js/tinymce/plugins/?C=M;O=A HTTP/1.1" 200 4566 "https://weddingswithjoy.org.nz/wp-includes/js/tinymce/plugins/" "LCC (+http://corpora.uni-leipzig.de/crawler_faq.html)"
74.7.243.230 - - [31/Mar/2026:21:25:24 +0000] "GET /wp-includes/js/codemirror/csslint.js HTTP/1.1" 200 366769 "https://schoolofgolfnz.co.nz/wp-includes/js/codemirror/" "Mozilla/5.0 AppleWebKit/537.36 (KHTML, like Gecko; compatible; GPTBot/1.3; +https://openai.com/gptbot)"
74.7.243.230 - - [31/Mar/2026:21:25:25 +0000] "GET /wp-includes/js/tinymce/plugins/wpautoresize/plugin.js HTTP/1.1" 200 5988 "https://schoolofgolfnz.co.nz/wp-includes/js/tinymce/plugins/wpautoresize/" "Mozilla/5.0 AppleWebKit/537.36 (KHTML, like Gecko; compatible; GPTBot/1.3; +https://openai.com/gptbot)"
74.7.243.230 - - [31/Mar/2026:21:25:26 +0000] "GET /wp-includes/js/tinymce/themes/modern/theme.min.js HTTP/1.1" 200 130746 "https://schoolofgolfnz.co.nz/wp-includes/js/tinymce/themes/modern/" "Mozilla/5.0 AppleWebKit/537.36 (KHTML, like Gecko; compatible; GPTBot/1.3; +https://openai.com/gptbot)"
74.7.243.230 - - [31/Mar/2026:21:25:26 +0000] "GET /wp-includes/js/tinymce/plugins/image/ HTTP/1.1" 200 1051 "https://schoolofgolfnz.co.nz/wp-includes/js/tinymce/plugins/" "Mozilla/5.0 AppleWebKit/537.36 (KHTML, like Gecko; compatible; GPTBot/1.3; +https://openai.com/gptbot)"
74.7.243.230 - - [31/Mar/2026:21:25:27 +0000] "GET /wp-includes/js/tinymce/plugins/paste/ HTTP/1.1" 200 1051 "https://schoolofgolfnz.co.nz/wp-includes/js/tinymce/plugins/" "Mozilla/5.0 AppleWebKit/537.36 (KHTML, like Gecko; compatible; GPTBot/1.3; +https://openai.com/gptbot)"
74.7.243.230 - - [31/Mar/2026:21:25:27 +0000] "GET /wp-includes/js/tinymce/plugins/media/ HTTP/1.1" 200 1051 "https://schoolofgolfnz.co.nz/wp-includes/js/tinymce/plugins/" "Mozilla/5.0 AppleWebKit/537.36 (KHTML, like Gecko; compatible; GPTBot/1.3; +https://openai.com/gptbot)"
74.7.243.230 - - [31/Mar/2026:21:25:28 +0000] "GET /wp-includes/js/dist/'%20+%20link%20+%20' HTTP/1.1" 404 - "https://schoolofgolfnz.co.nz/wp-includes/js/dist/blocks.js" "Mozilla/5.0 AppleWebKit/537.36 (KHTML, like Gecko; compatible; GPTBot/1.3; +https://openai.com/gptbot)"
74.7.243.230 - - [31/Mar/2026:21:25:28 +0000] "GET /wp-includes/js/tinymce/plugins/lists/plugin.min.js HTTP/1.1" 200 26968 "https://schoolofgolfnz.co.nz/wp-includes/js/tinymce/plugins/lists/" "Mozilla/5.0 AppleWebKit/537.36 (KHTML, like Gecko; compatible; GPTBot/1.3; +https://openai.com/gptbot)"
74.7.243.230 - - [31/Mar/2026:21:25:29 +0000] "GET /wp-includes/js/tinymce/themes/inlite/theme.min.js HTTP/1.1" 200 131875 "https://schoolofgolfnz.co.nz/wp-includes/js/tinymce/themes/inlite/" "Mozilla/5.0 AppleWebKit/537.36 (KHTML, like Gecko; compatible; GPTBot/1.3; +https://openai.com/gptbot)"
74.7.243.230 - - [31/Mar/2026:21:25:29 +0000] "GET /wp-includes/Requests/src/ HTTP/1.1" 200 4929 "https://schoolofgolfnz.co.nz/wp-includes/Requests/" "Mozilla/5.0 AppleWebKit/537.36 (KHTML, like Gecko; compatible; GPTBot/1.3; +https://openai.com/gptbot)"
74.7.243.230 - - [31/Mar/2026:21:25:30 +0000] "GET /wp-includes/js/dist/token-list.js HTTP/1.1" 200 6002 "https://schoolofgolfnz.co.nz/wp-includes/js/dist/" "Mozilla/5.0 AppleWebKit/537.36 (KHTML, like Gecko; compatible; GPTBot/1.3; +https://openai.com/gptbot)"
74.7.243.230 - - [31/Mar/2026:21:25:30 +0000] "GET /wp-includes/js/tinymce/plugins/wpemoji/plugin.min.js HTTP/1.1" 200 1519 "https://schoolofgolfnz.co.nz/wp-includes/js/tinymce/plugins/wpemoji/" "Mozilla/5.0 AppleWebKit/537.36 (KHTML, like Gecko; compatible; GPTBot/1.3; +https://openai.com/gptbot)"
74.7.243.230 - - [31/Mar/2026:21:25:31 +0000] "GET /wp-includes/js/twemoji.js HTTP/1.1" 200 37190 "https://schoolofgolfnz.co.nz/wp-includes/js/" "Mozilla/5.0 AppleWebKit/537.36 (KHTML, like Gecko; compatible; GPTBot/1.3; +https://openai.com/gptbot)"
74.7.243.230 - - [31/Mar/2026:21:25:31 +0000] "GET /wp-includes/js/tinymce/themes/modern/'+r.url+' HTTP/1.1" 404 - "https://schoolofgolfnz.co.nz/wp-includes/js/tinymce/themes/modern/theme.min.js" "Mozilla/5.0 AppleWebKit/537.36 (KHTML, like Gecko; compatible; GPTBot/1.3; +https://openai.com/gptbot)"
74.7.243.230 - - [31/Mar/2026:21:25:32 +0000] "GET /wp-includes/js/tinymce/plugins/wplink/plugin.min.js HTTP/1.1" 200 8988 "https://schoolofgolfnz.co.nz/wp-includes/js/tinymce/plugins/wplink/" "Mozilla/5.0 AppleWebKit/537.36 (KHTML, like Gecko; compatible; GPTBot/1.3; +https://openai.com/gptbot)"
74.7.243.230 - - [31/Mar/2026:21:25:32 +0000] "GET /wp-includes/js/tinymce/plugins/wpview/plugin.min.js HTTP/1.1" 200 2902 "https://schoolofgolfnz.co.nz/wp-includes/js/tinymce/plugins/wpview/" "Mozilla/5.0 AppleWebKit/537.36 (KHTML, like Gecko; compatible; GPTBot/1.3; +https://openai.com/gptbot)"
74.7.243.230 - - [31/Mar/2026:21:25:33 +0000] "GET /wp-includes/js/tinymce/plugins/media/plugin.min.js HTTP/1.1" 200 16576 "https://schoolofgolfnz.co.nz/wp-includes/js/tinymce/plugins/media/" "Mozilla/5.0 AppleWebKit/537.36 (KHTML, like Gecko; compatible; GPTBot/1.3; +https://openai.com/gptbot)"
74.7.243.230 - - [31/Mar/2026:21:25:33 +0000] "GET /wp-includes/js/dist/script-modules/block-editor/utils/fit-text-frontend.min.js HTTP/1.1" 200 1410 "https://schoolofgolfnz.co.nz/wp-includes/js/dist/script-modules/block-editor/utils/" "Mozilla/5.0 AppleWebKit/537.36 (KHTML, like Gecko; compatible; GPTBot/1.3; +https://openai.com/gptbot)"
74.7.243.230 - - [31/Mar/2026:21:25:34 +0000] "GET /wp-includes/js/dist/vendor/moment.js HTTP/1.1" 200 176435 "https://schoolofgolfnz.co.nz/wp-includes/js/dist/vendor/" "Mozilla/5.0 AppleWebKit/537.36 (KHTML, like Gecko; compatible; GPTBot/1.3; +https://openai.com/gptbot)"
74.7.243.230 - - [31/Mar/2026:21:25:35 +0000] "GET /wp-includes/js/tinymce/themes/inlite/'+r.url+' HTTP/1.1" 404 - "https://schoolofgolfnz.co.nz/wp-includes/js/tinymce/themes/inlite/theme.min.js" "Mozilla/5.0 AppleWebKit/537.36 (KHTML, like Gecko; compatible; GPTBot/1.3; +https://openai.com/gptbot)"
