74.7.227.159 - - [31/Mar/2026:21:48:18 +0000] "GET /wp-includes/assets/script-loader-react-refresh-entry.min.php HTTP/1.1" 200 - "https://www.qualityprecast.co.nz/wp-includes/assets/" "Mozilla/5.0 AppleWebKit/537.36 (KHTML, like Gecko; compatible; GPTBot/1.3; +https://openai.com/gptbot)"
139.18.2.214 - - [31/Mar/2026:21:48:23 +0000] "GET /wp-includes/sodium_compat/src/Core32/Curve25519/ HTTP/1.1" 200 1239 "https://weddingswithjoy.org.nz/wp-includes/sodium_compat/src/Core32/" "LCC (+http://corpora.uni-leipzig.de/crawler_faq.html)"
74.7.243.230 - - [31/Mar/2026:21:48:29 +0000] "GET /wp-includes/js/tinymce/plugins/wordpress/'+k.Env.transparentSrc+' HTTP/1.1" 404 - "https://schoolofgolfnz.co.nz/wp-includes/js/tinymce/plugins/wordpress/plugin.min.js" "Mozilla/5.0 AppleWebKit/537.36 (KHTML, like Gecko; compatible; GPTBot/1.3; +https://openai.com/gptbot)"
74.7.227.159 - - [31/Mar/2026:21:48:33 +0000] "GET /wp-includes/assets/script-loader-react-refresh-runtime.min.php HTTP/1.1" 200 - "https://www.qualityprecast.co.nz/wp-includes/assets/" "Mozilla/5.0 AppleWebKit/537.36 (KHTML, like Gecko; compatible; GPTBot/1.3; +https://openai.com/gptbot)"
139.18.2.214 - - [31/Mar/2026:21:48:34 +0000] "GET /wp-includes/sodium_compat/src/Core32/Ed25519.php HTTP/1.1" 500 - "https://weddingswithjoy.org.nz/wp-includes/sodium_compat/src/Core32/" "LCC (+http://corpora.uni-leipzig.de/crawler_faq.html)"
139.18.2.214 - - [31/Mar/2026:21:48:45 +0000] "GET /wp-includes/sodium_compat/src/Core32/HChaCha20.php HTTP/1.1" 500 - "https://weddingswithjoy.org.nz/wp-includes/sodium_compat/src/Core32/" "LCC (+http://corpora.uni-leipzig.de/crawler_faq.html)"
74.7.227.159 - - [31/Mar/2026:21:48:46 +0000] "GET /wp-includes/assets/script-loader-react-refresh-runtime.php HTTP/1.1" 200 - "https://www.qualityprecast.co.nz/wp-includes/assets/" "Mozilla/5.0 AppleWebKit/537.36 (KHTML, like Gecko; compatible; GPTBot/1.3; +https://openai.com/gptbot)"
74.7.227.41 - - [31/Mar/2026:21:48:48 +0000] "GET /wp-includes/sodium_compat/src/Core32/Int32.php HTTP/1.1" 200 - "https://weddingswithjoy.org.nz/wp-includes/sodium_compat/src/Core32/" "Mozilla/5.0 AppleWebKit/537.36 (KHTML, like Gecko; compatible; GPTBot/1.3; +https://openai.com/gptbot)"
139.18.2.214 - - [31/Mar/2026:21:48:54 +0000] "GET /wp-includes/sodium_compat/src/Core32/HSalsa20.php HTTP/1.1" 500 - "https://weddingswithjoy.org.nz/wp-includes/sodium_compat/src/Core32/" "LCC (+http://corpora.uni-leipzig.de/crawler_faq.html)"
74.7.227.159 - - [31/Mar/2026:21:48:58 +0000] "GET /wp-includes/assets/script-loader-react-refresh-entry.php HTTP/1.1" 200 - "https://www.qualityprecast.co.nz/wp-includes/assets/" "Mozilla/5.0 AppleWebKit/537.36 (KHTML, like Gecko; compatible; GPTBot/1.3; +https://openai.com/gptbot)"
139.18.2.214 - - [31/Mar/2026:21:49:05 +0000] "GET /wp-includes/sodium_compat/src/Core32/Int32.php HTTP/1.1" 200 - "https://weddingswithjoy.org.nz/wp-includes/sodium_compat/src/Core32/" "LCC (+http://corpora.uni-leipzig.de/crawler_faq.html)"
74.7.227.159 - - [31/Mar/2026:21:49:09 +0000] "GET /wp-includes/assets/script-loader-packages.min.php HTTP/1.1" 200 - "https://www.qualityprecast.co.nz/wp-includes/assets/" "Mozilla/5.0 AppleWebKit/537.36 (KHTML, like Gecko; compatible; GPTBot/1.3; +https://openai.com/gptbot)"
139.18.2.214 - - [31/Mar/2026:21:49:14 +0000] "GET /wp-includes/sodium_compat/src/Core32/Int64.php HTTP/1.1" 200 - "https://weddingswithjoy.org.nz/wp-includes/sodium_compat/src/Core32/" "LCC (+http://corpora.uni-leipzig.de/crawler_faq.html)"
74.7.227.159 - - [31/Mar/2026:21:49:18 +0000] "GET /wp-includes/assets/script-modules-packages.min.php HTTP/1.1" 200 - "https://www.qualityprecast.co.nz/wp-includes/assets/" "Mozilla/5.0 AppleWebKit/537.36 (KHTML, like Gecko; compatible; GPTBot/1.3; +https://openai.com/gptbot)"
139.18.2.214 - - [31/Mar/2026:21:49:22 +0000] "GET /wp-includes/sodium_compat/src/Core32/Poly1305.php HTTP/1.1" 500 - "https://weddingswithjoy.org.nz/wp-includes/sodium_compat/src/Core32/" "LCC (+http://corpora.uni-leipzig.de/crawler_faq.html)"
74.7.243.230 - - [31/Mar/2026:21:49:24 +0000] "GET /wp-includes/js/dist/deprecated.js HTTP/1.1" 200 2303 "https://schoolofgolfnz.co.nz/wp-includes/js/dist/" "Mozilla/5.0 AppleWebKit/537.36 (KHTML, like Gecko; compatible; GPTBot/1.3; +https://openai.com/gptbot)"
74.7.227.159 - - [31/Mar/2026:21:49:27 +0000] "GET /wp-includes/fonts/class-wp-font-collection.php HTTP/1.1" 200 - "https://www.qualityprecast.co.nz/wp-includes/fonts/" "Mozilla/5.0 AppleWebKit/537.36 (KHTML, like Gecko; compatible; GPTBot/1.3; +https://openai.com/gptbot)"
139.18.2.214 - - [31/Mar/2026:21:49:31 +0000] "GET /wp-includes/sodium_compat/src/Core32/Poly1305/ HTTP/1.1" 200 894 "https://weddingswithjoy.org.nz/wp-includes/sodium_compat/src/Core32/" "LCC (+http://corpora.uni-leipzig.de/crawler_faq.html)"
74.7.227.159 - - [31/Mar/2026:21:49:35 +0000] "GET /wp-includes/fonts/class-wp-font-face.php HTTP/1.1" 200 - "https://www.qualityprecast.co.nz/wp-includes/fonts/" "Mozilla/5.0 AppleWebKit/537.36 (KHTML, like Gecko; compatible; GPTBot/1.3; +https://openai.com/gptbot)"
139.18.2.214 - - [31/Mar/2026:21:49:41 +0000] "GET /wp-includes/sodium_compat/src/Core32/Salsa20.php HTTP/1.1" 500 - "https://weddingswithjoy.org.nz/wp-includes/sodium_compat/src/Core32/" "LCC (+http://corpora.uni-leipzig.de/crawler_faq.html)"
74.7.227.41 - - [31/Mar/2026:21:49:41 +0000] "GET /wp-includes/ID3/?C=D;O=D HTTP/1.1" 200 4042 "https://weddingswithjoy.org.nz/wp-includes/ID3/?C=D;O=A" "Mozilla/5.0 AppleWebKit/537.36 (KHTML, like Gecko; compatible; GPTBot/1.3; +https://openai.com/gptbot)"
74.7.227.159 - - [31/Mar/2026:21:49:41 +0000] "GET /wp-includes/assets/script-modules-packages.php HTTP/1.1" 200 - "https://www.qualityprecast.co.nz/wp-includes/assets/" "Mozilla/5.0 AppleWebKit/537.36 (KHTML, like Gecko; compatible; GPTBot/1.3; +https://openai.com/gptbot)"
74.7.227.159 - - [31/Mar/2026:21:49:48 +0000] "GET /wp-includes/assets/script-loader-packages.php HTTP/1.1" 200 - "https://www.qualityprecast.co.nz/wp-includes/assets/" "Mozilla/5.0 AppleWebKit/537.36 (KHTML, like Gecko; compatible; GPTBot/1.3; +https://openai.com/gptbot)"
139.18.2.214 - - [31/Mar/2026:21:49:50 +0000] "GET /wp-includes/sodium_compat/src/Core32/SecretStream/ HTTP/1.1" 200 902 "https://weddingswithjoy.org.nz/wp-includes/sodium_compat/src/Core32/" "LCC (+http://corpora.uni-leipzig.de/crawler_faq.html)"
74.7.227.159 - - [31/Mar/2026:21:49:53 +0000] "GET /wp-includes/fonts/class-wp-font-library.php HTTP/1.1" 200 - "https://www.qualityprecast.co.nz/wp-includes/fonts/" "Mozilla/5.0 AppleWebKit/537.36 (KHTML, like Gecko; compatible; GPTBot/1.3; +https://openai.com/gptbot)"
74.7.227.159 - - [31/Mar/2026:21:49:58 +0000] "GET /wp-includes/fonts/class-wp-font-utils.php HTTP/1.1" 200 - "https://www.qualityprecast.co.nz/wp-includes/fonts/" "Mozilla/5.0 AppleWebKit/537.36 (KHTML, like Gecko; compatible; GPTBot/1.3; +https://openai.com/gptbot)"
74.7.227.159 - - [31/Mar/2026:21:50:03 +0000] "GET /wp-includes/fonts/class-wp-font-face-resolver.php HTTP/1.1" 200 - "https://www.qualityprecast.co.nz/wp-includes/fonts/" "Mozilla/5.0 AppleWebKit/537.36 (KHTML, like Gecko; compatible; GPTBot/1.3; +https://openai.com/gptbot)"
139.18.2.214 - - [31/Mar/2026:21:50:05 +0000] "GET /wp-includes/sodium_compat/src/Core32/SipHash.php HTTP/1.1" 500 - "https://weddingswithjoy.org.nz/wp-includes/sodium_compat/src/Core32/" "LCC (+http://corpora.uni-leipzig.de/crawler_faq.html)"
74.7.227.159 - - [31/Mar/2026:21:50:07 +0000] "GET /wp-includes/block-patterns/ HTTP/1.1" 200 2015 "https://www.qualityprecast.co.nz/wp-includes/" "Mozilla/5.0 AppleWebKit/537.36 (KHTML, like Gecko; compatible; GPTBot/1.3; +https://openai.com/gptbot)"
74.7.227.159 - - [31/Mar/2026:21:50:11 +0000] "GET /wp-includes/rss.php HTTP/1.1" 500 - "https://www.qualityprecast.co.nz/wp-includes/" "Mozilla/5.0 AppleWebKit/537.36 (KHTML, like Gecko; compatible; GPTBot/1.3; +https://openai.com/gptbot)"
74.7.227.159 - - [31/Mar/2026:21:50:14 +0000] "GET /wp-includes/abilities-api/ HTTP/1.1" 200 1453 "https://www.qualityprecast.co.nz/wp-includes/" "Mozilla/5.0 AppleWebKit/537.36 (KHTML, like Gecko; compatible; GPTBot/1.3; +https://openai.com/gptbot)"
139.18.2.214 - - [31/Mar/2026:21:50:15 +0000] "GET /wp-includes/sodium_compat/src/Core32/Util.php HTTP/1.1" 500 - "https://weddingswithjoy.org.nz/wp-includes/sodium_compat/src/Core32/" "LCC (+http://corpora.uni-leipzig.de/crawler_faq.html)"
74.7.243.230 - - [31/Mar/2026:21:50:19 +0000] "GET /wp-includes/sodium_compat/src/Core/XSalsa20.php HTTP/1.1" 500 - "https://schoolofgolfnz.co.nz/wp-includes/sodium_compat/src/Core/" "Mozilla/5.0 AppleWebKit/537.36 (KHTML, like Gecko; compatible; GPTBot/1.3; +https://openai.com/gptbot)"
139.18.2.214 - - [31/Mar/2026:21:50:24 +0000] "GET /wp-includes/sodium_compat/src/Core32/X25519.php HTTP/1.1" 500 - "https://weddingswithjoy.org.nz/wp-includes/sodium_compat/src/Core32/" "LCC (+http://corpora.uni-leipzig.de/crawler_faq.html)"
74.7.227.159 - - [31/Mar/2026:21:50:24 +0000] "GET /wp-includes/deprecated.php HTTP/1.1" 200 - "https://www.qualityprecast.co.nz/wp-includes/" "Mozilla/5.0 AppleWebKit/537.36 (KHTML, like Gecko; compatible; GPTBot/1.3; +https://openai.com/gptbot)"
74.7.227.41 - - [31/Mar/2026:21:50:26 +0000] "GET /wp-includes/sodium_compat/src/Core32/ChaCha20/ HTTP/1.1" 200 1071 "https://weddingswithjoy.org.nz/wp-includes/sodium_compat/src/Core32/" "Mozilla/5.0 AppleWebKit/537.36 (KHTML, like Gecko; compatible; GPTBot/1.3; +https://openai.com/gptbot)"
139.18.2.214 - - [31/Mar/2026:21:50:32 +0000] "GET /wp-includes/sodium_compat/src/Core32/XChaCha20.php HTTP/1.1" 500 - "https://weddingswithjoy.org.nz/wp-includes/sodium_compat/src/Core32/" "LCC (+http://corpora.uni-leipzig.de/crawler_faq.html)"
74.7.227.159 - - [31/Mar/2026:21:50:33 +0000] "GET /wp-includes/sodium_compat/ HTTP/1.1" 200 1896 "https://www.qualityprecast.co.nz/wp-includes/" "Mozilla/5.0 AppleWebKit/537.36 (KHTML, like Gecko; compatible; GPTBot/1.3; +https://openai.com/gptbot)"
74.7.227.159 - - [31/Mar/2026:21:50:42 +0000] "GET /wp-includes/block-supports/ HTTP/1.1" 200 4110 "https://www.qualityprecast.co.nz/wp-includes/" "Mozilla/5.0 AppleWebKit/537.36 (KHTML, like Gecko; compatible; GPTBot/1.3; +https://openai.com/gptbot)"
139.18.2.214 - - [31/Mar/2026:21:50:43 +0000] "GET /wp-includes/sodium_compat/src/Core32/XSalsa20.php HTTP/1.1" 500 - "https://weddingswithjoy.org.nz/wp-includes/sodium_compat/src/Core32/" "LCC (+http://corpora.uni-leipzig.de/crawler_faq.html)"
74.7.227.159 - - [31/Mar/2026:21:50:49 +0000] "GET /wp-includes/block-bindings/ HTTP/1.1" 200 1386 "https://www.qualityprecast.co.nz/wp-includes/" "Mozilla/5.0 AppleWebKit/537.36 (KHTML, like Gecko; compatible; GPTBot/1.3; +https://openai.com/gptbot)"
51.68.34.57 - - [31/Mar/2026:21:50:50 +0000] "GET /robots.txt HTTP/1.1" 304 - "-" "Mozilla/5.0 (compatible; MJ12bot/v1.4.8; http://mj12bot.com/)"
51.68.34.57 - - [31/Mar/2026:21:50:51 +0000] "GET /wp-includes/class-wp-customize-widgets.php HTTP/1.1" 200 - "-" "Mozilla/5.0 (compatible; MJ12bot/v1.4.8; http://mj12bot.com/)"
139.18.2.214 - - [31/Mar/2026:21:50:52 +0000] "GET /wp-includes/sodium_compat/src/PHP52/?C=N;O=D HTTP/1.1" 200 875 "https://weddingswithjoy.org.nz/wp-includes/sodium_compat/src/PHP52/" "LCC (+http://corpora.uni-leipzig.de/crawler_faq.html)"
51.68.34.57 - - [31/Mar/2026:21:50:53 +0000] "GET /wp-includes/class-wp-duotone.php HTTP/1.1" 200 - "-" "Mozilla/5.0 (compatible; MJ12bot/v1.4.8; http://mj12bot.com/)"
74.7.227.159 - - [31/Mar/2026:21:50:55 +0000] "GET /wp-includes/abilities.php HTTP/1.1" 200 - "https://www.qualityprecast.co.nz/wp-includes/" "Mozilla/5.0 AppleWebKit/537.36 (KHTML, like Gecko; compatible; GPTBot/1.3; +https://openai.com/gptbot)"
51.68.34.57 - - [31/Mar/2026:21:50:55 +0000] "GET /wp-includes/class-wp-editor.php HTTP/1.1" 200 - "-" "Mozilla/5.0 (compatible; MJ12bot/v1.4.8; http://mj12bot.com/)"
51.68.34.57 - - [31/Mar/2026:21:50:57 +0000] "GET /wp-includes/class-wp-error.php HTTP/1.1" 200 - "-" "Mozilla/5.0 (compatible; MJ12bot/v1.4.8; http://mj12bot.com/)"
74.7.227.159 - - [31/Mar/2026:21:51:01 +0000] "GET /wp-includes/pluggable.php HTTP/1.1" 200 - "https://www.qualityprecast.co.nz/wp-includes/" "Mozilla/5.0 AppleWebKit/537.36 (KHTML, like Gecko; compatible; GPTBot/1.3; +https://openai.com/gptbot)"
139.18.2.214 - - [31/Mar/2026:21:51:02 +0000] "GET /wp-includes/sodium_compat/src/PHP52/?C=M;O=A HTTP/1.1" 200 875 "https://weddingswithjoy.org.nz/wp-includes/sodium_compat/src/PHP52/" "LCC (+http://corpora.uni-leipzig.de/crawler_faq.html)"
74.7.227.159 - - [31/Mar/2026:21:51:06 +0000] "GET /wp-includes/functions.php HTTP/1.1" 200 2 "https://www.qualityprecast.co.nz/wp-includes/" "Mozilla/5.0 AppleWebKit/537.36 (KHTML, like Gecko; compatible; GPTBot/1.3; +https://openai.com/gptbot)"
74.7.227.41 - - [31/Mar/2026:21:51:07 +0000] "GET /wp-includes/sodium_compat/src/Core/X25519.php HTTP/1.1" 500 - "https://weddingswithjoy.org.nz/wp-includes/sodium_compat/src/Core/" "Mozilla/5.0 AppleWebKit/537.36 (KHTML, like Gecko; compatible; GPTBot/1.3; +https://openai.com/gptbot)"
74.7.227.159 - - [31/Mar/2026:21:51:11 +0000] "GET /wp-includes/canonical.php HTTP/1.1" 200 - "https://www.qualityprecast.co.nz/wp-includes/" "Mozilla/5.0 AppleWebKit/537.36 (KHTML, like Gecko; compatible; GPTBot/1.3; +https://openai.com/gptbot)"
74.7.243.230 - - [31/Mar/2026:21:51:12 +0000] "GET /wp-includes/sodium_compat/src/Core/HSalsa20.php HTTP/1.1" 500 - "https://schoolofgolfnz.co.nz/wp-includes/sodium_compat/src/Core/" "Mozilla/5.0 AppleWebKit/537.36 (KHTML, like Gecko; compatible; GPTBot/1.3; +https://openai.com/gptbot)"
139.18.2.214 - - [31/Mar/2026:21:51:13 +0000] "GET /wp-includes/sodium_compat/src/PHP52/?C=S;O=A HTTP/1.1" 200 875 "https://weddingswithjoy.org.nz/wp-includes/sodium_compat/src/PHP52/" "LCC (+http://corpora.uni-leipzig.de/crawler_faq.html)"
74.7.227.159 - - [31/Mar/2026:21:51:16 +0000] "GET /wp-includes/block-patterns/query-large-title-posts.php HTTP/1.1" 500 - "https://www.qualityprecast.co.nz/wp-includes/block-patterns/" "Mozilla/5.0 AppleWebKit/537.36 (KHTML, like Gecko; compatible; GPTBot/1.3; +https://openai.com/gptbot)"
195.154.174.131 - - [31/Mar/2026:21:51:17 +0000] "GET /index.php?rest_route=/wp/v2/users&orderby=id&order=asc&per_page=100&page=1 HTTP/1.1" 404 16 "http://qualityprecast.nz/index.php?rest_route=/wp/v2/users&orderby=id&order=asc&per_page=100&page=1" "Mozilla/5.0 (Windows NT 10.0; Win64; x64) AppleWebKit/537.36 (KHTML, like Gecko) Chrome/145.0.0.0 Safari/537.36"
74.7.227.159 - - [31/Mar/2026:21:51:20 +0000] "GET /wp-includes/block-patterns/query-standard-posts.php HTTP/1.1" 500 - "https://www.qualityprecast.co.nz/wp-includes/block-patterns/" "Mozilla/5.0 AppleWebKit/537.36 (KHTML, like Gecko; compatible; GPTBot/1.3; +https://openai.com/gptbot)"
139.18.2.214 - - [31/Mar/2026:21:51:24 +0000] "GET /wp-includes/sodium_compat/src/PHP52/?C=D;O=A HTTP/1.1" 200 875 "https://weddingswithjoy.org.nz/wp-includes/sodium_compat/src/PHP52/" "LCC (+http://corpora.uni-leipzig.de/crawler_faq.html)"
74.7.227.159 - - [31/Mar/2026:21:51:32 +0000] "GET /wp-includes/block-patterns/query-small-posts.php HTTP/1.1" 500 - "https://www.qualityprecast.co.nz/wp-includes/block-patterns/" "Mozilla/5.0 AppleWebKit/537.36 (KHTML, like Gecko; compatible; GPTBot/1.3; +https://openai.com/gptbot)"
139.18.2.214 - - [31/Mar/2026:21:51:35 +0000] "GET /wp-includes/sodium_compat/src/PHP52/SplFixedArray.php HTTP/1.1" 200 - "https://weddingswithjoy.org.nz/wp-includes/sodium_compat/src/PHP52/" "LCC (+http://corpora.uni-leipzig.de/crawler_faq.html)"
74.7.227.41 - - [31/Mar/2026:21:51:44 +0000] "GET /wp-includes/sodium_compat/src/Core/Curve25519/ HTTP/1.1" 200 1233 "https://weddingswithjoy.org.nz/wp-includes/sodium_compat/src/Core/" "Mozilla/5.0 AppleWebKit/537.36 (KHTML, like Gecko; compatible; GPTBot/1.3; +https://openai.com/gptbot)"
139.18.2.214 - - [31/Mar/2026:21:51:47 +0000] "GET /wp-includes/Requests/src/Auth/?C=N;O=A HTTP/1.1" 200 850 "https://weddingswithjoy.org.nz/wp-includes/Requests/src/Auth/?C=N;O=D" "LCC (+http://corpora.uni-leipzig.de/crawler_faq.html)"
139.18.2.214 - - [31/Mar/2026:21:51:57 +0000] "GET /wp-includes/Requests/src/Auth/?C=M;O=D HTTP/1.1" 200 850 "https://weddingswithjoy.org.nz/wp-includes/Requests/src/Auth/?C=M;O=A" "LCC (+http://corpora.uni-leipzig.de/crawler_faq.html)"
74.7.227.159 - - [31/Mar/2026:21:52:07 +0000] "GET /wp-includes/block-patterns/query-medium-posts.php HTTP/1.1" 500 - "https://www.qualityprecast.co.nz/wp-includes/block-patterns/" "Mozilla/5.0 AppleWebKit/537.36 (KHTML, like Gecko; compatible; GPTBot/1.3; +https://openai.com/gptbot)"
139.18.2.214 - - [31/Mar/2026:21:52:08 +0000] "GET /wp-includes/Requests/src/Auth/?C=S;O=D HTTP/1.1" 200 850 "https://weddingswithjoy.org.nz/wp-includes/Requests/src/Auth/?C=S;O=A" "LCC (+http://corpora.uni-leipzig.de/crawler_faq.html)"
139.18.2.214 - - [31/Mar/2026:21:52:17 +0000] "GET /wp-includes/Requests/src/Auth/?C=D;O=D HTTP/1.1" 200 850 "https://weddingswithjoy.org.nz/wp-includes/Requests/src/Auth/?C=D;O=A" "LCC (+http://corpora.uni-leipzig.de/crawler_faq.html)"
74.7.243.230 - - [31/Mar/2026:21:52:18 +0000] "GET /wp-includes/js/dist/primitives.js HTTP/1.1" 200 5220 "https://schoolofgolfnz.co.nz/wp-includes/js/dist/" "Mozilla/5.0 AppleWebKit/537.36 (KHTML, like Gecko; compatible; GPTBot/1.3; +https://openai.com/gptbot)"
139.18.2.214 - - [31/Mar/2026:21:52:26 +0000] "GET /wp-includes/Requests/src/Cookie/?C=N;O=A HTTP/1.1" 200 852 "https://weddingswithjoy.org.nz/wp-includes/Requests/src/Cookie/?C=N;O=D" "LCC (+http://corpora.uni-leipzig.de/crawler_faq.html)"
139.18.2.214 - - [31/Mar/2026:21:52:37 +0000] "GET /wp-includes/Requests/src/Cookie/?C=M;O=D HTTP/1.1" 200 852 "https://weddingswithjoy.org.nz/wp-includes/Requests/src/Cookie/?C=M;O=A" "LCC (+http://corpora.uni-leipzig.de/crawler_faq.html)"
74.7.227.41 - - [31/Mar/2026:21:52:44 +0000] "GET /wp-includes/sodium_compat/src/Core/Curve25519.php HTTP/1.1" 500 - "https://weddingswithjoy.org.nz/wp-includes/sodium_compat/src/Core/" "Mozilla/5.0 AppleWebKit/537.36 (KHTML, like Gecko; compatible; GPTBot/1.3; +https://openai.com/gptbot)"
139.18.2.214 - - [31/Mar/2026:21:52:50 +0000] "GET /wp-includes/Requests/src/Cookie/?C=S;O=D HTTP/1.1" 200 852 "https://weddingswithjoy.org.nz/wp-includes/Requests/src/Cookie/?C=S;O=A" "LCC (+http://corpora.uni-leipzig.de/crawler_faq.html)"
139.59.36.198 - - [31/Mar/2026:21:52:57 +0000] "GET / HTTP/1.1" 200 2980 "-" "Mozilla/5.0 (X11; Linux x86_64) AppleWebKit/537.36 (KHTML, like Gecko) Chrome/142.0.0.0 Safari/537.36"
139.59.36.198 - - [31/Mar/2026:21:53:00 +0000] "GET /favicon.ico HTTP/1.1" 404 - "https://45.79.238.235/" "Mozilla/5.0 (X11; Linux x86_64) AppleWebKit/537.36 (KHTML, like Gecko) Chrome/142.0.0.0 Safari/537.36"
139.18.2.214 - - [31/Mar/2026:21:53:02 +0000] "GET /wp-includes/Requests/src/Cookie/?C=D;O=D HTTP/1.1" 200 852 "https://weddingswithjoy.org.nz/wp-includes/Requests/src/Cookie/?C=D;O=A" "LCC (+http://corpora.uni-leipzig.de/crawler_faq.html)"
74.7.227.159 - - [31/Mar/2026:21:53:09 +0000] "GET /wp-includes/block-patterns/query-offset-posts.php HTTP/1.1" 500 - "https://www.qualityprecast.co.nz/wp-includes/block-patterns/" "Mozilla/5.0 AppleWebKit/537.36 (KHTML, like Gecko; compatible; GPTBot/1.3; +https://openai.com/gptbot)"
139.18.2.214 - - [31/Mar/2026:21:53:11 +0000] "GET /wp-includes/Requests/src/Exception/?C=N;O=A HTTP/1.1" 200 1763 "https://weddingswithjoy.org.nz/wp-includes/Requests/src/Exception/?C=N;O=D" "LCC (+http://corpora.uni-leipzig.de/crawler_faq.html)"
74.7.243.230 - - [31/Mar/2026:21:53:19 +0000] "GET /wp-includes/js/dist/development/ HTTP/1.1" 200 1453 "https://schoolofgolfnz.co.nz/wp-includes/js/dist/" "Mozilla/5.0 AppleWebKit/537.36 (KHTML, like Gecko; compatible; GPTBot/1.3; +https://openai.com/gptbot)"
139.18.2.214 - - [31/Mar/2026:21:53:23 +0000] "GET /wp-includes/Requests/src/Exception/?C=M;O=D HTTP/1.1" 200 1763 "https://weddingswithjoy.org.nz/wp-includes/Requests/src/Exception/?C=M;O=A" "LCC (+http://corpora.uni-leipzig.de/crawler_faq.html)"
139.18.2.214 - - [31/Mar/2026:21:53:34 +0000] "GET /wp-includes/Requests/src/Exception/?C=S;O=D HTTP/1.1" 200 1763 "https://weddingswithjoy.org.nz/wp-includes/Requests/src/Exception/?C=S;O=A" "LCC (+http://corpora.uni-leipzig.de/crawler_faq.html)"
74.7.227.41 - - [31/Mar/2026:21:53:41 +0000] "GET /wp-includes/sodium_compat/src/Core32/Poly1305/ HTTP/1.1" 200 894 "https://weddingswithjoy.org.nz/wp-includes/sodium_compat/src/Core32/" "Mozilla/5.0 AppleWebKit/537.36 (KHTML, like Gecko; compatible; GPTBot/1.3; +https://openai.com/gptbot)"
139.18.2.214 - - [31/Mar/2026:21:53:44 +0000] "GET /wp-includes/Requests/src/Exception/?C=D;O=D HTTP/1.1" 200 1763 "https://weddingswithjoy.org.nz/wp-includes/Requests/src/Exception/?C=D;O=A" "LCC (+http://corpora.uni-leipzig.de/crawler_faq.html)"
139.18.2.214 - - [31/Mar/2026:21:53:54 +0000] "GET /wp-includes/Requests/src/Exception/Http/?C=N;O=D HTTP/1.1" 200 6680 "https://weddingswithjoy.org.nz/wp-includes/Requests/src/Exception/Http/" "LCC (+http://corpora.uni-leipzig.de/crawler_faq.html)"
139.18.2.214 - - [31/Mar/2026:21:54:06 +0000] "GET /wp-includes/Requests/src/Exception/Http/?C=M;O=A HTTP/1.1" 200 6680 "https://weddingswithjoy.org.nz/wp-includes/Requests/src/Exception/Http/" "LCC (+http://corpora.uni-leipzig.de/crawler_faq.html)"
74.7.227.159 - - [31/Mar/2026:21:54:12 +0000] "GET /wp-includes/block-patterns/social-links-shared-background-color.php HTTP/1.1" 500 - "https://www.qualityprecast.co.nz/wp-includes/block-patterns/" "Mozilla/5.0 AppleWebKit/537.36 (KHTML, like Gecko; compatible; GPTBot/1.3; +https://openai.com/gptbot)"
74.7.243.230 - - [31/Mar/2026:21:54:13 +0000] "GET /wp-includes/js/dist/wordcount.js HTTP/1.1" 200 13572 "https://schoolofgolfnz.co.nz/wp-includes/js/dist/" "Mozilla/5.0 AppleWebKit/537.36 (KHTML, like Gecko; compatible; GPTBot/1.3; +https://openai.com/gptbot)"
139.18.2.214 - - [31/Mar/2026:21:54:14 +0000] "GET /wp-includes/Requests/src/Exception/Http/?C=S;O=A HTTP/1.1" 200 6680 "https://weddingswithjoy.org.nz/wp-includes/Requests/src/Exception/Http/" "LCC (+http://corpora.uni-leipzig.de/crawler_faq.html)"
139.18.2.214 - - [31/Mar/2026:21:54:24 +0000] "GET /wp-includes/Requests/src/Exception/Http/?C=D;O=A HTTP/1.1" 200 6680 "https://weddingswithjoy.org.nz/wp-includes/Requests/src/Exception/Http/" "LCC (+http://corpora.uni-leipzig.de/crawler_faq.html)"
139.18.2.214 - - [31/Mar/2026:21:54:34 +0000] "GET /wp-includes/Requests/src/Exception/Http/Status304.php HTTP/1.1" 500 - "https://weddingswithjoy.org.nz/wp-includes/Requests/src/Exception/Http/" "LCC (+http://corpora.uni-leipzig.de/crawler_faq.html)"
74.7.227.41 - - [31/Mar/2026:21:54:44 +0000] "GET /wp-includes/sodium_compat/src/Core/Ed25519.php HTTP/1.1" 500 - "https://weddingswithjoy.org.nz/wp-includes/sodium_compat/src/Core/" "Mozilla/5.0 AppleWebKit/537.36 (KHTML, like Gecko; compatible; GPTBot/1.3; +https://openai.com/gptbot)"
139.18.2.214 - - [31/Mar/2026:21:54:46 +0000] "GET /wp-includes/Requests/src/Exception/Http/Status305.php HTTP/1.1" 500 - "https://weddingswithjoy.org.nz/wp-includes/Requests/src/Exception/Http/" "LCC (+http://corpora.uni-leipzig.de/crawler_faq.html)"
139.18.2.214 - - [31/Mar/2026:21:54:56 +0000] "GET /wp-includes/Requests/src/Exception/Http/Status306.php HTTP/1.1" 500 - "https://weddingswithjoy.org.nz/wp-includes/Requests/src/Exception/Http/" "LCC (+http://corpora.uni-leipzig.de/crawler_faq.html)"
74.7.243.230 - - [31/Mar/2026:21:55:05 +0000] "GET /wp-includes/js/dist/components.js HTTP/1.1" 200 2502078 "https://schoolofgolfnz.co.nz/wp-includes/js/dist/" "Mozilla/5.0 AppleWebKit/537.36 (KHTML, like Gecko; compatible; GPTBot/1.3; +https://openai.com/gptbot)"
139.18.2.214 - - [31/Mar/2026:21:55:07 +0000] "GET /wp-includes/Requests/src/Exception/Http/Status400.php HTTP/1.1" 500 - "https://weddingswithjoy.org.nz/wp-includes/Requests/src/Exception/Http/" "LCC (+http://corpora.uni-leipzig.de/crawler_faq.html)"
74.7.227.159 - - [31/Mar/2026:21:55:16 +0000] "GET /wp-includes/block-bindings/post-data.php HTTP/1.1" 500 - "https://www.qualityprecast.co.nz/wp-includes/block-bindings/" "Mozilla/5.0 AppleWebKit/537.36 (KHTML, like Gecko; compatible; GPTBot/1.3; +https://openai.com/gptbot)"
139.18.2.214 - - [31/Mar/2026:21:55:20 +0000] "GET /wp-includes/Requests/src/Exception/Http/Status401.php HTTP/1.1" 500 - "https://weddingswithjoy.org.nz/wp-includes/Requests/src/Exception/Http/" "LCC (+http://corpora.uni-leipzig.de/crawler_faq.html)"
185.165.46.196 - - [31/Mar/2026:21:55:23 +0000] "GET //accesson.php HTTP/1.1" 404 16 "-" "Mozilla/5.0 (Windows NT 10.0; Win64; x64; rv:81.0) Gecko/20100101 Firefox/81.0"
185.165.46.196 - - [31/Mar/2026:21:55:24 +0000] "GET //assets/images/accesson.php HTTP/1.1" 404 - "-" "Mozilla/5.0 (Windows NT 10.0; Win64; x64; rv:81.0) Gecko/20100101 Firefox/81.0"
139.18.2.214 - - [31/Mar/2026:21:55:28 +0000] "GET /wp-includes/Requests/src/Exception/Http/Status402.php HTTP/1.1" 500 - "https://weddingswithjoy.org.nz/wp-includes/Requests/src/Exception/Http/" "LCC (+http://corpora.uni-leipzig.de/crawler_faq.html)"
139.18.2.214 - - [31/Mar/2026:21:55:37 +0000] "GET /wp-includes/Requests/src/Exception/Http/Status403.php HTTP/1.1" 500 - "https://weddingswithjoy.org.nz/wp-includes/Requests/src/Exception/Http/" "LCC (+http://corpora.uni-leipzig.de/crawler_faq.html)"
74.7.227.41 - - [31/Mar/2026:21:55:38 +0000] "GET /wp-includes/sodium_compat/src/Core/AEGIS128L.php HTTP/1.1" 500 - "https://weddingswithjoy.org.nz/wp-includes/sodium_compat/src/Core/" "Mozilla/5.0 AppleWebKit/537.36 (KHTML, like Gecko; compatible; GPTBot/1.3; +https://openai.com/gptbot)"
139.18.2.214 - - [31/Mar/2026:21:55:48 +0000] "GET /wp-includes/Requests/src/Exception/Http/Status404.php HTTP/1.1" 500 - "https://weddingswithjoy.org.nz/wp-includes/Requests/src/Exception/Http/" "LCC (+http://corpora.uni-leipzig.de/crawler_faq.html)"
74.7.243.230 - - [31/Mar/2026:21:55:52 +0000] "GET /wp-includes/js/plupload/moxie.js HTTP/1.1" 200 254342 "https://schoolofgolfnz.co.nz/wp-includes/js/plupload/" "Mozilla/5.0 AppleWebKit/537.36 (KHTML, like Gecko; compatible; GPTBot/1.3; +https://openai.com/gptbot)"
139.18.2.214 - - [31/Mar/2026:21:56:00 +0000] "GET /wp-includes/Requests/src/Exception/Http/Status405.php HTTP/1.1" 500 - "https://weddingswithjoy.org.nz/wp-includes/Requests/src/Exception/Http/" "LCC (+http://corpora.uni-leipzig.de/crawler_faq.html)"
139.18.2.214 - - [31/Mar/2026:21:56:11 +0000] "GET /wp-includes/Requests/src/Exception/Http/Status406.php HTTP/1.1" 500 - "https://weddingswithjoy.org.nz/wp-includes/Requests/src/Exception/Http/" "LCC (+http://corpora.uni-leipzig.de/crawler_faq.html)"
74.7.227.159 - - [31/Mar/2026:21:56:16 +0000] "GET /wp-includes/block-bindings/post-meta.php HTTP/1.1" 500 - "https://www.qualityprecast.co.nz/wp-includes/block-bindings/" "Mozilla/5.0 AppleWebKit/537.36 (KHTML, like Gecko; compatible; GPTBot/1.3; +https://openai.com/gptbot)"
139.18.2.214 - - [31/Mar/2026:21:56:22 +0000] "GET /wp-includes/Requests/src/Exception/Http/Status407.php HTTP/1.1" 500 - "https://weddingswithjoy.org.nz/wp-includes/Requests/src/Exception/Http/" "LCC (+http://corpora.uni-leipzig.de/crawler_faq.html)"
74.7.243.230 - - [31/Mar/2026:21:56:32 +0000] "GET /wp-includes/js/dist/shortcode.js HTTP/1.1" 200 10065 "https://schoolofgolfnz.co.nz/wp-includes/js/dist/" "Mozilla/5.0 AppleWebKit/537.36 (KHTML, like Gecko; compatible; GPTBot/1.3; +https://openai.com/gptbot)"
139.18.2.214 - - [31/Mar/2026:21:56:34 +0000] "GET /wp-includes/Requests/src/Exception/Http/Status408.php HTTP/1.1" 500 - "https://weddingswithjoy.org.nz/wp-includes/Requests/src/Exception/Http/" "LCC (+http://corpora.uni-leipzig.de/crawler_faq.html)"
74.7.227.41 - - [31/Mar/2026:21:56:42 +0000] "GET /wp-includes/sodium_compat/src/Core/Poly1305/State.php HTTP/1.1" 500 - "https://weddingswithjoy.org.nz/wp-includes/sodium_compat/src/Core/Poly1305/" "Mozilla/5.0 AppleWebKit/537.36 (KHTML, like Gecko; compatible; GPTBot/1.3; +https://openai.com/gptbot)"
139.18.2.214 - - [31/Mar/2026:21:56:44 +0000] "GET /wp-includes/Requests/src/Exception/Http/Status409.php HTTP/1.1" 500 - "https://weddingswithjoy.org.nz/wp-includes/Requests/src/Exception/Http/" "LCC (+http://corpora.uni-leipzig.de/crawler_faq.html)"
139.18.2.214 - - [31/Mar/2026:21:56:57 +0000] "GET /wp-includes/Requests/src/Exception/Http/Status410.php HTTP/1.1" 500 - "https://weddingswithjoy.org.nz/wp-includes/Requests/src/Exception/Http/" "LCC (+http://corpora.uni-leipzig.de/crawler_faq.html)"
139.18.2.214 - - [31/Mar/2026:21:57:08 +0000] "GET /wp-includes/Requests/src/Exception/Http/Status411.php HTTP/1.1" 500 - "https://weddingswithjoy.org.nz/wp-includes/Requests/src/Exception/Http/" "LCC (+http://corpora.uni-leipzig.de/crawler_faq.html)"
74.7.243.230 - - [31/Mar/2026:21:57:10 +0000] "GET /wp-includes/sodium_compat/src/Core/AES/ HTTP/1.1" 200 1241 "https://schoolofgolfnz.co.nz/wp-includes/sodium_compat/src/Core/" "Mozilla/5.0 AppleWebKit/537.36 (KHTML, like Gecko; compatible; GPTBot/1.3; +https://openai.com/gptbot)"
74.7.227.159 - - [31/Mar/2026:21:57:16 +0000] "GET /wp-includes/block-supports/block-style-variations.php HTTP/1.1" 500 - "https://www.qualityprecast.co.nz/wp-includes/block-supports/" "Mozilla/5.0 AppleWebKit/537.36 (KHTML, like Gecko; compatible; GPTBot/1.3; +https://openai.com/gptbot)"
139.18.2.214 - - [31/Mar/2026:21:57:19 +0000] "GET /wp-includes/Requests/src/Exception/Http/Status412.php HTTP/1.1" 500 - "https://weddingswithjoy.org.nz/wp-includes/Requests/src/Exception/Http/" "LCC (+http://corpora.uni-leipzig.de/crawler_faq.html)"
139.18.2.214 - - [31/Mar/2026:21:57:33 +0000] "GET /wp-includes/Requests/src/Exception/Http/Status413.php HTTP/1.1" 500 - "https://weddingswithjoy.org.nz/wp-includes/Requests/src/Exception/Http/" "LCC (+http://corpora.uni-leipzig.de/crawler_faq.html)"
74.7.227.41 - - [31/Mar/2026:21:57:44 +0000] "GET /wp-includes/sodium_compat/src/Core32/BLAKE2b.php HTTP/1.1" 500 - "https://weddingswithjoy.org.nz/wp-includes/sodium_compat/src/Core32/" "Mozilla/5.0 AppleWebKit/537.36 (KHTML, like Gecko; compatible; GPTBot/1.3; +https://openai.com/gptbot)"
74.7.243.230 - - [31/Mar/2026:21:57:44 +0000] "GET /wp-includes/sodium_compat/src/Core/AEGIS/ HTTP/1.1" 200 1066 "https://schoolofgolfnz.co.nz/wp-includes/sodium_compat/src/Core/" "Mozilla/5.0 AppleWebKit/537.36 (KHTML, like Gecko; compatible; GPTBot/1.3; +https://openai.com/gptbot)"
139.18.2.214 - - [31/Mar/2026:21:57:45 +0000] "GET /wp-includes/Requests/src/Exception/Http/Status414.php HTTP/1.1" 500 - "https://weddingswithjoy.org.nz/wp-includes/Requests/src/Exception/Http/" "LCC (+http://corpora.uni-leipzig.de/crawler_faq.html)"
139.18.2.214 - - [31/Mar/2026:21:57:53 +0000] "GET /wp-includes/Requests/src/Exception/Http/Status415.php HTTP/1.1" 500 - "https://weddingswithjoy.org.nz/wp-includes/Requests/src/Exception/Http/" "LCC (+http://corpora.uni-leipzig.de/crawler_faq.html)"
139.18.2.214 - - [31/Mar/2026:21:58:02 +0000] "GET /wp-includes/Requests/src/Exception/Http/Status416.php HTTP/1.1" 500 - "https://weddingswithjoy.org.nz/wp-includes/Requests/src/Exception/Http/" "LCC (+http://corpora.uni-leipzig.de/crawler_faq.html)"
74.7.227.159 - - [31/Mar/2026:21:58:19 +0000] "GET /wp-includes/block-supports/generated-classname.php HTTP/1.1" 500 - "https://www.qualityprecast.co.nz/wp-includes/block-supports/" "Mozilla/5.0 AppleWebKit/537.36 (KHTML, like Gecko; compatible; GPTBot/1.3; +https://openai.com/gptbot)"
139.18.2.214 - - [31/Mar/2026:21:58:19 +0000] "GET /wp-includes/Requests/src/Exception/Http/Status417.php HTTP/1.1" 500 - "https://weddingswithjoy.org.nz/wp-includes/Requests/src/Exception/Http/" "LCC (+http://corpora.uni-leipzig.de/crawler_faq.html)"
139.18.2.214 - - [31/Mar/2026:21:58:34 +0000] "GET /wp-includes/Requests/src/Exception/Http/Status418.php HTTP/1.1" 500 - "https://weddingswithjoy.org.nz/wp-includes/Requests/src/Exception/Http/" "LCC (+http://corpora.uni-leipzig.de/crawler_faq.html)"
74.7.243.230 - - [31/Mar/2026:21:58:40 +0000] "GET /wp-includes/sodium_compat/namespaced/Core/SipHash.php HTTP/1.1" 500 - "https://schoolofgolfnz.co.nz/wp-includes/sodium_compat/namespaced/Core/" "Mozilla/5.0 AppleWebKit/537.36 (KHTML, like Gecko; compatible; GPTBot/1.3; +https://openai.com/gptbot)"
74.7.227.41 - - [31/Mar/2026:21:58:44 +0000] "GET /wp-includes/pomo/plural-forms.php HTTP/1.1" 200 - "https://weddingswithjoy.org.nz/wp-includes/pomo/" "Mozilla/5.0 AppleWebKit/537.36 (KHTML, like Gecko; compatible; GPTBot/1.3; +https://openai.com/gptbot)"
139.18.2.214 - - [31/Mar/2026:21:58:44 +0000] "GET /wp-includes/Requests/src/Exception/Http/Status428.php HTTP/1.1" 500 - "https://weddingswithjoy.org.nz/wp-includes/Requests/src/Exception/Http/" "LCC (+http://corpora.uni-leipzig.de/crawler_faq.html)"
139.18.2.214 - - [31/Mar/2026:21:58:57 +0000] "GET /wp-includes/Requests/src/Exception/Http/Status429.php HTTP/1.1" 500 - "https://weddingswithjoy.org.nz/wp-includes/Requests/src/Exception/Http/" "LCC (+http://corpora.uni-leipzig.de/crawler_faq.html)"
74.7.243.230 - - [31/Mar/2026:21:59:07 +0000] "GET /wp-includes/js/dist/script-modules/block-editor/utils/fit-text-frontend.js HTTP/1.1" 200 4647 "https://schoolofgolfnz.co.nz/wp-includes/js/dist/script-modules/block-editor/utils/" "Mozilla/5.0 AppleWebKit/537.36 (KHTML, like Gecko; compatible; GPTBot/1.3; +https://openai.com/gptbot)"
139.18.2.214 - - [31/Mar/2026:21:59:12 +0000] "GET /wp-includes/Requests/src/Exception/Http/Status431.php HTTP/1.1" 500 - "https://weddingswithjoy.org.nz/wp-includes/Requests/src/Exception/Http/" "LCC (+http://corpora.uni-leipzig.de/crawler_faq.html)"
74.7.227.159 - - [31/Mar/2026:21:59:22 +0000] "GET /wp-includes/block-patterns/query-grid-posts.php HTTP/1.1" 500 - "https://www.qualityprecast.co.nz/wp-includes/block-patterns/" "Mozilla/5.0 AppleWebKit/537.36 (KHTML, like Gecko; compatible; GPTBot/1.3; +https://openai.com/gptbot)"
139.18.2.214 - - [31/Mar/2026:21:59:24 +0000] "GET /wp-includes/Requests/src/Exception/Http/Status500.php HTTP/1.1" 500 - "https://weddingswithjoy.org.nz/wp-includes/Requests/src/Exception/Http/" "LCC (+http://corpora.uni-leipzig.de/crawler_faq.html)"
139.18.2.214 - - [31/Mar/2026:21:59:35 +0000] "GET /wp-includes/Requests/src/Exception/Http/Status501.php HTTP/1.1" 500 - "https://weddingswithjoy.org.nz/wp-includes/Requests/src/Exception/Http/" "LCC (+http://corpora.uni-leipzig.de/crawler_faq.html)"
74.7.227.41 - - [31/Mar/2026:21:59:45 +0000] "GET /wp-includes/js/media-views.js HTTP/1.1" 200 273400 "https://weddingswithjoy.org.nz/wp-includes/js/" "Mozilla/5.0 AppleWebKit/537.36 (KHTML, like Gecko; compatible; GPTBot/1.3; +https://openai.com/gptbot)"
139.18.2.214 - - [31/Mar/2026:21:59:47 +0000] "GET /wp-includes/Requests/src/Exception/Http/Status502.php HTTP/1.1" 500 - "https://weddingswithjoy.org.nz/wp-includes/Requests/src/Exception/Http/" "LCC (+http://corpora.uni-leipzig.de/crawler_faq.html)"
139.18.2.214 - - [31/Mar/2026:21:59:59 +0000] "GET /wp-includes/Requests/src/Exception/Http/Status503.php HTTP/1.1" 500 - "https://weddingswithjoy.org.nz/wp-includes/Requests/src/Exception/Http/" "LCC (+http://corpora.uni-leipzig.de/crawler_faq.html)"
139.18.2.214 - - [31/Mar/2026:22:00:11 +0000] "GET /wp-includes/Requests/src/Exception/Http/Status504.php HTTP/1.1" 500 - "https://weddingswithjoy.org.nz/wp-includes/Requests/src/Exception/Http/" "LCC (+http://corpora.uni-leipzig.de/crawler_faq.html)"
74.7.243.230 - - [31/Mar/2026:22:00:12 +0000] "GET /wp-includes/SimplePie/src/HTTP/Psr18Client.php HTTP/1.1" 500 - "https://schoolofgolfnz.co.nz/wp-includes/SimplePie/src/HTTP/" "Mozilla/5.0 AppleWebKit/537.36 (KHTML, like Gecko; compatible; GPTBot/1.3; +https://openai.com/gptbot)"
139.18.2.214 - - [31/Mar/2026:22:00:20 +0000] "GET /wp-includes/Requests/src/Exception/Http/Status505.php HTTP/1.1" 500 - "https://weddingswithjoy.org.nz/wp-includes/Requests/src/Exception/Http/" "LCC (+http://corpora.uni-leipzig.de/crawler_faq.html)"
74.7.227.159 - - [31/Mar/2026:22:00:27 +0000] "GET /wp-includes/block-supports/custom-classname.php HTTP/1.1" 500 - "https://www.qualityprecast.co.nz/wp-includes/block-supports/" "Mozilla/5.0 AppleWebKit/537.36 (KHTML, like Gecko; compatible; GPTBot/1.3; +https://openai.com/gptbot)"
139.18.2.214 - - [31/Mar/2026:22:00:28 +0000] "GET /wp-includes/Requests/src/Exception/Http/Status511.php HTTP/1.1" 500 - "https://weddingswithjoy.org.nz/wp-includes/Requests/src/Exception/Http/" "LCC (+http://corpora.uni-leipzig.de/crawler_faq.html)"
139.18.2.214 - - [31/Mar/2026:22:00:38 +0000] "GET /wp-includes/Requests/src/Exception/Http/StatusUnknown.php HTTP/1.1" 500 - "https://weddingswithjoy.org.nz/wp-includes/Requests/src/Exception/Http/" "LCC (+http://corpora.uni-leipzig.de/crawler_faq.html)"
74.7.227.41 - - [31/Mar/2026:22:00:42 +0000] "GET /wp-includes/sodium_compat/src/Core32/ChaCha20/Ctx.php HTTP/1.1" 500 - "https://weddingswithjoy.org.nz/wp-includes/sodium_compat/src/Core32/ChaCha20/" "Mozilla/5.0 AppleWebKit/537.36 (KHTML, like Gecko; compatible; GPTBot/1.3; +https://openai.com/gptbot)"
139.18.2.214 - - [31/Mar/2026:22:00:47 +0000] "GET /wp-includes/Requests/src/Exception/Transport/?C=N;O=D HTTP/1.1" 200 889 "https://weddingswithjoy.org.nz/wp-includes/Requests/src/Exception/Transport/" "LCC (+http://corpora.uni-leipzig.de/crawler_faq.html)"
139.18.2.214 - - [31/Mar/2026:22:00:58 +0000] "GET /wp-includes/Requests/src/Exception/Transport/?C=M;O=A HTTP/1.1" 200 889 "https://weddingswithjoy.org.nz/wp-includes/Requests/src/Exception/Transport/" "LCC (+http://corpora.uni-leipzig.de/crawler_faq.html)"
74.7.243.230 - - [31/Mar/2026:22:01:07 +0000] "GET /wp-includes/js/dist/development/react-refresh-runtime.min.js HTTP/1.1" 200 24157 "https://schoolofgolfnz.co.nz/wp-includes/js/dist/development/" "Mozilla/5.0 AppleWebKit/537.36 (KHTML, like Gecko; compatible; GPTBot/1.3; +https://openai.com/gptbot)"
139.18.2.214 - - [31/Mar/2026:22:01:09 +0000] "GET /wp-includes/Requests/src/Exception/Transport/?C=S;O=A HTTP/1.1" 200 889 "https://weddingswithjoy.org.nz/wp-includes/Requests/src/Exception/Transport/" "LCC (+http://corpora.uni-leipzig.de/crawler_faq.html)"
139.18.2.214 - - [31/Mar/2026:22:01:18 +0000] "GET /wp-includes/Requests/src/Exception/Transport/?C=D;O=A HTTP/1.1" 200 889 "https://weddingswithjoy.org.nz/wp-includes/Requests/src/Exception/Transport/" "LCC (+http://corpora.uni-leipzig.de/crawler_faq.html)"
139.18.2.214 - - [31/Mar/2026:22:01:30 +0000] "GET /wp-includes/Requests/src/Exception/Transport/Curl.php HTTP/1.1" 500 - "https://weddingswithjoy.org.nz/wp-includes/Requests/src/Exception/Transport/" "LCC (+http://corpora.uni-leipzig.de/crawler_faq.html)"
74.7.227.159 - - [31/Mar/2026:22:01:30 +0000] "GET /wp-includes/block-supports/block-visibility.php HTTP/1.1" 500 - "https://www.qualityprecast.co.nz/wp-includes/block-supports/" "Mozilla/5.0 AppleWebKit/537.36 (KHTML, like Gecko; compatible; GPTBot/1.3; +https://openai.com/gptbot)"
74.7.227.41 - - [31/Mar/2026:22:01:34 +0000] "GET /wp-includes/sodium_compat/src/Core32/ChaCha20/IetfCtx.php HTTP/1.1" 500 - "https://weddingswithjoy.org.nz/wp-includes/sodium_compat/src/Core32/ChaCha20/" "Mozilla/5.0 AppleWebKit/537.36 (KHTML, like Gecko; compatible; GPTBot/1.3; +https://openai.com/gptbot)"
139.18.2.214 - - [31/Mar/2026:22:01:39 +0000] "GET /wp-includes/Requests/src/Proxy/?C=N;O=A HTTP/1.1" 200 851 "https://weddingswithjoy.org.nz/wp-includes/Requests/src/Proxy/?C=N;O=D" "LCC (+http://corpora.uni-leipzig.de/crawler_faq.html)"
139.18.2.214 - - [31/Mar/2026:22:01:50 +0000] "GET /wp-includes/Requests/src/Proxy/?C=M;O=D HTTP/1.1" 200 851 "https://weddingswithjoy.org.nz/wp-includes/Requests/src/Proxy/?C=M;O=A" "LCC (+http://corpora.uni-leipzig.de/crawler_faq.html)"
139.18.2.214 - - [31/Mar/2026:22:02:02 +0000] "GET /wp-includes/Requests/src/Proxy/?C=S;O=D HTTP/1.1" 200 851 "https://weddingswithjoy.org.nz/wp-includes/Requests/src/Proxy/?C=S;O=A" "LCC (+http://corpora.uni-leipzig.de/crawler_faq.html)"
74.7.243.230 - - [31/Mar/2026:22:02:12 +0000] "GET /wp-includes/js/dist/development/react-refresh-entry.min.js HTTP/1.1" 200 65771 "https://schoolofgolfnz.co.nz/wp-includes/js/dist/development/" "Mozilla/5.0 AppleWebKit/537.36 (KHTML, like Gecko; compatible; GPTBot/1.3; +https://openai.com/gptbot)"
139.18.2.214 - - [31/Mar/2026:22:02:13 +0000] "GET /wp-includes/Requests/src/Proxy/?C=D;O=D HTTP/1.1" 200 851 "https://weddingswithjoy.org.nz/wp-includes/Requests/src/Proxy/?C=D;O=A" "LCC (+http://corpora.uni-leipzig.de/crawler_faq.html)"
139.18.2.214 - - [31/Mar/2026:22:02:22 +0000] "GET /wp-includes/Requests/src/Response/?C=N;O=A HTTP/1.1" 200 860 "https://weddingswithjoy.org.nz/wp-includes/Requests/src/Response/?C=N;O=D" "LCC (+http://corpora.uni-leipzig.de/crawler_faq.html)"
139.18.2.214 - - [31/Mar/2026:22:02:32 +0000] "GET /wp-includes/Requests/src/Response/?C=M;O=D HTTP/1.1" 200 860 "https://weddingswithjoy.org.nz/wp-includes/Requests/src/Response/?C=M;O=A" "LCC (+http://corpora.uni-leipzig.de/crawler_faq.html)"
74.7.227.41 - - [31/Mar/2026:22:02:35 +0000] "GET /wp-includes/sodium_compat/src/Core/Curve25519/H.php HTTP/1.1" 500 - "https://weddingswithjoy.org.nz/wp-includes/sodium_compat/src/Core/Curve25519/" "Mozilla/5.0 AppleWebKit/537.36 (KHTML, like Gecko; compatible; GPTBot/1.3; +https://openai.com/gptbot)"
74.7.227.159 - - [31/Mar/2026:22:02:36 +0000] "GET /wp-includes/abilities-api/class-wp-ability.php HTTP/1.1" 200 - "https://www.qualityprecast.co.nz/wp-includes/abilities-api/" "Mozilla/5.0 AppleWebKit/537.36 (KHTML, like Gecko; compatible; GPTBot/1.3; +https://openai.com/gptbot)"
139.18.2.214 - - [31/Mar/2026:22:02:41 +0000] "GET /wp-includes/Requests/src/Response/?C=S;O=D HTTP/1.1" 200 860 "https://weddingswithjoy.org.nz/wp-includes/Requests/src/Response/?C=S;O=A" "LCC (+http://corpora.uni-leipzig.de/crawler_faq.html)"
139.18.2.214 - - [31/Mar/2026:22:02:51 +0000] "GET /wp-includes/Requests/src/Response/?C=D;O=D HTTP/1.1" 200 860 "https://weddingswithjoy.org.nz/wp-includes/Requests/src/Response/?C=D;O=A" "LCC (+http://corpora.uni-leipzig.de/crawler_faq.html)"
139.18.2.214 - - [31/Mar/2026:22:03:02 +0000] "GET /wp-includes/Requests/src/Transport/?C=N;O=A HTTP/1.1" 200 1040 "https://weddingswithjoy.org.nz/wp-includes/Requests/src/Transport/?C=N;O=D" "LCC (+http://corpora.uni-leipzig.de/crawler_faq.html)"
74.7.243.230 - - [31/Mar/2026:22:03:11 +0000] "GET /wp-includes/js/dist/index.module.js.map HTTP/1.1" 404 - "https://schoolofgolfnz.co.nz/wp-includes/js/dist/components.js" "Mozilla/5.0 AppleWebKit/537.36 (KHTML, like Gecko; compatible; GPTBot/1.3; +https://openai.com/gptbot)"
139.18.2.214 - - [31/Mar/2026:22:03:15 +0000] "GET /wp-includes/Requests/src/Transport/?C=M;O=D HTTP/1.1" 200 1040 "https://weddingswithjoy.org.nz/wp-includes/Requests/src/Transport/?C=M;O=A" "LCC (+http://corpora.uni-leipzig.de/crawler_faq.html)"
139.18.2.214 - - [31/Mar/2026:22:03:25 +0000] "GET /wp-includes/Requests/src/Transport/?C=S;O=D HTTP/1.1" 200 1040 "https://weddingswithjoy.org.nz/wp-includes/Requests/src/Transport/?C=S;O=A" "LCC (+http://corpora.uni-leipzig.de/crawler_faq.html)"
74.7.227.41 - - [31/Mar/2026:22:03:36 +0000] "GET /wp-includes/sodium_compat/src/Core/Curve25519/Fe.php HTTP/1.1" 200 - "https://weddingswithjoy.org.nz/wp-includes/sodium_compat/src/Core/Curve25519/" "Mozilla/5.0 AppleWebKit/537.36 (KHTML, like Gecko; compatible; GPTBot/1.3; +https://openai.com/gptbot)"
139.18.2.214 - - [31/Mar/2026:22:03:37 +0000] "GET /wp-includes/Requests/src/Transport/?C=D;O=D HTTP/1.1" 200 1040 "https://weddingswithjoy.org.nz/wp-includes/Requests/src/Transport/?C=D;O=A" "LCC (+http://corpora.uni-leipzig.de/crawler_faq.html)"
74.7.227.159 - - [31/Mar/2026:22:03:38 +0000] "GET /wp-includes/abilities-api/class-wp-abilities-registry.php HTTP/1.1" 200 - "https://www.qualityprecast.co.nz/wp-includes/abilities-api/" "Mozilla/5.0 AppleWebKit/537.36 (KHTML, like Gecko; compatible; GPTBot/1.3; +https://openai.com/gptbot)"
45.148.10.120 - - [31/Mar/2026:22:03:42 +0000] "GET /.aws/credentials HTTP/1.1" 404 - "-" "Mozilla/5.0 (iPad; CPU OS 8_0_2 like Mac OS X) AppleWebKit/600.1.4 (KHTML like Gecko) Mobile/12A405 Version/7.0 Safari/9537.53"
45.148.10.120 - - [31/Mar/2026:22:03:42 +0000] "GET /aws.env HTTP/1.1" 404 - "-" "Mozilla/5.0 (Windows NT 6.1; Win64; x64; rv:35.0) Gecko/20100101 Firefox/35.0"
45.148.10.120 - - [31/Mar/2026:22:03:42 +0000] "GET /.env HTTP/1.1" 404 - "-" "Mozilla/5.0 (Linux; Android 8.1.0; Moto G (5S) Plus) AppleWebKit/537.36 (KHTML, like Gecko) Chrome/75.0.3770.101 Mobile Safari/537.36"
45.148.10.120 - - [31/Mar/2026:22:03:42 +0000] "GET /.env.production HTTP/1.1" 404 - "-" "Mozilla/5.0 (Macintosh; Intel Mac OS X 10_10_1) AppleWebKit/537.36 (KHTML, like Gecko) Chrome/41.0.2227.1 Safari/537.36"
139.18.2.214 - - [31/Mar/2026:22:03:48 +0000] "GET /wp-includes/Requests/src/Utility/?C=N;O=A HTTP/1.1" 200 1253 "https://weddingswithjoy.org.nz/wp-includes/Requests/src/Utility/?C=N;O=D" "LCC (+http://corpora.uni-leipzig.de/crawler_faq.html)"
139.18.2.214 - - [31/Mar/2026:22:03:57 +0000] "GET /wp-includes/Requests/src/Utility/?C=M;O=D HTTP/1.1" 200 1253 "https://weddingswithjoy.org.nz/wp-includes/Requests/src/Utility/?C=M;O=A" "LCC (+http://corpora.uni-leipzig.de/crawler_faq.html)"
74.7.243.230 - - [31/Mar/2026:22:04:02 +0000] "GET /wp-includes/js/dist/development/react-refresh-runtime.js HTTP/1.1" 200 24157 "https://schoolofgolfnz.co.nz/wp-includes/js/dist/development/" "Mozilla/5.0 AppleWebKit/537.36 (KHTML, like Gecko; compatible; GPTBot/1.3; +https://openai.com/gptbot)"
139.18.2.214 - - [31/Mar/2026:22:04:08 +0000] "GET /wp-includes/Requests/src/Utility/?C=S;O=D HTTP/1.1" 200 1253 "https://weddingswithjoy.org.nz/wp-includes/Requests/src/Utility/?C=S;O=A" "LCC (+http://corpora.uni-leipzig.de/crawler_faq.html)"
139.18.2.214 - - [31/Mar/2026:22:04:21 +0000] "GET /wp-includes/Requests/src/Utility/?C=D;O=D HTTP/1.1" 200 1253 "https://weddingswithjoy.org.nz/wp-includes/Requests/src/Utility/?C=D;O=A" "LCC (+http://corpora.uni-leipzig.de/crawler_faq.html)"
139.18.2.214 - - [31/Mar/2026:22:04:32 +0000] "GET /wp-includes/SimplePie/library/SimplePie/?C=N;O=A HTTP/1.1" 200 5664 "https://weddingswithjoy.org.nz/wp-includes/SimplePie/library/SimplePie/?C=N;O=D" "LCC (+http://corpora.uni-leipzig.de/crawler_faq.html)"
74.7.227.159 - - [31/Mar/2026:22:04:37 +0000] "GET /wp-includes/sodium_compat/composer.json HTTP/1.1" 200 1608 "https://www.qualityprecast.co.nz/wp-includes/sodium_compat/" "Mozilla/5.0 AppleWebKit/537.36 (KHTML, like Gecko; compatible; GPTBot/1.3; +https://openai.com/gptbot)"
74.7.227.41 - - [31/Mar/2026:22:04:42 +0000] "GET /wp-includes/js/api-request.js HTTP/1.1" 200 3324 "https://weddingswithjoy.org.nz/wp-includes/js/" "Mozilla/5.0 AppleWebKit/537.36 (KHTML, like Gecko; compatible; GPTBot/1.3; +https://openai.com/gptbot)"
139.18.2.214 - - [31/Mar/2026:22:04:46 +0000] "GET /wp-includes/SimplePie/library/SimplePie/?C=M;O=D HTTP/1.1" 200 5664 "https://weddingswithjoy.org.nz/wp-includes/SimplePie/library/SimplePie/?C=M;O=A" "LCC (+http://corpora.uni-leipzig.de/crawler_faq.html)"
74.7.243.230 - - [31/Mar/2026:22:04:53 +0000] "GET /wp-includes/js/dist/development/react-refresh-entry.js HTTP/1.1" 200 65771 "https://schoolofgolfnz.co.nz/wp-includes/js/dist/development/" "Mozilla/5.0 AppleWebKit/537.36 (KHTML, like Gecko; compatible; GPTBot/1.3; +https://openai.com/gptbot)"
139.18.2.214 - - [31/Mar/2026:22:04:56 +0000] "GET /wp-includes/SimplePie/library/SimplePie/?C=S;O=D HTTP/1.1" 200 5664 "https://weddingswithjoy.org.nz/wp-includes/SimplePie/library/SimplePie/?C=S;O=A" "LCC (+http://corpora.uni-leipzig.de/crawler_faq.html)"
139.18.2.214 - - [31/Mar/2026:22:05:09 +0000] "GET /wp-includes/SimplePie/library/SimplePie/?C=D;O=D HTTP/1.1" 200 5664 "https://weddingswithjoy.org.nz/wp-includes/SimplePie/library/SimplePie/?C=D;O=A" "LCC (+http://corpora.uni-leipzig.de/crawler_faq.html)"
139.18.2.214 - - [31/Mar/2026:22:05:21 +0000] "GET /wp-includes/SimplePie/library/SimplePie/Cache/?C=N;O=D HTTP/1.1" 200 1961 "https://weddingswithjoy.org.nz/wp-includes/SimplePie/library/SimplePie/Cache/" "LCC (+http://corpora.uni-leipzig.de/crawler_faq.html)"
74.7.227.159 - - [31/Mar/2026:22:05:27 +0000] "GET /wp-includes/block-supports/background.php HTTP/1.1" 500 - "https://www.qualityprecast.co.nz/wp-includes/block-supports/" "Mozilla/5.0 AppleWebKit/537.36 (KHTML, like Gecko; compatible; GPTBot/1.3; +https://openai.com/gptbot)"
139.18.2.214 - - [31/Mar/2026:22:05:32 +0000] "GET /wp-includes/SimplePie/library/SimplePie/Cache/?C=M;O=A HTTP/1.1" 200 1961 "https://weddingswithjoy.org.nz/wp-includes/SimplePie/library/SimplePie/Cache/" "LCC (+http://corpora.uni-leipzig.de/crawler_faq.html)"
74.7.227.41 - - [31/Mar/2026:22:05:38 +0000] "GET /wp-includes/js/twemoji.min.js HTTP/1.1" 200 19858 "https://weddingswithjoy.org.nz/wp-includes/js/" "Mozilla/5.0 AppleWebKit/537.36 (KHTML, like Gecko; compatible; GPTBot/1.3; +https://openai.com/gptbot)"
74.7.243.230 - - [31/Mar/2026:22:05:40 +0000] "GET /wp-includes/js/plupload/'%20+%20dataUrl%20+%20' HTTP/1.1" 404 - "https://schoolofgolfnz.co.nz/wp-includes/js/plupload/moxie.js" "Mozilla/5.0 AppleWebKit/537.36 (KHTML, like Gecko; compatible; GPTBot/1.3; +https://openai.com/gptbot)"
139.18.2.214 - - [31/Mar/2026:22:05:45 +0000] "GET /wp-includes/SimplePie/library/SimplePie/Cache/?C=S;O=A HTTP/1.1" 200 1961 "https://weddingswithjoy.org.nz/wp-includes/SimplePie/library/SimplePie/Cache/" "LCC (+http://corpora.uni-leipzig.de/crawler_faq.html)"
139.18.2.214 - - [31/Mar/2026:22:05:57 +0000] "GET /wp-includes/SimplePie/library/SimplePie/Cache/?C=D;O=A HTTP/1.1" 200 1961 "https://weddingswithjoy.org.nz/wp-includes/SimplePie/library/SimplePie/Cache/" "LCC (+http://corpora.uni-leipzig.de/crawler_faq.html)"
139.18.2.214 - - [31/Mar/2026:22:06:12 +0000] "GET /wp-includes/SimplePie/library/SimplePie/Cache/Base.php HTTP/1.1" 200 - "https://weddingswithjoy.org.nz/wp-includes/SimplePie/library/SimplePie/Cache/" "LCC (+http://corpora.uni-leipzig.de/crawler_faq.html)"
