74.7.243.230 - - [31/Mar/2026:19:52:26 +0000] "GET /wp-includes/js/media-views.js HTTP/1.1" 200 273400 "https://schoolofgolfnz.co.nz/wp-includes/js/" "Mozilla/5.0 AppleWebKit/537.36 (KHTML, like Gecko; compatible; GPTBot/1.3; +https://openai.com/gptbot)"
139.18.2.214 - - [31/Mar/2026:19:52:36 +0000] "GET /wp-includes/js/jquery/ui/ HTTP/1.1" 200 14188 "https://weddingswithjoy.org.nz/wp-includes/js/jquery/" "LCC (+http://corpora.uni-leipzig.de/crawler_faq.html)"
74.7.227.159 - - [31/Mar/2026:19:52:38 +0000] "GET /wp-includes/class-wp-block-parser-block.php HTTP/1.1" 200 - "https://www.qualityprecast.co.nz/wp-includes/" "Mozilla/5.0 AppleWebKit/537.36 (KHTML, like Gecko; compatible; GPTBot/1.3; +https://openai.com/gptbot)"
74.7.227.41 - - [31/Mar/2026:19:52:46 +0000] "GET /wp-includes/PHPMailer/DSNConfigurator.php HTTP/1.1" 200 - "https://weddingswithjoy.org.nz/wp-includes/PHPMailer/" "Mozilla/5.0 AppleWebKit/537.36 (KHTML, like Gecko; compatible; GPTBot/1.3; +https://openai.com/gptbot)"
139.18.2.214 - - [31/Mar/2026:19:52:48 +0000] "GET /wp-includes/js/mediaelement/?C=N;O=D HTTP/1.1" 200 4277 "https://weddingswithjoy.org.nz/wp-includes/js/mediaelement/" "LCC (+http://corpora.uni-leipzig.de/crawler_faq.html)"
139.18.2.214 - - [31/Mar/2026:19:53:00 +0000] "GET /wp-includes/js/mediaelement/?C=M;O=A HTTP/1.1" 200 4277 "https://weddingswithjoy.org.nz/wp-includes/js/mediaelement/" "LCC (+http://corpora.uni-leipzig.de/crawler_faq.html)"
54.166.77.155 - - [31/Mar/2026:19:53:09 +0000] "GET /robots.txt HTTP/1.1" 304 - "-" "Mozilla/5.0 (Macintosh; Intel Mac OS X 10_10_1) AppleWebKit/600.2.5 (KHTML, like Gecko) Version/8.0.2 Safari/600.2.5 (Gort)"
139.18.2.214 - - [31/Mar/2026:19:53:12 +0000] "GET /wp-includes/js/mediaelement/?C=S;O=A HTTP/1.1" 200 4277 "https://weddingswithjoy.org.nz/wp-includes/js/mediaelement/" "LCC (+http://corpora.uni-leipzig.de/crawler_faq.html)"
74.7.227.159 - - [31/Mar/2026:19:53:19 +0000] "GET /wp-includes/class-wp-locale-switcher.php HTTP/1.1" 200 - "https://www.qualityprecast.co.nz/wp-includes/" "Mozilla/5.0 AppleWebKit/537.36 (KHTML, like Gecko; compatible; GPTBot/1.3; +https://openai.com/gptbot)"
74.7.243.230 - - [31/Mar/2026:19:53:22 +0000] "GET /wp-includes/js/twemoji.min.js HTTP/1.1" 200 19858 "https://schoolofgolfnz.co.nz/wp-includes/js/" "Mozilla/5.0 AppleWebKit/537.36 (KHTML, like Gecko; compatible; GPTBot/1.3; +https://openai.com/gptbot)"
139.18.2.214 - - [31/Mar/2026:19:53:26 +0000] "GET /wp-includes/js/mediaelement/?C=D;O=A HTTP/1.1" 200 4277 "https://weddingswithjoy.org.nz/wp-includes/js/mediaelement/" "LCC (+http://corpora.uni-leipzig.de/crawler_faq.html)"
74.7.227.41 - - [31/Mar/2026:19:53:27 +0000] "GET /wp-includes/PHPMailer/OAuthTokenProvider.php HTTP/1.1" 200 - "https://weddingswithjoy.org.nz/wp-includes/PHPMailer/" "Mozilla/5.0 AppleWebKit/537.36 (KHTML, like Gecko; compatible; GPTBot/1.3; +https://openai.com/gptbot)"
139.18.2.214 - - [31/Mar/2026:19:53:41 +0000] "GET /wp-includes/js/mediaelement/renderers/ HTTP/1.1" 200 1048 "https://weddingswithjoy.org.nz/wp-includes/js/mediaelement/" "LCC (+http://corpora.uni-leipzig.de/crawler_faq.html)"
74.7.227.159 - - [31/Mar/2026:19:53:57 +0000] "GET /wp-includes/class-wp-block-processor.php HTTP/1.1" 200 - "https://www.qualityprecast.co.nz/wp-includes/" "Mozilla/5.0 AppleWebKit/537.36 (KHTML, like Gecko; compatible; GPTBot/1.3; +https://openai.com/gptbot)"
139.18.2.214 - - [31/Mar/2026:19:53:57 +0000] "GET /wp-includes/js/plupload/?C=N;O=D HTTP/1.1" 200 2278 "https://weddingswithjoy.org.nz/wp-includes/js/plupload/" "LCC (+http://corpora.uni-leipzig.de/crawler_faq.html)"
74.7.227.41 - - [31/Mar/2026:19:54:05 +0000] "GET /wp-includes/PHPMailer/OAuth.php HTTP/1.1" 500 - "https://weddingswithjoy.org.nz/wp-includes/PHPMailer/" "Mozilla/5.0 AppleWebKit/537.36 (KHTML, like Gecko; compatible; GPTBot/1.3; +https://openai.com/gptbot)"
139.18.2.214 - - [31/Mar/2026:19:54:12 +0000] "GET /wp-includes/js/plupload/?C=M;O=A HTTP/1.1" 200 2278 "https://weddingswithjoy.org.nz/wp-includes/js/plupload/" "LCC (+http://corpora.uni-leipzig.de/crawler_faq.html)"
74.7.243.230 - - [31/Mar/2026:19:54:13 +0000] "GET /wp-includes/js/jquery/ui/effect-highlight.min.js HTTP/1.1" 200 648 "https://schoolofgolfnz.co.nz/wp-includes/js/jquery/ui/" "Mozilla/5.0 AppleWebKit/537.36 (KHTML, like Gecko; compatible; GPTBot/1.3; +https://openai.com/gptbot)"
139.18.2.214 - - [31/Mar/2026:19:54:24 +0000] "GET /wp-includes/js/plupload/?C=S;O=A HTTP/1.1" 200 2278 "https://weddingswithjoy.org.nz/wp-includes/js/plupload/" "LCC (+http://corpora.uni-leipzig.de/crawler_faq.html)"
74.7.227.159 - - [31/Mar/2026:19:54:31 +0000] "GET /wp-includes/class-wp-http-requests-response.php HTTP/1.1" 500 - "https://www.qualityprecast.co.nz/wp-includes/" "Mozilla/5.0 AppleWebKit/537.36 (KHTML, like Gecko; compatible; GPTBot/1.3; +https://openai.com/gptbot)"
139.18.2.214 - - [31/Mar/2026:19:54:33 +0000] "GET /wp-includes/js/plupload/?C=D;O=A HTTP/1.1" 200 2278 "https://weddingswithjoy.org.nz/wp-includes/js/plupload/" "LCC (+http://corpora.uni-leipzig.de/crawler_faq.html)"
74.7.227.41 - - [31/Mar/2026:19:54:38 +0000] "GET /wp-includes/PHPMailer/SMTP.php HTTP/1.1" 200 - "https://weddingswithjoy.org.nz/wp-includes/PHPMailer/" "Mozilla/5.0 AppleWebKit/537.36 (KHTML, like Gecko; compatible; GPTBot/1.3; +https://openai.com/gptbot)"
139.18.2.214 - - [31/Mar/2026:19:54:42 +0000] "GET /wp-includes/js/plupload/license.txt HTTP/1.1" 200 17987 "https://weddingswithjoy.org.nz/wp-includes/js/plupload/" "LCC (+http://corpora.uni-leipzig.de/crawler_faq.html)"
139.18.2.214 - - [31/Mar/2026:19:54:57 +0000] "GET /wp-includes/js/swfupload/?C=N;O=D HTTP/1.1" 200 1374 "https://weddingswithjoy.org.nz/wp-includes/js/swfupload/" "LCC (+http://corpora.uni-leipzig.de/crawler_faq.html)"
74.7.227.159 - - [31/Mar/2026:19:54:59 +0000] "GET /wp-includes/registration-functions.php HTTP/1.1" 500 - "https://www.qualityprecast.co.nz/wp-includes/" "Mozilla/5.0 AppleWebKit/537.36 (KHTML, like Gecko; compatible; GPTBot/1.3; +https://openai.com/gptbot)"
74.7.243.230 - - [31/Mar/2026:19:55:01 +0000] "GET /wp-includes/js/media-views.min.js HTTP/1.1" 200 110772 "https://schoolofgolfnz.co.nz/wp-includes/js/" "Mozilla/5.0 AppleWebKit/537.36 (KHTML, like Gecko; compatible; GPTBot/1.3; +https://openai.com/gptbot)"
139.18.2.214 - - [31/Mar/2026:19:55:08 +0000] "GET /wp-includes/js/swfupload/?C=M;O=A HTTP/1.1" 200 1374 "https://weddingswithjoy.org.nz/wp-includes/js/swfupload/" "LCC (+http://corpora.uni-leipzig.de/crawler_faq.html)"
139.18.2.214 - - [31/Mar/2026:19:55:18 +0000] "GET /wp-includes/js/swfupload/?C=S;O=A HTTP/1.1" 200 1374 "https://weddingswithjoy.org.nz/wp-includes/js/swfupload/" "LCC (+http://corpora.uni-leipzig.de/crawler_faq.html)"
139.18.2.214 - - [31/Mar/2026:19:55:29 +0000] "GET /wp-includes/js/swfupload/?C=D;O=A HTTP/1.1" 200 1374 "https://weddingswithjoy.org.nz/wp-includes/js/swfupload/" "LCC (+http://corpora.uni-leipzig.de/crawler_faq.html)"
139.18.2.214 - - [31/Mar/2026:19:55:38 +0000] "GET /wp-includes/js/swfupload/license.txt HTTP/1.1" 200 - "https://weddingswithjoy.org.nz/wp-includes/js/swfupload/" "LCC (+http://corpora.uni-leipzig.de/crawler_faq.html)"
74.7.227.41 - - [31/Mar/2026:19:55:40 +0000] "GET /wp-includes/sodium_compat/namespaced/Core/Curve25519/ HTTP/1.1" 200 1254 "https://weddingswithjoy.org.nz/wp-includes/sodium_compat/namespaced/Core/" "Mozilla/5.0 AppleWebKit/537.36 (KHTML, like Gecko; compatible; GPTBot/1.3; +https://openai.com/gptbot)"
43.159.141.150 - - [31/Mar/2026:19:55:42 +0000] "GET /wp-includes/bookmark-template.php HTTP/1.1" 200 - "-" "Mozilla/5.0 (iPhone; CPU iPhone OS 13_2_3 like Mac OS X) AppleWebKit/605.1.15 (KHTML, like Gecko) Version/13.0.3 Mobile/15E148 Safari/604.1"
74.7.243.230 - - [31/Mar/2026:19:55:42 +0000] "GET /wp-includes/js/media-grid.min.js HTTP/1.1" 200 13294 "https://schoolofgolfnz.co.nz/wp-includes/js/" "Mozilla/5.0 AppleWebKit/537.36 (KHTML, like Gecko; compatible; GPTBot/1.3; +https://openai.com/gptbot)"
139.18.2.214 - - [31/Mar/2026:19:55:50 +0000] "GET /wp-includes/js/thickbox/?C=N;O=D HTTP/1.1" 200 1381 "https://weddingswithjoy.org.nz/wp-includes/js/thickbox/" "LCC (+http://corpora.uni-leipzig.de/crawler_faq.html)"
139.18.2.214 - - [31/Mar/2026:19:56:00 +0000] "GET /wp-includes/js/thickbox/?C=M;O=A HTTP/1.1" 200 1381 "https://weddingswithjoy.org.nz/wp-includes/js/thickbox/" "LCC (+http://corpora.uni-leipzig.de/crawler_faq.html)"
74.7.227.159 - - [31/Mar/2026:19:56:04 +0000] "GET /wp-includes/class-wp-script-modules.php HTTP/1.1" 200 - "https://www.qualityprecast.co.nz/wp-includes/" "Mozilla/5.0 AppleWebKit/537.36 (KHTML, like Gecko; compatible; GPTBot/1.3; +https://openai.com/gptbot)"
139.18.2.214 - - [31/Mar/2026:19:56:14 +0000] "GET /wp-includes/js/thickbox/?C=S;O=A HTTP/1.1" 200 1381 "https://weddingswithjoy.org.nz/wp-includes/js/thickbox/" "LCC (+http://corpora.uni-leipzig.de/crawler_faq.html)"
74.7.243.230 - - [31/Mar/2026:19:56:20 +0000] "GET /wp-includes/js/dist/script-modules/interactivity-router/ HTTP/1.1" 200 47691 "https://schoolofgolfnz.co.nz/wp-includes/js/dist/script-modules/" "Mozilla/5.0 AppleWebKit/537.36 (KHTML, like Gecko; compatible; GPTBot/1.3; +https://openai.com/gptbot)"
139.18.2.214 - - [31/Mar/2026:19:56:23 +0000] "GET /wp-includes/js/thickbox/?C=D;O=A HTTP/1.1" 200 1381 "https://weddingswithjoy.org.nz/wp-includes/js/thickbox/" "LCC (+http://corpora.uni-leipzig.de/crawler_faq.html)"
139.18.2.214 - - [31/Mar/2026:19:56:33 +0000] "GET /wp-includes/js/tinymce/?C=N;O=D HTTP/1.1" 200 2431 "https://weddingswithjoy.org.nz/wp-includes/js/tinymce/" "LCC (+http://corpora.uni-leipzig.de/crawler_faq.html)"
74.7.227.41 - - [31/Mar/2026:19:56:35 +0000] "GET /wp-includes/PHPMailer/Exception.php HTTP/1.1" 200 - "https://weddingswithjoy.org.nz/wp-includes/PHPMailer/" "Mozilla/5.0 AppleWebKit/537.36 (KHTML, like Gecko; compatible; GPTBot/1.3; +https://openai.com/gptbot)"
139.18.2.214 - - [31/Mar/2026:19:56:45 +0000] "GET /wp-includes/js/tinymce/?C=M;O=A HTTP/1.1" 200 2431 "https://weddingswithjoy.org.nz/wp-includes/js/tinymce/" "LCC (+http://corpora.uni-leipzig.de/crawler_faq.html)"
74.7.243.230 - - [31/Mar/2026:19:56:54 +0000] "GET /wp-includes/js/crop/marqueeHoriz.gif HTTP/1.1" 200 277 "https://schoolofgolfnz.co.nz/wp-includes/js/crop/" "Mozilla/5.0 AppleWebKit/537.36 (KHTML, like Gecko; compatible; GPTBot/1.3; +https://openai.com/gptbot)"
139.18.2.214 - - [31/Mar/2026:19:56:55 +0000] "GET /wp-includes/js/tinymce/?C=S;O=A HTTP/1.1" 200 2431 "https://weddingswithjoy.org.nz/wp-includes/js/tinymce/" "LCC (+http://corpora.uni-leipzig.de/crawler_faq.html)"
74.7.227.159 - - [31/Mar/2026:19:57:06 +0000] "GET /wp-includes/class-wp-simplepie-file.php HTTP/1.1" 500 - "https://www.qualityprecast.co.nz/wp-includes/" "Mozilla/5.0 AppleWebKit/537.36 (KHTML, like Gecko; compatible; GPTBot/1.3; +https://openai.com/gptbot)"
139.18.2.214 - - [31/Mar/2026:19:57:07 +0000] "GET /wp-includes/js/tinymce/?C=D;O=A HTTP/1.1" 200 2431 "https://weddingswithjoy.org.nz/wp-includes/js/tinymce/" "LCC (+http://corpora.uni-leipzig.de/crawler_faq.html)"
139.18.2.214 - - [31/Mar/2026:19:57:16 +0000] "GET /wp-includes/js/tinymce/langs/ HTTP/1.1" 200 851 "https://weddingswithjoy.org.nz/wp-includes/js/tinymce/" "LCC (+http://corpora.uni-leipzig.de/crawler_faq.html)"
74.7.227.41 - - [31/Mar/2026:19:57:24 +0000] "GET /wp-includes/sodium_compat/namespaced/Core/Poly1305.php HTTP/1.1" 500 - "https://weddingswithjoy.org.nz/wp-includes/sodium_compat/namespaced/Core/" "Mozilla/5.0 AppleWebKit/537.36 (KHTML, like Gecko; compatible; GPTBot/1.3; +https://openai.com/gptbot)"
139.18.2.214 - - [31/Mar/2026:19:57:25 +0000] "GET /wp-includes/js/tinymce/license.txt HTTP/1.1" 200 26441 "https://weddingswithjoy.org.nz/wp-includes/js/tinymce/" "LCC (+http://corpora.uni-leipzig.de/crawler_faq.html)"
74.7.243.230 - - [31/Mar/2026:19:57:25 +0000] "GET /wp-includes/rest-api/fields/ HTTP/1.1" 200 1688 "https://schoolofgolfnz.co.nz/wp-includes/rest-api/" "Mozilla/5.0 AppleWebKit/537.36 (KHTML, like Gecko; compatible; GPTBot/1.3; +https://openai.com/gptbot)"
47.89.242.23 - - [31/Mar/2026:19:57:35 +0000] "GET / HTTP/1.1" 200 2980 "-" "Mozilla/5.0 (Windows NT 10.0; Win64; x64) AppleWebKit/537.36 (KHTML, like Gecko) Chrome/134.0.0.0 Safari/537.36 Edg/134.0.0.0"
139.18.2.214 - - [31/Mar/2026:19:57:36 +0000] "GET /wp-includes/js/tinymce/plugins/ HTTP/1.1" 200 4566 "https://weddingswithjoy.org.nz/wp-includes/js/tinymce/" "LCC (+http://corpora.uni-leipzig.de/crawler_faq.html)"
139.18.2.214 - - [31/Mar/2026:19:57:45 +0000] "GET /wp-includes/js/tinymce/skins/ HTTP/1.1" 200 1025 "https://weddingswithjoy.org.nz/wp-includes/js/tinymce/" "LCC (+http://corpora.uni-leipzig.de/crawler_faq.html)"
74.7.243.230 - - [31/Mar/2026:19:57:52 +0000] "GET /wp-includes/js/utils.min.js HTTP/1.1" 200 1864 "https://schoolofgolfnz.co.nz/wp-includes/js/" "Mozilla/5.0 AppleWebKit/537.36 (KHTML, like Gecko; compatible; GPTBot/1.3; +https://openai.com/gptbot)"
139.18.2.214 - - [31/Mar/2026:19:57:54 +0000] "GET /wp-includes/js/tinymce/themes/ HTTP/1.1" 200 1021 "https://weddingswithjoy.org.nz/wp-includes/js/tinymce/" "LCC (+http://corpora.uni-leipzig.de/crawler_faq.html)"
47.89.242.23 - - [31/Mar/2026:19:58:02 +0000] "GET /xmlrpc.php HTTP/1.1" 500 - "https://www.qualityprecast.co.nz/" "Mozilla/5.0 (Windows NT 10.0; Win64; x64) AppleWebKit/537.36 (KHTML, like Gecko) Chrome/134.0.0.0 Safari/537.36 Edg/134.0.0.0"
139.18.2.214 - - [31/Mar/2026:19:58:03 +0000] "GET /wp-includes/js/tinymce/utils/ HTTP/1.1" 200 1393 "https://weddingswithjoy.org.nz/wp-includes/js/tinymce/" "LCC (+http://corpora.uni-leipzig.de/crawler_faq.html)"
47.89.242.23 - - [31/Mar/2026:19:58:03 +0000] "GET /wp-signup.php HTTP/1.1" 500 - "https://www.qualityprecast.co.nz/" "Mozilla/5.0 (Windows NT 10.0; Win64; x64) AppleWebKit/537.36 (KHTML, like Gecko) Chrome/134.0.0.0 Safari/537.36 Edg/134.0.0.0"
47.89.242.23 - - [31/Mar/2026:19:58:04 +0000] "GET /wp-login.php HTTP/1.1" 500 - "https://www.qualityprecast.co.nz/" "Mozilla/5.0 (Windows NT 10.0; Win64; x64) AppleWebKit/537.36 (KHTML, like Gecko) Chrome/134.0.0.0 Safari/537.36 Edg/134.0.0.0"
74.7.227.159 - - [31/Mar/2026:19:58:05 +0000] "GET /wp-includes/?C=S;O=D HTTP/1.1" 200 52987 "https://www.qualityprecast.co.nz/wp-includes/?C=S;O=A" "Mozilla/5.0 AppleWebKit/537.36 (KHTML, like Gecko; compatible; GPTBot/1.3; +https://openai.com/gptbot)"
47.89.242.23 - - [31/Mar/2026:19:58:09 +0000] "GET /wp-links-opml.php HTTP/1.1" 500 - "https://www.qualityprecast.co.nz/" "Mozilla/5.0 (Windows NT 10.0; Win64; x64) AppleWebKit/537.36 (KHTML, like Gecko) Chrome/134.0.0.0 Safari/537.36 Edg/134.0.0.0"
74.7.227.41 - - [31/Mar/2026:19:58:11 +0000] "GET /wp-includes/class-pop3.php HTTP/1.1" 200 - "https://weddingswithjoy.org.nz/wp-includes/" "Mozilla/5.0 AppleWebKit/537.36 (KHTML, like Gecko; compatible; GPTBot/1.3; +https://openai.com/gptbot)"
47.89.242.23 - - [31/Mar/2026:19:58:13 +0000] "GET /wp-includes/ HTTP/1.1" 200 52987 "https://www.qualityprecast.co.nz/" "Mozilla/5.0 (Windows NT 10.0; Win64; x64) AppleWebKit/537.36 (KHTML, like Gecko) Chrome/134.0.0.0 Safari/537.36 Edg/134.0.0.0"
74.7.243.230 - - [31/Mar/2026:19:58:17 +0000] "GET /wp-includes/js/wp-emoji.js HTTP/1.1" 200 8792 "https://schoolofgolfnz.co.nz/wp-includes/js/" "Mozilla/5.0 AppleWebKit/537.36 (KHTML, like Gecko; compatible; GPTBot/1.3; +https://openai.com/gptbot)"
139.18.2.214 - - [31/Mar/2026:19:58:18 +0000] "GET /wp-includes/js/tinymce/wp-tinymce.php HTTP/1.1" 200 369699 "https://weddingswithjoy.org.nz/wp-includes/js/tinymce/" "LCC (+http://corpora.uni-leipzig.de/crawler_faq.html)"
47.89.242.23 - - [31/Mar/2026:19:58:19 +0000] "GET /wp-cron.php HTTP/1.1" 200 - "https://www.qualityprecast.co.nz/" "Mozilla/5.0 (Windows NT 10.0; Win64; x64) AppleWebKit/537.36 (KHTML, like Gecko) Chrome/134.0.0.0 Safari/537.36 Edg/134.0.0.0"
47.89.242.23 - - [31/Mar/2026:19:58:23 +0000] "GET /wp-config.php HTTP/1.1" 403 4170 "https://www.qualityprecast.co.nz/" "Mozilla/5.0 (Windows NT 10.0; Win64; x64) AppleWebKit/537.36 (KHTML, like Gecko) Chrome/134.0.0.0 Safari/537.36 Edg/134.0.0.0"
139.18.2.214 - - [31/Mar/2026:19:58:34 +0000] "GET /wp-includes/l10n/?C=N;O=A HTTP/1.1" 200 1643 "https://weddingswithjoy.org.nz/wp-includes/l10n/?C=N;O=D" "LCC (+http://corpora.uni-leipzig.de/crawler_faq.html)"
47.89.242.23 - - [31/Mar/2026:19:58:34 +0000] "GET /wp-config-sample.php HTTP/1.1" 500 - "https://www.qualityprecast.co.nz/" "Mozilla/5.0 (Windows NT 10.0; Win64; x64) AppleWebKit/537.36 (KHTML, like Gecko) Chrome/134.0.0.0 Safari/537.36 Edg/134.0.0.0"
47.89.242.23 - - [31/Mar/2026:19:58:36 +0000] "GET /wp-blog-header.php HTTP/1.1" 500 - "https://www.qualityprecast.co.nz/" "Mozilla/5.0 (Windows NT 10.0; Win64; x64) AppleWebKit/537.36 (KHTML, like Gecko) Chrome/134.0.0.0 Safari/537.36 Edg/134.0.0.0"
47.89.242.23 - - [31/Mar/2026:19:58:37 +0000] "GET /wp-admin/ HTTP/1.1" 500 - "https://www.qualityprecast.co.nz/" "Mozilla/5.0 (Windows NT 10.0; Win64; x64) AppleWebKit/537.36 (KHTML, like Gecko) Chrome/134.0.0.0 Safari/537.36 Edg/134.0.0.0"
74.7.243.230 - - [31/Mar/2026:19:58:38 +0000] "GET /wp-includes/js/jquery/ui/button.min.js HTTP/1.1" 200 6154 "https://schoolofgolfnz.co.nz/wp-includes/js/jquery/ui/" "Mozilla/5.0 AppleWebKit/537.36 (KHTML, like Gecko; compatible; GPTBot/1.3; +https://openai.com/gptbot)"
47.89.242.23 - - [31/Mar/2026:19:58:44 +0000] "GET /wp-activate.php HTTP/1.1" 500 - "https://www.qualityprecast.co.nz/" "Mozilla/5.0 (Windows NT 10.0; Win64; x64) AppleWebKit/537.36 (KHTML, like Gecko) Chrome/134.0.0.0 Safari/537.36 Edg/134.0.0.0"
47.89.242.23 - - [31/Mar/2026:19:58:48 +0000] "GET /robots.txt HTTP/1.1" 304 - "https://www.qualityprecast.co.nz/" "Mozilla/5.0 (Windows NT 10.0; Win64; x64) AppleWebKit/537.36 (KHTML, like Gecko) Chrome/134.0.0.0 Safari/537.36 Edg/134.0.0.0"
47.89.242.23 - - [31/Mar/2026:19:58:48 +0000] "GET /readme.html HTTP/1.1" 200 7425 "https://www.qualityprecast.co.nz/" "Mozilla/5.0 (Windows NT 10.0; Win64; x64) AppleWebKit/537.36 (KHTML, like Gecko) Chrome/134.0.0.0 Safari/537.36 Edg/134.0.0.0"
139.18.2.214 - - [31/Mar/2026:19:58:49 +0000] "GET /wp-includes/l10n/?C=M;O=D HTTP/1.1" 200 1643 "https://weddingswithjoy.org.nz/wp-includes/l10n/?C=M;O=A" "LCC (+http://corpora.uni-leipzig.de/crawler_faq.html)"
139.18.2.214 - - [31/Mar/2026:19:58:58 +0000] "GET /wp-includes/l10n/?C=S;O=D HTTP/1.1" 200 1643 "https://weddingswithjoy.org.nz/wp-includes/l10n/?C=S;O=A" "LCC (+http://corpora.uni-leipzig.de/crawler_faq.html)"
74.7.243.230 - - [31/Mar/2026:19:58:58 +0000] "GET /wp-includes/js/jquery/ui/dialog.min.js HTTP/1.1" 200 13098 "https://schoolofgolfnz.co.nz/wp-includes/js/jquery/ui/" "Mozilla/5.0 AppleWebKit/537.36 (KHTML, like Gecko; compatible; GPTBot/1.3; +https://openai.com/gptbot)"
47.89.242.23 - - [31/Mar/2026:19:58:59 +0000] "GET /?C=S;O=A HTTP/1.1" 200 2980 "https://www.qualityprecast.co.nz/" "Mozilla/5.0 (Windows NT 10.0; Win64; x64) AppleWebKit/537.36 (KHTML, like Gecko) Chrome/134.0.0.0 Safari/537.36 Edg/134.0.0.0"
47.89.242.23 - - [31/Mar/2026:19:58:59 +0000] "GET /index.php1 HTTP/1.1" 403 15 "https://www.qualityprecast.co.nz/" "Mozilla/5.0 (Windows NT 10.0; Win64; x64) AppleWebKit/537.36 (KHTML, like Gecko) Chrome/134.0.0.0 Safari/537.36 Edg/134.0.0.0"
47.89.242.23 - - [31/Mar/2026:19:59:01 +0000] "GET /?C=M;O=A HTTP/1.1" 200 2980 "https://www.qualityprecast.co.nz/" "Mozilla/5.0 (Windows NT 10.0; Win64; x64) AppleWebKit/537.36 (KHTML, like Gecko) Chrome/134.0.0.0 Safari/537.36 Edg/134.0.0.0"
47.89.242.23 - - [31/Mar/2026:19:59:01 +0000] "GET /?C=N;O=D HTTP/1.1" 200 2980 "https://www.qualityprecast.co.nz/" "Mozilla/5.0 (Windows NT 10.0; Win64; x64) AppleWebKit/537.36 (KHTML, like Gecko) Chrome/134.0.0.0 Safari/537.36 Edg/134.0.0.0"
47.89.242.23 - - [31/Mar/2026:19:59:02 +0000] "GET /?C=D;O=A HTTP/1.1" 200 2980 "https://www.qualityprecast.co.nz/" "Mozilla/5.0 (Windows NT 10.0; Win64; x64) AppleWebKit/537.36 (KHTML, like Gecko) Chrome/134.0.0.0 Safari/537.36 Edg/134.0.0.0"
139.18.2.214 - - [31/Mar/2026:19:59:07 +0000] "GET /wp-includes/l10n/?C=D;O=D HTTP/1.1" 200 1643 "https://weddingswithjoy.org.nz/wp-includes/l10n/?C=D;O=A" "LCC (+http://corpora.uni-leipzig.de/crawler_faq.html)"
74.7.227.159 - - [31/Mar/2026:19:59:09 +0000] "GET /wp-includes/?C=M;O=D HTTP/1.1" 200 52987 "https://www.qualityprecast.co.nz/wp-includes/?C=M;O=A" "Mozilla/5.0 AppleWebKit/537.36 (KHTML, like Gecko; compatible; GPTBot/1.3; +https://openai.com/gptbot)"
74.7.243.230 - - [31/Mar/2026:19:59:15 +0000] "GET /wp-includes/js/jquery/ui/effect.min.js HTTP/1.1" 200 10332 "https://schoolofgolfnz.co.nz/wp-includes/js/jquery/ui/" "Mozilla/5.0 AppleWebKit/537.36 (KHTML, like Gecko; compatible; GPTBot/1.3; +https://openai.com/gptbot)"
74.7.227.41 - - [31/Mar/2026:19:59:16 +0000] "GET /wp-includes/rest-api/endpoints/class-wp-rest-global-styles-controller.php HTTP/1.1" 500 - "https://weddingswithjoy.org.nz/wp-includes/rest-api/endpoints/" "Mozilla/5.0 AppleWebKit/537.36 (KHTML, like Gecko; compatible; GPTBot/1.3; +https://openai.com/gptbot)"
139.18.2.214 - - [31/Mar/2026:19:59:19 +0000] "GET /wp-includes/php-compat/?C=N;O=A HTTP/1.1" 200 826 "https://weddingswithjoy.org.nz/wp-includes/php-compat/?C=N;O=D" "LCC (+http://corpora.uni-leipzig.de/crawler_faq.html)"
139.18.2.214 - - [31/Mar/2026:19:59:30 +0000] "GET /wp-includes/php-compat/?C=M;O=D HTTP/1.1" 200 826 "https://weddingswithjoy.org.nz/wp-includes/php-compat/?C=M;O=A" "LCC (+http://corpora.uni-leipzig.de/crawler_faq.html)"
74.7.243.230 - - [31/Mar/2026:19:59:32 +0000] "GET /wp-includes/js/'+this.controller.state().get( HTTP/1.1" 404 - "https://schoolofgolfnz.co.nz/wp-includes/js/media-views.min.js" "Mozilla/5.0 AppleWebKit/537.36 (KHTML, like Gecko; compatible; GPTBot/1.3; +https://openai.com/gptbot)"
139.18.2.214 - - [31/Mar/2026:19:59:40 +0000] "GET /wp-includes/php-compat/?C=S;O=D HTTP/1.1" 200 826 "https://weddingswithjoy.org.nz/wp-includes/php-compat/?C=S;O=A" "LCC (+http://corpora.uni-leipzig.de/crawler_faq.html)"
74.7.243.230 - - [31/Mar/2026:19:59:47 +0000] "GET /wp-includes/js/wp-util.js HTTP/1.1" 200 4689 "https://schoolofgolfnz.co.nz/wp-includes/js/" "Mozilla/5.0 AppleWebKit/537.36 (KHTML, like Gecko; compatible; GPTBot/1.3; +https://openai.com/gptbot)"
139.18.2.214 - - [31/Mar/2026:19:59:55 +0000] "GET /wp-includes/php-compat/?C=D;O=D HTTP/1.1" 200 826 "https://weddingswithjoy.org.nz/wp-includes/php-compat/?C=D;O=A" "LCC (+http://corpora.uni-leipzig.de/crawler_faq.html)"
74.7.243.230 - - [31/Mar/2026:20:00:01 +0000] "GET /wp-includes/js/dist/preferences.js HTTP/1.1" 200 20753 "https://schoolofgolfnz.co.nz/wp-includes/js/dist/" "Mozilla/5.0 AppleWebKit/537.36 (KHTML, like Gecko; compatible; GPTBot/1.3; +https://openai.com/gptbot)"
139.18.2.214 - - [31/Mar/2026:20:00:06 +0000] "GET /wp-includes/pomo/?C=N;O=A HTTP/1.1" 200 1706 "https://weddingswithjoy.org.nz/wp-includes/pomo/?C=N;O=D" "LCC (+http://corpora.uni-leipzig.de/crawler_faq.html)"
74.7.227.159 - - [31/Mar/2026:20:00:08 +0000] "GET /wp-includes/?C=D;O=D HTTP/1.1" 200 52987 "https://www.qualityprecast.co.nz/wp-includes/?C=D;O=A" "Mozilla/5.0 AppleWebKit/537.36 (KHTML, like Gecko; compatible; GPTBot/1.3; +https://openai.com/gptbot)"
74.7.243.230 - - [31/Mar/2026:20:00:14 +0000] "GET /wp-includes/js/'%20+%20this.controller.state().get('src')%20+%20' HTTP/1.1" 404 - "https://schoolofgolfnz.co.nz/wp-includes/js/media-views.js" "Mozilla/5.0 AppleWebKit/537.36 (KHTML, like Gecko; compatible; GPTBot/1.3; +https://openai.com/gptbot)"
74.7.227.41 - - [31/Mar/2026:20:00:15 +0000] "GET /wp-includes/SimplePie/autoloader.php HTTP/1.1" 200 - "https://weddingswithjoy.org.nz/wp-includes/SimplePie/" "Mozilla/5.0 AppleWebKit/537.36 (KHTML, like Gecko; compatible; GPTBot/1.3; +https://openai.com/gptbot)"
139.18.2.214 - - [31/Mar/2026:20:00:17 +0000] "GET /wp-includes/pomo/?C=M;O=D HTTP/1.1" 200 1706 "https://weddingswithjoy.org.nz/wp-includes/pomo/?C=M;O=A" "LCC (+http://corpora.uni-leipzig.de/crawler_faq.html)"
74.7.243.230 - - [31/Mar/2026:20:00:26 +0000] "GET /wp-includes/js/dist/annotations.js HTTP/1.1" 200 16210 "https://schoolofgolfnz.co.nz/wp-includes/js/dist/" "Mozilla/5.0 AppleWebKit/537.36 (KHTML, like Gecko; compatible; GPTBot/1.3; +https://openai.com/gptbot)"
139.18.2.214 - - [31/Mar/2026:20:00:32 +0000] "GET /wp-includes/pomo/?C=S;O=D HTTP/1.1" 200 1706 "https://weddingswithjoy.org.nz/wp-includes/pomo/?C=S;O=A" "LCC (+http://corpora.uni-leipzig.de/crawler_faq.html)"
74.7.243.230 - - [31/Mar/2026:20:00:38 +0000] "GET /wp-includes/rest-api/fields/class-wp-rest-post-meta-fields.php HTTP/1.1" 500 - "https://schoolofgolfnz.co.nz/wp-includes/rest-api/fields/" "Mozilla/5.0 AppleWebKit/537.36 (KHTML, like Gecko; compatible; GPTBot/1.3; +https://openai.com/gptbot)"
139.18.2.214 - - [31/Mar/2026:20:00:42 +0000] "GET /wp-includes/pomo/?C=D;O=D HTTP/1.1" 200 1706 "https://weddingswithjoy.org.nz/wp-includes/pomo/?C=D;O=A" "LCC (+http://corpora.uni-leipzig.de/crawler_faq.html)"
74.7.243.230 - - [31/Mar/2026:20:00:48 +0000] "GET /wp-includes/rest-api/fields/class-wp-rest-comment-meta-fields.php HTTP/1.1" 500 - "https://schoolofgolfnz.co.nz/wp-includes/rest-api/fields/" "Mozilla/5.0 AppleWebKit/537.36 (KHTML, like Gecko; compatible; GPTBot/1.3; +https://openai.com/gptbot)"
139.18.2.214 - - [31/Mar/2026:20:00:57 +0000] "GET /wp-includes/rest-api/?C=N;O=A HTTP/1.1" 200 1758 "https://weddingswithjoy.org.nz/wp-includes/rest-api/?C=N;O=D" "LCC (+http://corpora.uni-leipzig.de/crawler_faq.html)"
74.7.227.159 - - [31/Mar/2026:20:00:59 +0000] "GET /wp-includes/?C=N;O=A HTTP/1.1" 200 52987 "https://www.qualityprecast.co.nz/wp-includes/?C=S;O=A" "Mozilla/5.0 AppleWebKit/537.36 (KHTML, like Gecko; compatible; GPTBot/1.3; +https://openai.com/gptbot)"
139.18.2.214 - - [31/Mar/2026:20:01:07 +0000] "GET /wp-includes/rest-api/?C=M;O=D HTTP/1.1" 200 1758 "https://weddingswithjoy.org.nz/wp-includes/rest-api/?C=M;O=A" "LCC (+http://corpora.uni-leipzig.de/crawler_faq.html)"
74.7.227.41 - - [31/Mar/2026:20:01:18 +0000] "GET /wp-includes/js/ HTTP/1.1" 200 21270 "https://weddingswithjoy.org.nz/wp-includes/" "Mozilla/5.0 AppleWebKit/537.36 (KHTML, like Gecko; compatible; GPTBot/1.3; +https://openai.com/gptbot)"
74.7.243.230 - - [31/Mar/2026:20:01:19 +0000] "GET /wp-includes/rest-api/fields/class-wp-rest-term-meta-fields.php HTTP/1.1" 500 - "https://schoolofgolfnz.co.nz/wp-includes/rest-api/fields/" "Mozilla/5.0 AppleWebKit/537.36 (KHTML, like Gecko; compatible; GPTBot/1.3; +https://openai.com/gptbot)"
139.18.2.214 - - [31/Mar/2026:20:01:20 +0000] "GET /wp-includes/rest-api/?C=S;O=D HTTP/1.1" 200 1758 "https://weddingswithjoy.org.nz/wp-includes/rest-api/?C=S;O=A" "LCC (+http://corpora.uni-leipzig.de/crawler_faq.html)"
139.18.2.214 - - [31/Mar/2026:20:01:35 +0000] "GET /wp-includes/rest-api/?C=D;O=D HTTP/1.1" 200 1758 "https://weddingswithjoy.org.nz/wp-includes/rest-api/?C=D;O=A" "LCC (+http://corpora.uni-leipzig.de/crawler_faq.html)"
74.7.227.159 - - [31/Mar/2026:20:01:46 +0000] "GET /wp-includes/class-wp-session-tokens.php HTTP/1.1" 200 - "https://www.qualityprecast.co.nz/wp-includes/" "Mozilla/5.0 AppleWebKit/537.36 (KHTML, like Gecko; compatible; GPTBot/1.3; +https://openai.com/gptbot)"
139.18.2.214 - - [31/Mar/2026:20:01:47 +0000] "GET /wp-includes/rest-api/endpoints/?C=N;O=D HTTP/1.1" 200 9993 "https://weddingswithjoy.org.nz/wp-includes/rest-api/endpoints/" "LCC (+http://corpora.uni-leipzig.de/crawler_faq.html)"
139.18.2.214 - - [31/Mar/2026:20:01:59 +0000] "GET /wp-includes/rest-api/endpoints/?C=M;O=A HTTP/1.1" 200 9993 "https://weddingswithjoy.org.nz/wp-includes/rest-api/endpoints/" "LCC (+http://corpora.uni-leipzig.de/crawler_faq.html)"
139.18.2.214 - - [31/Mar/2026:20:02:08 +0000] "GET /wp-includes/rest-api/endpoints/?C=S;O=A HTTP/1.1" 200 9993 "https://weddingswithjoy.org.nz/wp-includes/rest-api/endpoints/" "LCC (+http://corpora.uni-leipzig.de/crawler_faq.html)"
74.7.227.41 - - [31/Mar/2026:20:02:16 +0000] "GET /wp-includes/sodium_compat/src/File.php HTTP/1.1" 500 - "https://weddingswithjoy.org.nz/wp-includes/sodium_compat/src/" "Mozilla/5.0 AppleWebKit/537.36 (KHTML, like Gecko; compatible; GPTBot/1.3; +https://openai.com/gptbot)"
139.18.2.214 - - [31/Mar/2026:20:02:18 +0000] "GET /wp-includes/rest-api/endpoints/?C=D;O=A HTTP/1.1" 200 9993 "https://weddingswithjoy.org.nz/wp-includes/rest-api/endpoints/" "LCC (+http://corpora.uni-leipzig.de/crawler_faq.html)"
74.7.243.230 - - [31/Mar/2026:20:02:24 +0000] "GET /wp-includes/rest-api/fields/class-wp-rest-meta-fields.php HTTP/1.1" 200 - "https://schoolofgolfnz.co.nz/wp-includes/rest-api/fields/" "Mozilla/5.0 AppleWebKit/537.36 (KHTML, like Gecko; compatible; GPTBot/1.3; +https://openai.com/gptbot)"
74.7.227.159 - - [31/Mar/2026:20:02:29 +0000] "GET /wp-includes/class-wp-classic-to-block-menu-converter.php HTTP/1.1" 200 - "https://www.qualityprecast.co.nz/wp-includes/" "Mozilla/5.0 AppleWebKit/537.36 (KHTML, like Gecko; compatible; GPTBot/1.3; +https://openai.com/gptbot)"
139.18.2.214 - - [31/Mar/2026:20:02:29 +0000] "GET /wp-includes/rest-api/endpoints/class-wp-rest-abilities-v1-categories-controller.php HTTP/1.1" 500 - "https://weddingswithjoy.org.nz/wp-includes/rest-api/endpoints/" "LCC (+http://corpora.uni-leipzig.de/crawler_faq.html)"
139.18.2.214 - - [31/Mar/2026:20:02:43 +0000] "GET /wp-includes/rest-api/endpoints/class-wp-rest-abilities-v1-list-controller.php HTTP/1.1" 500 - "https://weddingswithjoy.org.nz/wp-includes/rest-api/endpoints/" "LCC (+http://corpora.uni-leipzig.de/crawler_faq.html)"
139.18.2.214 - - [31/Mar/2026:20:02:54 +0000] "GET /wp-includes/rest-api/endpoints/class-wp-rest-abilities-v1-run-controller.php HTTP/1.1" 500 - "https://weddingswithjoy.org.nz/wp-includes/rest-api/endpoints/" "LCC (+http://corpora.uni-leipzig.de/crawler_faq.html)"
139.18.2.214 - - [31/Mar/2026:20:03:03 +0000] "GET /wp-includes/rest-api/endpoints/class-wp-rest-application-passwords-controller.php HTTP/1.1" 500 - "https://weddingswithjoy.org.nz/wp-includes/rest-api/endpoints/" "LCC (+http://corpora.uni-leipzig.de/crawler_faq.html)"
74.7.227.159 - - [31/Mar/2026:20:03:08 +0000] "GET /wp-includes/class-wp-application-passwords.php HTTP/1.1" 200 - "https://www.qualityprecast.co.nz/wp-includes/" "Mozilla/5.0 AppleWebKit/537.36 (KHTML, like Gecko; compatible; GPTBot/1.3; +https://openai.com/gptbot)"
74.7.227.41 - - [31/Mar/2026:20:03:09 +0000] "GET /wp-includes/rest-api/endpoints/class-wp-rest-pattern-directory-controller.php HTTP/1.1" 500 - "https://weddingswithjoy.org.nz/wp-includes/rest-api/endpoints/" "Mozilla/5.0 AppleWebKit/537.36 (KHTML, like Gecko; compatible; GPTBot/1.3; +https://openai.com/gptbot)"
139.18.2.214 - - [31/Mar/2026:20:03:16 +0000] "GET /wp-includes/rest-api/endpoints/class-wp-rest-attachments-controller.php HTTP/1.1" 500 - "https://weddingswithjoy.org.nz/wp-includes/rest-api/endpoints/" "LCC (+http://corpora.uni-leipzig.de/crawler_faq.html)"
74.7.243.230 - - [31/Mar/2026:20:03:28 +0000] "GET /wp-includes/js/tinymce/license.txt HTTP/1.1" 200 26441 "https://schoolofgolfnz.co.nz/wp-includes/js/tinymce/" "Mozilla/5.0 AppleWebKit/537.36 (KHTML, like Gecko; compatible; GPTBot/1.3; +https://openai.com/gptbot)"
139.18.2.214 - - [31/Mar/2026:20:03:28 +0000] "GET /wp-includes/rest-api/endpoints/class-wp-rest-autosaves-controller.php HTTP/1.1" 500 - "https://weddingswithjoy.org.nz/wp-includes/rest-api/endpoints/" "LCC (+http://corpora.uni-leipzig.de/crawler_faq.html)"
74.7.227.159 - - [31/Mar/2026:20:03:40 +0000] "GET /wp-includes/class-wp-block-pattern-categories-registry.php HTTP/1.1" 200 - "https://www.qualityprecast.co.nz/wp-includes/" "Mozilla/5.0 AppleWebKit/537.36 (KHTML, like Gecko; compatible; GPTBot/1.3; +https://openai.com/gptbot)"
139.18.2.214 - - [31/Mar/2026:20:03:48 +0000] "GET /wp-includes/rest-api/endpoints/class-wp-rest-block-directory-controller.php HTTP/1.1" 500 - "https://weddingswithjoy.org.nz/wp-includes/rest-api/endpoints/" "LCC (+http://corpora.uni-leipzig.de/crawler_faq.html)"
139.18.2.214 - - [31/Mar/2026:20:03:57 +0000] "GET /wp-includes/rest-api/endpoints/class-wp-rest-block-pattern-categories-controller.php HTTP/1.1" 500 - "https://weddingswithjoy.org.nz/wp-includes/rest-api/endpoints/" "LCC (+http://corpora.uni-leipzig.de/crawler_faq.html)"
139.18.2.214 - - [31/Mar/2026:20:04:06 +0000] "GET /wp-includes/rest-api/endpoints/class-wp-rest-block-patterns-controller.php HTTP/1.1" 500 - "https://weddingswithjoy.org.nz/wp-includes/rest-api/endpoints/" "LCC (+http://corpora.uni-leipzig.de/crawler_faq.html)"
74.7.227.159 - - [31/Mar/2026:20:04:09 +0000] "GET /wp-includes/class-wp-paused-extensions-storage.php HTTP/1.1" 200 - "https://www.qualityprecast.co.nz/wp-includes/" "Mozilla/5.0 AppleWebKit/537.36 (KHTML, like Gecko; compatible; GPTBot/1.3; +https://openai.com/gptbot)"
74.7.227.41 - - [31/Mar/2026:20:04:14 +0000] "GET /wp-includes/rest-api/endpoints/class-wp-rest-template-autosaves-controller.php HTTP/1.1" 500 - "https://weddingswithjoy.org.nz/wp-includes/rest-api/endpoints/" "Mozilla/5.0 AppleWebKit/537.36 (KHTML, like Gecko; compatible; GPTBot/1.3; +https://openai.com/gptbot)"
139.18.2.214 - - [31/Mar/2026:20:04:17 +0000] "GET /wp-includes/rest-api/endpoints/class-wp-rest-block-renderer-controller.php HTTP/1.1" 500 - "https://weddingswithjoy.org.nz/wp-includes/rest-api/endpoints/" "LCC (+http://corpora.uni-leipzig.de/crawler_faq.html)"
74.7.243.230 - - [31/Mar/2026:20:04:23 +0000] "GET /wp-includes/images/media/code.svg HTTP/1.1" 200 249 "https://schoolofgolfnz.co.nz/wp-includes/images/media/" "Mozilla/5.0 AppleWebKit/537.36 (KHTML, like Gecko; compatible; GPTBot/1.3; +https://openai.com/gptbot)"
139.18.2.214 - - [31/Mar/2026:20:04:27 +0000] "GET /wp-includes/rest-api/endpoints/class-wp-rest-block-types-controller.php HTTP/1.1" 500 - "https://weddingswithjoy.org.nz/wp-includes/rest-api/endpoints/" "LCC (+http://corpora.uni-leipzig.de/crawler_faq.html)"
74.7.227.159 - - [31/Mar/2026:20:04:35 +0000] "GET /wp-includes/class-wp-plugin-dependencies.php HTTP/1.1" 200 - "https://www.qualityprecast.co.nz/wp-includes/" "Mozilla/5.0 AppleWebKit/537.36 (KHTML, like Gecko; compatible; GPTBot/1.3; +https://openai.com/gptbot)"
139.18.2.214 - - [31/Mar/2026:20:04:38 +0000] "GET /wp-includes/rest-api/endpoints/class-wp-rest-blocks-controller.php HTTP/1.1" 500 - "https://weddingswithjoy.org.nz/wp-includes/rest-api/endpoints/" "LCC (+http://corpora.uni-leipzig.de/crawler_faq.html)"
139.18.2.214 - - [31/Mar/2026:20:04:50 +0000] "GET /wp-includes/rest-api/endpoints/class-wp-rest-comments-controller.php HTTP/1.1" 500 - "https://weddingswithjoy.org.nz/wp-includes/rest-api/endpoints/" "LCC (+http://corpora.uni-leipzig.de/crawler_faq.html)"
74.7.227.159 - - [31/Mar/2026:20:04:59 +0000] "GET /wp-includes/class-wp-block-bindings-source.php HTTP/1.1" 200 - "https://www.qualityprecast.co.nz/wp-includes/" "Mozilla/5.0 AppleWebKit/537.36 (KHTML, like Gecko; compatible; GPTBot/1.3; +https://openai.com/gptbot)"
139.18.2.214 - - [31/Mar/2026:20:05:04 +0000] "GET /wp-includes/rest-api/endpoints/class-wp-rest-controller.php HTTP/1.1" 200 - "https://weddingswithjoy.org.nz/wp-includes/rest-api/endpoints/" "LCC (+http://corpora.uni-leipzig.de/crawler_faq.html)"
74.7.243.230 - - [31/Mar/2026:20:05:13 +0000] "GET /wp-includes/js/jquery/suggest.js HTTP/1.1" 200 6991 "https://schoolofgolfnz.co.nz/wp-includes/js/jquery/" "Mozilla/5.0 AppleWebKit/537.36 (KHTML, like Gecko; compatible; GPTBot/1.3; +https://openai.com/gptbot)"
139.18.2.214 - - [31/Mar/2026:20:05:18 +0000] "GET /wp-includes/rest-api/endpoints/class-wp-rest-edit-site-export-controller.php HTTP/1.1" 500 - "https://weddingswithjoy.org.nz/wp-includes/rest-api/endpoints/" "LCC (+http://corpora.uni-leipzig.de/crawler_faq.html)"
74.7.227.41 - - [31/Mar/2026:20:05:20 +0000] "GET /wp-includes/rest-api/endpoints/class-wp-rest-template-revisions-controller.php HTTP/1.1" 500 - "https://weddingswithjoy.org.nz/wp-includes/rest-api/endpoints/" "Mozilla/5.0 AppleWebKit/537.36 (KHTML, like Gecko; compatible; GPTBot/1.3; +https://openai.com/gptbot)"
74.7.227.159 - - [31/Mar/2026:20:05:20 +0000] "GET /wp-includes/class-wp-block-editor-context.php HTTP/1.1" 200 - "https://www.qualityprecast.co.nz/wp-includes/" "Mozilla/5.0 AppleWebKit/537.36 (KHTML, like Gecko; compatible; GPTBot/1.3; +https://openai.com/gptbot)"
139.18.2.214 - - [31/Mar/2026:20:05:34 +0000] "GET /wp-includes/rest-api/endpoints/class-wp-rest-font-collections-controller.php HTTP/1.1" 500 - "https://weddingswithjoy.org.nz/wp-includes/rest-api/endpoints/" "LCC (+http://corpora.uni-leipzig.de/crawler_faq.html)"
74.7.227.159 - - [31/Mar/2026:20:05:41 +0000] "GET /wp-includes/class-wp-block-styles-registry.php HTTP/1.1" 200 - "https://www.qualityprecast.co.nz/wp-includes/" "Mozilla/5.0 AppleWebKit/537.36 (KHTML, like Gecko; compatible; GPTBot/1.3; +https://openai.com/gptbot)"
139.18.2.214 - - [31/Mar/2026:20:05:44 +0000] "GET /wp-includes/rest-api/endpoints/class-wp-rest-font-faces-controller.php HTTP/1.1" 500 - "https://weddingswithjoy.org.nz/wp-includes/rest-api/endpoints/" "LCC (+http://corpora.uni-leipzig.de/crawler_faq.html)"
139.18.2.214 - - [31/Mar/2026:20:05:54 +0000] "GET /wp-includes/rest-api/endpoints/class-wp-rest-font-families-controller.php HTTP/1.1" 500 - "https://weddingswithjoy.org.nz/wp-includes/rest-api/endpoints/" "LCC (+http://corpora.uni-leipzig.de/crawler_faq.html)"
74.7.243.230 - - [31/Mar/2026:20:05:57 +0000] "GET /wp-includes/images/media/text.png HTTP/1.1" 200 188 "https://schoolofgolfnz.co.nz/wp-includes/images/media/" "Mozilla/5.0 AppleWebKit/537.36 (KHTML, like Gecko; compatible; GPTBot/1.3; +https://openai.com/gptbot)"
74.7.227.159 - - [31/Mar/2026:20:05:58 +0000] "GET /wp-includes/class-wp-admin-bar.php HTTP/1.1" 200 - "https://www.qualityprecast.co.nz/wp-includes/" "Mozilla/5.0 AppleWebKit/537.36 (KHTML, like Gecko; compatible; GPTBot/1.3; +https://openai.com/gptbot)"
139.18.2.214 - - [31/Mar/2026:20:06:04 +0000] "GET /wp-includes/rest-api/endpoints/class-wp-rest-global-styles-controller.php HTTP/1.1" 500 - "https://weddingswithjoy.org.nz/wp-includes/rest-api/endpoints/" "LCC (+http://corpora.uni-leipzig.de/crawler_faq.html)"
74.7.227.159 - - [31/Mar/2026:20:06:15 +0000] "GET /wp-includes/class-wp-image-editor-gd.php HTTP/1.1" 500 - "https://www.qualityprecast.co.nz/wp-includes/" "Mozilla/5.0 AppleWebKit/537.36 (KHTML, like Gecko; compatible; GPTBot/1.3; +https://openai.com/gptbot)"
139.18.2.214 - - [31/Mar/2026:20:06:17 +0000] "GET /wp-includes/rest-api/endpoints/class-wp-rest-global-styles-revisions-controller.php HTTP/1.1" 500 - "https://weddingswithjoy.org.nz/wp-includes/rest-api/endpoints/" "LCC (+http://corpora.uni-leipzig.de/crawler_faq.html)"
74.7.227.41 - - [31/Mar/2026:20:06:21 +0000] "GET /wp-includes/rest-api/endpoints/class-wp-rest-navigation-fallback-controller.php HTTP/1.1" 500 - "https://weddingswithjoy.org.nz/wp-includes/rest-api/endpoints/" "Mozilla/5.0 AppleWebKit/537.36 (KHTML, like Gecko; compatible; GPTBot/1.3; +https://openai.com/gptbot)"
139.18.2.214 - - [31/Mar/2026:20:06:26 +0000] "GET /wp-includes/rest-api/endpoints/class-wp-rest-menu-items-controller.php HTTP/1.1" 500 - "https://weddingswithjoy.org.nz/wp-includes/rest-api/endpoints/" "LCC (+http://corpora.uni-leipzig.de/crawler_faq.html)"
74.7.227.159 - - [31/Mar/2026:20:06:30 +0000] "GET /wp-includes/class-avif-info.php HTTP/1.1" 200 - "https://www.qualityprecast.co.nz/wp-includes/" "Mozilla/5.0 AppleWebKit/537.36 (KHTML, like Gecko; compatible; GPTBot/1.3; +https://openai.com/gptbot)"
139.18.2.214 - - [31/Mar/2026:20:06:35 +0000] "GET /wp-includes/rest-api/endpoints/class-wp-rest-menu-locations-controller.php HTTP/1.1" 500 - "https://weddingswithjoy.org.nz/wp-includes/rest-api/endpoints/" "LCC (+http://corpora.uni-leipzig.de/crawler_faq.html)"
74.7.243.230 - - [31/Mar/2026:20:06:39 +0000] "GET /wp-includes/images/media/code.png HTTP/1.1" 200 274 "https://schoolofgolfnz.co.nz/wp-includes/images/media/" "Mozilla/5.0 AppleWebKit/537.36 (KHTML, like Gecko; compatible; GPTBot/1.3; +https://openai.com/gptbot)"
139.18.2.214 - - [31/Mar/2026:20:06:45 +0000] "GET /wp-includes/rest-api/endpoints/class-wp-rest-menus-controller.php HTTP/1.1" 500 - "https://weddingswithjoy.org.nz/wp-includes/rest-api/endpoints/" "LCC (+http://corpora.uni-leipzig.de/crawler_faq.html)"
139.18.2.214 - - [31/Mar/2026:20:06:56 +0000] "GET /wp-includes/rest-api/endpoints/class-wp-rest-navigation-fallback-controller.php HTTP/1.1" 500 - "https://weddingswithjoy.org.nz/wp-includes/rest-api/endpoints/" "LCC (+http://corpora.uni-leipzig.de/crawler_faq.html)"
139.18.2.214 - - [31/Mar/2026:20:07:06 +0000] "GET /wp-includes/rest-api/endpoints/class-wp-rest-pattern-directory-controller.php HTTP/1.1" 500 - "https://weddingswithjoy.org.nz/wp-includes/rest-api/endpoints/" "LCC (+http://corpora.uni-leipzig.de/crawler_faq.html)"
139.18.2.214 - - [31/Mar/2026:20:07:14 +0000] "GET /wp-includes/rest-api/endpoints/class-wp-rest-plugins-controller.php HTTP/1.1" 500 - "https://weddingswithjoy.org.nz/wp-includes/rest-api/endpoints/" "LCC (+http://corpora.uni-leipzig.de/crawler_faq.html)"
74.7.227.159 - - [31/Mar/2026:20:07:14 +0000] "GET /wp-includes/class-wp-text-diff-renderer-inline.php HTTP/1.1" 500 - "https://www.qualityprecast.co.nz/wp-includes/" "Mozilla/5.0 AppleWebKit/537.36 (KHTML, like Gecko; compatible; GPTBot/1.3; +https://openai.com/gptbot)"
74.7.243.230 - - [31/Mar/2026:20:07:15 +0000] "GET /wp-includes/js/jquery/ui/slider.min.js HTTP/1.1" 200 10759 "https://schoolofgolfnz.co.nz/wp-includes/js/jquery/ui/" "Mozilla/5.0 AppleWebKit/537.36 (KHTML, like Gecko; compatible; GPTBot/1.3; +https://openai.com/gptbot)"
74.7.227.41 - - [31/Mar/2026:20:07:22 +0000] "GET /wp-includes/PHPMailer/POP3.php HTTP/1.1" 200 - "https://weddingswithjoy.org.nz/wp-includes/PHPMailer/" "Mozilla/5.0 AppleWebKit/537.36 (KHTML, like Gecko; compatible; GPTBot/1.3; +https://openai.com/gptbot)"
139.18.2.214 - - [31/Mar/2026:20:07:23 +0000] "GET /wp-includes/rest-api/endpoints/class-wp-rest-post-statuses-controller.php HTTP/1.1" 500 - "https://weddingswithjoy.org.nz/wp-includes/rest-api/endpoints/" "LCC (+http://corpora.uni-leipzig.de/crawler_faq.html)"
139.18.2.214 - - [31/Mar/2026:20:07:34 +0000] "GET /wp-includes/rest-api/endpoints/class-wp-rest-post-types-controller.php HTTP/1.1" 500 - "https://weddingswithjoy.org.nz/wp-includes/rest-api/endpoints/" "LCC (+http://corpora.uni-leipzig.de/crawler_faq.html)"
139.18.2.214 - - [31/Mar/2026:20:07:44 +0000] "GET /wp-includes/rest-api/endpoints/class-wp-rest-posts-controller.php HTTP/1.1" 500 - "https://weddingswithjoy.org.nz/wp-includes/rest-api/endpoints/" "LCC (+http://corpora.uni-leipzig.de/crawler_faq.html)"
74.7.243.230 - - [31/Mar/2026:20:07:48 +0000] "GET /wp-includes/js/jquery/ui/effect-highlight.js HTTP/1.1" 200 1243 "https://schoolofgolfnz.co.nz/wp-includes/js/jquery/ui/" "Mozilla/5.0 AppleWebKit/537.36 (KHTML, like Gecko; compatible; GPTBot/1.3; +https://openai.com/gptbot)"
74.7.227.159 - - [31/Mar/2026:20:07:53 +0000] "GET /wp-includes/class-phpass.php HTTP/1.1" 200 - "https://www.qualityprecast.co.nz/wp-includes/" "Mozilla/5.0 AppleWebKit/537.36 (KHTML, like Gecko; compatible; GPTBot/1.3; +https://openai.com/gptbot)"
139.18.2.214 - - [31/Mar/2026:20:07:53 +0000] "GET /wp-includes/rest-api/endpoints/class-wp-rest-revisions-controller.php HTTP/1.1" 500 - "https://weddingswithjoy.org.nz/wp-includes/rest-api/endpoints/" "LCC (+http://corpora.uni-leipzig.de/crawler_faq.html)"
139.18.2.214 - - [31/Mar/2026:20:08:02 +0000] "GET /wp-includes/rest-api/endpoints/class-wp-rest-search-controller.php HTTP/1.1" 500 - "https://weddingswithjoy.org.nz/wp-includes/rest-api/endpoints/" "LCC (+http://corpora.uni-leipzig.de/crawler_faq.html)"
157.55.39.195 - - [31/Mar/2026:20:08:08 +0000] "GET /Our-Team/ HTTP/1.1" 404 - "-" "Mozilla/5.0 AppleWebKit/537.36 (KHTML, like Gecko; compatible; bingbot/2.0; +http://www.bing.com/bingbot.htm) Chrome/116.0.1938.76 Safari/537.36"
139.18.2.214 - - [31/Mar/2026:20:08:13 +0000] "GET /wp-includes/rest-api/endpoints/class-wp-rest-settings-controller.php HTTP/1.1" 500 - "https://weddingswithjoy.org.nz/wp-includes/rest-api/endpoints/" "LCC (+http://corpora.uni-leipzig.de/crawler_faq.html)"
74.7.243.230 - - [31/Mar/2026:20:08:17 +0000] "GET /wp-includes/js/dist/script-modules/block-library/ HTTP/1.1" 200 1947 "https://schoolofgolfnz.co.nz/wp-includes/js/dist/script-modules/" "Mozilla/5.0 AppleWebKit/537.36 (KHTML, like Gecko; compatible; GPTBot/1.3; +https://openai.com/gptbot)"
139.18.2.214 - - [31/Mar/2026:20:08:22 +0000] "GET /wp-includes/rest-api/endpoints/class-wp-rest-sidebars-controller.php HTTP/1.1" 500 - "https://weddingswithjoy.org.nz/wp-includes/rest-api/endpoints/" "LCC (+http://corpora.uni-leipzig.de/crawler_faq.html)"
74.7.227.41 - - [31/Mar/2026:20:08:24 +0000] "GET /wp-includes/class-wp-taxonomy.php HTTP/1.1" 200 - "https://weddingswithjoy.org.nz/wp-includes/" "Mozilla/5.0 AppleWebKit/537.36 (KHTML, like Gecko; compatible; GPTBot/1.3; +https://openai.com/gptbot)"
139.18.2.214 - - [31/Mar/2026:20:08:31 +0000] "GET /wp-includes/rest-api/endpoints/class-wp-rest-site-health-controller.php HTTP/1.1" 500 - "https://weddingswithjoy.org.nz/wp-includes/rest-api/endpoints/" "LCC (+http://corpora.uni-leipzig.de/crawler_faq.html)"
139.18.2.214 - - [31/Mar/2026:20:08:42 +0000] "GET /wp-includes/rest-api/endpoints/class-wp-rest-taxonomies-controller.php HTTP/1.1" 500 - "https://weddingswithjoy.org.nz/wp-includes/rest-api/endpoints/" "LCC (+http://corpora.uni-leipzig.de/crawler_faq.html)"
74.7.243.230 - - [31/Mar/2026:20:08:45 +0000] "GET /wp-includes/sodium_compat/src/Core/Curve25519/Ge/ HTTP/1.1" 200 1613 "https://schoolofgolfnz.co.nz/wp-includes/sodium_compat/src/Core/Curve25519/" "Mozilla/5.0 AppleWebKit/537.36 (KHTML, like Gecko; compatible; GPTBot/1.3; +https://openai.com/gptbot)"
139.18.2.214 - - [31/Mar/2026:20:08:51 +0000] "GET /wp-includes/rest-api/endpoints/class-wp-rest-template-autosaves-controller.php HTTP/1.1" 500 - "https://weddingswithjoy.org.nz/wp-includes/rest-api/endpoints/" "LCC (+http://corpora.uni-leipzig.de/crawler_faq.html)"
74.7.227.159 - - [31/Mar/2026:20:08:59 +0000] "GET /wp-includes/class-wp-speculation-rules.php HTTP/1.1" 200 - "https://www.qualityprecast.co.nz/wp-includes/" "Mozilla/5.0 AppleWebKit/537.36 (KHTML, like Gecko; compatible; GPTBot/1.3; +https://openai.com/gptbot)"
139.18.2.214 - - [31/Mar/2026:20:09:04 +0000] "GET /wp-includes/rest-api/endpoints/class-wp-rest-template-revisions-controller.php HTTP/1.1" 500 - "https://weddingswithjoy.org.nz/wp-includes/rest-api/endpoints/" "LCC (+http://corpora.uni-leipzig.de/crawler_faq.html)"
74.7.243.230 - - [31/Mar/2026:20:09:10 +0000] "GET /wp-includes/rest-api/endpoints/class-wp-rest-abilities-v1-run-controller.php HTTP/1.1" 500 - "https://schoolofgolfnz.co.nz/wp-includes/rest-api/endpoints/" "Mozilla/5.0 AppleWebKit/537.36 (KHTML, like Gecko; compatible; GPTBot/1.3; +https://openai.com/gptbot)"
139.18.2.214 - - [31/Mar/2026:20:09:19 +0000] "GET /wp-includes/rest-api/endpoints/class-wp-rest-templates-controller.php HTTP/1.1" 500 - "https://weddingswithjoy.org.nz/wp-includes/rest-api/endpoints/" "LCC (+http://corpora.uni-leipzig.de/crawler_faq.html)"
74.7.227.41 - - [31/Mar/2026:20:09:23 +0000] "GET /wp-includes/fonts/dashicons.ttf HTTP/1.1" 304 - "https://weddingswithjoy.org.nz/wp-includes/fonts/" "Mozilla/5.0 AppleWebKit/537.36 (KHTML, like Gecko; compatible; GPTBot/1.3; +https://openai.com/gptbot)"
139.18.2.214 - - [31/Mar/2026:20:09:29 +0000] "GET /wp-includes/rest-api/endpoints/class-wp-rest-terms-controller.php HTTP/1.1" 500 - "https://weddingswithjoy.org.nz/wp-includes/rest-api/endpoints/" "LCC (+http://corpora.uni-leipzig.de/crawler_faq.html)"
74.7.243.230 - - [31/Mar/2026:20:09:33 +0000] "GET /wp-includes/js/hoverIntent.min.js HTTP/1.1" 200 1499 "https://schoolofgolfnz.co.nz/wp-includes/js/" "Mozilla/5.0 AppleWebKit/537.36 (KHTML, like Gecko; compatible; GPTBot/1.3; +https://openai.com/gptbot)"
139.18.2.214 - - [31/Mar/2026:20:09:41 +0000] "GET /wp-includes/rest-api/endpoints/class-wp-rest-themes-controller.php HTTP/1.1" 500 - "https://weddingswithjoy.org.nz/wp-includes/rest-api/endpoints/" "LCC (+http://corpora.uni-leipzig.de/crawler_faq.html)"
139.18.2.214 - - [31/Mar/2026:20:09:53 +0000] "GET /wp-includes/rest-api/endpoints/class-wp-rest-url-details-controller.php HTTP/1.1" 500 - "https://weddingswithjoy.org.nz/wp-includes/rest-api/endpoints/" "LCC (+http://corpora.uni-leipzig.de/crawler_faq.html)"
43.135.211.148 - - [31/Mar/2026:20:09:54 +0000] "GET /wp-includes/class-IXR.php HTTP/1.1" 200 2 "-" "Mozilla/5.0 (iPhone; CPU iPhone OS 13_2_3 like Mac OS X) AppleWebKit/605.1.15 (KHTML, like Gecko) Version/13.0.3 Mobile/15E148 Safari/604.1"
74.7.227.159 - - [31/Mar/2026:20:09:54 +0000] "GET /wp-includes/class-wp-recovery-mode-cookie-service.php HTTP/1.1" 200 - "https://www.qualityprecast.co.nz/wp-includes/" "Mozilla/5.0 AppleWebKit/537.36 (KHTML, like Gecko; compatible; GPTBot/1.3; +https://openai.com/gptbot)"
139.18.2.214 - - [31/Mar/2026:20:10:02 +0000] "GET /wp-includes/rest-api/endpoints/class-wp-rest-users-controller.php HTTP/1.1" 500 - "https://weddingswithjoy.org.nz/wp-includes/rest-api/endpoints/" "LCC (+http://corpora.uni-leipzig.de/crawler_faq.html)"
139.18.2.214 - - [31/Mar/2026:20:10:12 +0000] "GET /wp-includes/rest-api/endpoints/class-wp-rest-widget-types-controller.php HTTP/1.1" 500 - "https://weddingswithjoy.org.nz/wp-includes/rest-api/endpoints/" "LCC (+http://corpora.uni-leipzig.de/crawler_faq.html)"
74.7.227.41 - - [31/Mar/2026:20:10:15 +0000] "GET /wp-includes/sitemaps/providers/ HTTP/1.1" 200 1270 "https://weddingswithjoy.org.nz/wp-includes/sitemaps/" "Mozilla/5.0 AppleWebKit/537.36 (KHTML, like Gecko; compatible; GPTBot/1.3; +https://openai.com/gptbot)"
139.18.2.214 - - [31/Mar/2026:20:10:21 +0000] "GET /wp-includes/rest-api/endpoints/class-wp-rest-widgets-controller.php HTTP/1.1" 500 - "https://weddingswithjoy.org.nz/wp-includes/rest-api/endpoints/" "LCC (+http://corpora.uni-leipzig.de/crawler_faq.html)"
