74.7.243.230 - - [31/Mar/2026:21:38:35 +0000] "GET /wp-includes/sodium_compat/src/Core/ChaCha20/IetfCtx.php HTTP/1.1" 500 - "https://schoolofgolfnz.co.nz/wp-includes/sodium_compat/src/Core/ChaCha20/" "Mozilla/5.0 AppleWebKit/537.36 (KHTML, like Gecko; compatible; GPTBot/1.3; +https://openai.com/gptbot)"
139.18.2.214 - - [31/Mar/2026:21:38:40 +0000] "GET /wp-includes/sodium_compat/namespaced/Core/Curve25519.php HTTP/1.1" 500 - "https://weddingswithjoy.org.nz/wp-includes/sodium_compat/namespaced/Core/" "LCC (+http://corpora.uni-leipzig.de/crawler_faq.html)"
139.18.2.214 - - [31/Mar/2026:21:38:52 +0000] "GET /wp-includes/sodium_compat/namespaced/Core/Curve25519/ HTTP/1.1" 200 1254 "https://weddingswithjoy.org.nz/wp-includes/sodium_compat/namespaced/Core/" "LCC (+http://corpora.uni-leipzig.de/crawler_faq.html)"
74.7.227.41 - - [31/Mar/2026:21:38:57 +0000] "GET /wp-includes/js/plupload/handlers.js HTTP/1.1" 200 20540 "https://weddingswithjoy.org.nz/wp-includes/js/plupload/" "Mozilla/5.0 AppleWebKit/537.36 (KHTML, like Gecko; compatible; GPTBot/1.3; +https://openai.com/gptbot)"
74.7.227.159 - - [31/Mar/2026:21:39:01 +0000] "GET /wp-includes/class-wp-site-query.php HTTP/1.1" 200 - "https://www.qualityprecast.co.nz/wp-includes/" "Mozilla/5.0 AppleWebKit/537.36 (KHTML, like Gecko; compatible; GPTBot/1.3; +https://openai.com/gptbot)"
139.18.2.214 - - [31/Mar/2026:21:39:04 +0000] "GET /wp-includes/sodium_compat/namespaced/Core/Ed25519.php HTTP/1.1" 500 - "https://weddingswithjoy.org.nz/wp-includes/sodium_compat/namespaced/Core/" "LCC (+http://corpora.uni-leipzig.de/crawler_faq.html)"
139.18.2.214 - - [31/Mar/2026:21:39:14 +0000] "GET /wp-includes/sodium_compat/namespaced/Core/HChaCha20.php HTTP/1.1" 500 - "https://weddingswithjoy.org.nz/wp-includes/sodium_compat/namespaced/Core/" "LCC (+http://corpora.uni-leipzig.de/crawler_faq.html)"
139.18.2.214 - - [31/Mar/2026:21:39:24 +0000] "GET /wp-includes/sodium_compat/namespaced/Core/HSalsa20.php HTTP/1.1" 500 - "https://weddingswithjoy.org.nz/wp-includes/sodium_compat/namespaced/Core/" "LCC (+http://corpora.uni-leipzig.de/crawler_faq.html)"
74.7.243.230 - - [31/Mar/2026:21:39:26 +0000] "GET /wp-includes/js/dist/script-modules/block-library/search/view.js HTTP/1.1" 200 3846 "https://schoolofgolfnz.co.nz/wp-includes/js/dist/script-modules/block-library/search/" "Mozilla/5.0 AppleWebKit/537.36 (KHTML, like Gecko; compatible; GPTBot/1.3; +https://openai.com/gptbot)"
74.7.227.159 - - [31/Mar/2026:21:39:28 +0000] "GET /wp-includes/html-api/class-wp-html-token.php HTTP/1.1" 200 - "https://www.qualityprecast.co.nz/wp-includes/html-api/" "Mozilla/5.0 AppleWebKit/537.36 (KHTML, like Gecko; compatible; GPTBot/1.3; +https://openai.com/gptbot)"
139.18.2.214 - - [31/Mar/2026:21:39:34 +0000] "GET /wp-includes/sodium_compat/namespaced/Core/Poly1305.php HTTP/1.1" 500 - "https://weddingswithjoy.org.nz/wp-includes/sodium_compat/namespaced/Core/" "LCC (+http://corpora.uni-leipzig.de/crawler_faq.html)"
139.18.2.214 - - [31/Mar/2026:21:39:47 +0000] "GET /wp-includes/sodium_compat/namespaced/Core/Poly1305/ HTTP/1.1" 200 909 "https://weddingswithjoy.org.nz/wp-includes/sodium_compat/namespaced/Core/" "LCC (+http://corpora.uni-leipzig.de/crawler_faq.html)"
74.7.227.41 - - [31/Mar/2026:21:39:49 +0000] "GET /wp-includes/sodium_compat/src/Core32/HSalsa20.php HTTP/1.1" 500 - "https://weddingswithjoy.org.nz/wp-includes/sodium_compat/src/Core32/" "Mozilla/5.0 AppleWebKit/537.36 (KHTML, like Gecko; compatible; GPTBot/1.3; +https://openai.com/gptbot)"
74.7.227.159 - - [31/Mar/2026:21:39:52 +0000] "GET /wp-includes/bookmark-template.php HTTP/1.1" 200 - "https://www.qualityprecast.co.nz/wp-includes/" "Mozilla/5.0 AppleWebKit/537.36 (KHTML, like Gecko; compatible; GPTBot/1.3; +https://openai.com/gptbot)"
139.18.2.214 - - [31/Mar/2026:21:39:58 +0000] "GET /wp-includes/sodium_compat/namespaced/Core/Salsa20.php HTTP/1.1" 500 - "https://weddingswithjoy.org.nz/wp-includes/sodium_compat/namespaced/Core/" "LCC (+http://corpora.uni-leipzig.de/crawler_faq.html)"
139.18.2.214 - - [31/Mar/2026:21:40:10 +0000] "GET /wp-includes/sodium_compat/namespaced/Core/SipHash.php HTTP/1.1" 500 - "https://weddingswithjoy.org.nz/wp-includes/sodium_compat/namespaced/Core/" "LCC (+http://corpora.uni-leipzig.de/crawler_faq.html)"
74.7.227.159 - - [31/Mar/2026:21:40:15 +0000] "GET /wp-includes/images/admin-bar-sprite.png HTTP/1.1" 200 2467 "https://www.qualityprecast.co.nz/wp-includes/images/" "Mozilla/5.0 AppleWebKit/537.36 (KHTML, like Gecko; compatible; GPTBot/1.3; +https://openai.com/gptbot)"
139.18.2.214 - - [31/Mar/2026:21:40:21 +0000] "GET /wp-includes/sodium_compat/namespaced/Core/Util.php HTTP/1.1" 500 - "https://weddingswithjoy.org.nz/wp-includes/sodium_compat/namespaced/Core/" "LCC (+http://corpora.uni-leipzig.de/crawler_faq.html)"
74.7.243.230 - - [31/Mar/2026:21:40:31 +0000] "GET /wp-includes/SimplePie/src/Net/IPv6.php HTTP/1.1" 200 - "https://schoolofgolfnz.co.nz/wp-includes/SimplePie/src/Net/" "Mozilla/5.0 AppleWebKit/537.36 (KHTML, like Gecko; compatible; GPTBot/1.3; +https://openai.com/gptbot)"
139.18.2.214 - - [31/Mar/2026:21:40:32 +0000] "GET /wp-includes/sodium_compat/namespaced/Core/X25519.php HTTP/1.1" 500 - "https://weddingswithjoy.org.nz/wp-includes/sodium_compat/namespaced/Core/" "LCC (+http://corpora.uni-leipzig.de/crawler_faq.html)"
74.7.227.159 - - [31/Mar/2026:21:40:34 +0000] "GET /wp-includes/images/icon-pointer-flag.png HTTP/1.1" 200 783 "https://www.qualityprecast.co.nz/wp-includes/images/" "Mozilla/5.0 AppleWebKit/537.36 (KHTML, like Gecko; compatible; GPTBot/1.3; +https://openai.com/gptbot)"
74.7.227.41 - - [31/Mar/2026:21:40:36 +0000] "GET /wp-includes/sodium_compat/src/Core32/XSalsa20.php HTTP/1.1" 500 - "https://weddingswithjoy.org.nz/wp-includes/sodium_compat/src/Core32/" "Mozilla/5.0 AppleWebKit/537.36 (KHTML, like Gecko; compatible; GPTBot/1.3; +https://openai.com/gptbot)"
139.18.2.214 - - [31/Mar/2026:21:40:42 +0000] "GET /wp-includes/sodium_compat/namespaced/Core/XChaCha20.php HTTP/1.1" 500 - "https://weddingswithjoy.org.nz/wp-includes/sodium_compat/namespaced/Core/" "LCC (+http://corpora.uni-leipzig.de/crawler_faq.html)"
74.7.227.159 - - [31/Mar/2026:21:40:52 +0000] "GET /wp-includes/images/icon-pointer-flag-2x.png HTTP/1.1" 200 1369 "https://www.qualityprecast.co.nz/wp-includes/images/" "Mozilla/5.0 AppleWebKit/537.36 (KHTML, like Gecko; compatible; GPTBot/1.3; +https://openai.com/gptbot)"
139.18.2.214 - - [31/Mar/2026:21:40:53 +0000] "GET /wp-includes/sodium_compat/namespaced/Core/Xsalsa20.php HTTP/1.1" 500 - "https://weddingswithjoy.org.nz/wp-includes/sodium_compat/namespaced/Core/" "LCC (+http://corpora.uni-leipzig.de/crawler_faq.html)"
139.18.2.214 - - [31/Mar/2026:21:41:05 +0000] "GET /wp-includes/sodium_compat/src/?C=N;O=A HTTP/1.1" 200 2095 "https://weddingswithjoy.org.nz/wp-includes/sodium_compat/src/?C=N;O=D" "LCC (+http://corpora.uni-leipzig.de/crawler_faq.html)"
74.7.227.159 - - [31/Mar/2026:21:41:08 +0000] "GET /wp-includes/images/w-logo-blue-white-bg.png HTTP/1.1" 200 4119 "https://www.qualityprecast.co.nz/wp-includes/images/" "Mozilla/5.0 AppleWebKit/537.36 (KHTML, like Gecko; compatible; GPTBot/1.3; +https://openai.com/gptbot)"
139.18.2.214 - - [31/Mar/2026:21:41:15 +0000] "GET /wp-includes/sodium_compat/src/?C=M;O=D HTTP/1.1" 200 2095 "https://weddingswithjoy.org.nz/wp-includes/sodium_compat/src/?C=M;O=A" "LCC (+http://corpora.uni-leipzig.de/crawler_faq.html)"
74.7.227.159 - - [31/Mar/2026:21:41:23 +0000] "GET /wp-includes/images/admin-bar-sprite-2x.png HTTP/1.1" 200 3999 "https://www.qualityprecast.co.nz/wp-includes/images/" "Mozilla/5.0 AppleWebKit/537.36 (KHTML, like Gecko; compatible; GPTBot/1.3; +https://openai.com/gptbot)"
139.18.2.214 - - [31/Mar/2026:21:41:25 +0000] "GET /wp-includes/sodium_compat/src/?C=S;O=D HTTP/1.1" 200 2095 "https://weddingswithjoy.org.nz/wp-includes/sodium_compat/src/?C=S;O=A" "LCC (+http://corpora.uni-leipzig.de/crawler_faq.html)"
74.7.243.230 - - [31/Mar/2026:21:41:27 +0000] "GET /wp-includes/js/jquery/ui/slider.js HTTP/1.1" 200 19599 "https://schoolofgolfnz.co.nz/wp-includes/js/jquery/ui/" "Mozilla/5.0 AppleWebKit/537.36 (KHTML, like Gecko; compatible; GPTBot/1.3; +https://openai.com/gptbot)"
74.7.227.159 - - [31/Mar/2026:21:41:36 +0000] "GET /wp-includes/images/arrow-pointer-blue.png HTTP/1.1" 200 793 "https://www.qualityprecast.co.nz/wp-includes/images/" "Mozilla/5.0 AppleWebKit/537.36 (KHTML, like Gecko; compatible; GPTBot/1.3; +https://openai.com/gptbot)"
139.18.2.214 - - [31/Mar/2026:21:41:39 +0000] "GET /wp-includes/sodium_compat/src/?C=D;O=D HTTP/1.1" 200 2095 "https://weddingswithjoy.org.nz/wp-includes/sodium_compat/src/?C=D;O=A" "LCC (+http://corpora.uni-leipzig.de/crawler_faq.html)"
74.7.227.41 - - [31/Mar/2026:21:41:41 +0000] "GET /wp-includes/sodium_compat/src/Core32/ChaCha20.php HTTP/1.1" 500 - "https://weddingswithjoy.org.nz/wp-includes/sodium_compat/src/Core32/" "Mozilla/5.0 AppleWebKit/537.36 (KHTML, like Gecko; compatible; GPTBot/1.3; +https://openai.com/gptbot)"
74.7.227.159 - - [31/Mar/2026:21:41:47 +0000] "GET /wp-includes/images/arrow-pointer-blue-2x.png HTTP/1.1" 200 1666 "https://www.qualityprecast.co.nz/wp-includes/images/" "Mozilla/5.0 AppleWebKit/537.36 (KHTML, like Gecko; compatible; GPTBot/1.3; +https://openai.com/gptbot)"
139.18.2.214 - - [31/Mar/2026:21:41:51 +0000] "GET /wp-includes/sodium_compat/src/Core/?C=N;O=D HTTP/1.1" 200 4977 "https://weddingswithjoy.org.nz/wp-includes/sodium_compat/src/Core/" "LCC (+http://corpora.uni-leipzig.de/crawler_faq.html)"
74.7.227.159 - - [31/Mar/2026:21:41:58 +0000] "GET /wp-includes/images/uploader-icons-2x.png HTTP/1.1" 200 3542 "https://www.qualityprecast.co.nz/wp-includes/images/" "Mozilla/5.0 AppleWebKit/537.36 (KHTML, like Gecko; compatible; GPTBot/1.3; +https://openai.com/gptbot)"
139.18.2.214 - - [31/Mar/2026:21:42:01 +0000] "GET /wp-includes/sodium_compat/src/Core/?C=M;O=A HTTP/1.1" 200 4977 "https://weddingswithjoy.org.nz/wp-includes/sodium_compat/src/Core/" "LCC (+http://corpora.uni-leipzig.de/crawler_faq.html)"
74.7.227.159 - - [31/Mar/2026:21:42:07 +0000] "GET /wp-includes/images/uploader-icons.png HTTP/1.1" 200 1556 "https://www.qualityprecast.co.nz/wp-includes/images/" "Mozilla/5.0 AppleWebKit/537.36 (KHTML, like Gecko; compatible; GPTBot/1.3; +https://openai.com/gptbot)"
139.18.2.214 - - [31/Mar/2026:21:42:12 +0000] "GET /wp-includes/sodium_compat/src/Core/?C=S;O=A HTTP/1.1" 200 4977 "https://weddingswithjoy.org.nz/wp-includes/sodium_compat/src/Core/" "LCC (+http://corpora.uni-leipzig.de/crawler_faq.html)"
74.7.227.159 - - [31/Mar/2026:21:42:16 +0000] "GET /wp-includes/images/xit-2x.gif HTTP/1.1" 200 825 "https://www.qualityprecast.co.nz/wp-includes/images/" "Mozilla/5.0 AppleWebKit/537.36 (KHTML, like Gecko; compatible; GPTBot/1.3; +https://openai.com/gptbot)"
74.7.243.230 - - [31/Mar/2026:21:42:19 +0000] "GET /wp-includes/js/tinymce/plugins/hr/ HTTP/1.1" 200 1045 "https://schoolofgolfnz.co.nz/wp-includes/js/tinymce/plugins/" "Mozilla/5.0 AppleWebKit/537.36 (KHTML, like Gecko; compatible; GPTBot/1.3; +https://openai.com/gptbot)"
139.18.2.214 - - [31/Mar/2026:21:42:21 +0000] "GET /wp-includes/sodium_compat/src/Core/?C=D;O=A HTTP/1.1" 200 4977 "https://weddingswithjoy.org.nz/wp-includes/sodium_compat/src/Core/" "LCC (+http://corpora.uni-leipzig.de/crawler_faq.html)"
74.7.227.159 - - [31/Mar/2026:21:42:24 +0000] "GET /wp-includes/images/rss-2x.png HTTP/1.1" 200 1306 "https://www.qualityprecast.co.nz/wp-includes/images/" "Mozilla/5.0 AppleWebKit/537.36 (KHTML, like Gecko; compatible; GPTBot/1.3; +https://openai.com/gptbot)"
139.18.2.214 - - [31/Mar/2026:21:42:30 +0000] "GET /wp-includes/sodium_compat/src/Core/AEGIS/ HTTP/1.1" 200 1066 "https://weddingswithjoy.org.nz/wp-includes/sodium_compat/src/Core/" "LCC (+http://corpora.uni-leipzig.de/crawler_faq.html)"
74.7.227.159 - - [31/Mar/2026:21:42:31 +0000] "GET /wp-includes/certificates/ HTTP/1.1" 200 831 "https://www.qualityprecast.co.nz/wp-includes/" "Mozilla/5.0 AppleWebKit/537.36 (KHTML, like Gecko; compatible; GPTBot/1.3; +https://openai.com/gptbot)"
205.210.31.245 - - [31/Mar/2026:21:42:36 +0000] "GET / HTTP/1.1" 200 2980 "-" "Hello from Palo Alto Networks, find out more about our scans in https://docs-cortex.paloaltonetworks.com/r/1/Cortex-Xpanse/Scanning-activity"
74.7.227.159 - - [31/Mar/2026:21:42:37 +0000] "GET /wp-includes/html-api/class-wp-html-stack-event.php HTTP/1.1" 200 - "https://www.qualityprecast.co.nz/wp-includes/html-api/" "Mozilla/5.0 AppleWebKit/537.36 (KHTML, like Gecko; compatible; GPTBot/1.3; +https://openai.com/gptbot)"
139.18.2.214 - - [31/Mar/2026:21:42:41 +0000] "GET /wp-includes/sodium_compat/src/Core/AEGIS128L.php HTTP/1.1" 500 - "https://weddingswithjoy.org.nz/wp-includes/sodium_compat/src/Core/" "LCC (+http://corpora.uni-leipzig.de/crawler_faq.html)"
74.7.227.159 - - [31/Mar/2026:21:42:42 +0000] "GET /wp-includes/general-template.php HTTP/1.1" 200 - "https://www.qualityprecast.co.nz/wp-includes/" "Mozilla/5.0 AppleWebKit/537.36 (KHTML, like Gecko; compatible; GPTBot/1.3; +https://openai.com/gptbot)"
74.7.227.41 - - [31/Mar/2026:21:42:47 +0000] "GET /wp-includes/sodium_compat/src/Core32/Curve25519/Ge/ HTTP/1.1" 200 1619 "https://weddingswithjoy.org.nz/wp-includes/sodium_compat/src/Core32/Curve25519/" "Mozilla/5.0 AppleWebKit/537.36 (KHTML, like Gecko; compatible; GPTBot/1.3; +https://openai.com/gptbot)"
74.7.227.159 - - [31/Mar/2026:21:42:47 +0000] "GET /wp-includes/class-wp-exception.php HTTP/1.1" 200 - "https://www.qualityprecast.co.nz/wp-includes/" "Mozilla/5.0 AppleWebKit/537.36 (KHTML, like Gecko; compatible; GPTBot/1.3; +https://openai.com/gptbot)"
74.7.227.159 - - [31/Mar/2026:21:42:52 +0000] "GET /wp-includes/html-api/class-wp-html-open-elements.php HTTP/1.1" 200 - "https://www.qualityprecast.co.nz/wp-includes/html-api/" "Mozilla/5.0 AppleWebKit/537.36 (KHTML, like Gecko; compatible; GPTBot/1.3; +https://openai.com/gptbot)"
139.18.2.214 - - [31/Mar/2026:21:42:52 +0000] "GET /wp-includes/sodium_compat/src/Core/AEGIS256.php HTTP/1.1" 500 - "https://weddingswithjoy.org.nz/wp-includes/sodium_compat/src/Core/" "LCC (+http://corpora.uni-leipzig.de/crawler_faq.html)"
74.7.227.159 - - [31/Mar/2026:21:42:56 +0000] "GET /wp-includes/images/toggle-arrow-2x.png HTTP/1.1" 200 354 "https://www.qualityprecast.co.nz/wp-includes/images/" "Mozilla/5.0 AppleWebKit/537.36 (KHTML, like Gecko; compatible; GPTBot/1.3; +https://openai.com/gptbot)"
74.7.227.159 - - [31/Mar/2026:21:42:59 +0000] "GET /wp-includes/class-wp-tax-query.php HTTP/1.1" 200 - "https://www.qualityprecast.co.nz/wp-includes/" "Mozilla/5.0 AppleWebKit/537.36 (KHTML, like Gecko; compatible; GPTBot/1.3; +https://openai.com/gptbot)"
139.18.2.214 - - [31/Mar/2026:21:43:01 +0000] "GET /wp-includes/sodium_compat/src/Core/AES.php HTTP/1.1" 500 - "https://weddingswithjoy.org.nz/wp-includes/sodium_compat/src/Core/" "LCC (+http://corpora.uni-leipzig.de/crawler_faq.html)"
74.7.227.159 - - [31/Mar/2026:21:43:02 +0000] "GET /wp-includes/class-wp-token-map.php HTTP/1.1" 200 - "https://www.qualityprecast.co.nz/wp-includes/" "Mozilla/5.0 AppleWebKit/537.36 (KHTML, like Gecko; compatible; GPTBot/1.3; +https://openai.com/gptbot)"
74.7.227.159 - - [31/Mar/2026:21:43:06 +0000] "GET /wp-includes/images/toggle-arrow.png HTTP/1.1" 200 289 "https://www.qualityprecast.co.nz/wp-includes/images/" "Mozilla/5.0 AppleWebKit/537.36 (KHTML, like Gecko; compatible; GPTBot/1.3; +https://openai.com/gptbot)"
74.7.243.230 - - [31/Mar/2026:21:43:06 +0000] "GET /wp-includes/js/jquery/ui/effect.js HTTP/1.1" 200 24613 "https://schoolofgolfnz.co.nz/wp-includes/js/jquery/ui/" "Mozilla/5.0 AppleWebKit/537.36 (KHTML, like Gecko; compatible; GPTBot/1.3; +https://openai.com/gptbot)"
74.7.227.159 - - [31/Mar/2026:21:43:08 +0000] "GET /wp-includes/images/blank.gif HTTP/1.1" 200 43 "https://www.qualityprecast.co.nz/wp-includes/images/" "Mozilla/5.0 AppleWebKit/537.36 (KHTML, like Gecko; compatible; GPTBot/1.3; +https://openai.com/gptbot)"
74.7.227.159 - - [31/Mar/2026:21:43:11 +0000] "GET /wp-includes/ms-functions.php HTTP/1.1" 200 - "https://www.qualityprecast.co.nz/wp-includes/" "Mozilla/5.0 AppleWebKit/537.36 (KHTML, like Gecko; compatible; GPTBot/1.3; +https://openai.com/gptbot)"
74.7.227.159 - - [31/Mar/2026:21:43:13 +0000] "GET /wp-includes/certificates/ca-bundle.crt HTTP/1.1" 200 234150 "https://www.qualityprecast.co.nz/wp-includes/certificates/" "Mozilla/5.0 AppleWebKit/537.36 (KHTML, like Gecko; compatible; GPTBot/1.3; +https://openai.com/gptbot)"
74.7.227.159 - - [31/Mar/2026:21:43:15 +0000] "GET /wp-includes/images/w-logo-blue.png HTTP/1.1" 200 3113 "https://www.qualityprecast.co.nz/wp-includes/images/" "Mozilla/5.0 AppleWebKit/537.36 (KHTML, like Gecko; compatible; GPTBot/1.3; +https://openai.com/gptbot)"
139.18.2.214 - - [31/Mar/2026:21:43:15 +0000] "GET /wp-includes/sodium_compat/src/Core/AES/ HTTP/1.1" 200 1241 "https://weddingswithjoy.org.nz/wp-includes/sodium_compat/src/Core/" "LCC (+http://corpora.uni-leipzig.de/crawler_faq.html)"
74.7.227.159 - - [31/Mar/2026:21:43:16 +0000] "GET /wp-includes/rest-api/ HTTP/1.1" 200 1758 "https://www.qualityprecast.co.nz/wp-includes/" "Mozilla/5.0 AppleWebKit/537.36 (KHTML, like Gecko; compatible; GPTBot/1.3; +https://openai.com/gptbot)"
74.7.227.159 - - [31/Mar/2026:21:43:18 +0000] "GET /wp-includes/html-api/class-wp-html-decoder.php HTTP/1.1" 200 - "https://www.qualityprecast.co.nz/wp-includes/html-api/" "Mozilla/5.0 AppleWebKit/537.36 (KHTML, like Gecko; compatible; GPTBot/1.3; +https://openai.com/gptbot)"
74.7.227.159 - - [31/Mar/2026:21:43:19 +0000] "GET /wp-includes/shortcodes.php HTTP/1.1" 200 - "https://www.qualityprecast.co.nz/wp-includes/" "Mozilla/5.0 AppleWebKit/537.36 (KHTML, like Gecko; compatible; GPTBot/1.3; +https://openai.com/gptbot)"
74.7.227.159 - - [31/Mar/2026:21:43:21 +0000] "GET /wp-admin/images/wordpress-logo.png HTTP/1.1" 200 2480 "https://www.qualityprecast.co.nz/readme.html" "Mozilla/5.0 AppleWebKit/537.36 (KHTML, like Gecko; compatible; GPTBot/1.3; +https://openai.com/gptbot)"
74.7.227.159 - - [31/Mar/2026:21:43:22 +0000] "GET /wp-includes/embed.php HTTP/1.1" 200 - "https://www.qualityprecast.co.nz/wp-includes/" "Mozilla/5.0 AppleWebKit/537.36 (KHTML, like Gecko; compatible; GPTBot/1.3; +https://openai.com/gptbot)"
74.7.227.159 - - [31/Mar/2026:21:43:23 +0000] "GET /wp-includes/default-constants.php HTTP/1.1" 200 - "https://www.qualityprecast.co.nz/wp-includes/" "Mozilla/5.0 AppleWebKit/537.36 (KHTML, like Gecko; compatible; GPTBot/1.3; +https://openai.com/gptbot)"
74.7.227.159 - - [31/Mar/2026:21:43:24 +0000] "GET /wp-includes/nav-menu-template.php HTTP/1.1" 200 2 "https://www.qualityprecast.co.nz/wp-includes/" "Mozilla/5.0 AppleWebKit/537.36 (KHTML, like Gecko; compatible; GPTBot/1.3; +https://openai.com/gptbot)"
139.18.2.214 - - [31/Mar/2026:21:43:24 +0000] "GET /wp-includes/sodium_compat/src/Core/BLAKE2b.php HTTP/1.1" 500 - "https://weddingswithjoy.org.nz/wp-includes/sodium_compat/src/Core/" "LCC (+http://corpora.uni-leipzig.de/crawler_faq.html)"
74.7.227.159 - - [31/Mar/2026:21:43:25 +0000] "GET /wp-includes/images/smilies/ HTTP/1.1" 200 5397 "https://www.qualityprecast.co.nz/wp-includes/images/" "Mozilla/5.0 AppleWebKit/537.36 (KHTML, like Gecko; compatible; GPTBot/1.3; +https://openai.com/gptbot)"
74.7.227.159 - - [31/Mar/2026:21:43:25 +0000] "GET /wp-includes/images/wpspin.gif HTTP/1.1" 200 2052 "https://www.qualityprecast.co.nz/wp-includes/images/" "Mozilla/5.0 AppleWebKit/537.36 (KHTML, like Gecko; compatible; GPTBot/1.3; +https://openai.com/gptbot)"
74.7.227.159 - - [31/Mar/2026:21:43:26 +0000] "GET /wp-includes/images/down_arrow-2x.gif HTTP/1.1" 200 84 "https://www.qualityprecast.co.nz/wp-includes/images/" "Mozilla/5.0 AppleWebKit/537.36 (KHTML, like Gecko; compatible; GPTBot/1.3; +https://openai.com/gptbot)"
74.7.227.159 - - [31/Mar/2026:21:43:27 +0000] "GET /wp-includes/images/crystal/ HTTP/1.1" 200 2450 "https://www.qualityprecast.co.nz/wp-includes/images/" "Mozilla/5.0 AppleWebKit/537.36 (KHTML, like Gecko; compatible; GPTBot/1.3; +https://openai.com/gptbot)"
74.7.227.159 - - [31/Mar/2026:21:43:27 +0000] "GET /wp-includes/rest-api/?C=S;O=A HTTP/1.1" 200 1758 "https://www.qualityprecast.co.nz/wp-includes/rest-api/" "Mozilla/5.0 AppleWebKit/537.36 (KHTML, like Gecko; compatible; GPTBot/1.3; +https://openai.com/gptbot)"
74.7.227.159 - - [31/Mar/2026:21:43:28 +0000] "GET /wp-includes/rest-api/class-wp-rest-server.php HTTP/1.1" 200 - "https://www.qualityprecast.co.nz/wp-includes/rest-api/" "Mozilla/5.0 AppleWebKit/537.36 (KHTML, like Gecko; compatible; GPTBot/1.3; +https://openai.com/gptbot)"
74.7.227.159 - - [31/Mar/2026:21:43:28 +0000] "GET /wp-includes/rest-api/class-wp-rest-request.php HTTP/1.1" 200 - "https://www.qualityprecast.co.nz/wp-includes/rest-api/" "Mozilla/5.0 AppleWebKit/537.36 (KHTML, like Gecko; compatible; GPTBot/1.3; +https://openai.com/gptbot)"
74.7.227.159 - - [31/Mar/2026:21:43:29 +0000] "GET /wp-includes/html-api/class-wp-html-doctype-info.php HTTP/1.1" 200 - "https://www.qualityprecast.co.nz/wp-includes/html-api/" "Mozilla/5.0 AppleWebKit/537.36 (KHTML, like Gecko; compatible; GPTBot/1.3; +https://openai.com/gptbot)"
74.7.227.159 - - [31/Mar/2026:21:43:29 +0000] "GET /wp-includes/images/wpicons.png HTTP/1.1" 200 7086 "https://www.qualityprecast.co.nz/wp-includes/images/" "Mozilla/5.0 AppleWebKit/537.36 (KHTML, like Gecko; compatible; GPTBot/1.3; +https://openai.com/gptbot)"
74.7.227.159 - - [31/Mar/2026:21:43:30 +0000] "GET /wp-includes/images/spinner.gif HTTP/1.1" 200 3656 "https://www.qualityprecast.co.nz/wp-includes/images/" "Mozilla/5.0 AppleWebKit/537.36 (KHTML, like Gecko; compatible; GPTBot/1.3; +https://openai.com/gptbot)"
74.7.227.159 - - [31/Mar/2026:21:43:30 +0000] "GET /wp-includes/class-wp-list-util.php HTTP/1.1" 200 - "https://www.qualityprecast.co.nz/wp-includes/" "Mozilla/5.0 AppleWebKit/537.36 (KHTML, like Gecko; compatible; GPTBot/1.3; +https://openai.com/gptbot)"
74.7.227.159 - - [31/Mar/2026:21:43:31 +0000] "GET /wp-includes/images/smilies/icon_confused.gif HTTP/1.1" 200 170 "https://www.qualityprecast.co.nz/wp-includes/images/smilies/" "Mozilla/5.0 AppleWebKit/537.36 (KHTML, like Gecko; compatible; GPTBot/1.3; +https://openai.com/gptbot)"
74.7.227.159 - - [31/Mar/2026:21:43:31 +0000] "GET /wp-includes/images/smilies/icon_redface.gif HTTP/1.1" 200 645 "https://www.qualityprecast.co.nz/wp-includes/images/smilies/" "Mozilla/5.0 AppleWebKit/537.36 (KHTML, like Gecko; compatible; GPTBot/1.3; +https://openai.com/gptbot)"
74.7.227.159 - - [31/Mar/2026:21:43:32 +0000] "GET /wp-includes/images/smilies/icon_neutral.gif HTTP/1.1" 200 167 "https://www.qualityprecast.co.nz/wp-includes/images/smilies/" "Mozilla/5.0 AppleWebKit/537.36 (KHTML, like Gecko; compatible; GPTBot/1.3; +https://openai.com/gptbot)"
74.7.227.159 - - [31/Mar/2026:21:43:32 +0000] "GET /wp-includes/images/smilies/icon_mrgreen.gif HTTP/1.1" 200 348 "https://www.qualityprecast.co.nz/wp-includes/images/smilies/" "Mozilla/5.0 AppleWebKit/537.36 (KHTML, like Gecko; compatible; GPTBot/1.3; +https://openai.com/gptbot)"
74.7.227.159 - - [31/Mar/2026:21:43:33 +0000] "GET /wp-includes/images/smilies/icon_twisted.gif HTTP/1.1" 200 241 "https://www.qualityprecast.co.nz/wp-includes/images/smilies/" "Mozilla/5.0 AppleWebKit/537.36 (KHTML, like Gecko; compatible; GPTBot/1.3; +https://openai.com/gptbot)"
74.7.227.159 - - [31/Mar/2026:21:43:34 +0000] "GET /wp-includes/images/smilies/icon_surprised.gif HTTP/1.1" 200 174 "https://www.qualityprecast.co.nz/wp-includes/images/smilies/" "Mozilla/5.0 AppleWebKit/537.36 (KHTML, like Gecko; compatible; GPTBot/1.3; +https://openai.com/gptbot)"
74.7.227.159 - - [31/Mar/2026:21:43:34 +0000] "GET /wp-includes/images/smilies/icon_rolleyes.gif HTTP/1.1" 200 471 "https://www.qualityprecast.co.nz/wp-includes/images/smilies/" "Mozilla/5.0 AppleWebKit/537.36 (KHTML, like Gecko; compatible; GPTBot/1.3; +https://openai.com/gptbot)"
74.7.227.159 - - [31/Mar/2026:21:43:35 +0000] "GET /wp-includes/images/smilies/icon_question.gif HTTP/1.1" 200 247 "https://www.qualityprecast.co.nz/wp-includes/images/smilies/" "Mozilla/5.0 AppleWebKit/537.36 (KHTML, like Gecko; compatible; GPTBot/1.3; +https://openai.com/gptbot)"
74.7.227.159 - - [31/Mar/2026:21:43:35 +0000] "GET /wp-includes/images/smilies/icon_exclaim.gif HTTP/1.1" 200 236 "https://www.qualityprecast.co.nz/wp-includes/images/smilies/" "Mozilla/5.0 AppleWebKit/537.36 (KHTML, like Gecko; compatible; GPTBot/1.3; +https://openai.com/gptbot)"
74.7.227.159 - - [31/Mar/2026:21:43:36 +0000] "GET /wp-includes/images/smilies/icon_biggrin.gif HTTP/1.1" 200 173 "https://www.qualityprecast.co.nz/wp-includes/images/smilies/" "Mozilla/5.0 AppleWebKit/537.36 (KHTML, like Gecko; compatible; GPTBot/1.3; +https://openai.com/gptbot)"
74.7.227.159 - - [31/Mar/2026:21:43:36 +0000] "GET /wp-includes/images/smilies/simple-smile.png HTTP/1.1" 200 1008 "https://www.qualityprecast.co.nz/wp-includes/images/smilies/" "Mozilla/5.0 AppleWebKit/537.36 (KHTML, like Gecko; compatible; GPTBot/1.3; +https://openai.com/gptbot)"
74.7.227.159 - - [31/Mar/2026:21:43:37 +0000] "GET /wp-includes/images/smilies/icon_razz.gif HTTP/1.1" 200 175 "https://www.qualityprecast.co.nz/wp-includes/images/smilies/" "Mozilla/5.0 AppleWebKit/537.36 (KHTML, like Gecko; compatible; GPTBot/1.3; +https://openai.com/gptbot)"
74.7.227.159 - - [31/Mar/2026:21:43:37 +0000] "GET /wp-includes/images/smilies/icon_arrow.gif HTTP/1.1" 200 169 "https://www.qualityprecast.co.nz/wp-includes/images/smilies/" "Mozilla/5.0 AppleWebKit/537.36 (KHTML, like Gecko; compatible; GPTBot/1.3; +https://openai.com/gptbot)"
74.7.227.159 - - [31/Mar/2026:21:43:38 +0000] "GET /wp-includes/images/smilies/icon_smile.gif HTTP/1.1" 200 173 "https://www.qualityprecast.co.nz/wp-includes/images/smilies/" "Mozilla/5.0 AppleWebKit/537.36 (KHTML, like Gecko; compatible; GPTBot/1.3; +https://openai.com/gptbot)"
139.18.2.214 - - [31/Mar/2026:21:43:38 +0000] "GET /wp-includes/sodium_compat/src/Core/Base64/ HTTP/1.1" 200 1066 "https://weddingswithjoy.org.nz/wp-includes/sodium_compat/src/Core/" "LCC (+http://corpora.uni-leipzig.de/crawler_faq.html)"
74.7.227.159 - - [31/Mar/2026:21:43:38 +0000] "GET /wp-includes/images/smilies/icon_cool.gif HTTP/1.1" 200 172 "https://www.qualityprecast.co.nz/wp-includes/images/smilies/" "Mozilla/5.0 AppleWebKit/537.36 (KHTML, like Gecko; compatible; GPTBot/1.3; +https://openai.com/gptbot)"
74.7.227.159 - - [31/Mar/2026:21:43:39 +0000] "GET /wp-includes/images/smilies/icon_evil.gif HTTP/1.1" 200 193 "https://www.qualityprecast.co.nz/wp-includes/images/smilies/" "Mozilla/5.0 AppleWebKit/537.36 (KHTML, like Gecko; compatible; GPTBot/1.3; +https://openai.com/gptbot)"
74.7.227.159 - - [31/Mar/2026:21:43:39 +0000] "GET /wp-includes/images/smilies/icon_idea.gif HTTP/1.1" 200 174 "https://www.qualityprecast.co.nz/wp-includes/images/smilies/" "Mozilla/5.0 AppleWebKit/537.36 (KHTML, like Gecko; compatible; GPTBot/1.3; +https://openai.com/gptbot)"
74.7.227.159 - - [31/Mar/2026:21:43:40 +0000] "GET /wp-includes/images/smilies/icon_wink.gif HTTP/1.1" 200 168 "https://www.qualityprecast.co.nz/wp-includes/images/smilies/" "Mozilla/5.0 AppleWebKit/537.36 (KHTML, like Gecko; compatible; GPTBot/1.3; +https://openai.com/gptbot)"
74.7.227.159 - - [31/Mar/2026:21:43:40 +0000] "GET /wp-includes/images/crystal/interactive.png HTTP/1.1" 200 2217 "https://www.qualityprecast.co.nz/wp-includes/images/crystal/" "Mozilla/5.0 AppleWebKit/537.36 (KHTML, like Gecko; compatible; GPTBot/1.3; +https://openai.com/gptbot)"
74.7.227.159 - - [31/Mar/2026:21:43:41 +0000] "GET /wp-includes/images/smilies/icon_cry.gif HTTP/1.1" 200 412 "https://www.qualityprecast.co.nz/wp-includes/images/smilies/" "Mozilla/5.0 AppleWebKit/537.36 (KHTML, like Gecko; compatible; GPTBot/1.3; +https://openai.com/gptbot)"
74.7.227.159 - - [31/Mar/2026:21:43:41 +0000] "GET /wp-includes/images/smilies/icon_mad.gif HTTP/1.1" 200 172 "https://www.qualityprecast.co.nz/wp-includes/images/smilies/" "Mozilla/5.0 AppleWebKit/537.36 (KHTML, like Gecko; compatible; GPTBot/1.3; +https://openai.com/gptbot)"
74.7.227.159 - - [31/Mar/2026:21:43:42 +0000] "GET /wp-includes/images/smilies/icon_lol.gif HTTP/1.1" 200 331 "https://www.qualityprecast.co.nz/wp-includes/images/smilies/" "Mozilla/5.0 AppleWebKit/537.36 (KHTML, like Gecko; compatible; GPTBot/1.3; +https://openai.com/gptbot)"
74.7.227.159 - - [31/Mar/2026:21:43:43 +0000] "GET /wp-includes/images/smilies/icon_sad.gif HTTP/1.1" 200 167 "https://www.qualityprecast.co.nz/wp-includes/images/smilies/" "Mozilla/5.0 AppleWebKit/537.36 (KHTML, like Gecko; compatible; GPTBot/1.3; +https://openai.com/gptbot)"
74.7.227.159 - - [31/Mar/2026:21:43:43 +0000] "GET /wp-includes/images/smilies/icon_eek.gif HTTP/1.1" 200 170 "https://www.qualityprecast.co.nz/wp-includes/images/smilies/" "Mozilla/5.0 AppleWebKit/537.36 (KHTML, like Gecko; compatible; GPTBot/1.3; +https://openai.com/gptbot)"
74.7.227.159 - - [31/Mar/2026:21:43:44 +0000] "GET /wp-includes/images/crystal/spreadsheet.png HTTP/1.1" 200 2408 "https://www.qualityprecast.co.nz/wp-includes/images/crystal/" "Mozilla/5.0 AppleWebKit/537.36 (KHTML, like Gecko; compatible; GPTBot/1.3; +https://openai.com/gptbot)"
74.7.227.159 - - [31/Mar/2026:21:43:44 +0000] "GET /wp-includes/images/crystal/default.png HTTP/1.1" 200 453 "https://www.qualityprecast.co.nz/wp-includes/images/crystal/" "Mozilla/5.0 AppleWebKit/537.36 (KHTML, like Gecko; compatible; GPTBot/1.3; +https://openai.com/gptbot)"
74.7.227.159 - - [31/Mar/2026:21:43:45 +0000] "GET /wp-includes/images/smilies/rolleyes.png HTTP/1.1" 200 1233 "https://www.qualityprecast.co.nz/wp-includes/images/smilies/" "Mozilla/5.0 AppleWebKit/537.36 (KHTML, like Gecko; compatible; GPTBot/1.3; +https://openai.com/gptbot)"
74.7.227.159 - - [31/Mar/2026:21:43:45 +0000] "GET /wp-includes/images/crystal/document.png HTTP/1.1" 200 2063 "https://www.qualityprecast.co.nz/wp-includes/images/crystal/" "Mozilla/5.0 AppleWebKit/537.36 (KHTML, like Gecko; compatible; GPTBot/1.3; +https://openai.com/gptbot)"
74.7.227.159 - - [31/Mar/2026:21:43:46 +0000] "GET /wp-includes/images/smilies/frownie.png HTTP/1.1" 200 1007 "https://www.qualityprecast.co.nz/wp-includes/images/smilies/" "Mozilla/5.0 AppleWebKit/537.36 (KHTML, like Gecko; compatible; GPTBot/1.3; +https://openai.com/gptbot)"
74.7.227.159 - - [31/Mar/2026:21:43:46 +0000] "GET /wp-includes/images/smilies/mrgreen.png HTTP/1.1" 200 1486 "https://www.qualityprecast.co.nz/wp-includes/images/smilies/" "Mozilla/5.0 AppleWebKit/537.36 (KHTML, like Gecko; compatible; GPTBot/1.3; +https://openai.com/gptbot)"
74.7.227.159 - - [31/Mar/2026:21:43:47 +0000] "GET /wp-includes/script-loader.php HTTP/1.1" 500 - "https://www.qualityprecast.co.nz/wp-includes/" "Mozilla/5.0 AppleWebKit/537.36 (KHTML, like Gecko; compatible; GPTBot/1.3; +https://openai.com/gptbot)"
74.7.243.230 - - [31/Mar/2026:21:43:47 +0000] "GET /wp-includes/js/jquery/'%20+%20s.iframeSrc%20+%20' HTTP/1.1" 404 - "https://schoolofgolfnz.co.nz/wp-includes/js/jquery/jquery.form.js" "Mozilla/5.0 AppleWebKit/537.36 (KHTML, like Gecko; compatible; GPTBot/1.3; +https://openai.com/gptbot)"
74.7.227.159 - - [31/Mar/2026:21:43:47 +0000] "GET /wp-includes/images/crystal/archive.png HTTP/1.1" 200 2454 "https://www.qualityprecast.co.nz/wp-includes/images/crystal/" "Mozilla/5.0 AppleWebKit/537.36 (KHTML, like Gecko; compatible; GPTBot/1.3; +https://openai.com/gptbot)"
74.7.227.159 - - [31/Mar/2026:21:43:49 +0000] "GET /wp-includes/images/crystal/license.txt HTTP/1.1" 200 149 "https://www.qualityprecast.co.nz/wp-includes/images/crystal/" "Mozilla/5.0 AppleWebKit/537.36 (KHTML, like Gecko; compatible; GPTBot/1.3; +https://openai.com/gptbot)"
74.7.227.41 - - [31/Mar/2026:21:43:50 +0000] "GET /wp-includes/sodium_compat/src/Core32/Poly1305.php HTTP/1.1" 500 - "https://weddingswithjoy.org.nz/wp-includes/sodium_compat/src/Core32/" "Mozilla/5.0 AppleWebKit/537.36 (KHTML, like Gecko; compatible; GPTBot/1.3; +https://openai.com/gptbot)"
74.7.227.159 - - [31/Mar/2026:21:43:50 +0000] "GET /wp-includes/images/crystal/code.png HTTP/1.1" 200 1604 "https://www.qualityprecast.co.nz/wp-includes/images/crystal/" "Mozilla/5.0 AppleWebKit/537.36 (KHTML, like Gecko; compatible; GPTBot/1.3; +https://openai.com/gptbot)"
139.18.2.214 - - [31/Mar/2026:21:43:50 +0000] "GET /wp-includes/sodium_compat/src/Core/ChaCha20.php HTTP/1.1" 500 - "https://weddingswithjoy.org.nz/wp-includes/sodium_compat/src/Core/" "LCC (+http://corpora.uni-leipzig.de/crawler_faq.html)"
74.7.227.1 - - [31/Mar/2026:21:43:51 +0000] "GET /wp-sitemap.xml HTTP/1.1" 404 - "-" "Mozilla/5.0 AppleWebKit/537.36 (KHTML, like Gecko; compatible; GPTBot/1.3; +https://openai.com/gptbot)"
74.7.227.159 - - [31/Mar/2026:21:43:51 +0000] "GET /wp-includes/images/crystal/text.png HTTP/1.1" 200 670 "https://www.qualityprecast.co.nz/wp-includes/images/crystal/" "Mozilla/5.0 AppleWebKit/537.36 (KHTML, like Gecko; compatible; GPTBot/1.3; +https://openai.com/gptbot)"
74.7.227.159 - - [31/Mar/2026:21:43:53 +0000] "GET /wp-includes/abilities-api.php HTTP/1.1" 200 - "https://www.qualityprecast.co.nz/wp-includes/" "Mozilla/5.0 AppleWebKit/537.36 (KHTML, like Gecko; compatible; GPTBot/1.3; +https://openai.com/gptbot)"
74.7.227.159 - - [31/Mar/2026:21:43:54 +0000] "GET /wp-includes/link-template.php HTTP/1.1" 200 - "https://www.qualityprecast.co.nz/wp-includes/" "Mozilla/5.0 AppleWebKit/537.36 (KHTML, like Gecko; compatible; GPTBot/1.3; +https://openai.com/gptbot)"
74.7.227.159 - - [31/Mar/2026:21:43:55 +0000] "GET /wp-includes/rss-functions.php HTTP/1.1" 200 - "https://www.qualityprecast.co.nz/wp-includes/" "Mozilla/5.0 AppleWebKit/537.36 (KHTML, like Gecko; compatible; GPTBot/1.3; +https://openai.com/gptbot)"
74.7.227.159 - - [31/Mar/2026:21:43:55 +0000] "GET /wp-includes/registration.php HTTP/1.1" 500 - "https://www.qualityprecast.co.nz/wp-includes/" "Mozilla/5.0 AppleWebKit/537.36 (KHTML, like Gecko; compatible; GPTBot/1.3; +https://openai.com/gptbot)"
74.7.227.159 - - [31/Mar/2026:21:43:56 +0000] "GET /wp-includes/ms-deprecated.php HTTP/1.1" 200 - "https://www.qualityprecast.co.nz/wp-includes/" "Mozilla/5.0 AppleWebKit/537.36 (KHTML, like Gecko; compatible; GPTBot/1.3; +https://openai.com/gptbot)"
74.7.227.159 - - [31/Mar/2026:21:43:58 +0000] "GET /wp-includes/html-api/class-wp-html-unsupported-exception.php HTTP/1.1" 200 - "https://www.qualityprecast.co.nz/wp-includes/html-api/" "Mozilla/5.0 AppleWebKit/537.36 (KHTML, like Gecko; compatible; GPTBot/1.3; +https://openai.com/gptbot)"
74.7.227.159 - - [31/Mar/2026:21:44:01 +0000] "GET /wp-includes/class-wp-theme-json.php HTTP/1.1" 200 - "https://www.qualityprecast.co.nz/wp-includes/" "Mozilla/5.0 AppleWebKit/537.36 (KHTML, like Gecko; compatible; GPTBot/1.3; +https://openai.com/gptbot)"
139.18.2.214 - - [31/Mar/2026:21:44:02 +0000] "GET /wp-includes/sodium_compat/src/Core/ChaCha20/ HTTP/1.1" 200 1065 "https://weddingswithjoy.org.nz/wp-includes/sodium_compat/src/Core/" "LCC (+http://corpora.uni-leipzig.de/crawler_faq.html)"
74.7.227.159 - - [31/Mar/2026:21:44:02 +0000] "GET /wp-includes/capabilities.php HTTP/1.1" 200 - "https://www.qualityprecast.co.nz/wp-includes/" "Mozilla/5.0 AppleWebKit/537.36 (KHTML, like Gecko; compatible; GPTBot/1.3; +https://openai.com/gptbot)"
74.7.227.159 - - [31/Mar/2026:21:44:04 +0000] "GET /wp-includes/class-wp-comment-query.php HTTP/1.1" 200 - "https://www.qualityprecast.co.nz/wp-includes/" "Mozilla/5.0 AppleWebKit/537.36 (KHTML, like Gecko; compatible; GPTBot/1.3; +https://openai.com/gptbot)"
74.7.227.159 - - [31/Mar/2026:21:44:05 +0000] "GET /wp-includes/html-api/class-wp-html-processor.php HTTP/1.1" 500 - "https://www.qualityprecast.co.nz/wp-includes/html-api/" "Mozilla/5.0 AppleWebKit/537.36 (KHTML, like Gecko; compatible; GPTBot/1.3; +https://openai.com/gptbot)"
74.7.227.159 - - [31/Mar/2026:21:44:07 +0000] "GET /wp-includes/html-api/class-wp-html-processor-state.php HTTP/1.1" 200 - "https://www.qualityprecast.co.nz/wp-includes/html-api/" "Mozilla/5.0 AppleWebKit/537.36 (KHTML, like Gecko; compatible; GPTBot/1.3; +https://openai.com/gptbot)"
74.7.227.159 - - [31/Mar/2026:21:44:11 +0000] "GET /wp-includes/html-api/class-wp-html-attribute-token.php HTTP/1.1" 200 - "https://www.qualityprecast.co.nz/wp-includes/html-api/" "Mozilla/5.0 AppleWebKit/537.36 (KHTML, like Gecko; compatible; GPTBot/1.3; +https://openai.com/gptbot)"
139.18.2.214 - - [31/Mar/2026:21:44:13 +0000] "GET /wp-includes/sodium_compat/src/Core/Curve25519.php HTTP/1.1" 500 - "https://weddingswithjoy.org.nz/wp-includes/sodium_compat/src/Core/" "LCC (+http://corpora.uni-leipzig.de/crawler_faq.html)"
74.7.227.159 - - [31/Mar/2026:21:44:15 +0000] "GET /wp-includes/class-oembed.php HTTP/1.1" 500 - "https://www.qualityprecast.co.nz/wp-includes/" "Mozilla/5.0 AppleWebKit/537.36 (KHTML, like Gecko; compatible; GPTBot/1.3; +https://openai.com/gptbot)"
74.7.227.159 - - [31/Mar/2026:21:44:18 +0000] "GET /wp-includes/block-editor.php HTTP/1.1" 200 - "https://www.qualityprecast.co.nz/wp-includes/" "Mozilla/5.0 AppleWebKit/537.36 (KHTML, like Gecko; compatible; GPTBot/1.3; +https://openai.com/gptbot)"
139.18.2.214 - - [31/Mar/2026:21:44:24 +0000] "GET /wp-includes/sodium_compat/src/Core/Curve25519/ HTTP/1.1" 200 1233 "https://weddingswithjoy.org.nz/wp-includes/sodium_compat/src/Core/" "LCC (+http://corpora.uni-leipzig.de/crawler_faq.html)"
74.7.243.230 - - [31/Mar/2026:21:44:24 +0000] "GET /wp-includes/js/wp-emoji-loader.js HTTP/1.1" 200 13203 "https://schoolofgolfnz.co.nz/wp-includes/js/" "Mozilla/5.0 AppleWebKit/537.36 (KHTML, like Gecko; compatible; GPTBot/1.3; +https://openai.com/gptbot)"
74.7.227.159 - - [31/Mar/2026:21:44:28 +0000] "GET /wp-includes/images/crystal/audio.png HTTP/1.1" 200 2184 "https://www.qualityprecast.co.nz/wp-includes/images/crystal/" "Mozilla/5.0 AppleWebKit/537.36 (KHTML, like Gecko; compatible; GPTBot/1.3; +https://openai.com/gptbot)"
139.18.2.214 - - [31/Mar/2026:21:44:34 +0000] "GET /wp-includes/sodium_compat/src/Core/Ed25519.php HTTP/1.1" 500 - "https://weddingswithjoy.org.nz/wp-includes/sodium_compat/src/Core/" "LCC (+http://corpora.uni-leipzig.de/crawler_faq.html)"
74.7.227.159 - - [31/Mar/2026:21:44:36 +0000] "GET /wp-includes/class-snoopy.php HTTP/1.1" 500 - "https://www.qualityprecast.co.nz/wp-includes/" "Mozilla/5.0 AppleWebKit/537.36 (KHTML, like Gecko; compatible; GPTBot/1.3; +https://openai.com/gptbot)"
139.18.2.214 - - [31/Mar/2026:21:44:43 +0000] "GET /wp-includes/sodium_compat/src/Core/HChaCha20.php HTTP/1.1" 500 - "https://weddingswithjoy.org.nz/wp-includes/sodium_compat/src/Core/" "LCC (+http://corpora.uni-leipzig.de/crawler_faq.html)"
74.7.227.159 - - [31/Mar/2026:21:44:44 +0000] "GET /wp-includes/cache-compat.php HTTP/1.1" 200 - "https://www.qualityprecast.co.nz/wp-includes/" "Mozilla/5.0 AppleWebKit/537.36 (KHTML, like Gecko; compatible; GPTBot/1.3; +https://openai.com/gptbot)"
74.7.227.41 - - [31/Mar/2026:21:44:45 +0000] "GET /wp-includes/sodium_compat/src/Core32/HChaCha20.php HTTP/1.1" 500 - "https://weddingswithjoy.org.nz/wp-includes/sodium_compat/src/Core32/" "Mozilla/5.0 AppleWebKit/537.36 (KHTML, like Gecko; compatible; GPTBot/1.3; +https://openai.com/gptbot)"
139.18.2.214 - - [31/Mar/2026:21:44:52 +0000] "GET /wp-includes/sodium_compat/src/Core/HSalsa20.php HTTP/1.1" 500 - "https://weddingswithjoy.org.nz/wp-includes/sodium_compat/src/Core/" "LCC (+http://corpora.uni-leipzig.de/crawler_faq.html)"
74.7.243.230 - - [31/Mar/2026:21:45:02 +0000] "GET /wp-includes/js/wp-pointer.min.js HTTP/1.1" 200 3621 "https://schoolofgolfnz.co.nz/wp-includes/js/" "Mozilla/5.0 AppleWebKit/537.36 (KHTML, like Gecko; compatible; GPTBot/1.3; +https://openai.com/gptbot)"
74.7.227.159 - - [31/Mar/2026:21:45:08 +0000] "GET /wp-includes/style-engine.php HTTP/1.1" 200 - "https://www.qualityprecast.co.nz/wp-includes/" "Mozilla/5.0 AppleWebKit/537.36 (KHTML, like Gecko; compatible; GPTBot/1.3; +https://openai.com/gptbot)"
139.18.2.214 - - [31/Mar/2026:21:45:09 +0000] "GET /wp-includes/sodium_compat/src/Core/Poly1305.php HTTP/1.1" 500 - "https://weddingswithjoy.org.nz/wp-includes/sodium_compat/src/Core/" "LCC (+http://corpora.uni-leipzig.de/crawler_faq.html)"
139.18.2.214 - - [31/Mar/2026:21:45:20 +0000] "GET /wp-includes/sodium_compat/src/Core/Poly1305/ HTTP/1.1" 200 888 "https://weddingswithjoy.org.nz/wp-includes/sodium_compat/src/Core/" "LCC (+http://corpora.uni-leipzig.de/crawler_faq.html)"
74.7.227.159 - - [31/Mar/2026:21:45:28 +0000] "GET /wp-includes/html-api/class-wp-html-active-formatting-elements.php HTTP/1.1" 200 - "https://www.qualityprecast.co.nz/wp-includes/html-api/" "Mozilla/5.0 AppleWebKit/537.36 (KHTML, like Gecko; compatible; GPTBot/1.3; +https://openai.com/gptbot)"
139.18.2.214 - - [31/Mar/2026:21:45:29 +0000] "GET /wp-includes/sodium_compat/src/Core/Ristretto255.php HTTP/1.1" 500 - "https://weddingswithjoy.org.nz/wp-includes/sodium_compat/src/Core/" "LCC (+http://corpora.uni-leipzig.de/crawler_faq.html)"
74.7.243.230 - - [31/Mar/2026:21:45:35 +0000] "GET /wp-includes/ID3/license.txt HTTP/1.1" 200 1396 "https://schoolofgolfnz.co.nz/wp-includes/ID3/" "Mozilla/5.0 AppleWebKit/537.36 (KHTML, like Gecko; compatible; GPTBot/1.3; +https://openai.com/gptbot)"
139.18.2.214 - - [31/Mar/2026:21:45:44 +0000] "GET /wp-includes/sodium_compat/src/Core/Salsa20.php HTTP/1.1" 500 - "https://weddingswithjoy.org.nz/wp-includes/sodium_compat/src/Core/" "LCC (+http://corpora.uni-leipzig.de/crawler_faq.html)"
74.7.227.41 - - [31/Mar/2026:21:45:48 +0000] "GET /wp-includes/sodium_compat/src/Core32/XChaCha20.php HTTP/1.1" 500 - "https://weddingswithjoy.org.nz/wp-includes/sodium_compat/src/Core32/" "Mozilla/5.0 AppleWebKit/537.36 (KHTML, like Gecko; compatible; GPTBot/1.3; +https://openai.com/gptbot)"
74.7.227.159 - - [31/Mar/2026:21:45:48 +0000] "GET /wp-includes/class-wp-block-list.php HTTP/1.1" 200 - "https://www.qualityprecast.co.nz/wp-includes/" "Mozilla/5.0 AppleWebKit/537.36 (KHTML, like Gecko; compatible; GPTBot/1.3; +https://openai.com/gptbot)"
139.18.2.214 - - [31/Mar/2026:21:45:53 +0000] "GET /wp-includes/sodium_compat/src/Core/SecretStream/ HTTP/1.1" 200 896 "https://weddingswithjoy.org.nz/wp-includes/sodium_compat/src/Core/" "LCC (+http://corpora.uni-leipzig.de/crawler_faq.html)"
74.7.243.230 - - [31/Mar/2026:21:46:04 +0000] "GET /wp-includes/sodium_compat/src/Core/ChaCha20.php HTTP/1.1" 500 - "https://schoolofgolfnz.co.nz/wp-includes/sodium_compat/src/Core/" "Mozilla/5.0 AppleWebKit/537.36 (KHTML, like Gecko; compatible; GPTBot/1.3; +https://openai.com/gptbot)"
139.18.2.214 - - [31/Mar/2026:21:46:04 +0000] "GET /wp-includes/sodium_compat/src/Core/SipHash.php HTTP/1.1" 500 - "https://weddingswithjoy.org.nz/wp-includes/sodium_compat/src/Core/" "LCC (+http://corpora.uni-leipzig.de/crawler_faq.html)"
74.7.227.159 - - [31/Mar/2026:21:46:05 +0000] "GET /wp-includes/blocks/ HTTP/1.1" 200 2 "https://www.qualityprecast.co.nz/wp-includes/" "Mozilla/5.0 AppleWebKit/537.36 (KHTML, like Gecko; compatible; GPTBot/1.3; +https://openai.com/gptbot)"
139.18.2.214 - - [31/Mar/2026:21:46:14 +0000] "GET /wp-includes/sodium_compat/src/Core/Util.php HTTP/1.1" 200 - "https://weddingswithjoy.org.nz/wp-includes/sodium_compat/src/Core/" "LCC (+http://corpora.uni-leipzig.de/crawler_faq.html)"
74.7.227.159 - - [31/Mar/2026:21:46:21 +0000] "GET /wp-includes/assets/ HTTP/1.1" 200 2280 "https://www.qualityprecast.co.nz/wp-includes/" "Mozilla/5.0 AppleWebKit/537.36 (KHTML, like Gecko; compatible; GPTBot/1.3; +https://openai.com/gptbot)"
139.18.2.214 - - [31/Mar/2026:21:46:23 +0000] "GET /wp-includes/sodium_compat/src/Core/X25519.php HTTP/1.1" 500 - "https://weddingswithjoy.org.nz/wp-includes/sodium_compat/src/Core/" "LCC (+http://corpora.uni-leipzig.de/crawler_faq.html)"
74.7.243.230 - - [31/Mar/2026:21:46:30 +0000] "GET /wp-includes/js/dist/script-modules/block-library/search/view.min.js HTTP/1.1" 200 1417 "https://schoolofgolfnz.co.nz/wp-includes/js/dist/script-modules/block-library/search/" "Mozilla/5.0 AppleWebKit/537.36 (KHTML, like Gecko; compatible; GPTBot/1.3; +https://openai.com/gptbot)"
74.7.227.159 - - [31/Mar/2026:21:46:34 +0000] "GET /wp-includes/fonts/ HTTP/1.1" 200 2522 "https://www.qualityprecast.co.nz/wp-includes/" "Mozilla/5.0 AppleWebKit/537.36 (KHTML, like Gecko; compatible; GPTBot/1.3; +https://openai.com/gptbot)"
139.18.2.214 - - [31/Mar/2026:21:46:35 +0000] "GET /wp-includes/sodium_compat/src/Core/XChaCha20.php HTTP/1.1" 500 - "https://weddingswithjoy.org.nz/wp-includes/sodium_compat/src/Core/" "LCC (+http://corpora.uni-leipzig.de/crawler_faq.html)"
74.7.227.159 - - [31/Mar/2026:21:46:47 +0000] "GET /wp-includes/wp-db.php HTTP/1.1" 200 - "https://www.qualityprecast.co.nz/wp-includes/" "Mozilla/5.0 AppleWebKit/537.36 (KHTML, like Gecko; compatible; GPTBot/1.3; +https://openai.com/gptbot)"
139.18.2.214 - - [31/Mar/2026:21:46:47 +0000] "GET /wp-includes/sodium_compat/src/Core/XSalsa20.php HTTP/1.1" 500 - "https://weddingswithjoy.org.nz/wp-includes/sodium_compat/src/Core/" "LCC (+http://corpora.uni-leipzig.de/crawler_faq.html)"
74.7.227.41 - - [31/Mar/2026:21:46:48 +0000] "GET /wp-includes/sodium_compat/src/Core/Poly1305/ HTTP/1.1" 200 888 "https://weddingswithjoy.org.nz/wp-includes/sodium_compat/src/Core/" "Mozilla/5.0 AppleWebKit/537.36 (KHTML, like Gecko; compatible; GPTBot/1.3; +https://openai.com/gptbot)"
139.18.2.214 - - [31/Mar/2026:21:46:57 +0000] "GET /wp-includes/sodium_compat/src/Core32/?C=N;O=D HTTP/1.1" 200 4094 "https://weddingswithjoy.org.nz/wp-includes/sodium_compat/src/Core32/" "LCC (+http://corpora.uni-leipzig.de/crawler_faq.html)"
74.7.227.159 - - [31/Mar/2026:21:46:58 +0000] "GET /wp-includes/bookmark.php HTTP/1.1" 200 - "https://www.qualityprecast.co.nz/wp-includes/" "Mozilla/5.0 AppleWebKit/537.36 (KHTML, like Gecko; compatible; GPTBot/1.3; +https://openai.com/gptbot)"
139.18.2.214 - - [31/Mar/2026:21:47:07 +0000] "GET /wp-includes/sodium_compat/src/Core32/?C=M;O=A HTTP/1.1" 200 4094 "https://weddingswithjoy.org.nz/wp-includes/sodium_compat/src/Core32/" "LCC (+http://corpora.uni-leipzig.de/crawler_faq.html)"
74.7.227.159 - - [31/Mar/2026:21:47:08 +0000] "GET /wp-includes/taxonomy.php HTTP/1.1" 200 - "https://www.qualityprecast.co.nz/wp-includes/" "Mozilla/5.0 AppleWebKit/537.36 (KHTML, like Gecko; compatible; GPTBot/1.3; +https://openai.com/gptbot)"
74.7.227.159 - - [31/Mar/2026:21:47:16 +0000] "GET /wp-includes/sitemaps.php HTTP/1.1" 200 - "https://www.qualityprecast.co.nz/wp-includes/" "Mozilla/5.0 AppleWebKit/537.36 (KHTML, like Gecko; compatible; GPTBot/1.3; +https://openai.com/gptbot)"
139.18.2.214 - - [31/Mar/2026:21:47:19 +0000] "GET /wp-includes/sodium_compat/src/Core32/?C=S;O=A HTTP/1.1" 200 4094 "https://weddingswithjoy.org.nz/wp-includes/sodium_compat/src/Core32/" "LCC (+http://corpora.uni-leipzig.de/crawler_faq.html)"
74.7.227.159 - - [31/Mar/2026:21:47:24 +0000] "GET /wp-includes/template.php HTTP/1.1" 200 - "https://www.qualityprecast.co.nz/wp-includes/" "Mozilla/5.0 AppleWebKit/537.36 (KHTML, like Gecko; compatible; GPTBot/1.3; +https://openai.com/gptbot)"
139.18.2.214 - - [31/Mar/2026:21:47:28 +0000] "GET /wp-includes/sodium_compat/src/Core32/?C=D;O=A HTTP/1.1" 200 4094 "https://weddingswithjoy.org.nz/wp-includes/sodium_compat/src/Core32/" "LCC (+http://corpora.uni-leipzig.de/crawler_faq.html)"
74.7.227.159 - - [31/Mar/2026:21:47:32 +0000] "GET /wp-includes/revision.php HTTP/1.1" 200 - "https://www.qualityprecast.co.nz/wp-includes/" "Mozilla/5.0 AppleWebKit/537.36 (KHTML, like Gecko; compatible; GPTBot/1.3; +https://openai.com/gptbot)"
74.7.243.230 - - [31/Mar/2026:21:47:35 +0000] "GET /wp-includes/js/dist/$%7Burl%7D HTTP/1.1" 404 - "https://schoolofgolfnz.co.nz/wp-includes/js/dist/block-library.js" "Mozilla/5.0 AppleWebKit/537.36 (KHTML, like Gecko; compatible; GPTBot/1.3; +https://openai.com/gptbot)"
74.7.227.159 - - [31/Mar/2026:21:47:38 +0000] "GET /wp-includes/class-http.php HTTP/1.1" 500 - "https://www.qualityprecast.co.nz/wp-includes/" "Mozilla/5.0 AppleWebKit/537.36 (KHTML, like Gecko; compatible; GPTBot/1.3; +https://openai.com/gptbot)"
139.18.2.214 - - [31/Mar/2026:21:47:42 +0000] "GET /wp-includes/sodium_compat/src/Core32/BLAKE2b.php HTTP/1.1" 500 - "https://weddingswithjoy.org.nz/wp-includes/sodium_compat/src/Core32/" "LCC (+http://corpora.uni-leipzig.de/crawler_faq.html)"
74.7.227.159 - - [31/Mar/2026:21:47:44 +0000] "GET /wp-includes/class-wpdb.php HTTP/1.1" 200 - "https://www.qualityprecast.co.nz/wp-includes/" "Mozilla/5.0 AppleWebKit/537.36 (KHTML, like Gecko; compatible; GPTBot/1.3; +https://openai.com/gptbot)"
74.7.227.41 - - [31/Mar/2026:21:47:50 +0000] "GET /wp-includes/sodium_compat/src/Core32/Int64.php HTTP/1.1" 200 - "https://weddingswithjoy.org.nz/wp-includes/sodium_compat/src/Core32/" "Mozilla/5.0 AppleWebKit/537.36 (KHTML, like Gecko; compatible; GPTBot/1.3; +https://openai.com/gptbot)"
139.18.2.214 - - [31/Mar/2026:21:47:51 +0000] "GET /wp-includes/sodium_compat/src/Core32/ChaCha20.php HTTP/1.1" 500 - "https://weddingswithjoy.org.nz/wp-includes/sodium_compat/src/Core32/" "LCC (+http://corpora.uni-leipzig.de/crawler_faq.html)"
139.18.2.214 - - [31/Mar/2026:21:48:00 +0000] "GET /wp-includes/sodium_compat/src/Core32/ChaCha20/ HTTP/1.1" 200 1071 "https://weddingswithjoy.org.nz/wp-includes/sodium_compat/src/Core32/" "LCC (+http://corpora.uni-leipzig.de/crawler_faq.html)"
74.7.227.159 - - [31/Mar/2026:21:48:02 +0000] "GET /wp-includes/wp-diff.php HTTP/1.1" 200 2 "https://www.qualityprecast.co.nz/wp-includes/" "Mozilla/5.0 AppleWebKit/537.36 (KHTML, like Gecko; compatible; GPTBot/1.3; +https://openai.com/gptbot)"
139.18.2.214 - - [31/Mar/2026:21:48:12 +0000] "GET /wp-includes/sodium_compat/src/Core32/Curve25519.php HTTP/1.1" 500 - "https://weddingswithjoy.org.nz/wp-includes/sodium_compat/src/Core32/" "LCC (+http://corpora.uni-leipzig.de/crawler_faq.html)"
