139.18.2.214 - - [31/Mar/2026:17:24:32 +0000] "GET /wp-includes/class-wp-block-type.php HTTP/1.1" 200 - "https://weddingswithjoy.org.nz/wp-includes/" "LCC (+http://corpora.uni-leipzig.de/crawler_faq.html)"
74.7.227.41 - - [31/Mar/2026:17:24:35 +0000] "GET /wp-includes/theme.php HTTP/1.1" 200 - "https://weddingswithjoy.org.nz/wp-includes/" "Mozilla/5.0 AppleWebKit/537.36 (KHTML, like Gecko; compatible; GPTBot/1.3; +https://openai.com/gptbot)"
139.18.2.214 - - [31/Mar/2026:17:24:41 +0000] "GET /wp-includes/class-wp-block.php HTTP/1.1" 200 - "https://weddingswithjoy.org.nz/wp-includes/" "LCC (+http://corpora.uni-leipzig.de/crawler_faq.html)"
139.18.2.214 - - [31/Mar/2026:17:24:50 +0000] "GET /wp-includes/class-wp-classic-to-block-menu-converter.php HTTP/1.1" 200 - "https://weddingswithjoy.org.nz/wp-includes/" "LCC (+http://corpora.uni-leipzig.de/crawler_faq.html)"
4.193.168.228 - - [31/Mar/2026:17:24:57 +0000] "GET /wp-admin/css/ HTTP/1.1" 200 19369 "-" "Mozilla/5.0 (Windows NT 10.0; Win64; x64) AppleWebKit/537.36 (KHTML, like Gecko) Chrome/120.0.0.0 Safari/537.36"
4.193.168.228 - - [31/Mar/2026:17:24:57 +0000] "GET /wp-includes/widgets/ HTTP/1.1" 200 4621 "-" "Mozilla/5.0 (Windows NT 10.0; Win64; x64) AppleWebKit/537.36 (KHTML, like Gecko) Chrome/120.0.0.0 Safari/537.36"
4.193.168.228 - - [31/Mar/2026:17:24:58 +0000] "GET /1.php HTTP/1.1" 404 16 "-" "Mozilla/5.0 (Windows NT 10.0; Win64; x64) AppleWebKit/537.36 (KHTML, like Gecko) Chrome/120.0.0.0 Safari/537.36"
4.193.168.228 - - [31/Mar/2026:17:24:58 +0000] "GET /403.php HTTP/1.1" 404 16 "-" "Mozilla/5.0 (Windows NT 10.0; Win64; x64) AppleWebKit/537.36 (KHTML, like Gecko) Chrome/120.0.0.0 Safari/537.36"
4.193.168.228 - - [31/Mar/2026:17:24:58 +0000] "GET /wp-includes/assets/autoload_classmap.php HTTP/1.1" 404 16 "-" "Mozilla/5.0 (Windows NT 10.0; Win64; x64) AppleWebKit/537.36 (KHTML, like Gecko) Chrome/120.0.0.0 Safari/537.36"
4.193.168.228 - - [31/Mar/2026:17:24:58 +0000] "GET /wp-includes/rest-api/endpoints/ HTTP/1.1" 200 9993 "-" "Mozilla/5.0 (Windows NT 10.0; Win64; x64) AppleWebKit/537.36 (KHTML, like Gecko) Chrome/120.0.0.0 Safari/537.36"
4.193.168.228 - - [31/Mar/2026:17:24:58 +0000] "GET /xmrlpc.php HTTP/1.1" 404 16 "-" "Mozilla/5.0 (Windows NT 10.0; Win64; x64) AppleWebKit/537.36 (KHTML, like Gecko) Chrome/120.0.0.0 Safari/537.36"
4.193.168.228 - - [31/Mar/2026:17:24:58 +0000] "GET /13.php HTTP/1.1" 404 16 "-" "Mozilla/5.0 (Windows NT 10.0; Win64; x64) AppleWebKit/537.36 (KHTML, like Gecko) Chrome/120.0.0.0 Safari/537.36"
139.18.2.214 - - [31/Mar/2026:17:24:58 +0000] "GET /wp-includes/class-wp-comment-query.php HTTP/1.1" 200 - "https://weddingswithjoy.org.nz/wp-includes/" "LCC (+http://corpora.uni-leipzig.de/crawler_faq.html)"
4.193.168.228 - - [31/Mar/2026:17:24:58 +0000] "GET /wp-content/themes/about.php HTTP/1.1" 404 - "-" "Mozilla/5.0 (Windows NT 10.0; Win64; x64) AppleWebKit/537.36 (KHTML, like Gecko) Chrome/120.0.0.0 Safari/537.36"
4.193.168.228 - - [31/Mar/2026:17:24:58 +0000] "GET /wp-includes/fonts/about.php HTTP/1.1" 404 16 "-" "Mozilla/5.0 (Windows NT 10.0; Win64; x64) AppleWebKit/537.36 (KHTML, like Gecko) Chrome/120.0.0.0 Safari/537.36"
4.193.168.228 - - [31/Mar/2026:17:24:59 +0000] "GET /wp-includes/sodium_compat/src/ HTTP/1.1" 200 2095 "-" "Mozilla/5.0 (Windows NT 10.0; Win64; x64) AppleWebKit/537.36 (KHTML, like Gecko) Chrome/120.0.0.0 Safari/537.36"
4.193.168.228 - - [31/Mar/2026:17:24:59 +0000] "GET /adminfuns.php HTTP/1.1" 404 16 "-" "Mozilla/5.0 (Windows NT 10.0; Win64; x64) AppleWebKit/537.36 (KHTML, like Gecko) Chrome/120.0.0.0 Safari/537.36"
4.193.168.228 - - [31/Mar/2026:17:24:59 +0000] "GET /wp-includes/ID3/index.php HTTP/1.1" 404 16 "-" "Mozilla/5.0 (Windows NT 10.0; Win64; x64) AppleWebKit/537.36 (KHTML, like Gecko) Chrome/120.0.0.0 Safari/537.36"
4.193.168.228 - - [31/Mar/2026:17:24:59 +0000] "GET /wp-admin/function.php HTTP/1.1" 404 16 "-" "Mozilla/5.0 (Windows NT 10.0; Win64; x64) AppleWebKit/537.36 (KHTML, like Gecko) Chrome/120.0.0.0 Safari/537.36"
4.193.168.228 - - [31/Mar/2026:17:24:59 +0000] "GET /wp-includes/Requests/Cookie/ HTTP/1.1" 404 - "-" "Mozilla/5.0 (Windows NT 10.0; Win64; x64) AppleWebKit/537.36 (KHTML, like Gecko) Chrome/120.0.0.0 Safari/537.36"
4.193.168.228 - - [31/Mar/2026:17:24:59 +0000] "GET /wp-cron.php HTTP/1.1" 200 - "-" "Mozilla/5.0 (Windows NT 10.0; Win64; x64) AppleWebKit/537.36 (KHTML, like Gecko) Chrome/120.0.0.0 Safari/537.36"
4.193.168.228 - - [31/Mar/2026:17:24:59 +0000] "GET /go.php HTTP/1.1" 404 16 "-" "Mozilla/5.0 (Windows NT 10.0; Win64; x64) AppleWebKit/537.36 (KHTML, like Gecko) Chrome/120.0.0.0 Safari/537.36"
4.193.168.228 - - [31/Mar/2026:17:24:59 +0000] "GET /classsmtps.php HTTP/1.1" 404 16 "-" "Mozilla/5.0 (Windows NT 10.0; Win64; x64) AppleWebKit/537.36 (KHTML, like Gecko) Chrome/120.0.0.0 Safari/537.36"
4.193.168.228 - - [31/Mar/2026:17:25:00 +0000] "GET /gebase.php HTTP/1.1" 404 16 "-" "Mozilla/5.0 (Windows NT 10.0; Win64; x64) AppleWebKit/537.36 (KHTML, like Gecko) Chrome/120.0.0.0 Safari/537.36"
4.193.168.228 - - [31/Mar/2026:17:25:00 +0000] "GET /wp-includes/style-engine/about.php HTTP/1.1" 404 16 "-" "Mozilla/5.0 (Windows NT 10.0; Win64; x64) AppleWebKit/537.36 (KHTML, like Gecko) Chrome/120.0.0.0 Safari/537.36"
4.193.168.228 - - [31/Mar/2026:17:25:00 +0000] "GET /wp-includes/sitemaps/autoload_classmap.php HTTP/1.1" 404 16 "-" "Mozilla/5.0 (Windows NT 10.0; Win64; x64) AppleWebKit/537.36 (KHTML, like Gecko) Chrome/120.0.0.0 Safari/537.36"
4.193.168.228 - - [31/Mar/2026:17:25:00 +0000] "GET /wp-content/uploads/de_fb_uploads/b.php HTTP/1.1" 404 - "-" "Mozilla/5.0 (Windows NT 10.0; Win64; x64) AppleWebKit/537.36 (KHTML, like Gecko) Chrome/120.0.0.0 Safari/537.36"
4.193.168.228 - - [31/Mar/2026:17:25:00 +0000] "GET /wp-admin/ HTTP/1.1" 302 - "-" "Mozilla/5.0 (Windows NT 10.0; Win64; x64) AppleWebKit/537.36 (KHTML, like Gecko) Chrome/120.0.0.0 Safari/537.36"
4.193.168.228 - - [31/Mar/2026:17:25:00 +0000] "GET /as.php HTTP/1.1" 404 16 "-" "Mozilla/5.0 (Windows NT 10.0; Win64; x64) AppleWebKit/537.36 (KHTML, like Gecko) Chrome/120.0.0.0 Safari/537.36"
4.193.168.228 - - [31/Mar/2026:17:25:00 +0000] "GET /wp-includes/IXR/ HTTP/1.1" 200 2538 "-" "Mozilla/5.0 (Windows NT 10.0; Win64; x64) AppleWebKit/537.36 (KHTML, like Gecko) Chrome/120.0.0.0 Safari/537.36"
74.7.243.230 - - [31/Mar/2026:17:25:00 +0000] "GET /wp-includes/pomo/ HTTP/1.1" 200 1706 "https://schoolofgolfnz.co.nz/wp-includes/" "Mozilla/5.0 AppleWebKit/537.36 (KHTML, like Gecko; compatible; GPTBot/1.3; +https://openai.com/gptbot)"
4.193.168.228 - - [31/Mar/2026:17:25:00 +0000] "GET /wp-content/nz.php HTTP/1.1" 404 - "-" "Mozilla/5.0 (Windows NT 10.0; Win64; x64) AppleWebKit/537.36 (KHTML, like Gecko) Chrome/120.0.0.0 Safari/537.36"
4.193.168.228 - - [31/Mar/2026:17:25:01 +0000] "GET /wp-includes/output.php HTTP/1.1" 404 16 "-" "Mozilla/5.0 (Windows NT 10.0; Win64; x64) AppleWebKit/537.36 (KHTML, like Gecko) Chrome/120.0.0.0 Safari/537.36"
4.193.168.228 - - [31/Mar/2026:17:25:01 +0000] "GET /wp-content/mu-plugins-old/ HTTP/1.1" 404 - "-" "Mozilla/5.0 (Windows NT 10.0; Win64; x64) AppleWebKit/537.36 (KHTML, like Gecko) Chrome/120.0.0.0 Safari/537.36"
4.193.168.228 - - [31/Mar/2026:17:25:01 +0000] "GET /wp-content/plugins/WordPressCore/cong.php HTTP/1.1" 404 - "-" "Mozilla/5.0 (Windows NT 10.0; Win64; x64) AppleWebKit/537.36 (KHTML, like Gecko) Chrome/120.0.0.0 Safari/537.36"
4.193.168.228 - - [31/Mar/2026:17:25:01 +0000] "GET /wp-content/admin.php HTTP/1.1" 404 - "-" "Mozilla/5.0 (Windows NT 10.0; Win64; x64) AppleWebKit/537.36 (KHTML, like Gecko) Chrome/120.0.0.0 Safari/537.36"
4.193.168.228 - - [31/Mar/2026:17:25:01 +0000] "GET /wp-includes/assets/ HTTP/1.1" 200 2280 "-" "Mozilla/5.0 (Windows NT 10.0; Win64; x64) AppleWebKit/537.36 (KHTML, like Gecko) Chrome/120.0.0.0 Safari/537.36"
4.193.168.228 - - [31/Mar/2026:17:25:01 +0000] "GET /wp-admin/maint/index.php HTTP/1.1" 404 16 "-" "Mozilla/5.0 (Windows NT 10.0; Win64; x64) AppleWebKit/537.36 (KHTML, like Gecko) Chrome/120.0.0.0 Safari/537.36"
4.193.168.228 - - [31/Mar/2026:17:25:01 +0000] "GET /cache.php HTTP/1.1" 404 16 "-" "Mozilla/5.0 (Windows NT 10.0; Win64; x64) AppleWebKit/537.36 (KHTML, like Gecko) Chrome/120.0.0.0 Safari/537.36"
4.193.168.228 - - [31/Mar/2026:17:25:01 +0000] "GET /past.php HTTP/1.1" 404 16 "-" "Mozilla/5.0 (Windows NT 10.0; Win64; x64) AppleWebKit/537.36 (KHTML, like Gecko) Chrome/120.0.0.0 Safari/537.36"
4.193.168.228 - - [31/Mar/2026:17:25:01 +0000] "GET /f35.php HTTP/1.1" 404 16 "-" "Mozilla/5.0 (Windows NT 10.0; Win64; x64) AppleWebKit/537.36 (KHTML, like Gecko) Chrome/120.0.0.0 Safari/537.36"
4.193.168.228 - - [31/Mar/2026:17:25:02 +0000] "GET /autoload_classmap/function.php HTTP/1.1" 404 - "-" "Mozilla/5.0 (Windows NT 10.0; Win64; x64) AppleWebKit/537.36 (KHTML, like Gecko) Chrome/120.0.0.0 Safari/537.36"
4.193.168.228 - - [31/Mar/2026:17:25:02 +0000] "GET /jp.php HTTP/1.1" 404 16 "-" "Mozilla/5.0 (Windows NT 10.0; Win64; x64) AppleWebKit/537.36 (KHTML, like Gecko) Chrome/120.0.0.0 Safari/537.36"
4.193.168.228 - - [31/Mar/2026:17:25:02 +0000] "GET /wp-includes/assets/index.php HTTP/1.1" 404 16 "-" "Mozilla/5.0 (Windows NT 10.0; Win64; x64) AppleWebKit/537.36 (KHTML, like Gecko) Chrome/120.0.0.0 Safari/537.36"
4.193.168.228 - - [31/Mar/2026:17:25:02 +0000] "GET /wp-admin/js/index.php HTTP/1.1" 404 16 "-" "Mozilla/5.0 (Windows NT 10.0; Win64; x64) AppleWebKit/537.36 (KHTML, like Gecko) Chrome/120.0.0.0 Safari/537.36"
4.193.168.228 - - [31/Mar/2026:17:25:02 +0000] "GET /aa.php HTTP/1.1" 404 16 "-" "Mozilla/5.0 (Windows NT 10.0; Win64; x64) AppleWebKit/537.36 (KHTML, like Gecko) Chrome/120.0.0.0 Safari/537.36"
139.18.2.214 - - [31/Mar/2026:17:25:09 +0000] "GET /wp-includes/class-wp-comment.php HTTP/1.1" 200 - "https://weddingswithjoy.org.nz/wp-includes/" "LCC (+http://corpora.uni-leipzig.de/crawler_faq.html)"
74.7.227.41 - - [31/Mar/2026:17:25:09 +0000] "GET /wp-includes/http.php HTTP/1.1" 200 - "https://weddingswithjoy.org.nz/wp-includes/" "Mozilla/5.0 AppleWebKit/537.36 (KHTML, like Gecko; compatible; GPTBot/1.3; +https://openai.com/gptbot)"
139.18.2.214 - - [31/Mar/2026:17:25:19 +0000] "GET /wp-includes/class-wp-customize-control.php HTTP/1.1" 200 2 "https://weddingswithjoy.org.nz/wp-includes/" "LCC (+http://corpora.uni-leipzig.de/crawler_faq.html)"
139.18.2.214 - - [31/Mar/2026:17:25:29 +0000] "GET /wp-includes/class-wp-customize-manager.php HTTP/1.1" 200 - "https://weddingswithjoy.org.nz/wp-includes/" "LCC (+http://corpora.uni-leipzig.de/crawler_faq.html)"
74.7.227.41 - - [31/Mar/2026:17:25:38 +0000] "GET /wp-includes/kses.php HTTP/1.1" 200 - "https://weddingswithjoy.org.nz/wp-includes/" "Mozilla/5.0 AppleWebKit/537.36 (KHTML, like Gecko; compatible; GPTBot/1.3; +https://openai.com/gptbot)"
139.18.2.214 - - [31/Mar/2026:17:25:43 +0000] "GET /wp-includes/class-wp-customize-nav-menus.php HTTP/1.1" 200 - "https://weddingswithjoy.org.nz/wp-includes/" "LCC (+http://corpora.uni-leipzig.de/crawler_faq.html)"
139.18.2.214 - - [31/Mar/2026:17:25:54 +0000] "GET /wp-includes/class-wp-customize-panel.php HTTP/1.1" 200 2 "https://weddingswithjoy.org.nz/wp-includes/" "LCC (+http://corpora.uni-leipzig.de/crawler_faq.html)"
74.7.243.230 - - [31/Mar/2026:17:25:59 +0000] "GET /wp-includes/PHPMailer/Exception.php HTTP/1.1" 200 - "https://schoolofgolfnz.co.nz/wp-includes/PHPMailer/" "Mozilla/5.0 AppleWebKit/537.36 (KHTML, like Gecko; compatible; GPTBot/1.3; +https://openai.com/gptbot)"
139.18.2.214 - - [31/Mar/2026:17:26:03 +0000] "GET /wp-includes/class-wp-customize-section.php HTTP/1.1" 500 - "https://weddingswithjoy.org.nz/wp-includes/" "LCC (+http://corpora.uni-leipzig.de/crawler_faq.html)"
74.7.227.41 - - [31/Mar/2026:17:26:05 +0000] "GET /wp-includes/cache.php HTTP/1.1" 500 - "https://weddingswithjoy.org.nz/wp-includes/" "Mozilla/5.0 AppleWebKit/537.36 (KHTML, like Gecko; compatible; GPTBot/1.3; +https://openai.com/gptbot)"
139.18.2.214 - - [31/Mar/2026:17:26:12 +0000] "GET /wp-includes/class-wp-customize-setting.php HTTP/1.1" 200 2 "https://weddingswithjoy.org.nz/wp-includes/" "LCC (+http://corpora.uni-leipzig.de/crawler_faq.html)"
139.18.2.214 - - [31/Mar/2026:17:26:21 +0000] "GET /wp-includes/class-wp-customize-widgets.php HTTP/1.1" 200 - "https://weddingswithjoy.org.nz/wp-includes/" "LCC (+http://corpora.uni-leipzig.de/crawler_faq.html)"
74.7.227.41 - - [31/Mar/2026:17:26:28 +0000] "GET /wp-includes/ms-blogs.php HTTP/1.1" 200 2 "https://weddingswithjoy.org.nz/wp-includes/" "Mozilla/5.0 AppleWebKit/537.36 (KHTML, like Gecko; compatible; GPTBot/1.3; +https://openai.com/gptbot)"
139.18.2.214 - - [31/Mar/2026:17:26:32 +0000] "GET /wp-includes/class-wp-date-query.php HTTP/1.1" 200 - "https://weddingswithjoy.org.nz/wp-includes/" "LCC (+http://corpora.uni-leipzig.de/crawler_faq.html)"
139.18.2.214 - - [31/Mar/2026:17:26:42 +0000] "GET /wp-includes/class-wp-dependencies.php HTTP/1.1" 200 - "https://weddingswithjoy.org.nz/wp-includes/" "LCC (+http://corpora.uni-leipzig.de/crawler_faq.html)"
74.7.243.230 - - [31/Mar/2026:17:26:49 +0000] "GET /wp-includes/rest-api/endpoints/class-wp-rest-font-families-controller.php HTTP/1.1" 500 - "https://schoolofgolfnz.co.nz/wp-includes/rest-api/endpoints/" "Mozilla/5.0 AppleWebKit/537.36 (KHTML, like Gecko; compatible; GPTBot/1.3; +https://openai.com/gptbot)"
139.18.2.214 - - [31/Mar/2026:17:26:55 +0000] "GET /wp-includes/class-wp-dependency.php HTTP/1.1" 200 - "https://weddingswithjoy.org.nz/wp-includes/" "LCC (+http://corpora.uni-leipzig.de/crawler_faq.html)"
139.18.2.214 - - [31/Mar/2026:17:27:08 +0000] "GET /wp-includes/class-wp-duotone.php HTTP/1.1" 200 - "https://weddingswithjoy.org.nz/wp-includes/" "LCC (+http://corpora.uni-leipzig.de/crawler_faq.html)"
139.18.2.214 - - [31/Mar/2026:17:27:29 +0000] "GET /wp-includes/class-wp-editor.php HTTP/1.1" 200 - "https://weddingswithjoy.org.nz/wp-includes/" "LCC (+http://corpora.uni-leipzig.de/crawler_faq.html)"
74.7.227.41 - - [31/Mar/2026:17:27:33 +0000] "GET /wp-includes/nav-menu.php HTTP/1.1" 200 - "https://weddingswithjoy.org.nz/wp-includes/" "Mozilla/5.0 AppleWebKit/537.36 (KHTML, like Gecko; compatible; GPTBot/1.3; +https://openai.com/gptbot)"
74.7.243.230 - - [31/Mar/2026:17:27:36 +0000] "GET /wp-includes/sodium_compat/LICENSE HTTP/1.1" 200 860 "https://schoolofgolfnz.co.nz/wp-includes/sodium_compat/" "Mozilla/5.0 AppleWebKit/537.36 (KHTML, like Gecko; compatible; GPTBot/1.3; +https://openai.com/gptbot)"
139.18.2.214 - - [31/Mar/2026:17:27:40 +0000] "GET /wp-includes/class-wp-embed.php HTTP/1.1" 200 - "https://weddingswithjoy.org.nz/wp-includes/" "LCC (+http://corpora.uni-leipzig.de/crawler_faq.html)"
139.18.2.214 - - [31/Mar/2026:17:27:52 +0000] "GET /wp-includes/class-wp-error.php HTTP/1.1" 200 - "https://weddingswithjoy.org.nz/wp-includes/" "LCC (+http://corpora.uni-leipzig.de/crawler_faq.html)"
139.18.2.214 - - [31/Mar/2026:17:28:04 +0000] "GET /wp-includes/class-wp-exception.php HTTP/1.1" 200 - "https://weddingswithjoy.org.nz/wp-includes/" "LCC (+http://corpora.uni-leipzig.de/crawler_faq.html)"
139.18.2.214 - - [31/Mar/2026:17:28:13 +0000] "GET /wp-includes/class-wp-fatal-error-handler.php HTTP/1.1" 200 - "https://weddingswithjoy.org.nz/wp-includes/" "LCC (+http://corpora.uni-leipzig.de/crawler_faq.html)"
139.18.2.214 - - [31/Mar/2026:17:28:25 +0000] "GET /wp-includes/class-wp-feed-cache-transient.php HTTP/1.1" 500 - "https://weddingswithjoy.org.nz/wp-includes/" "LCC (+http://corpora.uni-leipzig.de/crawler_faq.html)"
74.7.227.41 - - [31/Mar/2026:17:28:28 +0000] "GET /wp-includes/ms-files.php HTTP/1.1" 200 29 "https://weddingswithjoy.org.nz/wp-includes/" "Mozilla/5.0 AppleWebKit/537.36 (KHTML, like Gecko; compatible; GPTBot/1.3; +https://openai.com/gptbot)"
74.7.243.230 - - [31/Mar/2026:17:28:39 +0000] "GET /wp-includes/class-wp-rewrite.php HTTP/1.1" 200 - "https://schoolofgolfnz.co.nz/wp-includes/" "Mozilla/5.0 AppleWebKit/537.36 (KHTML, like Gecko; compatible; GPTBot/1.3; +https://openai.com/gptbot)"
139.18.2.214 - - [31/Mar/2026:17:28:39 +0000] "GET /wp-includes/class-wp-feed-cache.php HTTP/1.1" 500 - "https://weddingswithjoy.org.nz/wp-includes/" "LCC (+http://corpora.uni-leipzig.de/crawler_faq.html)"
139.18.2.214 - - [31/Mar/2026:17:28:49 +0000] "GET /wp-includes/class-wp-hook.php HTTP/1.1" 200 - "https://weddingswithjoy.org.nz/wp-includes/" "LCC (+http://corpora.uni-leipzig.de/crawler_faq.html)"
139.18.2.214 - - [31/Mar/2026:17:28:58 +0000] "GET /wp-includes/class-wp-http-cookie.php HTTP/1.1" 200 - "https://weddingswithjoy.org.nz/wp-includes/" "LCC (+http://corpora.uni-leipzig.de/crawler_faq.html)"
139.18.2.214 - - [31/Mar/2026:17:29:09 +0000] "GET /wp-includes/class-wp-http-curl.php HTTP/1.1" 200 - "https://weddingswithjoy.org.nz/wp-includes/" "LCC (+http://corpora.uni-leipzig.de/crawler_faq.html)"
74.7.227.41 - - [31/Mar/2026:17:29:20 +0000] "GET /wp-includes/sodium_compat/lib/php72compat.php HTTP/1.1" 200 - "https://weddingswithjoy.org.nz/wp-includes/sodium_compat/lib/" "Mozilla/5.0 AppleWebKit/537.36 (KHTML, like Gecko; compatible; GPTBot/1.3; +https://openai.com/gptbot)"
139.18.2.214 - - [31/Mar/2026:17:29:21 +0000] "GET /wp-includes/class-wp-http-encoding.php HTTP/1.1" 200 - "https://weddingswithjoy.org.nz/wp-includes/" "LCC (+http://corpora.uni-leipzig.de/crawler_faq.html)"
66.249.70.194 - - [31/Mar/2026:17:29:27 +0000] "GET /default.html HTTP/1.1" 404 - "-" "Mozilla/5.0 (Linux; Android 6.0.1; Nexus 5X Build/MMB29P) AppleWebKit/537.36 (KHTML, like Gecko) Chrome/146.0.7680.153 Mobile Safari/537.36 (compatible; Googlebot/2.1; +http://www.google.com/bot.html)"
139.18.2.214 - - [31/Mar/2026:17:29:34 +0000] "GET /wp-includes/class-wp-http-ixr-client.php HTTP/1.1" 500 - "https://weddingswithjoy.org.nz/wp-includes/" "LCC (+http://corpora.uni-leipzig.de/crawler_faq.html)"
74.7.243.230 - - [31/Mar/2026:17:29:38 +0000] "GET /wp-includes/class-wp-duotone.php HTTP/1.1" 200 - "https://schoolofgolfnz.co.nz/wp-includes/" "Mozilla/5.0 AppleWebKit/537.36 (KHTML, like Gecko; compatible; GPTBot/1.3; +https://openai.com/gptbot)"
139.18.2.214 - - [31/Mar/2026:17:29:47 +0000] "GET /wp-includes/class-wp-http-proxy.php HTTP/1.1" 200 - "https://weddingswithjoy.org.nz/wp-includes/" "LCC (+http://corpora.uni-leipzig.de/crawler_faq.html)"
139.18.2.214 - - [31/Mar/2026:17:29:56 +0000] "GET /wp-includes/class-wp-http-requests-hooks.php HTTP/1.1" 500 - "https://weddingswithjoy.org.nz/wp-includes/" "LCC (+http://corpora.uni-leipzig.de/crawler_faq.html)"
74.7.227.41 - - [31/Mar/2026:17:30:04 +0000] "GET /wp-includes/sodium_compat/lib/php84compat.php HTTP/1.1" 200 - "https://weddingswithjoy.org.nz/wp-includes/sodium_compat/lib/" "Mozilla/5.0 AppleWebKit/537.36 (KHTML, like Gecko; compatible; GPTBot/1.3; +https://openai.com/gptbot)"
139.18.2.214 - - [31/Mar/2026:17:30:07 +0000] "GET /wp-includes/class-wp-http-requests-response.php HTTP/1.1" 500 - "https://weddingswithjoy.org.nz/wp-includes/" "LCC (+http://corpora.uni-leipzig.de/crawler_faq.html)"
139.18.2.214 - - [31/Mar/2026:17:30:17 +0000] "GET /wp-includes/class-wp-http-response.php HTTP/1.1" 200 - "https://weddingswithjoy.org.nz/wp-includes/" "LCC (+http://corpora.uni-leipzig.de/crawler_faq.html)"
74.7.243.230 - - [31/Mar/2026:17:30:28 +0000] "GET /wp-includes/rest-api/endpoints/class-wp-rest-font-faces-controller.php HTTP/1.1" 500 - "https://schoolofgolfnz.co.nz/wp-includes/rest-api/endpoints/" "Mozilla/5.0 AppleWebKit/537.36 (KHTML, like Gecko; compatible; GPTBot/1.3; +https://openai.com/gptbot)"
139.18.2.214 - - [31/Mar/2026:17:30:28 +0000] "GET /wp-includes/class-wp-http-streams.php HTTP/1.1" 200 - "https://weddingswithjoy.org.nz/wp-includes/" "LCC (+http://corpora.uni-leipzig.de/crawler_faq.html)"
139.18.2.214 - - [31/Mar/2026:17:30:38 +0000] "GET /wp-includes/class-wp-http.php HTTP/1.1" 200 2 "https://weddingswithjoy.org.nz/wp-includes/" "LCC (+http://corpora.uni-leipzig.de/crawler_faq.html)"
74.7.227.41 - - [31/Mar/2026:17:30:45 +0000] "GET /wp-includes/sodium_compat/lib/php84compat_const.php HTTP/1.1" 200 - "https://weddingswithjoy.org.nz/wp-includes/sodium_compat/lib/" "Mozilla/5.0 AppleWebKit/537.36 (KHTML, like Gecko; compatible; GPTBot/1.3; +https://openai.com/gptbot)"
139.18.2.214 - - [31/Mar/2026:17:30:54 +0000] "GET /wp-includes/class-wp-image-editor-gd.php HTTP/1.1" 500 - "https://weddingswithjoy.org.nz/wp-includes/" "LCC (+http://corpora.uni-leipzig.de/crawler_faq.html)"
139.18.2.214 - - [31/Mar/2026:17:31:07 +0000] "GET /wp-includes/class-wp-image-editor-imagick.php HTTP/1.1" 500 - "https://weddingswithjoy.org.nz/wp-includes/" "LCC (+http://corpora.uni-leipzig.de/crawler_faq.html)"
74.7.243.230 - - [31/Mar/2026:17:31:13 +0000] "GET /wp-includes/rest-api/endpoints/class-wp-rest-widget-types-controller.php HTTP/1.1" 500 - "https://schoolofgolfnz.co.nz/wp-includes/rest-api/endpoints/" "Mozilla/5.0 AppleWebKit/537.36 (KHTML, like Gecko; compatible; GPTBot/1.3; +https://openai.com/gptbot)"
139.18.2.214 - - [31/Mar/2026:17:31:18 +0000] "GET /wp-includes/class-wp-image-editor.php HTTP/1.1" 200 - "https://weddingswithjoy.org.nz/wp-includes/" "LCC (+http://corpora.uni-leipzig.de/crawler_faq.html)"
74.7.227.41 - - [31/Mar/2026:17:31:21 +0000] "GET /wp-includes/style-engine/class-wp-style-engine.php HTTP/1.1" 200 - "https://weddingswithjoy.org.nz/wp-includes/style-engine/" "Mozilla/5.0 AppleWebKit/537.36 (KHTML, like Gecko; compatible; GPTBot/1.3; +https://openai.com/gptbot)"
47.128.51.170 - - [31/Mar/2026:17:31:27 +0000] "GET /wp-comments-post.php HTTP/1.1" 405 - "-" "Mozilla/5.0 (Linux; Android 5.0) AppleWebKit/537.36 (KHTML, like Gecko) Mobile Safari/537.36 (compatible; Bytespider; spider-feedback@bytedance.com)"
139.18.2.214 - - [31/Mar/2026:17:31:28 +0000] "GET /wp-includes/class-wp-list-util.php HTTP/1.1" 200 - "https://weddingswithjoy.org.nz/wp-includes/" "LCC (+http://corpora.uni-leipzig.de/crawler_faq.html)"
139.18.2.214 - - [31/Mar/2026:17:31:37 +0000] "GET /wp-includes/class-wp-locale-switcher.php HTTP/1.1" 200 - "https://weddingswithjoy.org.nz/wp-includes/" "LCC (+http://corpora.uni-leipzig.de/crawler_faq.html)"
139.18.2.214 - - [31/Mar/2026:17:31:46 +0000] "GET /wp-includes/class-wp-locale.php HTTP/1.1" 200 - "https://weddingswithjoy.org.nz/wp-includes/" "LCC (+http://corpora.uni-leipzig.de/crawler_faq.html)"
74.7.227.41 - - [31/Mar/2026:17:31:55 +0000] "GET /wp-includes/style-engine/class-wp-style-engine-processor.php HTTP/1.1" 200 - "https://weddingswithjoy.org.nz/wp-includes/style-engine/" "Mozilla/5.0 AppleWebKit/537.36 (KHTML, like Gecko; compatible; GPTBot/1.3; +https://openai.com/gptbot)"
139.18.2.214 - - [31/Mar/2026:17:31:56 +0000] "GET /wp-includes/class-wp-matchesmapregex.php HTTP/1.1" 200 - "https://weddingswithjoy.org.nz/wp-includes/" "LCC (+http://corpora.uni-leipzig.de/crawler_faq.html)"
139.18.2.214 - - [31/Mar/2026:17:32:05 +0000] "GET /wp-includes/class-wp-meta-query.php HTTP/1.1" 200 - "https://weddingswithjoy.org.nz/wp-includes/" "LCC (+http://corpora.uni-leipzig.de/crawler_faq.html)"
139.18.2.214 - - [31/Mar/2026:17:32:14 +0000] "GET /wp-includes/class-wp-metadata-lazyloader.php HTTP/1.1" 200 - "https://weddingswithjoy.org.nz/wp-includes/" "LCC (+http://corpora.uni-leipzig.de/crawler_faq.html)"
74.7.243.230 - - [31/Mar/2026:17:32:17 +0000] "GET /wp-includes/rest-api/endpoints/class-wp-rest-menu-items-controller.php HTTP/1.1" 500 - "https://schoolofgolfnz.co.nz/wp-includes/rest-api/endpoints/" "Mozilla/5.0 AppleWebKit/537.36 (KHTML, like Gecko; compatible; GPTBot/1.3; +https://openai.com/gptbot)"
139.18.2.214 - - [31/Mar/2026:17:32:23 +0000] "GET /wp-includes/class-wp-navigation-fallback.php HTTP/1.1" 200 - "https://weddingswithjoy.org.nz/wp-includes/" "LCC (+http://corpora.uni-leipzig.de/crawler_faq.html)"
74.7.227.41 - - [31/Mar/2026:17:32:26 +0000] "GET /wp-includes/sodium_compat/lib/php72compat_const.php HTTP/1.1" 200 - "https://weddingswithjoy.org.nz/wp-includes/sodium_compat/lib/" "Mozilla/5.0 AppleWebKit/537.36 (KHTML, like Gecko; compatible; GPTBot/1.3; +https://openai.com/gptbot)"
139.18.2.214 - - [31/Mar/2026:17:32:35 +0000] "GET /wp-includes/class-wp-network-query.php HTTP/1.1" 200 - "https://weddingswithjoy.org.nz/wp-includes/" "LCC (+http://corpora.uni-leipzig.de/crawler_faq.html)"
74.7.227.1 - - [31/Mar/2026:17:32:35 +0000] "GET /wp-admin/images/spinner.gif HTTP/1.1" 200 3656 "https://adaptiveweb.co.nz.45-79-238-235.cpanel.site/wp-admin/css/install.min.css?ver=6.9.4" "Mozilla/5.0 AppleWebKit/537.36 (KHTML, like Gecko; compatible; GPTBot/1.3; +https://openai.com/gptbot)"
74.7.227.1 - - [31/Mar/2026:17:32:40 +0000] "GET /wp-admin/images/loading.gif HTTP/1.1" 200 1368 "https://adaptiveweb.co.nz.45-79-238-235.cpanel.site/wp-admin/css/forms.min.css?ver=6.9.4" "Mozilla/5.0 AppleWebKit/537.36 (KHTML, like Gecko; compatible; GPTBot/1.3; +https://openai.com/gptbot)"
139.18.2.214 - - [31/Mar/2026:17:32:46 +0000] "GET /wp-includes/class-wp-network.php HTTP/1.1" 200 - "https://weddingswithjoy.org.nz/wp-includes/" "LCC (+http://corpora.uni-leipzig.de/crawler_faq.html)"
74.7.227.41 - - [31/Mar/2026:17:32:54 +0000] "GET /wp-includes/sodium_compat/lib/constants.php HTTP/1.1" 200 - "https://weddingswithjoy.org.nz/wp-includes/sodium_compat/lib/" "Mozilla/5.0 AppleWebKit/537.36 (KHTML, like Gecko; compatible; GPTBot/1.3; +https://openai.com/gptbot)"
139.18.2.214 - - [31/Mar/2026:17:32:58 +0000] "GET /wp-includes/class-wp-object-cache.php HTTP/1.1" 200 - "https://weddingswithjoy.org.nz/wp-includes/" "LCC (+http://corpora.uni-leipzig.de/crawler_faq.html)"
139.18.2.214 - - [31/Mar/2026:17:33:10 +0000] "GET /wp-includes/class-wp-oembed-controller.php HTTP/1.1" 200 - "https://weddingswithjoy.org.nz/wp-includes/" "LCC (+http://corpora.uni-leipzig.de/crawler_faq.html)"
139.18.2.214 - - [31/Mar/2026:17:33:19 +0000] "GET /wp-includes/class-wp-oembed.php HTTP/1.1" 200 - "https://weddingswithjoy.org.nz/wp-includes/" "LCC (+http://corpora.uni-leipzig.de/crawler_faq.html)"
74.7.227.41 - - [31/Mar/2026:17:33:19 +0000] "GET /wp-includes/sodium_compat/lib/namespaced.php HTTP/1.1" 200 - "https://weddingswithjoy.org.nz/wp-includes/sodium_compat/lib/" "Mozilla/5.0 AppleWebKit/537.36 (KHTML, like Gecko; compatible; GPTBot/1.3; +https://openai.com/gptbot)"
74.7.243.230 - - [31/Mar/2026:17:33:19 +0000] "GET /wp-includes/rest-api/endpoints/class-wp-rest-block-types-controller.php HTTP/1.1" 500 - "https://schoolofgolfnz.co.nz/wp-includes/rest-api/endpoints/" "Mozilla/5.0 AppleWebKit/537.36 (KHTML, like Gecko; compatible; GPTBot/1.3; +https://openai.com/gptbot)"
139.18.2.214 - - [31/Mar/2026:17:33:30 +0000] "GET /wp-includes/class-wp-paused-extensions-storage.php HTTP/1.1" 200 - "https://weddingswithjoy.org.nz/wp-includes/" "LCC (+http://corpora.uni-leipzig.de/crawler_faq.html)"
139.18.2.214 - - [31/Mar/2026:17:33:39 +0000] "GET /wp-includes/class-wp-phpmailer.php HTTP/1.1" 500 - "https://weddingswithjoy.org.nz/wp-includes/" "LCC (+http://corpora.uni-leipzig.de/crawler_faq.html)"
74.7.227.41 - - [31/Mar/2026:17:33:41 +0000] "GET /wp-includes/sodium_compat/lib/sodium_compat.php HTTP/1.1" 200 - "https://weddingswithjoy.org.nz/wp-includes/sodium_compat/lib/" "Mozilla/5.0 AppleWebKit/537.36 (KHTML, like Gecko; compatible; GPTBot/1.3; +https://openai.com/gptbot)"
139.18.2.214 - - [31/Mar/2026:17:33:51 +0000] "GET /wp-includes/class-wp-plugin-dependencies.php HTTP/1.1" 200 - "https://weddingswithjoy.org.nz/wp-includes/" "LCC (+http://corpora.uni-leipzig.de/crawler_faq.html)"
74.7.227.41 - - [31/Mar/2026:17:34:00 +0000] "GET /wp-includes/sodium_compat/lib/stream-xchacha20.php HTTP/1.1" 200 - "https://weddingswithjoy.org.nz/wp-includes/sodium_compat/lib/" "Mozilla/5.0 AppleWebKit/537.36 (KHTML, like Gecko; compatible; GPTBot/1.3; +https://openai.com/gptbot)"
139.18.2.214 - - [31/Mar/2026:17:34:03 +0000] "GET /wp-includes/class-wp-post-type.php HTTP/1.1" 200 - "https://weddingswithjoy.org.nz/wp-includes/" "LCC (+http://corpora.uni-leipzig.de/crawler_faq.html)"
139.18.2.214 - - [31/Mar/2026:17:34:12 +0000] "GET /wp-includes/class-wp-post.php HTTP/1.1" 200 - "https://weddingswithjoy.org.nz/wp-includes/" "LCC (+http://corpora.uni-leipzig.de/crawler_faq.html)"
74.7.227.41 - - [31/Mar/2026:17:34:18 +0000] "GET /wp-includes/sodium_compat/lib/ristretto255.php HTTP/1.1" 200 - "https://weddingswithjoy.org.nz/wp-includes/sodium_compat/lib/" "Mozilla/5.0 AppleWebKit/537.36 (KHTML, like Gecko; compatible; GPTBot/1.3; +https://openai.com/gptbot)"
139.18.2.214 - - [31/Mar/2026:17:34:21 +0000] "GET /wp-includes/class-wp-query.php HTTP/1.1" 200 - "https://weddingswithjoy.org.nz/wp-includes/" "LCC (+http://corpora.uni-leipzig.de/crawler_faq.html)"
74.7.243.230 - - [31/Mar/2026:17:34:21 +0000] "GET /wp-includes/rest-api/endpoints/class-wp-rest-themes-controller.php HTTP/1.1" 500 - "https://schoolofgolfnz.co.nz/wp-includes/rest-api/endpoints/" "Mozilla/5.0 AppleWebKit/537.36 (KHTML, like Gecko; compatible; GPTBot/1.3; +https://openai.com/gptbot)"
139.18.2.214 - - [31/Mar/2026:17:34:33 +0000] "GET /wp-includes/class-wp-recovery-mode-cookie-service.php HTTP/1.1" 200 - "https://weddingswithjoy.org.nz/wp-includes/" "LCC (+http://corpora.uni-leipzig.de/crawler_faq.html)"
74.7.227.41 - - [31/Mar/2026:17:34:34 +0000] "GET /wp-includes/sodium_compat/namespaced/File.php HTTP/1.1" 500 - "https://weddingswithjoy.org.nz/wp-includes/sodium_compat/namespaced/" "Mozilla/5.0 AppleWebKit/537.36 (KHTML, like Gecko; compatible; GPTBot/1.3; +https://openai.com/gptbot)"
139.18.2.214 - - [31/Mar/2026:17:34:42 +0000] "GET /wp-includes/class-wp-recovery-mode-email-service.php HTTP/1.1" 200 - "https://weddingswithjoy.org.nz/wp-includes/" "LCC (+http://corpora.uni-leipzig.de/crawler_faq.html)"
74.7.227.41 - - [31/Mar/2026:17:34:49 +0000] "GET /wp-includes/rest-api.php HTTP/1.1" 200 - "https://weddingswithjoy.org.nz/wp-includes/" "Mozilla/5.0 AppleWebKit/537.36 (KHTML, like Gecko; compatible; GPTBot/1.3; +https://openai.com/gptbot)"
139.18.2.214 - - [31/Mar/2026:17:34:52 +0000] "GET /wp-includes/class-wp-recovery-mode-key-service.php HTTP/1.1" 200 - "https://weddingswithjoy.org.nz/wp-includes/" "LCC (+http://corpora.uni-leipzig.de/crawler_faq.html)"
139.18.2.214 - - [31/Mar/2026:17:35:03 +0000] "GET /wp-includes/class-wp-recovery-mode-link-service.php HTTP/1.1" 200 - "https://weddingswithjoy.org.nz/wp-includes/" "LCC (+http://corpora.uni-leipzig.de/crawler_faq.html)"
139.18.2.214 - - [31/Mar/2026:17:35:12 +0000] "GET /wp-includes/class-wp-recovery-mode.php HTTP/1.1" 200 - "https://weddingswithjoy.org.nz/wp-includes/" "LCC (+http://corpora.uni-leipzig.de/crawler_faq.html)"
139.18.2.214 - - [31/Mar/2026:17:35:21 +0000] "GET /wp-includes/class-wp-rewrite.php HTTP/1.1" 200 - "https://weddingswithjoy.org.nz/wp-includes/" "LCC (+http://corpora.uni-leipzig.de/crawler_faq.html)"
74.7.243.230 - - [31/Mar/2026:17:35:24 +0000] "GET /wp-includes/pomo/po.php HTTP/1.1" 200 - "https://schoolofgolfnz.co.nz/wp-includes/pomo/" "Mozilla/5.0 AppleWebKit/537.36 (KHTML, like Gecko; compatible; GPTBot/1.3; +https://openai.com/gptbot)"
47.128.51.19 - - [31/Mar/2026:17:35:30 +0000] "GET /wp-activate.php HTTP/1.1" 302 - "-" "Mozilla/5.0 (Linux; Android 5.0) AppleWebKit/537.36 (KHTML, like Gecko) Mobile Safari/537.36 (compatible; Bytespider; spider-feedback@bytedance.com)"
139.18.2.214 - - [31/Mar/2026:17:35:33 +0000] "GET /wp-includes/class-wp-role.php HTTP/1.1" 200 - "https://weddingswithjoy.org.nz/wp-includes/" "LCC (+http://corpora.uni-leipzig.de/crawler_faq.html)"
74.7.227.41 - - [31/Mar/2026:17:35:34 +0000] "GET /wp-includes/php-compat/ HTTP/1.1" 200 826 "https://weddingswithjoy.org.nz/wp-includes/" "Mozilla/5.0 AppleWebKit/537.36 (KHTML, like Gecko; compatible; GPTBot/1.3; +https://openai.com/gptbot)"
139.18.2.214 - - [31/Mar/2026:17:35:48 +0000] "GET /wp-includes/class-wp-roles.php HTTP/1.1" 200 - "https://weddingswithjoy.org.nz/wp-includes/" "LCC (+http://corpora.uni-leipzig.de/crawler_faq.html)"
139.18.2.214 - - [31/Mar/2026:17:35:59 +0000] "GET /wp-includes/class-wp-script-modules.php HTTP/1.1" 200 - "https://weddingswithjoy.org.nz/wp-includes/" "LCC (+http://corpora.uni-leipzig.de/crawler_faq.html)"
139.18.2.214 - - [31/Mar/2026:17:36:09 +0000] "GET /wp-includes/class-wp-scripts.php HTTP/1.1" 500 - "https://weddingswithjoy.org.nz/wp-includes/" "LCC (+http://corpora.uni-leipzig.de/crawler_faq.html)"
74.7.227.41 - - [31/Mar/2026:17:36:14 +0000] "GET /wp-includes/ms-site.php HTTP/1.1" 200 - "https://weddingswithjoy.org.nz/wp-includes/" "Mozilla/5.0 AppleWebKit/537.36 (KHTML, like Gecko; compatible; GPTBot/1.3; +https://openai.com/gptbot)"
139.18.2.214 - - [31/Mar/2026:17:36:19 +0000] "GET /wp-includes/class-wp-session-tokens.php HTTP/1.1" 200 - "https://weddingswithjoy.org.nz/wp-includes/" "LCC (+http://corpora.uni-leipzig.de/crawler_faq.html)"
74.7.243.230 - - [31/Mar/2026:17:36:26 +0000] "GET /wp-includes/rest-api/endpoints/class-wp-rest-block-directory-controller.php HTTP/1.1" 500 - "https://schoolofgolfnz.co.nz/wp-includes/rest-api/endpoints/" "Mozilla/5.0 AppleWebKit/537.36 (KHTML, like Gecko; compatible; GPTBot/1.3; +https://openai.com/gptbot)"
139.18.2.214 - - [31/Mar/2026:17:36:31 +0000] "GET /wp-includes/class-wp-simplepie-file.php HTTP/1.1" 500 - "https://weddingswithjoy.org.nz/wp-includes/" "LCC (+http://corpora.uni-leipzig.de/crawler_faq.html)"
139.18.2.214 - - [31/Mar/2026:17:36:42 +0000] "GET /wp-includes/class-wp-simplepie-sanitize-kses.php HTTP/1.1" 200 2 "https://weddingswithjoy.org.nz/wp-includes/" "LCC (+http://corpora.uni-leipzig.de/crawler_faq.html)"
74.7.227.41 - - [31/Mar/2026:17:36:50 +0000] "GET /wp-includes/ms-load.php HTTP/1.1" 200 - "https://weddingswithjoy.org.nz/wp-includes/" "Mozilla/5.0 AppleWebKit/537.36 (KHTML, like Gecko; compatible; GPTBot/1.3; +https://openai.com/gptbot)"
139.18.2.214 - - [31/Mar/2026:17:36:54 +0000] "GET /wp-includes/class-wp-site-query.php HTTP/1.1" 200 - "https://weddingswithjoy.org.nz/wp-includes/" "LCC (+http://corpora.uni-leipzig.de/crawler_faq.html)"
139.18.2.214 - - [31/Mar/2026:17:37:03 +0000] "GET /wp-includes/class-wp-site.php HTTP/1.1" 200 - "https://weddingswithjoy.org.nz/wp-includes/" "LCC (+http://corpora.uni-leipzig.de/crawler_faq.html)"
139.18.2.214 - - [31/Mar/2026:17:37:17 +0000] "GET /wp-includes/class-wp-speculation-rules.php HTTP/1.1" 200 - "https://weddingswithjoy.org.nz/wp-includes/" "LCC (+http://corpora.uni-leipzig.de/crawler_faq.html)"
74.7.227.41 - - [31/Mar/2026:17:37:21 +0000] "GET /wp-includes/ms-network.php HTTP/1.1" 200 - "https://weddingswithjoy.org.nz/wp-includes/" "Mozilla/5.0 AppleWebKit/537.36 (KHTML, like Gecko; compatible; GPTBot/1.3; +https://openai.com/gptbot)"
74.7.243.230 - - [31/Mar/2026:17:37:22 +0000] "GET /wp-includes/rest-api/endpoints/class-wp-rest-menu-locations-controller.php HTTP/1.1" 500 - "https://schoolofgolfnz.co.nz/wp-includes/rest-api/endpoints/" "Mozilla/5.0 AppleWebKit/537.36 (KHTML, like Gecko; compatible; GPTBot/1.3; +https://openai.com/gptbot)"
139.18.2.214 - - [31/Mar/2026:17:37:26 +0000] "GET /wp-includes/class-wp-styles.php HTTP/1.1" 500 - "https://weddingswithjoy.org.nz/wp-includes/" "LCC (+http://corpora.uni-leipzig.de/crawler_faq.html)"
139.18.2.214 - - [31/Mar/2026:17:37:37 +0000] "GET /wp-includes/class-wp-tax-query.php HTTP/1.1" 200 - "https://weddingswithjoy.org.nz/wp-includes/" "LCC (+http://corpora.uni-leipzig.de/crawler_faq.html)"
139.18.2.214 - - [31/Mar/2026:17:37:45 +0000] "GET /wp-includes/class-wp-taxonomy.php HTTP/1.1" 200 - "https://weddingswithjoy.org.nz/wp-includes/" "LCC (+http://corpora.uni-leipzig.de/crawler_faq.html)"
74.7.227.41 - - [31/Mar/2026:17:37:49 +0000] "GET /wp-includes/theme-compat/ HTTP/1.1" 200 2276 "https://weddingswithjoy.org.nz/wp-includes/" "Mozilla/5.0 AppleWebKit/537.36 (KHTML, like Gecko; compatible; GPTBot/1.3; +https://openai.com/gptbot)"
139.18.2.214 - - [31/Mar/2026:17:37:54 +0000] "GET /wp-includes/class-wp-term-query.php HTTP/1.1" 200 - "https://weddingswithjoy.org.nz/wp-includes/" "LCC (+http://corpora.uni-leipzig.de/crawler_faq.html)"
139.18.2.214 - - [31/Mar/2026:17:38:05 +0000] "GET /wp-includes/class-wp-term.php HTTP/1.1" 200 - "https://weddingswithjoy.org.nz/wp-includes/" "LCC (+http://corpora.uni-leipzig.de/crawler_faq.html)"
139.18.2.214 - - [31/Mar/2026:17:38:15 +0000] "GET /wp-includes/class-wp-text-diff-renderer-inline.php HTTP/1.1" 500 - "https://weddingswithjoy.org.nz/wp-includes/" "LCC (+http://corpora.uni-leipzig.de/crawler_faq.html)"
74.7.227.41 - - [31/Mar/2026:17:38:15 +0000] "GET /wp-includes/sitemaps/ HTTP/1.1" 200 2013 "https://weddingswithjoy.org.nz/wp-includes/" "Mozilla/5.0 AppleWebKit/537.36 (KHTML, like Gecko; compatible; GPTBot/1.3; +https://openai.com/gptbot)"
74.7.243.230 - - [31/Mar/2026:17:38:24 +0000] "GET /wp-includes/rest-api/endpoints/class-wp-rest-block-patterns-controller.php HTTP/1.1" 500 - "https://schoolofgolfnz.co.nz/wp-includes/rest-api/endpoints/" "Mozilla/5.0 AppleWebKit/537.36 (KHTML, like Gecko; compatible; GPTBot/1.3; +https://openai.com/gptbot)"
139.18.2.214 - - [31/Mar/2026:17:38:24 +0000] "GET /wp-includes/class-wp-text-diff-renderer-table.php HTTP/1.1" 200 2 "https://weddingswithjoy.org.nz/wp-includes/" "LCC (+http://corpora.uni-leipzig.de/crawler_faq.html)"
139.18.2.214 - - [31/Mar/2026:17:38:33 +0000] "GET /wp-includes/class-wp-textdomain-registry.php HTTP/1.1" 200 - "https://weddingswithjoy.org.nz/wp-includes/" "LCC (+http://corpora.uni-leipzig.de/crawler_faq.html)"
74.7.227.41 - - [31/Mar/2026:17:38:39 +0000] "GET /wp-includes/class.wp-scripts.php HTTP/1.1" 500 - "https://weddingswithjoy.org.nz/wp-includes/" "Mozilla/5.0 AppleWebKit/537.36 (KHTML, like Gecko; compatible; GPTBot/1.3; +https://openai.com/gptbot)"
139.18.2.214 - - [31/Mar/2026:17:38:42 +0000] "GET /wp-includes/class-wp-theme-json-data.php HTTP/1.1" 200 - "https://weddingswithjoy.org.nz/wp-includes/" "LCC (+http://corpora.uni-leipzig.de/crawler_faq.html)"
139.18.2.214 - - [31/Mar/2026:17:38:55 +0000] "GET /wp-includes/class-wp-theme-json-resolver.php HTTP/1.1" 200 - "https://weddingswithjoy.org.nz/wp-includes/" "LCC (+http://corpora.uni-leipzig.de/crawler_faq.html)"
74.7.227.41 - - [31/Mar/2026:17:39:01 +0000] "GET /wp-includes/class-wp-scripts.php HTTP/1.1" 500 - "https://weddingswithjoy.org.nz/wp-includes/" "Mozilla/5.0 AppleWebKit/537.36 (KHTML, like Gecko; compatible; GPTBot/1.3; +https://openai.com/gptbot)"
139.18.2.214 - - [31/Mar/2026:17:39:04 +0000] "GET /wp-includes/class-wp-theme-json-schema.php HTTP/1.1" 200 - "https://weddingswithjoy.org.nz/wp-includes/" "LCC (+http://corpora.uni-leipzig.de/crawler_faq.html)"
139.18.2.214 - - [31/Mar/2026:17:39:16 +0000] "GET /wp-includes/class-wp-theme-json.php HTTP/1.1" 200 - "https://weddingswithjoy.org.nz/wp-includes/" "LCC (+http://corpora.uni-leipzig.de/crawler_faq.html)"
139.18.2.214 - - [31/Mar/2026:17:39:28 +0000] "GET /wp-includes/class-wp-theme.php HTTP/1.1" 200 - "https://weddingswithjoy.org.nz/wp-includes/" "LCC (+http://corpora.uni-leipzig.de/crawler_faq.html)"
74.7.243.230 - - [31/Mar/2026:17:39:29 +0000] "GET /wp-includes/sodium_compat/namespaced/Core/ HTTP/1.1" 200 3576 "https://schoolofgolfnz.co.nz/wp-includes/sodium_compat/namespaced/" "Mozilla/5.0 AppleWebKit/537.36 (KHTML, like Gecko; compatible; GPTBot/1.3; +https://openai.com/gptbot)"
47.128.51.157 - - [31/Mar/2026:17:39:29 +0000] "GET /wp-mail.php HTTP/1.1" 403 2520 "-" "Mozilla/5.0 (Linux; Android 5.0) AppleWebKit/537.36 (KHTML, like Gecko) Mobile Safari/537.36 (compatible; Bytespider; spider-feedback@bytedance.com)"
139.18.2.214 - - [31/Mar/2026:17:39:38 +0000] "GET /wp-includes/class-wp-token-map.php HTTP/1.1" 200 - "https://weddingswithjoy.org.nz/wp-includes/" "LCC (+http://corpora.uni-leipzig.de/crawler_faq.html)"
139.18.2.214 - - [31/Mar/2026:17:39:47 +0000] "GET /wp-includes/class-wp-url-pattern-prefixer.php HTTP/1.1" 200 - "https://weddingswithjoy.org.nz/wp-includes/" "LCC (+http://corpora.uni-leipzig.de/crawler_faq.html)"
47.128.113.64 - - [31/Mar/2026:17:39:53 +0000] "GET /wp-login.php?action=register HTTP/1.1" 500 - "-" "Mozilla/5.0 (Linux; Android 5.0) AppleWebKit/537.36 (KHTML, like Gecko) Mobile Safari/537.36 (compatible; Bytespider; spider-feedback@bytedance.com)"
139.18.2.214 - - [31/Mar/2026:17:39:57 +0000] "GET /wp-includes/class-wp-user-meta-session-tokens.php HTTP/1.1" 500 - "https://weddingswithjoy.org.nz/wp-includes/" "LCC (+http://corpora.uni-leipzig.de/crawler_faq.html)"
74.7.227.41 - - [31/Mar/2026:17:40:05 +0000] "GET /wp-includes/class-smtp.php HTTP/1.1" 500 - "https://weddingswithjoy.org.nz/wp-includes/" "Mozilla/5.0 AppleWebKit/537.36 (KHTML, like Gecko; compatible; GPTBot/1.3; +https://openai.com/gptbot)"
139.18.2.214 - - [31/Mar/2026:17:40:06 +0000] "GET /wp-includes/class-wp-user-query.php HTTP/1.1" 200 - "https://weddingswithjoy.org.nz/wp-includes/" "LCC (+http://corpora.uni-leipzig.de/crawler_faq.html)"
139.18.2.214 - - [31/Mar/2026:17:40:16 +0000] "GET /wp-includes/class-wp-user-request.php HTTP/1.1" 200 - "https://weddingswithjoy.org.nz/wp-includes/" "LCC (+http://corpora.uni-leipzig.de/crawler_faq.html)"
139.18.2.214 - - [31/Mar/2026:17:40:25 +0000] "GET /wp-includes/class-wp-user.php HTTP/1.1" 200 - "https://weddingswithjoy.org.nz/wp-includes/" "LCC (+http://corpora.uni-leipzig.de/crawler_faq.html)"
74.7.243.230 - - [31/Mar/2026:17:40:35 +0000] "GET /wp-includes/rest-api/endpoints/class-wp-rest-global-styles-revisions-controller.php HTTP/1.1" 500 - "https://schoolofgolfnz.co.nz/wp-includes/rest-api/endpoints/" "Mozilla/5.0 AppleWebKit/537.36 (KHTML, like Gecko; compatible; GPTBot/1.3; +https://openai.com/gptbot)"
139.18.2.214 - - [31/Mar/2026:17:40:37 +0000] "GET /wp-includes/class-wp-walker.php HTTP/1.1" 200 - "https://weddingswithjoy.org.nz/wp-includes/" "LCC (+http://corpora.uni-leipzig.de/crawler_faq.html)"
139.18.2.214 - - [31/Mar/2026:17:40:52 +0000] "GET /wp-includes/class-wp-widget-factory.php HTTP/1.1" 200 - "https://weddingswithjoy.org.nz/wp-includes/" "LCC (+http://corpora.uni-leipzig.de/crawler_faq.html)"
139.18.2.214 - - [31/Mar/2026:17:41:03 +0000] "GET /wp-includes/class-wp-widget.php HTTP/1.1" 200 - "https://weddingswithjoy.org.nz/wp-includes/" "LCC (+http://corpora.uni-leipzig.de/crawler_faq.html)"
74.7.227.41 - - [31/Mar/2026:17:41:09 +0000] "GET /wp-includes/ms-settings.php HTTP/1.1" 200 2 "https://weddingswithjoy.org.nz/wp-includes/" "Mozilla/5.0 AppleWebKit/537.36 (KHTML, like Gecko; compatible; GPTBot/1.3; +https://openai.com/gptbot)"
139.18.2.214 - - [31/Mar/2026:17:41:12 +0000] "GET /wp-includes/class-wp-xmlrpc-server.php HTTP/1.1" 500 - "https://weddingswithjoy.org.nz/wp-includes/" "LCC (+http://corpora.uni-leipzig.de/crawler_faq.html)"
139.18.2.214 - - [31/Mar/2026:17:41:21 +0000] "GET /wp-includes/class-wp.php HTTP/1.1" 200 - "https://weddingswithjoy.org.nz/wp-includes/" "LCC (+http://corpora.uni-leipzig.de/crawler_faq.html)"
84.32.70.209 - - [31/Mar/2026:17:41:24 +0000] "GET / HTTP/1.1" 200 4074 "-" "Python-urllib/3.12"
74.7.243.230 - - [31/Mar/2026:17:41:32 +0000] "GET /wp-includes/rest-api/endpoints/class-wp-rest-block-pattern-categories-controller.php HTTP/1.1" 500 - "https://schoolofgolfnz.co.nz/wp-includes/rest-api/endpoints/" "Mozilla/5.0 AppleWebKit/537.36 (KHTML, like Gecko; compatible; GPTBot/1.3; +https://openai.com/gptbot)"
139.18.2.214 - - [31/Mar/2026:17:41:32 +0000] "GET /wp-includes/class-wpdb.php HTTP/1.1" 200 - "https://weddingswithjoy.org.nz/wp-includes/" "LCC (+http://corpora.uni-leipzig.de/crawler_faq.html)"
139.18.2.214 - - [31/Mar/2026:17:41:42 +0000] "GET /wp-includes/class.wp-dependencies.php HTTP/1.1" 500 - "https://weddingswithjoy.org.nz/wp-includes/" "LCC (+http://corpora.uni-leipzig.de/crawler_faq.html)"
139.18.2.214 - - [31/Mar/2026:17:41:54 +0000] "GET /wp-includes/class.wp-scripts.php HTTP/1.1" 500 - "https://weddingswithjoy.org.nz/wp-includes/" "LCC (+http://corpora.uni-leipzig.de/crawler_faq.html)"
43.128.67.187 - - [31/Mar/2026:17:41:58 +0000] "GET /wp-admin/load-styles.php?c=0&dir=ltr&load%5Bchunk_0%5D=dashicons,buttons,forms,l10n,login&ver=6.9.4 HTTP/1.1" 200 103100 "-" "Mozilla/5.0 (iPhone; CPU iPhone OS 13_2_3 like Mac OS X) AppleWebKit/605.1.15 (KHTML, like Gecko) Version/13.0.3 Mobile/15E148 Safari/604.1"
139.18.2.214 - - [31/Mar/2026:17:42:08 +0000] "GET /wp-includes/class.wp-styles.php HTTP/1.1" 500 - "https://weddingswithjoy.org.nz/wp-includes/" "LCC (+http://corpora.uni-leipzig.de/crawler_faq.html)"
74.7.227.41 - - [31/Mar/2026:17:42:13 +0000] "GET /wp-includes/widgets/ HTTP/1.1" 200 4621 "https://weddingswithjoy.org.nz/wp-includes/" "Mozilla/5.0 AppleWebKit/537.36 (KHTML, like Gecko; compatible; GPTBot/1.3; +https://openai.com/gptbot)"
139.18.2.214 - - [31/Mar/2026:17:42:17 +0000] "GET /wp-includes/comment-template.php HTTP/1.1" 200 - "https://weddingswithjoy.org.nz/wp-includes/" "LCC (+http://corpora.uni-leipzig.de/crawler_faq.html)"
139.18.2.214 - - [31/Mar/2026:17:42:31 +0000] "GET /wp-includes/comment.php HTTP/1.1" 200 - "https://weddingswithjoy.org.nz/wp-includes/" "LCC (+http://corpora.uni-leipzig.de/crawler_faq.html)"
74.7.243.230 - - [31/Mar/2026:17:42:35 +0000] "GET /wp-includes/compat-utf8.php HTTP/1.1" 200 - "https://schoolofgolfnz.co.nz/wp-includes/" "Mozilla/5.0 AppleWebKit/537.36 (KHTML, like Gecko; compatible; GPTBot/1.3; +https://openai.com/gptbot)"
139.18.2.214 - - [31/Mar/2026:17:42:44 +0000] "GET /wp-includes/compat-utf8.php HTTP/1.1" 200 - "https://weddingswithjoy.org.nz/wp-includes/" "LCC (+http://corpora.uni-leipzig.de/crawler_faq.html)"
139.18.2.214 - - [31/Mar/2026:17:42:56 +0000] "GET /wp-includes/compat.php HTTP/1.1" 200 - "https://weddingswithjoy.org.nz/wp-includes/" "LCC (+http://corpora.uni-leipzig.de/crawler_faq.html)"
139.18.2.214 - - [31/Mar/2026:17:43:04 +0000] "GET /wp-includes/cron.php HTTP/1.1" 200 - "https://weddingswithjoy.org.nz/wp-includes/" "LCC (+http://corpora.uni-leipzig.de/crawler_faq.html)"
74.7.227.41 - - [31/Mar/2026:17:43:11 +0000] "GET /wp-includes/php-compat/readonly.php HTTP/1.1" 200 - "https://weddingswithjoy.org.nz/wp-includes/php-compat/" "Mozilla/5.0 AppleWebKit/537.36 (KHTML, like Gecko; compatible; GPTBot/1.3; +https://openai.com/gptbot)"
139.18.2.214 - - [31/Mar/2026:17:43:14 +0000] "GET /wp-includes/css/ HTTP/1.1" 200 8735 "https://weddingswithjoy.org.nz/wp-includes/" "LCC (+http://corpora.uni-leipzig.de/crawler_faq.html)"
139.18.2.214 - - [31/Mar/2026:17:43:26 +0000] "GET /wp-includes/customize/ HTTP/1.1" 200 8270 "https://weddingswithjoy.org.nz/wp-includes/" "LCC (+http://corpora.uni-leipzig.de/crawler_faq.html)"
139.18.2.214 - - [31/Mar/2026:17:43:36 +0000] "GET /wp-includes/date.php HTTP/1.1" 500 - "https://weddingswithjoy.org.nz/wp-includes/" "LCC (+http://corpora.uni-leipzig.de/crawler_faq.html)"
74.7.243.230 - - [31/Mar/2026:17:43:39 +0000] "GET /wp-includes/Text/Exception.php HTTP/1.1" 200 - "https://schoolofgolfnz.co.nz/wp-includes/Text/" "Mozilla/5.0 AppleWebKit/537.36 (KHTML, like Gecko; compatible; GPTBot/1.3; +https://openai.com/gptbot)"
139.18.2.214 - - [31/Mar/2026:17:43:47 +0000] "GET /wp-includes/default-constants.php HTTP/1.1" 200 - "https://weddingswithjoy.org.nz/wp-includes/" "LCC (+http://corpora.uni-leipzig.de/crawler_faq.html)"
139.18.2.214 - - [31/Mar/2026:17:43:59 +0000] "GET /wp-includes/default-filters.php HTTP/1.1" 200 2 "https://weddingswithjoy.org.nz/wp-includes/" "LCC (+http://corpora.uni-leipzig.de/crawler_faq.html)"
74.7.227.41 - - [31/Mar/2026:17:44:04 +0000] "GET /wp-includes/rest-api/class-wp-rest-response.php HTTP/1.1" 500 - "https://weddingswithjoy.org.nz/wp-includes/rest-api/" "Mozilla/5.0 AppleWebKit/537.36 (KHTML, like Gecko; compatible; GPTBot/1.3; +https://openai.com/gptbot)"
139.18.2.214 - - [31/Mar/2026:17:44:11 +0000] "GET /wp-includes/default-widgets.php HTTP/1.1" 200 2 "https://weddingswithjoy.org.nz/wp-includes/" "LCC (+http://corpora.uni-leipzig.de/crawler_faq.html)"
139.18.2.214 - - [31/Mar/2026:17:44:21 +0000] "GET /wp-includes/deprecated.php HTTP/1.1" 200 - "https://weddingswithjoy.org.nz/wp-includes/" "LCC (+http://corpora.uni-leipzig.de/crawler_faq.html)"
74.7.243.230 - - [31/Mar/2026:17:44:35 +0000] "GET /wp-includes/SimplePie/ HTTP/1.1" 200 1174 "https://schoolofgolfnz.co.nz/wp-includes/" "Mozilla/5.0 AppleWebKit/537.36 (KHTML, like Gecko; compatible; GPTBot/1.3; +https://openai.com/gptbot)"
139.18.2.214 - - [31/Mar/2026:17:44:36 +0000] "GET /wp-includes/embed-template.php HTTP/1.1" 500 - "https://weddingswithjoy.org.nz/wp-includes/" "LCC (+http://corpora.uni-leipzig.de/crawler_faq.html)"
139.18.2.214 - - [31/Mar/2026:17:44:47 +0000] "GET /wp-includes/embed.php HTTP/1.1" 200 - "https://weddingswithjoy.org.nz/wp-includes/" "LCC (+http://corpora.uni-leipzig.de/crawler_faq.html)"
74.7.227.41 - - [31/Mar/2026:17:44:52 +0000] "GET /wp-includes/atomlib.php HTTP/1.1" 200 - "https://weddingswithjoy.org.nz/wp-includes/" "Mozilla/5.0 AppleWebKit/537.36 (KHTML, like Gecko; compatible; GPTBot/1.3; +https://openai.com/gptbot)"
139.18.2.214 - - [31/Mar/2026:17:44:57 +0000] "GET /wp-includes/error-protection.php HTTP/1.1" 200 - "https://weddingswithjoy.org.nz/wp-includes/" "LCC (+http://corpora.uni-leipzig.de/crawler_faq.html)"
139.18.2.214 - - [31/Mar/2026:17:45:09 +0000] "GET /wp-includes/feed-atom-comments.php HTTP/1.1" 500 - "https://weddingswithjoy.org.nz/wp-includes/" "LCC (+http://corpora.uni-leipzig.de/crawler_faq.html)"
139.18.2.214 - - [31/Mar/2026:17:45:22 +0000] "GET /wp-includes/feed-atom.php HTTP/1.1" 200 2 "https://weddingswithjoy.org.nz/wp-includes/" "LCC (+http://corpora.uni-leipzig.de/crawler_faq.html)"
74.7.243.230 - - [31/Mar/2026:17:45:25 +0000] "GET /wp-includes/class-pop3.php HTTP/1.1" 200 - "https://schoolofgolfnz.co.nz/wp-includes/" "Mozilla/5.0 AppleWebKit/537.36 (KHTML, like Gecko; compatible; GPTBot/1.3; +https://openai.com/gptbot)"
139.18.2.214 - - [31/Mar/2026:17:45:35 +0000] "GET /wp-includes/feed-rdf.php HTTP/1.1" 500 - "https://weddingswithjoy.org.nz/wp-includes/" "LCC (+http://corpora.uni-leipzig.de/crawler_faq.html)"
