74.7.227.1 - - [31/Mar/2026:16:04:10 +0000] "GET /wp-admin/js/password-strength-meter.min.js?ver=6.9.4 HTTP/1.1" 200 1123 "https://weddingswithjoy.org.nz" "Mozilla/5.0 AppleWebKit/537.36 (KHTML, like Gecko; compatible; GPTBot/1.3; +https://openai.com/gptbot)"
43.130.9.111 - - [31/Mar/2026:16:04:47 +0000] "GET / HTTP/1.1" 200 4621 "http://qualityprecast.nz" "Mozilla/5.0 (iPhone; CPU iPhone OS 13_2_3 like Mac OS X) AppleWebKit/605.1.15 (KHTML, like Gecko) Version/13.0.3 Mobile/15E148 Safari/604.1"
74.7.227.41 - - [31/Mar/2026:16:04:51 +0000] "GET /wp-includes/class-wp-phpmailer.php HTTP/1.1" 500 - "https://weddingswithjoy.org.nz/wp-includes/" "Mozilla/5.0 AppleWebKit/537.36 (KHTML, like Gecko; compatible; GPTBot/1.3; +https://openai.com/gptbot)"
74.7.243.230 - - [31/Mar/2026:16:04:59 +0000] "GET /wp-includes/theme-compat/sidebar.php HTTP/1.1" 500 - "https://schoolofgolfnz.co.nz/wp-includes/theme-compat/" "Mozilla/5.0 AppleWebKit/537.36 (KHTML, like Gecko; compatible; GPTBot/1.3; +https://openai.com/gptbot)"
40.77.167.116 - - [31/Mar/2026:16:05:28 +0000] "GET /Products/ HTTP/1.1" 404 - "-" "Mozilla/5.0 AppleWebKit/537.36 (KHTML, like Gecko; compatible; bingbot/2.0; +http://www.bing.com/bingbot.htm) Chrome/116.0.1938.76 Safari/537.36"
74.7.227.41 - - [31/Mar/2026:16:05:57 +0000] "GET /wp-includes/class-wp-dependencies.php HTTP/1.1" 200 - "https://weddingswithjoy.org.nz/wp-includes/" "Mozilla/5.0 AppleWebKit/537.36 (KHTML, like Gecko; compatible; GPTBot/1.3; +https://openai.com/gptbot)"
74.7.243.230 - - [31/Mar/2026:16:06:04 +0000] "GET /wp-includes/widgets/class-wp-widget-recent-comments.php HTTP/1.1" 500 - "https://schoolofgolfnz.co.nz/wp-includes/widgets/" "Mozilla/5.0 AppleWebKit/537.36 (KHTML, like Gecko; compatible; GPTBot/1.3; +https://openai.com/gptbot)"
74.7.227.41 - - [31/Mar/2026:16:06:58 +0000] "GET /wp-includes/class-wp-textdomain-registry.php HTTP/1.1" 200 - "https://weddingswithjoy.org.nz/wp-includes/" "Mozilla/5.0 AppleWebKit/537.36 (KHTML, like Gecko; compatible; GPTBot/1.3; +https://openai.com/gptbot)"
74.7.243.230 - - [31/Mar/2026:16:07:07 +0000] "GET /wp-includes/option.php HTTP/1.1" 200 - "https://schoolofgolfnz.co.nz/wp-includes/" "Mozilla/5.0 AppleWebKit/537.36 (KHTML, like Gecko; compatible; GPTBot/1.3; +https://openai.com/gptbot)"
74.7.227.41 - - [31/Mar/2026:16:07:57 +0000] "GET /wp-includes/class-wp-theme-json-data.php HTTP/1.1" 200 - "https://weddingswithjoy.org.nz/wp-includes/" "Mozilla/5.0 AppleWebKit/537.36 (KHTML, like Gecko; compatible; GPTBot/1.3; +https://openai.com/gptbot)"
74.7.243.230 - - [31/Mar/2026:16:08:12 +0000] "GET /wp-includes/compat.php HTTP/1.1" 200 - "https://schoolofgolfnz.co.nz/wp-includes/" "Mozilla/5.0 AppleWebKit/537.36 (KHTML, like Gecko; compatible; GPTBot/1.3; +https://openai.com/gptbot)"
74.7.227.41 - - [31/Mar/2026:16:08:49 +0000] "GET /wp-includes/template-loader.php HTTP/1.1" 500 - "https://weddingswithjoy.org.nz/wp-includes/" "Mozilla/5.0 AppleWebKit/537.36 (KHTML, like Gecko; compatible; GPTBot/1.3; +https://openai.com/gptbot)"
74.7.243.230 - - [31/Mar/2026:16:09:07 +0000] "GET /wp-includes/rewrite.php HTTP/1.1" 200 - "https://schoolofgolfnz.co.nz/wp-includes/" "Mozilla/5.0 AppleWebKit/537.36 (KHTML, like Gecko; compatible; GPTBot/1.3; +https://openai.com/gptbot)"
74.7.227.41 - - [31/Mar/2026:16:09:36 +0000] "GET /wp-includes/robots-template.php HTTP/1.1" 200 - "https://weddingswithjoy.org.nz/wp-includes/" "Mozilla/5.0 AppleWebKit/537.36 (KHTML, like Gecko; compatible; GPTBot/1.3; +https://openai.com/gptbot)"
74.7.243.230 - - [31/Mar/2026:16:09:56 +0000] "GET /wp-includes/widgets.php HTTP/1.1" 200 - "https://schoolofgolfnz.co.nz/wp-includes/" "Mozilla/5.0 AppleWebKit/537.36 (KHTML, like Gecko; compatible; GPTBot/1.3; +https://openai.com/gptbot)"
74.7.227.41 - - [31/Mar/2026:16:10:37 +0000] "GET /wp-includes/https-migration.php HTTP/1.1" 200 - "https://weddingswithjoy.org.nz/wp-includes/" "Mozilla/5.0 AppleWebKit/537.36 (KHTML, like Gecko; compatible; GPTBot/1.3; +https://openai.com/gptbot)"
74.7.243.230 - - [31/Mar/2026:16:10:40 +0000] "GET /wp-includes/locale.php HTTP/1.1" 500 - "https://schoolofgolfnz.co.nz/wp-includes/" "Mozilla/5.0 AppleWebKit/537.36 (KHTML, like Gecko; compatible; GPTBot/1.3; +https://openai.com/gptbot)"
74.7.243.230 - - [31/Mar/2026:16:11:21 +0000] "GET /wp-includes/blocks.php HTTP/1.1" 200 - "https://schoolofgolfnz.co.nz/wp-includes/" "Mozilla/5.0 AppleWebKit/537.36 (KHTML, like Gecko; compatible; GPTBot/1.3; +https://openai.com/gptbot)"
74.7.227.41 - - [31/Mar/2026:16:11:35 +0000] "GET /wp-includes/class-simplepie.php HTTP/1.1" 500 - "https://weddingswithjoy.org.nz/wp-includes/" "Mozilla/5.0 AppleWebKit/537.36 (KHTML, like Gecko; compatible; GPTBot/1.3; +https://openai.com/gptbot)"
74.7.243.230 - - [31/Mar/2026:16:12:22 +0000] "GET /wp-includes/version.php HTTP/1.1" 200 - "https://schoolofgolfnz.co.nz/wp-includes/" "Mozilla/5.0 AppleWebKit/537.36 (KHTML, like Gecko; compatible; GPTBot/1.3; +https://openai.com/gptbot)"
74.7.227.41 - - [31/Mar/2026:16:12:27 +0000] "GET /wp-includes/theme-templates.php HTTP/1.1" 200 - "https://weddingswithjoy.org.nz/wp-includes/" "Mozilla/5.0 AppleWebKit/537.36 (KHTML, like Gecko; compatible; GPTBot/1.3; +https://openai.com/gptbot)"
94.102.49.193 - - [31/Mar/2026:16:13:15 +0000] "GET / HTTP/1.1" 200 4621 "-" "Mozilla/5.0 (X11; Linux x86_64) AppleWebKit/537.36 (KHTML, like Gecko) Chrome/98.0.4758.102 Safari/537.36"
74.7.243.230 - - [31/Mar/2026:16:13:16 +0000] "GET /wp-includes/plugin.php HTTP/1.1" 200 - "https://schoolofgolfnz.co.nz/wp-includes/" "Mozilla/5.0 AppleWebKit/537.36 (KHTML, like Gecko; compatible; GPTBot/1.3; +https://openai.com/gptbot)"
74.7.227.41 - - [31/Mar/2026:16:13:29 +0000] "GET /wp-includes/template-canvas.php HTTP/1.1" 500 - "https://weddingswithjoy.org.nz/wp-includes/" "Mozilla/5.0 AppleWebKit/537.36 (KHTML, like Gecko; compatible; GPTBot/1.3; +https://openai.com/gptbot)"
94.102.49.193 - - [31/Mar/2026:16:13:36 +0000] "GET /robots.txt HTTP/1.1" 304 - "-" "-"
94.102.49.193 - - [31/Mar/2026:16:13:38 +0000] "GET /sitemap.xml HTTP/1.1" 404 - "-" "-"
94.102.49.193 - - [31/Mar/2026:16:13:40 +0000] "GET /.well-known/security.txt HTTP/1.1" 404 - "-" "-"
94.102.49.193 - - [31/Mar/2026:16:13:41 +0000] "GET /favicon.ico HTTP/1.1" 404 - "-" "Mozilla/5.0 (Windows NT 10.0; Win64; x64) AppleWebKit/537.36 (KHTML, like Gecko) Chrome/102.0.5005.63 Safari/537.36"
94.102.49.193 - - [31/Mar/2026:16:13:42 +0000] "GET /asdasd/ HTTP/1.1" 200 602 "-" "Mozilla/5.0 (Windows NT 10.0; Win64; x64) AppleWebKit/537.36 (KHTML, like Gecko) Chrome/102.0.5005.63 Safari/537.36"
94.102.49.193 - - [31/Mar/2026:16:13:43 +0000] "GET /cgi-bin/ HTTP/1.1" 404 - "-" "Mozilla/5.0 (Windows NT 10.0; Win64; x64) AppleWebKit/537.36 (KHTML, like Gecko) Chrome/102.0.5005.63 Safari/537.36"
94.102.49.193 - - [31/Mar/2026:16:13:45 +0000] "GET /google79ea90e038e6acd3.html HTTP/1.1" 200 53 "-" "Mozilla/5.0 (Windows NT 10.0; Win64; x64) AppleWebKit/537.36 (KHTML, like Gecko) Chrome/102.0.5005.63 Safari/537.36"
94.102.49.193 - - [31/Mar/2026:16:13:46 +0000] "GET /index.php1 HTTP/1.1" 403 15 "-" "Mozilla/5.0 (Windows NT 10.0; Win64; x64) AppleWebKit/537.36 (KHTML, like Gecko) Chrome/102.0.5005.63 Safari/537.36"
94.102.49.193 - - [31/Mar/2026:16:13:47 +0000] "GET /license.txt HTTP/1.1" 200 19903 "-" "Mozilla/5.0 (Windows NT 10.0; Win64; x64) AppleWebKit/537.36 (KHTML, like Gecko) Chrome/102.0.5005.63 Safari/537.36"
94.102.49.193 - - [31/Mar/2026:16:13:48 +0000] "GET /readme.html HTTP/1.1" 200 7425 "-" "Mozilla/5.0 (Windows NT 10.0; Win64; x64) AppleWebKit/537.36 (KHTML, like Gecko) Chrome/102.0.5005.63 Safari/537.36"
94.102.49.193 - - [31/Mar/2026:16:13:49 +0000] "GET /robots.txt HTTP/1.1" 304 - "-" "Mozilla/5.0 (Windows NT 10.0; Win64; x64) AppleWebKit/537.36 (KHTML, like Gecko) Chrome/102.0.5005.63 Safari/537.36"
94.102.49.193 - - [31/Mar/2026:16:13:51 +0000] "GET /wp-activate.php HTTP/1.1" 302 - "-" "Mozilla/5.0 (Windows NT 10.0; Win64; x64) AppleWebKit/537.36 (KHTML, like Gecko) Chrome/102.0.5005.63 Safari/537.36"
94.102.49.193 - - [31/Mar/2026:16:13:52 +0000] "GET /wp-admin/ HTTP/1.1" 302 - "-" "Mozilla/5.0 (Windows NT 10.0; Win64; x64) AppleWebKit/537.36 (KHTML, like Gecko) Chrome/102.0.5005.63 Safari/537.36"
94.102.49.193 - - [31/Mar/2026:16:13:53 +0000] "GET /wp-blog-header.php HTTP/1.1" 404 - "-" "Mozilla/5.0 (Windows NT 10.0; Win64; x64) AppleWebKit/537.36 (KHTML, like Gecko) Chrome/102.0.5005.63 Safari/537.36"
94.102.49.193 - - [31/Mar/2026:16:13:54 +0000] "GET /wp-comments-post.php HTTP/1.1" 405 - "-" "Mozilla/5.0 (Windows NT 10.0; Win64; x64) AppleWebKit/537.36 (KHTML, like Gecko) Chrome/102.0.5005.63 Safari/537.36"
94.102.49.193 - - [31/Mar/2026:16:13:55 +0000] "GET /wp-config-sample.php HTTP/1.1" 500 2431 "-" "Mozilla/5.0 (Windows NT 10.0; Win64; x64) AppleWebKit/537.36 (KHTML, like Gecko) Chrome/102.0.5005.63 Safari/537.36"
94.102.49.193 - - [31/Mar/2026:16:13:56 +0000] "GET /wp-config.php HTTP/1.1" 403 4170 "-" "Mozilla/5.0 (Windows NT 10.0; Win64; x64) AppleWebKit/537.36 (KHTML, like Gecko) Chrome/102.0.5005.63 Safari/537.36"
94.102.49.193 - - [31/Mar/2026:16:13:58 +0000] "GET /wp-cron.php HTTP/1.1" 200 - "-" "Mozilla/5.0 (Windows NT 10.0; Win64; x64) AppleWebKit/537.36 (KHTML, like Gecko) Chrome/102.0.5005.63 Safari/537.36"
94.102.49.193 - - [31/Mar/2026:16:13:59 +0000] "GET /wp-includes/ HTTP/1.1" 200 52987 "-" "Mozilla/5.0 (Windows NT 10.0; Win64; x64) AppleWebKit/537.36 (KHTML, like Gecko) Chrome/102.0.5005.63 Safari/537.36"
94.102.49.193 - - [31/Mar/2026:16:14:00 +0000] "GET /wp-links-opml.php HTTP/1.1" 200 222 "-" "Mozilla/5.0 (Windows NT 10.0; Win64; x64) AppleWebKit/537.36 (KHTML, like Gecko) Chrome/102.0.5005.63 Safari/537.36"
94.102.49.193 - - [31/Mar/2026:16:14:01 +0000] "GET /wp-load.php HTTP/1.1" 200 - "-" "Mozilla/5.0 (Windows NT 10.0; Win64; x64) AppleWebKit/537.36 (KHTML, like Gecko) Chrome/102.0.5005.63 Safari/537.36"
94.102.49.193 - - [31/Mar/2026:16:14:02 +0000] "GET /wp-login.php HTTP/1.1" 200 5581 "-" "Mozilla/5.0 (Windows NT 10.0; Win64; x64) AppleWebKit/537.36 (KHTML, like Gecko) Chrome/102.0.5005.63 Safari/537.36"
94.102.49.193 - - [31/Mar/2026:16:14:03 +0000] "GET /wp-mail.php HTTP/1.1" 403 2520 "-" "Mozilla/5.0 (Windows NT 10.0; Win64; x64) AppleWebKit/537.36 (KHTML, like Gecko) Chrome/102.0.5005.63 Safari/537.36"
94.102.49.193 - - [31/Mar/2026:16:14:04 +0000] "GET /wp-settings.php HTTP/1.1" 500 - "-" "Mozilla/5.0 (Windows NT 10.0; Win64; x64) AppleWebKit/537.36 (KHTML, like Gecko) Chrome/102.0.5005.63 Safari/537.36"
94.102.49.193 - - [31/Mar/2026:16:14:05 +0000] "GET /wp-signup.php HTTP/1.1" 302 - "-" "Mozilla/5.0 (Windows NT 10.0; Win64; x64) AppleWebKit/537.36 (KHTML, like Gecko) Chrome/102.0.5005.63 Safari/537.36"
74.7.243.230 - - [31/Mar/2026:16:14:06 +0000] "GET /wp-includes/rest-api/endpoints/ HTTP/1.1" 200 9993 "https://schoolofgolfnz.co.nz/wp-includes/rest-api/" "Mozilla/5.0 AppleWebKit/537.36 (KHTML, like Gecko; compatible; GPTBot/1.3; +https://openai.com/gptbot)"
94.102.49.193 - - [31/Mar/2026:16:14:06 +0000] "GET /wp-trackback.php HTTP/1.1" 404 135 "-" "Mozilla/5.0 (Windows NT 10.0; Win64; x64) AppleWebKit/537.36 (KHTML, like Gecko) Chrome/102.0.5005.63 Safari/537.36"
94.102.49.193 - - [31/Mar/2026:16:14:07 +0000] "GET /xmlrpc.php HTTP/1.1" 405 42 "-" "Mozilla/5.0 (Windows NT 10.0; Win64; x64) AppleWebKit/537.36 (KHTML, like Gecko) Chrome/102.0.5005.63 Safari/537.36"
74.7.227.41 - - [31/Mar/2026:16:14:28 +0000] "GET /wp-includes/https-detection.php HTTP/1.1" 200 - "https://weddingswithjoy.org.nz/wp-includes/" "Mozilla/5.0 AppleWebKit/537.36 (KHTML, like Gecko; compatible; GPTBot/1.3; +https://openai.com/gptbot)"
74.7.243.230 - - [31/Mar/2026:16:14:51 +0000] "GET /wp-includes/sodium_compat/src/ HTTP/1.1" 200 2095 "https://schoolofgolfnz.co.nz/wp-includes/sodium_compat/" "Mozilla/5.0 AppleWebKit/537.36 (KHTML, like Gecko; compatible; GPTBot/1.3; +https://openai.com/gptbot)"
74.7.227.41 - - [31/Mar/2026:16:15:30 +0000] "GET /wp-includes/class-wp-theme-json-schema.php HTTP/1.1" 200 - "https://weddingswithjoy.org.nz/wp-includes/" "Mozilla/5.0 AppleWebKit/537.36 (KHTML, like Gecko; compatible; GPTBot/1.3; +https://openai.com/gptbot)"
74.7.243.230 - - [31/Mar/2026:16:15:34 +0000] "GET /wp-includes/l10n/ HTTP/1.1" 200 1643 "https://schoolofgolfnz.co.nz/wp-includes/" "Mozilla/5.0 AppleWebKit/537.36 (KHTML, like Gecko; compatible; GPTBot/1.3; +https://openai.com/gptbot)"
43.133.220.37 - - [31/Mar/2026:16:16:02 +0000] "GET /index.php1 HTTP/1.1" 403 15 "-" "Mozilla/5.0 (iPhone; CPU iPhone OS 13_2_3 like Mac OS X) AppleWebKit/605.1.15 (KHTML, like Gecko) Version/13.0.3 Mobile/15E148 Safari/604.1"
74.7.243.230 - - [31/Mar/2026:16:16:13 +0000] "GET /wp-includes/session.php HTTP/1.1" 500 - "https://schoolofgolfnz.co.nz/wp-includes/" "Mozilla/5.0 AppleWebKit/537.36 (KHTML, like Gecko; compatible; GPTBot/1.3; +https://openai.com/gptbot)"
74.7.227.41 - - [31/Mar/2026:16:16:25 +0000] "GET /wp-includes/admin-bar.php HTTP/1.1" 200 - "https://weddingswithjoy.org.nz/wp-includes/" "Mozilla/5.0 AppleWebKit/537.36 (KHTML, like Gecko; compatible; GPTBot/1.3; +https://openai.com/gptbot)"
74.7.243.230 - - [31/Mar/2026:16:16:46 +0000] "GET /wp-includes/Requests/ HTTP/1.1" 200 990 "https://schoolofgolfnz.co.nz/wp-includes/" "Mozilla/5.0 AppleWebKit/537.36 (KHTML, like Gecko; compatible; GPTBot/1.3; +https://openai.com/gptbot)"
74.7.227.41 - - [31/Mar/2026:16:17:14 +0000] "GET /wp-includes/class-wp-recovery-mode-key-service.php HTTP/1.1" 200 - "https://weddingswithjoy.org.nz/wp-includes/" "Mozilla/5.0 AppleWebKit/537.36 (KHTML, like Gecko; compatible; GPTBot/1.3; +https://openai.com/gptbot)"
74.7.243.230 - - [31/Mar/2026:16:17:46 +0000] "GET /wp-includes/PHPMailer/OAuth.php HTTP/1.1" 500 - "https://schoolofgolfnz.co.nz/wp-includes/PHPMailer/" "Mozilla/5.0 AppleWebKit/537.36 (KHTML, like Gecko; compatible; GPTBot/1.3; +https://openai.com/gptbot)"
74.7.227.41 - - [31/Mar/2026:16:17:59 +0000] "GET /wp-includes/class-wp-dependency.php HTTP/1.1" 200 - "https://weddingswithjoy.org.nz/wp-includes/" "Mozilla/5.0 AppleWebKit/537.36 (KHTML, like Gecko; compatible; GPTBot/1.3; +https://openai.com/gptbot)"
74.7.227.41 - - [31/Mar/2026:16:18:40 +0000] "GET /wp-includes/class-wp-http-streams.php HTTP/1.1" 200 - "https://weddingswithjoy.org.nz/wp-includes/" "Mozilla/5.0 AppleWebKit/537.36 (KHTML, like Gecko; compatible; GPTBot/1.3; +https://openai.com/gptbot)"
74.7.243.230 - - [31/Mar/2026:16:18:43 +0000] "GET /wp-includes/customize/ HTTP/1.1" 200 8270 "https://schoolofgolfnz.co.nz/wp-includes/" "Mozilla/5.0 AppleWebKit/537.36 (KHTML, like Gecko; compatible; GPTBot/1.3; +https://openai.com/gptbot)"
74.7.227.41 - - [31/Mar/2026:16:19:16 +0000] "GET /wp-includes/class-wp-theme.php HTTP/1.1" 200 - "https://weddingswithjoy.org.nz/wp-includes/" "Mozilla/5.0 AppleWebKit/537.36 (KHTML, like Gecko; compatible; GPTBot/1.3; +https://openai.com/gptbot)"
74.7.243.230 - - [31/Mar/2026:16:19:47 +0000] "GET /wp-includes/Text/ HTTP/1.1" 200 1164 "https://schoolofgolfnz.co.nz/wp-includes/" "Mozilla/5.0 AppleWebKit/537.36 (KHTML, like Gecko; compatible; GPTBot/1.3; +https://openai.com/gptbot)"
74.7.227.41 - - [31/Mar/2026:16:19:49 +0000] "GET /wp-includes/class-wp-query.php HTTP/1.1" 200 - "https://weddingswithjoy.org.nz/wp-includes/" "Mozilla/5.0 AppleWebKit/537.36 (KHTML, like Gecko; compatible; GPTBot/1.3; +https://openai.com/gptbot)"
74.7.243.230 - - [31/Mar/2026:16:20:45 +0000] "GET /wp-includes/fonts/dashicons.svg HTTP/1.1" 200 124614 "https://schoolofgolfnz.co.nz/wp-includes/fonts/" "Mozilla/5.0 AppleWebKit/537.36 (KHTML, like Gecko; compatible; GPTBot/1.3; +https://openai.com/gptbot)"
74.7.227.41 - - [31/Mar/2026:16:20:46 +0000] "GET /wp-includes/class-wp-block-metadata-registry.php HTTP/1.1" 200 - "https://weddingswithjoy.org.nz/wp-includes/" "Mozilla/5.0 AppleWebKit/537.36 (KHTML, like Gecko; compatible; GPTBot/1.3; +https://openai.com/gptbot)"
74.7.227.41 - - [31/Mar/2026:16:21:13 +0000] "GET /wp-includes/class-wp-http-cookie.php HTTP/1.1" 200 - "https://weddingswithjoy.org.nz/wp-includes/" "Mozilla/5.0 AppleWebKit/537.36 (KHTML, like Gecko; compatible; GPTBot/1.3; +https://openai.com/gptbot)"
74.7.243.230 - - [31/Mar/2026:16:21:36 +0000] "GET /wp-includes/update.php HTTP/1.1" 200 2 "https://schoolofgolfnz.co.nz/wp-includes/" "Mozilla/5.0 AppleWebKit/537.36 (KHTML, like Gecko; compatible; GPTBot/1.3; +https://openai.com/gptbot)"
74.7.227.41 - - [31/Mar/2026:16:21:37 +0000] "GET /wp-includes/functions.wp-scripts.php HTTP/1.1" 200 - "https://weddingswithjoy.org.nz/wp-includes/" "Mozilla/5.0 AppleWebKit/537.36 (KHTML, like Gecko; compatible; GPTBot/1.3; +https://openai.com/gptbot)"
74.7.227.41 - - [31/Mar/2026:16:22:00 +0000] "GET /wp-includes/default-filters.php HTTP/1.1" 200 2 "https://weddingswithjoy.org.nz/wp-includes/" "Mozilla/5.0 AppleWebKit/537.36 (KHTML, like Gecko; compatible; GPTBot/1.3; +https://openai.com/gptbot)"
74.7.227.41 - - [31/Mar/2026:16:22:19 +0000] "GET /wp-includes/default-widgets.php HTTP/1.1" 200 2 "https://weddingswithjoy.org.nz/wp-includes/" "Mozilla/5.0 AppleWebKit/537.36 (KHTML, like Gecko; compatible; GPTBot/1.3; +https://openai.com/gptbot)"
74.7.243.230 - - [31/Mar/2026:16:22:20 +0000] "GET /wp-includes/date.php HTTP/1.1" 500 - "https://schoolofgolfnz.co.nz/wp-includes/" "Mozilla/5.0 AppleWebKit/537.36 (KHTML, like Gecko; compatible; GPTBot/1.3; +https://openai.com/gptbot)"
74.7.227.41 - - [31/Mar/2026:16:22:37 +0000] "GET /wp-includes/class-wp-styles.php HTTP/1.1" 500 - "https://weddingswithjoy.org.nz/wp-includes/" "Mozilla/5.0 AppleWebKit/537.36 (KHTML, like Gecko; compatible; GPTBot/1.3; +https://openai.com/gptbot)"
74.7.227.41 - - [31/Mar/2026:16:22:53 +0000] "GET /wp-includes/class-wp-locale.php HTTP/1.1" 200 - "https://weddingswithjoy.org.nz/wp-includes/" "Mozilla/5.0 AppleWebKit/537.36 (KHTML, like Gecko; compatible; GPTBot/1.3; +https://openai.com/gptbot)"
74.7.243.230 - - [31/Mar/2026:16:23:01 +0000] "GET /wp-includes/rest-api/endpoints/class-wp-rest-pattern-directory-controller.php HTTP/1.1" 500 - "https://schoolofgolfnz.co.nz/wp-includes/rest-api/endpoints/" "Mozilla/5.0 AppleWebKit/537.36 (KHTML, like Gecko; compatible; GPTBot/1.3; +https://openai.com/gptbot)"
74.7.227.41 - - [31/Mar/2026:16:23:43 +0000] "GET /wp-includes/class-wp-theme-json-resolver.php HTTP/1.1" 200 - "https://weddingswithjoy.org.nz/wp-includes/" "Mozilla/5.0 AppleWebKit/537.36 (KHTML, like Gecko; compatible; GPTBot/1.3; +https://openai.com/gptbot)"
74.7.243.230 - - [31/Mar/2026:16:24:04 +0000] "GET /wp-includes/rest-api/endpoints/class-wp-rest-url-details-controller.php HTTP/1.1" 500 - "https://schoolofgolfnz.co.nz/wp-includes/rest-api/endpoints/" "Mozilla/5.0 AppleWebKit/537.36 (KHTML, like Gecko; compatible; GPTBot/1.3; +https://openai.com/gptbot)"
74.7.227.41 - - [31/Mar/2026:16:24:27 +0000] "GET /wp-includes/class-wp-http-curl.php HTTP/1.1" 200 - "https://weddingswithjoy.org.nz/wp-includes/" "Mozilla/5.0 AppleWebKit/537.36 (KHTML, like Gecko; compatible; GPTBot/1.3; +https://openai.com/gptbot)"
74.7.227.41 - - [31/Mar/2026:16:25:06 +0000] "GET /wp-includes/html-api/class-wp-html-span.php HTTP/1.1" 200 - "https://weddingswithjoy.org.nz/wp-includes/html-api/" "Mozilla/5.0 AppleWebKit/537.36 (KHTML, like Gecko; compatible; GPTBot/1.3; +https://openai.com/gptbot)"
74.7.243.230 - - [31/Mar/2026:16:25:09 +0000] "GET /wp-includes/rest-api/endpoints/class-wp-rest-post-statuses-controller.php HTTP/1.1" 500 - "https://schoolofgolfnz.co.nz/wp-includes/rest-api/endpoints/" "Mozilla/5.0 AppleWebKit/537.36 (KHTML, like Gecko; compatible; GPTBot/1.3; +https://openai.com/gptbot)"
74.7.227.41 - - [31/Mar/2026:16:25:40 +0000] "GET /wp-includes/class-walker-comment.php HTTP/1.1" 500 - "https://weddingswithjoy.org.nz/wp-includes/" "Mozilla/5.0 AppleWebKit/537.36 (KHTML, like Gecko; compatible; GPTBot/1.3; +https://openai.com/gptbot)"
4.205.39.97 - - [31/Mar/2026:16:26:02 +0000] "GET /wp-content/themes/seotheme/db.php?u HTTP/1.1" 404 - "www.google.com" "Mozlila/5.0 (Linux; Android 7.0; SM-G892A Bulid/NRD90M; wv) AppleWebKit/537.36 (KHTML, like Gecko) Version/4.0 Chrome/60.0.3112.107 Moblie Safari/537.36"
4.205.39.97 - - [31/Mar/2026:16:26:02 +0000] "POST /wp-plain.php HTTP/1.1" 403 4170 "www.google.com" "Mozilla/5.0 (Linux; Android 7.0; SM-G892A Bulid/NRD90M; wv) AppleWebKit/537.36 (KHTML, like Gecko) Version/4.0 Chrome/60.0.3112.107 Moblie Safari/537.36"
4.205.39.97 - - [31/Mar/2026:16:26:02 +0000] "GET /jgipjxgl.php?Fox=d3wL7 HTTP/1.1" 404 16 "www.google.com" "Mozilla/5.0 (Linux; Android 7.0; SM-G892A Bulid/NRD90M; wv) AppleWebKit/537.36 (KHTML, like Gecko) Version/4.0 Chrome/60.0.3112.107 Moblie Safari/537.36"
74.7.227.41 - - [31/Mar/2026:16:26:12 +0000] "GET /wp-includes/class-wp-walker.php HTTP/1.1" 200 - "https://weddingswithjoy.org.nz/wp-includes/" "Mozilla/5.0 AppleWebKit/537.36 (KHTML, like Gecko; compatible; GPTBot/1.3; +https://openai.com/gptbot)"
74.7.243.230 - - [31/Mar/2026:16:26:13 +0000] "GET /wp-includes/rest-api/endpoints/class-wp-rest-post-types-controller.php HTTP/1.1" 500 - "https://schoolofgolfnz.co.nz/wp-includes/rest-api/endpoints/" "Mozilla/5.0 AppleWebKit/537.36 (KHTML, like Gecko; compatible; GPTBot/1.3; +https://openai.com/gptbot)"
74.7.243.230 - - [31/Mar/2026:16:27:17 +0000] "GET /wp-includes/rest-api/endpoints/class-wp-rest-comments-controller.php HTTP/1.1" 500 - "https://schoolofgolfnz.co.nz/wp-includes/rest-api/endpoints/" "Mozilla/5.0 AppleWebKit/537.36 (KHTML, like Gecko; compatible; GPTBot/1.3; +https://openai.com/gptbot)"
74.7.227.41 - - [31/Mar/2026:16:27:18 +0000] "GET /wp-includes/class-wp-oembed.php HTTP/1.1" 200 - "https://weddingswithjoy.org.nz/wp-includes/" "Mozilla/5.0 AppleWebKit/537.36 (KHTML, like Gecko; compatible; GPTBot/1.3; +https://openai.com/gptbot)"
74.7.227.41 - - [31/Mar/2026:16:28:13 +0000] "GET /wp-includes/class-wp-widget.php HTTP/1.1" 200 - "https://weddingswithjoy.org.nz/wp-includes/" "Mozilla/5.0 AppleWebKit/537.36 (KHTML, like Gecko; compatible; GPTBot/1.3; +https://openai.com/gptbot)"
74.7.243.230 - - [31/Mar/2026:16:28:21 +0000] "GET /wp-includes/rest-api/endpoints/class-wp-rest-terms-controller.php HTTP/1.1" 500 - "https://schoolofgolfnz.co.nz/wp-includes/rest-api/endpoints/" "Mozilla/5.0 AppleWebKit/537.36 (KHTML, like Gecko; compatible; GPTBot/1.3; +https://openai.com/gptbot)"
101.32.15.141 - - [31/Mar/2026:16:28:57 +0000] "GET /wp-mail.php HTTP/1.1" 403 2520 "-" "Mozilla/5.0 (iPhone; CPU iPhone OS 13_2_3 like Mac OS X) AppleWebKit/605.1.15 (KHTML, like Gecko) Version/13.0.3 Mobile/15E148 Safari/604.1"
74.7.227.41 - - [31/Mar/2026:16:29:06 +0000] "GET /wp-includes/class.wp-styles.php HTTP/1.1" 500 - "https://weddingswithjoy.org.nz/wp-includes/" "Mozilla/5.0 AppleWebKit/537.36 (KHTML, like Gecko; compatible; GPTBot/1.3; +https://openai.com/gptbot)"
74.7.243.230 - - [31/Mar/2026:16:29:27 +0000] "GET /wp-includes/customize/class-wp-customize-nav-menus-panel.php HTTP/1.1" 500 - "https://schoolofgolfnz.co.nz/wp-includes/customize/" "Mozilla/5.0 AppleWebKit/537.36 (KHTML, like Gecko; compatible; GPTBot/1.3; +https://openai.com/gptbot)"
74.7.227.41 - - [31/Mar/2026:16:29:50 +0000] "GET /wp-includes/functions.wp-styles.php HTTP/1.1" 200 - "https://weddingswithjoy.org.nz/wp-includes/" "Mozilla/5.0 AppleWebKit/537.36 (KHTML, like Gecko; compatible; GPTBot/1.3; +https://openai.com/gptbot)"
74.7.243.230 - - [31/Mar/2026:16:30:27 +0000] "GET /wp-includes/customize/class-wp-customize-nav-menu-auto-add-control.php HTTP/1.1" 500 - "https://schoolofgolfnz.co.nz/wp-includes/customize/" "Mozilla/5.0 AppleWebKit/537.36 (KHTML, like Gecko; compatible; GPTBot/1.3; +https://openai.com/gptbot)"
74.7.227.41 - - [31/Mar/2026:16:30:53 +0000] "GET /wp-includes/class-wp-image-editor.php HTTP/1.1" 200 - "https://weddingswithjoy.org.nz/wp-includes/" "Mozilla/5.0 AppleWebKit/537.36 (KHTML, like Gecko; compatible; GPTBot/1.3; +https://openai.com/gptbot)"
74.7.243.230 - - [31/Mar/2026:16:31:33 +0000] "GET /wp-includes/customize/class-wp-customize-header-image-control.php HTTP/1.1" 500 - "https://schoolofgolfnz.co.nz/wp-includes/customize/" "Mozilla/5.0 AppleWebKit/537.36 (KHTML, like Gecko; compatible; GPTBot/1.3; +https://openai.com/gptbot)"
74.7.227.41 - - [31/Mar/2026:16:31:52 +0000] "GET /wp-includes/class-walker-category-dropdown.php HTTP/1.1" 500 - "https://weddingswithjoy.org.nz/wp-includes/" "Mozilla/5.0 AppleWebKit/537.36 (KHTML, like Gecko; compatible; GPTBot/1.3; +https://openai.com/gptbot)"
74.7.243.230 - - [31/Mar/2026:16:32:33 +0000] "GET /wp-includes/customize/class-wp-customize-nav-menu-setting.php HTTP/1.1" 500 - "https://schoolofgolfnz.co.nz/wp-includes/customize/" "Mozilla/5.0 AppleWebKit/537.36 (KHTML, like Gecko; compatible; GPTBot/1.3; +https://openai.com/gptbot)"
74.7.227.41 - - [31/Mar/2026:16:32:44 +0000] "GET /wp-includes/images/ HTTP/1.1" 200 5768 "https://weddingswithjoy.org.nz/wp-includes/" "Mozilla/5.0 AppleWebKit/537.36 (KHTML, like Gecko; compatible; GPTBot/1.3; +https://openai.com/gptbot)"
74.7.243.230 - - [31/Mar/2026:16:33:38 +0000] "GET /wp-includes/customize/class-wp-customize-nav-menu-control.php HTTP/1.1" 500 - "https://schoolofgolfnz.co.nz/wp-includes/customize/" "Mozilla/5.0 AppleWebKit/537.36 (KHTML, like Gecko; compatible; GPTBot/1.3; +https://openai.com/gptbot)"
74.7.227.41 - - [31/Mar/2026:16:33:46 +0000] "GET /wp-includes/class-wp-object-cache.php HTTP/1.1" 200 - "https://weddingswithjoy.org.nz/wp-includes/" "Mozilla/5.0 AppleWebKit/537.36 (KHTML, like Gecko; compatible; GPTBot/1.3; +https://openai.com/gptbot)"
74.7.243.230 - - [31/Mar/2026:16:34:42 +0000] "GET /wp-includes/customize/class-wp-customize-site-icon-control.php HTTP/1.1" 500 - "https://schoolofgolfnz.co.nz/wp-includes/customize/" "Mozilla/5.0 AppleWebKit/537.36 (KHTML, like Gecko; compatible; GPTBot/1.3; +https://openai.com/gptbot)"
74.7.227.41 - - [31/Mar/2026:16:34:42 +0000] "GET /wp-includes/class-wp-block-parser.php HTTP/1.1" 200 - "https://weddingswithjoy.org.nz/wp-includes/" "Mozilla/5.0 AppleWebKit/537.36 (KHTML, like Gecko; compatible; GPTBot/1.3; +https://openai.com/gptbot)"
74.7.227.41 - - [31/Mar/2026:16:35:32 +0000] "GET /wp-includes/class-wp-block-type-registry.php HTTP/1.1" 200 - "https://weddingswithjoy.org.nz/wp-includes/" "Mozilla/5.0 AppleWebKit/537.36 (KHTML, like Gecko; compatible; GPTBot/1.3; +https://openai.com/gptbot)"
74.7.243.230 - - [31/Mar/2026:16:35:45 +0000] "GET /wp-includes/customize/class-wp-customize-nav-menu-section.php HTTP/1.1" 500 - "https://schoolofgolfnz.co.nz/wp-includes/customize/" "Mozilla/5.0 AppleWebKit/537.36 (KHTML, like Gecko; compatible; GPTBot/1.3; +https://openai.com/gptbot)"
74.7.227.41 - - [31/Mar/2026:16:36:19 +0000] "GET /wp-includes/class-wp-term-query.php HTTP/1.1" 200 - "https://weddingswithjoy.org.nz/wp-includes/" "Mozilla/5.0 AppleWebKit/537.36 (KHTML, like Gecko; compatible; GPTBot/1.3; +https://openai.com/gptbot)"
74.7.243.230 - - [31/Mar/2026:16:36:49 +0000] "GET /wp-includes/customize/class-wp-customize-new-menu-section.php HTTP/1.1" 500 - "https://schoolofgolfnz.co.nz/wp-includes/customize/" "Mozilla/5.0 AppleWebKit/537.36 (KHTML, like Gecko; compatible; GPTBot/1.3; +https://openai.com/gptbot)"
180.93.232.184 - - [31/Mar/2026:16:36:56 +0000] "GET /.env HTTP/1.1" 404 - "-" "Mozilla/5.0 (Windows NT 10.0; Win64; x64) AppleWebKit/537.36"
74.7.227.41 - - [31/Mar/2026:16:36:59 +0000] "GET /wp-includes/class-wp-meta-query.php HTTP/1.1" 200 - "https://weddingswithjoy.org.nz/wp-includes/" "Mozilla/5.0 AppleWebKit/537.36 (KHTML, like Gecko; compatible; GPTBot/1.3; +https://openai.com/gptbot)"
74.7.227.41 - - [31/Mar/2026:16:37:36 +0000] "GET /wp-includes/class-wp-date-query.php HTTP/1.1" 200 - "https://weddingswithjoy.org.nz/wp-includes/" "Mozilla/5.0 AppleWebKit/537.36 (KHTML, like Gecko; compatible; GPTBot/1.3; +https://openai.com/gptbot)"
74.7.243.230 - - [31/Mar/2026:16:37:51 +0000] "GET /wp-includes/customize/class-wp-customize-new-menu-control.php HTTP/1.1" 500 - "https://schoolofgolfnz.co.nz/wp-includes/customize/" "Mozilla/5.0 AppleWebKit/537.36 (KHTML, like Gecko; compatible; GPTBot/1.3; +https://openai.com/gptbot)"
74.7.227.41 - - [31/Mar/2026:16:38:10 +0000] "GET /wp-includes/class-wp-site-query.php HTTP/1.1" 200 - "https://weddingswithjoy.org.nz/wp-includes/" "Mozilla/5.0 AppleWebKit/537.36 (KHTML, like Gecko; compatible; GPTBot/1.3; +https://openai.com/gptbot)"
74.7.227.41 - - [31/Mar/2026:16:38:41 +0000] "GET /wp-includes/class-wp-http-proxy.php HTTP/1.1" 200 - "https://weddingswithjoy.org.nz/wp-includes/" "Mozilla/5.0 AppleWebKit/537.36 (KHTML, like Gecko; compatible; GPTBot/1.3; +https://openai.com/gptbot)"
20.169.104.49 - - [31/Mar/2026:16:38:46 +0000] "GET /developmentserver/metadatauploader HTTP/1.1" 404 - "-" "Mozilla/5.0 zgrab/0.x"
74.7.243.230 - - [31/Mar/2026:16:38:54 +0000] "GET /wp-includes/customize/class-wp-customize-date-time-control.php HTTP/1.1" 500 - "https://schoolofgolfnz.co.nz/wp-includes/customize/" "Mozilla/5.0 AppleWebKit/537.36 (KHTML, like Gecko; compatible; GPTBot/1.3; +https://openai.com/gptbot)"
74.7.227.41 - - [31/Mar/2026:16:39:07 +0000] "GET /wp-includes/html-api/class-wp-html-token.php HTTP/1.1" 200 - "https://weddingswithjoy.org.nz/wp-includes/html-api/" "Mozilla/5.0 AppleWebKit/537.36 (KHTML, like Gecko; compatible; GPTBot/1.3; +https://openai.com/gptbot)"
74.7.227.41 - - [31/Mar/2026:16:39:32 +0000] "GET /wp-includes/bookmark-template.php HTTP/1.1" 200 - "https://weddingswithjoy.org.nz/wp-includes/" "Mozilla/5.0 AppleWebKit/537.36 (KHTML, like Gecko; compatible; GPTBot/1.3; +https://openai.com/gptbot)"
74.7.227.41 - - [31/Mar/2026:16:39:53 +0000] "GET /wp-includes/images/?C=N;O=D HTTP/1.1" 200 5768 "https://weddingswithjoy.org.nz/wp-includes/images/" "Mozilla/5.0 AppleWebKit/537.36 (KHTML, like Gecko; compatible; GPTBot/1.3; +https://openai.com/gptbot)"
74.7.243.230 - - [31/Mar/2026:16:39:57 +0000] "GET /wp-includes/customize/class-wp-customize-background-image-setting.php HTTP/1.1" 500 - "https://schoolofgolfnz.co.nz/wp-includes/customize/" "Mozilla/5.0 AppleWebKit/537.36 (KHTML, like Gecko; compatible; GPTBot/1.3; +https://openai.com/gptbot)"
74.7.227.41 - - [31/Mar/2026:16:40:12 +0000] "GET /wp-includes/images/icon-pointer-flag.png HTTP/1.1" 200 783 "https://weddingswithjoy.org.nz/wp-includes/images/" "Mozilla/5.0 AppleWebKit/537.36 (KHTML, like Gecko; compatible; GPTBot/1.3; +https://openai.com/gptbot)"
43.166.130.123 - - [31/Mar/2026:16:40:26 +0000] "GET /wp-config.php HTTP/1.1" 403 4170 "-" "Mozilla/5.0 (iPhone; CPU iPhone OS 13_2_3 like Mac OS X) AppleWebKit/605.1.15 (KHTML, like Gecko) Version/13.0.3 Mobile/15E148 Safari/604.1"
74.7.227.41 - - [31/Mar/2026:16:40:30 +0000] "GET /wp-includes/images/admin-bar-sprite.png HTTP/1.1" 200 2467 "https://weddingswithjoy.org.nz/wp-includes/images/" "Mozilla/5.0 AppleWebKit/537.36 (KHTML, like Gecko; compatible; GPTBot/1.3; +https://openai.com/gptbot)"
74.7.227.41 - - [31/Mar/2026:16:40:46 +0000] "GET /wp-includes/images/icon-pointer-flag-2x.png HTTP/1.1" 200 1369 "https://weddingswithjoy.org.nz/wp-includes/images/" "Mozilla/5.0 AppleWebKit/537.36 (KHTML, like Gecko; compatible; GPTBot/1.3; +https://openai.com/gptbot)"
74.7.227.41 - - [31/Mar/2026:16:41:01 +0000] "GET /wp-includes/images/w-logo-blue-white-bg.png HTTP/1.1" 200 4119 "https://weddingswithjoy.org.nz/wp-includes/images/" "Mozilla/5.0 AppleWebKit/537.36 (KHTML, like Gecko; compatible; GPTBot/1.3; +https://openai.com/gptbot)"
74.7.243.230 - - [31/Mar/2026:16:41:03 +0000] "GET /wp-includes/customize/class-wp-customize-nav-menu-name-control.php HTTP/1.1" 500 - "https://schoolofgolfnz.co.nz/wp-includes/customize/" "Mozilla/5.0 AppleWebKit/537.36 (KHTML, like Gecko; compatible; GPTBot/1.3; +https://openai.com/gptbot)"
74.7.227.41 - - [31/Mar/2026:16:41:13 +0000] "GET /wp-includes/images/admin-bar-sprite-2x.png HTTP/1.1" 200 3999 "https://weddingswithjoy.org.nz/wp-includes/images/" "Mozilla/5.0 AppleWebKit/537.36 (KHTML, like Gecko; compatible; GPTBot/1.3; +https://openai.com/gptbot)"
74.7.227.41 - - [31/Mar/2026:16:41:25 +0000] "GET /wp-includes/images/arrow-pointer-blue.png HTTP/1.1" 200 793 "https://weddingswithjoy.org.nz/wp-includes/images/" "Mozilla/5.0 AppleWebKit/537.36 (KHTML, like Gecko; compatible; GPTBot/1.3; +https://openai.com/gptbot)"
74.7.227.41 - - [31/Mar/2026:16:41:36 +0000] "GET /wp-includes/images/arrow-pointer-blue-2x.png HTTP/1.1" 200 1666 "https://weddingswithjoy.org.nz/wp-includes/images/" "Mozilla/5.0 AppleWebKit/537.36 (KHTML, like Gecko; compatible; GPTBot/1.3; +https://openai.com/gptbot)"
74.7.227.41 - - [31/Mar/2026:16:41:46 +0000] "GET /wp-includes/images/uploader-icons-2x.png HTTP/1.1" 200 3542 "https://weddingswithjoy.org.nz/wp-includes/images/" "Mozilla/5.0 AppleWebKit/537.36 (KHTML, like Gecko; compatible; GPTBot/1.3; +https://openai.com/gptbot)"
74.7.227.41 - - [31/Mar/2026:16:41:54 +0000] "GET /wp-includes/images/uploader-icons.png HTTP/1.1" 200 1556 "https://weddingswithjoy.org.nz/wp-includes/images/" "Mozilla/5.0 AppleWebKit/537.36 (KHTML, like Gecko; compatible; GPTBot/1.3; +https://openai.com/gptbot)"
74.7.227.41 - - [31/Mar/2026:16:42:02 +0000] "GET /wp-includes/images/xit-2x.gif HTTP/1.1" 200 825 "https://weddingswithjoy.org.nz/wp-includes/images/" "Mozilla/5.0 AppleWebKit/537.36 (KHTML, like Gecko; compatible; GPTBot/1.3; +https://openai.com/gptbot)"
74.7.243.230 - - [31/Mar/2026:16:42:06 +0000] "GET /wp-includes/customize/class-wp-customize-media-control.php HTTP/1.1" 500 - "https://schoolofgolfnz.co.nz/wp-includes/customize/" "Mozilla/5.0 AppleWebKit/537.36 (KHTML, like Gecko; compatible; GPTBot/1.3; +https://openai.com/gptbot)"
74.7.227.41 - - [31/Mar/2026:16:42:09 +0000] "GET /wp-includes/images/rss-2x.png HTTP/1.1" 200 1306 "https://weddingswithjoy.org.nz/wp-includes/images/" "Mozilla/5.0 AppleWebKit/537.36 (KHTML, like Gecko; compatible; GPTBot/1.3; +https://openai.com/gptbot)"
74.7.227.41 - - [31/Mar/2026:16:42:15 +0000] "GET /wp-includes/certificates/ HTTP/1.1" 200 831 "https://weddingswithjoy.org.nz/wp-includes/" "Mozilla/5.0 AppleWebKit/537.36 (KHTML, like Gecko; compatible; GPTBot/1.3; +https://openai.com/gptbot)"
74.7.227.41 - - [31/Mar/2026:16:42:21 +0000] "GET /wp-includes/html-api/class-wp-html-stack-event.php HTTP/1.1" 200 - "https://weddingswithjoy.org.nz/wp-includes/html-api/" "Mozilla/5.0 AppleWebKit/537.36 (KHTML, like Gecko; compatible; GPTBot/1.3; +https://openai.com/gptbot)"
74.7.227.41 - - [31/Mar/2026:16:42:26 +0000] "GET /wp-includes/general-template.php HTTP/1.1" 200 - "https://weddingswithjoy.org.nz/wp-includes/" "Mozilla/5.0 AppleWebKit/537.36 (KHTML, like Gecko; compatible; GPTBot/1.3; +https://openai.com/gptbot)"
74.7.227.41 - - [31/Mar/2026:16:42:30 +0000] "GET /wp-includes/class-wp-exception.php HTTP/1.1" 200 - "https://weddingswithjoy.org.nz/wp-includes/" "Mozilla/5.0 AppleWebKit/537.36 (KHTML, like Gecko; compatible; GPTBot/1.3; +https://openai.com/gptbot)"
74.7.227.41 - - [31/Mar/2026:16:42:34 +0000] "GET /wp-includes/html-api/class-wp-html-open-elements.php HTTP/1.1" 200 - "https://weddingswithjoy.org.nz/wp-includes/html-api/" "Mozilla/5.0 AppleWebKit/537.36 (KHTML, like Gecko; compatible; GPTBot/1.3; +https://openai.com/gptbot)"
74.7.227.41 - - [31/Mar/2026:16:42:38 +0000] "GET /wp-includes/images/toggle-arrow-2x.png HTTP/1.1" 200 354 "https://weddingswithjoy.org.nz/wp-includes/images/" "Mozilla/5.0 AppleWebKit/537.36 (KHTML, like Gecko; compatible; GPTBot/1.3; +https://openai.com/gptbot)"
74.7.227.41 - - [31/Mar/2026:16:42:41 +0000] "GET /wp-includes/class-wp-tax-query.php HTTP/1.1" 200 - "https://weddingswithjoy.org.nz/wp-includes/" "Mozilla/5.0 AppleWebKit/537.36 (KHTML, like Gecko; compatible; GPTBot/1.3; +https://openai.com/gptbot)"
74.7.227.41 - - [31/Mar/2026:16:42:44 +0000] "GET /wp-includes/class-wp-token-map.php HTTP/1.1" 200 - "https://weddingswithjoy.org.nz/wp-includes/" "Mozilla/5.0 AppleWebKit/537.36 (KHTML, like Gecko; compatible; GPTBot/1.3; +https://openai.com/gptbot)"
74.7.227.41 - - [31/Mar/2026:16:42:47 +0000] "GET /wp-includes/images/toggle-arrow.png HTTP/1.1" 200 289 "https://weddingswithjoy.org.nz/wp-includes/images/" "Mozilla/5.0 AppleWebKit/537.36 (KHTML, like Gecko; compatible; GPTBot/1.3; +https://openai.com/gptbot)"
74.7.227.41 - - [31/Mar/2026:16:42:49 +0000] "GET /wp-includes/images/blank.gif HTTP/1.1" 200 43 "https://weddingswithjoy.org.nz/wp-includes/images/" "Mozilla/5.0 AppleWebKit/537.36 (KHTML, like Gecko; compatible; GPTBot/1.3; +https://openai.com/gptbot)"
74.7.227.41 - - [31/Mar/2026:16:42:51 +0000] "GET /wp-includes/images/w-logo-blue.png HTTP/1.1" 200 3113 "https://weddingswithjoy.org.nz/wp-includes/images/" "Mozilla/5.0 AppleWebKit/537.36 (KHTML, like Gecko; compatible; GPTBot/1.3; +https://openai.com/gptbot)"
74.7.227.41 - - [31/Mar/2026:16:42:53 +0000] "GET /wp-includes/certificates/ca-bundle.crt HTTP/1.1" 200 234150 "https://weddingswithjoy.org.nz/wp-includes/certificates/" "Mozilla/5.0 AppleWebKit/537.36 (KHTML, like Gecko; compatible; GPTBot/1.3; +https://openai.com/gptbot)"
74.7.227.41 - - [31/Mar/2026:16:42:55 +0000] "GET /wp-includes/rest-api/ HTTP/1.1" 200 1758 "https://weddingswithjoy.org.nz/wp-includes/" "Mozilla/5.0 AppleWebKit/537.36 (KHTML, like Gecko; compatible; GPTBot/1.3; +https://openai.com/gptbot)"
74.7.227.41 - - [31/Mar/2026:16:42:56 +0000] "GET /wp-includes/html-api/class-wp-html-decoder.php HTTP/1.1" 200 - "https://weddingswithjoy.org.nz/wp-includes/html-api/" "Mozilla/5.0 AppleWebKit/537.36 (KHTML, like Gecko; compatible; GPTBot/1.3; +https://openai.com/gptbot)"
74.7.227.41 - - [31/Mar/2026:16:42:58 +0000] "GET /wp-includes/shortcodes.php HTTP/1.1" 200 - "https://weddingswithjoy.org.nz/wp-includes/" "Mozilla/5.0 AppleWebKit/537.36 (KHTML, like Gecko; compatible; GPTBot/1.3; +https://openai.com/gptbot)"
74.7.227.41 - - [31/Mar/2026:16:42:59 +0000] "GET /wp-includes/embed.php HTTP/1.1" 200 - "https://weddingswithjoy.org.nz/wp-includes/" "Mozilla/5.0 AppleWebKit/537.36 (KHTML, like Gecko; compatible; GPTBot/1.3; +https://openai.com/gptbot)"
74.7.227.41 - - [31/Mar/2026:16:43:00 +0000] "GET /wp-includes/default-constants.php HTTP/1.1" 200 - "https://weddingswithjoy.org.nz/wp-includes/" "Mozilla/5.0 AppleWebKit/537.36 (KHTML, like Gecko; compatible; GPTBot/1.3; +https://openai.com/gptbot)"
74.7.227.41 - - [31/Mar/2026:16:43:01 +0000] "GET /wp-includes/class-wp-editor.php HTTP/1.1" 200 - "https://weddingswithjoy.org.nz/wp-includes/" "Mozilla/5.0 AppleWebKit/537.36 (KHTML, like Gecko; compatible; GPTBot/1.3; +https://openai.com/gptbot)"
74.7.227.41 - - [31/Mar/2026:16:43:02 +0000] "GET /wp-includes/nav-menu-template.php HTTP/1.1" 200 2 "https://weddingswithjoy.org.nz/wp-includes/" "Mozilla/5.0 AppleWebKit/537.36 (KHTML, like Gecko; compatible; GPTBot/1.3; +https://openai.com/gptbot)"
74.7.227.41 - - [31/Mar/2026:16:43:03 +0000] "GET /wp-includes/images/smilies/ HTTP/1.1" 200 5397 "https://weddingswithjoy.org.nz/wp-includes/images/" "Mozilla/5.0 AppleWebKit/537.36 (KHTML, like Gecko; compatible; GPTBot/1.3; +https://openai.com/gptbot)"
74.7.227.41 - - [31/Mar/2026:16:43:04 +0000] "GET /wp-includes/images/wpspin.gif HTTP/1.1" 200 2052 "https://weddingswithjoy.org.nz/wp-includes/images/" "Mozilla/5.0 AppleWebKit/537.36 (KHTML, like Gecko; compatible; GPTBot/1.3; +https://openai.com/gptbot)"
74.7.227.41 - - [31/Mar/2026:16:43:04 +0000] "GET /wp-includes/images/down_arrow-2x.gif HTTP/1.1" 200 84 "https://weddingswithjoy.org.nz/wp-includes/images/" "Mozilla/5.0 AppleWebKit/537.36 (KHTML, like Gecko; compatible; GPTBot/1.3; +https://openai.com/gptbot)"
74.7.227.41 - - [31/Mar/2026:16:43:05 +0000] "GET /wp-includes/images/crystal/ HTTP/1.1" 200 2450 "https://weddingswithjoy.org.nz/wp-includes/images/" "Mozilla/5.0 AppleWebKit/537.36 (KHTML, like Gecko; compatible; GPTBot/1.3; +https://openai.com/gptbot)"
74.7.227.41 - - [31/Mar/2026:16:43:06 +0000] "GET /wp-includes/rest-api/class-wp-rest-server.php HTTP/1.1" 200 - "https://weddingswithjoy.org.nz/wp-includes/rest-api/" "Mozilla/5.0 AppleWebKit/537.36 (KHTML, like Gecko; compatible; GPTBot/1.3; +https://openai.com/gptbot)"
74.7.227.41 - - [31/Mar/2026:16:43:06 +0000] "GET /wp-includes/rest-api/class-wp-rest-request.php HTTP/1.1" 200 - "https://weddingswithjoy.org.nz/wp-includes/rest-api/" "Mozilla/5.0 AppleWebKit/537.36 (KHTML, like Gecko; compatible; GPTBot/1.3; +https://openai.com/gptbot)"
74.7.227.41 - - [31/Mar/2026:16:43:07 +0000] "GET /wp-includes/html-api/class-wp-html-doctype-info.php HTTP/1.1" 200 - "https://weddingswithjoy.org.nz/wp-includes/html-api/" "Mozilla/5.0 AppleWebKit/537.36 (KHTML, like Gecko; compatible; GPTBot/1.3; +https://openai.com/gptbot)"
74.7.227.41 - - [31/Mar/2026:16:43:07 +0000] "GET /wp-includes/images/wpicons.png HTTP/1.1" 200 7086 "https://weddingswithjoy.org.nz/wp-includes/images/" "Mozilla/5.0 AppleWebKit/537.36 (KHTML, like Gecko; compatible; GPTBot/1.3; +https://openai.com/gptbot)"
74.7.227.41 - - [31/Mar/2026:16:43:08 +0000] "GET /wp-includes/images/spinner.gif HTTP/1.1" 200 3656 "https://weddingswithjoy.org.nz/wp-includes/images/" "Mozilla/5.0 AppleWebKit/537.36 (KHTML, like Gecko; compatible; GPTBot/1.3; +https://openai.com/gptbot)"
74.7.227.41 - - [31/Mar/2026:16:43:08 +0000] "GET /wp-includes/class-wp-list-util.php HTTP/1.1" 200 - "https://weddingswithjoy.org.nz/wp-includes/" "Mozilla/5.0 AppleWebKit/537.36 (KHTML, like Gecko; compatible; GPTBot/1.3; +https://openai.com/gptbot)"
74.7.227.41 - - [31/Mar/2026:16:43:09 +0000] "GET /wp-includes/script-loader.php HTTP/1.1" 500 - "https://weddingswithjoy.org.nz/wp-includes/" "Mozilla/5.0 AppleWebKit/537.36 (KHTML, like Gecko; compatible; GPTBot/1.3; +https://openai.com/gptbot)"
74.7.243.230 - - [31/Mar/2026:16:43:09 +0000] "GET /wp-includes/customize/class-wp-customize-theme-control.php HTTP/1.1" 500 - "https://schoolofgolfnz.co.nz/wp-includes/customize/" "Mozilla/5.0 AppleWebKit/537.36 (KHTML, like Gecko; compatible; GPTBot/1.3; +https://openai.com/gptbot)"
74.7.227.41 - - [31/Mar/2026:16:43:09 +0000] "GET /wp-includes/images/smilies/icon_confused.gif HTTP/1.1" 200 170 "https://weddingswithjoy.org.nz/wp-includes/images/smilies/" "Mozilla/5.0 AppleWebKit/537.36 (KHTML, like Gecko; compatible; GPTBot/1.3; +https://openai.com/gptbot)"
74.7.227.41 - - [31/Mar/2026:16:43:11 +0000] "GET /wp-includes/images/smilies/icon_redface.gif HTTP/1.1" 200 645 "https://weddingswithjoy.org.nz/wp-includes/images/smilies/" "Mozilla/5.0 AppleWebKit/537.36 (KHTML, like Gecko; compatible; GPTBot/1.3; +https://openai.com/gptbot)"
74.7.227.41 - - [31/Mar/2026:16:43:12 +0000] "GET /wp-includes/images/smilies/icon_mrgreen.gif HTTP/1.1" 200 348 "https://weddingswithjoy.org.nz/wp-includes/images/smilies/" "Mozilla/5.0 AppleWebKit/537.36 (KHTML, like Gecko; compatible; GPTBot/1.3; +https://openai.com/gptbot)"
74.7.227.41 - - [31/Mar/2026:16:43:14 +0000] "GET /wp-includes/images/smilies/icon_twisted.gif HTTP/1.1" 200 241 "https://weddingswithjoy.org.nz/wp-includes/images/smilies/" "Mozilla/5.0 AppleWebKit/537.36 (KHTML, like Gecko; compatible; GPTBot/1.3; +https://openai.com/gptbot)"
74.7.227.41 - - [31/Mar/2026:16:43:15 +0000] "GET /wp-includes/images/smilies/icon_neutral.gif HTTP/1.1" 200 167 "https://weddingswithjoy.org.nz/wp-includes/images/smilies/" "Mozilla/5.0 AppleWebKit/537.36 (KHTML, like Gecko; compatible; GPTBot/1.3; +https://openai.com/gptbot)"
74.7.227.41 - - [31/Mar/2026:16:43:16 +0000] "GET /wp-includes/images/smilies/icon_surprised.gif HTTP/1.1" 200 174 "https://weddingswithjoy.org.nz/wp-includes/images/smilies/" "Mozilla/5.0 AppleWebKit/537.36 (KHTML, like Gecko; compatible; GPTBot/1.3; +https://openai.com/gptbot)"
74.7.227.41 - - [31/Mar/2026:16:43:17 +0000] "GET /wp-includes/images/smilies/icon_question.gif HTTP/1.1" 200 247 "https://weddingswithjoy.org.nz/wp-includes/images/smilies/" "Mozilla/5.0 AppleWebKit/537.36 (KHTML, like Gecko; compatible; GPTBot/1.3; +https://openai.com/gptbot)"
74.7.227.41 - - [31/Mar/2026:16:43:18 +0000] "GET /wp-includes/images/smilies/icon_rolleyes.gif HTTP/1.1" 200 471 "https://weddingswithjoy.org.nz/wp-includes/images/smilies/" "Mozilla/5.0 AppleWebKit/537.36 (KHTML, like Gecko; compatible; GPTBot/1.3; +https://openai.com/gptbot)"
74.7.227.41 - - [31/Mar/2026:16:43:18 +0000] "GET /wp-includes/images/smilies/icon_exclaim.gif HTTP/1.1" 200 236 "https://weddingswithjoy.org.nz/wp-includes/images/smilies/" "Mozilla/5.0 AppleWebKit/537.36 (KHTML, like Gecko; compatible; GPTBot/1.3; +https://openai.com/gptbot)"
74.7.227.41 - - [31/Mar/2026:16:43:19 +0000] "GET /wp-includes/images/smilies/icon_biggrin.gif HTTP/1.1" 200 173 "https://weddingswithjoy.org.nz/wp-includes/images/smilies/" "Mozilla/5.0 AppleWebKit/537.36 (KHTML, like Gecko; compatible; GPTBot/1.3; +https://openai.com/gptbot)"
74.7.227.41 - - [31/Mar/2026:16:43:20 +0000] "GET /wp-includes/images/smilies/simple-smile.png HTTP/1.1" 200 1008 "https://weddingswithjoy.org.nz/wp-includes/images/smilies/" "Mozilla/5.0 AppleWebKit/537.36 (KHTML, like Gecko; compatible; GPTBot/1.3; +https://openai.com/gptbot)"
74.7.227.41 - - [31/Mar/2026:16:43:20 +0000] "GET /wp-includes/images/smilies/icon_arrow.gif HTTP/1.1" 200 169 "https://weddingswithjoy.org.nz/wp-includes/images/smilies/" "Mozilla/5.0 AppleWebKit/537.36 (KHTML, like Gecko; compatible; GPTBot/1.3; +https://openai.com/gptbot)"
74.7.227.41 - - [31/Mar/2026:16:43:21 +0000] "GET /wp-includes/images/smilies/icon_razz.gif HTTP/1.1" 200 175 "https://weddingswithjoy.org.nz/wp-includes/images/smilies/" "Mozilla/5.0 AppleWebKit/537.36 (KHTML, like Gecko; compatible; GPTBot/1.3; +https://openai.com/gptbot)"
74.7.227.41 - - [31/Mar/2026:16:43:21 +0000] "GET /wp-includes/images/smilies/icon_smile.gif HTTP/1.1" 200 173 "https://weddingswithjoy.org.nz/wp-includes/images/smilies/" "Mozilla/5.0 AppleWebKit/537.36 (KHTML, like Gecko; compatible; GPTBot/1.3; +https://openai.com/gptbot)"
74.7.227.41 - - [31/Mar/2026:16:43:22 +0000] "GET /wp-includes/images/smilies/icon_idea.gif HTTP/1.1" 200 174 "https://weddingswithjoy.org.nz/wp-includes/images/smilies/" "Mozilla/5.0 AppleWebKit/537.36 (KHTML, like Gecko; compatible; GPTBot/1.3; +https://openai.com/gptbot)"
74.7.227.41 - - [31/Mar/2026:16:43:22 +0000] "GET /wp-includes/images/smilies/icon_wink.gif HTTP/1.1" 200 168 "https://weddingswithjoy.org.nz/wp-includes/images/smilies/" "Mozilla/5.0 AppleWebKit/537.36 (KHTML, like Gecko; compatible; GPTBot/1.3; +https://openai.com/gptbot)"
74.7.227.41 - - [31/Mar/2026:16:43:23 +0000] "GET /wp-includes/images/smilies/icon_evil.gif HTTP/1.1" 200 193 "https://weddingswithjoy.org.nz/wp-includes/images/smilies/" "Mozilla/5.0 AppleWebKit/537.36 (KHTML, like Gecko; compatible; GPTBot/1.3; +https://openai.com/gptbot)"
74.7.227.41 - - [31/Mar/2026:16:43:23 +0000] "GET /wp-includes/images/smilies/icon_cool.gif HTTP/1.1" 200 172 "https://weddingswithjoy.org.nz/wp-includes/images/smilies/" "Mozilla/5.0 AppleWebKit/537.36 (KHTML, like Gecko; compatible; GPTBot/1.3; +https://openai.com/gptbot)"
74.7.227.41 - - [31/Mar/2026:16:43:24 +0000] "GET /wp-includes/images/smilies/icon_cry.gif HTTP/1.1" 200 412 "https://weddingswithjoy.org.nz/wp-includes/images/smilies/" "Mozilla/5.0 AppleWebKit/537.36 (KHTML, like Gecko; compatible; GPTBot/1.3; +https://openai.com/gptbot)"
74.7.227.41 - - [31/Mar/2026:16:43:24 +0000] "GET /wp-includes/images/smilies/icon_eek.gif HTTP/1.1" 200 170 "https://weddingswithjoy.org.nz/wp-includes/images/smilies/" "Mozilla/5.0 AppleWebKit/537.36 (KHTML, like Gecko; compatible; GPTBot/1.3; +https://openai.com/gptbot)"
74.7.227.41 - - [31/Mar/2026:16:43:25 +0000] "GET /wp-includes/images/smilies/icon_sad.gif HTTP/1.1" 200 167 "https://weddingswithjoy.org.nz/wp-includes/images/smilies/" "Mozilla/5.0 AppleWebKit/537.36 (KHTML, like Gecko; compatible; GPTBot/1.3; +https://openai.com/gptbot)"
74.7.227.41 - - [31/Mar/2026:16:43:26 +0000] "GET /wp-includes/images/smilies/icon_mad.gif HTTP/1.1" 200 172 "https://weddingswithjoy.org.nz/wp-includes/images/smilies/" "Mozilla/5.0 AppleWebKit/537.36 (KHTML, like Gecko; compatible; GPTBot/1.3; +https://openai.com/gptbot)"
74.7.227.41 - - [31/Mar/2026:16:43:26 +0000] "GET /wp-includes/images/smilies/icon_lol.gif HTTP/1.1" 200 331 "https://weddingswithjoy.org.nz/wp-includes/images/smilies/" "Mozilla/5.0 AppleWebKit/537.36 (KHTML, like Gecko; compatible; GPTBot/1.3; +https://openai.com/gptbot)"
74.7.227.41 - - [31/Mar/2026:16:43:27 +0000] "GET /wp-includes/images/crystal/interactive.png HTTP/1.1" 200 2217 "https://weddingswithjoy.org.nz/wp-includes/images/crystal/" "Mozilla/5.0 AppleWebKit/537.36 (KHTML, like Gecko; compatible; GPTBot/1.3; +https://openai.com/gptbot)"
74.7.227.41 - - [31/Mar/2026:16:43:27 +0000] "GET /wp-includes/images/crystal/spreadsheet.png HTTP/1.1" 200 2408 "https://weddingswithjoy.org.nz/wp-includes/images/crystal/" "Mozilla/5.0 AppleWebKit/537.36 (KHTML, like Gecko; compatible; GPTBot/1.3; +https://openai.com/gptbot)"
74.7.227.41 - - [31/Mar/2026:16:43:28 +0000] "GET /wp-includes/images/crystal/default.png HTTP/1.1" 200 453 "https://weddingswithjoy.org.nz/wp-includes/images/crystal/" "Mozilla/5.0 AppleWebKit/537.36 (KHTML, like Gecko; compatible; GPTBot/1.3; +https://openai.com/gptbot)"
74.7.227.41 - - [31/Mar/2026:16:43:28 +0000] "GET /wp-includes/images/smilies/rolleyes.png HTTP/1.1" 200 1233 "https://weddingswithjoy.org.nz/wp-includes/images/smilies/" "Mozilla/5.0 AppleWebKit/537.36 (KHTML, like Gecko; compatible; GPTBot/1.3; +https://openai.com/gptbot)"
74.7.227.41 - - [31/Mar/2026:16:43:29 +0000] "GET /wp-includes/images/crystal/document.png HTTP/1.1" 200 2063 "https://weddingswithjoy.org.nz/wp-includes/images/crystal/" "Mozilla/5.0 AppleWebKit/537.36 (KHTML, like Gecko; compatible; GPTBot/1.3; +https://openai.com/gptbot)"
74.7.227.41 - - [31/Mar/2026:16:43:29 +0000] "GET /wp-includes/images/smilies/frownie.png HTTP/1.1" 200 1007 "https://weddingswithjoy.org.nz/wp-includes/images/smilies/" "Mozilla/5.0 AppleWebKit/537.36 (KHTML, like Gecko; compatible; GPTBot/1.3; +https://openai.com/gptbot)"
