139.18.2.214 - - [31/Mar/2026:20:43:13 +0000] "GET /wp-includes/SimplePie/src/Cache/DataCache.php HTTP/1.1" 200 - "https://weddingswithjoy.org.nz/wp-includes/SimplePie/src/Cache/" "LCC (+http://corpora.uni-leipzig.de/crawler_faq.html)"
159.223.220.88 - - [31/Mar/2026:20:43:21 +0000] "GET / HTTP/1.1" 200 2980 "-" "Mozilla/5.0 (X11; Linux x86_64) AppleWebKit/537.36 (KHTML, like Gecko) Chrome/142.0.0.0 Safari/537.36"
74.7.243.230 - - [31/Mar/2026:20:43:22 +0000] "GET /wp-includes/js/jquery/ui/droppable.min.js HTTP/1.1" 200 6665 "https://schoolofgolfnz.co.nz/wp-includes/js/jquery/ui/" "Mozilla/5.0 AppleWebKit/537.36 (KHTML, like Gecko; compatible; GPTBot/1.3; +https://openai.com/gptbot)"
139.18.2.214 - - [31/Mar/2026:20:43:25 +0000] "GET /wp-includes/SimplePie/src/Cache/File.php HTTP/1.1" 500 - "https://weddingswithjoy.org.nz/wp-includes/SimplePie/src/Cache/" "LCC (+http://corpora.uni-leipzig.de/crawler_faq.html)"
159.223.220.88 - - [31/Mar/2026:20:43:28 +0000] "GET /favicon.ico HTTP/1.1" 404 - "https://weddingswithjoy.org.nz/" "Mozilla/5.0 (X11; Linux x86_64) AppleWebKit/537.36 (KHTML, like Gecko) Chrome/142.0.0.0 Safari/537.36"
74.7.243.230 - - [31/Mar/2026:20:43:33 +0000] "GET /wp-includes/rest-api/endpoints/class-wp-rest-font-collections-controller.php HTTP/1.1" 500 - "https://schoolofgolfnz.co.nz/wp-includes/rest-api/endpoints/" "Mozilla/5.0 AppleWebKit/537.36 (KHTML, like Gecko; compatible; GPTBot/1.3; +https://openai.com/gptbot)"
139.18.2.214 - - [31/Mar/2026:20:43:37 +0000] "GET /wp-includes/SimplePie/src/Cache/Memcache.php HTTP/1.1" 500 - "https://weddingswithjoy.org.nz/wp-includes/SimplePie/src/Cache/" "LCC (+http://corpora.uni-leipzig.de/crawler_faq.html)"
74.7.243.230 - - [31/Mar/2026:20:43:42 +0000] "GET /wp-includes/Text/Diff/ HTTP/1.1" 200 1181 "https://schoolofgolfnz.co.nz/wp-includes/Text/" "Mozilla/5.0 AppleWebKit/537.36 (KHTML, like Gecko; compatible; GPTBot/1.3; +https://openai.com/gptbot)"
139.18.2.214 - - [31/Mar/2026:20:43:47 +0000] "GET /wp-includes/SimplePie/src/Cache/Memcached.php HTTP/1.1" 500 - "https://weddingswithjoy.org.nz/wp-includes/SimplePie/src/Cache/" "LCC (+http://corpora.uni-leipzig.de/crawler_faq.html)"
74.7.227.159 - - [31/Mar/2026:20:43:59 +0000] "GET /wp-includes/html-api/html5-named-character-references.php HTTP/1.1" 500 - "https://www.qualityprecast.co.nz/wp-includes/html-api/" "Mozilla/5.0 AppleWebKit/537.36 (KHTML, like Gecko; compatible; GPTBot/1.3; +https://openai.com/gptbot)"
139.18.2.214 - - [31/Mar/2026:20:43:59 +0000] "GET /wp-includes/SimplePie/src/Cache/MySQL.php HTTP/1.1" 500 - "https://weddingswithjoy.org.nz/wp-includes/SimplePie/src/Cache/" "LCC (+http://corpora.uni-leipzig.de/crawler_faq.html)"
74.7.227.41 - - [31/Mar/2026:20:44:04 +0000] "GET /wp-includes/l10n/class-wp-translation-file-mo.php HTTP/1.1" 500 - "https://weddingswithjoy.org.nz/wp-includes/l10n/" "Mozilla/5.0 AppleWebKit/537.36 (KHTML, like Gecko; compatible; GPTBot/1.3; +https://openai.com/gptbot)"
74.7.243.230 - - [31/Mar/2026:20:44:11 +0000] "GET /wp-includes/js/tinymce/utils/ HTTP/1.1" 200 1393 "https://schoolofgolfnz.co.nz/wp-includes/js/tinymce/" "Mozilla/5.0 AppleWebKit/537.36 (KHTML, like Gecko; compatible; GPTBot/1.3; +https://openai.com/gptbot)"
139.18.2.214 - - [31/Mar/2026:20:44:13 +0000] "GET /wp-includes/SimplePie/src/Cache/NameFilter.php HTTP/1.1" 200 - "https://weddingswithjoy.org.nz/wp-includes/SimplePie/src/Cache/" "LCC (+http://corpora.uni-leipzig.de/crawler_faq.html)"
139.18.2.214 - - [31/Mar/2026:20:44:24 +0000] "GET /wp-includes/SimplePie/src/Cache/Psr16.php HTTP/1.1" 500 - "https://weddingswithjoy.org.nz/wp-includes/SimplePie/src/Cache/" "LCC (+http://corpora.uni-leipzig.de/crawler_faq.html)"
139.18.2.214 - - [31/Mar/2026:20:44:34 +0000] "GET /wp-includes/SimplePie/src/Cache/Redis.php HTTP/1.1" 500 - "https://weddingswithjoy.org.nz/wp-includes/SimplePie/src/Cache/" "LCC (+http://corpora.uni-leipzig.de/crawler_faq.html)"
74.7.243.230 - - [31/Mar/2026:20:44:38 +0000] "GET /wp-includes/js/tinymce/skins/ HTTP/1.1" 200 1025 "https://schoolofgolfnz.co.nz/wp-includes/js/tinymce/" "Mozilla/5.0 AppleWebKit/537.36 (KHTML, like Gecko; compatible; GPTBot/1.3; +https://openai.com/gptbot)"
139.18.2.214 - - [31/Mar/2026:20:44:43 +0000] "GET /wp-includes/SimplePie/src/Content/?C=N;O=D HTTP/1.1" 200 855 "https://weddingswithjoy.org.nz/wp-includes/SimplePie/src/Content/" "LCC (+http://corpora.uni-leipzig.de/crawler_faq.html)"
74.7.227.159 - - [31/Mar/2026:20:44:46 +0000] "GET /wp-includes/class-wp-block-bindings-registry.php HTTP/1.1" 200 - "https://www.qualityprecast.co.nz/wp-includes/" "Mozilla/5.0 AppleWebKit/537.36 (KHTML, like Gecko; compatible; GPTBot/1.3; +https://openai.com/gptbot)"
139.18.2.214 - - [31/Mar/2026:20:44:55 +0000] "GET /wp-includes/SimplePie/src/Content/?C=M;O=A HTTP/1.1" 200 855 "https://weddingswithjoy.org.nz/wp-includes/SimplePie/src/Content/" "LCC (+http://corpora.uni-leipzig.de/crawler_faq.html)"
74.7.243.230 - - [31/Mar/2026:20:45:01 +0000] "GET /wp-includes/js/dist/views.min.js HTTP/1.1" 200 2749 "https://schoolofgolfnz.co.nz/wp-includes/js/dist/" "Mozilla/5.0 AppleWebKit/537.36 (KHTML, like Gecko; compatible; GPTBot/1.3; +https://openai.com/gptbot)"
139.18.2.214 - - [31/Mar/2026:20:45:05 +0000] "GET /wp-includes/SimplePie/src/Content/?C=S;O=A HTTP/1.1" 200 855 "https://weddingswithjoy.org.nz/wp-includes/SimplePie/src/Content/" "LCC (+http://corpora.uni-leipzig.de/crawler_faq.html)"
74.7.227.41 - - [31/Mar/2026:20:45:08 +0000] "GET /wp-includes/class-wp.php HTTP/1.1" 200 - "https://weddingswithjoy.org.nz/wp-includes/" "Mozilla/5.0 AppleWebKit/537.36 (KHTML, like Gecko; compatible; GPTBot/1.3; +https://openai.com/gptbot)"
139.18.2.214 - - [31/Mar/2026:20:45:16 +0000] "GET /wp-includes/SimplePie/src/Content/?C=D;O=A HTTP/1.1" 200 855 "https://weddingswithjoy.org.nz/wp-includes/SimplePie/src/Content/" "LCC (+http://corpora.uni-leipzig.de/crawler_faq.html)"
74.7.243.230 - - [31/Mar/2026:20:45:22 +0000] "GET /wp-includes/js/jquery/ui/effect-transfer.min.js HTTP/1.1" 200 442 "https://schoolofgolfnz.co.nz/wp-includes/js/jquery/ui/" "Mozilla/5.0 AppleWebKit/537.36 (KHTML, like Gecko; compatible; GPTBot/1.3; +https://openai.com/gptbot)"
139.18.2.214 - - [31/Mar/2026:20:45:32 +0000] "GET /wp-includes/SimplePie/src/Content/Type/ HTTP/1.1" 200 879 "https://weddingswithjoy.org.nz/wp-includes/SimplePie/src/Content/" "LCC (+http://corpora.uni-leipzig.de/crawler_faq.html)"
74.7.243.230 - - [31/Mar/2026:20:45:40 +0000] "GET /wp-includes/images/wpspin-2x.gif HTTP/1.1" 200 8875 "https://schoolofgolfnz.co.nz/wp-includes/images/" "Mozilla/5.0 AppleWebKit/537.36 (KHTML, like Gecko; compatible; GPTBot/1.3; +https://openai.com/gptbot)"
139.18.2.214 - - [31/Mar/2026:20:45:42 +0000] "GET /wp-includes/SimplePie/src/HTTP/?C=N;O=D HTTP/1.1" 200 2135 "https://weddingswithjoy.org.nz/wp-includes/SimplePie/src/HTTP/" "LCC (+http://corpora.uni-leipzig.de/crawler_faq.html)"
74.7.227.159 - - [31/Mar/2026:20:45:51 +0000] "GET /wp-includes/class-wp-block-patterns-registry.php HTTP/1.1" 200 - "https://www.qualityprecast.co.nz/wp-includes/" "Mozilla/5.0 AppleWebKit/537.36 (KHTML, like Gecko; compatible; GPTBot/1.3; +https://openai.com/gptbot)"
139.18.2.214 - - [31/Mar/2026:20:45:53 +0000] "GET /wp-includes/SimplePie/src/HTTP/?C=M;O=A HTTP/1.1" 200 2135 "https://weddingswithjoy.org.nz/wp-includes/SimplePie/src/HTTP/" "LCC (+http://corpora.uni-leipzig.de/crawler_faq.html)"
74.7.243.230 - - [31/Mar/2026:20:45:56 +0000] "GET /wp-includes/images/wpicons-2x.png HTTP/1.1" 200 14931 "https://schoolofgolfnz.co.nz/wp-includes/images/" "Mozilla/5.0 AppleWebKit/537.36 (KHTML, like Gecko; compatible; GPTBot/1.3; +https://openai.com/gptbot)"
139.18.2.214 - - [31/Mar/2026:20:46:08 +0000] "GET /wp-includes/SimplePie/src/HTTP/?C=S;O=A HTTP/1.1" 200 2135 "https://weddingswithjoy.org.nz/wp-includes/SimplePie/src/HTTP/" "LCC (+http://corpora.uni-leipzig.de/crawler_faq.html)"
74.7.227.41 - - [31/Mar/2026:20:46:11 +0000] "GET /wp-includes/ID3/module.audio-video.quicktime.php HTTP/1.1" 200 - "https://weddingswithjoy.org.nz/wp-includes/ID3/" "Mozilla/5.0 AppleWebKit/537.36 (KHTML, like Gecko; compatible; GPTBot/1.3; +https://openai.com/gptbot)"
74.7.243.230 - - [31/Mar/2026:20:46:12 +0000] "GET /wp-includes/images/spinner-2x.gif HTTP/1.1" 200 7536 "https://schoolofgolfnz.co.nz/wp-includes/images/" "Mozilla/5.0 AppleWebKit/537.36 (KHTML, like Gecko; compatible; GPTBot/1.3; +https://openai.com/gptbot)"
139.18.2.214 - - [31/Mar/2026:20:46:20 +0000] "GET /wp-includes/SimplePie/src/HTTP/?C=D;O=A HTTP/1.1" 200 2135 "https://weddingswithjoy.org.nz/wp-includes/SimplePie/src/HTTP/" "LCC (+http://corpora.uni-leipzig.de/crawler_faq.html)"
74.7.243.230 - - [31/Mar/2026:20:46:25 +0000] "GET /wp-includes/js/jquery/ui/selectmenu.min.js HTTP/1.1" 200 9502 "https://schoolofgolfnz.co.nz/wp-includes/js/jquery/ui/" "Mozilla/5.0 AppleWebKit/537.36 (KHTML, like Gecko; compatible; GPTBot/1.3; +https://openai.com/gptbot)"
139.18.2.214 - - [31/Mar/2026:20:46:32 +0000] "GET /wp-includes/SimplePie/src/HTTP/Client.php HTTP/1.1" 200 - "https://weddingswithjoy.org.nz/wp-includes/SimplePie/src/HTTP/" "LCC (+http://corpora.uni-leipzig.de/crawler_faq.html)"
74.7.243.230 - - [31/Mar/2026:20:46:37 +0000] "GET /wp-includes/js/tinymce/plugins/textcolor/ HTTP/1.1" 200 1059 "https://schoolofgolfnz.co.nz/wp-includes/js/tinymce/plugins/" "Mozilla/5.0 AppleWebKit/537.36 (KHTML, like Gecko; compatible; GPTBot/1.3; +https://openai.com/gptbot)"
139.18.2.214 - - [31/Mar/2026:20:46:46 +0000] "GET /wp-includes/SimplePie/src/HTTP/ClientException.php HTTP/1.1" 500 - "https://weddingswithjoy.org.nz/wp-includes/SimplePie/src/HTTP/" "LCC (+http://corpora.uni-leipzig.de/crawler_faq.html)"
74.7.243.230 - - [31/Mar/2026:20:46:48 +0000] "GET /wp-includes/js/tinymce/plugins/wpdialogs/ HTTP/1.1" 200 1059 "https://schoolofgolfnz.co.nz/wp-includes/js/tinymce/plugins/" "Mozilla/5.0 AppleWebKit/537.36 (KHTML, like Gecko; compatible; GPTBot/1.3; +https://openai.com/gptbot)"
74.7.227.159 - - [31/Mar/2026:20:46:48 +0000] "GET /wp-includes/class-walker-page-dropdown.php HTTP/1.1" 500 - "https://www.qualityprecast.co.nz/wp-includes/" "Mozilla/5.0 AppleWebKit/537.36 (KHTML, like Gecko; compatible; GPTBot/1.3; +https://openai.com/gptbot)"
139.18.2.214 - - [31/Mar/2026:20:46:57 +0000] "GET /wp-includes/SimplePie/src/HTTP/FileClient.php HTTP/1.1" 500 - "https://weddingswithjoy.org.nz/wp-includes/SimplePie/src/HTTP/" "LCC (+http://corpora.uni-leipzig.de/crawler_faq.html)"
74.7.243.230 - - [31/Mar/2026:20:46:58 +0000] "GET /wp-includes/Text/Diff/Renderer.php HTTP/1.1" 200 - "https://schoolofgolfnz.co.nz/wp-includes/Text/Diff/" "Mozilla/5.0 AppleWebKit/537.36 (KHTML, like Gecko; compatible; GPTBot/1.3; +https://openai.com/gptbot)"
139.18.2.214 - - [31/Mar/2026:20:47:06 +0000] "GET /wp-includes/SimplePie/src/HTTP/Parser.php HTTP/1.1" 200 - "https://weddingswithjoy.org.nz/wp-includes/SimplePie/src/HTTP/" "LCC (+http://corpora.uni-leipzig.de/crawler_faq.html)"
74.7.243.230 - - [31/Mar/2026:20:47:07 +0000] "GET /wp-includes/js/tinymce/utils/editable_selects.js HTTP/1.1" 200 2125 "https://schoolofgolfnz.co.nz/wp-includes/js/tinymce/utils/" "Mozilla/5.0 AppleWebKit/537.36 (KHTML, like Gecko; compatible; GPTBot/1.3; +https://openai.com/gptbot)"
74.7.227.41 - - [31/Mar/2026:20:47:08 +0000] "GET /wp-includes/ID3/module.audio-video.flv.php HTTP/1.1" 200 - "https://weddingswithjoy.org.nz/wp-includes/ID3/" "Mozilla/5.0 AppleWebKit/537.36 (KHTML, like Gecko; compatible; GPTBot/1.3; +https://openai.com/gptbot)"
74.7.243.230 - - [31/Mar/2026:20:47:15 +0000] "GET /wp-includes/js/tinymce/utils/form_utils.js HTTP/1.1" 200 6075 "https://schoolofgolfnz.co.nz/wp-includes/js/tinymce/utils/" "Mozilla/5.0 AppleWebKit/537.36 (KHTML, like Gecko; compatible; GPTBot/1.3; +https://openai.com/gptbot)"
139.18.2.214 - - [31/Mar/2026:20:47:19 +0000] "GET /wp-includes/SimplePie/src/HTTP/Psr7Response.php HTTP/1.1" 500 - "https://weddingswithjoy.org.nz/wp-includes/SimplePie/src/HTTP/" "LCC (+http://corpora.uni-leipzig.de/crawler_faq.html)"
74.7.243.230 - - [31/Mar/2026:20:47:22 +0000] "GET /wp-includes/js/tinymce/plugins/wpgallery/ HTTP/1.1" 200 1059 "https://schoolofgolfnz.co.nz/wp-includes/js/tinymce/plugins/" "Mozilla/5.0 AppleWebKit/537.36 (KHTML, like Gecko; compatible; GPTBot/1.3; +https://openai.com/gptbot)"
139.18.2.214 - - [31/Mar/2026:20:47:29 +0000] "GET /wp-includes/SimplePie/src/HTTP/Psr18Client.php HTTP/1.1" 500 - "https://weddingswithjoy.org.nz/wp-includes/SimplePie/src/HTTP/" "LCC (+http://corpora.uni-leipzig.de/crawler_faq.html)"
74.7.243.230 - - [31/Mar/2026:20:47:29 +0000] "GET /wp-includes/fonts/dashicons.woff2 HTTP/1.1" 200 26132 "https://schoolofgolfnz.co.nz/wp-includes/fonts/" "Mozilla/5.0 AppleWebKit/537.36 (KHTML, like Gecko; compatible; GPTBot/1.3; +https://openai.com/gptbot)"
74.7.243.230 - - [31/Mar/2026:20:47:35 +0000] "GET /wp-includes/js/dist/script-modules/interactivity/ HTTP/1.1" 200 88351 "https://schoolofgolfnz.co.nz/wp-includes/js/dist/script-modules/" "Mozilla/5.0 AppleWebKit/537.36 (KHTML, like Gecko; compatible; GPTBot/1.3; +https://openai.com/gptbot)"
74.7.227.159 - - [31/Mar/2026:20:47:38 +0000] "GET /wp-includes/ms-default-filters.php HTTP/1.1" 500 - "https://www.qualityprecast.co.nz/wp-includes/" "Mozilla/5.0 AppleWebKit/537.36 (KHTML, like Gecko; compatible; GPTBot/1.3; +https://openai.com/gptbot)"
139.18.2.214 - - [31/Mar/2026:20:47:40 +0000] "GET /wp-includes/SimplePie/src/HTTP/RawTextResponse.php HTTP/1.1" 500 - "https://weddingswithjoy.org.nz/wp-includes/SimplePie/src/HTTP/" "LCC (+http://corpora.uni-leipzig.de/crawler_faq.html)"
74.7.243.230 - - [31/Mar/2026:20:47:40 +0000] "GET /wp-includes/js/tw-sack.min.js HTTP/1.1" 200 3288 "https://schoolofgolfnz.co.nz/wp-includes/js/" "Mozilla/5.0 AppleWebKit/537.36 (KHTML, like Gecko; compatible; GPTBot/1.3; +https://openai.com/gptbot)"
74.7.243.230 - - [31/Mar/2026:20:47:45 +0000] "GET /wp-includes/SimplePie/library/ HTTP/1.1" 200 1029 "https://schoolofgolfnz.co.nz/wp-includes/SimplePie/" "Mozilla/5.0 AppleWebKit/537.36 (KHTML, like Gecko; compatible; GPTBot/1.3; +https://openai.com/gptbot)"
74.7.243.230 - - [31/Mar/2026:20:47:50 +0000] "GET /wp-includes/js/plupload/'+n+' HTTP/1.1" 404 - "https://schoolofgolfnz.co.nz/wp-includes/js/plupload/moxie.min.js" "Mozilla/5.0 AppleWebKit/537.36 (KHTML, like Gecko; compatible; GPTBot/1.3; +https://openai.com/gptbot)"
74.7.243.230 - - [31/Mar/2026:20:47:53 +0000] "GET /wp-includes/js/wp-sanitize.min.js HTTP/1.1" 200 444 "https://schoolofgolfnz.co.nz/wp-includes/js/" "Mozilla/5.0 AppleWebKit/537.36 (KHTML, like Gecko; compatible; GPTBot/1.3; +https://openai.com/gptbot)"
139.18.2.214 - - [31/Mar/2026:20:47:54 +0000] "GET /wp-includes/SimplePie/src/HTTP/Response.php HTTP/1.1" 200 - "https://weddingswithjoy.org.nz/wp-includes/SimplePie/src/HTTP/" "LCC (+http://corpora.uni-leipzig.de/crawler_faq.html)"
74.7.243.230 - - [31/Mar/2026:20:47:57 +0000] "GET /wp-includes/js/jquery/ui/controlgroup.js HTTP/1.1" 200 8626 "https://schoolofgolfnz.co.nz/wp-includes/js/jquery/ui/" "Mozilla/5.0 AppleWebKit/537.36 (KHTML, like Gecko; compatible; GPTBot/1.3; +https://openai.com/gptbot)"
20.65.194.188 - - [31/Mar/2026:20:47:57 +0000] "GET /ReportServer HTTP/1.1" 404 - "-" "Mozilla/5.0 zgrab/0.x"
74.7.227.41 - - [31/Mar/2026:20:47:57 +0000] "GET /wp-includes/ID3/module.audio-video.riff.php HTTP/1.1" 200 - "https://weddingswithjoy.org.nz/wp-includes/ID3/" "Mozilla/5.0 AppleWebKit/537.36 (KHTML, like Gecko; compatible; GPTBot/1.3; +https://openai.com/gptbot)"
74.7.243.230 - - [31/Mar/2026:20:48:00 +0000] "GET /wp-includes/js/jquery/ui/autocomplete.js HTTP/1.1" 200 17530 "https://schoolofgolfnz.co.nz/wp-includes/js/jquery/ui/" "Mozilla/5.0 AppleWebKit/537.36 (KHTML, like Gecko; compatible; GPTBot/1.3; +https://openai.com/gptbot)"
74.7.243.230 - - [31/Mar/2026:20:48:04 +0000] "GET /wp-includes/js/tinymce/plugins/tabfocus/ HTTP/1.1" 200 1057 "https://schoolofgolfnz.co.nz/wp-includes/js/tinymce/plugins/" "Mozilla/5.0 AppleWebKit/537.36 (KHTML, like Gecko; compatible; GPTBot/1.3; +https://openai.com/gptbot)"
139.18.2.214 - - [31/Mar/2026:20:48:04 +0000] "GET /wp-includes/SimplePie/src/Net/?C=N;O=D HTTP/1.1" 200 850 "https://weddingswithjoy.org.nz/wp-includes/SimplePie/src/Net/" "LCC (+http://corpora.uni-leipzig.de/crawler_faq.html)"
74.7.243.230 - - [31/Mar/2026:20:48:06 +0000] "GET /wp-includes/js/tinymce/utils/validate.js HTTP/1.1" 200 6466 "https://schoolofgolfnz.co.nz/wp-includes/js/tinymce/utils/" "Mozilla/5.0 AppleWebKit/537.36 (KHTML, like Gecko; compatible; GPTBot/1.3; +https://openai.com/gptbot)"
74.7.243.230 - - [31/Mar/2026:20:48:09 +0000] "GET /wp-includes/js/jquery/ui/datepicker.js HTTP/1.1" 200 82523 "https://schoolofgolfnz.co.nz/wp-includes/js/jquery/ui/" "Mozilla/5.0 AppleWebKit/537.36 (KHTML, like Gecko; compatible; GPTBot/1.3; +https://openai.com/gptbot)"
74.7.243.230 - - [31/Mar/2026:20:48:11 +0000] "GET /wp-includes/js/jquery/ui/selectable.js HTTP/1.1" 200 8129 "https://schoolofgolfnz.co.nz/wp-includes/js/jquery/ui/" "Mozilla/5.0 AppleWebKit/537.36 (KHTML, like Gecko; compatible; GPTBot/1.3; +https://openai.com/gptbot)"
74.7.243.230 - - [31/Mar/2026:20:48:13 +0000] "GET /wp-includes/js/tinymce/utils/mctabs.js HTTP/1.1" 200 4160 "https://schoolofgolfnz.co.nz/wp-includes/js/tinymce/utils/" "Mozilla/5.0 AppleWebKit/537.36 (KHTML, like Gecko; compatible; GPTBot/1.3; +https://openai.com/gptbot)"
74.7.243.230 - - [31/Mar/2026:20:48:15 +0000] "GET /wp-includes/js/tinymce/plugins/wordpress/ HTTP/1.1" 200 1059 "https://schoolofgolfnz.co.nz/wp-includes/js/tinymce/plugins/" "Mozilla/5.0 AppleWebKit/537.36 (KHTML, like Gecko; compatible; GPTBot/1.3; +https://openai.com/gptbot)"
139.18.2.214 - - [31/Mar/2026:20:48:17 +0000] "GET /wp-includes/SimplePie/src/Net/?C=M;O=A HTTP/1.1" 200 850 "https://weddingswithjoy.org.nz/wp-includes/SimplePie/src/Net/" "LCC (+http://corpora.uni-leipzig.de/crawler_faq.html)"
74.7.243.230 - - [31/Mar/2026:20:48:17 +0000] "GET /wp-includes/SimplePie/library/SimplePie.php HTTP/1.1" 500 - "https://schoolofgolfnz.co.nz/wp-includes/SimplePie/library/" "Mozilla/5.0 AppleWebKit/537.36 (KHTML, like Gecko; compatible; GPTBot/1.3; +https://openai.com/gptbot)"
74.7.243.230 - - [31/Mar/2026:20:48:18 +0000] "GET /wp-includes/js/dist/script-modules/block-library/query/ HTTP/1.1" 200 1101 "https://schoolofgolfnz.co.nz/wp-includes/js/dist/script-modules/block-library/" "Mozilla/5.0 AppleWebKit/537.36 (KHTML, like Gecko; compatible; GPTBot/1.3; +https://openai.com/gptbot)"
74.7.243.230 - - [31/Mar/2026:20:48:23 +0000] "GET /wp-includes/js/dist/script-modules/block-library/image/ HTTP/1.1" 200 1101 "https://schoolofgolfnz.co.nz/wp-includes/js/dist/script-modules/block-library/" "Mozilla/5.0 AppleWebKit/537.36 (KHTML, like Gecko; compatible; GPTBot/1.3; +https://openai.com/gptbot)"
74.7.243.230 - - [31/Mar/2026:20:48:27 +0000] "GET /wp-includes/js/dist/script-modules/block-library/form/ HTTP/1.1" 200 1099 "https://schoolofgolfnz.co.nz/wp-includes/js/dist/script-modules/block-library/" "Mozilla/5.0 AppleWebKit/537.36 (KHTML, like Gecko; compatible; GPTBot/1.3; +https://openai.com/gptbot)"
139.18.2.214 - - [31/Mar/2026:20:48:29 +0000] "GET /wp-includes/SimplePie/src/Net/?C=S;O=A HTTP/1.1" 200 850 "https://weddingswithjoy.org.nz/wp-includes/SimplePie/src/Net/" "LCC (+http://corpora.uni-leipzig.de/crawler_faq.html)"
74.7.243.230 - - [31/Mar/2026:20:48:30 +0000] "GET /wp-includes/js/dist/script-modules/block-library/file/ HTTP/1.1" 200 1099 "https://schoolofgolfnz.co.nz/wp-includes/js/dist/script-modules/block-library/" "Mozilla/5.0 AppleWebKit/537.36 (KHTML, like Gecko; compatible; GPTBot/1.3; +https://openai.com/gptbot)"
74.7.243.230 - - [31/Mar/2026:20:48:34 +0000] "GET /wp-includes/sodium_compat/namespaced/Core/Salsa20.php HTTP/1.1" 500 - "https://schoolofgolfnz.co.nz/wp-includes/sodium_compat/namespaced/Core/" "Mozilla/5.0 AppleWebKit/537.36 (KHTML, like Gecko; compatible; GPTBot/1.3; +https://openai.com/gptbot)"
74.7.243.230 - - [31/Mar/2026:20:48:37 +0000] "GET /wp-includes/sodium_compat/namespaced/Core/Xsalsa20.php HTTP/1.1" 500 - "https://schoolofgolfnz.co.nz/wp-includes/sodium_compat/namespaced/Core/" "Mozilla/5.0 AppleWebKit/537.36 (KHTML, like Gecko; compatible; GPTBot/1.3; +https://openai.com/gptbot)"
139.18.2.214 - - [31/Mar/2026:20:48:41 +0000] "GET /wp-includes/SimplePie/src/Net/?C=D;O=A HTTP/1.1" 200 850 "https://weddingswithjoy.org.nz/wp-includes/SimplePie/src/Net/" "LCC (+http://corpora.uni-leipzig.de/crawler_faq.html)"
74.7.227.159 - - [31/Mar/2026:20:48:42 +0000] "GET /wp-includes/speculative-loading.php HTTP/1.1" 200 - "https://www.qualityprecast.co.nz/wp-includes/" "Mozilla/5.0 AppleWebKit/537.36 (KHTML, like Gecko; compatible; GPTBot/1.3; +https://openai.com/gptbot)"
74.7.227.41 - - [31/Mar/2026:20:48:45 +0000] "GET /wp-includes/ID3/module.audio-video.asf.php HTTP/1.1" 200 - "https://weddingswithjoy.org.nz/wp-includes/ID3/" "Mozilla/5.0 AppleWebKit/537.36 (KHTML, like Gecko; compatible; GPTBot/1.3; +https://openai.com/gptbot)"
74.7.243.230 - - [31/Mar/2026:20:48:46 +0000] "GET /wp-includes/sodium_compat/src/Core/Ristretto255.php HTTP/1.1" 500 - "https://schoolofgolfnz.co.nz/wp-includes/sodium_compat/src/Core/" "Mozilla/5.0 AppleWebKit/537.36 (KHTML, like Gecko; compatible; GPTBot/1.3; +https://openai.com/gptbot)"
139.18.2.214 - - [31/Mar/2026:20:48:50 +0000] "GET /wp-includes/SimplePie/src/Net/IPv6.php HTTP/1.1" 200 - "https://weddingswithjoy.org.nz/wp-includes/SimplePie/src/Net/" "LCC (+http://corpora.uni-leipzig.de/crawler_faq.html)"
139.18.2.214 - - [31/Mar/2026:20:49:00 +0000] "GET /wp-includes/SimplePie/src/Parse/?C=N;O=D HTTP/1.1" 200 854 "https://weddingswithjoy.org.nz/wp-includes/SimplePie/src/Parse/" "LCC (+http://corpora.uni-leipzig.de/crawler_faq.html)"
74.7.243.230 - - [31/Mar/2026:20:49:13 +0000] "GET /wp-includes/sodium_compat/namespaced/Core/HSalsa20.php HTTP/1.1" 500 - "https://schoolofgolfnz.co.nz/wp-includes/sodium_compat/namespaced/Core/" "Mozilla/5.0 AppleWebKit/537.36 (KHTML, like Gecko; compatible; GPTBot/1.3; +https://openai.com/gptbot)"
139.18.2.214 - - [31/Mar/2026:20:49:13 +0000] "GET /wp-includes/SimplePie/src/Parse/?C=M;O=A HTTP/1.1" 200 854 "https://weddingswithjoy.org.nz/wp-includes/SimplePie/src/Parse/" "LCC (+http://corpora.uni-leipzig.de/crawler_faq.html)"
195.211.77.141 - - [31/Mar/2026:20:49:18 +0000] "GET / HTTP/1.1" 200 2980 "-" "Mozilla/5.0 (Windows NT 10.0; Win64; x64) AppleWebKit/537.36 (KHTML, like Gecko) Chrome/108.0.0.0 Safari/537.36"
139.18.2.214 - - [31/Mar/2026:20:49:22 +0000] "GET /wp-includes/SimplePie/src/Parse/?C=S;O=A HTTP/1.1" 200 854 "https://weddingswithjoy.org.nz/wp-includes/SimplePie/src/Parse/" "LCC (+http://corpora.uni-leipzig.de/crawler_faq.html)"
74.7.227.41 - - [31/Mar/2026:20:49:26 +0000] "GET /wp-includes/ID3/module.audio-video.matroska.php HTTP/1.1" 200 - "https://weddingswithjoy.org.nz/wp-includes/ID3/" "Mozilla/5.0 AppleWebKit/537.36 (KHTML, like Gecko; compatible; GPTBot/1.3; +https://openai.com/gptbot)"
139.18.2.214 - - [31/Mar/2026:20:49:32 +0000] "GET /wp-includes/SimplePie/src/Parse/?C=D;O=A HTTP/1.1" 200 854 "https://weddingswithjoy.org.nz/wp-includes/SimplePie/src/Parse/" "LCC (+http://corpora.uni-leipzig.de/crawler_faq.html)"
195.211.77.141 - - [31/Mar/2026:20:49:36 +0000] "GET / HTTP/1.1" 200 2980 "-" "Mozilla/5.0 (Windows NT 10.0; Win64; x64) AppleWebKit/537.36 (KHTML, like Gecko) Chrome/108.0.0.0 Safari/537.36"
139.18.2.214 - - [31/Mar/2026:20:49:44 +0000] "GET /wp-includes/SimplePie/src/Parse/Date.php HTTP/1.1" 200 - "https://weddingswithjoy.org.nz/wp-includes/SimplePie/src/Parse/" "LCC (+http://corpora.uni-leipzig.de/crawler_faq.html)"
74.7.227.159 - - [31/Mar/2026:20:49:47 +0000] "GET /wp-includes/class-wp-block-templates-registry.php HTTP/1.1" 200 - "https://www.qualityprecast.co.nz/wp-includes/" "Mozilla/5.0 AppleWebKit/537.36 (KHTML, like Gecko; compatible; GPTBot/1.3; +https://openai.com/gptbot)"
139.18.2.214 - - [31/Mar/2026:20:49:56 +0000] "GET /wp-includes/SimplePie/src/XML/?C=N;O=D HTTP/1.1" 200 854 "https://weddingswithjoy.org.nz/wp-includes/SimplePie/src/XML/" "LCC (+http://corpora.uni-leipzig.de/crawler_faq.html)"
74.7.227.41 - - [31/Mar/2026:20:50:03 +0000] "GET /wp-includes/ID3/module.audio.flac.php HTTP/1.1" 200 - "https://weddingswithjoy.org.nz/wp-includes/ID3/" "Mozilla/5.0 AppleWebKit/537.36 (KHTML, like Gecko; compatible; GPTBot/1.3; +https://openai.com/gptbot)"
139.18.2.214 - - [31/Mar/2026:20:50:14 +0000] "GET /wp-includes/SimplePie/src/XML/?C=M;O=A HTTP/1.1" 200 854 "https://weddingswithjoy.org.nz/wp-includes/SimplePie/src/XML/" "LCC (+http://corpora.uni-leipzig.de/crawler_faq.html)"
74.7.243.230 - - [31/Mar/2026:20:50:17 +0000] "GET /wp-includes/js/jquery/ui/effect-explode.min.js HTTP/1.1" 200 1122 "https://schoolofgolfnz.co.nz/wp-includes/js/jquery/ui/" "Mozilla/5.0 AppleWebKit/537.36 (KHTML, like Gecko; compatible; GPTBot/1.3; +https://openai.com/gptbot)"
139.18.2.214 - - [31/Mar/2026:20:50:25 +0000] "GET /wp-includes/SimplePie/src/XML/?C=S;O=A HTTP/1.1" 200 854 "https://weddingswithjoy.org.nz/wp-includes/SimplePie/src/XML/" "LCC (+http://corpora.uni-leipzig.de/crawler_faq.html)"
74.7.227.41 - - [31/Mar/2026:20:50:36 +0000] "GET /wp-includes/ID3/module.audio.ogg.php HTTP/1.1" 200 - "https://weddingswithjoy.org.nz/wp-includes/ID3/" "Mozilla/5.0 AppleWebKit/537.36 (KHTML, like Gecko; compatible; GPTBot/1.3; +https://openai.com/gptbot)"
139.18.2.214 - - [31/Mar/2026:20:50:39 +0000] "GET /wp-includes/SimplePie/src/XML/?C=D;O=A HTTP/1.1" 200 854 "https://weddingswithjoy.org.nz/wp-includes/SimplePie/src/XML/" "LCC (+http://corpora.uni-leipzig.de/crawler_faq.html)"
74.7.227.159 - - [31/Mar/2026:20:50:45 +0000] "GET /wp-includes/class-wp-network-query.php HTTP/1.1" 200 - "https://www.qualityprecast.co.nz/wp-includes/" "Mozilla/5.0 AppleWebKit/537.36 (KHTML, like Gecko; compatible; GPTBot/1.3; +https://openai.com/gptbot)"
139.18.2.214 - - [31/Mar/2026:20:50:51 +0000] "GET /wp-includes/SimplePie/src/XML/Declaration/ HTTP/1.1" 200 880 "https://weddingswithjoy.org.nz/wp-includes/SimplePie/src/XML/" "LCC (+http://corpora.uni-leipzig.de/crawler_faq.html)"
139.18.2.214 - - [31/Mar/2026:20:51:03 +0000] "GET /wp-includes/Text/Diff/?C=N;O=A HTTP/1.1" 200 1181 "https://weddingswithjoy.org.nz/wp-includes/Text/Diff/?C=N;O=D" "LCC (+http://corpora.uni-leipzig.de/crawler_faq.html)"
74.7.227.41 - - [31/Mar/2026:20:51:05 +0000] "GET /wp-includes/ID3/getid3.lib.php HTTP/1.1" 200 - "https://weddingswithjoy.org.nz/wp-includes/ID3/" "Mozilla/5.0 AppleWebKit/537.36 (KHTML, like Gecko; compatible; GPTBot/1.3; +https://openai.com/gptbot)"
139.18.2.214 - - [31/Mar/2026:20:51:15 +0000] "GET /wp-includes/Text/Diff/?C=M;O=D HTTP/1.1" 200 1181 "https://weddingswithjoy.org.nz/wp-includes/Text/Diff/?C=M;O=A" "LCC (+http://corpora.uni-leipzig.de/crawler_faq.html)"
46.151.178.13 - - [31/Mar/2026:20:51:16 +0000] "PROPFIND / HTTP/1.1" 404 - "http://45.79.238.235:443/" "-"
74.7.243.230 - - [31/Mar/2026:20:51:19 +0000] "GET /wp-includes/js/jquery/ui/effect-pulsate.min.js HTTP/1.1" 200 688 "https://schoolofgolfnz.co.nz/wp-includes/js/jquery/ui/" "Mozilla/5.0 AppleWebKit/537.36 (KHTML, like Gecko; compatible; GPTBot/1.3; +https://openai.com/gptbot)"
139.18.2.214 - - [31/Mar/2026:20:51:25 +0000] "GET /wp-includes/Text/Diff/?C=S;O=D HTTP/1.1" 200 1181 "https://weddingswithjoy.org.nz/wp-includes/Text/Diff/?C=S;O=A" "LCC (+http://corpora.uni-leipzig.de/crawler_faq.html)"
74.7.227.41 - - [31/Mar/2026:20:51:33 +0000] "GET /wp-includes/ID3/module.audio.dts.php HTTP/1.1" 200 - "https://weddingswithjoy.org.nz/wp-includes/ID3/" "Mozilla/5.0 AppleWebKit/537.36 (KHTML, like Gecko; compatible; GPTBot/1.3; +https://openai.com/gptbot)"
74.7.227.159 - - [31/Mar/2026:20:51:33 +0000] "GET /wp-includes/class-wp-recovery-mode.php HTTP/1.1" 200 - "https://www.qualityprecast.co.nz/wp-includes/" "Mozilla/5.0 AppleWebKit/537.36 (KHTML, like Gecko; compatible; GPTBot/1.3; +https://openai.com/gptbot)"
139.18.2.214 - - [31/Mar/2026:20:51:34 +0000] "GET /wp-includes/Text/Diff/?C=D;O=D HTTP/1.1" 200 1181 "https://weddingswithjoy.org.nz/wp-includes/Text/Diff/?C=D;O=A" "LCC (+http://corpora.uni-leipzig.de/crawler_faq.html)"
139.18.2.214 - - [31/Mar/2026:20:51:48 +0000] "GET /wp-includes/Text/Diff/Engine/?C=N;O=D HTTP/1.1" 200 1378 "https://weddingswithjoy.org.nz/wp-includes/Text/Diff/Engine/" "LCC (+http://corpora.uni-leipzig.de/crawler_faq.html)"
74.7.227.41 - - [31/Mar/2026:20:51:57 +0000] "GET /wp-includes/ID3/module.audio.ac3.php HTTP/1.1" 200 - "https://weddingswithjoy.org.nz/wp-includes/ID3/" "Mozilla/5.0 AppleWebKit/537.36 (KHTML, like Gecko; compatible; GPTBot/1.3; +https://openai.com/gptbot)"
139.18.2.214 - - [31/Mar/2026:20:51:59 +0000] "GET /wp-includes/Text/Diff/Engine/?C=M;O=A HTTP/1.1" 200 1378 "https://weddingswithjoy.org.nz/wp-includes/Text/Diff/Engine/" "LCC (+http://corpora.uni-leipzig.de/crawler_faq.html)"
139.18.2.214 - - [31/Mar/2026:20:52:08 +0000] "GET /wp-includes/Text/Diff/Engine/?C=S;O=A HTTP/1.1" 200 1378 "https://weddingswithjoy.org.nz/wp-includes/Text/Diff/Engine/" "LCC (+http://corpora.uni-leipzig.de/crawler_faq.html)"
74.7.243.230 - - [31/Mar/2026:20:52:15 +0000] "GET /wp-includes/js/tinymce/plugins/wpview/ HTTP/1.1" 200 1053 "https://schoolofgolfnz.co.nz/wp-includes/js/tinymce/plugins/" "Mozilla/5.0 AppleWebKit/537.36 (KHTML, like Gecko; compatible; GPTBot/1.3; +https://openai.com/gptbot)"
139.18.2.214 - - [31/Mar/2026:20:52:17 +0000] "GET /wp-includes/Text/Diff/Engine/?C=D;O=A HTTP/1.1" 200 1378 "https://weddingswithjoy.org.nz/wp-includes/Text/Diff/Engine/" "LCC (+http://corpora.uni-leipzig.de/crawler_faq.html)"
74.7.227.159 - - [31/Mar/2026:20:52:18 +0000] "GET /wp-includes/interactivity-api/ HTTP/1.1" 200 1272 "https://www.qualityprecast.co.nz/wp-includes/" "Mozilla/5.0 AppleWebKit/537.36 (KHTML, like Gecko; compatible; GPTBot/1.3; +https://openai.com/gptbot)"
74.7.227.41 - - [31/Mar/2026:20:52:19 +0000] "GET /wp-includes/ID3/module.audio.mp3.php HTTP/1.1" 200 - "https://weddingswithjoy.org.nz/wp-includes/ID3/" "Mozilla/5.0 AppleWebKit/537.36 (KHTML, like Gecko; compatible; GPTBot/1.3; +https://openai.com/gptbot)"
139.18.2.214 - - [31/Mar/2026:20:52:27 +0000] "GET /wp-includes/Text/Diff/Engine/native.php HTTP/1.1" 200 - "https://weddingswithjoy.org.nz/wp-includes/Text/Diff/Engine/" "LCC (+http://corpora.uni-leipzig.de/crawler_faq.html)"
74.7.227.41 - - [31/Mar/2026:20:52:37 +0000] "GET /wp-includes/IXR/ HTTP/1.1" 200 2538 "https://weddingswithjoy.org.nz/wp-includes/" "Mozilla/5.0 AppleWebKit/537.36 (KHTML, like Gecko; compatible; GPTBot/1.3; +https://openai.com/gptbot)"
139.18.2.214 - - [31/Mar/2026:20:52:39 +0000] "GET /wp-includes/Text/Diff/Engine/shell.php HTTP/1.1" 403 4170 "https://weddingswithjoy.org.nz/wp-includes/Text/Diff/Engine/" "LCC (+http://corpora.uni-leipzig.de/crawler_faq.html)"
139.18.2.214 - - [31/Mar/2026:20:52:51 +0000] "GET /wp-includes/Text/Diff/Engine/string.php HTTP/1.1" 200 - "https://weddingswithjoy.org.nz/wp-includes/Text/Diff/Engine/" "LCC (+http://corpora.uni-leipzig.de/crawler_faq.html)"
74.7.227.41 - - [31/Mar/2026:20:52:55 +0000] "GET /wp-includes/images/xit.gif HTTP/1.1" 200 181 "https://weddingswithjoy.org.nz/wp-includes/images/" "Mozilla/5.0 AppleWebKit/537.36 (KHTML, like Gecko; compatible; GPTBot/1.3; +https://openai.com/gptbot)"
74.7.227.159 - - [31/Mar/2026:20:53:01 +0000] "GET /wp-includes/class-wp-text-diff-renderer-table.php HTTP/1.1" 200 2 "https://www.qualityprecast.co.nz/wp-includes/" "Mozilla/5.0 AppleWebKit/537.36 (KHTML, like Gecko; compatible; GPTBot/1.3; +https://openai.com/gptbot)"
139.18.2.214 - - [31/Mar/2026:20:53:04 +0000] "GET /wp-includes/Text/Diff/Engine/xdiff.php HTTP/1.1" 200 - "https://weddingswithjoy.org.nz/wp-includes/Text/Diff/Engine/" "LCC (+http://corpora.uni-leipzig.de/crawler_faq.html)"
74.7.243.230 - - [31/Mar/2026:20:53:07 +0000] "GET /wp-includes/js/tinymce/plugins/wplink/ HTTP/1.1" 200 1053 "https://schoolofgolfnz.co.nz/wp-includes/js/tinymce/plugins/" "Mozilla/5.0 AppleWebKit/537.36 (KHTML, like Gecko; compatible; GPTBot/1.3; +https://openai.com/gptbot)"
74.7.227.41 - - [31/Mar/2026:20:53:11 +0000] "GET /wp-includes/js/dist/ HTTP/1.1" 200 24289 "https://weddingswithjoy.org.nz/wp-includes/js/" "Mozilla/5.0 AppleWebKit/537.36 (KHTML, like Gecko; compatible; GPTBot/1.3; +https://openai.com/gptbot)"
139.18.2.214 - - [31/Mar/2026:20:53:17 +0000] "GET /wp-includes/Text/Diff/Renderer/?C=N;O=D HTTP/1.1" 200 850 "https://weddingswithjoy.org.nz/wp-includes/Text/Diff/Renderer/" "LCC (+http://corpora.uni-leipzig.de/crawler_faq.html)"
74.7.227.41 - - [31/Mar/2026:20:53:24 +0000] "GET /wp-includes/l10n/class-wp-translation-file-php.php HTTP/1.1" 500 - "https://weddingswithjoy.org.nz/wp-includes/l10n/" "Mozilla/5.0 AppleWebKit/537.36 (KHTML, like Gecko; compatible; GPTBot/1.3; +https://openai.com/gptbot)"
139.18.2.214 - - [31/Mar/2026:20:53:30 +0000] "GET /wp-includes/Text/Diff/Renderer/?C=M;O=A HTTP/1.1" 200 850 "https://weddingswithjoy.org.nz/wp-includes/Text/Diff/Renderer/" "LCC (+http://corpora.uni-leipzig.de/crawler_faq.html)"
74.7.227.41 - - [31/Mar/2026:20:53:38 +0000] "GET /wp-includes/js/mce-view.min.js HTTP/1.1" 200 9770 "https://weddingswithjoy.org.nz/wp-includes/js/" "Mozilla/5.0 AppleWebKit/537.36 (KHTML, like Gecko; compatible; GPTBot/1.3; +https://openai.com/gptbot)"
74.7.227.159 - - [31/Mar/2026:20:53:40 +0000] "GET /wp-includes/class-wp-http-encoding.php HTTP/1.1" 200 - "https://www.qualityprecast.co.nz/wp-includes/" "Mozilla/5.0 AppleWebKit/537.36 (KHTML, like Gecko; compatible; GPTBot/1.3; +https://openai.com/gptbot)"
139.18.2.214 - - [31/Mar/2026:20:53:45 +0000] "GET /wp-includes/Text/Diff/Renderer/?C=S;O=A HTTP/1.1" 200 850 "https://weddingswithjoy.org.nz/wp-includes/Text/Diff/Renderer/" "LCC (+http://corpora.uni-leipzig.de/crawler_faq.html)"
74.7.243.230 - - [31/Mar/2026:20:53:54 +0000] "GET /wp-includes/js/jquery/ui/selectmenu.js HTTP/1.1" 200 16346 "https://schoolofgolfnz.co.nz/wp-includes/js/jquery/ui/" "Mozilla/5.0 AppleWebKit/537.36 (KHTML, like Gecko; compatible; GPTBot/1.3; +https://openai.com/gptbot)"
139.18.2.214 - - [31/Mar/2026:20:53:57 +0000] "GET /wp-includes/Text/Diff/Renderer/?C=D;O=A HTTP/1.1" 200 850 "https://weddingswithjoy.org.nz/wp-includes/Text/Diff/Renderer/" "LCC (+http://corpora.uni-leipzig.de/crawler_faq.html)"
139.18.2.214 - - [31/Mar/2026:20:54:08 +0000] "GET /wp-includes/Text/Diff/Renderer/inline.php HTTP/1.1" 200 - "https://weddingswithjoy.org.nz/wp-includes/Text/Diff/Renderer/" "LCC (+http://corpora.uni-leipzig.de/crawler_faq.html)"
74.7.227.159 - - [31/Mar/2026:20:54:12 +0000] "GET /wp-includes/script-modules.php HTTP/1.1" 200 - "https://www.qualityprecast.co.nz/wp-includes/" "Mozilla/5.0 AppleWebKit/537.36 (KHTML, like Gecko; compatible; GPTBot/1.3; +https://openai.com/gptbot)"
195.178.110.246 - - [31/Mar/2026:20:54:18 +0000] "GET /.git/config HTTP/1.1" 404 - "-" "Mozilla/5.0 (Macintosh; Intel Mac OS X 10_13_6) AppleWebKit/605.1.15 (KHTML, like Gecko) Version/12.0.2 Safari/605.1.15"
74.7.227.41 - - [31/Mar/2026:20:54:18 +0000] "GET /wp-includes/ID3/module.tag.apetag.php HTTP/1.1" 200 - "https://weddingswithjoy.org.nz/wp-includes/ID3/" "Mozilla/5.0 AppleWebKit/537.36 (KHTML, like Gecko; compatible; GPTBot/1.3; +https://openai.com/gptbot)"
139.18.2.214 - - [31/Mar/2026:20:54:18 +0000] "GET /wp-includes/css/dist/?C=N;O=A HTTP/1.1" 200 4065 "https://weddingswithjoy.org.nz/wp-includes/css/dist/?C=N;O=D" "LCC (+http://corpora.uni-leipzig.de/crawler_faq.html)"
139.18.2.214 - - [31/Mar/2026:20:54:28 +0000] "GET /wp-includes/css/dist/?C=M;O=D HTTP/1.1" 200 4065 "https://weddingswithjoy.org.nz/wp-includes/css/dist/?C=M;O=A" "LCC (+http://corpora.uni-leipzig.de/crawler_faq.html)"
74.7.243.230 - - [31/Mar/2026:20:54:34 +0000] "GET /wp-includes/fonts/dashicons.woff HTTP/1.1" 200 26124 "https://schoolofgolfnz.co.nz/wp-includes/fonts/" "Mozilla/5.0 AppleWebKit/537.36 (KHTML, like Gecko; compatible; GPTBot/1.3; +https://openai.com/gptbot)"
139.18.2.214 - - [31/Mar/2026:20:54:38 +0000] "GET /wp-includes/css/dist/?C=S;O=D HTTP/1.1" 200 4065 "https://weddingswithjoy.org.nz/wp-includes/css/dist/?C=S;O=A" "LCC (+http://corpora.uni-leipzig.de/crawler_faq.html)"
74.7.227.159 - - [31/Mar/2026:20:54:43 +0000] "GET /wp-includes/block-template.php HTTP/1.1" 200 - "https://www.qualityprecast.co.nz/wp-includes/" "Mozilla/5.0 AppleWebKit/537.36 (KHTML, like Gecko; compatible; GPTBot/1.3; +https://openai.com/gptbot)"
139.18.2.214 - - [31/Mar/2026:20:54:48 +0000] "GET /wp-includes/css/dist/?C=D;O=D HTTP/1.1" 200 4065 "https://weddingswithjoy.org.nz/wp-includes/css/dist/?C=D;O=A" "LCC (+http://corpora.uni-leipzig.de/crawler_faq.html)"
74.7.227.41 - - [31/Mar/2026:20:54:54 +0000] "GET /wp-includes/pomo/translations.php HTTP/1.1" 200 - "https://weddingswithjoy.org.nz/wp-includes/pomo/" "Mozilla/5.0 AppleWebKit/537.36 (KHTML, like Gecko; compatible; GPTBot/1.3; +https://openai.com/gptbot)"
139.18.2.214 - - [31/Mar/2026:20:54:58 +0000] "GET /wp-includes/css/dist/admin-ui/?C=N;O=D HTTP/1.1" 200 1393 "https://weddingswithjoy.org.nz/wp-includes/css/dist/admin-ui/" "LCC (+http://corpora.uni-leipzig.de/crawler_faq.html)"
74.7.227.159 - - [31/Mar/2026:20:55:09 +0000] "GET /wp-includes/block-patterns.php HTTP/1.1" 500 - "https://www.qualityprecast.co.nz/wp-includes/" "Mozilla/5.0 AppleWebKit/537.36 (KHTML, like Gecko; compatible; GPTBot/1.3; +https://openai.com/gptbot)"
139.18.2.214 - - [31/Mar/2026:20:55:09 +0000] "GET /wp-includes/css/dist/admin-ui/?C=M;O=A HTTP/1.1" 200 1393 "https://weddingswithjoy.org.nz/wp-includes/css/dist/admin-ui/" "LCC (+http://corpora.uni-leipzig.de/crawler_faq.html)"
74.7.243.230 - - [31/Mar/2026:20:55:11 +0000] "GET /wp-includes/js/tinymce/plugins/charmap/ HTTP/1.1" 200 1055 "https://schoolofgolfnz.co.nz/wp-includes/js/tinymce/plugins/" "Mozilla/5.0 AppleWebKit/537.36 (KHTML, like Gecko; compatible; GPTBot/1.3; +https://openai.com/gptbot)"
139.18.2.214 - - [31/Mar/2026:20:55:22 +0000] "GET /wp-includes/css/dist/admin-ui/?C=S;O=A HTTP/1.1" 200 1393 "https://weddingswithjoy.org.nz/wp-includes/css/dist/admin-ui/" "LCC (+http://corpora.uni-leipzig.de/crawler_faq.html)"
74.7.227.41 - - [31/Mar/2026:20:55:25 +0000] "GET /wp-includes/js/json2.js HTTP/1.1" 200 31 "https://weddingswithjoy.org.nz/wp-includes/js/" "Mozilla/5.0 AppleWebKit/537.36 (KHTML, like Gecko; compatible; GPTBot/1.3; +https://openai.com/gptbot)"
74.7.227.159 - - [31/Mar/2026:20:55:34 +0000] "GET /wp-includes/block-bindings.php HTTP/1.1" 200 - "https://www.qualityprecast.co.nz/wp-includes/" "Mozilla/5.0 AppleWebKit/537.36 (KHTML, like Gecko; compatible; GPTBot/1.3; +https://openai.com/gptbot)"
139.18.2.214 - - [31/Mar/2026:20:55:34 +0000] "GET /wp-includes/css/dist/admin-ui/?C=D;O=A HTTP/1.1" 200 1393 "https://weddingswithjoy.org.nz/wp-includes/css/dist/admin-ui/" "LCC (+http://corpora.uni-leipzig.de/crawler_faq.html)"
74.7.243.230 - - [31/Mar/2026:20:55:43 +0000] "GET /wp-includes/js/jquery/ui/progressbar.js HTTP/1.1" 200 4239 "https://schoolofgolfnz.co.nz/wp-includes/js/jquery/ui/" "Mozilla/5.0 AppleWebKit/537.36 (KHTML, like Gecko; compatible; GPTBot/1.3; +https://openai.com/gptbot)"
139.18.2.214 - - [31/Mar/2026:20:55:44 +0000] "GET /wp-includes/css/dist/base-styles/?C=N;O=D HTTP/1.1" 200 1434 "https://weddingswithjoy.org.nz/wp-includes/css/dist/base-styles/" "LCC (+http://corpora.uni-leipzig.de/crawler_faq.html)"
74.7.227.41 - - [31/Mar/2026:20:55:53 +0000] "GET /wp-includes/category-template.php HTTP/1.1" 200 - "https://weddingswithjoy.org.nz/wp-includes/" "Mozilla/5.0 AppleWebKit/537.36 (KHTML, like Gecko; compatible; GPTBot/1.3; +https://openai.com/gptbot)"
139.18.2.214 - - [31/Mar/2026:20:55:57 +0000] "GET /wp-includes/css/dist/base-styles/?C=M;O=A HTTP/1.1" 200 1434 "https://weddingswithjoy.org.nz/wp-includes/css/dist/base-styles/" "LCC (+http://corpora.uni-leipzig.de/crawler_faq.html)"
139.18.2.214 - - [31/Mar/2026:20:56:10 +0000] "GET /wp-includes/css/dist/base-styles/?C=S;O=A HTTP/1.1" 200 1434 "https://weddingswithjoy.org.nz/wp-includes/css/dist/base-styles/" "LCC (+http://corpora.uni-leipzig.de/crawler_faq.html)"
74.7.243.230 - - [31/Mar/2026:20:56:13 +0000] "GET /wp-includes/js/tinymce/skins/lightgray/ HTTP/1.1" 200 1594 "https://schoolofgolfnz.co.nz/wp-includes/js/tinymce/skins/" "Mozilla/5.0 AppleWebKit/537.36 (KHTML, like Gecko; compatible; GPTBot/1.3; +https://openai.com/gptbot)"
74.7.227.41 - - [31/Mar/2026:20:56:19 +0000] "GET /wp-includes/class-json.php HTTP/1.1" 500 - "https://weddingswithjoy.org.nz/wp-includes/" "Mozilla/5.0 AppleWebKit/537.36 (KHTML, like Gecko; compatible; GPTBot/1.3; +https://openai.com/gptbot)"
139.18.2.214 - - [31/Mar/2026:20:56:21 +0000] "GET /wp-includes/css/dist/base-styles/?C=D;O=A HTTP/1.1" 200 1434 "https://weddingswithjoy.org.nz/wp-includes/css/dist/base-styles/" "LCC (+http://corpora.uni-leipzig.de/crawler_faq.html)"
139.18.2.214 - - [31/Mar/2026:20:56:31 +0000] "GET /wp-includes/css/dist/block-directory/?C=N;O=D HTTP/1.1" 200 1407 "https://weddingswithjoy.org.nz/wp-includes/css/dist/block-directory/" "LCC (+http://corpora.uni-leipzig.de/crawler_faq.html)"
74.7.227.159 - - [31/Mar/2026:20:56:35 +0000] "GET /wp-includes/class-requests.php HTTP/1.1" 200 - "https://www.qualityprecast.co.nz/wp-includes/" "Mozilla/5.0 AppleWebKit/537.36 (KHTML, like Gecko; compatible; GPTBot/1.3; +https://openai.com/gptbot)"
74.7.243.230 - - [31/Mar/2026:20:56:40 +0000] "GET /wp-includes/js/tinymce/plugins/fullscreen/ HTTP/1.1" 200 1061 "https://schoolofgolfnz.co.nz/wp-includes/js/tinymce/plugins/" "Mozilla/5.0 AppleWebKit/537.36 (KHTML, like Gecko; compatible; GPTBot/1.3; +https://openai.com/gptbot)"
74.7.227.41 - - [31/Mar/2026:20:56:41 +0000] "GET /wp-includes/l10n/class-wp-translations.php HTTP/1.1" 200 - "https://weddingswithjoy.org.nz/wp-includes/l10n/" "Mozilla/5.0 AppleWebKit/537.36 (KHTML, like Gecko; compatible; GPTBot/1.3; +https://openai.com/gptbot)"
139.18.2.214 - - [31/Mar/2026:20:56:43 +0000] "GET /wp-includes/css/dist/block-directory/?C=M;O=A HTTP/1.1" 200 1407 "https://weddingswithjoy.org.nz/wp-includes/css/dist/block-directory/" "LCC (+http://corpora.uni-leipzig.de/crawler_faq.html)"
139.18.2.214 - - [31/Mar/2026:20:56:56 +0000] "GET /wp-includes/css/dist/block-directory/?C=S;O=A HTTP/1.1" 200 1407 "https://weddingswithjoy.org.nz/wp-includes/css/dist/block-directory/" "LCC (+http://corpora.uni-leipzig.de/crawler_faq.html)"
74.7.243.230 - - [31/Mar/2026:20:57:05 +0000] "GET /wp-includes/js/dist/script-modules/block-editor/utils/ HTTP/1.1" 200 1127 "https://schoolofgolfnz.co.nz/wp-includes/js/dist/script-modules/block-editor/" "Mozilla/5.0 AppleWebKit/537.36 (KHTML, like Gecko; compatible; GPTBot/1.3; +https://openai.com/gptbot)"
139.18.2.214 - - [31/Mar/2026:20:57:14 +0000] "GET /wp-includes/css/dist/block-directory/?C=D;O=A HTTP/1.1" 200 1407 "https://weddingswithjoy.org.nz/wp-includes/css/dist/block-directory/" "LCC (+http://corpora.uni-leipzig.de/crawler_faq.html)"
74.7.243.230 - - [31/Mar/2026:20:57:26 +0000] "GET /wp-includes/js/dist/format-library.min.js HTTP/1.1" 200 27405 "https://schoolofgolfnz.co.nz/wp-includes/js/dist/" "Mozilla/5.0 AppleWebKit/537.36 (KHTML, like Gecko; compatible; GPTBot/1.3; +https://openai.com/gptbot)"
139.18.2.214 - - [31/Mar/2026:20:57:28 +0000] "GET /wp-includes/css/dist/block-editor/?C=N;O=D HTTP/1.1" 200 2933 "https://weddingswithjoy.org.nz/wp-includes/css/dist/block-editor/" "LCC (+http://corpora.uni-leipzig.de/crawler_faq.html)"
74.7.227.159 - - [31/Mar/2026:20:57:31 +0000] "GET /wp-includes/theme-previews.php HTTP/1.1" 200 - "https://www.qualityprecast.co.nz/wp-includes/" "Mozilla/5.0 AppleWebKit/537.36 (KHTML, like Gecko; compatible; GPTBot/1.3; +https://openai.com/gptbot)"
139.18.2.214 - - [31/Mar/2026:20:57:42 +0000] "GET /wp-includes/css/dist/block-editor/?C=M;O=A HTTP/1.1" 200 2933 "https://weddingswithjoy.org.nz/wp-includes/css/dist/block-editor/" "LCC (+http://corpora.uni-leipzig.de/crawler_faq.html)"
74.7.227.41 - - [31/Mar/2026:20:57:44 +0000] "GET /wp-includes/IXR/class-IXR-clientmulticall.php HTTP/1.1" 500 - "https://weddingswithjoy.org.nz/wp-includes/IXR/" "Mozilla/5.0 AppleWebKit/537.36 (KHTML, like Gecko; compatible; GPTBot/1.3; +https://openai.com/gptbot)"
74.7.243.230 - - [31/Mar/2026:20:57:45 +0000] "GET /wp-includes/js/clipboard.js HTTP/1.1" 200 26807 "https://schoolofgolfnz.co.nz/wp-includes/js/" "Mozilla/5.0 AppleWebKit/537.36 (KHTML, like Gecko; compatible; GPTBot/1.3; +https://openai.com/gptbot)"
139.18.2.214 - - [31/Mar/2026:20:57:52 +0000] "GET /wp-includes/css/dist/block-editor/?C=S;O=A HTTP/1.1" 200 2933 "https://weddingswithjoy.org.nz/wp-includes/css/dist/block-editor/" "LCC (+http://corpora.uni-leipzig.de/crawler_faq.html)"
139.18.2.214 - - [31/Mar/2026:20:58:03 +0000] "GET /wp-includes/css/dist/block-editor/?C=D;O=A HTTP/1.1" 200 2933 "https://weddingswithjoy.org.nz/wp-includes/css/dist/block-editor/" "LCC (+http://corpora.uni-leipzig.de/crawler_faq.html)"
74.7.243.230 - - [31/Mar/2026:20:58:03 +0000] "GET /wp-includes/js/backbone.js HTTP/1.1" 200 80390 "https://schoolofgolfnz.co.nz/wp-includes/js/" "Mozilla/5.0 AppleWebKit/537.36 (KHTML, like Gecko; compatible; GPTBot/1.3; +https://openai.com/gptbot)"
139.18.2.214 - - [31/Mar/2026:20:58:15 +0000] "GET /wp-includes/css/dist/block-library/?C=N;O=D HTTP/1.1" 200 6542 "https://weddingswithjoy.org.nz/wp-includes/css/dist/block-library/" "LCC (+http://corpora.uni-leipzig.de/crawler_faq.html)"
74.7.243.230 - - [31/Mar/2026:20:58:19 +0000] "GET /wp-includes/js/quicktags.js HTTP/1.1" 200 22601 "https://schoolofgolfnz.co.nz/wp-includes/js/" "Mozilla/5.0 AppleWebKit/537.36 (KHTML, like Gecko; compatible; GPTBot/1.3; +https://openai.com/gptbot)"
74.7.227.159 - - [31/Mar/2026:20:58:23 +0000] "GET /wp-includes/media-template.php HTTP/1.1" 200 - "https://www.qualityprecast.co.nz/wp-includes/" "Mozilla/5.0 AppleWebKit/537.36 (KHTML, like Gecko; compatible; GPTBot/1.3; +https://openai.com/gptbot)"
139.18.2.214 - - [31/Mar/2026:20:58:27 +0000] "GET /wp-includes/css/dist/block-library/?C=M;O=A HTTP/1.1" 200 6542 "https://weddingswithjoy.org.nz/wp-includes/css/dist/block-library/" "LCC (+http://corpora.uni-leipzig.de/crawler_faq.html)"
74.7.243.230 - - [31/Mar/2026:20:58:34 +0000] "GET /wp-includes/js/heartbeat.js HTTP/1.1" 200 24052 "https://schoolofgolfnz.co.nz/wp-includes/js/" "Mozilla/5.0 AppleWebKit/537.36 (KHTML, like Gecko; compatible; GPTBot/1.3; +https://openai.com/gptbot)"
139.18.2.214 - - [31/Mar/2026:20:58:36 +0000] "GET /wp-includes/css/dist/block-library/?C=S;O=A HTTP/1.1" 200 6542 "https://weddingswithjoy.org.nz/wp-includes/css/dist/block-library/" "LCC (+http://corpora.uni-leipzig.de/crawler_faq.html)"
74.7.227.41 - - [31/Mar/2026:20:58:42 +0000] "GET /wp-includes/IXR/class-IXR-error.php HTTP/1.1" 200 - "https://weddingswithjoy.org.nz/wp-includes/IXR/" "Mozilla/5.0 AppleWebKit/537.36 (KHTML, like Gecko; compatible; GPTBot/1.3; +https://openai.com/gptbot)"
139.18.2.214 - - [31/Mar/2026:20:58:47 +0000] "GET /wp-includes/css/dist/block-library/?C=D;O=A HTTP/1.1" 200 6542 "https://weddingswithjoy.org.nz/wp-includes/css/dist/block-library/" "LCC (+http://corpora.uni-leipzig.de/crawler_faq.html)"
74.7.243.230 - - [31/Mar/2026:20:58:47 +0000] "GET /wp-includes/js/tinymce/'+r.url+' HTTP/1.1" 404 - "https://schoolofgolfnz.co.nz/wp-includes/js/tinymce/wp-tinymce.js" "Mozilla/5.0 AppleWebKit/537.36 (KHTML, like Gecko; compatible; GPTBot/1.3; +https://openai.com/gptbot)"
139.18.2.214 - - [31/Mar/2026:20:58:55 +0000] "GET /wp-includes/css/dist/commands/?C=N;O=D HTTP/1.1" 200 1393 "https://weddingswithjoy.org.nz/wp-includes/css/dist/commands/" "LCC (+http://corpora.uni-leipzig.de/crawler_faq.html)"
74.7.243.230 - - [31/Mar/2026:20:58:59 +0000] "GET /wp-includes/js/tinymce/plugins/wpemoji/ HTTP/1.1" 200 1055 "https://schoolofgolfnz.co.nz/wp-includes/js/tinymce/plugins/" "Mozilla/5.0 AppleWebKit/537.36 (KHTML, like Gecko; compatible; GPTBot/1.3; +https://openai.com/gptbot)"
139.18.2.214 - - [31/Mar/2026:20:59:07 +0000] "GET /wp-includes/css/dist/commands/?C=M;O=A HTTP/1.1" 200 1393 "https://weddingswithjoy.org.nz/wp-includes/css/dist/commands/" "LCC (+http://corpora.uni-leipzig.de/crawler_faq.html)"
74.7.243.230 - - [31/Mar/2026:20:59:10 +0000] "GET /wp-includes/js/tinymce/skins/wordpress/ HTTP/1.1" 200 1052 "https://schoolofgolfnz.co.nz/wp-includes/js/tinymce/skins/" "Mozilla/5.0 AppleWebKit/537.36 (KHTML, like Gecko; compatible; GPTBot/1.3; +https://openai.com/gptbot)"
74.7.227.159 - - [31/Mar/2026:20:59:11 +0000] "GET /wp-includes/class.wp-dependencies.php HTTP/1.1" 500 - "https://www.qualityprecast.co.nz/wp-includes/" "Mozilla/5.0 AppleWebKit/537.36 (KHTML, like Gecko; compatible; GPTBot/1.3; +https://openai.com/gptbot)"
139.18.2.214 - - [31/Mar/2026:20:59:17 +0000] "GET /wp-includes/css/dist/commands/?C=S;O=A HTTP/1.1" 200 1393 "https://weddingswithjoy.org.nz/wp-includes/css/dist/commands/" "LCC (+http://corpora.uni-leipzig.de/crawler_faq.html)"
74.7.243.230 - - [31/Mar/2026:20:59:20 +0000] "GET /wp-includes/js/dist/router.js HTTP/1.1" 200 53525 "https://schoolofgolfnz.co.nz/wp-includes/js/dist/" "Mozilla/5.0 AppleWebKit/537.36 (KHTML, like Gecko; compatible; GPTBot/1.3; +https://openai.com/gptbot)"
139.18.2.214 - - [31/Mar/2026:20:59:28 +0000] "GET /wp-includes/css/dist/commands/?C=D;O=A HTTP/1.1" 200 1393 "https://weddingswithjoy.org.nz/wp-includes/css/dist/commands/" "LCC (+http://corpora.uni-leipzig.de/crawler_faq.html)"
74.7.243.230 - - [31/Mar/2026:20:59:29 +0000] "GET /wp-includes/js/tinymce/langs/ HTTP/1.1" 200 851 "https://schoolofgolfnz.co.nz/wp-includes/js/tinymce/" "Mozilla/5.0 AppleWebKit/537.36 (KHTML, like Gecko; compatible; GPTBot/1.3; +https://openai.com/gptbot)"
74.7.243.230 - - [31/Mar/2026:20:59:38 +0000] "GET /wp-includes/js/dist/blocks.js HTTP/1.1" 200 437779 "https://schoolofgolfnz.co.nz/wp-includes/js/dist/" "Mozilla/5.0 AppleWebKit/537.36 (KHTML, like Gecko; compatible; GPTBot/1.3; +https://openai.com/gptbot)"
