62.60.131.158 - - [31/Mar/2026:17:07:44 +0000] "GET /author-sitemap.xml HTTP/1.1" 404 - "-" "Go-http-client/1.1"
62.60.131.158 - - [31/Mar/2026:17:07:44 +0000] "GET /wp-json/wp/v2/posts?per_page=20&_embed=author&_fields=_embedded HTTP/1.1" 404 - "-" "Go-http-client/1.1"
62.60.131.158 - - [31/Mar/2026:17:07:44 +0000] "GET /?author=3 HTTP/1.1" 200 4621 "-" "Go-http-client/1.1"
62.60.131.158 - - [31/Mar/2026:17:07:44 +0000] "GET /wp-json/wp/v2/pages?per_page=100&_fields=author HTTP/1.1" 404 - "-" "Go-http-client/1.1"
62.60.131.158 - - [31/Mar/2026:17:07:47 +0000] "GET /wp-json/wp/v2/posts?per_page=20&_embed=author&_fields=_embedded HTTP/1.1" 404 - "-" "Go-http-client/1.1"
62.60.131.158 - - [31/Mar/2026:17:07:47 +0000] "GET /author-sitemap.xml HTTP/1.1" 404 - "-" "Go-http-client/1.1"
62.60.131.158 - - [31/Mar/2026:17:07:47 +0000] "GET /wp-json/wp/v2/posts?per_page=100&_fields=author HTTP/1.1" 404 - "-" "Go-http-client/1.1"
62.60.131.158 - - [31/Mar/2026:17:07:47 +0000] "GET /feed/atom/ HTTP/1.1" 404 - "-" "Go-http-client/1.1"
62.60.131.158 - - [31/Mar/2026:17:07:47 +0000] "GET /wp-json/oembed/1.0/embed?url=https%3A%2F%2Felectricalinspectorschristchurch.co.nz&format=json HTTP/1.1" 404 - "-" "Go-http-client/1.1"
62.60.131.158 - - [31/Mar/2026:17:07:47 +0000] "POST /graphql HTTP/1.1" 404 - "-" "Go-http-client/1.1"
62.60.131.158 - - [31/Mar/2026:17:07:47 +0000] "GET /comments/feed/ HTTP/1.1" 404 - "-" "Go-http-client/1.1"
62.60.131.158 - - [31/Mar/2026:17:07:47 +0000] "GET /feed/ HTTP/1.1" 404 - "-" "Go-http-client/1.1"
62.60.131.158 - - [31/Mar/2026:17:07:47 +0000] "GET /wp-sitemap-users-1.xml HTTP/1.1" 404 - "-" "Go-http-client/1.1"
62.60.131.158 - - [31/Mar/2026:17:07:47 +0000] "GET /wp-json/wp/v2/pages?per_page=100&_fields=author HTTP/1.1" 404 - "-" "Go-http-client/1.1"
62.60.131.158 - - [31/Mar/2026:17:07:50 +0000] "GET /wp-json/wp/v2/posts?per_page=20&_embed=author&_fields=_embedded HTTP/1.1" 404 - "-" "Go-http-client/1.1"
62.60.131.158 - - [31/Mar/2026:17:07:50 +0000] "GET /author-sitemap.xml HTTP/1.1" 404 - "-" "Go-http-client/1.1"
62.60.131.158 - - [31/Mar/2026:17:07:50 +0000] "GET /wp-json/wp/v2/posts?per_page=100&_fields=author HTTP/1.1" 404 - "-" "Go-http-client/1.1"
62.60.131.158 - - [31/Mar/2026:17:07:50 +0000] "GET /feed/atom/ HTTP/1.1" 404 - "-" "Go-http-client/1.1"
62.60.131.158 - - [31/Mar/2026:17:07:50 +0000] "POST /graphql HTTP/1.1" 404 - "-" "Go-http-client/1.1"
62.60.131.158 - - [31/Mar/2026:17:07:50 +0000] "GET /comments/feed/ HTTP/1.1" 404 - "-" "Go-http-client/1.1"
62.60.131.158 - - [31/Mar/2026:17:07:50 +0000] "GET /wp-json/oembed/1.0/embed?url=https%3A%2F%2Felectricalinspectorschristchurch.co.nz&format=json HTTP/1.1" 404 - "-" "Go-http-client/1.1"
62.60.131.158 - - [31/Mar/2026:17:07:53 +0000] "GET /wp-json/wp/v2/pages?per_page=100&_fields=author HTTP/1.1" 404 - "-" "Go-http-client/1.1"
62.60.131.158 - - [31/Mar/2026:17:07:53 +0000] "GET /author-sitemap.xml HTTP/1.1" 404 - "-" "Go-http-client/1.1"
62.60.131.158 - - [31/Mar/2026:17:07:53 +0000] "GET /wp-sitemap-users-1.xml HTTP/1.1" 404 - "-" "Go-http-client/1.1"
62.60.131.158 - - [31/Mar/2026:17:07:53 +0000] "GET /wp-json/wp/v2/posts?per_page=20&_embed=author&_fields=_embedded HTTP/1.1" 404 - "-" "Go-http-client/1.1"
62.60.131.158 - - [31/Mar/2026:17:07:53 +0000] "GET /wp-json/wp/v2/posts?per_page=100&_fields=author HTTP/1.1" 404 - "-" "Go-http-client/1.1"
62.60.131.158 - - [31/Mar/2026:17:07:53 +0000] "GET /feed/ HTTP/1.1" 404 - "-" "Go-http-client/1.1"
62.60.131.158 - - [31/Mar/2026:17:07:55 +0000] "GET /comments/feed/ HTTP/1.1" 404 - "-" "Go-http-client/1.1"
139.18.2.214 - - [31/Mar/2026:17:07:55 +0000] "GET /wp-load.php HTTP/1.1" 200 - "https://weddingswithjoy.org.nz/?utm_source=www.myweddingguide.co.nz&utm_medium=website&utm_content=services_link&utm_campaign=listing" "LCC (+http://corpora.uni-leipzig.de/crawler_faq.html)"
62.60.131.158 - - [31/Mar/2026:17:07:56 +0000] "GET /wp-json/oembed/1.0/embed?url=https%3A%2F%2Felectricalinspectorschristchurch.co.nz&format=json HTTP/1.1" 404 - "-" "Go-http-client/1.1"
62.60.131.158 - - [31/Mar/2026:17:07:56 +0000] "GET /feed/atom/ HTTP/1.1" 404 - "-" "Go-http-client/1.1"
62.60.131.158 - - [31/Mar/2026:17:07:56 +0000] "POST /graphql HTTP/1.1" 404 - "-" "Go-http-client/1.1"
62.60.131.158 - - [31/Mar/2026:17:07:56 +0000] "GET /wp-json/wp/v2/users?per_page=100&_fields=slug HTTP/1.1" 404 - "-" "Go-http-client/1.1"
62.60.131.158 - - [31/Mar/2026:17:07:56 +0000] "POST /api/graphql HTTP/1.1" 404 - "-" "Go-http-client/1.1"
62.60.131.158 - - [31/Mar/2026:17:07:59 +0000] "GET /wp-json/wp/v2/users?per_page=100&_fields=slug HTTP/1.1" 404 - "-" "Go-http-client/1.1"
62.60.131.158 - - [31/Mar/2026:17:07:59 +0000] "GET /feed/ HTTP/1.1" 404 - "-" "Go-http-client/1.1"
62.60.131.158 - - [31/Mar/2026:17:07:59 +0000] "POST /api/graphql HTTP/1.1" 404 - "-" "Go-http-client/1.1"
74.7.243.230 - - [31/Mar/2026:17:08:00 +0000] "GET /wp-includes/customize/class-wp-customize-filter-setting.php HTTP/1.1" 500 - "https://schoolofgolfnz.co.nz/wp-includes/customize/" "Mozilla/5.0 AppleWebKit/537.36 (KHTML, like Gecko; compatible; GPTBot/1.3; +https://openai.com/gptbot)"
62.60.131.158 - - [31/Mar/2026:17:08:01 +0000] "GET /wp-json/wp/v2/pages?per_page=100&_fields=author HTTP/1.1" 404 - "-" "Go-http-client/1.1"
62.60.131.158 - - [31/Mar/2026:17:08:01 +0000] "GET /wp-sitemap-users-1.xml HTTP/1.1" 404 - "-" "Go-http-client/1.1"
62.60.131.158 - - [31/Mar/2026:17:08:03 +0000] "GET /wp-json/wp/v2/users?per_page=100&_fields=slug HTTP/1.1" 404 - "-" "Go-http-client/1.1"
139.18.2.214 - - [31/Mar/2026:17:08:05 +0000] "GET /wp-login.php HTTP/1.1" 200 5581 "https://weddingswithjoy.org.nz/?utm_source=www.myweddingguide.co.nz&utm_medium=website&utm_content=services_link&utm_campaign=listing" "LCC (+http://corpora.uni-leipzig.de/crawler_faq.html)"
62.60.131.158 - - [31/Mar/2026:17:08:06 +0000] "POST /api/graphql HTTP/1.1" 404 - "-" "Go-http-client/1.1"
62.60.131.158 - - [31/Mar/2026:17:08:09 +0000] "GET /wp-json/wp/v2/users?per_page=100&_fields=slug HTTP/1.1" 404 - "-" "Go-http-client/1.1"
62.60.131.158 - - [31/Mar/2026:17:08:11 +0000] "POST /api/graphql HTTP/1.1" 404 - "-" "Go-http-client/1.1"
74.7.227.41 - - [31/Mar/2026:17:08:16 +0000] "GET /wp-includes/block-supports/elements.php HTTP/1.1" 500 - "https://weddingswithjoy.org.nz/wp-includes/block-supports/" "Mozilla/5.0 AppleWebKit/537.36 (KHTML, like Gecko; compatible; GPTBot/1.3; +https://openai.com/gptbot)"
139.18.2.214 - - [31/Mar/2026:17:08:17 +0000] "GET /wp-mail.php HTTP/1.1" 403 2520 "https://weddingswithjoy.org.nz/?utm_source=www.myweddingguide.co.nz&utm_medium=website&utm_content=services_link&utm_campaign=listing" "LCC (+http://corpora.uni-leipzig.de/crawler_faq.html)"
139.18.2.214 - - [31/Mar/2026:17:08:29 +0000] "GET /wp-settings.php HTTP/1.1" 500 - "https://weddingswithjoy.org.nz/?utm_source=www.myweddingguide.co.nz&utm_medium=website&utm_content=services_link&utm_campaign=listing" "LCC (+http://corpora.uni-leipzig.de/crawler_faq.html)"
139.18.2.214 - - [31/Mar/2026:17:08:42 +0000] "GET /wp-signup.php HTTP/1.1" 302 - "https://weddingswithjoy.org.nz/?utm_source=www.myweddingguide.co.nz&utm_medium=website&utm_content=services_link&utm_campaign=listing" "LCC (+http://corpora.uni-leipzig.de/crawler_faq.html)"
139.18.2.214 - - [31/Mar/2026:17:08:57 +0000] "GET /wp-trackback.php HTTP/1.1" 404 135 "https://weddingswithjoy.org.nz/?utm_source=www.myweddingguide.co.nz&utm_medium=website&utm_content=services_link&utm_campaign=listing" "LCC (+http://corpora.uni-leipzig.de/crawler_faq.html)"
74.7.243.230 - - [31/Mar/2026:17:09:00 +0000] "GET /wp-includes/rest-api/endpoints/class-wp-rest-search-controller.php HTTP/1.1" 500 - "https://schoolofgolfnz.co.nz/wp-includes/rest-api/endpoints/" "Mozilla/5.0 AppleWebKit/537.36 (KHTML, like Gecko; compatible; GPTBot/1.3; +https://openai.com/gptbot)"
170.106.180.153 - - [31/Mar/2026:17:09:09 +0000] "GET /google79ea90e038e6acd3.html HTTP/1.1" 200 53 "-" "Mozilla/5.0 (iPhone; CPU iPhone OS 13_2_3 like Mac OS X) AppleWebKit/605.1.15 (KHTML, like Gecko) Version/13.0.3 Mobile/15E148 Safari/604.1"
139.18.2.214 - - [31/Mar/2026:17:09:12 +0000] "GET /xmlrpc.php HTTP/1.1" 405 42 "https://weddingswithjoy.org.nz/?utm_source=www.myweddingguide.co.nz&utm_medium=website&utm_content=services_link&utm_campaign=listing" "LCC (+http://corpora.uni-leipzig.de/crawler_faq.html)"
74.7.227.41 - - [31/Mar/2026:17:09:18 +0000] "GET /wp-includes/block-supports/settings.php HTTP/1.1" 500 - "https://weddingswithjoy.org.nz/wp-includes/block-supports/" "Mozilla/5.0 AppleWebKit/537.36 (KHTML, like Gecko; compatible; GPTBot/1.3; +https://openai.com/gptbot)"
139.18.2.214 - - [31/Mar/2026:17:09:23 +0000] "GET /asdasd/?C=N;O=D HTTP/1.1" 200 602 "https://weddingswithjoy.org.nz/asdasd/" "LCC (+http://corpora.uni-leipzig.de/crawler_faq.html)"
139.18.2.214 - - [31/Mar/2026:17:09:36 +0000] "GET /asdasd/?C=M;O=A HTTP/1.1" 200 602 "https://weddingswithjoy.org.nz/asdasd/" "LCC (+http://corpora.uni-leipzig.de/crawler_faq.html)"
139.18.2.214 - - [31/Mar/2026:17:09:48 +0000] "GET /asdasd/?C=S;O=A HTTP/1.1" 200 602 "https://weddingswithjoy.org.nz/asdasd/" "LCC (+http://corpora.uni-leipzig.de/crawler_faq.html)"
139.18.2.214 - - [31/Mar/2026:17:10:00 +0000] "GET /asdasd/?C=D;O=A HTTP/1.1" 200 602 "https://weddingswithjoy.org.nz/asdasd/" "LCC (+http://corpora.uni-leipzig.de/crawler_faq.html)"
74.7.243.230 - - [31/Mar/2026:17:10:01 +0000] "GET /wp-includes/rest-api/endpoints/class-wp-rest-site-health-controller.php HTTP/1.1" 500 - "https://schoolofgolfnz.co.nz/wp-includes/rest-api/endpoints/" "Mozilla/5.0 AppleWebKit/537.36 (KHTML, like Gecko; compatible; GPTBot/1.3; +https://openai.com/gptbot)"
139.18.2.214 - - [31/Mar/2026:17:10:10 +0000] "GET /wp-includes/?C=N;O=D HTTP/1.1" 200 52987 "https://weddingswithjoy.org.nz/wp-includes/" "LCC (+http://corpora.uni-leipzig.de/crawler_faq.html)"
74.7.227.41 - - [31/Mar/2026:17:10:19 +0000] "GET /wp-includes/block-supports/position.php HTTP/1.1" 500 - "https://weddingswithjoy.org.nz/wp-includes/block-supports/" "Mozilla/5.0 AppleWebKit/537.36 (KHTML, like Gecko; compatible; GPTBot/1.3; +https://openai.com/gptbot)"
139.18.2.214 - - [31/Mar/2026:17:10:30 +0000] "GET /wp-includes/?C=M;O=A HTTP/1.1" 200 52987 "https://weddingswithjoy.org.nz/wp-includes/" "LCC (+http://corpora.uni-leipzig.de/crawler_faq.html)"
139.18.2.214 - - [31/Mar/2026:17:10:45 +0000] "GET /wp-includes/?C=S;O=A HTTP/1.1" 200 52987 "https://weddingswithjoy.org.nz/wp-includes/" "LCC (+http://corpora.uni-leipzig.de/crawler_faq.html)"
139.18.2.214 - - [31/Mar/2026:17:11:01 +0000] "GET /wp-includes/?C=D;O=A HTTP/1.1" 200 52987 "https://weddingswithjoy.org.nz/wp-includes/" "LCC (+http://corpora.uni-leipzig.de/crawler_faq.html)"
74.7.243.230 - - [31/Mar/2026:17:11:03 +0000] "GET /wp-includes/rest-api/endpoints/class-wp-rest-edit-site-export-controller.php HTTP/1.1" 500 - "https://schoolofgolfnz.co.nz/wp-includes/rest-api/endpoints/" "Mozilla/5.0 AppleWebKit/537.36 (KHTML, like Gecko; compatible; GPTBot/1.3; +https://openai.com/gptbot)"
139.18.2.214 - - [31/Mar/2026:17:11:20 +0000] "GET /wp-includes/ID3/ HTTP/1.1" 200 4042 "https://weddingswithjoy.org.nz/wp-includes/" "LCC (+http://corpora.uni-leipzig.de/crawler_faq.html)"
74.7.227.41 - - [31/Mar/2026:17:11:25 +0000] "GET /wp-includes/block-supports/duotone.php HTTP/1.1" 500 - "https://weddingswithjoy.org.nz/wp-includes/block-supports/" "Mozilla/5.0 AppleWebKit/537.36 (KHTML, like Gecko; compatible; GPTBot/1.3; +https://openai.com/gptbot)"
139.18.2.214 - - [31/Mar/2026:17:11:31 +0000] "GET /wp-includes/IXR/ HTTP/1.1" 200 2538 "https://weddingswithjoy.org.nz/wp-includes/" "LCC (+http://corpora.uni-leipzig.de/crawler_faq.html)"
139.18.2.214 - - [31/Mar/2026:17:11:40 +0000] "GET /wp-includes/PHPMailer/ HTTP/1.1" 200 1912 "https://weddingswithjoy.org.nz/wp-includes/" "LCC (+http://corpora.uni-leipzig.de/crawler_faq.html)"
139.18.2.214 - - [31/Mar/2026:17:11:51 +0000] "GET /wp-includes/Requests/ HTTP/1.1" 200 990 "https://weddingswithjoy.org.nz/wp-includes/" "LCC (+http://corpora.uni-leipzig.de/crawler_faq.html)"
139.18.2.214 - - [31/Mar/2026:17:12:02 +0000] "GET /wp-includes/SimplePie/ HTTP/1.1" 200 1174 "https://weddingswithjoy.org.nz/wp-includes/" "LCC (+http://corpora.uni-leipzig.de/crawler_faq.html)"
74.7.243.230 - - [31/Mar/2026:17:12:07 +0000] "GET /wp-includes/rest-api/endpoints/class-wp-rest-controller.php HTTP/1.1" 200 - "https://schoolofgolfnz.co.nz/wp-includes/rest-api/endpoints/" "Mozilla/5.0 AppleWebKit/537.36 (KHTML, like Gecko; compatible; GPTBot/1.3; +https://openai.com/gptbot)"
139.18.2.214 - - [31/Mar/2026:17:12:14 +0000] "GET /wp-includes/Text/ HTTP/1.1" 200 1164 "https://weddingswithjoy.org.nz/wp-includes/" "LCC (+http://corpora.uni-leipzig.de/crawler_faq.html)"
139.18.2.214 - - [31/Mar/2026:17:12:25 +0000] "GET /wp-includes/abilities-api.php HTTP/1.1" 200 - "https://weddingswithjoy.org.nz/wp-includes/" "LCC (+http://corpora.uni-leipzig.de/crawler_faq.html)"
74.7.227.41 - - [31/Mar/2026:17:12:27 +0000] "GET /wp-includes/sodium_compat/autoload.php HTTP/1.1" 200 - "https://weddingswithjoy.org.nz/wp-includes/sodium_compat/" "Mozilla/5.0 AppleWebKit/537.36 (KHTML, like Gecko; compatible; GPTBot/1.3; +https://openai.com/gptbot)"
139.18.2.214 - - [31/Mar/2026:17:12:38 +0000] "GET /wp-includes/abilities-api/ HTTP/1.1" 200 1453 "https://weddingswithjoy.org.nz/wp-includes/" "LCC (+http://corpora.uni-leipzig.de/crawler_faq.html)"
139.18.2.214 - - [31/Mar/2026:17:12:47 +0000] "GET /wp-includes/abilities.php HTTP/1.1" 200 - "https://weddingswithjoy.org.nz/wp-includes/" "LCC (+http://corpora.uni-leipzig.de/crawler_faq.html)"
139.18.2.214 - - [31/Mar/2026:17:12:57 +0000] "GET /wp-includes/admin-bar.php HTTP/1.1" 200 - "https://weddingswithjoy.org.nz/wp-includes/" "LCC (+http://corpora.uni-leipzig.de/crawler_faq.html)"
74.7.243.230 - - [31/Mar/2026:17:13:07 +0000] "GET /wp-includes/rest-api/endpoints/class-wp-rest-users-controller.php HTTP/1.1" 500 - "https://schoolofgolfnz.co.nz/wp-includes/rest-api/endpoints/" "Mozilla/5.0 AppleWebKit/537.36 (KHTML, like Gecko; compatible; GPTBot/1.3; +https://openai.com/gptbot)"
139.18.2.214 - - [31/Mar/2026:17:13:10 +0000] "GET /wp-includes/assets/ HTTP/1.1" 200 2280 "https://weddingswithjoy.org.nz/wp-includes/" "LCC (+http://corpora.uni-leipzig.de/crawler_faq.html)"
139.18.2.214 - - [31/Mar/2026:17:13:22 +0000] "GET /wp-includes/atomlib.php HTTP/1.1" 200 - "https://weddingswithjoy.org.nz/wp-includes/" "LCC (+http://corpora.uni-leipzig.de/crawler_faq.html)"
74.7.227.41 - - [31/Mar/2026:17:13:31 +0000] "GET /wp-includes/block-supports/spacing.php HTTP/1.1" 500 - "https://weddingswithjoy.org.nz/wp-includes/block-supports/" "Mozilla/5.0 AppleWebKit/537.36 (KHTML, like Gecko; compatible; GPTBot/1.3; +https://openai.com/gptbot)"
139.18.2.214 - - [31/Mar/2026:17:13:34 +0000] "GET /wp-includes/author-template.php HTTP/1.1" 200 - "https://weddingswithjoy.org.nz/wp-includes/" "LCC (+http://corpora.uni-leipzig.de/crawler_faq.html)"
139.18.2.214 - - [31/Mar/2026:17:13:46 +0000] "GET /wp-includes/block-bindings.php HTTP/1.1" 200 - "https://weddingswithjoy.org.nz/wp-includes/" "LCC (+http://corpora.uni-leipzig.de/crawler_faq.html)"
139.18.2.214 - - [31/Mar/2026:17:13:57 +0000] "GET /wp-includes/block-bindings/ HTTP/1.1" 200 1386 "https://weddingswithjoy.org.nz/wp-includes/" "LCC (+http://corpora.uni-leipzig.de/crawler_faq.html)"
74.7.243.230 - - [31/Mar/2026:17:14:02 +0000] "GET /wp-includes/rest-api/endpoints/class-wp-rest-posts-controller.php HTTP/1.1" 500 - "https://schoolofgolfnz.co.nz/wp-includes/rest-api/endpoints/" "Mozilla/5.0 AppleWebKit/537.36 (KHTML, like Gecko; compatible; GPTBot/1.3; +https://openai.com/gptbot)"
139.18.2.214 - - [31/Mar/2026:17:14:06 +0000] "GET /wp-includes/block-editor.php HTTP/1.1" 200 - "https://weddingswithjoy.org.nz/wp-includes/" "LCC (+http://corpora.uni-leipzig.de/crawler_faq.html)"
139.18.2.214 - - [31/Mar/2026:17:14:17 +0000] "GET /wp-includes/block-i18n.json HTTP/1.1" 200 316 "https://weddingswithjoy.org.nz/wp-includes/" "LCC (+http://corpora.uni-leipzig.de/crawler_faq.html)"
74.7.227.41 - - [31/Mar/2026:17:14:25 +0000] "GET /wp-includes/block-supports/layout.php HTTP/1.1" 500 - "https://weddingswithjoy.org.nz/wp-includes/block-supports/" "Mozilla/5.0 AppleWebKit/537.36 (KHTML, like Gecko; compatible; GPTBot/1.3; +https://openai.com/gptbot)"
139.18.2.214 - - [31/Mar/2026:17:14:26 +0000] "GET /wp-includes/block-patterns.php HTTP/1.1" 500 - "https://weddingswithjoy.org.nz/wp-includes/" "LCC (+http://corpora.uni-leipzig.de/crawler_faq.html)"
139.18.2.214 - - [31/Mar/2026:17:14:35 +0000] "GET /wp-includes/block-patterns/ HTTP/1.1" 200 2015 "https://weddingswithjoy.org.nz/wp-includes/" "LCC (+http://corpora.uni-leipzig.de/crawler_faq.html)"
139.18.2.214 - - [31/Mar/2026:17:14:45 +0000] "GET /wp-includes/block-supports/ HTTP/1.1" 200 4110 "https://weddingswithjoy.org.nz/wp-includes/" "LCC (+http://corpora.uni-leipzig.de/crawler_faq.html)"
139.18.2.214 - - [31/Mar/2026:17:15:01 +0000] "GET /wp-includes/block-template-utils.php HTTP/1.1" 200 - "https://weddingswithjoy.org.nz/wp-includes/" "LCC (+http://corpora.uni-leipzig.de/crawler_faq.html)"
74.7.243.230 - - [31/Mar/2026:17:15:07 +0000] "GET /wp-includes/sodium_compat/src/SodiumException.php HTTP/1.1" 200 - "https://schoolofgolfnz.co.nz/wp-includes/sodium_compat/src/" "Mozilla/5.0 AppleWebKit/537.36 (KHTML, like Gecko; compatible; GPTBot/1.3; +https://openai.com/gptbot)"
139.18.2.214 - - [31/Mar/2026:17:15:14 +0000] "GET /wp-includes/block-template.php HTTP/1.1" 200 - "https://weddingswithjoy.org.nz/wp-includes/" "LCC (+http://corpora.uni-leipzig.de/crawler_faq.html)"
139.18.2.214 - - [31/Mar/2026:17:15:26 +0000] "GET /wp-includes/blocks.php HTTP/1.1" 200 - "https://weddingswithjoy.org.nz/wp-includes/" "LCC (+http://corpora.uni-leipzig.de/crawler_faq.html)"
74.7.227.41 - - [31/Mar/2026:17:15:31 +0000] "GET /wp-includes/block-supports/shadow.php HTTP/1.1" 500 - "https://weddingswithjoy.org.nz/wp-includes/block-supports/" "Mozilla/5.0 AppleWebKit/537.36 (KHTML, like Gecko; compatible; GPTBot/1.3; +https://openai.com/gptbot)"
139.18.2.214 - - [31/Mar/2026:17:15:35 +0000] "GET /wp-includes/blocks/ HTTP/1.1" 200 2 "https://weddingswithjoy.org.nz/wp-includes/" "LCC (+http://corpora.uni-leipzig.de/crawler_faq.html)"
139.18.2.214 - - [31/Mar/2026:17:15:47 +0000] "GET /wp-includes/bookmark-template.php HTTP/1.1" 200 - "https://weddingswithjoy.org.nz/wp-includes/" "LCC (+http://corpora.uni-leipzig.de/crawler_faq.html)"
139.18.2.214 - - [31/Mar/2026:17:16:00 +0000] "GET /wp-includes/bookmark.php HTTP/1.1" 200 - "https://weddingswithjoy.org.nz/wp-includes/" "LCC (+http://corpora.uni-leipzig.de/crawler_faq.html)"
139.18.2.214 - - [31/Mar/2026:17:16:10 +0000] "GET /wp-includes/cache-compat.php HTTP/1.1" 200 - "https://weddingswithjoy.org.nz/wp-includes/" "LCC (+http://corpora.uni-leipzig.de/crawler_faq.html)"
74.7.243.230 - - [31/Mar/2026:17:16:13 +0000] "GET /wp-includes/sodium_compat/src/Crypto.php HTTP/1.1" 200 - "https://schoolofgolfnz.co.nz/wp-includes/sodium_compat/src/" "Mozilla/5.0 AppleWebKit/537.36 (KHTML, like Gecko; compatible; GPTBot/1.3; +https://openai.com/gptbot)"
139.18.2.214 - - [31/Mar/2026:17:16:21 +0000] "GET /wp-includes/cache.php HTTP/1.1" 500 - "https://weddingswithjoy.org.nz/wp-includes/" "LCC (+http://corpora.uni-leipzig.de/crawler_faq.html)"
139.18.2.214 - - [31/Mar/2026:17:16:30 +0000] "GET /wp-includes/canonical.php HTTP/1.1" 200 - "https://weddingswithjoy.org.nz/wp-includes/" "LCC (+http://corpora.uni-leipzig.de/crawler_faq.html)"
74.7.227.41 - - [31/Mar/2026:17:16:36 +0000] "GET /wp-includes/block-supports/colors.php HTTP/1.1" 500 - "https://weddingswithjoy.org.nz/wp-includes/block-supports/" "Mozilla/5.0 AppleWebKit/537.36 (KHTML, like Gecko; compatible; GPTBot/1.3; +https://openai.com/gptbot)"
139.18.2.214 - - [31/Mar/2026:17:16:43 +0000] "GET /wp-includes/capabilities.php HTTP/1.1" 200 - "https://weddingswithjoy.org.nz/wp-includes/" "LCC (+http://corpora.uni-leipzig.de/crawler_faq.html)"
139.18.2.214 - - [31/Mar/2026:17:16:53 +0000] "GET /wp-includes/category-template.php HTTP/1.1" 200 - "https://weddingswithjoy.org.nz/wp-includes/" "LCC (+http://corpora.uni-leipzig.de/crawler_faq.html)"
139.18.2.214 - - [31/Mar/2026:17:17:03 +0000] "GET /wp-includes/category.php HTTP/1.1" 200 - "https://weddingswithjoy.org.nz/wp-includes/" "LCC (+http://corpora.uni-leipzig.de/crawler_faq.html)"
74.7.243.230 - - [31/Mar/2026:17:17:08 +0000] "GET /wp-includes/sodium_compat/src/Crypto32.php HTTP/1.1" 200 - "https://schoolofgolfnz.co.nz/wp-includes/sodium_compat/src/" "Mozilla/5.0 AppleWebKit/537.36 (KHTML, like Gecko; compatible; GPTBot/1.3; +https://openai.com/gptbot)"
139.18.2.214 - - [31/Mar/2026:17:17:15 +0000] "GET /wp-includes/certificates/ HTTP/1.1" 200 831 "https://weddingswithjoy.org.nz/wp-includes/" "LCC (+http://corpora.uni-leipzig.de/crawler_faq.html)"
139.18.2.214 - - [31/Mar/2026:17:17:26 +0000] "GET /wp-includes/class-IXR.php HTTP/1.1" 200 2 "https://weddingswithjoy.org.nz/wp-includes/" "LCC (+http://corpora.uni-leipzig.de/crawler_faq.html)"
139.18.2.214 - - [31/Mar/2026:17:17:36 +0000] "GET /wp-includes/class-avif-info.php HTTP/1.1" 200 - "https://weddingswithjoy.org.nz/wp-includes/" "LCC (+http://corpora.uni-leipzig.de/crawler_faq.html)"
74.7.227.41 - - [31/Mar/2026:17:17:37 +0000] "GET /wp-includes/block-supports/utils.php HTTP/1.1" 200 - "https://weddingswithjoy.org.nz/wp-includes/block-supports/" "Mozilla/5.0 AppleWebKit/537.36 (KHTML, like Gecko; compatible; GPTBot/1.3; +https://openai.com/gptbot)"
23.101.8.77 - - [31/Mar/2026:17:17:42 +0000] "GET /wp-admin/css/ HTTP/1.1" 200 19369 "-" "Mozilla/5.0 (Windows NT 10.0; Win64; x64) AppleWebKit/537.36 (KHTML, like Gecko) Chrome/120.0.0.0 Safari/537.36"
23.101.8.77 - - [31/Mar/2026:17:17:42 +0000] "GET /wp-includes/widgets/ HTTP/1.1" 200 4621 "-" "Mozilla/5.0 (Windows NT 10.0; Win64; x64) AppleWebKit/537.36 (KHTML, like Gecko) Chrome/120.0.0.0 Safari/537.36"
23.101.8.77 - - [31/Mar/2026:17:17:42 +0000] "GET /1.php HTTP/1.1" 404 16 "-" "Mozilla/5.0 (Windows NT 10.0; Win64; x64) AppleWebKit/537.36 (KHTML, like Gecko) Chrome/120.0.0.0 Safari/537.36"
23.101.8.77 - - [31/Mar/2026:17:17:42 +0000] "GET /403.php HTTP/1.1" 404 16 "-" "Mozilla/5.0 (Windows NT 10.0; Win64; x64) AppleWebKit/537.36 (KHTML, like Gecko) Chrome/120.0.0.0 Safari/537.36"
23.101.8.77 - - [31/Mar/2026:17:17:42 +0000] "GET /wp-includes/assets/autoload_classmap.php HTTP/1.1" 403 4170 "-" "Mozilla/5.0 (Windows NT 10.0; Win64; x64) AppleWebKit/537.36 (KHTML, like Gecko) Chrome/120.0.0.0 Safari/537.36"
23.101.8.77 - - [31/Mar/2026:17:17:42 +0000] "GET /wp-includes/rest-api/endpoints/ HTTP/1.1" 200 9993 "-" "Mozilla/5.0 (Windows NT 10.0; Win64; x64) AppleWebKit/537.36 (KHTML, like Gecko) Chrome/120.0.0.0 Safari/537.36"
23.101.8.77 - - [31/Mar/2026:17:17:43 +0000] "GET /xmrlpc.php HTTP/1.1" 404 16 "-" "Mozilla/5.0 (Windows NT 10.0; Win64; x64) AppleWebKit/537.36 (KHTML, like Gecko) Chrome/120.0.0.0 Safari/537.36"
23.101.8.77 - - [31/Mar/2026:17:17:43 +0000] "GET /13.php HTTP/1.1" 404 16 "-" "Mozilla/5.0 (Windows NT 10.0; Win64; x64) AppleWebKit/537.36 (KHTML, like Gecko) Chrome/120.0.0.0 Safari/537.36"
23.101.8.77 - - [31/Mar/2026:17:17:43 +0000] "GET /wp-content/themes/about.php HTTP/1.1" 404 - "-" "Mozilla/5.0 (Windows NT 10.0; Win64; x64) AppleWebKit/537.36 (KHTML, like Gecko) Chrome/120.0.0.0 Safari/537.36"
23.101.8.77 - - [31/Mar/2026:17:17:43 +0000] "GET /wp-includes/fonts/about.php HTTP/1.1" 404 16 "-" "Mozilla/5.0 (Windows NT 10.0; Win64; x64) AppleWebKit/537.36 (KHTML, like Gecko) Chrome/120.0.0.0 Safari/537.36"
23.101.8.77 - - [31/Mar/2026:17:17:43 +0000] "GET /wp-includes/sodium_compat/src/ HTTP/1.1" 200 2095 "-" "Mozilla/5.0 (Windows NT 10.0; Win64; x64) AppleWebKit/537.36 (KHTML, like Gecko) Chrome/120.0.0.0 Safari/537.36"
23.101.8.77 - - [31/Mar/2026:17:17:43 +0000] "GET /adminfuns.php HTTP/1.1" 404 16 "-" "Mozilla/5.0 (Windows NT 10.0; Win64; x64) AppleWebKit/537.36 (KHTML, like Gecko) Chrome/120.0.0.0 Safari/537.36"
23.101.8.77 - - [31/Mar/2026:17:17:44 +0000] "GET /wp-includes/ID3/index.php HTTP/1.1" 404 16 "-" "Mozilla/5.0 (Windows NT 10.0; Win64; x64) AppleWebKit/537.36 (KHTML, like Gecko) Chrome/120.0.0.0 Safari/537.36"
23.101.8.77 - - [31/Mar/2026:17:17:44 +0000] "GET /wp-admin/function.php HTTP/1.1" 404 16 "-" "Mozilla/5.0 (Windows NT 10.0; Win64; x64) AppleWebKit/537.36 (KHTML, like Gecko) Chrome/120.0.0.0 Safari/537.36"
23.101.8.77 - - [31/Mar/2026:17:17:44 +0000] "GET /wp-includes/Requests/Cookie/ HTTP/1.1" 404 - "-" "Mozilla/5.0 (Windows NT 10.0; Win64; x64) AppleWebKit/537.36 (KHTML, like Gecko) Chrome/120.0.0.0 Safari/537.36"
23.101.8.77 - - [31/Mar/2026:17:17:44 +0000] "GET /wp-cron.php HTTP/1.1" 200 - "-" "Mozilla/5.0 (Windows NT 10.0; Win64; x64) AppleWebKit/537.36 (KHTML, like Gecko) Chrome/120.0.0.0 Safari/537.36"
23.101.8.77 - - [31/Mar/2026:17:17:44 +0000] "GET /go.php HTTP/1.1" 404 16 "-" "Mozilla/5.0 (Windows NT 10.0; Win64; x64) AppleWebKit/537.36 (KHTML, like Gecko) Chrome/120.0.0.0 Safari/537.36"
23.101.8.77 - - [31/Mar/2026:17:17:44 +0000] "GET /classsmtps.php HTTP/1.1" 404 16 "-" "Mozilla/5.0 (Windows NT 10.0; Win64; x64) AppleWebKit/537.36 (KHTML, like Gecko) Chrome/120.0.0.0 Safari/537.36"
23.101.8.77 - - [31/Mar/2026:17:17:44 +0000] "GET /gebase.php HTTP/1.1" 404 16 "-" "Mozilla/5.0 (Windows NT 10.0; Win64; x64) AppleWebKit/537.36 (KHTML, like Gecko) Chrome/120.0.0.0 Safari/537.36"
23.101.8.77 - - [31/Mar/2026:17:17:44 +0000] "GET /wp-includes/style-engine/about.php HTTP/1.1" 404 16 "-" "Mozilla/5.0 (Windows NT 10.0; Win64; x64) AppleWebKit/537.36 (KHTML, like Gecko) Chrome/120.0.0.0 Safari/537.36"
23.101.8.77 - - [31/Mar/2026:17:17:45 +0000] "GET /wp-includes/sitemaps/autoload_classmap.php HTTP/1.1" 404 16 "-" "Mozilla/5.0 (Windows NT 10.0; Win64; x64) AppleWebKit/537.36 (KHTML, like Gecko) Chrome/120.0.0.0 Safari/537.36"
23.101.8.77 - - [31/Mar/2026:17:17:45 +0000] "GET /wp-content/uploads/de_fb_uploads/b.php HTTP/1.1" 404 - "-" "Mozilla/5.0 (Windows NT 10.0; Win64; x64) AppleWebKit/537.36 (KHTML, like Gecko) Chrome/120.0.0.0 Safari/537.36"
23.101.8.77 - - [31/Mar/2026:17:17:45 +0000] "GET /wp-admin/ HTTP/1.1" 302 - "-" "Mozilla/5.0 (Windows NT 10.0; Win64; x64) AppleWebKit/537.36 (KHTML, like Gecko) Chrome/120.0.0.0 Safari/537.36"
23.101.8.77 - - [31/Mar/2026:17:17:45 +0000] "GET /as.php HTTP/1.1" 404 16 "-" "Mozilla/5.0 (Windows NT 10.0; Win64; x64) AppleWebKit/537.36 (KHTML, like Gecko) Chrome/120.0.0.0 Safari/537.36"
23.101.8.77 - - [31/Mar/2026:17:17:45 +0000] "GET /wp-includes/IXR/ HTTP/1.1" 200 2538 "-" "Mozilla/5.0 (Windows NT 10.0; Win64; x64) AppleWebKit/537.36 (KHTML, like Gecko) Chrome/120.0.0.0 Safari/537.36"
23.101.8.77 - - [31/Mar/2026:17:17:45 +0000] "GET /wp-content/nz.php HTTP/1.1" 404 - "-" "Mozilla/5.0 (Windows NT 10.0; Win64; x64) AppleWebKit/537.36 (KHTML, like Gecko) Chrome/120.0.0.0 Safari/537.36"
23.101.8.77 - - [31/Mar/2026:17:17:45 +0000] "GET /wp-includes/output.php HTTP/1.1" 404 16 "-" "Mozilla/5.0 (Windows NT 10.0; Win64; x64) AppleWebKit/537.36 (KHTML, like Gecko) Chrome/120.0.0.0 Safari/537.36"
23.101.8.77 - - [31/Mar/2026:17:17:46 +0000] "GET /wp-content/mu-plugins-old/ HTTP/1.1" 404 - "-" "Mozilla/5.0 (Windows NT 10.0; Win64; x64) AppleWebKit/537.36 (KHTML, like Gecko) Chrome/120.0.0.0 Safari/537.36"
23.101.8.77 - - [31/Mar/2026:17:17:46 +0000] "GET /wp-content/plugins/WordPressCore/cong.php HTTP/1.1" 404 - "-" "Mozilla/5.0 (Windows NT 10.0; Win64; x64) AppleWebKit/537.36 (KHTML, like Gecko) Chrome/120.0.0.0 Safari/537.36"
23.101.8.77 - - [31/Mar/2026:17:17:46 +0000] "GET /wp-content/admin.php HTTP/1.1" 404 - "-" "Mozilla/5.0 (Windows NT 10.0; Win64; x64) AppleWebKit/537.36 (KHTML, like Gecko) Chrome/120.0.0.0 Safari/537.36"
23.101.8.77 - - [31/Mar/2026:17:17:46 +0000] "GET /wp-includes/assets/ HTTP/1.1" 200 2280 "-" "Mozilla/5.0 (Windows NT 10.0; Win64; x64) AppleWebKit/537.36 (KHTML, like Gecko) Chrome/120.0.0.0 Safari/537.36"
23.101.8.77 - - [31/Mar/2026:17:17:46 +0000] "GET /wp-admin/maint/index.php HTTP/1.1" 404 16 "-" "Mozilla/5.0 (Windows NT 10.0; Win64; x64) AppleWebKit/537.36 (KHTML, like Gecko) Chrome/120.0.0.0 Safari/537.36"
23.101.8.77 - - [31/Mar/2026:17:17:46 +0000] "GET /cache.php HTTP/1.1" 404 16 "-" "Mozilla/5.0 (Windows NT 10.0; Win64; x64) AppleWebKit/537.36 (KHTML, like Gecko) Chrome/120.0.0.0 Safari/537.36"
23.101.8.77 - - [31/Mar/2026:17:17:47 +0000] "GET /past.php HTTP/1.1" 404 16 "-" "Mozilla/5.0 (Windows NT 10.0; Win64; x64) AppleWebKit/537.36 (KHTML, like Gecko) Chrome/120.0.0.0 Safari/537.36"
23.101.8.77 - - [31/Mar/2026:17:17:47 +0000] "GET /f35.php HTTP/1.1" 404 16 "-" "Mozilla/5.0 (Windows NT 10.0; Win64; x64) AppleWebKit/537.36 (KHTML, like Gecko) Chrome/120.0.0.0 Safari/537.36"
23.101.8.77 - - [31/Mar/2026:17:17:47 +0000] "GET /autoload_classmap/function.php HTTP/1.1" 404 - "-" "Mozilla/5.0 (Windows NT 10.0; Win64; x64) AppleWebKit/537.36 (KHTML, like Gecko) Chrome/120.0.0.0 Safari/537.36"
23.101.8.77 - - [31/Mar/2026:17:17:47 +0000] "GET /jp.php HTTP/1.1" 404 16 "-" "Mozilla/5.0 (Windows NT 10.0; Win64; x64) AppleWebKit/537.36 (KHTML, like Gecko) Chrome/120.0.0.0 Safari/537.36"
23.101.8.77 - - [31/Mar/2026:17:17:47 +0000] "GET /wp-includes/assets/index.php HTTP/1.1" 404 16 "-" "Mozilla/5.0 (Windows NT 10.0; Win64; x64) AppleWebKit/537.36 (KHTML, like Gecko) Chrome/120.0.0.0 Safari/537.36"
23.101.8.77 - - [31/Mar/2026:17:17:47 +0000] "GET /wp-admin/js/index.php HTTP/1.1" 404 16 "-" "Mozilla/5.0 (Windows NT 10.0; Win64; x64) AppleWebKit/537.36 (KHTML, like Gecko) Chrome/120.0.0.0 Safari/537.36"
23.101.8.77 - - [31/Mar/2026:17:17:47 +0000] "GET /aa.php HTTP/1.1" 404 16 "-" "Mozilla/5.0 (Windows NT 10.0; Win64; x64) AppleWebKit/537.36 (KHTML, like Gecko) Chrome/120.0.0.0 Safari/537.36"
139.18.2.214 - - [31/Mar/2026:17:17:52 +0000] "GET /wp-includes/class-feed.php HTTP/1.1" 500 - "https://weddingswithjoy.org.nz/wp-includes/" "LCC (+http://corpora.uni-leipzig.de/crawler_faq.html)"
74.7.243.230 - - [31/Mar/2026:17:18:02 +0000] "GET /wp-includes/query.php HTTP/1.1" 200 - "https://schoolofgolfnz.co.nz/wp-includes/" "Mozilla/5.0 AppleWebKit/537.36 (KHTML, like Gecko; compatible; GPTBot/1.3; +https://openai.com/gptbot)"
139.18.2.214 - - [31/Mar/2026:17:18:03 +0000] "GET /wp-includes/class-http.php HTTP/1.1" 500 - "https://weddingswithjoy.org.nz/wp-includes/" "LCC (+http://corpora.uni-leipzig.de/crawler_faq.html)"
62.60.131.158 - - [31/Mar/2026:17:18:08 +0000] "GET / HTTP/1.1" 200 4621 "-" "Go-http-client/1.1"
62.60.131.158 - - [31/Mar/2026:17:18:09 +0000] "GET /wp-sitemap-users-1.xml HTTP/1.1" 404 - "-" "Go-http-client/1.1"
62.60.131.158 - - [31/Mar/2026:17:18:09 +0000] "GET /wp-json/oembed/1.0/embed?url=https%3A%2F%2Fipv6.node7809.myfcloud.com&format=json HTTP/1.1" 404 - "-" "Go-http-client/1.1"
62.60.131.158 - - [31/Mar/2026:17:18:09 +0000] "POST /graphql HTTP/1.1" 404 - "-" "Go-http-client/1.1"
62.60.131.158 - - [31/Mar/2026:17:18:09 +0000] "GET /wp-json/wp/v2/users?per_page=100&_fields=slug HTTP/1.1" 404 - "-" "Go-http-client/1.1"
62.60.131.158 - - [31/Mar/2026:17:18:09 +0000] "GET /wp-json/wp/v2/posts?per_page=20&_embed=author&_fields=_embedded HTTP/1.1" 404 - "-" "Go-http-client/1.1"
62.60.131.158 - - [31/Mar/2026:17:18:09 +0000] "GET /author-sitemap.xml HTTP/1.1" 404 - "-" "Go-http-client/1.1"
62.60.131.158 - - [31/Mar/2026:17:18:09 +0000] "GET /feed/atom/ HTTP/1.1" 404 - "-" "Go-http-client/1.1"
62.60.131.158 - - [31/Mar/2026:17:18:09 +0000] "GET /comments/feed/ HTTP/1.1" 404 - "-" "Go-http-client/1.1"
62.60.131.158 - - [31/Mar/2026:17:18:09 +0000] "GET /feed/ HTTP/1.1" 404 - "-" "Go-http-client/1.1"
62.60.131.158 - - [31/Mar/2026:17:18:09 +0000] "GET /?author=1 HTTP/1.1" 200 4621 "-" "Go-http-client/1.1"
62.60.131.158 - - [31/Mar/2026:17:18:12 +0000] "GET /?author=2 HTTP/1.1" 200 4621 "-" "Go-http-client/1.1"
62.60.131.158 - - [31/Mar/2026:17:18:13 +0000] "GET /wp-json/wp/v2/posts?per_page=20&_embed=author&_fields=_embedded HTTP/1.1" 404 - "-" "Go-http-client/1.1"
62.60.131.158 - - [31/Mar/2026:17:18:13 +0000] "GET /feed/ HTTP/1.1" 404 - "-" "Go-http-client/1.1"
62.60.131.158 - - [31/Mar/2026:17:18:13 +0000] "GET /wp-json/oembed/1.0/embed?url=https%3A%2F%2Fipv6.node7809.myfcloud.com&format=json HTTP/1.1" 404 - "-" "Go-http-client/1.1"
62.60.131.158 - - [31/Mar/2026:17:18:13 +0000] "POST /graphql HTTP/1.1" 404 - "-" "Go-http-client/1.1"
62.60.131.158 - - [31/Mar/2026:17:18:13 +0000] "GET /feed/atom/ HTTP/1.1" 404 - "-" "Go-http-client/1.1"
62.60.131.158 - - [31/Mar/2026:17:18:13 +0000] "GET /wp-json/wp/v2/users?per_page=100&_fields=slug HTTP/1.1" 404 - "-" "Go-http-client/1.1"
62.60.131.158 - - [31/Mar/2026:17:18:13 +0000] "GET /author-sitemap.xml HTTP/1.1" 404 - "-" "Go-http-client/1.1"
62.60.131.158 - - [31/Mar/2026:17:18:13 +0000] "GET /comments/feed/ HTTP/1.1" 404 - "-" "Go-http-client/1.1"
62.60.131.158 - - [31/Mar/2026:17:18:13 +0000] "GET /wp-sitemap-users-1.xml HTTP/1.1" 404 - "-" "Go-http-client/1.1"
62.60.131.158 - - [31/Mar/2026:17:18:14 +0000] "GET /?author=3 HTTP/1.1" 200 4621 "-" "Go-http-client/1.1"
62.60.131.158 - - [31/Mar/2026:17:18:15 +0000] "GET /wp-json/wp/v2/posts?per_page=100&_fields=author HTTP/1.1" 404 - "-" "Go-http-client/1.1"
62.60.131.158 - - [31/Mar/2026:17:18:17 +0000] "GET /wp-json/wp/v2/posts?per_page=100&_fields=author HTTP/1.1" 404 - "-" "Go-http-client/1.1"
62.60.131.158 - - [31/Mar/2026:17:18:19 +0000] "GET /wp-sitemap-users-1.xml HTTP/1.1" 404 - "-" "Go-http-client/1.1"
62.60.131.158 - - [31/Mar/2026:17:18:19 +0000] "GET /wp-json/wp/v2/users?per_page=100&_fields=slug HTTP/1.1" 404 - "-" "Go-http-client/1.1"
62.60.131.158 - - [31/Mar/2026:17:18:19 +0000] "GET /wp-json/oembed/1.0/embed?url=https%3A%2F%2Fipv6.node7809.myfcloud.com&format=json HTTP/1.1" 404 - "-" "Go-http-client/1.1"
62.60.131.158 - - [31/Mar/2026:17:18:19 +0000] "GET /feed/ HTTP/1.1" 404 - "-" "Go-http-client/1.1"
62.60.131.158 - - [31/Mar/2026:17:18:19 +0000] "GET /comments/feed/ HTTP/1.1" 404 - "-" "Go-http-client/1.1"
62.60.131.158 - - [31/Mar/2026:17:18:19 +0000] "GET /author-sitemap.xml HTTP/1.1" 404 - "-" "Go-http-client/1.1"
62.60.131.158 - - [31/Mar/2026:17:18:19 +0000] "GET /wp-json/wp/v2/posts?per_page=20&_embed=author&_fields=_embedded HTTP/1.1" 404 - "-" "Go-http-client/1.1"
62.60.131.158 - - [31/Mar/2026:17:18:19 +0000] "POST /graphql HTTP/1.1" 404 - "-" "Go-http-client/1.1"
62.60.131.158 - - [31/Mar/2026:17:18:19 +0000] "GET /feed/atom/ HTTP/1.1" 404 - "-" "Go-http-client/1.1"
62.60.131.158 - - [31/Mar/2026:17:18:22 +0000] "GET /wp-json/wp/v2/posts?per_page=100&_fields=author HTTP/1.1" 404 - "-" "Go-http-client/1.1"
139.18.2.214 - - [31/Mar/2026:17:18:24 +0000] "GET /wp-includes/class-json.php HTTP/1.1" 500 - "https://weddingswithjoy.org.nz/wp-includes/" "LCC (+http://corpora.uni-leipzig.de/crawler_faq.html)"
62.60.131.158 - - [31/Mar/2026:17:18:24 +0000] "GET /wp-json/wp/v2/users?per_page=100&_fields=slug HTTP/1.1" 404 - "-" "Go-http-client/1.1"
62.60.131.158 - - [31/Mar/2026:17:18:25 +0000] "GET /feed/ HTTP/1.1" 404 - "-" "Go-http-client/1.1"
62.60.131.158 - - [31/Mar/2026:17:18:25 +0000] "GET /wp-json/wp/v2/posts?per_page=20&_embed=author&_fields=_embedded HTTP/1.1" 404 - "-" "Go-http-client/1.1"
62.60.131.158 - - [31/Mar/2026:17:18:25 +0000] "GET /wp-json/oembed/1.0/embed?url=https%3A%2F%2Fipv6.node7809.myfcloud.com&format=json HTTP/1.1" 404 - "-" "Go-http-client/1.1"
62.60.131.158 - - [31/Mar/2026:17:18:25 +0000] "POST /graphql HTTP/1.1" 404 - "-" "Go-http-client/1.1"
62.60.131.158 - - [31/Mar/2026:17:18:25 +0000] "GET /author-sitemap.xml HTTP/1.1" 404 - "-" "Go-http-client/1.1"
62.60.131.158 - - [31/Mar/2026:17:18:25 +0000] "GET /wp-sitemap-users-1.xml HTTP/1.1" 404 - "-" "Go-http-client/1.1"
62.60.131.158 - - [31/Mar/2026:17:18:25 +0000] "GET /comments/feed/ HTTP/1.1" 404 - "-" "Go-http-client/1.1"
62.60.131.158 - - [31/Mar/2026:17:18:25 +0000] "GET /feed/atom/ HTTP/1.1" 404 - "-" "Go-http-client/1.1"
62.60.131.158 - - [31/Mar/2026:17:18:27 +0000] "GET /wp-json/wp/v2/pages?per_page=100&_fields=author HTTP/1.1" 404 - "-" "Go-http-client/1.1"
62.60.131.158 - - [31/Mar/2026:17:18:27 +0000] "GET /?rest_route=/wp/v2/users&per_page=100&_fields=slug HTTP/1.1" 200 4621 "-" "Go-http-client/1.1"
62.60.131.158 - - [31/Mar/2026:17:18:27 +0000] "POST /api/graphql HTTP/1.1" 404 - "-" "Go-http-client/1.1"
62.60.131.158 - - [31/Mar/2026:17:18:27 +0000] "GET /wp-json/wp/v2/posts?per_page=100&_fields=author HTTP/1.1" 404 - "-" "Go-http-client/1.1"
62.60.131.158 - - [31/Mar/2026:17:18:30 +0000] "GET /wp-json/wp/v2/pages?per_page=100&_fields=author HTTP/1.1" 404 - "-" "Go-http-client/1.1"
62.60.131.158 - - [31/Mar/2026:17:18:30 +0000] "POST /api/graphql HTTP/1.1" 404 - "-" "Go-http-client/1.1"
62.60.131.158 - - [31/Mar/2026:17:18:36 +0000] "GET /wp-json/wp/v2/pages?per_page=100&_fields=author HTTP/1.1" 404 - "-" "Go-http-client/1.1"
62.60.131.158 - - [31/Mar/2026:17:18:36 +0000] "POST /api/graphql HTTP/1.1" 404 - "-" "Go-http-client/1.1"
139.18.2.214 - - [31/Mar/2026:17:18:37 +0000] "GET /wp-includes/class-oembed.php HTTP/1.1" 500 - "https://weddingswithjoy.org.nz/wp-includes/" "LCC (+http://corpora.uni-leipzig.de/crawler_faq.html)"
74.7.227.41 - - [31/Mar/2026:17:18:39 +0000] "GET /wp-includes/block-supports/align.php HTTP/1.1" 500 - "https://weddingswithjoy.org.nz/wp-includes/block-supports/" "Mozilla/5.0 AppleWebKit/537.36 (KHTML, like Gecko; compatible; GPTBot/1.3; +https://openai.com/gptbot)"
62.60.131.158 - - [31/Mar/2026:17:18:42 +0000] "POST /api/graphql HTTP/1.1" 404 - "-" "Go-http-client/1.1"
62.60.131.158 - - [31/Mar/2026:17:18:42 +0000] "GET /wp-json/wp/v2/pages?per_page=100&_fields=author HTTP/1.1" 404 - "-" "Go-http-client/1.1"
74.7.243.230 - - [31/Mar/2026:17:18:48 +0000] "GET /wp-includes/load.php HTTP/1.1" 200 - "https://schoolofgolfnz.co.nz/wp-includes/" "Mozilla/5.0 AppleWebKit/537.36 (KHTML, like Gecko; compatible; GPTBot/1.3; +https://openai.com/gptbot)"
139.18.2.214 - - [31/Mar/2026:17:18:48 +0000] "GET /wp-includes/class-phpass.php HTTP/1.1" 200 - "https://weddingswithjoy.org.nz/wp-includes/" "LCC (+http://corpora.uni-leipzig.de/crawler_faq.html)"
139.18.2.214 - - [31/Mar/2026:17:19:00 +0000] "GET /wp-includes/class-phpmailer.php HTTP/1.1" 200 - "https://weddingswithjoy.org.nz/wp-includes/" "LCC (+http://corpora.uni-leipzig.de/crawler_faq.html)"
139.18.2.214 - - [31/Mar/2026:17:19:13 +0000] "GET /wp-includes/class-pop3.php HTTP/1.1" 200 - "https://weddingswithjoy.org.nz/wp-includes/" "LCC (+http://corpora.uni-leipzig.de/crawler_faq.html)"
139.18.2.214 - - [31/Mar/2026:17:19:22 +0000] "GET /wp-includes/class-requests.php HTTP/1.1" 200 - "https://weddingswithjoy.org.nz/wp-includes/" "LCC (+http://corpora.uni-leipzig.de/crawler_faq.html)"
47.128.51.196 - - [31/Mar/2026:17:19:25 +0000] "GET / HTTP/1.1" 200 4621 "-" "Mozilla/5.0 (Linux; Android 5.0) AppleWebKit/537.36 (KHTML, like Gecko) Mobile Safari/537.36 (compatible; Bytespider; spider-feedback@bytedance.com)"
74.7.243.230 - - [31/Mar/2026:17:19:29 +0000] "GET /wp-includes/cron.php HTTP/1.1" 200 - "https://schoolofgolfnz.co.nz/wp-includes/" "Mozilla/5.0 AppleWebKit/537.36 (KHTML, like Gecko; compatible; GPTBot/1.3; +https://openai.com/gptbot)"
139.18.2.214 - - [31/Mar/2026:17:19:31 +0000] "GET /wp-includes/class-simplepie.php HTTP/1.1" 500 - "https://weddingswithjoy.org.nz/wp-includes/" "LCC (+http://corpora.uni-leipzig.de/crawler_faq.html)"
4.205.39.97 - - [31/Mar/2026:17:19:32 +0000] "GET /wp-content/themes/seotheme/db.php?u HTTP/1.1" 404 - "www.google.com" "Mozlila/5.0 (Linux; Android 7.0; SM-G892A Bulid/NRD90M; wv) AppleWebKit/537.36 (KHTML, like Gecko) Version/4.0 Chrome/60.0.3112.107 Moblie Safari/537.36"
4.205.39.97 - - [31/Mar/2026:17:19:32 +0000] "POST /wp-plain.php HTTP/1.1" 404 16 "www.google.com" "Mozilla/5.0 (Linux; Android 7.0; SM-G892A Bulid/NRD90M; wv) AppleWebKit/537.36 (KHTML, like Gecko) Version/4.0 Chrome/60.0.3112.107 Moblie Safari/537.36"
4.205.39.97 - - [31/Mar/2026:17:19:32 +0000] "GET /yvgxspxb.php?Fox=d3wL7 HTTP/1.1" 404 16 "www.google.com" "Mozilla/5.0 (Linux; Android 7.0; SM-G892A Bulid/NRD90M; wv) AppleWebKit/537.36 (KHTML, like Gecko) Version/4.0 Chrome/60.0.3112.107 Moblie Safari/537.36"
74.7.227.41 - - [31/Mar/2026:17:19:36 +0000] "GET /wp-includes/formatting.php HTTP/1.1" 200 - "https://weddingswithjoy.org.nz/wp-includes/" "Mozilla/5.0 AppleWebKit/537.36 (KHTML, like Gecko; compatible; GPTBot/1.3; +https://openai.com/gptbot)"
139.18.2.214 - - [31/Mar/2026:17:19:41 +0000] "GET /wp-includes/class-smtp.php HTTP/1.1" 500 - "https://weddingswithjoy.org.nz/wp-includes/" "LCC (+http://corpora.uni-leipzig.de/crawler_faq.html)"
47.128.117.70 - - [31/Mar/2026:17:19:45 +0000] "GET /robots.txt HTTP/1.1" 304 - "-" "Go-http-client/2.0"
139.18.2.214 - - [31/Mar/2026:17:19:51 +0000] "GET /wp-includes/class-snoopy.php HTTP/1.1" 500 - "https://weddingswithjoy.org.nz/wp-includes/" "LCC (+http://corpora.uni-leipzig.de/crawler_faq.html)"
139.18.2.214 - - [31/Mar/2026:17:20:00 +0000] "GET /wp-includes/class-walker-category-dropdown.php HTTP/1.1" 500 - "https://weddingswithjoy.org.nz/wp-includes/" "LCC (+http://corpora.uni-leipzig.de/crawler_faq.html)"
74.7.243.230 - - [31/Mar/2026:17:20:07 +0000] "GET /wp-includes/fonts.php HTTP/1.1" 200 - "https://schoolofgolfnz.co.nz/wp-includes/" "Mozilla/5.0 AppleWebKit/537.36 (KHTML, like Gecko; compatible; GPTBot/1.3; +https://openai.com/gptbot)"
139.18.2.214 - - [31/Mar/2026:17:20:12 +0000] "GET /wp-includes/class-walker-category.php HTTP/1.1" 500 - "https://weddingswithjoy.org.nz/wp-includes/" "LCC (+http://corpora.uni-leipzig.de/crawler_faq.html)"
139.18.2.214 - - [31/Mar/2026:17:20:24 +0000] "GET /wp-includes/class-walker-comment.php HTTP/1.1" 500 - "https://weddingswithjoy.org.nz/wp-includes/" "LCC (+http://corpora.uni-leipzig.de/crawler_faq.html)"
139.18.2.214 - - [31/Mar/2026:17:20:34 +0000] "GET /wp-includes/class-walker-nav-menu.php HTTP/1.1" 500 - "https://weddingswithjoy.org.nz/wp-includes/" "LCC (+http://corpora.uni-leipzig.de/crawler_faq.html)"
74.7.227.41 - - [31/Mar/2026:17:20:41 +0000] "GET /wp-includes/html-api/class-wp-html-text-replacement.php HTTP/1.1" 200 - "https://weddingswithjoy.org.nz/wp-includes/html-api/" "Mozilla/5.0 AppleWebKit/537.36 (KHTML, like Gecko; compatible; GPTBot/1.3; +https://openai.com/gptbot)"
74.7.243.230 - - [31/Mar/2026:17:20:41 +0000] "GET /wp-includes/vars.php HTTP/1.1" 200 2 "https://schoolofgolfnz.co.nz/wp-includes/" "Mozilla/5.0 AppleWebKit/537.36 (KHTML, like Gecko; compatible; GPTBot/1.3; +https://openai.com/gptbot)"
139.18.2.214 - - [31/Mar/2026:17:20:45 +0000] "GET /wp-includes/class-walker-page-dropdown.php HTTP/1.1" 500 - "https://weddingswithjoy.org.nz/wp-includes/" "LCC (+http://corpora.uni-leipzig.de/crawler_faq.html)"
139.18.2.214 - - [31/Mar/2026:17:20:56 +0000] "GET /wp-includes/class-walker-page.php HTTP/1.1" 500 - "https://weddingswithjoy.org.nz/wp-includes/" "LCC (+http://corpora.uni-leipzig.de/crawler_faq.html)"
139.18.2.214 - - [31/Mar/2026:17:21:09 +0000] "GET /wp-includes/class-wp-admin-bar.php HTTP/1.1" 200 - "https://weddingswithjoy.org.nz/wp-includes/" "LCC (+http://corpora.uni-leipzig.de/crawler_faq.html)"
74.7.243.230 - - [31/Mar/2026:17:21:11 +0000] "GET /wp-includes/media.php HTTP/1.1" 200 2 "https://schoolofgolfnz.co.nz/wp-includes/" "Mozilla/5.0 AppleWebKit/537.36 (KHTML, like Gecko; compatible; GPTBot/1.3; +https://openai.com/gptbot)"
139.18.2.214 - - [31/Mar/2026:17:21:21 +0000] "GET /wp-includes/class-wp-ajax-response.php HTTP/1.1" 200 - "https://weddingswithjoy.org.nz/wp-includes/" "LCC (+http://corpora.uni-leipzig.de/crawler_faq.html)"
139.18.2.214 - - [31/Mar/2026:17:21:31 +0000] "GET /wp-includes/class-wp-application-passwords.php HTTP/1.1" 200 - "https://weddingswithjoy.org.nz/wp-includes/" "LCC (+http://corpora.uni-leipzig.de/crawler_faq.html)"
74.7.243.230 - - [31/Mar/2026:17:21:37 +0000] "GET /wp-includes/meta.php HTTP/1.1" 500 - "https://schoolofgolfnz.co.nz/wp-includes/" "Mozilla/5.0 AppleWebKit/537.36 (KHTML, like Gecko; compatible; GPTBot/1.3; +https://openai.com/gptbot)"
74.7.227.41 - - [31/Mar/2026:17:21:39 +0000] "GET /wp-includes/sodium_compat/lib/ HTTP/1.1" 200 2338 "https://weddingswithjoy.org.nz/wp-includes/sodium_compat/" "Mozilla/5.0 AppleWebKit/537.36 (KHTML, like Gecko; compatible; GPTBot/1.3; +https://openai.com/gptbot)"
139.18.2.214 - - [31/Mar/2026:17:21:42 +0000] "GET /wp-includes/class-wp-block-bindings-registry.php HTTP/1.1" 200 - "https://weddingswithjoy.org.nz/wp-includes/" "LCC (+http://corpora.uni-leipzig.de/crawler_faq.html)"
139.18.2.214 - - [31/Mar/2026:17:21:53 +0000] "GET /wp-includes/class-wp-block-bindings-source.php HTTP/1.1" 200 - "https://weddingswithjoy.org.nz/wp-includes/" "LCC (+http://corpora.uni-leipzig.de/crawler_faq.html)"
74.7.243.230 - - [31/Mar/2026:17:22:01 +0000] "GET /wp-includes/author-template.php HTTP/1.1" 200 - "https://schoolofgolfnz.co.nz/wp-includes/" "Mozilla/5.0 AppleWebKit/537.36 (KHTML, like Gecko; compatible; GPTBot/1.3; +https://openai.com/gptbot)"
139.18.2.214 - - [31/Mar/2026:17:22:03 +0000] "GET /wp-includes/class-wp-block-editor-context.php HTTP/1.1" 200 - "https://weddingswithjoy.org.nz/wp-includes/" "LCC (+http://corpora.uni-leipzig.de/crawler_faq.html)"
139.18.2.214 - - [31/Mar/2026:17:22:15 +0000] "GET /wp-includes/class-wp-block-list.php HTTP/1.1" 200 - "https://weddingswithjoy.org.nz/wp-includes/" "LCC (+http://corpora.uni-leipzig.de/crawler_faq.html)"
139.18.2.214 - - [31/Mar/2026:17:22:27 +0000] "GET /wp-includes/class-wp-block-metadata-registry.php HTTP/1.1" 200 - "https://weddingswithjoy.org.nz/wp-includes/" "LCC (+http://corpora.uni-leipzig.de/crawler_faq.html)"
74.7.227.41 - - [31/Mar/2026:17:22:29 +0000] "GET /wp-includes/class-wp-block-type.php HTTP/1.1" 200 - "https://weddingswithjoy.org.nz/wp-includes/" "Mozilla/5.0 AppleWebKit/537.36 (KHTML, like Gecko; compatible; GPTBot/1.3; +https://openai.com/gptbot)"
139.18.2.214 - - [31/Mar/2026:17:22:37 +0000] "GET /wp-includes/class-wp-block-parser-block.php HTTP/1.1" 200 - "https://weddingswithjoy.org.nz/wp-includes/" "LCC (+http://corpora.uni-leipzig.de/crawler_faq.html)"
139.18.2.214 - - [31/Mar/2026:17:22:47 +0000] "GET /wp-includes/class-wp-block-parser-frame.php HTTP/1.1" 200 - "https://weddingswithjoy.org.nz/wp-includes/" "LCC (+http://corpora.uni-leipzig.de/crawler_faq.html)"
139.18.2.214 - - [31/Mar/2026:17:22:58 +0000] "GET /wp-includes/class-wp-block-parser.php HTTP/1.1" 200 - "https://weddingswithjoy.org.nz/wp-includes/" "LCC (+http://corpora.uni-leipzig.de/crawler_faq.html)"
74.7.243.230 - - [31/Mar/2026:17:23:04 +0000] "GET /wp-includes/widgets/class-wp-widget-media-video.php HTTP/1.1" 500 - "https://schoolofgolfnz.co.nz/wp-includes/widgets/" "Mozilla/5.0 AppleWebKit/537.36 (KHTML, like Gecko; compatible; GPTBot/1.3; +https://openai.com/gptbot)"
139.18.2.214 - - [31/Mar/2026:17:23:11 +0000] "GET /wp-includes/class-wp-block-pattern-categories-registry.php HTTP/1.1" 200 - "https://weddingswithjoy.org.nz/wp-includes/" "LCC (+http://corpora.uni-leipzig.de/crawler_faq.html)"
74.7.227.41 - - [31/Mar/2026:17:23:15 +0000] "GET /wp-includes/sodium_compat/namespaced/ HTTP/1.1" 200 1393 "https://weddingswithjoy.org.nz/wp-includes/sodium_compat/" "Mozilla/5.0 AppleWebKit/537.36 (KHTML, like Gecko; compatible; GPTBot/1.3; +https://openai.com/gptbot)"
139.18.2.214 - - [31/Mar/2026:17:23:22 +0000] "GET /wp-includes/class-wp-block-patterns-registry.php HTTP/1.1" 200 - "https://weddingswithjoy.org.nz/wp-includes/" "LCC (+http://corpora.uni-leipzig.de/crawler_faq.html)"
47.128.51.177 - - [31/Mar/2026:17:23:26 +0000] "GET /wp-cron.php HTTP/1.1" 200 - "-" "Mozilla/5.0 (Linux; Android 5.0) AppleWebKit/537.36 (KHTML, like Gecko) Mobile Safari/537.36 (compatible; Bytespider; spider-feedback@bytedance.com)"
139.18.2.214 - - [31/Mar/2026:17:23:31 +0000] "GET /wp-includes/class-wp-block-processor.php HTTP/1.1" 200 - "https://weddingswithjoy.org.nz/wp-includes/" "LCC (+http://corpora.uni-leipzig.de/crawler_faq.html)"
139.18.2.214 - - [31/Mar/2026:17:23:41 +0000] "GET /wp-includes/class-wp-block-styles-registry.php HTTP/1.1" 200 - "https://weddingswithjoy.org.nz/wp-includes/" "LCC (+http://corpora.uni-leipzig.de/crawler_faq.html)"
47.128.117.4 - - [31/Mar/2026:17:23:46 +0000] "GET / HTTP/1.1" 200 4621 "-" "Mozilla/5.0 (Linux; Android 5.0) AppleWebKit/537.36 (KHTML, like Gecko) Mobile Safari/537.36 (compatible; TikTokSpider; ttspider-feedback@tiktok.com)"
139.18.2.214 - - [31/Mar/2026:17:23:50 +0000] "GET /wp-includes/class-wp-block-supports.php HTTP/1.1" 200 - "https://weddingswithjoy.org.nz/wp-includes/" "LCC (+http://corpora.uni-leipzig.de/crawler_faq.html)"
74.7.227.41 - - [31/Mar/2026:17:23:55 +0000] "GET /wp-includes/style-engine/ HTTP/1.1" 200 1682 "https://weddingswithjoy.org.nz/wp-includes/" "Mozilla/5.0 AppleWebKit/537.36 (KHTML, like Gecko; compatible; GPTBot/1.3; +https://openai.com/gptbot)"
74.7.243.230 - - [31/Mar/2026:17:23:59 +0000] "GET /wp-includes/PHPMailer/SMTP.php HTTP/1.1" 200 - "https://schoolofgolfnz.co.nz/wp-includes/PHPMailer/" "Mozilla/5.0 AppleWebKit/537.36 (KHTML, like Gecko; compatible; GPTBot/1.3; +https://openai.com/gptbot)"
139.18.2.214 - - [31/Mar/2026:17:24:02 +0000] "GET /wp-includes/class-wp-block-template.php HTTP/1.1" 200 - "https://weddingswithjoy.org.nz/wp-includes/" "LCC (+http://corpora.uni-leipzig.de/crawler_faq.html)"
139.18.2.214 - - [31/Mar/2026:17:24:11 +0000] "GET /wp-includes/class-wp-block-templates-registry.php HTTP/1.1" 200 - "https://weddingswithjoy.org.nz/wp-includes/" "LCC (+http://corpora.uni-leipzig.de/crawler_faq.html)"
139.18.2.214 - - [31/Mar/2026:17:24:22 +0000] "GET /wp-includes/class-wp-block-type-registry.php HTTP/1.1" 200 - "https://weddingswithjoy.org.nz/wp-includes/" "LCC (+http://corpora.uni-leipzig.de/crawler_faq.html)"
