74.7.227.41 - - [31/Mar/2026:21:15:43 +0000] "GET /wp-includes/js/dist/keyboard-shortcuts.js HTTP/1.1" 200 9448 "https://weddingswithjoy.org.nz/wp-includes/js/dist/" "Mozilla/5.0 AppleWebKit/537.36 (KHTML, like Gecko; compatible; GPTBot/1.3; +https://openai.com/gptbot)"
74.7.227.41 - - [31/Mar/2026:21:15:48 +0000] "GET /wp-includes/IXR/class-IXR-message.php HTTP/1.1" 200 - "https://weddingswithjoy.org.nz/wp-includes/IXR/" "Mozilla/5.0 AppleWebKit/537.36 (KHTML, like Gecko; compatible; GPTBot/1.3; +https://openai.com/gptbot)"
139.18.2.214 - - [31/Mar/2026:21:15:50 +0000] "GET /wp-includes/js/dist/script-modules/interactivity-router/ HTTP/1.1" 200 47691 "https://weddingswithjoy.org.nz/wp-includes/js/dist/script-modules/" "LCC (+http://corpora.uni-leipzig.de/crawler_faq.html)"
74.7.227.41 - - [31/Mar/2026:21:15:52 +0000] "GET /wp-includes/js/dist/latex-to-mathml.js HTTP/1.1" 200 455410 "https://weddingswithjoy.org.nz/wp-includes/js/dist/" "Mozilla/5.0 AppleWebKit/537.36 (KHTML, like Gecko; compatible; GPTBot/1.3; +https://openai.com/gptbot)"
74.7.227.41 - - [31/Mar/2026:21:15:57 +0000] "GET /wp-includes/js/dist/keycodes.min.js HTTP/1.1" 200 2568 "https://weddingswithjoy.org.nz/wp-includes/js/dist/" "Mozilla/5.0 AppleWebKit/537.36 (KHTML, like Gecko; compatible; GPTBot/1.3; +https://openai.com/gptbot)"
74.7.227.41 - - [31/Mar/2026:21:16:00 +0000] "GET /wp-includes/js/dist/script-modules/ HTTP/1.1" 200 1585 "https://weddingswithjoy.org.nz/wp-includes/js/dist/" "Mozilla/5.0 AppleWebKit/537.36 (KHTML, like Gecko; compatible; GPTBot/1.3; +https://openai.com/gptbot)"
139.18.2.214 - - [31/Mar/2026:21:16:02 +0000] "GET /wp-includes/js/dist/script-modules/interactivity/ HTTP/1.1" 200 88351 "https://weddingswithjoy.org.nz/wp-includes/js/dist/script-modules/" "LCC (+http://corpora.uni-leipzig.de/crawler_faq.html)"
74.7.227.41 - - [31/Mar/2026:21:16:04 +0000] "GET /wp-includes/js/dist/keycodes.js HTTP/1.1" 200 8081 "https://weddingswithjoy.org.nz/wp-includes/js/dist/" "Mozilla/5.0 AppleWebKit/537.36 (KHTML, like Gecko; compatible; GPTBot/1.3; +https://openai.com/gptbot)"
74.7.227.41 - - [31/Mar/2026:21:16:06 +0000] "GET /wp-includes/IXR/class-IXR-server.php HTTP/1.1" 200 - "https://weddingswithjoy.org.nz/wp-includes/IXR/" "Mozilla/5.0 AppleWebKit/537.36 (KHTML, like Gecko; compatible; GPTBot/1.3; +https://openai.com/gptbot)"
74.7.243.230 - - [31/Mar/2026:21:16:09 +0000] "GET /wp-includes/js/dist/hooks.js HTTP/1.1" 200 16015 "https://schoolofgolfnz.co.nz/wp-includes/js/dist/" "Mozilla/5.0 AppleWebKit/537.36 (KHTML, like Gecko; compatible; GPTBot/1.3; +https://openai.com/gptbot)"
74.7.227.41 - - [31/Mar/2026:21:16:09 +0000] "GET /wp-includes/IXR/class-IXR-client.php HTTP/1.1" 200 - "https://weddingswithjoy.org.nz/wp-includes/IXR/" "Mozilla/5.0 AppleWebKit/537.36 (KHTML, like Gecko; compatible; GPTBot/1.3; +https://openai.com/gptbot)"
74.7.227.41 - - [31/Mar/2026:21:16:12 +0000] "GET /wp-includes/IXR/class-IXR-value.php HTTP/1.1" 200 - "https://weddingswithjoy.org.nz/wp-includes/IXR/" "Mozilla/5.0 AppleWebKit/537.36 (KHTML, like Gecko; compatible; GPTBot/1.3; +https://openai.com/gptbot)"
74.7.227.41 - - [31/Mar/2026:21:16:14 +0000] "GET /wp-includes/js/dist/api-fetch.min.js HTTP/1.1" 200 5799 "https://weddingswithjoy.org.nz/wp-includes/js/dist/" "Mozilla/5.0 AppleWebKit/537.36 (KHTML, like Gecko; compatible; GPTBot/1.3; +https://openai.com/gptbot)"
74.7.227.41 - - [31/Mar/2026:21:16:16 +0000] "GET /wp-includes/js/dist/core-data.min.js HTTP/1.1" 200 70383 "https://weddingswithjoy.org.nz/wp-includes/js/dist/" "Mozilla/5.0 AppleWebKit/537.36 (KHTML, like Gecko; compatible; GPTBot/1.3; +https://openai.com/gptbot)"
139.18.2.214 - - [31/Mar/2026:21:16:17 +0000] "GET /wp-includes/js/dist/vendor/?C=N;O=D HTTP/1.1" 200 6567 "https://weddingswithjoy.org.nz/wp-includes/js/dist/vendor/" "LCC (+http://corpora.uni-leipzig.de/crawler_faq.html)"
74.7.227.41 - - [31/Mar/2026:21:16:17 +0000] "GET /wp-includes/js/dist/dom-ready.min.js HTTP/1.1" 200 457 "https://weddingswithjoy.org.nz/wp-includes/js/dist/" "Mozilla/5.0 AppleWebKit/537.36 (KHTML, like Gecko; compatible; GPTBot/1.3; +https://openai.com/gptbot)"
74.7.227.41 - - [31/Mar/2026:21:16:19 +0000] "GET /wp-includes/js/dist/rich-text.min.js HTTP/1.1" 200 37297 "https://weddingswithjoy.org.nz/wp-includes/js/dist/" "Mozilla/5.0 AppleWebKit/537.36 (KHTML, like Gecko; compatible; GPTBot/1.3; +https://openai.com/gptbot)"
74.7.227.41 - - [31/Mar/2026:21:16:20 +0000] "GET /wp-includes/IXR/class-IXR-date.php HTTP/1.1" 200 - "https://weddingswithjoy.org.nz/wp-includes/IXR/" "Mozilla/5.0 AppleWebKit/537.36 (KHTML, like Gecko; compatible; GPTBot/1.3; +https://openai.com/gptbot)"
74.7.227.41 - - [31/Mar/2026:21:16:21 +0000] "GET /wp-includes/js/dist/server-side-render.js HTTP/1.1" 200 9915 "https://weddingswithjoy.org.nz/wp-includes/js/dist/" "Mozilla/5.0 AppleWebKit/537.36 (KHTML, like Gecko; compatible; GPTBot/1.3; +https://openai.com/gptbot)"
74.7.227.41 - - [31/Mar/2026:21:16:23 +0000] "GET /wp-includes/js/dist/reusable-blocks.js HTTP/1.1" 200 18888 "https://weddingswithjoy.org.nz/wp-includes/js/dist/" "Mozilla/5.0 AppleWebKit/537.36 (KHTML, like Gecko; compatible; GPTBot/1.3; +https://openai.com/gptbot)"
74.7.227.41 - - [31/Mar/2026:21:16:24 +0000] "GET /wp-includes/js/dist/block-directory.js HTTP/1.1" 200 71908 "https://weddingswithjoy.org.nz/wp-includes/js/dist/" "Mozilla/5.0 AppleWebKit/537.36 (KHTML, like Gecko; compatible; GPTBot/1.3; +https://openai.com/gptbot)"
74.7.227.41 - - [31/Mar/2026:21:16:25 +0000] "GET /wp-includes/js/dist/customize-widgets.js HTTP/1.1" 200 88525 "https://weddingswithjoy.org.nz/wp-includes/js/dist/" "Mozilla/5.0 AppleWebKit/537.36 (KHTML, like Gecko; compatible; GPTBot/1.3; +https://openai.com/gptbot)"
74.7.227.41 - - [31/Mar/2026:21:16:25 +0000] "GET /wp-includes/js/dist/html-entities.js HTTP/1.1" 200 2349 "https://weddingswithjoy.org.nz/wp-includes/js/dist/" "Mozilla/5.0 AppleWebKit/537.36 (KHTML, like Gecko; compatible; GPTBot/1.3; +https://openai.com/gptbot)"
74.7.227.159 - - [31/Mar/2026:21:16:25 +0000] "GET /wp-includes/class-wp-dependency.php HTTP/1.1" 200 - "https://www.qualityprecast.co.nz/wp-includes/" "Mozilla/5.0 AppleWebKit/537.36 (KHTML, like Gecko; compatible; GPTBot/1.3; +https://openai.com/gptbot)"
74.7.227.41 - - [31/Mar/2026:21:16:26 +0000] "GET /wp-includes/js/dist/dom.min.js HTTP/1.1" 200 12598 "https://weddingswithjoy.org.nz/wp-includes/js/dist/" "Mozilla/5.0 AppleWebKit/537.36 (KHTML, like Gecko; compatible; GPTBot/1.3; +https://openai.com/gptbot)"
139.18.2.214 - - [31/Mar/2026:21:16:27 +0000] "GET /wp-includes/js/dist/vendor/?C=M;O=A HTTP/1.1" 200 6567 "https://weddingswithjoy.org.nz/wp-includes/js/dist/vendor/" "LCC (+http://corpora.uni-leipzig.de/crawler_faq.html)"
74.7.227.41 - - [31/Mar/2026:21:16:27 +0000] "GET /wp-includes/js/dist/nux.min.js HTTP/1.1" 200 3515 "https://weddingswithjoy.org.nz/wp-includes/js/dist/" "Mozilla/5.0 AppleWebKit/537.36 (KHTML, like Gecko; compatible; GPTBot/1.3; +https://openai.com/gptbot)"
74.7.227.41 - - [31/Mar/2026:21:16:27 +0000] "GET /wp-includes/js/dist/media-utils.min.js HTTP/1.1" 200 9952 "https://weddingswithjoy.org.nz/wp-includes/js/dist/" "Mozilla/5.0 AppleWebKit/537.36 (KHTML, like Gecko; compatible; GPTBot/1.3; +https://openai.com/gptbot)"
74.7.227.41 - - [31/Mar/2026:21:16:28 +0000] "GET /wp-includes/js/dist/base-styles.min.js HTTP/1.1" 200 75 "https://weddingswithjoy.org.nz/wp-includes/js/dist/" "Mozilla/5.0 AppleWebKit/537.36 (KHTML, like Gecko; compatible; GPTBot/1.3; +https://openai.com/gptbot)"
74.7.227.41 - - [31/Mar/2026:21:16:28 +0000] "GET /wp-includes/js/dist/edit-site.min.js HTTP/1.1" 200 717059 "https://weddingswithjoy.org.nz/wp-includes/js/dist/" "Mozilla/5.0 AppleWebKit/537.36 (KHTML, like Gecko; compatible; GPTBot/1.3; +https://openai.com/gptbot)"
74.7.227.41 - - [31/Mar/2026:21:16:30 +0000] "GET /wp-includes/js/dist/private-apis.js HTTP/1.1" 200 5475 "https://weddingswithjoy.org.nz/wp-includes/js/dist/" "Mozilla/5.0 AppleWebKit/537.36 (KHTML, like Gecko; compatible; GPTBot/1.3; +https://openai.com/gptbot)"
74.7.227.41 - - [31/Mar/2026:21:16:30 +0000] "GET /wp-includes/js/dist/data.min.js HTTP/1.1" 200 25446 "https://weddingswithjoy.org.nz/wp-includes/js/dist/" "Mozilla/5.0 AppleWebKit/537.36 (KHTML, like Gecko; compatible; GPTBot/1.3; +https://openai.com/gptbot)"
74.7.227.41 - - [31/Mar/2026:21:16:31 +0000] "GET /wp-includes/js/dist/date.min.js HTTP/1.1" 200 783699 "https://weddingswithjoy.org.nz/wp-includes/js/dist/" "Mozilla/5.0 AppleWebKit/537.36 (KHTML, like Gecko; compatible; GPTBot/1.3; +https://openai.com/gptbot)"
74.7.227.41 - - [31/Mar/2026:21:16:31 +0000] "GET /wp-includes/js/dist/blob.min.js HTTP/1.1" 200 1108 "https://weddingswithjoy.org.nz/wp-includes/js/dist/" "Mozilla/5.0 AppleWebKit/537.36 (KHTML, like Gecko; compatible; GPTBot/1.3; +https://openai.com/gptbot)"
74.7.227.41 - - [31/Mar/2026:21:16:32 +0000] "GET /wp-includes/js/dist/annotations.min.js HTTP/1.1" 200 5313 "https://weddingswithjoy.org.nz/wp-includes/js/dist/" "Mozilla/5.0 AppleWebKit/537.36 (KHTML, like Gecko; compatible; GPTBot/1.3; +https://openai.com/gptbot)"
74.7.227.41 - - [31/Mar/2026:21:16:32 +0000] "GET /wp-includes/js/dist/preferences.min.js HTTP/1.1" 200 7014 "https://weddingswithjoy.org.nz/wp-includes/js/dist/" "Mozilla/5.0 AppleWebKit/537.36 (KHTML, like Gecko; compatible; GPTBot/1.3; +https://openai.com/gptbot)"
74.7.227.41 - - [31/Mar/2026:21:16:33 +0000] "GET /wp-includes/js/dist/a11y.min.js HTTP/1.1" 200 2212 "https://weddingswithjoy.org.nz/wp-includes/js/dist/" "Mozilla/5.0 AppleWebKit/537.36 (KHTML, like Gecko; compatible; GPTBot/1.3; +https://openai.com/gptbot)"
74.7.243.230 - - [31/Mar/2026:21:16:33 +0000] "GET /wp-includes/js/tinymce/plugins/colorpicker/plugin.js HTTP/1.1" 200 3561 "https://schoolofgolfnz.co.nz/wp-includes/js/tinymce/plugins/colorpicker/" "Mozilla/5.0 AppleWebKit/537.36 (KHTML, like Gecko; compatible; GPTBot/1.3; +https://openai.com/gptbot)"
74.7.227.41 - - [31/Mar/2026:21:16:33 +0000] "GET /wp-includes/js/dist/url.min.js HTTP/1.1" 200 8531 "https://weddingswithjoy.org.nz/wp-includes/js/dist/" "Mozilla/5.0 AppleWebKit/537.36 (KHTML, like Gecko; compatible; GPTBot/1.3; +https://openai.com/gptbot)"
74.7.227.41 - - [31/Mar/2026:21:16:34 +0000] "GET /wp-includes/js/dist/priority-queue.js HTTP/1.1" 200 10125 "https://weddingswithjoy.org.nz/wp-includes/js/dist/" "Mozilla/5.0 AppleWebKit/537.36 (KHTML, like Gecko; compatible; GPTBot/1.3; +https://openai.com/gptbot)"
74.7.227.41 - - [31/Mar/2026:21:16:34 +0000] "GET /wp-includes/js/dist/block-library.js HTTP/1.1" 200 2298145 "https://weddingswithjoy.org.nz/wp-includes/js/dist/" "Mozilla/5.0 AppleWebKit/537.36 (KHTML, like Gecko; compatible; GPTBot/1.3; +https://openai.com/gptbot)"
74.7.227.41 - - [31/Mar/2026:21:16:35 +0000] "GET /wp-includes/js/dist/shortcode.min.js HTTP/1.1" 200 2898 "https://weddingswithjoy.org.nz/wp-includes/js/dist/" "Mozilla/5.0 AppleWebKit/537.36 (KHTML, like Gecko; compatible; GPTBot/1.3; +https://openai.com/gptbot)"
74.7.227.41 - - [31/Mar/2026:21:16:36 +0000] "GET /wp-includes/js/dist/core-commands.js HTTP/1.1" 200 26278 "https://weddingswithjoy.org.nz/wp-includes/js/dist/" "Mozilla/5.0 AppleWebKit/537.36 (KHTML, like Gecko; compatible; GPTBot/1.3; +https://openai.com/gptbot)"
139.18.2.214 - - [31/Mar/2026:21:16:36 +0000] "GET /wp-includes/js/dist/vendor/?C=S;O=A HTTP/1.1" 200 6567 "https://weddingswithjoy.org.nz/wp-includes/js/dist/vendor/" "LCC (+http://corpora.uni-leipzig.de/crawler_faq.html)"
74.7.227.41 - - [31/Mar/2026:21:16:36 +0000] "GET /wp-includes/js/dist/viewport.min.js HTTP/1.1" 200 1878 "https://weddingswithjoy.org.nz/wp-includes/js/dist/" "Mozilla/5.0 AppleWebKit/537.36 (KHTML, like Gecko; compatible; GPTBot/1.3; +https://openai.com/gptbot)"
74.7.227.41 - - [31/Mar/2026:21:16:37 +0000] "GET /wp-includes/js/dist/block-editor.js HTTP/1.1" 200 2335579 "https://weddingswithjoy.org.nz/wp-includes/js/dist/" "Mozilla/5.0 AppleWebKit/537.36 (KHTML, like Gecko; compatible; GPTBot/1.3; +https://openai.com/gptbot)"
74.7.227.41 - - [31/Mar/2026:21:16:38 +0000] "GET /wp-includes/js/dist/i18n.min.js HTTP/1.1" 200 5314 "https://weddingswithjoy.org.nz/wp-includes/js/dist/" "Mozilla/5.0 AppleWebKit/537.36 (KHTML, like Gecko; compatible; GPTBot/1.3; +https://openai.com/gptbot)"
74.7.227.41 - - [31/Mar/2026:21:16:38 +0000] "GET /wp-includes/js/dist/list-reusable-blocks.min.js HTTP/1.1" 200 4735 "https://weddingswithjoy.org.nz/wp-includes/js/dist/" "Mozilla/5.0 AppleWebKit/537.36 (KHTML, like Gecko; compatible; GPTBot/1.3; +https://openai.com/gptbot)"
74.7.227.41 - - [31/Mar/2026:21:16:39 +0000] "GET /wp-includes/js/dist/edit-widgets.js HTTP/1.1" 200 156032 "https://weddingswithjoy.org.nz/wp-includes/js/dist/" "Mozilla/5.0 AppleWebKit/537.36 (KHTML, like Gecko; compatible; GPTBot/1.3; +https://openai.com/gptbot)"
74.7.227.41 - - [31/Mar/2026:21:16:39 +0000] "GET /wp-includes/js/dist/plugins.js HTTP/1.1" 200 13976 "https://weddingswithjoy.org.nz/wp-includes/js/dist/" "Mozilla/5.0 AppleWebKit/537.36 (KHTML, like Gecko; compatible; GPTBot/1.3; +https://openai.com/gptbot)"
74.7.227.41 - - [31/Mar/2026:21:16:40 +0000] "GET /wp-includes/js/dist/widgets.js HTTP/1.1" 200 48755 "https://weddingswithjoy.org.nz/wp-includes/js/dist/" "Mozilla/5.0 AppleWebKit/537.36 (KHTML, like Gecko; compatible; GPTBot/1.3; +https://openai.com/gptbot)"
74.7.227.41 - - [31/Mar/2026:21:16:40 +0000] "GET /wp-includes/js/dist/element.js HTTP/1.1" 200 47277 "https://weddingswithjoy.org.nz/wp-includes/js/dist/" "Mozilla/5.0 AppleWebKit/537.36 (KHTML, like Gecko; compatible; GPTBot/1.3; +https://openai.com/gptbot)"
74.7.227.41 - - [31/Mar/2026:21:16:41 +0000] "GET /wp-includes/js/dist/notices.js HTTP/1.1" 200 5977 "https://weddingswithjoy.org.nz/wp-includes/js/dist/" "Mozilla/5.0 AppleWebKit/537.36 (KHTML, like Gecko; compatible; GPTBot/1.3; +https://openai.com/gptbot)"
74.7.227.41 - - [31/Mar/2026:21:16:41 +0000] "GET /wp-includes/js/dist/primitives.min.js HTTP/1.1" 200 1661 "https://weddingswithjoy.org.nz/wp-includes/js/dist/" "Mozilla/5.0 AppleWebKit/537.36 (KHTML, like Gecko; compatible; GPTBot/1.3; +https://openai.com/gptbot)"
74.7.227.41 - - [31/Mar/2026:21:16:42 +0000] "GET /wp-includes/js/dist/components.min.js HTTP/1.1" 200 805479 "https://weddingswithjoy.org.nz/wp-includes/js/dist/" "Mozilla/5.0 AppleWebKit/537.36 (KHTML, like Gecko; compatible; GPTBot/1.3; +https://openai.com/gptbot)"
74.7.227.41 - - [31/Mar/2026:21:16:43 +0000] "GET /wp-includes/js/dist/deprecated.min.js HTTP/1.1" 200 684 "https://weddingswithjoy.org.nz/wp-includes/js/dist/" "Mozilla/5.0 AppleWebKit/537.36 (KHTML, like Gecko; compatible; GPTBot/1.3; +https://openai.com/gptbot)"
74.7.227.41 - - [31/Mar/2026:21:16:43 +0000] "GET /wp-includes/js/dist/element.min.js HTTP/1.1" 200 12112 "https://weddingswithjoy.org.nz/wp-includes/js/dist/" "Mozilla/5.0 AppleWebKit/537.36 (KHTML, like Gecko; compatible; GPTBot/1.3; +https://openai.com/gptbot)"
74.7.227.41 - - [31/Mar/2026:21:16:44 +0000] "GET /wp-includes/js/dist/data-controls.js HTTP/1.1" 200 4492 "https://weddingswithjoy.org.nz/wp-includes/js/dist/" "Mozilla/5.0 AppleWebKit/537.36 (KHTML, like Gecko; compatible; GPTBot/1.3; +https://openai.com/gptbot)"
74.7.227.41 - - [31/Mar/2026:21:16:44 +0000] "GET /wp-includes/js/dist/wordcount.min.js HTTP/1.1" 200 3316 "https://weddingswithjoy.org.nz/wp-includes/js/dist/" "Mozilla/5.0 AppleWebKit/537.36 (KHTML, like Gecko; compatible; GPTBot/1.3; +https://openai.com/gptbot)"
74.7.227.41 - - [31/Mar/2026:21:16:45 +0000] "GET /wp-includes/js/dist/redux-routine.js HTTP/1.1" 200 21736 "https://weddingswithjoy.org.nz/wp-includes/js/dist/" "Mozilla/5.0 AppleWebKit/537.36 (KHTML, like Gecko; compatible; GPTBot/1.3; +https://openai.com/gptbot)"
74.7.227.41 - - [31/Mar/2026:21:16:46 +0000] "GET /wp-includes/js/dist/viewport.js HTTP/1.1" 200 6439 "https://weddingswithjoy.org.nz/wp-includes/js/dist/" "Mozilla/5.0 AppleWebKit/537.36 (KHTML, like Gecko; compatible; GPTBot/1.3; +https://openai.com/gptbot)"
74.7.227.41 - - [31/Mar/2026:21:16:46 +0000] "GET /wp-includes/js/dist/compose.js HTTP/1.1" 200 146343 "https://weddingswithjoy.org.nz/wp-includes/js/dist/" "Mozilla/5.0 AppleWebKit/537.36 (KHTML, like Gecko; compatible; GPTBot/1.3; +https://openai.com/gptbot)"
74.7.227.41 - - [31/Mar/2026:21:16:47 +0000] "GET /wp-includes/js/dist/patterns.js HTTP/1.1" 200 61760 "https://weddingswithjoy.org.nz/wp-includes/js/dist/" "Mozilla/5.0 AppleWebKit/537.36 (KHTML, like Gecko; compatible; GPTBot/1.3; +https://openai.com/gptbot)"
74.7.227.41 - - [31/Mar/2026:21:16:47 +0000] "GET /wp-includes/js/dist/warning.js HTTP/1.1" 200 1641 "https://weddingswithjoy.org.nz/wp-includes/js/dist/" "Mozilla/5.0 AppleWebKit/537.36 (KHTML, like Gecko; compatible; GPTBot/1.3; +https://openai.com/gptbot)"
74.7.227.41 - - [31/Mar/2026:21:16:48 +0000] "GET /wp-includes/js/dist/style-engine.js HTTP/1.1" 200 35966 "https://weddingswithjoy.org.nz/wp-includes/js/dist/" "Mozilla/5.0 AppleWebKit/537.36 (KHTML, like Gecko; compatible; GPTBot/1.3; +https://openai.com/gptbot)"
139.18.2.214 - - [31/Mar/2026:21:16:48 +0000] "GET /wp-includes/js/dist/vendor/?C=D;O=A HTTP/1.1" 200 6567 "https://weddingswithjoy.org.nz/wp-includes/js/dist/vendor/" "LCC (+http://corpora.uni-leipzig.de/crawler_faq.html)"
74.7.227.41 - - [31/Mar/2026:21:16:48 +0000] "GET /wp-includes/js/dist/patterns.min.js HTTP/1.1" 200 21989 "https://weddingswithjoy.org.nz/wp-includes/js/dist/" "Mozilla/5.0 AppleWebKit/537.36 (KHTML, like Gecko; compatible; GPTBot/1.3; +https://openai.com/gptbot)"
74.7.227.41 - - [31/Mar/2026:21:16:49 +0000] "GET /wp-includes/js/dist/commands.js HTTP/1.1" 200 175828 "https://weddingswithjoy.org.nz/wp-includes/js/dist/" "Mozilla/5.0 AppleWebKit/537.36 (KHTML, like Gecko; compatible; GPTBot/1.3; +https://openai.com/gptbot)"
74.7.227.41 - - [31/Mar/2026:21:16:49 +0000] "GET /wp-includes/js/dist/widgets.min.js HTTP/1.1" 200 19966 "https://weddingswithjoy.org.nz/wp-includes/js/dist/" "Mozilla/5.0 AppleWebKit/537.36 (KHTML, like Gecko; compatible; GPTBot/1.3; +https://openai.com/gptbot)"
74.7.227.41 - - [31/Mar/2026:21:16:50 +0000] "GET /wp-includes/js/dist/notices.min.js HTTP/1.1" 200 2078 "https://weddingswithjoy.org.nz/wp-includes/js/dist/" "Mozilla/5.0 AppleWebKit/537.36 (KHTML, like Gecko; compatible; GPTBot/1.3; +https://openai.com/gptbot)"
74.7.227.41 - - [31/Mar/2026:21:16:50 +0000] "GET /wp-includes/js/dist/plugins.min.js HTTP/1.1" 200 4334 "https://weddingswithjoy.org.nz/wp-includes/js/dist/" "Mozilla/5.0 AppleWebKit/537.36 (KHTML, like Gecko; compatible; GPTBot/1.3; +https://openai.com/gptbot)"
74.7.227.41 - - [31/Mar/2026:21:16:51 +0000] "GET /wp-includes/js/dist/base-styles.js HTTP/1.1" 200 266 "https://weddingswithjoy.org.nz/wp-includes/js/dist/" "Mozilla/5.0 AppleWebKit/537.36 (KHTML, like Gecko; compatible; GPTBot/1.3; +https://openai.com/gptbot)"
74.7.227.41 - - [31/Mar/2026:21:16:51 +0000] "GET /wp-includes/js/dist/warning.min.js HTTP/1.1" 200 303 "https://weddingswithjoy.org.nz/wp-includes/js/dist/" "Mozilla/5.0 AppleWebKit/537.36 (KHTML, like Gecko; compatible; GPTBot/1.3; +https://openai.com/gptbot)"
74.7.227.41 - - [31/Mar/2026:21:16:52 +0000] "GET /wp-includes/js/dist/compose.min.js HTTP/1.1" 200 36634 "https://weddingswithjoy.org.nz/wp-includes/js/dist/" "Mozilla/5.0 AppleWebKit/537.36 (KHTML, like Gecko; compatible; GPTBot/1.3; +https://openai.com/gptbot)"
74.7.227.41 - - [31/Mar/2026:21:16:53 +0000] "GET /wp-includes/js/dist/media-utils.js HTTP/1.1" 200 23907 "https://weddingswithjoy.org.nz/wp-includes/js/dist/" "Mozilla/5.0 AppleWebKit/537.36 (KHTML, like Gecko; compatible; GPTBot/1.3; +https://openai.com/gptbot)"
74.7.227.41 - - [31/Mar/2026:21:16:53 +0000] "GET /wp-includes/js/dist/script-modules/a11y/ HTTP/1.1" 200 2658 "https://weddingswithjoy.org.nz/wp-includes/js/dist/script-modules/" "Mozilla/5.0 AppleWebKit/537.36 (KHTML, like Gecko; compatible; GPTBot/1.3; +https://openai.com/gptbot)"
74.7.227.41 - - [31/Mar/2026:21:16:54 +0000] "GET /wp-includes/js/media-audiovideo.js HTTP/1.1" 200 24819 "https://weddingswithjoy.org.nz/wp-includes/js/" "Mozilla/5.0 AppleWebKit/537.36 (KHTML, like Gecko; compatible; GPTBot/1.3; +https://openai.com/gptbot)"
74.7.227.41 - - [31/Mar/2026:21:16:54 +0000] "GET /wp-includes/js/imagesloaded.min.js HTTP/1.1" 200 5520 "https://weddingswithjoy.org.nz/wp-includes/js/" "Mozilla/5.0 AppleWebKit/537.36 (KHTML, like Gecko; compatible; GPTBot/1.3; +https://openai.com/gptbot)"
74.7.227.41 - - [31/Mar/2026:21:16:55 +0000] "GET /wp-includes/js/customize-models.js HTTP/1.1" 200 6821 "https://weddingswithjoy.org.nz/wp-includes/js/" "Mozilla/5.0 AppleWebKit/537.36 (KHTML, like Gecko; compatible; GPTBot/1.3; +https://openai.com/gptbot)"
74.7.243.230 - - [31/Mar/2026:21:16:55 +0000] "GET /wp-includes/js/tinymce/plugins/colorpicker/plugin.min.js HTTP/1.1" 200 1349 "https://schoolofgolfnz.co.nz/wp-includes/js/tinymce/plugins/colorpicker/" "Mozilla/5.0 AppleWebKit/537.36 (KHTML, like Gecko; compatible; GPTBot/1.3; +https://openai.com/gptbot)"
74.7.227.41 - - [31/Mar/2026:21:16:55 +0000] "GET /wp-includes/js/jquery/ui/ HTTP/1.1" 200 14188 "https://weddingswithjoy.org.nz/wp-includes/js/jquery/" "Mozilla/5.0 AppleWebKit/537.36 (KHTML, like Gecko; compatible; GPTBot/1.3; +https://openai.com/gptbot)"
74.7.227.41 - - [31/Mar/2026:21:16:56 +0000] "GET /wp-includes/ID3/?C=S;O=A HTTP/1.1" 200 4042 "https://weddingswithjoy.org.nz/wp-includes/ID3/" "Mozilla/5.0 AppleWebKit/537.36 (KHTML, like Gecko; compatible; GPTBot/1.3; +https://openai.com/gptbot)"
74.7.227.41 - - [31/Mar/2026:21:16:56 +0000] "GET /wp-includes/ID3/?C=M;O=A HTTP/1.1" 200 4042 "https://weddingswithjoy.org.nz/wp-includes/ID3/" "Mozilla/5.0 AppleWebKit/537.36 (KHTML, like Gecko; compatible; GPTBot/1.3; +https://openai.com/gptbot)"
74.7.227.41 - - [31/Mar/2026:21:16:57 +0000] "GET /wp-includes/class-wp-network.php HTTP/1.1" 200 - "https://weddingswithjoy.org.nz/wp-includes/" "Mozilla/5.0 AppleWebKit/537.36 (KHTML, like Gecko; compatible; GPTBot/1.3; +https://openai.com/gptbot)"
74.7.227.41 - - [31/Mar/2026:21:16:57 +0000] "GET /wp-includes/js/dist/'+t+' HTTP/1.1" 404 - "https://weddingswithjoy.org.nz/wp-includes/js/dist/core-data.min.js" "Mozilla/5.0 AppleWebKit/537.36 (KHTML, like Gecko; compatible; GPTBot/1.3; +https://openai.com/gptbot)"
74.7.227.41 - - [31/Mar/2026:21:16:58 +0000] "GET /wp-includes/sodium_compat/namespaced/Core/X25519.php HTTP/1.1" 500 - "https://weddingswithjoy.org.nz/wp-includes/sodium_compat/namespaced/Core/" "Mozilla/5.0 AppleWebKit/537.36 (KHTML, like Gecko; compatible; GPTBot/1.3; +https://openai.com/gptbot)"
74.7.227.41 - - [31/Mar/2026:21:16:58 +0000] "GET /wp-includes/sodium_compat/namespaced/Core/Ed25519.php HTTP/1.1" 500 - "https://weddingswithjoy.org.nz/wp-includes/sodium_compat/namespaced/Core/" "Mozilla/5.0 AppleWebKit/537.36 (KHTML, like Gecko; compatible; GPTBot/1.3; +https://openai.com/gptbot)"
74.7.227.41 - - [31/Mar/2026:21:17:00 +0000] "GET /wp-includes/sodium_compat/namespaced/Core/Curve25519/Fe.php HTTP/1.1" 500 - "https://weddingswithjoy.org.nz/wp-includes/sodium_compat/namespaced/Core/Curve25519/" "Mozilla/5.0 AppleWebKit/537.36 (KHTML, like Gecko; compatible; GPTBot/1.3; +https://openai.com/gptbot)"
139.18.2.214 - - [31/Mar/2026:21:17:00 +0000] "GET /wp-includes/js/dist/vendor/react-jsx-runtime.min.js.LICENSE.txt HTTP/1.1" 200 249 "https://weddingswithjoy.org.nz/wp-includes/js/dist/vendor/" "LCC (+http://corpora.uni-leipzig.de/crawler_faq.html)"
74.7.227.41 - - [31/Mar/2026:21:17:04 +0000] "GET /wp-includes/js/',attachment.get(%20'url'%20),' HTTP/1.1" 404 - "https://weddingswithjoy.org.nz/wp-includes/js/media-audiovideo.js" "Mozilla/5.0 AppleWebKit/537.36 (KHTML, like Gecko; compatible; GPTBot/1.3; +https://openai.com/gptbot)"
139.18.2.214 - - [31/Mar/2026:21:17:11 +0000] "GET /wp-includes/js/imgareaselect/?C=N;O=A HTTP/1.1" 200 1605 "https://weddingswithjoy.org.nz/wp-includes/js/imgareaselect/?C=N;O=D" "LCC (+http://corpora.uni-leipzig.de/crawler_faq.html)"
74.7.243.230 - - [31/Mar/2026:21:17:13 +0000] "GET /wp-includes/js/dist/autop.js HTTP/1.1" 200 10193 "https://schoolofgolfnz.co.nz/wp-includes/js/dist/" "Mozilla/5.0 AppleWebKit/537.36 (KHTML, like Gecko; compatible; GPTBot/1.3; +https://openai.com/gptbot)"
74.7.227.41 - - [31/Mar/2026:21:17:18 +0000] "GET /wp-includes/js/masonry.min.js HTTP/1.1" 200 24138 "https://weddingswithjoy.org.nz/wp-includes/js/" "Mozilla/5.0 AppleWebKit/537.36 (KHTML, like Gecko; compatible; GPTBot/1.3; +https://openai.com/gptbot)"
139.18.2.214 - - [31/Mar/2026:21:17:20 +0000] "GET /wp-includes/js/imgareaselect/?C=M;O=D HTTP/1.1" 200 1605 "https://weddingswithjoy.org.nz/wp-includes/js/imgareaselect/?C=M;O=A" "LCC (+http://corpora.uni-leipzig.de/crawler_faq.html)"
74.7.227.159 - - [31/Mar/2026:21:17:27 +0000] "GET /wp-includes/class-wp-http-streams.php HTTP/1.1" 200 - "https://www.qualityprecast.co.nz/wp-includes/" "Mozilla/5.0 AppleWebKit/537.36 (KHTML, like Gecko; compatible; GPTBot/1.3; +https://openai.com/gptbot)"
74.7.243.230 - - [31/Mar/2026:21:17:31 +0000] "GET /wp-includes/js/imgareaselect/ HTTP/1.1" 200 1605 "https://schoolofgolfnz.co.nz/wp-includes/js/" "Mozilla/5.0 AppleWebKit/537.36 (KHTML, like Gecko; compatible; GPTBot/1.3; +https://openai.com/gptbot)"
139.18.2.214 - - [31/Mar/2026:21:17:32 +0000] "GET /wp-includes/js/imgareaselect/?C=S;O=D HTTP/1.1" 200 1605 "https://weddingswithjoy.org.nz/wp-includes/js/imgareaselect/?C=S;O=A" "LCC (+http://corpora.uni-leipzig.de/crawler_faq.html)"
74.7.227.41 - - [31/Mar/2026:21:17:33 +0000] "GET /wp-includes/js/api-request.min.js HTTP/1.1" 200 1023 "https://weddingswithjoy.org.nz/wp-includes/js/" "Mozilla/5.0 AppleWebKit/537.36 (KHTML, like Gecko; compatible; GPTBot/1.3; +https://openai.com/gptbot)"
139.18.2.214 - - [31/Mar/2026:21:17:42 +0000] "GET /wp-includes/js/imgareaselect/?C=D;O=D HTTP/1.1" 200 1605 "https://weddingswithjoy.org.nz/wp-includes/js/imgareaselect/?C=D;O=A" "LCC (+http://corpora.uni-leipzig.de/crawler_faq.html)"
74.7.227.41 - - [31/Mar/2026:21:17:45 +0000] "GET /wp-includes/js/jquery/ui/effect-fade.js HTTP/1.1" 200 968 "https://weddingswithjoy.org.nz/wp-includes/js/jquery/ui/" "Mozilla/5.0 AppleWebKit/537.36 (KHTML, like Gecko; compatible; GPTBot/1.3; +https://openai.com/gptbot)"
74.7.243.230 - - [31/Mar/2026:21:17:47 +0000] "GET /wp-includes/js/colorpicker.js HTTP/1.1" 200 29083 "https://schoolofgolfnz.co.nz/wp-includes/js/" "Mozilla/5.0 AppleWebKit/537.36 (KHTML, like Gecko; compatible; GPTBot/1.3; +https://openai.com/gptbot)"
139.18.2.214 - - [31/Mar/2026:21:17:52 +0000] "GET /wp-includes/js/jcrop/?C=N;O=A HTTP/1.1" 200 1197 "https://weddingswithjoy.org.nz/wp-includes/js/jcrop/?C=N;O=D" "LCC (+http://corpora.uni-leipzig.de/crawler_faq.html)"
74.7.227.41 - - [31/Mar/2026:21:17:56 +0000] "GET /wp-includes/ID3/?C=N;O=A HTTP/1.1" 200 4042 "https://weddingswithjoy.org.nz/wp-includes/ID3/?C=S;O=A" "Mozilla/5.0 AppleWebKit/537.36 (KHTML, like Gecko; compatible; GPTBot/1.3; +https://openai.com/gptbot)"
74.7.243.230 - - [31/Mar/2026:21:18:01 +0000] "GET /wp-includes/js/underscore.js HTTP/1.1" 200 68735 "https://schoolofgolfnz.co.nz/wp-includes/js/" "Mozilla/5.0 AppleWebKit/537.36 (KHTML, like Gecko; compatible; GPTBot/1.3; +https://openai.com/gptbot)"
139.18.2.214 - - [31/Mar/2026:21:18:03 +0000] "GET /wp-includes/js/jcrop/?C=M;O=D HTTP/1.1" 200 1197 "https://weddingswithjoy.org.nz/wp-includes/js/jcrop/?C=M;O=A" "LCC (+http://corpora.uni-leipzig.de/crawler_faq.html)"
74.7.227.41 - - [31/Mar/2026:21:18:06 +0000] "GET /wp-includes/theme.json HTTP/1.1" 304 - "https://weddingswithjoy.org.nz/wp-includes/" "Mozilla/5.0 AppleWebKit/537.36 (KHTML, like Gecko; compatible; GPTBot/1.3; +https://openai.com/gptbot)"
139.18.2.214 - - [31/Mar/2026:21:18:12 +0000] "GET /wp-includes/js/jcrop/?C=S;O=D HTTP/1.1" 200 1197 "https://weddingswithjoy.org.nz/wp-includes/js/jcrop/?C=S;O=A" "LCC (+http://corpora.uni-leipzig.de/crawler_faq.html)"
74.7.243.230 - - [31/Mar/2026:21:18:14 +0000] "GET /wp-includes/js/tinymce/plugins/wpeditimage/plugin.js HTTP/1.1" 200 25642 "https://schoolofgolfnz.co.nz/wp-includes/js/tinymce/plugins/wpeditimage/" "Mozilla/5.0 AppleWebKit/537.36 (KHTML, like Gecko; compatible; GPTBot/1.3; +https://openai.com/gptbot)"
74.7.227.41 - - [31/Mar/2026:21:18:15 +0000] "GET /wp-includes/js/jquery/ui/effect-shake.min.js HTTP/1.1" 200 846 "https://weddingswithjoy.org.nz/wp-includes/js/jquery/ui/" "Mozilla/5.0 AppleWebKit/537.36 (KHTML, like Gecko; compatible; GPTBot/1.3; +https://openai.com/gptbot)"
74.7.227.41 - - [31/Mar/2026:21:18:24 +0000] "GET /wp-includes/images/media/ HTTP/1.1" 200 3877 "https://weddingswithjoy.org.nz/wp-includes/images/" "Mozilla/5.0 AppleWebKit/537.36 (KHTML, like Gecko; compatible; GPTBot/1.3; +https://openai.com/gptbot)"
139.18.2.214 - - [31/Mar/2026:21:18:24 +0000] "GET /wp-includes/js/jcrop/?C=D;O=D HTTP/1.1" 200 1197 "https://weddingswithjoy.org.nz/wp-includes/js/jcrop/?C=D;O=A" "LCC (+http://corpora.uni-leipzig.de/crawler_faq.html)"
74.7.227.159 - - [31/Mar/2026:21:18:25 +0000] "GET /wp-includes/class-wp-roles.php HTTP/1.1" 200 - "https://www.qualityprecast.co.nz/wp-includes/" "Mozilla/5.0 AppleWebKit/537.36 (KHTML, like Gecko; compatible; GPTBot/1.3; +https://openai.com/gptbot)"
74.7.243.230 - - [31/Mar/2026:21:18:25 +0000] "GET /wp-includes/js/mediaelement/ HTTP/1.1" 200 4277 "https://schoolofgolfnz.co.nz/wp-includes/js/" "Mozilla/5.0 AppleWebKit/537.36 (KHTML, like Gecko; compatible; GPTBot/1.3; +https://openai.com/gptbot)"
74.7.227.41 - - [31/Mar/2026:21:18:31 +0000] "GET /wp-includes/js/jquery/ui/effect-slide.min.js HTTP/1.1" 200 917 "https://weddingswithjoy.org.nz/wp-includes/js/jquery/ui/" "Mozilla/5.0 AppleWebKit/537.36 (KHTML, like Gecko; compatible; GPTBot/1.3; +https://openai.com/gptbot)"
139.18.2.214 - - [31/Mar/2026:21:18:34 +0000] "GET /wp-includes/js/jquery/?C=N;O=A HTTP/1.1" 200 4178 "https://weddingswithjoy.org.nz/wp-includes/js/jquery/?C=N;O=D" "LCC (+http://corpora.uni-leipzig.de/crawler_faq.html)"
74.7.243.230 - - [31/Mar/2026:21:18:36 +0000] "GET /wp-includes/js/tinymce/plugins/fullscreen/plugin.js HTTP/1.1" 200 5595 "https://schoolofgolfnz.co.nz/wp-includes/js/tinymce/plugins/fullscreen/" "Mozilla/5.0 AppleWebKit/537.36 (KHTML, like Gecko; compatible; GPTBot/1.3; +https://openai.com/gptbot)"
74.7.227.41 - - [31/Mar/2026:21:18:38 +0000] "GET /wp-includes/js/jquery/ui/effect-blind.min.js HTTP/1.1" 200 880 "https://weddingswithjoy.org.nz/wp-includes/js/jquery/ui/" "Mozilla/5.0 AppleWebKit/537.36 (KHTML, like Gecko; compatible; GPTBot/1.3; +https://openai.com/gptbot)"
74.7.227.41 - - [31/Mar/2026:21:18:44 +0000] "GET /wp-includes/js/jquery/ui/effect-scale.min.js HTTP/1.1" 200 723 "https://weddingswithjoy.org.nz/wp-includes/js/jquery/ui/" "Mozilla/5.0 AppleWebKit/537.36 (KHTML, like Gecko; compatible; GPTBot/1.3; +https://openai.com/gptbot)"
74.7.243.230 - - [31/Mar/2026:21:18:45 +0000] "GET /wp-includes/js/tinymce/plugins/wpgallery/plugin.js HTTP/1.1" 200 3183 "https://schoolofgolfnz.co.nz/wp-includes/js/tinymce/plugins/wpgallery/" "Mozilla/5.0 AppleWebKit/537.36 (KHTML, like Gecko; compatible; GPTBot/1.3; +https://openai.com/gptbot)"
139.18.2.214 - - [31/Mar/2026:21:18:46 +0000] "GET /wp-includes/js/jquery/?C=M;O=D HTTP/1.1" 200 4178 "https://weddingswithjoy.org.nz/wp-includes/js/jquery/?C=M;O=A" "LCC (+http://corpora.uni-leipzig.de/crawler_faq.html)"
74.7.227.41 - - [31/Mar/2026:21:18:50 +0000] "GET /wp-includes/pomo/streams.php HTTP/1.1" 200 - "https://weddingswithjoy.org.nz/wp-includes/pomo/" "Mozilla/5.0 AppleWebKit/537.36 (KHTML, like Gecko; compatible; GPTBot/1.3; +https://openai.com/gptbot)"
74.7.243.230 - - [31/Mar/2026:21:18:53 +0000] "GET /wp-includes/js/tinymce/plugins/wordpress/plugin.js HTTP/1.1" 200 34146 "https://schoolofgolfnz.co.nz/wp-includes/js/tinymce/plugins/wordpress/" "Mozilla/5.0 AppleWebKit/537.36 (KHTML, like Gecko; compatible; GPTBot/1.3; +https://openai.com/gptbot)"
74.7.227.41 - - [31/Mar/2026:21:18:55 +0000] "GET /wp-includes/js/tinymce/ HTTP/1.1" 200 2431 "https://weddingswithjoy.org.nz/wp-includes/js/" "Mozilla/5.0 AppleWebKit/537.36 (KHTML, like Gecko; compatible; GPTBot/1.3; +https://openai.com/gptbot)"
139.18.2.214 - - [31/Mar/2026:21:18:57 +0000] "GET /wp-includes/js/jquery/?C=S;O=D HTTP/1.1" 200 4178 "https://weddingswithjoy.org.nz/wp-includes/js/jquery/?C=S;O=A" "LCC (+http://corpora.uni-leipzig.de/crawler_faq.html)"
74.7.227.41 - - [31/Mar/2026:21:18:59 +0000] "GET /wp-includes/js/utils.js HTTP/1.1" 200 4665 "https://weddingswithjoy.org.nz/wp-includes/js/" "Mozilla/5.0 AppleWebKit/537.36 (KHTML, like Gecko; compatible; GPTBot/1.3; +https://openai.com/gptbot)"
74.7.243.230 - - [31/Mar/2026:21:19:01 +0000] "GET /wp-includes/js/tinymce/plugins/textcolor/plugin.js HTTP/1.1" 200 11310 "https://schoolofgolfnz.co.nz/wp-includes/js/tinymce/plugins/textcolor/" "Mozilla/5.0 AppleWebKit/537.36 (KHTML, like Gecko; compatible; GPTBot/1.3; +https://openai.com/gptbot)"
74.7.227.41 - - [31/Mar/2026:21:19:03 +0000] "GET /wp-includes/images/rss.png HTTP/1.1" 200 608 "https://weddingswithjoy.org.nz/wp-includes/images/" "Mozilla/5.0 AppleWebKit/537.36 (KHTML, like Gecko; compatible; GPTBot/1.3; +https://openai.com/gptbot)"
139.18.2.214 - - [31/Mar/2026:21:19:06 +0000] "GET /wp-includes/js/jquery/?C=D;O=D HTTP/1.1" 200 4178 "https://weddingswithjoy.org.nz/wp-includes/js/jquery/?C=D;O=A" "LCC (+http://corpora.uni-leipzig.de/crawler_faq.html)"
74.7.227.41 - - [31/Mar/2026:21:19:07 +0000] "GET /wp-includes/js/wpdialog.js HTTP/1.1" 200 569 "https://weddingswithjoy.org.nz/wp-includes/js/" "Mozilla/5.0 AppleWebKit/537.36 (KHTML, like Gecko; compatible; GPTBot/1.3; +https://openai.com/gptbot)"
74.7.243.230 - - [31/Mar/2026:21:19:07 +0000] "GET /wp-includes/js/tinymce/plugins/wpdialogs/plugin.js HTTP/1.1" 200 2439 "https://schoolofgolfnz.co.nz/wp-includes/js/tinymce/plugins/wpdialogs/" "Mozilla/5.0 AppleWebKit/537.36 (KHTML, like Gecko; compatible; GPTBot/1.3; +https://openai.com/gptbot)"
74.7.227.41 - - [31/Mar/2026:21:19:10 +0000] "GET /wp-includes/widgets/class-wp-widget-media-gallery.php HTTP/1.1" 500 - "https://weddingswithjoy.org.nz/wp-includes/widgets/" "Mozilla/5.0 AppleWebKit/537.36 (KHTML, like Gecko; compatible; GPTBot/1.3; +https://openai.com/gptbot)"
74.7.227.41 - - [31/Mar/2026:21:19:13 +0000] "GET /wp-includes/js/',i.get( HTTP/1.1" 404 - "https://weddingswithjoy.org.nz/wp-includes/js/media-audiovideo.min.js" "Mozilla/5.0 AppleWebKit/537.36 (KHTML, like Gecko; compatible; GPTBot/1.3; +https://openai.com/gptbot)"
74.7.243.230 - - [31/Mar/2026:21:19:13 +0000] "GET /wp-includes/sodium_compat/src/Core/HChaCha20.php HTTP/1.1" 500 - "https://schoolofgolfnz.co.nz/wp-includes/sodium_compat/src/Core/" "Mozilla/5.0 AppleWebKit/537.36 (KHTML, like Gecko; compatible; GPTBot/1.3; +https://openai.com/gptbot)"
74.7.227.159 - - [31/Mar/2026:21:19:15 +0000] "GET /wp-includes/class-wp-theme.php HTTP/1.1" 200 - "https://www.qualityprecast.co.nz/wp-includes/" "Mozilla/5.0 AppleWebKit/537.36 (KHTML, like Gecko; compatible; GPTBot/1.3; +https://openai.com/gptbot)"
139.18.2.214 - - [31/Mar/2026:21:19:18 +0000] "GET /wp-includes/js/jquery/ui/?C=N;O=D HTTP/1.1" 200 14188 "https://weddingswithjoy.org.nz/wp-includes/js/jquery/ui/" "LCC (+http://corpora.uni-leipzig.de/crawler_faq.html)"
74.7.243.230 - - [31/Mar/2026:21:19:19 +0000] "GET /wp-includes/js/imgareaselect/border-anim-h.gif HTTP/1.1" 200 178 "https://schoolofgolfnz.co.nz/wp-includes/js/imgareaselect/" "Mozilla/5.0 AppleWebKit/537.36 (KHTML, like Gecko; compatible; GPTBot/1.3; +https://openai.com/gptbot)"
74.7.227.41 - - [31/Mar/2026:21:19:22 +0000] "GET /wp-includes/images/media/audio.png HTTP/1.1" 200 382 "https://weddingswithjoy.org.nz/wp-includes/images/media/" "Mozilla/5.0 AppleWebKit/537.36 (KHTML, like Gecko; compatible; GPTBot/1.3; +https://openai.com/gptbot)"
139.18.2.214 - - [31/Mar/2026:21:19:30 +0000] "GET /wp-includes/js/jquery/ui/?C=M;O=A HTTP/1.1" 200 14188 "https://weddingswithjoy.org.nz/wp-includes/js/jquery/ui/" "LCC (+http://corpora.uni-leipzig.de/crawler_faq.html)"
74.7.227.41 - - [31/Mar/2026:21:19:30 +0000] "GET /wp-includes/images/media/interactive.svg HTTP/1.1" 200 298 "https://weddingswithjoy.org.nz/wp-includes/images/media/" "Mozilla/5.0 AppleWebKit/537.36 (KHTML, like Gecko; compatible; GPTBot/1.3; +https://openai.com/gptbot)"
74.7.243.230 - - [31/Mar/2026:21:19:35 +0000] "GET /wp-includes/js/imgareaselect/border-anim-v.gif HTTP/1.1" 200 178 "https://schoolofgolfnz.co.nz/wp-includes/js/imgareaselect/" "Mozilla/5.0 AppleWebKit/537.36 (KHTML, like Gecko; compatible; GPTBot/1.3; +https://openai.com/gptbot)"
74.7.227.41 - - [31/Mar/2026:21:19:38 +0000] "GET /wp-includes/images/media/interactive.png HTTP/1.1" 200 319 "https://weddingswithjoy.org.nz/wp-includes/images/media/" "Mozilla/5.0 AppleWebKit/537.36 (KHTML, like Gecko; compatible; GPTBot/1.3; +https://openai.com/gptbot)"
139.18.2.214 - - [31/Mar/2026:21:19:41 +0000] "GET /wp-includes/js/jquery/ui/?C=S;O=A HTTP/1.1" 200 14188 "https://weddingswithjoy.org.nz/wp-includes/js/jquery/ui/" "LCC (+http://corpora.uni-leipzig.de/crawler_faq.html)"
74.7.227.41 - - [31/Mar/2026:21:19:45 +0000] "GET /wp-includes/images/media/document.svg HTTP/1.1" 200 318 "https://weddingswithjoy.org.nz/wp-includes/images/media/" "Mozilla/5.0 AppleWebKit/537.36 (KHTML, like Gecko; compatible; GPTBot/1.3; +https://openai.com/gptbot)"
74.7.243.230 - - [31/Mar/2026:21:19:51 +0000] "GET /wp-includes/js/imgareaselect/jquery.imgareaselect.min.js HTTP/1.1" 200 9770 "https://schoolofgolfnz.co.nz/wp-includes/js/imgareaselect/" "Mozilla/5.0 AppleWebKit/537.36 (KHTML, like Gecko; compatible; GPTBot/1.3; +https://openai.com/gptbot)"
74.7.227.41 - - [31/Mar/2026:21:19:52 +0000] "GET /wp-includes/images/media/spreadsheet.svg HTTP/1.1" 200 460 "https://weddingswithjoy.org.nz/wp-includes/images/media/" "Mozilla/5.0 AppleWebKit/537.36 (KHTML, like Gecko; compatible; GPTBot/1.3; +https://openai.com/gptbot)"
139.18.2.214 - - [31/Mar/2026:21:19:53 +0000] "GET /wp-includes/js/jquery/ui/?C=D;O=A HTTP/1.1" 200 14188 "https://weddingswithjoy.org.nz/wp-includes/js/jquery/ui/" "LCC (+http://corpora.uni-leipzig.de/crawler_faq.html)"
74.7.227.41 - - [31/Mar/2026:21:19:57 +0000] "GET /wp-includes/js/tinymce/tiny_mce_popup.js HTTP/1.1" 200 15988 "https://weddingswithjoy.org.nz/wp-includes/js/tinymce/" "Mozilla/5.0 AppleWebKit/537.36 (KHTML, like Gecko; compatible; GPTBot/1.3; +https://openai.com/gptbot)"
74.7.227.159 - - [31/Mar/2026:21:20:00 +0000] "GET /wp-includes/class-wp-query.php HTTP/1.1" 200 - "https://www.qualityprecast.co.nz/wp-includes/" "Mozilla/5.0 AppleWebKit/537.36 (KHTML, like Gecko; compatible; GPTBot/1.3; +https://openai.com/gptbot)"
74.7.227.41 - - [31/Mar/2026:21:20:03 +0000] "GET /wp-includes/js/tinymce/tinymce.min.js HTTP/1.1" 200 365570 "https://weddingswithjoy.org.nz/wp-includes/js/tinymce/" "Mozilla/5.0 AppleWebKit/537.36 (KHTML, like Gecko; compatible; GPTBot/1.3; +https://openai.com/gptbot)"
74.7.243.230 - - [31/Mar/2026:21:20:04 +0000] "GET /wp-includes/js/imgareaselect/jquery.imgareaselect.js HTTP/1.1" 200 38637 "https://schoolofgolfnz.co.nz/wp-includes/js/imgareaselect/" "Mozilla/5.0 AppleWebKit/537.36 (KHTML, like Gecko; compatible; GPTBot/1.3; +https://openai.com/gptbot)"
139.18.2.214 - - [31/Mar/2026:21:20:09 +0000] "GET /wp-includes/js/mediaelement/?C=N;O=A HTTP/1.1" 200 4277 "https://weddingswithjoy.org.nz/wp-includes/js/mediaelement/?C=N;O=D" "LCC (+http://corpora.uni-leipzig.de/crawler_faq.html)"
74.7.227.41 - - [31/Mar/2026:21:20:11 +0000] "GET /wp-includes/images/media/spreadsheet.png HTTP/1.1" 200 188 "https://weddingswithjoy.org.nz/wp-includes/images/media/" "Mozilla/5.0 AppleWebKit/537.36 (KHTML, like Gecko; compatible; GPTBot/1.3; +https://openai.com/gptbot)"
74.7.227.41 - - [31/Mar/2026:21:20:15 +0000] "GET /wp-includes/js/tinymce/wp-tinymce.js HTTP/1.1" 200 671433 "https://weddingswithjoy.org.nz/wp-includes/js/tinymce/" "Mozilla/5.0 AppleWebKit/537.36 (KHTML, like Gecko; compatible; GPTBot/1.3; +https://openai.com/gptbot)"
74.7.243.230 - - [31/Mar/2026:21:20:16 +0000] "GET /wp-includes/js/mediaelement/mejs-controls.svg HTTP/1.1" 200 4598 "https://schoolofgolfnz.co.nz/wp-includes/js/mediaelement/" "Mozilla/5.0 AppleWebKit/537.36 (KHTML, like Gecko; compatible; GPTBot/1.3; +https://openai.com/gptbot)"
74.7.227.41 - - [31/Mar/2026:21:20:19 +0000] "GET /wp-includes/images/media/document.png HTTP/1.1" 200 200 "https://weddingswithjoy.org.nz/wp-includes/images/media/" "Mozilla/5.0 AppleWebKit/537.36 (KHTML, like Gecko; compatible; GPTBot/1.3; +https://openai.com/gptbot)"
139.18.2.214 - - [31/Mar/2026:21:20:20 +0000] "GET /wp-includes/js/mediaelement/?C=M;O=D HTTP/1.1" 200 4277 "https://weddingswithjoy.org.nz/wp-includes/js/mediaelement/?C=M;O=A" "LCC (+http://corpora.uni-leipzig.de/crawler_faq.html)"
74.7.227.41 - - [31/Mar/2026:21:20:22 +0000] "GET /wp-includes/images/media/archive.png HTTP/1.1" 200 417 "https://weddingswithjoy.org.nz/wp-includes/images/media/" "Mozilla/5.0 AppleWebKit/537.36 (KHTML, like Gecko; compatible; GPTBot/1.3; +https://openai.com/gptbot)"
74.7.227.41 - - [31/Mar/2026:21:20:25 +0000] "GET /wp-includes/images/media/archive.svg HTTP/1.1" 200 391 "https://weddingswithjoy.org.nz/wp-includes/images/media/" "Mozilla/5.0 AppleWebKit/537.36 (KHTML, like Gecko; compatible; GPTBot/1.3; +https://openai.com/gptbot)"
74.7.243.230 - - [31/Mar/2026:21:20:27 +0000] "GET /wp-includes/js/mediaelement/mejs-controls.png HTTP/1.1" 200 2883 "https://schoolofgolfnz.co.nz/wp-includes/js/mediaelement/" "Mozilla/5.0 AppleWebKit/537.36 (KHTML, like Gecko; compatible; GPTBot/1.3; +https://openai.com/gptbot)"
74.7.227.41 - - [31/Mar/2026:21:20:27 +0000] "GET /wp-includes/js/tinymce/themes/ HTTP/1.1" 200 1021 "https://weddingswithjoy.org.nz/wp-includes/js/tinymce/" "Mozilla/5.0 AppleWebKit/537.36 (KHTML, like Gecko; compatible; GPTBot/1.3; +https://openai.com/gptbot)"
74.7.227.41 - - [31/Mar/2026:21:20:29 +0000] "GET /wp-includes/images/media/default.svg HTTP/1.1" 200 161 "https://weddingswithjoy.org.nz/wp-includes/images/media/" "Mozilla/5.0 AppleWebKit/537.36 (KHTML, like Gecko; compatible; GPTBot/1.3; +https://openai.com/gptbot)"
74.7.227.41 - - [31/Mar/2026:21:20:31 +0000] "GET /wp-includes/images/media/default.png HTTP/1.1" 200 168 "https://weddingswithjoy.org.nz/wp-includes/images/media/" "Mozilla/5.0 AppleWebKit/537.36 (KHTML, like Gecko; compatible; GPTBot/1.3; +https://openai.com/gptbot)"
74.7.227.41 - - [31/Mar/2026:21:20:33 +0000] "GET /wp-includes/js/tinymce/'%20+%20url%20+%20' HTTP/1.1" 404 - "https://weddingswithjoy.org.nz/wp-includes/js/tinymce/tiny_mce_popup.js" "Mozilla/5.0 AppleWebKit/537.36 (KHTML, like Gecko; compatible; GPTBot/1.3; +https://openai.com/gptbot)"
139.18.2.214 - - [31/Mar/2026:21:20:33 +0000] "GET /wp-includes/js/mediaelement/?C=S;O=D HTTP/1.1" 200 4277 "https://weddingswithjoy.org.nz/wp-includes/js/mediaelement/?C=S;O=A" "LCC (+http://corpora.uni-leipzig.de/crawler_faq.html)"
74.7.227.41 - - [31/Mar/2026:21:20:35 +0000] "GET /wp-includes/images/media/audio.svg HTTP/1.1" 200 384 "https://weddingswithjoy.org.nz/wp-includes/images/media/" "Mozilla/5.0 AppleWebKit/537.36 (KHTML, like Gecko; compatible; GPTBot/1.3; +https://openai.com/gptbot)"
74.7.243.230 - - [31/Mar/2026:21:20:36 +0000] "GET /wp-includes/js/mediaelement/mediaelement.js HTTP/1.1" 200 122582 "https://schoolofgolfnz.co.nz/wp-includes/js/mediaelement/" "Mozilla/5.0 AppleWebKit/537.36 (KHTML, like Gecko; compatible; GPTBot/1.3; +https://openai.com/gptbot)"
74.7.227.41 - - [31/Mar/2026:21:20:37 +0000] "GET /wp-includes/js/tinymce/plugins/ HTTP/1.1" 200 4566 "https://weddingswithjoy.org.nz/wp-includes/js/tinymce/" "Mozilla/5.0 AppleWebKit/537.36 (KHTML, like Gecko; compatible; GPTBot/1.3; +https://openai.com/gptbot)"
74.7.227.41 - - [31/Mar/2026:21:20:38 +0000] "GET /wp-includes/images/media/text.svg HTTP/1.1" 200 281 "https://weddingswithjoy.org.nz/wp-includes/images/media/" "Mozilla/5.0 AppleWebKit/537.36 (KHTML, like Gecko; compatible; GPTBot/1.3; +https://openai.com/gptbot)"
74.7.227.41 - - [31/Mar/2026:21:20:39 +0000] "GET /wp-includes/js/tinymce/'+m.poster+' HTTP/1.1" 404 - "https://weddingswithjoy.org.nz/wp-includes/js/tinymce/wp-tinymce.js" "Mozilla/5.0 AppleWebKit/537.36 (KHTML, like Gecko; compatible; GPTBot/1.3; +https://openai.com/gptbot)"
74.7.227.159 - - [31/Mar/2026:21:20:40 +0000] "GET /wp-includes/class-wp-block.php HTTP/1.1" 200 - "https://www.qualityprecast.co.nz/wp-includes/" "Mozilla/5.0 AppleWebKit/537.36 (KHTML, like Gecko; compatible; GPTBot/1.3; +https://openai.com/gptbot)"
74.7.227.41 - - [31/Mar/2026:21:20:40 +0000] "GET /wp-includes/js/tinymce/'+s.source2+' HTTP/1.1" 404 - "https://weddingswithjoy.org.nz/wp-includes/js/tinymce/wp-tinymce.js" "Mozilla/5.0 AppleWebKit/537.36 (KHTML, like Gecko; compatible; GPTBot/1.3; +https://openai.com/gptbot)"
74.7.227.41 - - [31/Mar/2026:21:20:42 +0000] "GET /wp-includes/js/tinymce/'+s.source1+' HTTP/1.1" 404 - "https://weddingswithjoy.org.nz/wp-includes/js/tinymce/wp-tinymce.js" "Mozilla/5.0 AppleWebKit/537.36 (KHTML, like Gecko; compatible; GPTBot/1.3; +https://openai.com/gptbot)"
74.7.227.41 - - [31/Mar/2026:21:20:43 +0000] "GET /wp-includes/js/tinymce/'+n.source1+' HTTP/1.1" 404 - "https://weddingswithjoy.org.nz/wp-includes/js/tinymce/wp-tinymce.js" "Mozilla/5.0 AppleWebKit/537.36 (KHTML, like Gecko; compatible; GPTBot/1.3; +https://openai.com/gptbot)"
139.18.2.214 - - [31/Mar/2026:21:20:43 +0000] "GET /wp-includes/js/mediaelement/?C=D;O=D HTTP/1.1" 200 4277 "https://weddingswithjoy.org.nz/wp-includes/js/mediaelement/?C=D;O=A" "LCC (+http://corpora.uni-leipzig.de/crawler_faq.html)"
74.7.227.41 - - [31/Mar/2026:21:20:44 +0000] "GET /wp-includes/js/crop/marqueeVert.gif HTTP/1.1" 200 293 "https://weddingswithjoy.org.nz/wp-includes/js/crop/" "Mozilla/5.0 AppleWebKit/537.36 (KHTML, like Gecko; compatible; GPTBot/1.3; +https://openai.com/gptbot)"
74.7.243.230 - - [31/Mar/2026:21:20:45 +0000] "GET /wp-includes/js/mediaelement/mediaelement-and-player.min.js HTTP/1.1" 200 158005 "https://schoolofgolfnz.co.nz/wp-includes/js/mediaelement/" "Mozilla/5.0 AppleWebKit/537.36 (KHTML, like Gecko; compatible; GPTBot/1.3; +https://openai.com/gptbot)"
74.7.227.41 - - [31/Mar/2026:21:20:45 +0000] "GET /wp-includes/js/wp-lists.js HTTP/1.1" 200 25315 "https://weddingswithjoy.org.nz/wp-includes/js/" "Mozilla/5.0 AppleWebKit/537.36 (KHTML, like Gecko; compatible; GPTBot/1.3; +https://openai.com/gptbot)"
74.7.227.41 - - [31/Mar/2026:21:20:46 +0000] "GET /wp-includes/js/jquery/ui/effect-fold.js HTTP/1.1" 200 2185 "https://weddingswithjoy.org.nz/wp-includes/js/jquery/ui/" "Mozilla/5.0 AppleWebKit/537.36 (KHTML, like Gecko; compatible; GPTBot/1.3; +https://openai.com/gptbot)"
74.7.227.41 - - [31/Mar/2026:21:20:47 +0000] "GET /wp-includes/js/jquery/ui/tooltip.min.js HTTP/1.1" 200 6244 "https://weddingswithjoy.org.nz/wp-includes/js/jquery/ui/" "Mozilla/5.0 AppleWebKit/537.36 (KHTML, like Gecko; compatible; GPTBot/1.3; +https://openai.com/gptbot)"
74.7.227.41 - - [31/Mar/2026:21:20:48 +0000] "GET /wp-includes/js/jquery/ui/effect-drop.js HTTP/1.1" 200 1595 "https://weddingswithjoy.org.nz/wp-includes/js/jquery/ui/" "Mozilla/5.0 AppleWebKit/537.36 (KHTML, like Gecko; compatible; GPTBot/1.3; +https://openai.com/gptbot)"
74.7.227.41 - - [31/Mar/2026:21:20:49 +0000] "GET /wp-includes/js/tinymce/plugins/wptextpattern/ HTTP/1.1" 200 1067 "https://weddingswithjoy.org.nz/wp-includes/js/tinymce/plugins/" "Mozilla/5.0 AppleWebKit/537.36 (KHTML, like Gecko; compatible; GPTBot/1.3; +https://openai.com/gptbot)"
74.7.227.41 - - [31/Mar/2026:21:20:50 +0000] "GET /wp-includes/js/tinymce/plugins/directionality/ HTTP/1.1" 200 1069 "https://weddingswithjoy.org.nz/wp-includes/js/tinymce/plugins/" "Mozilla/5.0 AppleWebKit/537.36 (KHTML, like Gecko; compatible; GPTBot/1.3; +https://openai.com/gptbot)"
74.7.227.41 - - [31/Mar/2026:21:20:50 +0000] "GET /wp-includes/js/tinymce/plugins/compat3x/ HTTP/1.1" 200 1229 "https://weddingswithjoy.org.nz/wp-includes/js/tinymce/plugins/" "Mozilla/5.0 AppleWebKit/537.36 (KHTML, like Gecko; compatible; GPTBot/1.3; +https://openai.com/gptbot)"
74.7.227.41 - - [31/Mar/2026:21:20:51 +0000] "GET /wp-includes/js/jquery/ui/effect-size.js HTTP/1.1" 200 5418 "https://weddingswithjoy.org.nz/wp-includes/js/jquery/ui/" "Mozilla/5.0 AppleWebKit/537.36 (KHTML, like Gecko; compatible; GPTBot/1.3; +https://openai.com/gptbot)"
74.7.227.41 - - [31/Mar/2026:21:20:51 +0000] "GET /wp-includes/js/jquery/ui/effect-clip.js HTTP/1.1" 200 1577 "https://weddingswithjoy.org.nz/wp-includes/js/jquery/ui/" "Mozilla/5.0 AppleWebKit/537.36 (KHTML, like Gecko; compatible; GPTBot/1.3; +https://openai.com/gptbot)"
74.7.227.41 - - [31/Mar/2026:21:20:52 +0000] "GET /wp-includes/js/jquery/ui/effect-bounce.min.js HTTP/1.1" 200 991 "https://weddingswithjoy.org.nz/wp-includes/js/jquery/ui/" "Mozilla/5.0 AppleWebKit/537.36 (KHTML, like Gecko; compatible; GPTBot/1.3; +https://openai.com/gptbot)"
74.7.227.41 - - [31/Mar/2026:21:20:52 +0000] "GET /wp-includes/sodium_compat/namespaced/Core/Poly1305/ HTTP/1.1" 200 909 "https://weddingswithjoy.org.nz/wp-includes/sodium_compat/namespaced/Core/" "Mozilla/5.0 AppleWebKit/537.36 (KHTML, like Gecko; compatible; GPTBot/1.3; +https://openai.com/gptbot)"
139.18.2.214 - - [31/Mar/2026:21:20:53 +0000] "GET /wp-includes/js/mediaelement/renderers/?C=N;O=D HTTP/1.1" 200 1048 "https://weddingswithjoy.org.nz/wp-includes/js/mediaelement/renderers/" "LCC (+http://corpora.uni-leipzig.de/crawler_faq.html)"
74.7.227.41 - - [31/Mar/2026:21:20:53 +0000] "GET /wp-includes/js/jquery/ui/effect-fold.min.js HTTP/1.1" 200 1020 "https://weddingswithjoy.org.nz/wp-includes/js/jquery/ui/" "Mozilla/5.0 AppleWebKit/537.36 (KHTML, like Gecko; compatible; GPTBot/1.3; +https://openai.com/gptbot)"
