139.18.2.214 - - [31/Mar/2026:22:41:32 +0000] "GET /wp-includes/js/mediaelement/renderers/?C=N;O=A HTTP/1.1" 200 1048 "https://weddingswithjoy.org.nz/wp-includes/js/mediaelement/renderers/?C=N;O=D" "LCC (+http://corpora.uni-leipzig.de/crawler_faq.html)"
74.7.227.159 - - [31/Mar/2026:22:41:37 +0000] "GET /wp-includes/ms-load.php HTTP/1.1" 200 - "https://www.qualityprecast.co.nz/wp-includes/" "Mozilla/5.0 AppleWebKit/537.36 (KHTML, like Gecko; compatible; GPTBot/1.3; +https://openai.com/gptbot)"
74.7.243.230 - - [31/Mar/2026:22:41:41 +0000] "GET /wp-includes/js/tinymce/skins/wordpress/images/dashicon-no.png HTTP/1.1" 200 339 "https://schoolofgolfnz.co.nz/wp-includes/js/tinymce/skins/wordpress/images/" "Mozilla/5.0 AppleWebKit/537.36 (KHTML, like Gecko; compatible; GPTBot/1.3; +https://openai.com/gptbot)"
139.18.2.214 - - [31/Mar/2026:22:41:43 +0000] "GET /wp-includes/js/mediaelement/renderers/?C=M;O=D HTTP/1.1" 200 1048 "https://weddingswithjoy.org.nz/wp-includes/js/mediaelement/renderers/?C=M;O=A" "LCC (+http://corpora.uni-leipzig.de/crawler_faq.html)"
74.7.227.41 - - [31/Mar/2026:22:41:50 +0000] "GET /wp-includes/js/dist/views.min.js HTTP/1.1" 200 2749 "https://weddingswithjoy.org.nz/wp-includes/js/dist/" "Mozilla/5.0 AppleWebKit/537.36 (KHTML, like Gecko; compatible; GPTBot/1.3; +https://openai.com/gptbot)"
139.18.2.214 - - [31/Mar/2026:22:41:53 +0000] "GET /wp-includes/js/mediaelement/renderers/?C=S;O=D HTTP/1.1" 200 1048 "https://weddingswithjoy.org.nz/wp-includes/js/mediaelement/renderers/?C=S;O=A" "LCC (+http://corpora.uni-leipzig.de/crawler_faq.html)"
139.18.2.214 - - [31/Mar/2026:22:42:02 +0000] "GET /wp-includes/js/mediaelement/renderers/?C=D;O=D HTTP/1.1" 200 1048 "https://weddingswithjoy.org.nz/wp-includes/js/mediaelement/renderers/?C=D;O=A" "LCC (+http://corpora.uni-leipzig.de/crawler_faq.html)"
74.7.227.41 - - [31/Mar/2026:22:42:08 +0000] "GET /wp-includes/js/jquery/ui/effect-transfer.min.js HTTP/1.1" 200 442 "https://weddingswithjoy.org.nz/wp-includes/js/jquery/ui/" "Mozilla/5.0 AppleWebKit/537.36 (KHTML, like Gecko; compatible; GPTBot/1.3; +https://openai.com/gptbot)"
139.18.2.214 - - [31/Mar/2026:22:42:11 +0000] "GET /wp-includes/js/tinymce/langs/?C=N;O=A HTTP/1.1" 200 851 "https://weddingswithjoy.org.nz/wp-includes/js/tinymce/langs/?C=N;O=D" "LCC (+http://corpora.uni-leipzig.de/crawler_faq.html)"
139.18.2.214 - - [31/Mar/2026:22:42:23 +0000] "GET /wp-includes/js/tinymce/langs/?C=M;O=D HTTP/1.1" 200 851 "https://weddingswithjoy.org.nz/wp-includes/js/tinymce/langs/?C=M;O=A" "LCC (+http://corpora.uni-leipzig.de/crawler_faq.html)"
74.7.227.41 - - [31/Mar/2026:22:42:25 +0000] "GET /wp-includes/images/wpicons-2x.png HTTP/1.1" 200 14931 "https://weddingswithjoy.org.nz/wp-includes/images/" "Mozilla/5.0 AppleWebKit/537.36 (KHTML, like Gecko; compatible; GPTBot/1.3; +https://openai.com/gptbot)"
139.18.2.214 - - [31/Mar/2026:22:42:35 +0000] "GET /wp-includes/js/tinymce/langs/?C=S;O=D HTTP/1.1" 200 851 "https://weddingswithjoy.org.nz/wp-includes/js/tinymce/langs/?C=S;O=A" "LCC (+http://corpora.uni-leipzig.de/crawler_faq.html)"
74.7.227.159 - - [31/Mar/2026:22:42:35 +0000] "GET /wp-includes/php-compat/ HTTP/1.1" 200 826 "https://www.qualityprecast.co.nz/wp-includes/" "Mozilla/5.0 AppleWebKit/537.36 (KHTML, like Gecko; compatible; GPTBot/1.3; +https://openai.com/gptbot)"
74.7.227.41 - - [31/Mar/2026:22:42:41 +0000] "GET /wp-includes/images/wpspin-2x.gif HTTP/1.1" 200 8875 "https://weddingswithjoy.org.nz/wp-includes/images/" "Mozilla/5.0 AppleWebKit/537.36 (KHTML, like Gecko; compatible; GPTBot/1.3; +https://openai.com/gptbot)"
74.7.243.230 - - [31/Mar/2026:22:42:42 +0000] "GET /wp-includes/sodium_compat/src/Core/AES/Expanded.php HTTP/1.1" 500 - "https://schoolofgolfnz.co.nz/wp-includes/sodium_compat/src/Core/AES/" "Mozilla/5.0 AppleWebKit/537.36 (KHTML, like Gecko; compatible; GPTBot/1.3; +https://openai.com/gptbot)"
139.18.2.214 - - [31/Mar/2026:22:42:44 +0000] "GET /wp-includes/js/tinymce/langs/?C=D;O=D HTTP/1.1" 200 851 "https://weddingswithjoy.org.nz/wp-includes/js/tinymce/langs/?C=D;O=A" "LCC (+http://corpora.uni-leipzig.de/crawler_faq.html)"
139.18.2.214 - - [31/Mar/2026:22:42:54 +0000] "GET /wp-includes/js/tinymce/plugins/?C=N;O=A HTTP/1.1" 200 4566 "https://weddingswithjoy.org.nz/wp-includes/js/tinymce/plugins/?C=N;O=D" "LCC (+http://corpora.uni-leipzig.de/crawler_faq.html)"
74.7.227.41 - - [31/Mar/2026:22:42:54 +0000] "GET /wp-includes/images/spinner-2x.gif HTTP/1.1" 200 7536 "https://weddingswithjoy.org.nz/wp-includes/images/" "Mozilla/5.0 AppleWebKit/537.36 (KHTML, like Gecko; compatible; GPTBot/1.3; +https://openai.com/gptbot)"
139.18.2.214 - - [31/Mar/2026:22:43:03 +0000] "GET /wp-includes/js/tinymce/plugins/?C=M;O=D HTTP/1.1" 200 4566 "https://weddingswithjoy.org.nz/wp-includes/js/tinymce/plugins/?C=M;O=A" "LCC (+http://corpora.uni-leipzig.de/crawler_faq.html)"
74.7.227.41 - - [31/Mar/2026:22:43:06 +0000] "GET /wp-includes/js/jquery/ui/selectmenu.min.js HTTP/1.1" 200 9502 "https://weddingswithjoy.org.nz/wp-includes/js/jquery/ui/" "Mozilla/5.0 AppleWebKit/537.36 (KHTML, like Gecko; compatible; GPTBot/1.3; +https://openai.com/gptbot)"
139.18.2.214 - - [31/Mar/2026:22:43:15 +0000] "GET /wp-includes/js/tinymce/plugins/?C=S;O=D HTTP/1.1" 200 4566 "https://weddingswithjoy.org.nz/wp-includes/js/tinymce/plugins/?C=S;O=A" "LCC (+http://corpora.uni-leipzig.de/crawler_faq.html)"
74.7.227.41 - - [31/Mar/2026:22:43:17 +0000] "GET /wp-includes/js/tinymce/plugins/textcolor/ HTTP/1.1" 200 1059 "https://weddingswithjoy.org.nz/wp-includes/js/tinymce/plugins/" "Mozilla/5.0 AppleWebKit/537.36 (KHTML, like Gecko; compatible; GPTBot/1.3; +https://openai.com/gptbot)"
139.18.2.214 - - [31/Mar/2026:22:43:24 +0000] "GET /wp-includes/js/tinymce/plugins/?C=D;O=D HTTP/1.1" 200 4566 "https://weddingswithjoy.org.nz/wp-includes/js/tinymce/plugins/?C=D;O=A" "LCC (+http://corpora.uni-leipzig.de/crawler_faq.html)"
74.7.227.159 - - [31/Mar/2026:22:43:26 +0000] "GET /wp-includes/ms-network.php HTTP/1.1" 200 - "https://www.qualityprecast.co.nz/wp-includes/" "Mozilla/5.0 AppleWebKit/537.36 (KHTML, like Gecko; compatible; GPTBot/1.3; +https://openai.com/gptbot)"
74.7.227.41 - - [31/Mar/2026:22:43:27 +0000] "GET /wp-includes/js/tinymce/plugins/wpdialogs/ HTTP/1.1" 200 1059 "https://weddingswithjoy.org.nz/wp-includes/js/tinymce/plugins/" "Mozilla/5.0 AppleWebKit/537.36 (KHTML, like Gecko; compatible; GPTBot/1.3; +https://openai.com/gptbot)"
74.7.227.41 - - [31/Mar/2026:22:43:36 +0000] "GET /wp-includes/Text/Diff/Renderer.php HTTP/1.1" 200 - "https://weddingswithjoy.org.nz/wp-includes/Text/Diff/" "Mozilla/5.0 AppleWebKit/537.36 (KHTML, like Gecko; compatible; GPTBot/1.3; +https://openai.com/gptbot)"
139.18.2.214 - - [31/Mar/2026:22:43:37 +0000] "GET /wp-includes/js/tinymce/plugins/charmap/?C=N;O=D HTTP/1.1" 200 1055 "https://weddingswithjoy.org.nz/wp-includes/js/tinymce/plugins/charmap/" "LCC (+http://corpora.uni-leipzig.de/crawler_faq.html)"
74.7.243.230 - - [31/Mar/2026:22:43:40 +0000] "GET /wp-includes/js/tinymce/plugins/media/plugin.js HTTP/1.1" 200 41338 "https://schoolofgolfnz.co.nz/wp-includes/js/tinymce/plugins/media/" "Mozilla/5.0 AppleWebKit/537.36 (KHTML, like Gecko; compatible; GPTBot/1.3; +https://openai.com/gptbot)"
74.7.227.41 - - [31/Mar/2026:22:43:44 +0000] "GET /wp-includes/js/tinymce/plugins/wpgallery/ HTTP/1.1" 200 1059 "https://weddingswithjoy.org.nz/wp-includes/js/tinymce/plugins/" "Mozilla/5.0 AppleWebKit/537.36 (KHTML, like Gecko; compatible; GPTBot/1.3; +https://openai.com/gptbot)"
139.18.2.214 - - [31/Mar/2026:22:43:46 +0000] "GET /wp-includes/js/tinymce/plugins/charmap/?C=M;O=A HTTP/1.1" 200 1055 "https://weddingswithjoy.org.nz/wp-includes/js/tinymce/plugins/charmap/" "LCC (+http://corpora.uni-leipzig.de/crawler_faq.html)"
74.7.227.41 - - [31/Mar/2026:22:43:50 +0000] "GET /wp-includes/js/tinymce/utils/editable_selects.js HTTP/1.1" 200 2125 "https://weddingswithjoy.org.nz/wp-includes/js/tinymce/utils/" "Mozilla/5.0 AppleWebKit/537.36 (KHTML, like Gecko; compatible; GPTBot/1.3; +https://openai.com/gptbot)"
139.18.2.214 - - [31/Mar/2026:22:43:57 +0000] "GET /wp-includes/js/tinymce/plugins/charmap/?C=S;O=A HTTP/1.1" 200 1055 "https://weddingswithjoy.org.nz/wp-includes/js/tinymce/plugins/charmap/" "LCC (+http://corpora.uni-leipzig.de/crawler_faq.html)"
74.7.227.41 - - [31/Mar/2026:22:43:57 +0000] "GET /wp-includes/js/tinymce/utils/form_utils.js HTTP/1.1" 200 6075 "https://weddingswithjoy.org.nz/wp-includes/js/tinymce/utils/" "Mozilla/5.0 AppleWebKit/537.36 (KHTML, like Gecko; compatible; GPTBot/1.3; +https://openai.com/gptbot)"
74.7.227.41 - - [31/Mar/2026:22:44:03 +0000] "GET /wp-includes/fonts/dashicons.woff2 HTTP/1.1" 304 - "https://weddingswithjoy.org.nz/wp-includes/fonts/" "Mozilla/5.0 AppleWebKit/537.36 (KHTML, like Gecko; compatible; GPTBot/1.3; +https://openai.com/gptbot)"
74.7.227.41 - - [31/Mar/2026:22:44:08 +0000] "GET /wp-includes/js/dist/script-modules/interactivity/ HTTP/1.1" 200 88351 "https://weddingswithjoy.org.nz/wp-includes/js/dist/script-modules/" "Mozilla/5.0 AppleWebKit/537.36 (KHTML, like Gecko; compatible; GPTBot/1.3; +https://openai.com/gptbot)"
139.18.2.214 - - [31/Mar/2026:22:44:08 +0000] "GET /wp-includes/js/tinymce/plugins/charmap/?C=D;O=A HTTP/1.1" 200 1055 "https://weddingswithjoy.org.nz/wp-includes/js/tinymce/plugins/charmap/" "LCC (+http://corpora.uni-leipzig.de/crawler_faq.html)"
74.7.227.159 - - [31/Mar/2026:22:44:12 +0000] "GET /wp-includes/theme-compat/ HTTP/1.1" 200 2276 "https://www.qualityprecast.co.nz/wp-includes/" "Mozilla/5.0 AppleWebKit/537.36 (KHTML, like Gecko; compatible; GPTBot/1.3; +https://openai.com/gptbot)"
74.7.227.41 - - [31/Mar/2026:22:44:13 +0000] "GET /wp-includes/js/tw-sack.min.js HTTP/1.1" 200 3288 "https://weddingswithjoy.org.nz/wp-includes/js/" "Mozilla/5.0 AppleWebKit/537.36 (KHTML, like Gecko; compatible; GPTBot/1.3; +https://openai.com/gptbot)"
74.7.227.41 - - [31/Mar/2026:22:44:17 +0000] "GET /wp-includes/SimplePie/library/ HTTP/1.1" 200 1029 "https://weddingswithjoy.org.nz/wp-includes/SimplePie/" "Mozilla/5.0 AppleWebKit/537.36 (KHTML, like Gecko; compatible; GPTBot/1.3; +https://openai.com/gptbot)"
139.18.2.214 - - [31/Mar/2026:22:44:19 +0000] "GET /wp-includes/js/tinymce/plugins/colorpicker/?C=N;O=D HTTP/1.1" 200 1063 "https://weddingswithjoy.org.nz/wp-includes/js/tinymce/plugins/colorpicker/" "LCC (+http://corpora.uni-leipzig.de/crawler_faq.html)"
93.159.230.85 - - [31/Mar/2026:22:44:20 +0000] "GET / HTTP/1.1" 200 2980 "-" "Mozilla/5.0 (Linux; arm_64; Android 12; CPH2205) AppleWebKit/537.36 (KHTML, like Gecko) Chrome/110.0.0.0 YaBrowser/23.3.3.86.00 SA/3 Mobile Safari/537.36"
74.7.227.41 - - [31/Mar/2026:22:44:21 +0000] "GET /wp-includes/js/plupload/'+n+' HTTP/1.1" 404 - "https://weddingswithjoy.org.nz/wp-includes/js/plupload/moxie.min.js" "Mozilla/5.0 AppleWebKit/537.36 (KHTML, like Gecko; compatible; GPTBot/1.3; +https://openai.com/gptbot)"
74.7.227.41 - - [31/Mar/2026:22:44:24 +0000] "GET /wp-includes/js/wp-sanitize.min.js HTTP/1.1" 200 444 "https://weddingswithjoy.org.nz/wp-includes/js/" "Mozilla/5.0 AppleWebKit/537.36 (KHTML, like Gecko; compatible; GPTBot/1.3; +https://openai.com/gptbot)"
74.7.227.41 - - [31/Mar/2026:22:44:27 +0000] "GET /wp-includes/js/jquery/ui/controlgroup.js HTTP/1.1" 200 8626 "https://weddingswithjoy.org.nz/wp-includes/js/jquery/ui/" "Mozilla/5.0 AppleWebKit/537.36 (KHTML, like Gecko; compatible; GPTBot/1.3; +https://openai.com/gptbot)"
139.18.2.214 - - [31/Mar/2026:22:44:30 +0000] "GET /wp-includes/js/tinymce/plugins/colorpicker/?C=M;O=A HTTP/1.1" 200 1063 "https://weddingswithjoy.org.nz/wp-includes/js/tinymce/plugins/colorpicker/" "LCC (+http://corpora.uni-leipzig.de/crawler_faq.html)"
74.7.227.41 - - [31/Mar/2026:22:44:31 +0000] "GET /wp-includes/js/tinymce/utils/validate.js HTTP/1.1" 200 6466 "https://weddingswithjoy.org.nz/wp-includes/js/tinymce/utils/" "Mozilla/5.0 AppleWebKit/537.36 (KHTML, like Gecko; compatible; GPTBot/1.3; +https://openai.com/gptbot)"
74.7.227.41 - - [31/Mar/2026:22:44:33 +0000] "GET /wp-includes/js/tinymce/plugins/tabfocus/ HTTP/1.1" 200 1057 "https://weddingswithjoy.org.nz/wp-includes/js/tinymce/plugins/" "Mozilla/5.0 AppleWebKit/537.36 (KHTML, like Gecko; compatible; GPTBot/1.3; +https://openai.com/gptbot)"
74.7.227.41 - - [31/Mar/2026:22:44:36 +0000] "GET /wp-includes/js/jquery/ui/autocomplete.js HTTP/1.1" 200 17530 "https://weddingswithjoy.org.nz/wp-includes/js/jquery/ui/" "Mozilla/5.0 AppleWebKit/537.36 (KHTML, like Gecko; compatible; GPTBot/1.3; +https://openai.com/gptbot)"
74.7.227.41 - - [31/Mar/2026:22:44:38 +0000] "GET /wp-includes/js/tinymce/utils/mctabs.js HTTP/1.1" 200 4160 "https://weddingswithjoy.org.nz/wp-includes/js/tinymce/utils/" "Mozilla/5.0 AppleWebKit/537.36 (KHTML, like Gecko; compatible; GPTBot/1.3; +https://openai.com/gptbot)"
74.7.227.41 - - [31/Mar/2026:22:44:40 +0000] "GET /wp-includes/js/jquery/ui/selectable.js HTTP/1.1" 200 8129 "https://weddingswithjoy.org.nz/wp-includes/js/jquery/ui/" "Mozilla/5.0 AppleWebKit/537.36 (KHTML, like Gecko; compatible; GPTBot/1.3; +https://openai.com/gptbot)"
74.7.243.230 - - [31/Mar/2026:22:44:41 +0000] "GET /wp-includes/js/tinymce/plugins/media/'+(m=n).source1+' HTTP/1.1" 404 - "https://schoolofgolfnz.co.nz/wp-includes/js/tinymce/plugins/media/plugin.min.js" "Mozilla/5.0 AppleWebKit/537.36 (KHTML, like Gecko; compatible; GPTBot/1.3; +https://openai.com/gptbot)"
74.7.227.41 - - [31/Mar/2026:22:44:42 +0000] "GET /wp-includes/js/jquery/ui/datepicker.js HTTP/1.1" 200 82523 "https://weddingswithjoy.org.nz/wp-includes/js/jquery/ui/" "Mozilla/5.0 AppleWebKit/537.36 (KHTML, like Gecko; compatible; GPTBot/1.3; +https://openai.com/gptbot)"
139.18.2.214 - - [31/Mar/2026:22:44:42 +0000] "GET /wp-includes/js/tinymce/plugins/colorpicker/?C=S;O=A HTTP/1.1" 200 1063 "https://weddingswithjoy.org.nz/wp-includes/js/tinymce/plugins/colorpicker/" "LCC (+http://corpora.uni-leipzig.de/crawler_faq.html)"
74.7.227.41 - - [31/Mar/2026:22:44:43 +0000] "GET /wp-includes/js/tinymce/plugins/wordpress/ HTTP/1.1" 200 1059 "https://weddingswithjoy.org.nz/wp-includes/js/tinymce/plugins/" "Mozilla/5.0 AppleWebKit/537.36 (KHTML, like Gecko; compatible; GPTBot/1.3; +https://openai.com/gptbot)"
74.7.227.41 - - [31/Mar/2026:22:44:45 +0000] "GET /wp-includes/SimplePie/library/SimplePie.php HTTP/1.1" 500 - "https://weddingswithjoy.org.nz/wp-includes/SimplePie/library/" "Mozilla/5.0 AppleWebKit/537.36 (KHTML, like Gecko; compatible; GPTBot/1.3; +https://openai.com/gptbot)"
74.7.227.41 - - [31/Mar/2026:22:44:46 +0000] "GET /wp-includes/js/dist/script-modules/block-library/query/ HTTP/1.1" 200 1101 "https://weddingswithjoy.org.nz/wp-includes/js/dist/script-modules/block-library/" "Mozilla/5.0 AppleWebKit/537.36 (KHTML, like Gecko; compatible; GPTBot/1.3; +https://openai.com/gptbot)"
74.7.227.41 - - [31/Mar/2026:22:44:50 +0000] "GET /wp-includes/js/dist/script-modules/block-library/file/ HTTP/1.1" 200 1099 "https://weddingswithjoy.org.nz/wp-includes/js/dist/script-modules/block-library/" "Mozilla/5.0 AppleWebKit/537.36 (KHTML, like Gecko; compatible; GPTBot/1.3; +https://openai.com/gptbot)"
139.18.2.214 - - [31/Mar/2026:22:44:53 +0000] "GET /wp-includes/js/tinymce/plugins/colorpicker/?C=D;O=A HTTP/1.1" 200 1063 "https://weddingswithjoy.org.nz/wp-includes/js/tinymce/plugins/colorpicker/" "LCC (+http://corpora.uni-leipzig.de/crawler_faq.html)"
74.7.227.159 - - [31/Mar/2026:22:44:53 +0000] "GET /wp-includes/sitemaps/ HTTP/1.1" 200 2013 "https://www.qualityprecast.co.nz/wp-includes/" "Mozilla/5.0 AppleWebKit/537.36 (KHTML, like Gecko; compatible; GPTBot/1.3; +https://openai.com/gptbot)"
74.7.227.41 - - [31/Mar/2026:22:44:54 +0000] "GET /wp-includes/js/dist/script-modules/block-library/image/ HTTP/1.1" 200 1101 "https://weddingswithjoy.org.nz/wp-includes/js/dist/script-modules/block-library/" "Mozilla/5.0 AppleWebKit/537.36 (KHTML, like Gecko; compatible; GPTBot/1.3; +https://openai.com/gptbot)"
74.7.227.41 - - [31/Mar/2026:22:44:57 +0000] "GET /wp-includes/js/dist/script-modules/block-library/form/ HTTP/1.1" 200 1099 "https://weddingswithjoy.org.nz/wp-includes/js/dist/script-modules/block-library/" "Mozilla/5.0 AppleWebKit/537.36 (KHTML, like Gecko; compatible; GPTBot/1.3; +https://openai.com/gptbot)"
74.7.227.41 - - [31/Mar/2026:22:45:00 +0000] "GET /wp-includes/js/tinymce/plugins/tabfocus/plugin.min.js HTTP/1.1" 200 1614 "https://weddingswithjoy.org.nz/wp-includes/js/tinymce/plugins/tabfocus/" "Mozilla/5.0 AppleWebKit/537.36 (KHTML, like Gecko; compatible; GPTBot/1.3; +https://openai.com/gptbot)"
198.235.24.222 - - [31/Mar/2026:22:45:02 +0000] "GET / HTTP/1.1" 200 2980 "-" "Hello from Palo Alto Networks, find out more about our scans in https://docs-cortex.paloaltonetworks.com/r/1/Cortex-Xpanse/Scanning-activity"
74.7.227.41 - - [31/Mar/2026:22:45:03 +0000] "GET /wp-includes/sodium_compat/namespaced/Core/Salsa20.php HTTP/1.1" 500 - "https://weddingswithjoy.org.nz/wp-includes/sodium_compat/namespaced/Core/" "Mozilla/5.0 AppleWebKit/537.36 (KHTML, like Gecko; compatible; GPTBot/1.3; +https://openai.com/gptbot)"
139.18.2.214 - - [31/Mar/2026:22:45:05 +0000] "GET /wp-includes/js/tinymce/plugins/compat3x/?C=N;O=D HTTP/1.1" 200 1229 "https://weddingswithjoy.org.nz/wp-includes/js/tinymce/plugins/compat3x/" "LCC (+http://corpora.uni-leipzig.de/crawler_faq.html)"
74.7.227.41 - - [31/Mar/2026:22:45:05 +0000] "GET /wp-includes/sodium_compat/src/Core/Ristretto255.php HTTP/1.1" 500 - "https://weddingswithjoy.org.nz/wp-includes/sodium_compat/src/Core/" "Mozilla/5.0 AppleWebKit/537.36 (KHTML, like Gecko; compatible; GPTBot/1.3; +https://openai.com/gptbot)"
74.7.227.41 - - [31/Mar/2026:22:45:12 +0000] "GET /wp-includes/sodium_compat/namespaced/Core/Xsalsa20.php HTTP/1.1" 500 - "https://weddingswithjoy.org.nz/wp-includes/sodium_compat/namespaced/Core/" "Mozilla/5.0 AppleWebKit/537.36 (KHTML, like Gecko; compatible; GPTBot/1.3; +https://openai.com/gptbot)"
139.18.2.214 - - [31/Mar/2026:22:45:15 +0000] "GET /wp-includes/js/tinymce/plugins/compat3x/?C=M;O=A HTTP/1.1" 200 1229 "https://weddingswithjoy.org.nz/wp-includes/js/tinymce/plugins/compat3x/" "LCC (+http://corpora.uni-leipzig.de/crawler_faq.html)"
139.18.2.214 - - [31/Mar/2026:22:45:24 +0000] "GET /wp-includes/js/tinymce/plugins/compat3x/?C=S;O=A HTTP/1.1" 200 1229 "https://weddingswithjoy.org.nz/wp-includes/js/tinymce/plugins/compat3x/" "LCC (+http://corpora.uni-leipzig.de/crawler_faq.html)"
74.7.227.159 - - [31/Mar/2026:22:45:32 +0000] "GET /wp-includes/class-wp-scripts.php HTTP/1.1" 500 - "https://www.qualityprecast.co.nz/wp-includes/" "Mozilla/5.0 AppleWebKit/537.36 (KHTML, like Gecko; compatible; GPTBot/1.3; +https://openai.com/gptbot)"
74.7.227.41 - - [31/Mar/2026:22:45:33 +0000] "GET /wp-includes/sodium_compat/namespaced/Core/HSalsa20.php HTTP/1.1" 500 - "https://weddingswithjoy.org.nz/wp-includes/sodium_compat/namespaced/Core/" "Mozilla/5.0 AppleWebKit/537.36 (KHTML, like Gecko; compatible; GPTBot/1.3; +https://openai.com/gptbot)"
139.18.2.214 - - [31/Mar/2026:22:45:34 +0000] "GET /wp-includes/js/tinymce/plugins/compat3x/?C=D;O=A HTTP/1.1" 200 1229 "https://weddingswithjoy.org.nz/wp-includes/js/tinymce/plugins/compat3x/" "LCC (+http://corpora.uni-leipzig.de/crawler_faq.html)"
74.7.243.230 - - [31/Mar/2026:22:45:37 +0000] "GET /wp-includes/js/tinymce/skins/wordpress/images/dashicon-edit.png HTTP/1.1" 200 368 "https://schoolofgolfnz.co.nz/wp-includes/js/tinymce/skins/wordpress/images/" "Mozilla/5.0 AppleWebKit/537.36 (KHTML, like Gecko; compatible; GPTBot/1.3; +https://openai.com/gptbot)"
139.18.2.214 - - [31/Mar/2026:22:45:45 +0000] "GET /wp-includes/js/tinymce/plugins/compat3x/css/ HTTP/1.1" 200 894 "https://weddingswithjoy.org.nz/wp-includes/js/tinymce/plugins/compat3x/" "LCC (+http://corpora.uni-leipzig.de/crawler_faq.html)"
139.18.2.214 - - [31/Mar/2026:22:45:55 +0000] "GET /wp-includes/js/tinymce/plugins/directionality/?C=N;O=D HTTP/1.1" 200 1069 "https://weddingswithjoy.org.nz/wp-includes/js/tinymce/plugins/directionality/" "LCC (+http://corpora.uni-leipzig.de/crawler_faq.html)"
43.164.197.224 - - [31/Mar/2026:22:45:57 +0000] "GET / HTTP/1.1" 200 2980 "http://qualityprecast.nz" "Mozilla/5.0 (iPhone; CPU iPhone OS 13_2_3 like Mac OS X) AppleWebKit/605.1.15 (KHTML, like Gecko) Version/13.0.3 Mobile/15E148 Safari/604.1"
74.7.227.159 - - [31/Mar/2026:22:46:04 +0000] "GET /wp-includes/class.wp-scripts.php HTTP/1.1" 500 - "https://www.qualityprecast.co.nz/wp-includes/" "Mozilla/5.0 AppleWebKit/537.36 (KHTML, like Gecko; compatible; GPTBot/1.3; +https://openai.com/gptbot)"
139.18.2.214 - - [31/Mar/2026:22:46:06 +0000] "GET /wp-includes/js/tinymce/plugins/directionality/?C=M;O=A HTTP/1.1" 200 1069 "https://weddingswithjoy.org.nz/wp-includes/js/tinymce/plugins/directionality/" "LCC (+http://corpora.uni-leipzig.de/crawler_faq.html)"
139.18.2.214 - - [31/Mar/2026:22:46:19 +0000] "GET /wp-includes/js/tinymce/plugins/directionality/?C=S;O=A HTTP/1.1" 200 1069 "https://weddingswithjoy.org.nz/wp-includes/js/tinymce/plugins/directionality/" "LCC (+http://corpora.uni-leipzig.de/crawler_faq.html)"
40.77.167.203 - - [31/Mar/2026:22:46:20 +0000] "GET /robots.txt HTTP/1.1" 304 - "-" "Mozilla/5.0 AppleWebKit/537.36 (KHTML, like Gecko; compatible; bingbot/2.0; +http://www.bing.com/bingbot.htm) Chrome/116.0.1938.76 Safari/537.36"
52.167.144.199 - - [31/Mar/2026:22:46:22 +0000] "GET /sitemap.xml.gz HTTP/1.1" 404 - "-" "Mozilla/5.0 AppleWebKit/537.36 (KHTML, like Gecko; compatible; bingbot/2.0; +http://www.bing.com/bingbot.htm) Chrome/116.0.1938.76 Safari/537.36"
139.18.2.214 - - [31/Mar/2026:22:46:28 +0000] "GET /wp-includes/js/tinymce/plugins/directionality/?C=D;O=A HTTP/1.1" 200 1069 "https://weddingswithjoy.org.nz/wp-includes/js/tinymce/plugins/directionality/" "LCC (+http://corpora.uni-leipzig.de/crawler_faq.html)"
74.7.243.230 - - [31/Mar/2026:22:46:32 +0000] "GET /wp-includes/js/tinymce/plugins/lists/plugin.js HTTP/1.1" 200 70415 "https://schoolofgolfnz.co.nz/wp-includes/js/tinymce/plugins/lists/" "Mozilla/5.0 AppleWebKit/537.36 (KHTML, like Gecko; compatible; GPTBot/1.3; +https://openai.com/gptbot)"
139.18.2.214 - - [31/Mar/2026:22:46:38 +0000] "GET /wp-includes/js/tinymce/plugins/fullscreen/?C=N;O=D HTTP/1.1" 200 1061 "https://weddingswithjoy.org.nz/wp-includes/js/tinymce/plugins/fullscreen/" "LCC (+http://corpora.uni-leipzig.de/crawler_faq.html)"
74.7.227.41 - - [31/Mar/2026:22:46:39 +0000] "GET /wp-includes/js/jquery/ui/effect-pulsate.min.js HTTP/1.1" 200 688 "https://weddingswithjoy.org.nz/wp-includes/js/jquery/ui/" "Mozilla/5.0 AppleWebKit/537.36 (KHTML, like Gecko; compatible; GPTBot/1.3; +https://openai.com/gptbot)"
139.18.2.214 - - [31/Mar/2026:22:46:48 +0000] "GET /wp-includes/js/tinymce/plugins/fullscreen/?C=M;O=A HTTP/1.1" 200 1061 "https://weddingswithjoy.org.nz/wp-includes/js/tinymce/plugins/fullscreen/" "LCC (+http://corpora.uni-leipzig.de/crawler_faq.html)"
139.18.2.214 - - [31/Mar/2026:22:46:57 +0000] "GET /wp-includes/js/tinymce/plugins/fullscreen/?C=S;O=A HTTP/1.1" 200 1061 "https://weddingswithjoy.org.nz/wp-includes/js/tinymce/plugins/fullscreen/" "LCC (+http://corpora.uni-leipzig.de/crawler_faq.html)"
74.7.227.159 - - [31/Mar/2026:22:47:06 +0000] "GET /wp-includes/class-smtp.php HTTP/1.1" 500 - "https://www.qualityprecast.co.nz/wp-includes/" "Mozilla/5.0 AppleWebKit/537.36 (KHTML, like Gecko; compatible; GPTBot/1.3; +https://openai.com/gptbot)"
139.18.2.214 - - [31/Mar/2026:22:47:09 +0000] "GET /wp-includes/js/tinymce/plugins/fullscreen/?C=D;O=A HTTP/1.1" 200 1061 "https://weddingswithjoy.org.nz/wp-includes/js/tinymce/plugins/fullscreen/" "LCC (+http://corpora.uni-leipzig.de/crawler_faq.html)"
139.18.2.214 - - [31/Mar/2026:22:47:20 +0000] "GET /wp-includes/js/tinymce/plugins/hr/?C=N;O=D HTTP/1.1" 200 1045 "https://weddingswithjoy.org.nz/wp-includes/js/tinymce/plugins/hr/" "LCC (+http://corpora.uni-leipzig.de/crawler_faq.html)"
74.7.243.230 - - [31/Mar/2026:22:47:24 +0000] "GET /wp-includes/js/tinymce/plugins/wplink/'%20+%20this.url%20+%20' HTTP/1.1" 404 - "https://schoolofgolfnz.co.nz/wp-includes/js/tinymce/plugins/wplink/plugin.js" "Mozilla/5.0 AppleWebKit/537.36 (KHTML, like Gecko; compatible; GPTBot/1.3; +https://openai.com/gptbot)"
139.18.2.214 - - [31/Mar/2026:22:47:32 +0000] "GET /wp-includes/js/tinymce/plugins/hr/?C=M;O=A HTTP/1.1" 200 1045 "https://weddingswithjoy.org.nz/wp-includes/js/tinymce/plugins/hr/" "LCC (+http://corpora.uni-leipzig.de/crawler_faq.html)"
74.7.227.41 - - [31/Mar/2026:22:47:40 +0000] "GET /wp-includes/js/jquery/ui/effect-explode.min.js HTTP/1.1" 200 1122 "https://weddingswithjoy.org.nz/wp-includes/js/jquery/ui/" "Mozilla/5.0 AppleWebKit/537.36 (KHTML, like Gecko; compatible; GPTBot/1.3; +https://openai.com/gptbot)"
139.18.2.214 - - [31/Mar/2026:22:47:43 +0000] "GET /wp-includes/js/tinymce/plugins/hr/?C=S;O=A HTTP/1.1" 200 1045 "https://weddingswithjoy.org.nz/wp-includes/js/tinymce/plugins/hr/" "LCC (+http://corpora.uni-leipzig.de/crawler_faq.html)"
139.18.2.214 - - [31/Mar/2026:22:47:53 +0000] "GET /wp-includes/js/tinymce/plugins/hr/?C=D;O=A HTTP/1.1" 200 1045 "https://weddingswithjoy.org.nz/wp-includes/js/tinymce/plugins/hr/" "LCC (+http://corpora.uni-leipzig.de/crawler_faq.html)"
139.18.2.214 - - [31/Mar/2026:22:48:03 +0000] "GET /wp-includes/js/tinymce/plugins/image/?C=N;O=D HTTP/1.1" 200 1051 "https://weddingswithjoy.org.nz/wp-includes/js/tinymce/plugins/image/" "LCC (+http://corpora.uni-leipzig.de/crawler_faq.html)"
74.7.243.230 - - [31/Mar/2026:22:48:09 +0000] "GET /wp-includes/js/dist/a11y.js HTTP/1.1" 200 5716 "https://schoolofgolfnz.co.nz/wp-includes/js/dist/" "Mozilla/5.0 AppleWebKit/537.36 (KHTML, like Gecko; compatible; GPTBot/1.3; +https://openai.com/gptbot)"
74.7.227.159 - - [31/Mar/2026:22:48:11 +0000] "GET /wp-includes/ms-settings.php HTTP/1.1" 200 2 "https://www.qualityprecast.co.nz/wp-includes/" "Mozilla/5.0 AppleWebKit/537.36 (KHTML, like Gecko; compatible; GPTBot/1.3; +https://openai.com/gptbot)"
139.18.2.214 - - [31/Mar/2026:22:48:14 +0000] "GET /wp-includes/js/tinymce/plugins/image/?C=M;O=A HTTP/1.1" 200 1051 "https://weddingswithjoy.org.nz/wp-includes/js/tinymce/plugins/image/" "LCC (+http://corpora.uni-leipzig.de/crawler_faq.html)"
139.18.2.214 - - [31/Mar/2026:22:48:30 +0000] "GET /wp-includes/js/tinymce/plugins/image/?C=S;O=A HTTP/1.1" 200 1051 "https://weddingswithjoy.org.nz/wp-includes/js/tinymce/plugins/image/" "LCC (+http://corpora.uni-leipzig.de/crawler_faq.html)"
74.7.227.41 - - [31/Mar/2026:22:48:38 +0000] "GET /wp-includes/js/tinymce/plugins/wpview/ HTTP/1.1" 200 1053 "https://weddingswithjoy.org.nz/wp-includes/js/tinymce/plugins/" "Mozilla/5.0 AppleWebKit/537.36 (KHTML, like Gecko; compatible; GPTBot/1.3; +https://openai.com/gptbot)"
139.18.2.214 - - [31/Mar/2026:22:48:41 +0000] "GET /wp-includes/js/tinymce/plugins/image/?C=D;O=A HTTP/1.1" 200 1051 "https://weddingswithjoy.org.nz/wp-includes/js/tinymce/plugins/image/" "LCC (+http://corpora.uni-leipzig.de/crawler_faq.html)"
139.18.2.214 - - [31/Mar/2026:22:48:50 +0000] "GET /wp-includes/js/tinymce/plugins/link/?C=N;O=D HTTP/1.1" 200 1049 "https://weddingswithjoy.org.nz/wp-includes/js/tinymce/plugins/link/" "LCC (+http://corpora.uni-leipzig.de/crawler_faq.html)"
74.7.243.230 - - [31/Mar/2026:22:48:55 +0000] "GET /wp-includes/js/dist/i18n.js HTTP/1.1" 200 24931 "https://schoolofgolfnz.co.nz/wp-includes/js/dist/" "Mozilla/5.0 AppleWebKit/537.36 (KHTML, like Gecko; compatible; GPTBot/1.3; +https://openai.com/gptbot)"
139.18.2.214 - - [31/Mar/2026:22:49:02 +0000] "GET /wp-includes/js/tinymce/plugins/link/?C=M;O=A HTTP/1.1" 200 1049 "https://weddingswithjoy.org.nz/wp-includes/js/tinymce/plugins/link/" "LCC (+http://corpora.uni-leipzig.de/crawler_faq.html)"
74.7.227.159 - - [31/Mar/2026:22:49:15 +0000] "GET /wp-includes/widgets/ HTTP/1.1" 200 4621 "https://www.qualityprecast.co.nz/wp-includes/" "Mozilla/5.0 AppleWebKit/537.36 (KHTML, like Gecko; compatible; GPTBot/1.3; +https://openai.com/gptbot)"
139.18.2.214 - - [31/Mar/2026:22:49:15 +0000] "GET /wp-includes/js/tinymce/plugins/link/?C=S;O=A HTTP/1.1" 200 1049 "https://weddingswithjoy.org.nz/wp-includes/js/tinymce/plugins/link/" "LCC (+http://corpora.uni-leipzig.de/crawler_faq.html)"
139.18.2.214 - - [31/Mar/2026:22:49:29 +0000] "GET /wp-includes/js/tinymce/plugins/link/?C=D;O=A HTTP/1.1" 200 1049 "https://weddingswithjoy.org.nz/wp-includes/js/tinymce/plugins/link/" "LCC (+http://corpora.uni-leipzig.de/crawler_faq.html)"
74.7.227.41 - - [31/Mar/2026:22:49:31 +0000] "GET /wp-includes/js/jquery/ui/selectmenu.js HTTP/1.1" 200 16346 "https://weddingswithjoy.org.nz/wp-includes/js/jquery/ui/" "Mozilla/5.0 AppleWebKit/537.36 (KHTML, like Gecko; compatible; GPTBot/1.3; +https://openai.com/gptbot)"
74.7.243.230 - - [31/Mar/2026:22:49:38 +0000] "GET /wp-includes/SimplePie/src/HTTP/Client.php HTTP/1.1" 200 - "https://schoolofgolfnz.co.nz/wp-includes/SimplePie/src/HTTP/" "Mozilla/5.0 AppleWebKit/537.36 (KHTML, like Gecko; compatible; GPTBot/1.3; +https://openai.com/gptbot)"
139.18.2.214 - - [31/Mar/2026:22:49:41 +0000] "GET /wp-includes/js/tinymce/plugins/lists/?C=N;O=D HTTP/1.1" 200 1051 "https://weddingswithjoy.org.nz/wp-includes/js/tinymce/plugins/lists/" "LCC (+http://corpora.uni-leipzig.de/crawler_faq.html)"
139.18.2.214 - - [31/Mar/2026:22:49:53 +0000] "GET /wp-includes/js/tinymce/plugins/lists/?C=M;O=A HTTP/1.1" 200 1051 "https://weddingswithjoy.org.nz/wp-includes/js/tinymce/plugins/lists/" "LCC (+http://corpora.uni-leipzig.de/crawler_faq.html)"
139.18.2.214 - - [31/Mar/2026:22:50:05 +0000] "GET /wp-includes/js/tinymce/plugins/lists/?C=S;O=A HTTP/1.1" 200 1051 "https://weddingswithjoy.org.nz/wp-includes/js/tinymce/plugins/lists/" "LCC (+http://corpora.uni-leipzig.de/crawler_faq.html)"
74.7.227.159 - - [31/Mar/2026:22:50:10 +0000] "GET /wp-includes/rest-api/class-wp-rest-response.php HTTP/1.1" 500 - "https://www.qualityprecast.co.nz/wp-includes/rest-api/" "Mozilla/5.0 AppleWebKit/537.36 (KHTML, like Gecko; compatible; GPTBot/1.3; +https://openai.com/gptbot)"
74.7.243.230 - - [31/Mar/2026:22:50:14 +0000] "GET /wp-includes/SimplePie/src/Cache/Redis.php HTTP/1.1" 500 - "https://schoolofgolfnz.co.nz/wp-includes/SimplePie/src/Cache/" "Mozilla/5.0 AppleWebKit/537.36 (KHTML, like Gecko; compatible; GPTBot/1.3; +https://openai.com/gptbot)"
74.7.227.41 - - [31/Mar/2026:22:50:18 +0000] "GET /wp-includes/js/tinymce/plugins/wplink/ HTTP/1.1" 200 1053 "https://weddingswithjoy.org.nz/wp-includes/js/tinymce/plugins/" "Mozilla/5.0 AppleWebKit/537.36 (KHTML, like Gecko; compatible; GPTBot/1.3; +https://openai.com/gptbot)"
139.18.2.214 - - [31/Mar/2026:22:50:19 +0000] "GET /wp-includes/js/tinymce/plugins/lists/?C=D;O=A HTTP/1.1" 200 1051 "https://weddingswithjoy.org.nz/wp-includes/js/tinymce/plugins/lists/" "LCC (+http://corpora.uni-leipzig.de/crawler_faq.html)"
139.18.2.214 - - [31/Mar/2026:22:50:31 +0000] "GET /wp-includes/js/tinymce/plugins/media/?C=N;O=D HTTP/1.1" 200 1051 "https://weddingswithjoy.org.nz/wp-includes/js/tinymce/plugins/media/" "LCC (+http://corpora.uni-leipzig.de/crawler_faq.html)"
139.18.2.214 - - [31/Mar/2026:22:50:44 +0000] "GET /wp-includes/js/tinymce/plugins/media/?C=M;O=A HTTP/1.1" 200 1051 "https://weddingswithjoy.org.nz/wp-includes/js/tinymce/plugins/media/" "LCC (+http://corpora.uni-leipzig.de/crawler_faq.html)"
74.7.243.230 - - [31/Mar/2026:22:50:47 +0000] "GET /wp-includes/Text/Diff/Renderer/inline.php HTTP/1.1" 200 - "https://schoolofgolfnz.co.nz/wp-includes/Text/Diff/Renderer/" "Mozilla/5.0 AppleWebKit/537.36 (KHTML, like Gecko; compatible; GPTBot/1.3; +https://openai.com/gptbot)"
139.18.2.214 - - [31/Mar/2026:22:50:54 +0000] "GET /wp-includes/js/tinymce/plugins/media/?C=S;O=A HTTP/1.1" 200 1051 "https://weddingswithjoy.org.nz/wp-includes/js/tinymce/plugins/media/" "LCC (+http://corpora.uni-leipzig.de/crawler_faq.html)"
74.7.227.159 - - [31/Mar/2026:22:51:00 +0000] "GET /wp-includes/atomlib.php HTTP/1.1" 200 - "https://www.qualityprecast.co.nz/wp-includes/" "Mozilla/5.0 AppleWebKit/537.36 (KHTML, like Gecko; compatible; GPTBot/1.3; +https://openai.com/gptbot)"
74.7.227.41 - - [31/Mar/2026:22:51:01 +0000] "GET /wp-includes/fonts/dashicons.woff HTTP/1.1" 304 - "https://weddingswithjoy.org.nz/wp-includes/fonts/" "Mozilla/5.0 AppleWebKit/537.36 (KHTML, like Gecko; compatible; GPTBot/1.3; +https://openai.com/gptbot)"
139.18.2.214 - - [31/Mar/2026:22:51:05 +0000] "GET /wp-includes/js/tinymce/plugins/media/?C=D;O=A HTTP/1.1" 200 1051 "https://weddingswithjoy.org.nz/wp-includes/js/tinymce/plugins/media/" "LCC (+http://corpora.uni-leipzig.de/crawler_faq.html)"
139.18.2.214 - - [31/Mar/2026:22:51:14 +0000] "GET /wp-includes/js/tinymce/plugins/paste/?C=N;O=D HTTP/1.1" 200 1051 "https://weddingswithjoy.org.nz/wp-includes/js/tinymce/plugins/paste/" "LCC (+http://corpora.uni-leipzig.de/crawler_faq.html)"
139.18.2.214 - - [31/Mar/2026:22:51:26 +0000] "GET /wp-includes/js/tinymce/plugins/paste/?C=M;O=A HTTP/1.1" 200 1051 "https://weddingswithjoy.org.nz/wp-includes/js/tinymce/plugins/paste/" "LCC (+http://corpora.uni-leipzig.de/crawler_faq.html)"
139.18.2.214 - - [31/Mar/2026:22:51:36 +0000] "GET /wp-includes/js/tinymce/plugins/paste/?C=S;O=A HTTP/1.1" 200 1051 "https://weddingswithjoy.org.nz/wp-includes/js/tinymce/plugins/paste/" "LCC (+http://corpora.uni-leipzig.de/crawler_faq.html)"
74.7.227.41 - - [31/Mar/2026:22:51:39 +0000] "GET /wp-includes/js/jquery/ui/progressbar.js HTTP/1.1" 200 4239 "https://weddingswithjoy.org.nz/wp-includes/js/jquery/ui/" "Mozilla/5.0 AppleWebKit/537.36 (KHTML, like Gecko; compatible; GPTBot/1.3; +https://openai.com/gptbot)"
139.18.2.214 - - [31/Mar/2026:22:51:47 +0000] "GET /wp-includes/js/tinymce/plugins/paste/?C=D;O=A HTTP/1.1" 200 1051 "https://weddingswithjoy.org.nz/wp-includes/js/tinymce/plugins/paste/" "LCC (+http://corpora.uni-leipzig.de/crawler_faq.html)"
74.7.243.230 - - [31/Mar/2026:22:51:52 +0000] "GET /wp-includes/SimplePie/src/HTTP/Parser.php HTTP/1.1" 200 - "https://schoolofgolfnz.co.nz/wp-includes/SimplePie/src/HTTP/" "Mozilla/5.0 AppleWebKit/537.36 (KHTML, like Gecko; compatible; GPTBot/1.3; +https://openai.com/gptbot)"
139.18.2.214 - - [31/Mar/2026:22:51:56 +0000] "GET /wp-includes/js/tinymce/plugins/tabfocus/?C=N;O=D HTTP/1.1" 200 1057 "https://weddingswithjoy.org.nz/wp-includes/js/tinymce/plugins/tabfocus/" "LCC (+http://corpora.uni-leipzig.de/crawler_faq.html)"
74.7.227.159 - - [31/Mar/2026:22:52:04 +0000] "GET /wp-includes/php-compat/readonly.php HTTP/1.1" 200 - "https://www.qualityprecast.co.nz/wp-includes/php-compat/" "Mozilla/5.0 AppleWebKit/537.36 (KHTML, like Gecko; compatible; GPTBot/1.3; +https://openai.com/gptbot)"
139.18.2.214 - - [31/Mar/2026:22:52:06 +0000] "GET /wp-includes/js/tinymce/plugins/tabfocus/?C=M;O=A HTTP/1.1" 200 1057 "https://weddingswithjoy.org.nz/wp-includes/js/tinymce/plugins/tabfocus/" "LCC (+http://corpora.uni-leipzig.de/crawler_faq.html)"
74.7.227.41 - - [31/Mar/2026:22:52:12 +0000] "GET /wp-includes/js/tinymce/plugins/charmap/ HTTP/1.1" 200 1055 "https://weddingswithjoy.org.nz/wp-includes/js/tinymce/plugins/" "Mozilla/5.0 AppleWebKit/537.36 (KHTML, like Gecko; compatible; GPTBot/1.3; +https://openai.com/gptbot)"
139.18.2.214 - - [31/Mar/2026:22:52:17 +0000] "GET /wp-includes/js/tinymce/plugins/tabfocus/?C=S;O=A HTTP/1.1" 200 1057 "https://weddingswithjoy.org.nz/wp-includes/js/tinymce/plugins/tabfocus/" "LCC (+http://corpora.uni-leipzig.de/crawler_faq.html)"
139.18.2.214 - - [31/Mar/2026:22:52:29 +0000] "GET /wp-includes/js/tinymce/plugins/tabfocus/?C=D;O=A HTTP/1.1" 200 1057 "https://weddingswithjoy.org.nz/wp-includes/js/tinymce/plugins/tabfocus/" "LCC (+http://corpora.uni-leipzig.de/crawler_faq.html)"
139.18.2.214 - - [31/Mar/2026:22:52:38 +0000] "GET /wp-includes/js/tinymce/plugins/textcolor/?C=N;O=D HTTP/1.1" 200 1059 "https://weddingswithjoy.org.nz/wp-includes/js/tinymce/plugins/textcolor/" "LCC (+http://corpora.uni-leipzig.de/crawler_faq.html)"
74.7.227.41 - - [31/Mar/2026:22:52:41 +0000] "GET /wp-includes/js/tinymce/skins/lightgray/ HTTP/1.1" 200 1594 "https://weddingswithjoy.org.nz/wp-includes/js/tinymce/skins/" "Mozilla/5.0 AppleWebKit/537.36 (KHTML, like Gecko; compatible; GPTBot/1.3; +https://openai.com/gptbot)"
74.7.243.230 - - [31/Mar/2026:22:52:47 +0000] "GET /wp-includes/js/tinymce/skins/wordpress/images/playlist-audio.png HTTP/1.1" 200 440 "https://schoolofgolfnz.co.nz/wp-includes/js/tinymce/skins/wordpress/images/" "Mozilla/5.0 AppleWebKit/537.36 (KHTML, like Gecko; compatible; GPTBot/1.3; +https://openai.com/gptbot)"
81.168.83.103 - - [31/Mar/2026:22:52:47 +0000] "GET /debug.log HTTP/1.1" 404 - "-" "Mozilla/5.0 (Windows NT 10.0; Win64; x64) AppleWebKit/537.36 (KHTML, like Gecko) Chrome/124.0.0.0 Safari/537.36"
139.18.2.214 - - [31/Mar/2026:22:52:48 +0000] "GET /wp-includes/js/tinymce/plugins/textcolor/?C=M;O=A HTTP/1.1" 200 1059 "https://weddingswithjoy.org.nz/wp-includes/js/tinymce/plugins/textcolor/" "LCC (+http://corpora.uni-leipzig.de/crawler_faq.html)"
139.18.2.214 - - [31/Mar/2026:22:52:59 +0000] "GET /wp-includes/js/tinymce/plugins/textcolor/?C=S;O=A HTTP/1.1" 200 1059 "https://weddingswithjoy.org.nz/wp-includes/js/tinymce/plugins/textcolor/" "LCC (+http://corpora.uni-leipzig.de/crawler_faq.html)"
74.7.227.159 - - [31/Mar/2026:22:53:00 +0000] "GET /wp-includes/sodium_compat/namespaced/Crypto.php HTTP/1.1" 500 - "https://www.qualityprecast.co.nz/wp-includes/sodium_compat/namespaced/" "Mozilla/5.0 AppleWebKit/537.36 (KHTML, like Gecko; compatible; GPTBot/1.3; +https://openai.com/gptbot)"
74.7.227.41 - - [31/Mar/2026:22:53:07 +0000] "GET /wp-includes/js/tinymce/plugins/fullscreen/ HTTP/1.1" 200 1061 "https://weddingswithjoy.org.nz/wp-includes/js/tinymce/plugins/" "Mozilla/5.0 AppleWebKit/537.36 (KHTML, like Gecko; compatible; GPTBot/1.3; +https://openai.com/gptbot)"
139.18.2.214 - - [31/Mar/2026:22:53:11 +0000] "GET /wp-includes/js/tinymce/plugins/textcolor/?C=D;O=A HTTP/1.1" 200 1059 "https://weddingswithjoy.org.nz/wp-includes/js/tinymce/plugins/textcolor/" "LCC (+http://corpora.uni-leipzig.de/crawler_faq.html)"
139.18.2.214 - - [31/Mar/2026:22:53:20 +0000] "GET /wp-includes/js/tinymce/plugins/wordpress/?C=N;O=D HTTP/1.1" 200 1059 "https://weddingswithjoy.org.nz/wp-includes/js/tinymce/plugins/wordpress/" "LCC (+http://corpora.uni-leipzig.de/crawler_faq.html)"
139.18.2.214 - - [31/Mar/2026:22:53:30 +0000] "GET /wp-includes/js/tinymce/plugins/wordpress/?C=M;O=A HTTP/1.1" 200 1059 "https://weddingswithjoy.org.nz/wp-includes/js/tinymce/plugins/wordpress/" "LCC (+http://corpora.uni-leipzig.de/crawler_faq.html)"
74.7.227.41 - - [31/Mar/2026:22:53:31 +0000] "GET /wp-includes/js/dist/script-modules/block-editor/utils/ HTTP/1.1" 200 1127 "https://weddingswithjoy.org.nz/wp-includes/js/dist/script-modules/block-editor/" "Mozilla/5.0 AppleWebKit/537.36 (KHTML, like Gecko; compatible; GPTBot/1.3; +https://openai.com/gptbot)"
74.7.243.230 - - [31/Mar/2026:22:53:40 +0000] "GET /wp-includes/js/mce-view.js HTTP/1.1" 200 25849 "https://schoolofgolfnz.co.nz/wp-includes/js/" "Mozilla/5.0 AppleWebKit/537.36 (KHTML, like Gecko; compatible; GPTBot/1.3; +https://openai.com/gptbot)"
139.18.2.214 - - [31/Mar/2026:22:53:45 +0000] "GET /wp-includes/js/tinymce/plugins/wordpress/?C=S;O=A HTTP/1.1" 200 1059 "https://weddingswithjoy.org.nz/wp-includes/js/tinymce/plugins/wordpress/" "LCC (+http://corpora.uni-leipzig.de/crawler_faq.html)"
74.7.227.159 - - [31/Mar/2026:22:53:49 +0000] "GET /wp-includes/theme-compat/embed-content.php HTTP/1.1" 200 6 "https://www.qualityprecast.co.nz/wp-includes/theme-compat/" "Mozilla/5.0 AppleWebKit/537.36 (KHTML, like Gecko; compatible; GPTBot/1.3; +https://openai.com/gptbot)"
74.7.227.41 - - [31/Mar/2026:22:53:53 +0000] "GET /wp-includes/js/dist/format-library.min.js HTTP/1.1" 200 27405 "https://weddingswithjoy.org.nz/wp-includes/js/dist/" "Mozilla/5.0 AppleWebKit/537.36 (KHTML, like Gecko; compatible; GPTBot/1.3; +https://openai.com/gptbot)"
139.18.2.214 - - [31/Mar/2026:22:53:55 +0000] "GET /wp-includes/js/tinymce/plugins/wordpress/?C=D;O=A HTTP/1.1" 200 1059 "https://weddingswithjoy.org.nz/wp-includes/js/tinymce/plugins/wordpress/" "LCC (+http://corpora.uni-leipzig.de/crawler_faq.html)"
139.18.2.214 - - [31/Mar/2026:22:54:07 +0000] "GET /wp-includes/js/tinymce/plugins/wpautoresize/?C=N;O=D HTTP/1.1" 200 1065 "https://weddingswithjoy.org.nz/wp-includes/js/tinymce/plugins/wpautoresize/" "LCC (+http://corpora.uni-leipzig.de/crawler_faq.html)"
74.7.227.41 - - [31/Mar/2026:22:54:13 +0000] "GET /wp-includes/js/clipboard.js HTTP/1.1" 200 26807 "https://weddingswithjoy.org.nz/wp-includes/js/" "Mozilla/5.0 AppleWebKit/537.36 (KHTML, like Gecko; compatible; GPTBot/1.3; +https://openai.com/gptbot)"
139.18.2.214 - - [31/Mar/2026:22:54:16 +0000] "GET /wp-includes/js/tinymce/plugins/wpautoresize/?C=M;O=A HTTP/1.1" 200 1065 "https://weddingswithjoy.org.nz/wp-includes/js/tinymce/plugins/wpautoresize/" "LCC (+http://corpora.uni-leipzig.de/crawler_faq.html)"
74.7.243.230 - - [31/Mar/2026:22:54:27 +0000] "GET /wp-includes/SimplePie/src/Cache/File.php HTTP/1.1" 500 - "https://schoolofgolfnz.co.nz/wp-includes/SimplePie/src/Cache/" "Mozilla/5.0 AppleWebKit/537.36 (KHTML, like Gecko; compatible; GPTBot/1.3; +https://openai.com/gptbot)"
74.7.227.41 - - [31/Mar/2026:22:54:31 +0000] "GET /wp-includes/js/quicktags.js HTTP/1.1" 200 22601 "https://weddingswithjoy.org.nz/wp-includes/js/" "Mozilla/5.0 AppleWebKit/537.36 (KHTML, like Gecko; compatible; GPTBot/1.3; +https://openai.com/gptbot)"
139.18.2.214 - - [31/Mar/2026:22:54:32 +0000] "GET /wp-includes/js/tinymce/plugins/wpautoresize/?C=S;O=A HTTP/1.1" 200 1065 "https://weddingswithjoy.org.nz/wp-includes/js/tinymce/plugins/wpautoresize/" "LCC (+http://corpora.uni-leipzig.de/crawler_faq.html)"
139.18.2.214 - - [31/Mar/2026:22:54:45 +0000] "GET /wp-includes/js/tinymce/plugins/wpautoresize/?C=D;O=A HTTP/1.1" 200 1065 "https://weddingswithjoy.org.nz/wp-includes/js/tinymce/plugins/wpautoresize/" "LCC (+http://corpora.uni-leipzig.de/crawler_faq.html)"
74.7.227.41 - - [31/Mar/2026:22:54:46 +0000] "GET /wp-includes/js/backbone.js HTTP/1.1" 200 80390 "https://weddingswithjoy.org.nz/wp-includes/js/" "Mozilla/5.0 AppleWebKit/537.36 (KHTML, like Gecko; compatible; GPTBot/1.3; +https://openai.com/gptbot)"
74.7.227.159 - - [31/Mar/2026:22:54:51 +0000] "GET /wp-includes/sitemaps/?C=M;O=A HTTP/1.1" 200 2013 "https://www.qualityprecast.co.nz/wp-includes/sitemaps/" "Mozilla/5.0 AppleWebKit/537.36 (KHTML, like Gecko; compatible; GPTBot/1.3; +https://openai.com/gptbot)"
139.18.2.214 - - [31/Mar/2026:22:54:57 +0000] "GET /wp-includes/js/tinymce/plugins/wpdialogs/?C=N;O=D HTTP/1.1" 200 1059 "https://weddingswithjoy.org.nz/wp-includes/js/tinymce/plugins/wpdialogs/" "LCC (+http://corpora.uni-leipzig.de/crawler_faq.html)"
74.7.227.41 - - [31/Mar/2026:22:55:01 +0000] "GET /wp-includes/js/heartbeat.js HTTP/1.1" 200 24052 "https://weddingswithjoy.org.nz/wp-includes/js/" "Mozilla/5.0 AppleWebKit/537.36 (KHTML, like Gecko; compatible; GPTBot/1.3; +https://openai.com/gptbot)"
139.18.2.214 - - [31/Mar/2026:22:55:10 +0000] "GET /wp-includes/js/tinymce/plugins/wpdialogs/?C=M;O=A HTTP/1.1" 200 1059 "https://weddingswithjoy.org.nz/wp-includes/js/tinymce/plugins/wpdialogs/" "LCC (+http://corpora.uni-leipzig.de/crawler_faq.html)"
74.7.243.230 - - [31/Mar/2026:22:55:10 +0000] "GET /wp-includes/SimplePie/src/Parse/Date.php HTTP/1.1" 200 - "https://schoolofgolfnz.co.nz/wp-includes/SimplePie/src/Parse/" "Mozilla/5.0 AppleWebKit/537.36 (KHTML, like Gecko; compatible; GPTBot/1.3; +https://openai.com/gptbot)"
74.7.227.41 - - [31/Mar/2026:22:55:13 +0000] "GET /wp-includes/js/tinymce/'+r.url+' HTTP/1.1" 404 - "https://weddingswithjoy.org.nz/wp-includes/js/tinymce/wp-tinymce.js" "Mozilla/5.0 AppleWebKit/537.36 (KHTML, like Gecko; compatible; GPTBot/1.3; +https://openai.com/gptbot)"
139.18.2.214 - - [31/Mar/2026:22:55:19 +0000] "GET /wp-includes/js/tinymce/plugins/wpdialogs/?C=S;O=A HTTP/1.1" 200 1059 "https://weddingswithjoy.org.nz/wp-includes/js/tinymce/plugins/wpdialogs/" "LCC (+http://corpora.uni-leipzig.de/crawler_faq.html)"
74.7.227.41 - - [31/Mar/2026:22:55:25 +0000] "GET /wp-includes/js/tinymce/plugins/wpemoji/ HTTP/1.1" 200 1055 "https://weddingswithjoy.org.nz/wp-includes/js/tinymce/plugins/" "Mozilla/5.0 AppleWebKit/537.36 (KHTML, like Gecko; compatible; GPTBot/1.3; +https://openai.com/gptbot)"
139.18.2.214 - - [31/Mar/2026:22:55:28 +0000] "GET /wp-includes/js/tinymce/plugins/wpdialogs/?C=D;O=A HTTP/1.1" 200 1059 "https://weddingswithjoy.org.nz/wp-includes/js/tinymce/plugins/wpdialogs/" "LCC (+http://corpora.uni-leipzig.de/crawler_faq.html)"
74.7.227.41 - - [31/Mar/2026:22:55:38 +0000] "GET /wp-includes/js/tinymce/skins/wordpress/ HTTP/1.1" 200 1052 "https://weddingswithjoy.org.nz/wp-includes/js/tinymce/skins/" "Mozilla/5.0 AppleWebKit/537.36 (KHTML, like Gecko; compatible; GPTBot/1.3; +https://openai.com/gptbot)"
139.18.2.214 - - [31/Mar/2026:22:55:38 +0000] "GET /wp-includes/js/tinymce/plugins/wpeditimage/?C=N;O=D HTTP/1.1" 200 1063 "https://weddingswithjoy.org.nz/wp-includes/js/tinymce/plugins/wpeditimage/" "LCC (+http://corpora.uni-leipzig.de/crawler_faq.html)"
74.7.227.41 - - [31/Mar/2026:22:55:48 +0000] "GET /wp-includes/js/dist/editor.js HTTP/1.1" 200 1146132 "https://weddingswithjoy.org.nz/wp-includes/js/dist/" "Mozilla/5.0 AppleWebKit/537.36 (KHTML, like Gecko; compatible; GPTBot/1.3; +https://openai.com/gptbot)"
74.7.227.159 - - [31/Mar/2026:22:55:48 +0000] "GET /wp-includes/sitemaps/class-wp-sitemaps.php HTTP/1.1" 200 - "https://www.qualityprecast.co.nz/wp-includes/sitemaps/" "Mozilla/5.0 AppleWebKit/537.36 (KHTML, like Gecko; compatible; GPTBot/1.3; +https://openai.com/gptbot)"
139.18.2.214 - - [31/Mar/2026:22:55:53 +0000] "GET /wp-includes/js/tinymce/plugins/wpeditimage/?C=M;O=A HTTP/1.1" 200 1063 "https://weddingswithjoy.org.nz/wp-includes/js/tinymce/plugins/wpeditimage/" "LCC (+http://corpora.uni-leipzig.de/crawler_faq.html)"
74.7.227.41 - - [31/Mar/2026:22:55:57 +0000] "GET /wp-includes/js/dist/router.js HTTP/1.1" 200 53525 "https://weddingswithjoy.org.nz/wp-includes/js/dist/" "Mozilla/5.0 AppleWebKit/537.36 (KHTML, like Gecko; compatible; GPTBot/1.3; +https://openai.com/gptbot)"
139.18.2.214 - - [31/Mar/2026:22:56:01 +0000] "GET /wp-includes/js/tinymce/plugins/wpeditimage/?C=S;O=A HTTP/1.1" 200 1063 "https://weddingswithjoy.org.nz/wp-includes/js/tinymce/plugins/wpeditimage/" "LCC (+http://corpora.uni-leipzig.de/crawler_faq.html)"
74.7.227.41 - - [31/Mar/2026:22:56:05 +0000] "GET /wp-includes/js/tinymce/langs/ HTTP/1.1" 200 851 "https://weddingswithjoy.org.nz/wp-includes/js/tinymce/" "Mozilla/5.0 AppleWebKit/537.36 (KHTML, like Gecko; compatible; GPTBot/1.3; +https://openai.com/gptbot)"
74.7.243.230 - - [31/Mar/2026:22:56:11 +0000] "GET /wp-includes/SimplePie/src/Cache/Base.php HTTP/1.1" 200 - "https://schoolofgolfnz.co.nz/wp-includes/SimplePie/src/Cache/" "Mozilla/5.0 AppleWebKit/537.36 (KHTML, like Gecko; compatible; GPTBot/1.3; +https://openai.com/gptbot)"
74.7.227.41 - - [31/Mar/2026:22:56:13 +0000] "GET /wp-includes/js/dist/blocks.js HTTP/1.1" 200 437779 "https://weddingswithjoy.org.nz/wp-includes/js/dist/" "Mozilla/5.0 AppleWebKit/537.36 (KHTML, like Gecko; compatible; GPTBot/1.3; +https://openai.com/gptbot)"
139.18.2.214 - - [31/Mar/2026:22:56:13 +0000] "GET /wp-includes/js/tinymce/plugins/wpeditimage/?C=D;O=A HTTP/1.1" 200 1063 "https://weddingswithjoy.org.nz/wp-includes/js/tinymce/plugins/wpeditimage/" "LCC (+http://corpora.uni-leipzig.de/crawler_faq.html)"
74.7.227.41 - - [31/Mar/2026:22:56:20 +0000] "GET /wp-includes/js/dist/router.min.js HTTP/1.1" 200 13763 "https://weddingswithjoy.org.nz/wp-includes/js/dist/" "Mozilla/5.0 AppleWebKit/537.36 (KHTML, like Gecko; compatible; GPTBot/1.3; +https://openai.com/gptbot)"
139.18.2.214 - - [31/Mar/2026:22:56:24 +0000] "GET /wp-includes/js/tinymce/plugins/wpemoji/?C=N;O=D HTTP/1.1" 200 1055 "https://weddingswithjoy.org.nz/wp-includes/js/tinymce/plugins/wpemoji/" "LCC (+http://corpora.uni-leipzig.de/crawler_faq.html)"
74.7.227.41 - - [31/Mar/2026:22:56:26 +0000] "GET /wp-includes/js/'%20+%20src%20+%20' HTTP/1.1" 404 - "https://weddingswithjoy.org.nz/wp-includes/js/quicktags.js" "Mozilla/5.0 AppleWebKit/537.36 (KHTML, like Gecko; compatible; GPTBot/1.3; +https://openai.com/gptbot)"
74.7.227.41 - - [31/Mar/2026:22:56:31 +0000] "GET /wp-includes/js/dist/rich-text.js HTTP/1.1" 200 85527 "https://weddingswithjoy.org.nz/wp-includes/js/dist/" "Mozilla/5.0 AppleWebKit/537.36 (KHTML, like Gecko; compatible; GPTBot/1.3; +https://openai.com/gptbot)"
139.18.2.214 - - [31/Mar/2026:22:56:34 +0000] "GET /wp-includes/js/tinymce/plugins/wpemoji/?C=M;O=A HTTP/1.1" 200 1055 "https://weddingswithjoy.org.nz/wp-includes/js/tinymce/plugins/wpemoji/" "LCC (+http://corpora.uni-leipzig.de/crawler_faq.html)"
74.7.227.41 - - [31/Mar/2026:22:56:37 +0000] "GET /wp-includes/js/dist/api-fetch.js HTTP/1.1" 200 16323 "https://weddingswithjoy.org.nz/wp-includes/js/dist/" "Mozilla/5.0 AppleWebKit/537.36 (KHTML, like Gecko; compatible; GPTBot/1.3; +https://openai.com/gptbot)"
74.7.227.159 - - [31/Mar/2026:22:56:40 +0000] "GET /wp-includes/sitemaps/class-wp-sitemaps-stylesheet.php HTTP/1.1" 200 - "https://www.qualityprecast.co.nz/wp-includes/sitemaps/" "Mozilla/5.0 AppleWebKit/537.36 (KHTML, like Gecko; compatible; GPTBot/1.3; +https://openai.com/gptbot)"
74.7.227.41 - - [31/Mar/2026:22:56:42 +0000] "GET /wp-includes/js/dist/core-data.js HTTP/1.1" 200 221896 "https://weddingswithjoy.org.nz/wp-includes/js/dist/" "Mozilla/5.0 AppleWebKit/537.36 (KHTML, like Gecko; compatible; GPTBot/1.3; +https://openai.com/gptbot)"
139.18.2.214 - - [31/Mar/2026:22:56:45 +0000] "GET /wp-includes/js/tinymce/plugins/wpemoji/?C=S;O=A HTTP/1.1" 200 1055 "https://weddingswithjoy.org.nz/wp-includes/js/tinymce/plugins/wpemoji/" "LCC (+http://corpora.uni-leipzig.de/crawler_faq.html)"
