139.18.2.214 - - [31/Mar/2026:18:28:06 +0000] "GET /wp-includes/block-supports/position.php HTTP/1.1" 500 - "https://weddingswithjoy.org.nz/wp-includes/block-supports/" "LCC (+http://corpora.uni-leipzig.de/crawler_faq.html)"
74.7.227.41 - - [31/Mar/2026:18:28:17 +0000] "GET /wp-includes/Text/ HTTP/1.1" 200 1164 "https://weddingswithjoy.org.nz/wp-includes/" "Mozilla/5.0 AppleWebKit/537.36 (KHTML, like Gecko; compatible; GPTBot/1.3; +https://openai.com/gptbot)"
139.18.2.214 - - [31/Mar/2026:18:28:18 +0000] "GET /wp-includes/block-supports/settings.php HTTP/1.1" 500 - "https://weddingswithjoy.org.nz/wp-includes/block-supports/" "LCC (+http://corpora.uni-leipzig.de/crawler_faq.html)"
139.18.2.214 - - [31/Mar/2026:18:28:27 +0000] "GET /wp-includes/block-supports/shadow.php HTTP/1.1" 500 - "https://weddingswithjoy.org.nz/wp-includes/block-supports/" "LCC (+http://corpora.uni-leipzig.de/crawler_faq.html)"
37.238.57.26 - - [31/Mar/2026:18:28:36 +0000] "GET /gallery/ HTTP/1.1" 404 - "-" "Mozilla/5.0 (Macintosh; Intel Mac OS X 10_13_6) AppleWebKit/537.36 (KHTML, like Gecko) Chrome/98.0.4758.80 Safari/537.36"
113.165.48.12 - - [31/Mar/2026:18:28:38 +0000] "GET /Products/ HTTP/1.1" 404 - "-" "Mozilla/5.0 (Windows NT 6.1; WOW64) AppleWebKit/537.36 (KHTML, like Gecko) Chrome/89.0.4389.114 Safari/537.36"
139.18.2.214 - - [31/Mar/2026:18:28:40 +0000] "GET /wp-includes/block-supports/spacing.php HTTP/1.1" 500 - "https://weddingswithjoy.org.nz/wp-includes/block-supports/" "LCC (+http://corpora.uni-leipzig.de/crawler_faq.html)"
113.180.195.33 - - [31/Mar/2026:18:28:40 +0000] "GET /home/ HTTP/1.1" 404 - "-" "Mozilla/5.0 (Macintosh; Intel Mac OS X 10_8_0) AppleWebKit/537.36 (KHTML, like Gecko) Chrome/32.0.1664.3 Safari/537.36"
139.18.2.214 - - [31/Mar/2026:18:28:50 +0000] "GET /wp-includes/block-supports/typography.php HTTP/1.1" 500 - "https://weddingswithjoy.org.nz/wp-includes/block-supports/" "LCC (+http://corpora.uni-leipzig.de/crawler_faq.html)"
74.7.243.230 - - [31/Mar/2026:18:28:53 +0000] "GET /wp-includes/class-walker-category.php HTTP/1.1" 500 - "https://schoolofgolfnz.co.nz/wp-includes/" "Mozilla/5.0 AppleWebKit/537.36 (KHTML, like Gecko; compatible; GPTBot/1.3; +https://openai.com/gptbot)"
139.18.2.214 - - [31/Mar/2026:18:29:03 +0000] "GET /wp-includes/block-supports/utils.php HTTP/1.1" 200 - "https://weddingswithjoy.org.nz/wp-includes/block-supports/" "LCC (+http://corpora.uni-leipzig.de/crawler_faq.html)"
74.7.227.41 - - [31/Mar/2026:18:29:09 +0000] "GET /wp-includes/fonts/dashicons.svg HTTP/1.1" 200 124614 "https://weddingswithjoy.org.nz/wp-includes/fonts/" "Mozilla/5.0 AppleWebKit/537.36 (KHTML, like Gecko; compatible; GPTBot/1.3; +https://openai.com/gptbot)"
139.18.2.214 - - [31/Mar/2026:18:29:14 +0000] "GET /wp-includes/certificates/?C=N;O=D HTTP/1.1" 200 831 "https://weddingswithjoy.org.nz/wp-includes/certificates/" "LCC (+http://corpora.uni-leipzig.de/crawler_faq.html)"
139.18.2.214 - - [31/Mar/2026:18:29:25 +0000] "GET /wp-includes/certificates/?C=M;O=A HTTP/1.1" 200 831 "https://weddingswithjoy.org.nz/wp-includes/certificates/" "LCC (+http://corpora.uni-leipzig.de/crawler_faq.html)"
139.18.2.214 - - [31/Mar/2026:18:29:36 +0000] "GET /wp-includes/certificates/?C=S;O=A HTTP/1.1" 200 831 "https://weddingswithjoy.org.nz/wp-includes/certificates/" "LCC (+http://corpora.uni-leipzig.de/crawler_faq.html)"
139.18.2.214 - - [31/Mar/2026:18:29:47 +0000] "GET /wp-includes/certificates/?C=D;O=A HTTP/1.1" 200 831 "https://weddingswithjoy.org.nz/wp-includes/certificates/" "LCC (+http://corpora.uni-leipzig.de/crawler_faq.html)"
74.7.227.41 - - [31/Mar/2026:18:29:54 +0000] "GET /wp-includes/update.php HTTP/1.1" 200 2 "https://weddingswithjoy.org.nz/wp-includes/" "Mozilla/5.0 AppleWebKit/537.36 (KHTML, like Gecko; compatible; GPTBot/1.3; +https://openai.com/gptbot)"
74.7.243.230 - - [31/Mar/2026:18:29:57 +0000] "GET /wp-includes/class-IXR.php HTTP/1.1" 200 2 "https://schoolofgolfnz.co.nz/wp-includes/" "Mozilla/5.0 AppleWebKit/537.36 (KHTML, like Gecko; compatible; GPTBot/1.3; +https://openai.com/gptbot)"
129.226.93.214 - - [31/Mar/2026:18:29:57 +0000] "GET /wp-activate.php HTTP/1.1" 500 - "-" "Mozilla/5.0 (iPhone; CPU iPhone OS 13_2_3 like Mac OS X) AppleWebKit/605.1.15 (KHTML, like Gecko) Version/13.0.3 Mobile/15E148 Safari/604.1"
139.18.2.214 - - [31/Mar/2026:18:30:03 +0000] "GET /wp-includes/certificates/ca-bundle.crt HTTP/1.1" 200 234150 "https://weddingswithjoy.org.nz/wp-includes/certificates/" "LCC (+http://corpora.uni-leipzig.de/crawler_faq.html)"
139.18.2.214 - - [31/Mar/2026:18:30:20 +0000] "GET /wp-includes/css/?C=N;O=D HTTP/1.1" 200 8735 "https://weddingswithjoy.org.nz/wp-includes/css/" "LCC (+http://corpora.uni-leipzig.de/crawler_faq.html)"
139.18.2.214 - - [31/Mar/2026:18:30:30 +0000] "GET /wp-includes/css/?C=M;O=A HTTP/1.1" 200 8735 "https://weddingswithjoy.org.nz/wp-includes/css/" "LCC (+http://corpora.uni-leipzig.de/crawler_faq.html)"
74.7.227.41 - - [31/Mar/2026:18:30:35 +0000] "GET /wp-includes/media.php HTTP/1.1" 200 2 "https://weddingswithjoy.org.nz/wp-includes/" "Mozilla/5.0 AppleWebKit/537.36 (KHTML, like Gecko; compatible; GPTBot/1.3; +https://openai.com/gptbot)"
139.18.2.214 - - [31/Mar/2026:18:30:42 +0000] "GET /wp-includes/css/?C=S;O=A HTTP/1.1" 200 8735 "https://weddingswithjoy.org.nz/wp-includes/css/" "LCC (+http://corpora.uni-leipzig.de/crawler_faq.html)"
139.18.2.214 - - [31/Mar/2026:18:30:54 +0000] "GET /wp-includes/css/?C=D;O=A HTTP/1.1" 200 8735 "https://weddingswithjoy.org.nz/wp-includes/css/" "LCC (+http://corpora.uni-leipzig.de/crawler_faq.html)"
113.190.88.136 - - [31/Mar/2026:18:30:57 +0000] "GET / HTTP/1.1" 200 2980 "-" "Mozilla/5.0 (Macintosh; Intel Mac OS X 10_12_6) AppleWebKit/537.36 (KHTML, like Gecko) Chrome/79.0.3945.130 Safari/537.36"
74.7.243.230 - - [31/Mar/2026:18:30:59 +0000] "GET /wp-includes/class-walker-page.php HTTP/1.1" 500 - "https://schoolofgolfnz.co.nz/wp-includes/" "Mozilla/5.0 AppleWebKit/537.36 (KHTML, like Gecko; compatible; GPTBot/1.3; +https://openai.com/gptbot)"
139.18.2.214 - - [31/Mar/2026:18:31:07 +0000] "GET /wp-includes/css/dist/ HTTP/1.1" 200 4065 "https://weddingswithjoy.org.nz/wp-includes/css/" "LCC (+http://corpora.uni-leipzig.de/crawler_faq.html)"
74.7.227.41 - - [31/Mar/2026:18:31:11 +0000] "GET /wp-includes/cron.php HTTP/1.1" 200 - "https://weddingswithjoy.org.nz/wp-includes/" "Mozilla/5.0 AppleWebKit/537.36 (KHTML, like Gecko; compatible; GPTBot/1.3; +https://openai.com/gptbot)"
14.224.196.92 - - [31/Mar/2026:18:31:18 +0000] "GET /Our-Team/ HTTP/1.1" 404 - "-" "Mozilla/5.0 (Macintosh; Intel Mac OS X 10_15_5) AppleWebKit/537.36 (KHTML, like Gecko) Chrome/90.0.4430.93 Safari/537.36"
139.18.2.214 - - [31/Mar/2026:18:31:20 +0000] "GET /wp-includes/customize/?C=N;O=D HTTP/1.1" 200 8270 "https://weddingswithjoy.org.nz/wp-includes/customize/" "LCC (+http://corpora.uni-leipzig.de/crawler_faq.html)"
139.18.2.214 - - [31/Mar/2026:18:31:32 +0000] "GET /wp-includes/customize/?C=M;O=A HTTP/1.1" 200 8270 "https://weddingswithjoy.org.nz/wp-includes/customize/" "LCC (+http://corpora.uni-leipzig.de/crawler_faq.html)"
139.18.2.214 - - [31/Mar/2026:18:31:43 +0000] "GET /wp-includes/customize/?C=S;O=A HTTP/1.1" 200 8270 "https://weddingswithjoy.org.nz/wp-includes/customize/" "LCC (+http://corpora.uni-leipzig.de/crawler_faq.html)"
74.7.227.41 - - [31/Mar/2026:18:31:43 +0000] "GET /wp-includes/rest-api/endpoints/class-wp-rest-url-details-controller.php HTTP/1.1" 500 - "https://weddingswithjoy.org.nz/wp-includes/rest-api/endpoints/" "Mozilla/5.0 AppleWebKit/537.36 (KHTML, like Gecko; compatible; GPTBot/1.3; +https://openai.com/gptbot)"
47.128.51.200 - - [31/Mar/2026:18:31:44 +0000] "GET /index.php1 HTTP/1.1" 403 15 "-" "Mozilla/5.0 (Linux; Android 5.0) AppleWebKit/537.36 (KHTML, like Gecko) Mobile Safari/537.36 (compatible; Bytespider; spider-feedback@bytedance.com)"
139.18.2.214 - - [31/Mar/2026:18:31:55 +0000] "GET /wp-includes/customize/?C=D;O=A HTTP/1.1" 200 8270 "https://weddingswithjoy.org.nz/wp-includes/customize/" "LCC (+http://corpora.uni-leipzig.de/crawler_faq.html)"
74.7.243.230 - - [31/Mar/2026:18:31:56 +0000] "GET /wp-includes/l10n/class-wp-translation-file-mo.php HTTP/1.1" 500 - "https://schoolofgolfnz.co.nz/wp-includes/l10n/" "Mozilla/5.0 AppleWebKit/537.36 (KHTML, like Gecko; compatible; GPTBot/1.3; +https://openai.com/gptbot)"
139.18.2.214 - - [31/Mar/2026:18:32:04 +0000] "GET /wp-includes/customize/class-wp-customize-background-image-control.php HTTP/1.1" 500 - "https://weddingswithjoy.org.nz/wp-includes/customize/" "LCC (+http://corpora.uni-leipzig.de/crawler_faq.html)"
74.7.227.41 - - [31/Mar/2026:18:32:12 +0000] "GET /wp-includes/rest-api/endpoints/class-wp-rest-post-statuses-controller.php HTTP/1.1" 500 - "https://weddingswithjoy.org.nz/wp-includes/rest-api/endpoints/" "Mozilla/5.0 AppleWebKit/537.36 (KHTML, like Gecko; compatible; GPTBot/1.3; +https://openai.com/gptbot)"
139.18.2.214 - - [31/Mar/2026:18:32:14 +0000] "GET /wp-includes/customize/class-wp-customize-background-image-setting.php HTTP/1.1" 500 - "https://weddingswithjoy.org.nz/wp-includes/customize/" "LCC (+http://corpora.uni-leipzig.de/crawler_faq.html)"
139.18.2.214 - - [31/Mar/2026:18:32:30 +0000] "GET /wp-includes/customize/class-wp-customize-background-position-control.php HTTP/1.1" 500 - "https://weddingswithjoy.org.nz/wp-includes/customize/" "LCC (+http://corpora.uni-leipzig.de/crawler_faq.html)"
139.18.2.214 - - [31/Mar/2026:18:32:46 +0000] "GET /wp-includes/customize/class-wp-customize-code-editor-control.php HTTP/1.1" 500 - "https://weddingswithjoy.org.nz/wp-includes/customize/" "LCC (+http://corpora.uni-leipzig.de/crawler_faq.html)"
139.18.2.214 - - [31/Mar/2026:18:32:57 +0000] "GET /wp-includes/customize/class-wp-customize-color-control.php HTTP/1.1" 500 - "https://weddingswithjoy.org.nz/wp-includes/customize/" "LCC (+http://corpora.uni-leipzig.de/crawler_faq.html)"
74.7.243.230 - - [31/Mar/2026:18:32:58 +0000] "GET /wp-includes/class-wp.php HTTP/1.1" 200 - "https://schoolofgolfnz.co.nz/wp-includes/" "Mozilla/5.0 AppleWebKit/537.36 (KHTML, like Gecko; compatible; GPTBot/1.3; +https://openai.com/gptbot)"
139.18.2.214 - - [31/Mar/2026:18:33:05 +0000] "GET /wp-includes/customize/class-wp-customize-cropped-image-control.php HTTP/1.1" 500 - "https://weddingswithjoy.org.nz/wp-includes/customize/" "LCC (+http://corpora.uni-leipzig.de/crawler_faq.html)"
139.18.2.214 - - [31/Mar/2026:18:33:15 +0000] "GET /wp-includes/customize/class-wp-customize-custom-css-setting.php HTTP/1.1" 500 - "https://weddingswithjoy.org.nz/wp-includes/customize/" "LCC (+http://corpora.uni-leipzig.de/crawler_faq.html)"
74.7.227.41 - - [31/Mar/2026:18:33:17 +0000] "GET /wp-includes/rest-api/endpoints/class-wp-rest-post-types-controller.php HTTP/1.1" 500 - "https://weddingswithjoy.org.nz/wp-includes/rest-api/endpoints/" "Mozilla/5.0 AppleWebKit/537.36 (KHTML, like Gecko; compatible; GPTBot/1.3; +https://openai.com/gptbot)"
139.18.2.214 - - [31/Mar/2026:18:33:25 +0000] "GET /wp-includes/customize/class-wp-customize-date-time-control.php HTTP/1.1" 500 - "https://weddingswithjoy.org.nz/wp-includes/customize/" "LCC (+http://corpora.uni-leipzig.de/crawler_faq.html)"
139.18.2.214 - - [31/Mar/2026:18:33:38 +0000] "GET /wp-includes/customize/class-wp-customize-filter-setting.php HTTP/1.1" 500 - "https://weddingswithjoy.org.nz/wp-includes/customize/" "LCC (+http://corpora.uni-leipzig.de/crawler_faq.html)"
139.18.2.214 - - [31/Mar/2026:18:33:49 +0000] "GET /wp-includes/customize/class-wp-customize-header-image-control.php HTTP/1.1" 500 - "https://weddingswithjoy.org.nz/wp-includes/customize/" "LCC (+http://corpora.uni-leipzig.de/crawler_faq.html)"
74.7.243.230 - - [31/Mar/2026:18:33:58 +0000] "GET /wp-includes/ID3/module.audio-video.quicktime.php HTTP/1.1" 200 - "https://schoolofgolfnz.co.nz/wp-includes/ID3/" "Mozilla/5.0 AppleWebKit/537.36 (KHTML, like Gecko; compatible; GPTBot/1.3; +https://openai.com/gptbot)"
139.18.2.214 - - [31/Mar/2026:18:34:01 +0000] "GET /wp-includes/customize/class-wp-customize-header-image-setting.php HTTP/1.1" 500 - "https://weddingswithjoy.org.nz/wp-includes/customize/" "LCC (+http://corpora.uni-leipzig.de/crawler_faq.html)"
103.149.56.4 - - [31/Mar/2026:18:34:11 +0000] "GET /about-us/ HTTP/1.1" 404 - "-" "Mozilla/5.0 (Windows NT 6.1) AppleWebKit/537.36 (KHTML, like Gecko) Chrome/95.0.4638.69 Safari/537.36"
139.18.2.214 - - [31/Mar/2026:18:34:13 +0000] "GET /wp-includes/customize/class-wp-customize-image-control.php HTTP/1.1" 500 - "https://weddingswithjoy.org.nz/wp-includes/customize/" "LCC (+http://corpora.uni-leipzig.de/crawler_faq.html)"
74.7.227.41 - - [31/Mar/2026:18:34:18 +0000] "GET /wp-includes/rest-api/endpoints/class-wp-rest-comments-controller.php HTTP/1.1" 500 - "https://weddingswithjoy.org.nz/wp-includes/rest-api/endpoints/" "Mozilla/5.0 AppleWebKit/537.36 (KHTML, like Gecko; compatible; GPTBot/1.3; +https://openai.com/gptbot)"
139.18.2.214 - - [31/Mar/2026:18:34:26 +0000] "GET /wp-includes/customize/class-wp-customize-media-control.php HTTP/1.1" 500 - "https://weddingswithjoy.org.nz/wp-includes/customize/" "LCC (+http://corpora.uni-leipzig.de/crawler_faq.html)"
139.18.2.214 - - [31/Mar/2026:18:34:43 +0000] "GET /wp-includes/customize/class-wp-customize-nav-menu-auto-add-control.php HTTP/1.1" 500 - "https://weddingswithjoy.org.nz/wp-includes/customize/" "LCC (+http://corpora.uni-leipzig.de/crawler_faq.html)"
74.7.243.230 - - [31/Mar/2026:18:34:53 +0000] "GET /wp-includes/ID3/module.audio-video.asf.php HTTP/1.1" 200 - "https://schoolofgolfnz.co.nz/wp-includes/ID3/" "Mozilla/5.0 AppleWebKit/537.36 (KHTML, like Gecko; compatible; GPTBot/1.3; +https://openai.com/gptbot)"
139.18.2.214 - - [31/Mar/2026:18:34:56 +0000] "GET /wp-includes/customize/class-wp-customize-nav-menu-control.php HTTP/1.1" 500 - "https://weddingswithjoy.org.nz/wp-includes/customize/" "LCC (+http://corpora.uni-leipzig.de/crawler_faq.html)"
139.18.2.214 - - [31/Mar/2026:18:35:08 +0000] "GET /wp-includes/customize/class-wp-customize-nav-menu-item-control.php HTTP/1.1" 500 - "https://weddingswithjoy.org.nz/wp-includes/customize/" "LCC (+http://corpora.uni-leipzig.de/crawler_faq.html)"
139.18.2.214 - - [31/Mar/2026:18:35:18 +0000] "GET /wp-includes/customize/class-wp-customize-nav-menu-item-setting.php HTTP/1.1" 500 - "https://weddingswithjoy.org.nz/wp-includes/customize/" "LCC (+http://corpora.uni-leipzig.de/crawler_faq.html)"
74.7.227.41 - - [31/Mar/2026:18:35:22 +0000] "GET /wp-includes/rest-api/endpoints/class-wp-rest-terms-controller.php HTTP/1.1" 500 - "https://weddingswithjoy.org.nz/wp-includes/rest-api/endpoints/" "Mozilla/5.0 AppleWebKit/537.36 (KHTML, like Gecko; compatible; GPTBot/1.3; +https://openai.com/gptbot)"
139.18.2.214 - - [31/Mar/2026:18:35:29 +0000] "GET /wp-includes/customize/class-wp-customize-nav-menu-location-control.php HTTP/1.1" 500 - "https://weddingswithjoy.org.nz/wp-includes/customize/" "LCC (+http://corpora.uni-leipzig.de/crawler_faq.html)"
47.128.51.205 - - [31/Mar/2026:18:35:40 +0000] "GET /wp-comments-post.php HTTP/1.1" 404 16 "-" "Mozilla/5.0 (Linux; Android 5.0) AppleWebKit/537.36 (KHTML, like Gecko) Mobile Safari/537.36 (compatible; Bytespider; spider-feedback@bytedance.com)"
139.18.2.214 - - [31/Mar/2026:18:35:41 +0000] "GET /wp-includes/customize/class-wp-customize-nav-menu-locations-control.php HTTP/1.1" 500 - "https://weddingswithjoy.org.nz/wp-includes/customize/" "LCC (+http://corpora.uni-leipzig.de/crawler_faq.html)"
74.7.243.230 - - [31/Mar/2026:18:35:42 +0000] "GET /wp-includes/ID3/module.audio-video.riff.php HTTP/1.1" 200 - "https://schoolofgolfnz.co.nz/wp-includes/ID3/" "Mozilla/5.0 AppleWebKit/537.36 (KHTML, like Gecko; compatible; GPTBot/1.3; +https://openai.com/gptbot)"
139.18.2.214 - - [31/Mar/2026:18:35:59 +0000] "GET /wp-includes/customize/class-wp-customize-nav-menu-name-control.php HTTP/1.1" 500 - "https://weddingswithjoy.org.nz/wp-includes/customize/" "LCC (+http://corpora.uni-leipzig.de/crawler_faq.html)"
139.18.2.214 - - [31/Mar/2026:18:36:16 +0000] "GET /wp-includes/customize/class-wp-customize-nav-menu-section.php HTTP/1.1" 500 - "https://weddingswithjoy.org.nz/wp-includes/customize/" "LCC (+http://corpora.uni-leipzig.de/crawler_faq.html)"
74.7.227.41 - - [31/Mar/2026:18:36:25 +0000] "GET /wp-includes/customize/class-wp-customize-nav-menus-panel.php HTTP/1.1" 500 - "https://weddingswithjoy.org.nz/wp-includes/customize/" "Mozilla/5.0 AppleWebKit/537.36 (KHTML, like Gecko; compatible; GPTBot/1.3; +https://openai.com/gptbot)"
74.7.243.230 - - [31/Mar/2026:18:36:28 +0000] "GET /wp-includes/ID3/module.audio-video.flv.php HTTP/1.1" 200 - "https://schoolofgolfnz.co.nz/wp-includes/ID3/" "Mozilla/5.0 AppleWebKit/537.36 (KHTML, like Gecko; compatible; GPTBot/1.3; +https://openai.com/gptbot)"
139.18.2.214 - - [31/Mar/2026:18:36:31 +0000] "GET /wp-includes/customize/class-wp-customize-nav-menu-setting.php HTTP/1.1" 500 - "https://weddingswithjoy.org.nz/wp-includes/customize/" "LCC (+http://corpora.uni-leipzig.de/crawler_faq.html)"
139.18.2.214 - - [31/Mar/2026:18:36:43 +0000] "GET /wp-includes/customize/class-wp-customize-nav-menus-panel.php HTTP/1.1" 500 - "https://weddingswithjoy.org.nz/wp-includes/customize/" "LCC (+http://corpora.uni-leipzig.de/crawler_faq.html)"
139.18.2.214 - - [31/Mar/2026:18:36:53 +0000] "GET /wp-includes/customize/class-wp-customize-new-menu-control.php HTTP/1.1" 500 - "https://weddingswithjoy.org.nz/wp-includes/customize/" "LCC (+http://corpora.uni-leipzig.de/crawler_faq.html)"
139.18.2.214 - - [31/Mar/2026:18:37:01 +0000] "GET /wp-includes/customize/class-wp-customize-new-menu-section.php HTTP/1.1" 500 - "https://weddingswithjoy.org.nz/wp-includes/customize/" "LCC (+http://corpora.uni-leipzig.de/crawler_faq.html)"
74.7.243.230 - - [31/Mar/2026:18:37:08 +0000] "GET /wp-includes/ID3/module.audio-video.matroska.php HTTP/1.1" 200 - "https://schoolofgolfnz.co.nz/wp-includes/ID3/" "Mozilla/5.0 AppleWebKit/537.36 (KHTML, like Gecko; compatible; GPTBot/1.3; +https://openai.com/gptbot)"
139.18.2.214 - - [31/Mar/2026:18:37:10 +0000] "GET /wp-includes/customize/class-wp-customize-partial.php HTTP/1.1" 200 - "https://weddingswithjoy.org.nz/wp-includes/customize/" "LCC (+http://corpora.uni-leipzig.de/crawler_faq.html)"
139.18.2.214 - - [31/Mar/2026:18:37:22 +0000] "GET /wp-includes/customize/class-wp-customize-selective-refresh.php HTTP/1.1" 200 - "https://weddingswithjoy.org.nz/wp-includes/customize/" "LCC (+http://corpora.uni-leipzig.de/crawler_faq.html)"
74.7.227.41 - - [31/Mar/2026:18:37:26 +0000] "GET /wp-includes/customize/class-wp-customize-nav-menu-auto-add-control.php HTTP/1.1" 500 - "https://weddingswithjoy.org.nz/wp-includes/customize/" "Mozilla/5.0 AppleWebKit/537.36 (KHTML, like Gecko; compatible; GPTBot/1.3; +https://openai.com/gptbot)"
139.18.2.214 - - [31/Mar/2026:18:37:33 +0000] "GET /wp-includes/customize/class-wp-customize-sidebar-section.php HTTP/1.1" 500 - "https://weddingswithjoy.org.nz/wp-includes/customize/" "LCC (+http://corpora.uni-leipzig.de/crawler_faq.html)"
139.18.2.214 - - [31/Mar/2026:18:37:45 +0000] "GET /wp-includes/customize/class-wp-customize-site-icon-control.php HTTP/1.1" 500 - "https://weddingswithjoy.org.nz/wp-includes/customize/" "LCC (+http://corpora.uni-leipzig.de/crawler_faq.html)"
74.7.243.230 - - [31/Mar/2026:18:37:45 +0000] "GET /wp-includes/ID3/module.audio.flac.php HTTP/1.1" 200 - "https://schoolofgolfnz.co.nz/wp-includes/ID3/" "Mozilla/5.0 AppleWebKit/537.36 (KHTML, like Gecko; compatible; GPTBot/1.3; +https://openai.com/gptbot)"
139.18.2.214 - - [31/Mar/2026:18:37:55 +0000] "GET /wp-includes/customize/class-wp-customize-theme-control.php HTTP/1.1" 500 - "https://weddingswithjoy.org.nz/wp-includes/customize/" "LCC (+http://corpora.uni-leipzig.de/crawler_faq.html)"
139.18.2.214 - - [31/Mar/2026:18:38:07 +0000] "GET /wp-includes/customize/class-wp-customize-themes-panel.php HTTP/1.1" 500 - "https://weddingswithjoy.org.nz/wp-includes/customize/" "LCC (+http://corpora.uni-leipzig.de/crawler_faq.html)"
139.18.2.214 - - [31/Mar/2026:18:38:17 +0000] "GET /wp-includes/customize/class-wp-customize-themes-section.php HTTP/1.1" 500 - "https://weddingswithjoy.org.nz/wp-includes/customize/" "LCC (+http://corpora.uni-leipzig.de/crawler_faq.html)"
74.7.243.230 - - [31/Mar/2026:18:38:18 +0000] "GET /wp-includes/ID3/module.audio.ogg.php HTTP/1.1" 200 - "https://schoolofgolfnz.co.nz/wp-includes/ID3/" "Mozilla/5.0 AppleWebKit/537.36 (KHTML, like Gecko; compatible; GPTBot/1.3; +https://openai.com/gptbot)"
139.18.2.214 - - [31/Mar/2026:18:38:27 +0000] "GET /wp-includes/customize/class-wp-customize-upload-control.php HTTP/1.1" 500 - "https://weddingswithjoy.org.nz/wp-includes/customize/" "LCC (+http://corpora.uni-leipzig.de/crawler_faq.html)"
74.7.227.41 - - [31/Mar/2026:18:38:31 +0000] "GET /wp-includes/customize/class-wp-customize-header-image-control.php HTTP/1.1" 500 - "https://weddingswithjoy.org.nz/wp-includes/customize/" "Mozilla/5.0 AppleWebKit/537.36 (KHTML, like Gecko; compatible; GPTBot/1.3; +https://openai.com/gptbot)"
139.18.2.214 - - [31/Mar/2026:18:38:38 +0000] "GET /wp-includes/customize/class-wp-sidebar-block-editor-control.php HTTP/1.1" 500 - "https://weddingswithjoy.org.nz/wp-includes/customize/" "LCC (+http://corpora.uni-leipzig.de/crawler_faq.html)"
139.18.2.214 - - [31/Mar/2026:18:38:47 +0000] "GET /wp-includes/customize/class-wp-widget-area-customize-control.php HTTP/1.1" 500 - "https://weddingswithjoy.org.nz/wp-includes/customize/" "LCC (+http://corpora.uni-leipzig.de/crawler_faq.html)"
74.7.243.230 - - [31/Mar/2026:18:38:47 +0000] "GET /wp-includes/ID3/getid3.lib.php HTTP/1.1" 200 - "https://schoolofgolfnz.co.nz/wp-includes/ID3/" "Mozilla/5.0 AppleWebKit/537.36 (KHTML, like Gecko; compatible; GPTBot/1.3; +https://openai.com/gptbot)"
139.18.2.214 - - [31/Mar/2026:18:38:56 +0000] "GET /wp-includes/customize/class-wp-widget-form-customize-control.php HTTP/1.1" 500 - "https://weddingswithjoy.org.nz/wp-includes/customize/" "LCC (+http://corpora.uni-leipzig.de/crawler_faq.html)"
139.18.2.214 - - [31/Mar/2026:18:39:08 +0000] "GET /wp-includes/fonts/?C=N;O=D HTTP/1.1" 200 2522 "https://weddingswithjoy.org.nz/wp-includes/fonts/" "LCC (+http://corpora.uni-leipzig.de/crawler_faq.html)"
74.7.243.230 - - [31/Mar/2026:18:39:13 +0000] "GET /wp-includes/ID3/module.audio.dts.php HTTP/1.1" 200 - "https://schoolofgolfnz.co.nz/wp-includes/ID3/" "Mozilla/5.0 AppleWebKit/537.36 (KHTML, like Gecko; compatible; GPTBot/1.3; +https://openai.com/gptbot)"
139.18.2.214 - - [31/Mar/2026:18:39:19 +0000] "GET /wp-includes/fonts/?C=M;O=A HTTP/1.1" 200 2522 "https://weddingswithjoy.org.nz/wp-includes/fonts/" "LCC (+http://corpora.uni-leipzig.de/crawler_faq.html)"
74.7.227.41 - - [31/Mar/2026:18:39:31 +0000] "GET /wp-includes/customize/class-wp-customize-site-icon-control.php HTTP/1.1" 500 - "https://weddingswithjoy.org.nz/wp-includes/customize/" "Mozilla/5.0 AppleWebKit/537.36 (KHTML, like Gecko; compatible; GPTBot/1.3; +https://openai.com/gptbot)"
139.18.2.214 - - [31/Mar/2026:18:39:33 +0000] "GET /wp-includes/fonts/?C=S;O=A HTTP/1.1" 200 2522 "https://weddingswithjoy.org.nz/wp-includes/fonts/" "LCC (+http://corpora.uni-leipzig.de/crawler_faq.html)"
47.128.51.188 - - [31/Mar/2026:18:39:37 +0000] "GET /wp-config-sample.php HTTP/1.1" 500 - "-" "Mozilla/5.0 (Linux; Android 5.0) AppleWebKit/537.36 (KHTML, like Gecko) Mobile Safari/537.36 (compatible; Bytespider; spider-feedback@bytedance.com)"
74.7.243.230 - - [31/Mar/2026:18:39:38 +0000] "GET /wp-includes/ID3/module.audio.mp3.php HTTP/1.1" 200 - "https://schoolofgolfnz.co.nz/wp-includes/ID3/" "Mozilla/5.0 AppleWebKit/537.36 (KHTML, like Gecko; compatible; GPTBot/1.3; +https://openai.com/gptbot)"
139.18.2.214 - - [31/Mar/2026:18:39:44 +0000] "GET /wp-includes/fonts/?C=D;O=A HTTP/1.1" 200 2522 "https://weddingswithjoy.org.nz/wp-includes/fonts/" "LCC (+http://corpora.uni-leipzig.de/crawler_faq.html)"
139.18.2.214 - - [31/Mar/2026:18:39:53 +0000] "GET /wp-includes/fonts/class-wp-font-collection.php HTTP/1.1" 200 - "https://weddingswithjoy.org.nz/wp-includes/fonts/" "LCC (+http://corpora.uni-leipzig.de/crawler_faq.html)"
74.7.243.230 - - [31/Mar/2026:18:40:01 +0000] "GET /wp-includes/ID3/module.audio.ac3.php HTTP/1.1" 200 - "https://schoolofgolfnz.co.nz/wp-includes/ID3/" "Mozilla/5.0 AppleWebKit/537.36 (KHTML, like Gecko; compatible; GPTBot/1.3; +https://openai.com/gptbot)"
139.18.2.214 - - [31/Mar/2026:18:40:02 +0000] "GET /wp-includes/fonts/class-wp-font-face-resolver.php HTTP/1.1" 200 - "https://weddingswithjoy.org.nz/wp-includes/fonts/" "LCC (+http://corpora.uni-leipzig.de/crawler_faq.html)"
139.18.2.214 - - [31/Mar/2026:18:40:11 +0000] "GET /wp-includes/fonts/class-wp-font-face.php HTTP/1.1" 200 - "https://weddingswithjoy.org.nz/wp-includes/fonts/" "LCC (+http://corpora.uni-leipzig.de/crawler_faq.html)"
74.7.243.230 - - [31/Mar/2026:18:40:21 +0000] "GET /wp-includes/IXR/ HTTP/1.1" 200 2538 "https://schoolofgolfnz.co.nz/wp-includes/" "Mozilla/5.0 AppleWebKit/537.36 (KHTML, like Gecko; compatible; GPTBot/1.3; +https://openai.com/gptbot)"
139.18.2.214 - - [31/Mar/2026:18:40:26 +0000] "GET /wp-includes/fonts/class-wp-font-library.php HTTP/1.1" 200 - "https://weddingswithjoy.org.nz/wp-includes/fonts/" "LCC (+http://corpora.uni-leipzig.de/crawler_faq.html)"
74.7.227.41 - - [31/Mar/2026:18:40:31 +0000] "GET /wp-includes/customize/class-wp-customize-new-menu-control.php HTTP/1.1" 500 - "https://weddingswithjoy.org.nz/wp-includes/customize/" "Mozilla/5.0 AppleWebKit/537.36 (KHTML, like Gecko; compatible; GPTBot/1.3; +https://openai.com/gptbot)"
139.18.2.214 - - [31/Mar/2026:18:40:37 +0000] "GET /wp-includes/fonts/class-wp-font-utils.php HTTP/1.1" 200 - "https://weddingswithjoy.org.nz/wp-includes/fonts/" "LCC (+http://corpora.uni-leipzig.de/crawler_faq.html)"
74.7.243.230 - - [31/Mar/2026:18:40:39 +0000] "GET /wp-includes/images/xit.gif HTTP/1.1" 200 181 "https://schoolofgolfnz.co.nz/wp-includes/images/" "Mozilla/5.0 AppleWebKit/537.36 (KHTML, like Gecko; compatible; GPTBot/1.3; +https://openai.com/gptbot)"
139.18.2.214 - - [31/Mar/2026:18:40:48 +0000] "GET /wp-includes/fonts/dashicons.eot HTTP/1.1" 200 56564 "https://weddingswithjoy.org.nz/wp-includes/fonts/" "LCC (+http://corpora.uni-leipzig.de/crawler_faq.html)"
74.7.243.230 - - [31/Mar/2026:18:40:55 +0000] "GET /wp-includes/js/dist/ HTTP/1.1" 200 24289 "https://schoolofgolfnz.co.nz/wp-includes/js/" "Mozilla/5.0 AppleWebKit/537.36 (KHTML, like Gecko; compatible; GPTBot/1.3; +https://openai.com/gptbot)"
139.18.2.214 - - [31/Mar/2026:18:41:00 +0000] "GET /wp-includes/fonts/dashicons.ttf HTTP/1.1" 200 56392 "https://weddingswithjoy.org.nz/wp-includes/fonts/" "LCC (+http://corpora.uni-leipzig.de/crawler_faq.html)"
52.187.249.150 - - [31/Mar/2026:18:41:03 +0000] "GET /file.php HTTP/1.1" 404 16 "-" "Mozilla/5.0 (Windows NT 10.0; Win64; x64) AppleWebKit/537.36 (KHTML, like Gecko) Chrome/120.0.0.0 Safari/537.36"
52.187.249.150 - - [31/Mar/2026:18:41:03 +0000] "GET /gettest.php HTTP/1.1" 404 16 "-" "Mozilla/5.0 (Windows NT 10.0; Win64; x64) AppleWebKit/537.36 (KHTML, like Gecko) Chrome/120.0.0.0 Safari/537.36"
52.187.249.150 - - [31/Mar/2026:18:41:03 +0000] "GET /gg.php HTTP/1.1" 404 16 "-" "Mozilla/5.0 (Windows NT 10.0; Win64; x64) AppleWebKit/537.36 (KHTML, like Gecko) Chrome/120.0.0.0 Safari/537.36"
52.187.249.150 - - [31/Mar/2026:18:41:03 +0000] "GET /goods.php HTTP/1.1" 404 16 "-" "Mozilla/5.0 (Windows NT 10.0; Win64; x64) AppleWebKit/537.36 (KHTML, like Gecko) Chrome/120.0.0.0 Safari/537.36"
52.187.249.150 - - [31/Mar/2026:18:41:03 +0000] "GET /index.php HTTP/1.1" 404 16 "-" "Mozilla/5.0 (Windows NT 10.0; Win64; x64) AppleWebKit/537.36 (KHTML, like Gecko) Chrome/120.0.0.0 Safari/537.36"
52.187.249.150 - - [31/Mar/2026:18:41:04 +0000] "GET /info.php HTTP/1.1" 404 16 "-" "Mozilla/5.0 (Windows NT 10.0; Win64; x64) AppleWebKit/537.36 (KHTML, like Gecko) Chrome/120.0.0.0 Safari/537.36"
52.187.249.150 - - [31/Mar/2026:18:41:04 +0000] "GET /install.php HTTP/1.1" 404 16 "-" "Mozilla/5.0 (Windows NT 10.0; Win64; x64) AppleWebKit/537.36 (KHTML, like Gecko) Chrome/120.0.0.0 Safari/537.36"
52.187.249.150 - - [31/Mar/2026:18:41:04 +0000] "GET /item.php HTTP/1.1" 404 16 "-" "Mozilla/5.0 (Windows NT 10.0; Win64; x64) AppleWebKit/537.36 (KHTML, like Gecko) Chrome/120.0.0.0 Safari/537.36"
52.187.249.150 - - [31/Mar/2026:18:41:04 +0000] "GET /jga.php HTTP/1.1" 404 16 "-" "Mozilla/5.0 (Windows NT 10.0; Win64; x64) AppleWebKit/537.36 (KHTML, like Gecko) Chrome/120.0.0.0 Safari/537.36"
52.187.249.150 - - [31/Mar/2026:18:41:04 +0000] "GET /leaf.php HTTP/1.1" 404 16 "-" "Mozilla/5.0 (Windows NT 10.0; Win64; x64) AppleWebKit/537.36 (KHTML, like Gecko) Chrome/120.0.0.0 Safari/537.36"
52.187.249.150 - - [31/Mar/2026:18:41:04 +0000] "GET /load.php HTTP/1.1" 404 16 "-" "Mozilla/5.0 (Windows NT 10.0; Win64; x64) AppleWebKit/537.36 (KHTML, like Gecko) Chrome/120.0.0.0 Safari/537.36"
52.187.249.150 - - [31/Mar/2026:18:41:04 +0000] "GET /lock.php HTTP/1.1" 404 16 "-" "Mozilla/5.0 (Windows NT 10.0; Win64; x64) AppleWebKit/537.36 (KHTML, like Gecko) Chrome/120.0.0.0 Safari/537.36"
52.187.249.150 - - [31/Mar/2026:18:41:04 +0000] "GET /lock360.php HTTP/1.1" 403 4170 "-" "Mozilla/5.0 (Windows NT 10.0; Win64; x64) AppleWebKit/537.36 (KHTML, like Gecko) Chrome/120.0.0.0 Safari/537.36"
52.187.249.150 - - [31/Mar/2026:18:41:04 +0000] "GET /log.php HTTP/1.1" 404 16 "-" "Mozilla/5.0 (Windows NT 10.0; Win64; x64) AppleWebKit/537.36 (KHTML, like Gecko) Chrome/120.0.0.0 Safari/537.36"
52.187.249.150 - - [31/Mar/2026:18:41:04 +0000] "GET /manager.php HTTP/1.1" 404 16 "-" "Mozilla/5.0 (Windows NT 10.0; Win64; x64) AppleWebKit/537.36 (KHTML, like Gecko) Chrome/120.0.0.0 Safari/537.36"
52.187.249.150 - - [31/Mar/2026:18:41:04 +0000] "GET /meta.php HTTP/1.1" 404 16 "-" "Mozilla/5.0 (Windows NT 10.0; Win64; x64) AppleWebKit/537.36 (KHTML, like Gecko) Chrome/120.0.0.0 Safari/537.36"
52.187.249.150 - - [31/Mar/2026:18:41:04 +0000] "GET /mini.php HTTP/1.1" 403 4170 "-" "Mozilla/5.0 (Windows NT 10.0; Win64; x64) AppleWebKit/537.36 (KHTML, like Gecko) Chrome/120.0.0.0 Safari/537.36"
52.187.249.150 - - [31/Mar/2026:18:41:04 +0000] "GET /mjq.php HTTP/1.1" 404 16 "-" "Mozilla/5.0 (Windows NT 10.0; Win64; x64) AppleWebKit/537.36 (KHTML, like Gecko) Chrome/120.0.0.0 Safari/537.36"
52.187.249.150 - - [31/Mar/2026:18:41:04 +0000] "GET /new.php HTTP/1.1" 404 16 "-" "Mozilla/5.0 (Windows NT 10.0; Win64; x64) AppleWebKit/537.36 (KHTML, like Gecko) Chrome/120.0.0.0 Safari/537.36"
52.187.249.150 - - [31/Mar/2026:18:41:04 +0000] "GET /onclickfuns.php HTTP/1.1" 404 16 "-" "Mozilla/5.0 (Windows NT 10.0; Win64; x64) AppleWebKit/537.36 (KHTML, like Gecko) Chrome/120.0.0.0 Safari/537.36"
52.187.249.150 - - [31/Mar/2026:18:41:04 +0000] "GET /option.php HTTP/1.1" 404 16 "-" "Mozilla/5.0 (Windows NT 10.0; Win64; x64) AppleWebKit/537.36 (KHTML, like Gecko) Chrome/120.0.0.0 Safari/537.36"
52.187.249.150 - - [31/Mar/2026:18:41:04 +0000] "GET /plugin-editor.php HTTP/1.1" 404 16 "-" "Mozilla/5.0 (Windows NT 10.0; Win64; x64) AppleWebKit/537.36 (KHTML, like Gecko) Chrome/120.0.0.0 Safari/537.36"
52.187.249.150 - - [31/Mar/2026:18:41:04 +0000] "GET /profile.php HTTP/1.1" 404 16 "-" "Mozilla/5.0 (Windows NT 10.0; Win64; x64) AppleWebKit/537.36 (KHTML, like Gecko) Chrome/120.0.0.0 Safari/537.36"
52.187.249.150 - - [31/Mar/2026:18:41:04 +0000] "GET /qw_03b4ad31.php HTTP/1.1" 404 16 "-" "Mozilla/5.0 (Windows NT 10.0; Win64; x64) AppleWebKit/537.36 (KHTML, like Gecko) Chrome/120.0.0.0 Safari/537.36"
52.187.249.150 - - [31/Mar/2026:18:41:04 +0000] "GET /radio.php HTTP/1.1" 404 16 "-" "Mozilla/5.0 (Windows NT 10.0; Win64; x64) AppleWebKit/537.36 (KHTML, like Gecko) Chrome/120.0.0.0 Safari/537.36"
52.187.249.150 - - [31/Mar/2026:18:41:04 +0000] "GET /sf.php HTTP/1.1" 404 16 "-" "Mozilla/5.0 (Windows NT 10.0; Win64; x64) AppleWebKit/537.36 (KHTML, like Gecko) Chrome/120.0.0.0 Safari/537.36"
52.187.249.150 - - [31/Mar/2026:18:41:04 +0000] "GET /simple.php HTTP/1.1" 404 16 "-" "Mozilla/5.0 (Windows NT 10.0; Win64; x64) AppleWebKit/537.36 (KHTML, like Gecko) Chrome/120.0.0.0 Safari/537.36"
52.187.249.150 - - [31/Mar/2026:18:41:04 +0000] "GET /sql.php HTTP/1.1" 404 16 "-" "Mozilla/5.0 (Windows NT 10.0; Win64; x64) AppleWebKit/537.36 (KHTML, like Gecko) Chrome/120.0.0.0 Safari/537.36"
52.187.249.150 - - [31/Mar/2026:18:41:04 +0000] "GET /test.php HTTP/1.1" 404 16 "-" "Mozilla/5.0 (Windows NT 10.0; Win64; x64) AppleWebKit/537.36 (KHTML, like Gecko) Chrome/120.0.0.0 Safari/537.36"
52.187.249.150 - - [31/Mar/2026:18:41:04 +0000] "GET /test1.php HTTP/1.1" 404 16 "-" "Mozilla/5.0 (Windows NT 10.0; Win64; x64) AppleWebKit/537.36 (KHTML, like Gecko) Chrome/120.0.0.0 Safari/537.36"
52.187.249.150 - - [31/Mar/2026:18:41:04 +0000] "GET /themes.php HTTP/1.1" 404 16 "-" "Mozilla/5.0 (Windows NT 10.0; Win64; x64) AppleWebKit/537.36 (KHTML, like Gecko) Chrome/120.0.0.0 Safari/537.36"
52.187.249.150 - - [31/Mar/2026:18:41:04 +0000] "GET /upload/medialibrary HTTP/1.1" 404 - "-" "Mozilla/5.0 (Windows NT 10.0; Win64; x64) AppleWebKit/537.36 (KHTML, like Gecko) Chrome/120.0.0.0 Safari/537.36"
52.187.249.150 - - [31/Mar/2026:18:41:04 +0000] "GET /wp-admin.php HTTP/1.1" 404 16 "-" "Mozilla/5.0 (Windows NT 10.0; Win64; x64) AppleWebKit/537.36 (KHTML, like Gecko) Chrome/120.0.0.0 Safari/537.36"
52.187.249.150 - - [31/Mar/2026:18:41:04 +0000] "GET /wp-admin/ HTTP/1.1" 500 - "-" "Mozilla/5.0 (Windows NT 10.0; Win64; x64) AppleWebKit/537.36 (KHTML, like Gecko) Chrome/120.0.0.0 Safari/537.36"
52.187.249.150 - - [31/Mar/2026:18:41:04 +0000] "GET /wp-blog-header.php HTTP/1.1" 500 - "-" "Mozilla/5.0 (Windows NT 10.0; Win64; x64) AppleWebKit/537.36 (KHTML, like Gecko) Chrome/120.0.0.0 Safari/537.36"
52.187.249.150 - - [31/Mar/2026:18:41:04 +0000] "GET /wp-config-sample.php HTTP/1.1" 500 - "-" "Mozilla/5.0 (Windows NT 10.0; Win64; x64) AppleWebKit/537.36 (KHTML, like Gecko) Chrome/120.0.0.0 Safari/537.36"
52.187.249.150 - - [31/Mar/2026:18:41:04 +0000] "GET /wp-content/languages/ HTTP/1.1" 404 - "-" "Mozilla/5.0 (Windows NT 10.0; Win64; x64) AppleWebKit/537.36 (KHTML, like Gecko) Chrome/120.0.0.0 Safari/537.36"
52.187.249.150 - - [31/Mar/2026:18:41:04 +0000] "GET /wp-content/plugins/ HTTP/1.1" 404 - "-" "Mozilla/5.0 (Windows NT 10.0; Win64; x64) AppleWebKit/537.36 (KHTML, like Gecko) Chrome/120.0.0.0 Safari/537.36"
52.187.249.150 - - [31/Mar/2026:18:41:04 +0000] "GET /wp-content/themes/ HTTP/1.1" 404 - "-" "Mozilla/5.0 (Windows NT 10.0; Win64; x64) AppleWebKit/537.36 (KHTML, like Gecko) Chrome/120.0.0.0 Safari/537.36"
52.187.249.150 - - [31/Mar/2026:18:41:04 +0000] "GET /wp-includes/phpmailer/phpmailer.php HTTP/1.1" 404 - "-" "Mozilla/5.0 (Windows NT 10.0; Win64; x64) AppleWebKit/537.36 (KHTML, like Gecko) Chrome/120.0.0.0 Safari/537.36"
52.187.249.150 - - [31/Mar/2026:18:41:04 +0000] "GET /wp.php HTTP/1.1" 404 16 "-" "Mozilla/5.0 (Windows NT 10.0; Win64; x64) AppleWebKit/537.36 (KHTML, like Gecko) Chrome/120.0.0.0 Safari/537.36"
52.187.249.150 - - [31/Mar/2026:18:41:04 +0000] "GET /xmlrpc.php HTTP/1.1" 500 - "-" "Mozilla/5.0 (Windows NT 10.0; Win64; x64) AppleWebKit/537.36 (KHTML, like Gecko) Chrome/120.0.0.0 Safari/537.36"
43.130.57.76 - - [31/Mar/2026:18:41:09 +0000] "GET /wp-cron.php HTTP/1.1" 200 - "-" "Mozilla/5.0 (iPhone; CPU iPhone OS 13_2_3 like Mac OS X) AppleWebKit/605.1.15 (KHTML, like Gecko) Version/13.0.3 Mobile/15E148 Safari/604.1"
74.7.243.230 - - [31/Mar/2026:18:41:10 +0000] "GET /wp-includes/l10n/class-wp-translation-file-php.php HTTP/1.1" 500 - "https://schoolofgolfnz.co.nz/wp-includes/l10n/" "Mozilla/5.0 AppleWebKit/537.36 (KHTML, like Gecko; compatible; GPTBot/1.3; +https://openai.com/gptbot)"
139.18.2.214 - - [31/Mar/2026:18:41:14 +0000] "GET /wp-includes/fonts/dashicons.woff HTTP/1.1" 200 26124 "https://weddingswithjoy.org.nz/wp-includes/fonts/" "LCC (+http://corpora.uni-leipzig.de/crawler_faq.html)"
74.7.243.230 - - [31/Mar/2026:18:41:23 +0000] "GET /wp-includes/js/mce-view.min.js HTTP/1.1" 200 9770 "https://schoolofgolfnz.co.nz/wp-includes/js/" "Mozilla/5.0 AppleWebKit/537.36 (KHTML, like Gecko; compatible; GPTBot/1.3; +https://openai.com/gptbot)"
139.18.2.214 - - [31/Mar/2026:18:41:27 +0000] "GET /wp-includes/fonts/dashicons.woff2 HTTP/1.1" 200 26132 "https://weddingswithjoy.org.nz/wp-includes/fonts/" "LCC (+http://corpora.uni-leipzig.de/crawler_faq.html)"
74.7.227.41 - - [31/Mar/2026:18:41:32 +0000] "GET /wp-includes/customize/class-wp-customize-nav-menu-control.php HTTP/1.1" 500 - "https://weddingswithjoy.org.nz/wp-includes/customize/" "Mozilla/5.0 AppleWebKit/537.36 (KHTML, like Gecko; compatible; GPTBot/1.3; +https://openai.com/gptbot)"
139.18.2.214 - - [31/Mar/2026:18:41:39 +0000] "GET /wp-includes/html-api/?C=N;O=D HTTP/1.1" 200 3467 "https://weddingswithjoy.org.nz/wp-includes/html-api/" "LCC (+http://corpora.uni-leipzig.de/crawler_faq.html)"
139.18.2.214 - - [31/Mar/2026:18:41:52 +0000] "GET /wp-includes/html-api/?C=M;O=A HTTP/1.1" 200 3467 "https://weddingswithjoy.org.nz/wp-includes/html-api/" "LCC (+http://corpora.uni-leipzig.de/crawler_faq.html)"
74.7.243.230 - - [31/Mar/2026:18:42:03 +0000] "GET /wp-includes/ID3/module.tag.apetag.php HTTP/1.1" 200 - "https://schoolofgolfnz.co.nz/wp-includes/ID3/" "Mozilla/5.0 AppleWebKit/537.36 (KHTML, like Gecko; compatible; GPTBot/1.3; +https://openai.com/gptbot)"
139.18.2.214 - - [31/Mar/2026:18:42:04 +0000] "GET /wp-includes/html-api/?C=S;O=A HTTP/1.1" 200 3467 "https://weddingswithjoy.org.nz/wp-includes/html-api/" "LCC (+http://corpora.uni-leipzig.de/crawler_faq.html)"
139.18.2.214 - - [31/Mar/2026:18:42:15 +0000] "GET /wp-includes/html-api/?C=D;O=A HTTP/1.1" 200 3467 "https://weddingswithjoy.org.nz/wp-includes/html-api/" "LCC (+http://corpora.uni-leipzig.de/crawler_faq.html)"
139.18.2.214 - - [31/Mar/2026:18:42:29 +0000] "GET /wp-includes/html-api/class-wp-html-active-formatting-elements.php HTTP/1.1" 200 - "https://weddingswithjoy.org.nz/wp-includes/html-api/" "LCC (+http://corpora.uni-leipzig.de/crawler_faq.html)"
74.7.227.41 - - [31/Mar/2026:18:42:33 +0000] "GET /wp-includes/customize/class-wp-customize-nav-menu-setting.php HTTP/1.1" 500 - "https://weddingswithjoy.org.nz/wp-includes/customize/" "Mozilla/5.0 AppleWebKit/537.36 (KHTML, like Gecko; compatible; GPTBot/1.3; +https://openai.com/gptbot)"
74.7.243.230 - - [31/Mar/2026:18:42:38 +0000] "GET /wp-includes/pomo/translations.php HTTP/1.1" 200 - "https://schoolofgolfnz.co.nz/wp-includes/pomo/" "Mozilla/5.0 AppleWebKit/537.36 (KHTML, like Gecko; compatible; GPTBot/1.3; +https://openai.com/gptbot)"
139.18.2.214 - - [31/Mar/2026:18:42:42 +0000] "GET /wp-includes/html-api/class-wp-html-attribute-token.php HTTP/1.1" 200 - "https://weddingswithjoy.org.nz/wp-includes/html-api/" "LCC (+http://corpora.uni-leipzig.de/crawler_faq.html)"
139.18.2.214 - - [31/Mar/2026:18:42:55 +0000] "GET /wp-includes/html-api/class-wp-html-decoder.php HTTP/1.1" 200 - "https://weddingswithjoy.org.nz/wp-includes/html-api/" "LCC (+http://corpora.uni-leipzig.de/crawler_faq.html)"
139.18.2.214 - - [31/Mar/2026:18:43:06 +0000] "GET /wp-includes/html-api/class-wp-html-doctype-info.php HTTP/1.1" 200 - "https://weddingswithjoy.org.nz/wp-includes/html-api/" "LCC (+http://corpora.uni-leipzig.de/crawler_faq.html)"
74.7.243.230 - - [31/Mar/2026:18:43:09 +0000] "GET /wp-includes/js/json2.js HTTP/1.1" 200 31 "https://schoolofgolfnz.co.nz/wp-includes/js/" "Mozilla/5.0 AppleWebKit/537.36 (KHTML, like Gecko; compatible; GPTBot/1.3; +https://openai.com/gptbot)"
139.18.2.214 - - [31/Mar/2026:18:43:19 +0000] "GET /wp-includes/html-api/class-wp-html-open-elements.php HTTP/1.1" 200 - "https://weddingswithjoy.org.nz/wp-includes/html-api/" "LCC (+http://corpora.uni-leipzig.de/crawler_faq.html)"
139.18.2.214 - - [31/Mar/2026:18:43:31 +0000] "GET /wp-includes/html-api/class-wp-html-processor-state.php HTTP/1.1" 200 - "https://weddingswithjoy.org.nz/wp-includes/html-api/" "LCC (+http://corpora.uni-leipzig.de/crawler_faq.html)"
74.7.243.230 - - [31/Mar/2026:18:43:37 +0000] "GET /wp-includes/category-template.php HTTP/1.1" 200 - "https://schoolofgolfnz.co.nz/wp-includes/" "Mozilla/5.0 AppleWebKit/537.36 (KHTML, like Gecko; compatible; GPTBot/1.3; +https://openai.com/gptbot)"
74.7.227.41 - - [31/Mar/2026:18:43:37 +0000] "GET /wp-includes/customize/class-wp-customize-date-time-control.php HTTP/1.1" 500 - "https://weddingswithjoy.org.nz/wp-includes/customize/" "Mozilla/5.0 AppleWebKit/537.36 (KHTML, like Gecko; compatible; GPTBot/1.3; +https://openai.com/gptbot)"
47.128.51.187 - - [31/Mar/2026:18:43:38 +0000] "GET /xmlrpc.php HTTP/1.1" 500 - "-" "Mozilla/5.0 (Linux; Android 5.0) AppleWebKit/537.36 (KHTML, like Gecko) Mobile Safari/537.36 (compatible; Bytespider; spider-feedback@bytedance.com)"
47.128.51.123 - - [31/Mar/2026:18:43:44 +0000] "GET /wp-signup.php HTTP/1.1" 500 - "-" "Mozilla/5.0 (Linux; Android 5.0) AppleWebKit/537.36 (KHTML, like Gecko) Mobile Safari/537.36 (compatible; Bytespider; spider-feedback@bytedance.com)"
139.18.2.214 - - [31/Mar/2026:18:43:46 +0000] "GET /wp-includes/html-api/class-wp-html-processor.php HTTP/1.1" 500 - "https://weddingswithjoy.org.nz/wp-includes/html-api/" "LCC (+http://corpora.uni-leipzig.de/crawler_faq.html)"
139.18.2.214 - - [31/Mar/2026:18:44:01 +0000] "GET /wp-includes/html-api/class-wp-html-span.php HTTP/1.1" 200 - "https://weddingswithjoy.org.nz/wp-includes/html-api/" "LCC (+http://corpora.uni-leipzig.de/crawler_faq.html)"
74.7.243.230 - - [31/Mar/2026:18:44:02 +0000] "GET /wp-includes/class-json.php HTTP/1.1" 500 - "https://schoolofgolfnz.co.nz/wp-includes/" "Mozilla/5.0 AppleWebKit/537.36 (KHTML, like Gecko; compatible; GPTBot/1.3; +https://openai.com/gptbot)"
139.18.2.214 - - [31/Mar/2026:18:44:16 +0000] "GET /wp-includes/html-api/class-wp-html-stack-event.php HTTP/1.1" 200 - "https://weddingswithjoy.org.nz/wp-includes/html-api/" "LCC (+http://corpora.uni-leipzig.de/crawler_faq.html)"
74.7.243.230 - - [31/Mar/2026:18:44:26 +0000] "GET /wp-includes/l10n/class-wp-translations.php HTTP/1.1" 200 - "https://schoolofgolfnz.co.nz/wp-includes/l10n/" "Mozilla/5.0 AppleWebKit/537.36 (KHTML, like Gecko; compatible; GPTBot/1.3; +https://openai.com/gptbot)"
139.18.2.214 - - [31/Mar/2026:18:44:27 +0000] "GET /wp-includes/html-api/class-wp-html-tag-processor.php HTTP/1.1" 200 - "https://weddingswithjoy.org.nz/wp-includes/html-api/" "LCC (+http://corpora.uni-leipzig.de/crawler_faq.html)"
139.18.2.214 - - [31/Mar/2026:18:44:39 +0000] "GET /wp-includes/html-api/class-wp-html-text-replacement.php HTTP/1.1" 200 - "https://weddingswithjoy.org.nz/wp-includes/html-api/" "LCC (+http://corpora.uni-leipzig.de/crawler_faq.html)"
74.7.227.41 - - [31/Mar/2026:18:44:40 +0000] "GET /wp-includes/customize/class-wp-customize-new-menu-section.php HTTP/1.1" 500 - "https://weddingswithjoy.org.nz/wp-includes/customize/" "Mozilla/5.0 AppleWebKit/537.36 (KHTML, like Gecko; compatible; GPTBot/1.3; +https://openai.com/gptbot)"
139.18.2.214 - - [31/Mar/2026:18:44:50 +0000] "GET /wp-includes/html-api/class-wp-html-token.php HTTP/1.1" 200 - "https://weddingswithjoy.org.nz/wp-includes/html-api/" "LCC (+http://corpora.uni-leipzig.de/crawler_faq.html)"
139.18.2.214 - - [31/Mar/2026:18:45:04 +0000] "GET /wp-includes/html-api/class-wp-html-unsupported-exception.php HTTP/1.1" 200 - "https://weddingswithjoy.org.nz/wp-includes/html-api/" "LCC (+http://corpora.uni-leipzig.de/crawler_faq.html)"
139.18.2.214 - - [31/Mar/2026:18:45:15 +0000] "GET /wp-includes/html-api/html5-named-character-references.php HTTP/1.1" 500 - "https://weddingswithjoy.org.nz/wp-includes/html-api/" "LCC (+http://corpora.uni-leipzig.de/crawler_faq.html)"
139.18.2.214 - - [31/Mar/2026:18:45:26 +0000] "GET /wp-includes/images/?C=N;O=D HTTP/1.1" 200 5768 "https://weddingswithjoy.org.nz/wp-includes/images/" "LCC (+http://corpora.uni-leipzig.de/crawler_faq.html)"
74.7.243.230 - - [31/Mar/2026:18:45:29 +0000] "GET /wp-includes/IXR/class-IXR-clientmulticall.php HTTP/1.1" 500 - "https://schoolofgolfnz.co.nz/wp-includes/IXR/" "Mozilla/5.0 AppleWebKit/537.36 (KHTML, like Gecko; compatible; GPTBot/1.3; +https://openai.com/gptbot)"
139.18.2.214 - - [31/Mar/2026:18:45:40 +0000] "GET /wp-includes/images/?C=M;O=A HTTP/1.1" 200 5768 "https://weddingswithjoy.org.nz/wp-includes/images/" "LCC (+http://corpora.uni-leipzig.de/crawler_faq.html)"
74.7.227.41 - - [31/Mar/2026:18:45:44 +0000] "GET /wp-includes/customize/class-wp-customize-nav-menu-section.php HTTP/1.1" 500 - "https://weddingswithjoy.org.nz/wp-includes/customize/" "Mozilla/5.0 AppleWebKit/537.36 (KHTML, like Gecko; compatible; GPTBot/1.3; +https://openai.com/gptbot)"
139.18.2.214 - - [31/Mar/2026:18:45:55 +0000] "GET /wp-includes/images/?C=S;O=A HTTP/1.1" 200 5768 "https://weddingswithjoy.org.nz/wp-includes/images/" "LCC (+http://corpora.uni-leipzig.de/crawler_faq.html)"
139.18.2.214 - - [31/Mar/2026:18:46:09 +0000] "GET /wp-includes/images/?C=D;O=A HTTP/1.1" 200 5768 "https://weddingswithjoy.org.nz/wp-includes/images/" "LCC (+http://corpora.uni-leipzig.de/crawler_faq.html)"
139.18.2.214 - - [31/Mar/2026:18:46:21 +0000] "GET /wp-includes/images/crystal/ HTTP/1.1" 200 2450 "https://weddingswithjoy.org.nz/wp-includes/images/" "LCC (+http://corpora.uni-leipzig.de/crawler_faq.html)"
74.7.243.230 - - [31/Mar/2026:18:46:25 +0000] "GET /wp-includes/IXR/class-IXR-error.php HTTP/1.1" 200 - "https://schoolofgolfnz.co.nz/wp-includes/IXR/" "Mozilla/5.0 AppleWebKit/537.36 (KHTML, like Gecko; compatible; GPTBot/1.3; +https://openai.com/gptbot)"
74.7.244.56 - - [31/Mar/2026:18:46:26 +0000] "GET /robots.txt HTTP/1.1" 304 - "-" "Mozilla/5.0 (Macintosh; Intel Mac OS X 10_15_7) AppleWebKit/537.36 (KHTML, like Gecko) Chrome/131.0.0.0 Safari/537.36; compatible; OAI-SearchBot/1.3; robots.txt; +https://openai.com/searchbot"
139.18.2.214 - - [31/Mar/2026:18:46:35 +0000] "GET /wp-includes/images/media/ HTTP/1.1" 200 3877 "https://weddingswithjoy.org.nz/wp-includes/images/" "LCC (+http://corpora.uni-leipzig.de/crawler_faq.html)"
74.7.227.41 - - [31/Mar/2026:18:46:49 +0000] "GET /wp-includes/customize/class-wp-customize-background-image-setting.php HTTP/1.1" 500 - "https://weddingswithjoy.org.nz/wp-includes/customize/" "Mozilla/5.0 AppleWebKit/537.36 (KHTML, like Gecko; compatible; GPTBot/1.3; +https://openai.com/gptbot)"
139.18.2.214 - - [31/Mar/2026:18:46:49 +0000] "GET /wp-includes/images/smilies/ HTTP/1.1" 200 5397 "https://weddingswithjoy.org.nz/wp-includes/images/" "LCC (+http://corpora.uni-leipzig.de/crawler_faq.html)"
139.18.2.214 - - [31/Mar/2026:18:47:03 +0000] "GET /wp-includes/interactivity-api/?C=N;O=D HTTP/1.1" 200 1272 "https://weddingswithjoy.org.nz/wp-includes/interactivity-api/" "LCC (+http://corpora.uni-leipzig.de/crawler_faq.html)"
139.18.2.214 - - [31/Mar/2026:18:47:15 +0000] "GET /wp-includes/interactivity-api/?C=M;O=A HTTP/1.1" 200 1272 "https://weddingswithjoy.org.nz/wp-includes/interactivity-api/" "LCC (+http://corpora.uni-leipzig.de/crawler_faq.html)"
74.7.243.230 - - [31/Mar/2026:18:47:28 +0000] "GET /wp-includes/js/dist/patterns.min.js HTTP/1.1" 200 21989 "https://schoolofgolfnz.co.nz/wp-includes/js/dist/" "Mozilla/5.0 AppleWebKit/537.36 (KHTML, like Gecko; compatible; GPTBot/1.3; +https://openai.com/gptbot)"
139.18.2.214 - - [31/Mar/2026:18:47:29 +0000] "GET /wp-includes/interactivity-api/?C=S;O=A HTTP/1.1" 200 1272 "https://weddingswithjoy.org.nz/wp-includes/interactivity-api/" "LCC (+http://corpora.uni-leipzig.de/crawler_faq.html)"
47.128.51.198 - - [31/Mar/2026:18:47:40 +0000] "GET /wp-blog-header.php HTTP/1.1" 500 - "-" "Mozilla/5.0 (Linux; Android 5.0) AppleWebKit/537.36 (KHTML, like Gecko) Mobile Safari/537.36 (compatible; Bytespider; spider-feedback@bytedance.com)"
139.18.2.214 - - [31/Mar/2026:18:47:42 +0000] "GET /wp-includes/interactivity-api/?C=D;O=A HTTP/1.1" 200 1272 "https://weddingswithjoy.org.nz/wp-includes/interactivity-api/" "LCC (+http://corpora.uni-leipzig.de/crawler_faq.html)"
74.7.227.41 - - [31/Mar/2026:18:47:50 +0000] "GET /wp-includes/customize/class-wp-customize-nav-menu-name-control.php HTTP/1.1" 500 - "https://weddingswithjoy.org.nz/wp-includes/customize/" "Mozilla/5.0 AppleWebKit/537.36 (KHTML, like Gecko; compatible; GPTBot/1.3; +https://openai.com/gptbot)"
139.18.2.214 - - [31/Mar/2026:18:47:58 +0000] "GET /wp-includes/interactivity-api/class-wp-interactivity-api-directives-processor.php HTTP/1.1" 500 - "https://weddingswithjoy.org.nz/wp-includes/interactivity-api/" "LCC (+http://corpora.uni-leipzig.de/crawler_faq.html)"
139.18.2.214 - - [31/Mar/2026:18:48:09 +0000] "GET /wp-includes/interactivity-api/class-wp-interactivity-api.php HTTP/1.1" 200 - "https://weddingswithjoy.org.nz/wp-includes/interactivity-api/" "LCC (+http://corpora.uni-leipzig.de/crawler_faq.html)"
139.18.2.214 - - [31/Mar/2026:18:48:21 +0000] "GET /wp-includes/interactivity-api/interactivity-api.php HTTP/1.1" 200 - "https://weddingswithjoy.org.nz/wp-includes/interactivity-api/" "LCC (+http://corpora.uni-leipzig.de/crawler_faq.html)"
74.7.243.230 - - [31/Mar/2026:18:48:22 +0000] "GET /wp-includes/js/dist/edit-post.min.js HTTP/1.1" 200 43713 "https://schoolofgolfnz.co.nz/wp-includes/js/dist/" "Mozilla/5.0 AppleWebKit/537.36 (KHTML, like Gecko; compatible; GPTBot/1.3; +https://openai.com/gptbot)"
139.18.2.214 - - [31/Mar/2026:18:48:34 +0000] "GET /wp-includes/js/?C=N;O=D HTTP/1.1" 200 21270 "https://weddingswithjoy.org.nz/wp-includes/js/" "LCC (+http://corpora.uni-leipzig.de/crawler_faq.html)"
139.18.2.214 - - [31/Mar/2026:18:48:51 +0000] "GET /wp-includes/js/?C=M;O=A HTTP/1.1" 200 21270 "https://weddingswithjoy.org.nz/wp-includes/js/" "LCC (+http://corpora.uni-leipzig.de/crawler_faq.html)"
74.7.227.41 - - [31/Mar/2026:18:48:55 +0000] "GET /wp-includes/customize/class-wp-customize-themes-section.php HTTP/1.1" 500 - "https://weddingswithjoy.org.nz/wp-includes/customize/" "Mozilla/5.0 AppleWebKit/537.36 (KHTML, like Gecko; compatible; GPTBot/1.3; +https://openai.com/gptbot)"
