74.7.227.1 - - [31/Mar/2026:15:05:17 +0000] "GET /wp-admin/load-styles.php?c=0&dir=ltr&load%5Bchunk_0%5D=dashicons,buttons,forms,l10n,login&ver=6.9.4 HTTP/1.1" 200 103100 "https://weddingswithjoy.org.nz" "Mozilla/5.0 AppleWebKit/537.36 (KHTML, like Gecko; compatible; GPTBot/1.3; +https://openai.com/gptbot)"
74.7.227.41 - - [31/Mar/2026:15:05:40 +0000] "GET /wp-includes/?C=S;O=D HTTP/1.1" 200 52987 "https://weddingswithjoy.org.nz/wp-includes/?C=S;O=A" "Mozilla/5.0 AppleWebKit/537.36 (KHTML, like Gecko; compatible; GPTBot/1.3; +https://openai.com/gptbot)"
74.7.243.230 - - [31/Mar/2026:15:05:48 +0000] "GET /wp-includes/block-supports/shadow.php HTTP/1.1" 500 - "https://schoolofgolfnz.co.nz/wp-includes/block-supports/" "Mozilla/5.0 AppleWebKit/537.36 (KHTML, like Gecko; compatible; GPTBot/1.3; +https://openai.com/gptbot)"
74.7.227.41 - - [31/Mar/2026:15:06:42 +0000] "GET /wp-includes/?C=D;O=D HTTP/1.1" 200 52987 "https://weddingswithjoy.org.nz/wp-includes/?C=D;O=A" "Mozilla/5.0 AppleWebKit/537.36 (KHTML, like Gecko; compatible; GPTBot/1.3; +https://openai.com/gptbot)"
74.7.243.230 - - [31/Mar/2026:15:06:51 +0000] "GET /wp-includes/block-supports/layout.php HTTP/1.1" 500 - "https://schoolofgolfnz.co.nz/wp-includes/block-supports/" "Mozilla/5.0 AppleWebKit/537.36 (KHTML, like Gecko; compatible; GPTBot/1.3; +https://openai.com/gptbot)"
74.7.227.41 - - [31/Mar/2026:15:07:38 +0000] "GET /wp-includes/?C=M;O=D HTTP/1.1" 200 52987 "https://weddingswithjoy.org.nz/wp-includes/?C=M;O=A" "Mozilla/5.0 AppleWebKit/537.36 (KHTML, like Gecko; compatible; GPTBot/1.3; +https://openai.com/gptbot)"
195.178.110.64 - - [31/Mar/2026:15:07:39 +0000] "GET / HTTP/1.1" 200 4621 "-" "Mozilla/5.0 (Windows NT 10.0; Win64; x64) AppleWebKit/537.36 (KHTML, like Gecko) Chrome/120.0.0.0 Safari/537.36"
74.7.243.230 - - [31/Mar/2026:15:07:55 +0000] "GET /wp-includes/block-supports/colors.php HTTP/1.1" 500 - "https://schoolofgolfnz.co.nz/wp-includes/block-supports/" "Mozilla/5.0 AppleWebKit/537.36 (KHTML, like Gecko; compatible; GPTBot/1.3; +https://openai.com/gptbot)"
89.187.25.211 - - [31/Mar/2026:15:08:06 +0000] "GET /.env HTTP/1.1" 404 - "-" "Mozilla/5.0 (Windows NT 10.0; Win64; x64) AppleWebKit/537.36 (KHTML, like Gecko) Chrome/86.0.4240.75 Safari/537.36"
66.249.70.3 - - [31/Mar/2026:15:08:26 +0000] "GET /contact-us/ HTTP/1.1" 404 - "-" "Mozilla/5.0 (Linux; Android 6.0.1; Nexus 5X Build/MMB29P) AppleWebKit/537.36 (KHTML, like Gecko) Chrome/146.0.7680.153 Mobile Safari/537.36 (compatible; Googlebot/2.1; +http://www.google.com/bot.html)"
74.7.227.41 - - [31/Mar/2026:15:08:28 +0000] "GET /wp-includes/?C=N;O=A HTTP/1.1" 200 52987 "https://weddingswithjoy.org.nz/wp-includes/?C=S;O=A" "Mozilla/5.0 AppleWebKit/537.36 (KHTML, like Gecko; compatible; GPTBot/1.3; +https://openai.com/gptbot)"
74.7.243.230 - - [31/Mar/2026:15:09:00 +0000] "GET /wp-includes/block-supports/utils.php HTTP/1.1" 200 - "https://schoolofgolfnz.co.nz/wp-includes/block-supports/" "Mozilla/5.0 AppleWebKit/537.36 (KHTML, like Gecko; compatible; GPTBot/1.3; +https://openai.com/gptbot)"
74.7.227.41 - - [31/Mar/2026:15:09:16 +0000] "GET /wp-includes/class-wp-script-modules.php HTTP/1.1" 200 - "https://weddingswithjoy.org.nz/wp-includes/" "Mozilla/5.0 AppleWebKit/537.36 (KHTML, like Gecko; compatible; GPTBot/1.3; +https://openai.com/gptbot)"
74.7.227.41 - - [31/Mar/2026:15:09:57 +0000] "GET /wp-includes/class-wp-classic-to-block-menu-converter.php HTTP/1.1" 200 - "https://weddingswithjoy.org.nz/wp-includes/" "Mozilla/5.0 AppleWebKit/537.36 (KHTML, like Gecko; compatible; GPTBot/1.3; +https://openai.com/gptbot)"
74.7.243.230 - - [31/Mar/2026:15:10:05 +0000] "GET /wp-includes/block-supports/align.php HTTP/1.1" 500 - "https://schoolofgolfnz.co.nz/wp-includes/block-supports/" "Mozilla/5.0 AppleWebKit/537.36 (KHTML, like Gecko; compatible; GPTBot/1.3; +https://openai.com/gptbot)"
74.7.227.41 - - [31/Mar/2026:15:10:33 +0000] "GET /wp-includes/class-wp-application-passwords.php HTTP/1.1" 200 - "https://weddingswithjoy.org.nz/wp-includes/" "Mozilla/5.0 AppleWebKit/537.36 (KHTML, like Gecko; compatible; GPTBot/1.3; +https://openai.com/gptbot)"
74.7.243.230 - - [31/Mar/2026:15:11:04 +0000] "GET /wp-includes/sodium_compat/lib/ HTTP/1.1" 200 2338 "https://schoolofgolfnz.co.nz/wp-includes/sodium_compat/" "Mozilla/5.0 AppleWebKit/537.36 (KHTML, like Gecko; compatible; GPTBot/1.3; +https://openai.com/gptbot)"
74.7.227.41 - - [31/Mar/2026:15:11:06 +0000] "GET /wp-includes/class-wp-block-pattern-categories-registry.php HTTP/1.1" 200 - "https://weddingswithjoy.org.nz/wp-includes/" "Mozilla/5.0 AppleWebKit/537.36 (KHTML, like Gecko; compatible; GPTBot/1.3; +https://openai.com/gptbot)"
74.7.227.41 - - [31/Mar/2026:15:11:37 +0000] "GET /wp-includes/class-wp-paused-extensions-storage.php HTTP/1.1" 200 - "https://weddingswithjoy.org.nz/wp-includes/" "Mozilla/5.0 AppleWebKit/537.36 (KHTML, like Gecko; compatible; GPTBot/1.3; +https://openai.com/gptbot)"
74.7.227.41 - - [31/Mar/2026:15:12:03 +0000] "GET /wp-includes/class-wp-plugin-dependencies.php HTTP/1.1" 200 - "https://weddingswithjoy.org.nz/wp-includes/" "Mozilla/5.0 AppleWebKit/537.36 (KHTML, like Gecko; compatible; GPTBot/1.3; +https://openai.com/gptbot)"
74.7.243.230 - - [31/Mar/2026:15:12:05 +0000] "GET /wp-includes/class-wp-block-type.php HTTP/1.1" 200 - "https://schoolofgolfnz.co.nz/wp-includes/" "Mozilla/5.0 AppleWebKit/537.36 (KHTML, like Gecko; compatible; GPTBot/1.3; +https://openai.com/gptbot)"
74.7.227.41 - - [31/Mar/2026:15:12:27 +0000] "GET /wp-includes/class-wp-block-editor-context.php HTTP/1.1" 200 - "https://weddingswithjoy.org.nz/wp-includes/" "Mozilla/5.0 AppleWebKit/537.36 (KHTML, like Gecko; compatible; GPTBot/1.3; +https://openai.com/gptbot)"
74.7.227.41 - - [31/Mar/2026:15:12:49 +0000] "GET /wp-includes/class-wp-block-bindings-source.php HTTP/1.1" 200 - "https://weddingswithjoy.org.nz/wp-includes/" "Mozilla/5.0 AppleWebKit/537.36 (KHTML, like Gecko; compatible; GPTBot/1.3; +https://openai.com/gptbot)"
74.7.243.230 - - [31/Mar/2026:15:13:02 +0000] "GET /wp-includes/sodium_compat/namespaced/ HTTP/1.1" 200 1393 "https://schoolofgolfnz.co.nz/wp-includes/sodium_compat/" "Mozilla/5.0 AppleWebKit/537.36 (KHTML, like Gecko; compatible; GPTBot/1.3; +https://openai.com/gptbot)"
74.7.227.41 - - [31/Mar/2026:15:13:09 +0000] "GET /wp-includes/class-wp-block-styles-registry.php HTTP/1.1" 200 - "https://weddingswithjoy.org.nz/wp-includes/" "Mozilla/5.0 AppleWebKit/537.36 (KHTML, like Gecko; compatible; GPTBot/1.3; +https://openai.com/gptbot)"
74.7.227.1 - - [31/Mar/2026:15:13:10 +0000] "GET /wp-admin/js/user-profile.min.js?ver=6.9.4 HTTP/1.1" 200 7997 "https://weddingswithjoy.org.nz" "Mozilla/5.0 AppleWebKit/537.36 (KHTML, like Gecko; compatible; GPTBot/1.3; +https://openai.com/gptbot)"
74.7.227.41 - - [31/Mar/2026:15:13:27 +0000] "GET /wp-includes/class-wp-admin-bar.php HTTP/1.1" 200 - "https://weddingswithjoy.org.nz/wp-includes/" "Mozilla/5.0 AppleWebKit/537.36 (KHTML, like Gecko; compatible; GPTBot/1.3; +https://openai.com/gptbot)"
74.7.227.41 - - [31/Mar/2026:15:13:43 +0000] "GET /wp-includes/class-wp-image-editor-gd.php HTTP/1.1" 500 - "https://weddingswithjoy.org.nz/wp-includes/" "Mozilla/5.0 AppleWebKit/537.36 (KHTML, like Gecko; compatible; GPTBot/1.3; +https://openai.com/gptbot)"
74.7.243.230 - - [31/Mar/2026:15:13:55 +0000] "GET /wp-includes/style-engine/ HTTP/1.1" 200 1682 "https://schoolofgolfnz.co.nz/wp-includes/" "Mozilla/5.0 AppleWebKit/537.36 (KHTML, like Gecko; compatible; GPTBot/1.3; +https://openai.com/gptbot)"
74.7.227.41 - - [31/Mar/2026:15:13:57 +0000] "GET /wp-includes/class-avif-info.php HTTP/1.1" 200 - "https://weddingswithjoy.org.nz/wp-includes/" "Mozilla/5.0 AppleWebKit/537.36 (KHTML, like Gecko; compatible; GPTBot/1.3; +https://openai.com/gptbot)"
74.7.227.41 - - [31/Mar/2026:15:14:39 +0000] "GET /wp-includes/class-wp-text-diff-renderer-inline.php HTTP/1.1" 500 - "https://weddingswithjoy.org.nz/wp-includes/" "Mozilla/5.0 AppleWebKit/537.36 (KHTML, like Gecko; compatible; GPTBot/1.3; +https://openai.com/gptbot)"
194.247.173.99 - - [31/Mar/2026:15:14:41 +0000] "GET /robots.txt HTTP/1.1" 304 - "-" "Mozilla/5.0 (compatible; MJ12bot/v1.4.8; http://mj12bot.com/)"
74.7.243.230 - - [31/Mar/2026:15:14:42 +0000] "GET /wp-includes/http.php HTTP/1.1" 200 - "https://schoolofgolfnz.co.nz/wp-includes/" "Mozilla/5.0 AppleWebKit/537.36 (KHTML, like Gecko; compatible; GPTBot/1.3; +https://openai.com/gptbot)"
194.247.173.99 - - [31/Mar/2026:15:14:44 +0000] "GET /asdasd/ HTTP/1.1" 200 602 "-" "Mozilla/5.0 (compatible; MJ12bot/v1.4.8; http://mj12bot.com/)"
194.247.173.99 - - [31/Mar/2026:15:14:45 +0000] "GET /google79ea90e038e6acd3.html HTTP/1.1" 200 53 "-" "Mozilla/5.0 (compatible; MJ12bot/v1.4.8; http://mj12bot.com/)"
194.247.173.99 - - [31/Mar/2026:15:14:48 +0000] "GET /index.php1 HTTP/1.1" 403 15 "-" "Mozilla/5.0 (compatible; MJ12bot/v1.4.8; http://mj12bot.com/)"
194.247.173.99 - - [31/Mar/2026:15:14:50 +0000] "GET /license.txt HTTP/1.1" 200 19903 "-" "Mozilla/5.0 (compatible; MJ12bot/v1.4.8; http://mj12bot.com/)"
217.182.194.3 - - [31/Mar/2026:15:14:53 +0000] "GET /robots.txt HTTP/1.1" 200 92 "-" "Mozilla/5.0 (compatible; MJ12bot/v1.4.8; http://mj12bot.com/)"
194.247.173.99 - - [31/Mar/2026:15:14:53 +0000] "GET /readme.html HTTP/1.1" 200 7425 "-" "Mozilla/5.0 (compatible; MJ12bot/v1.4.8; http://mj12bot.com/)"
217.182.194.3 - - [31/Mar/2026:15:14:55 +0000] "GET / HTTP/1.1" 200 4621 "-" "Mozilla/5.0 (compatible; MJ12bot/v1.4.8; http://mj12bot.com/)"
194.247.173.99 - - [31/Mar/2026:15:14:56 +0000] "GET /robots.txt HTTP/1.1" 304 - "-" "Mozilla/5.0 (compatible; MJ12bot/v1.4.8; http://mj12bot.com/)"
194.247.173.99 - - [31/Mar/2026:15:14:58 +0000] "GET /wp-activate.php HTTP/1.1" 302 - "-" "Mozilla/5.0 (compatible; MJ12bot/v1.4.8; http://mj12bot.com/)"
194.247.173.99 - - [31/Mar/2026:15:15:01 +0000] "GET /robots.txt HTTP/1.1" 304 - "-" "Mozilla/5.0 (compatible; MJ12bot/v1.4.8; http://mj12bot.com/)"
194.247.173.99 - - [31/Mar/2026:15:15:03 +0000] "GET /wp-login.php?action=register HTTP/1.1" 302 - "-" "Mozilla/5.0 (compatible; MJ12bot/v1.4.8; http://mj12bot.com/)"
194.247.173.99 - - [31/Mar/2026:15:15:08 +0000] "GET /wp-login.php?registration=disabled HTTP/1.1" 200 5773 "-" "Mozilla/5.0 (compatible; MJ12bot/v1.4.8; http://mj12bot.com/)"
194.247.173.99 - - [31/Mar/2026:15:15:12 +0000] "GET /wp-blog-header.php HTTP/1.1" 404 - "-" "Mozilla/5.0 (compatible; MJ12bot/v1.4.8; http://mj12bot.com/)"
194.247.173.99 - - [31/Mar/2026:15:15:14 +0000] "GET /wp-comments-post.php HTTP/1.1" 405 - "-" "Mozilla/5.0 (compatible; MJ12bot/v1.4.8; http://mj12bot.com/)"
194.247.173.99 - - [31/Mar/2026:15:15:17 +0000] "GET /wp-config-sample.php HTTP/1.1" 500 236 "-" "Mozilla/5.0 (compatible; MJ12bot/v1.4.8; http://mj12bot.com/)"
194.247.173.99 - - [31/Mar/2026:15:15:20 +0000] "GET /wp-config.php HTTP/1.1" 200 - "-" "Mozilla/5.0 (compatible; MJ12bot/v1.4.8; http://mj12bot.com/)"
74.7.227.41 - - [31/Mar/2026:15:15:20 +0000] "GET /wp-includes/class-phpass.php HTTP/1.1" 200 - "https://weddingswithjoy.org.nz/wp-includes/" "Mozilla/5.0 AppleWebKit/537.36 (KHTML, like Gecko; compatible; GPTBot/1.3; +https://openai.com/gptbot)"
194.247.173.99 - - [31/Mar/2026:15:15:22 +0000] "GET /wp-cron.php HTTP/1.1" 200 - "-" "Mozilla/5.0 (compatible; MJ12bot/v1.4.8; http://mj12bot.com/)"
74.7.243.230 - - [31/Mar/2026:15:15:23 +0000] "GET /wp-includes/kses.php HTTP/1.1" 200 - "https://schoolofgolfnz.co.nz/wp-includes/" "Mozilla/5.0 AppleWebKit/537.36 (KHTML, like Gecko; compatible; GPTBot/1.3; +https://openai.com/gptbot)"
194.247.173.99 - - [31/Mar/2026:15:15:24 +0000] "GET /wp-includes/ HTTP/1.1" 200 52987 "-" "Mozilla/5.0 (compatible; MJ12bot/v1.4.8; http://mj12bot.com/)"
194.247.173.99 - - [31/Mar/2026:15:15:28 +0000] "GET /wp-links-opml.php HTTP/1.1" 200 222 "-" "Mozilla/5.0 (compatible; MJ12bot/v1.4.8; http://mj12bot.com/)"
194.247.173.99 - - [31/Mar/2026:15:15:31 +0000] "GET /wp-load.php HTTP/1.1" 200 - "-" "Mozilla/5.0 (compatible; MJ12bot/v1.4.8; http://mj12bot.com/)"
74.7.243.230 - - [31/Mar/2026:15:16:01 +0000] "GET /wp-includes/cache.php HTTP/1.1" 500 - "https://schoolofgolfnz.co.nz/wp-includes/" "Mozilla/5.0 AppleWebKit/537.36 (KHTML, like Gecko; compatible; GPTBot/1.3; +https://openai.com/gptbot)"
74.7.227.41 - - [31/Mar/2026:15:16:23 +0000] "GET /wp-includes/class-wp-speculation-rules.php HTTP/1.1" 200 - "https://weddingswithjoy.org.nz/wp-includes/" "Mozilla/5.0 AppleWebKit/537.36 (KHTML, like Gecko; compatible; GPTBot/1.3; +https://openai.com/gptbot)"
74.7.243.230 - - [31/Mar/2026:15:16:35 +0000] "GET /wp-includes/theme.php HTTP/1.1" 200 - "https://schoolofgolfnz.co.nz/wp-includes/" "Mozilla/5.0 AppleWebKit/537.36 (KHTML, like Gecko; compatible; GPTBot/1.3; +https://openai.com/gptbot)"
74.7.227.41 - - [31/Mar/2026:15:17:20 +0000] "GET /wp-includes/class-wp-recovery-mode-cookie-service.php HTTP/1.1" 200 - "https://weddingswithjoy.org.nz/wp-includes/" "Mozilla/5.0 AppleWebKit/537.36 (KHTML, like Gecko; compatible; GPTBot/1.3; +https://openai.com/gptbot)"
74.7.243.230 - - [31/Mar/2026:15:17:40 +0000] "GET /wp-includes/ms-blogs.php HTTP/1.1" 200 2 "https://schoolofgolfnz.co.nz/wp-includes/" "Mozilla/5.0 AppleWebKit/537.36 (KHTML, like Gecko; compatible; GPTBot/1.3; +https://openai.com/gptbot)"
194.247.173.99 - - [31/Mar/2026:15:18:05 +0000] "GET /wp-mail.php HTTP/1.1" 403 240 "-" "Mozilla/5.0 (compatible; MJ12bot/v1.4.8; http://mj12bot.com/)"
194.247.173.99 - - [31/Mar/2026:15:18:07 +0000] "GET /wp-settings.php HTTP/1.1" 500 - "-" "Mozilla/5.0 (compatible; MJ12bot/v1.4.8; http://mj12bot.com/)"
194.247.173.99 - - [31/Mar/2026:15:18:09 +0000] "GET /wp-signup.php HTTP/1.1" 302 - "-" "Mozilla/5.0 (compatible; MJ12bot/v1.4.8; http://mj12bot.com/)"
74.7.227.41 - - [31/Mar/2026:15:18:10 +0000] "GET /wp-includes/class-wp-recovery-mode-email-service.php HTTP/1.1" 200 - "https://weddingswithjoy.org.nz/wp-includes/" "Mozilla/5.0 AppleWebKit/537.36 (KHTML, like Gecko; compatible; GPTBot/1.3; +https://openai.com/gptbot)"
194.247.173.99 - - [31/Mar/2026:15:18:14 +0000] "GET /wp-login.php?action=register HTTP/1.1" 302 - "-" "Mozilla/5.0 (compatible; MJ12bot/v1.4.8; http://mj12bot.com/)"
194.247.173.99 - - [31/Mar/2026:15:18:16 +0000] "GET /wp-login.php?registration=disabled HTTP/1.1" 200 5773 "-" "Mozilla/5.0 (compatible; MJ12bot/v1.4.8; http://mj12bot.com/)"
194.247.173.99 - - [31/Mar/2026:15:18:18 +0000] "GET /wp-trackback.php HTTP/1.1" 404 135 "-" "Mozilla/5.0 (compatible; MJ12bot/v1.4.8; http://mj12bot.com/)"
74.7.243.230 - - [31/Mar/2026:15:18:38 +0000] "GET /wp-includes/ms-files.php HTTP/1.1" 200 29 "https://schoolofgolfnz.co.nz/wp-includes/" "Mozilla/5.0 AppleWebKit/537.36 (KHTML, like Gecko; compatible; GPTBot/1.3; +https://openai.com/gptbot)"
74.7.227.41 - - [31/Mar/2026:15:18:57 +0000] "GET /wp-includes/error-protection.php HTTP/1.1" 200 - "https://weddingswithjoy.org.nz/wp-includes/" "Mozilla/5.0 AppleWebKit/537.36 (KHTML, like Gecko; compatible; GPTBot/1.3; +https://openai.com/gptbot)"
66.249.70.194 - - [31/Mar/2026:15:19:06 +0000] "GET /category/uncategorized/ HTTP/1.1" 404 - "-" "Mozilla/5.0 (Linux; Android 6.0.1; Nexus 5X Build/MMB29P) AppleWebKit/537.36 (KHTML, like Gecko) Chrome/146.0.7680.153 Mobile Safari/537.36 (compatible; Googlebot/2.1; +http://www.google.com/bot.html)"
74.7.243.230 - - [31/Mar/2026:15:19:30 +0000] "GET /wp-includes/nav-menu.php HTTP/1.1" 200 - "https://schoolofgolfnz.co.nz/wp-includes/" "Mozilla/5.0 AppleWebKit/537.36 (KHTML, like Gecko; compatible; GPTBot/1.3; +https://openai.com/gptbot)"
74.7.227.41 - - [31/Mar/2026:15:19:38 +0000] "GET /wp-includes/ms-default-constants.php HTTP/1.1" 200 - "https://weddingswithjoy.org.nz/wp-includes/" "Mozilla/5.0 AppleWebKit/537.36 (KHTML, like Gecko; compatible; GPTBot/1.3; +https://openai.com/gptbot)"
74.7.243.230 - - [31/Mar/2026:15:20:14 +0000] "GET /wp-includes/sodium_compat/lib/php84compat.php HTTP/1.1" 200 - "https://schoolofgolfnz.co.nz/wp-includes/sodium_compat/lib/" "Mozilla/5.0 AppleWebKit/537.36 (KHTML, like Gecko; compatible; GPTBot/1.3; +https://openai.com/gptbot)"
74.7.227.41 - - [31/Mar/2026:15:20:14 +0000] "GET /wp-includes/class-wp-customize-panel.php HTTP/1.1" 200 2 "https://weddingswithjoy.org.nz/wp-includes/" "Mozilla/5.0 AppleWebKit/537.36 (KHTML, like Gecko; compatible; GPTBot/1.3; +https://openai.com/gptbot)"
74.7.227.41 - - [31/Mar/2026:15:20:47 +0000] "GET /wp-includes/embed-template.php HTTP/1.1" 500 - "https://weddingswithjoy.org.nz/wp-includes/" "Mozilla/5.0 AppleWebKit/537.36 (KHTML, like Gecko; compatible; GPTBot/1.3; +https://openai.com/gptbot)"
74.7.243.230 - - [31/Mar/2026:15:20:55 +0000] "GET /wp-includes/sodium_compat/lib/php72compat.php HTTP/1.1" 200 - "https://schoolofgolfnz.co.nz/wp-includes/sodium_compat/lib/" "Mozilla/5.0 AppleWebKit/537.36 (KHTML, like Gecko; compatible; GPTBot/1.3; +https://openai.com/gptbot)"
74.7.243.230 - - [31/Mar/2026:15:21:31 +0000] "GET /wp-includes/sodium_compat/lib/php84compat_const.php HTTP/1.1" 200 - "https://schoolofgolfnz.co.nz/wp-includes/sodium_compat/lib/" "Mozilla/5.0 AppleWebKit/537.36 (KHTML, like Gecko; compatible; GPTBot/1.3; +https://openai.com/gptbot)"
74.7.243.230 - - [31/Mar/2026:15:22:05 +0000] "GET /wp-includes/style-engine/class-wp-style-engine.php HTTP/1.1" 200 - "https://schoolofgolfnz.co.nz/wp-includes/style-engine/" "Mozilla/5.0 AppleWebKit/537.36 (KHTML, like Gecko; compatible; GPTBot/1.3; +https://openai.com/gptbot)"
74.7.227.41 - - [31/Mar/2026:15:22:18 +0000] "GET /wp-includes/class-wp-recovery-mode-link-service.php HTTP/1.1" 200 - "https://weddingswithjoy.org.nz/wp-includes/" "Mozilla/5.0 AppleWebKit/537.36 (KHTML, like Gecko; compatible; GPTBot/1.3; +https://openai.com/gptbot)"
74.7.243.230 - - [31/Mar/2026:15:22:34 +0000] "GET /wp-includes/style-engine/class-wp-style-engine-processor.php HTTP/1.1" 200 - "https://schoolofgolfnz.co.nz/wp-includes/style-engine/" "Mozilla/5.0 AppleWebKit/537.36 (KHTML, like Gecko; compatible; GPTBot/1.3; +https://openai.com/gptbot)"
54.91.236.142 - - [31/Mar/2026:15:22:47 +0000] "GET /favicon.ico HTTP/1.1" 404 - "-" "Mozilla/5.0 (Windows NT 10.0; Win64; x64) AppleWebKit/537.36 (KHTML, like Gecko) Chrome/136.0.0.0 Safari/537.36"
74.7.243.230 - - [31/Mar/2026:15:23:02 +0000] "GET /wp-includes/sodium_compat/lib/php72compat_const.php HTTP/1.1" 200 - "https://schoolofgolfnz.co.nz/wp-includes/sodium_compat/lib/" "Mozilla/5.0 AppleWebKit/537.36 (KHTML, like Gecko; compatible; GPTBot/1.3; +https://openai.com/gptbot)"
74.7.227.41 - - [31/Mar/2026:15:23:21 +0000] "GET /wp-includes/class-phpmailer.php HTTP/1.1" 200 - "https://weddingswithjoy.org.nz/wp-includes/" "Mozilla/5.0 AppleWebKit/537.36 (KHTML, like Gecko; compatible; GPTBot/1.3; +https://openai.com/gptbot)"
74.7.243.230 - - [31/Mar/2026:15:23:26 +0000] "GET /wp-includes/sodium_compat/lib/constants.php HTTP/1.1" 200 - "https://schoolofgolfnz.co.nz/wp-includes/sodium_compat/lib/" "Mozilla/5.0 AppleWebKit/537.36 (KHTML, like Gecko; compatible; GPTBot/1.3; +https://openai.com/gptbot)"
74.7.243.230 - - [31/Mar/2026:15:23:49 +0000] "GET /wp-includes/sodium_compat/lib/namespaced.php HTTP/1.1" 200 - "https://schoolofgolfnz.co.nz/wp-includes/sodium_compat/lib/" "Mozilla/5.0 AppleWebKit/537.36 (KHTML, like Gecko; compatible; GPTBot/1.3; +https://openai.com/gptbot)"
74.7.243.230 - - [31/Mar/2026:15:24:08 +0000] "GET /wp-includes/sodium_compat/lib/sodium_compat.php HTTP/1.1" 200 - "https://schoolofgolfnz.co.nz/wp-includes/sodium_compat/lib/" "Mozilla/5.0 AppleWebKit/537.36 (KHTML, like Gecko; compatible; GPTBot/1.3; +https://openai.com/gptbot)"
74.7.227.41 - - [31/Mar/2026:15:24:19 +0000] "GET /wp-includes/class-wp-site.php HTTP/1.1" 200 - "https://weddingswithjoy.org.nz/wp-includes/" "Mozilla/5.0 AppleWebKit/537.36 (KHTML, like Gecko; compatible; GPTBot/1.3; +https://openai.com/gptbot)"
74.7.243.230 - - [31/Mar/2026:15:24:25 +0000] "GET /wp-includes/sodium_compat/lib/stream-xchacha20.php HTTP/1.1" 200 - "https://schoolofgolfnz.co.nz/wp-includes/sodium_compat/lib/" "Mozilla/5.0 AppleWebKit/537.36 (KHTML, like Gecko; compatible; GPTBot/1.3; +https://openai.com/gptbot)"
54.224.210.222 - - [31/Mar/2026:15:24:39 +0000] "GET /robots.txt HTTP/1.1" 304 - "-" "Mozilla/5.0 (Windows NT 10.0; Win64; x64) AppleWebKit/537.36 (KHTML, like Gecko) Chrome/136.0.0.0 Safari/537.36"
74.7.243.230 - - [31/Mar/2026:15:24:41 +0000] "GET /wp-includes/sodium_compat/lib/ristretto255.php HTTP/1.1" 200 - "https://schoolofgolfnz.co.nz/wp-includes/sodium_compat/lib/" "Mozilla/5.0 AppleWebKit/537.36 (KHTML, like Gecko; compatible; GPTBot/1.3; +https://openai.com/gptbot)"
74.7.243.230 - - [31/Mar/2026:15:24:56 +0000] "GET /wp-includes/sodium_compat/namespaced/File.php HTTP/1.1" 500 - "https://schoolofgolfnz.co.nz/wp-includes/sodium_compat/namespaced/" "Mozilla/5.0 AppleWebKit/537.36 (KHTML, like Gecko; compatible; GPTBot/1.3; +https://openai.com/gptbot)"
74.7.243.230 - - [31/Mar/2026:15:25:09 +0000] "GET /wp-includes/ms-site.php HTTP/1.1" 200 - "https://schoolofgolfnz.co.nz/wp-includes/" "Mozilla/5.0 AppleWebKit/537.36 (KHTML, like Gecko; compatible; GPTBot/1.3; +https://openai.com/gptbot)"
74.7.227.41 - - [31/Mar/2026:15:25:09 +0000] "GET /wp-includes/class-wp-http.php HTTP/1.1" 200 2 "https://weddingswithjoy.org.nz/wp-includes/" "Mozilla/5.0 AppleWebKit/537.36 (KHTML, like Gecko; compatible; GPTBot/1.3; +https://openai.com/gptbot)"
147.182.144.23 - - [31/Mar/2026:15:25:37 +0000] "GET / HTTP/1.1" 200 4621 "-" "Mozilla/5.0 (X11; Linux x86_64; rv:142.0) Gecko/20100101 Firefox/142.0"
147.182.144.23 - - [31/Mar/2026:15:25:42 +0000] "GET /favicon.ico HTTP/1.1" 404 - "https://www.adaptiveweb.co.nz.45-79-238-235.cpanel.site/" "Mozilla/5.0 (X11; Linux x86_64; rv:142.0) Gecko/20100101 Firefox/142.0"
74.7.243.230 - - [31/Mar/2026:15:25:50 +0000] "GET /wp-includes/php-compat/ HTTP/1.1" 200 826 "https://schoolofgolfnz.co.nz/wp-includes/" "Mozilla/5.0 AppleWebKit/537.36 (KHTML, like Gecko; compatible; GPTBot/1.3; +https://openai.com/gptbot)"
74.7.227.41 - - [31/Mar/2026:15:25:55 +0000] "GET /wp-includes/class-wp-widget-factory.php HTTP/1.1" 200 - "https://weddingswithjoy.org.nz/wp-includes/" "Mozilla/5.0 AppleWebKit/537.36 (KHTML, like Gecko; compatible; GPTBot/1.3; +https://openai.com/gptbot)"
74.7.243.230 - - [31/Mar/2026:15:26:26 +0000] "GET /wp-includes/ms-load.php HTTP/1.1" 200 - "https://schoolofgolfnz.co.nz/wp-includes/" "Mozilla/5.0 AppleWebKit/537.36 (KHTML, like Gecko; compatible; GPTBot/1.3; +https://openai.com/gptbot)"
74.7.227.41 - - [31/Mar/2026:15:26:36 +0000] "GET /wp-includes/class-wp-block-template.php HTTP/1.1" 200 - "https://weddingswithjoy.org.nz/wp-includes/" "Mozilla/5.0 AppleWebKit/537.36 (KHTML, like Gecko; compatible; GPTBot/1.3; +https://openai.com/gptbot)"
74.7.243.230 - - [31/Mar/2026:15:26:57 +0000] "GET /wp-includes/ms-network.php HTTP/1.1" 200 - "https://schoolofgolfnz.co.nz/wp-includes/" "Mozilla/5.0 AppleWebKit/537.36 (KHTML, like Gecko; compatible; GPTBot/1.3; +https://openai.com/gptbot)"
74.7.227.41 - - [31/Mar/2026:15:27:12 +0000] "GET /wp-includes/class-wp-block-supports.php HTTP/1.1" 200 - "https://weddingswithjoy.org.nz/wp-includes/" "Mozilla/5.0 AppleWebKit/537.36 (KHTML, like Gecko; compatible; GPTBot/1.3; +https://openai.com/gptbot)"
74.7.243.230 - - [31/Mar/2026:15:27:25 +0000] "GET /wp-includes/theme-compat/ HTTP/1.1" 200 2276 "https://schoolofgolfnz.co.nz/wp-includes/" "Mozilla/5.0 AppleWebKit/537.36 (KHTML, like Gecko; compatible; GPTBot/1.3; +https://openai.com/gptbot)"
74.7.227.41 - - [31/Mar/2026:15:27:45 +0000] "GET /wp-includes/class-wp-post-type.php HTTP/1.1" 200 - "https://weddingswithjoy.org.nz/wp-includes/" "Mozilla/5.0 AppleWebKit/537.36 (KHTML, like Gecko; compatible; GPTBot/1.3; +https://openai.com/gptbot)"
74.7.243.230 - - [31/Mar/2026:15:27:52 +0000] "GET /wp-includes/sitemaps/ HTTP/1.1" 200 2013 "https://schoolofgolfnz.co.nz/wp-includes/" "Mozilla/5.0 AppleWebKit/537.36 (KHTML, like Gecko; compatible; GPTBot/1.3; +https://openai.com/gptbot)"
74.7.227.41 - - [31/Mar/2026:15:28:15 +0000] "GET /wp-includes/class-wp-xmlrpc-server.php HTTP/1.1" 500 - "https://weddingswithjoy.org.nz/wp-includes/" "Mozilla/5.0 AppleWebKit/537.36 (KHTML, like Gecko; compatible; GPTBot/1.3; +https://openai.com/gptbot)"
74.7.243.230 - - [31/Mar/2026:15:28:16 +0000] "GET /wp-includes/class-wp-scripts.php HTTP/1.1" 500 - "https://schoolofgolfnz.co.nz/wp-includes/" "Mozilla/5.0 AppleWebKit/537.36 (KHTML, like Gecko; compatible; GPTBot/1.3; +https://openai.com/gptbot)"
74.7.243.230 - - [31/Mar/2026:15:28:37 +0000] "GET /wp-includes/class.wp-scripts.php HTTP/1.1" 500 - "https://schoolofgolfnz.co.nz/wp-includes/" "Mozilla/5.0 AppleWebKit/537.36 (KHTML, like Gecko; compatible; GPTBot/1.3; +https://openai.com/gptbot)"
74.7.227.41 - - [31/Mar/2026:15:28:42 +0000] "GET /wp-includes/class-wp-ajax-response.php HTTP/1.1" 200 - "https://weddingswithjoy.org.nz/wp-includes/" "Mozilla/5.0 AppleWebKit/537.36 (KHTML, like Gecko; compatible; GPTBot/1.3; +https://openai.com/gptbot)"
74.7.243.230 - - [31/Mar/2026:15:29:39 +0000] "GET /wp-includes/class-smtp.php HTTP/1.1" 500 - "https://schoolofgolfnz.co.nz/wp-includes/" "Mozilla/5.0 AppleWebKit/537.36 (KHTML, like Gecko; compatible; GPTBot/1.3; +https://openai.com/gptbot)"
74.7.227.41 - - [31/Mar/2026:15:29:48 +0000] "GET /wp-includes/class-wp-http-response.php HTTP/1.1" 200 - "https://weddingswithjoy.org.nz/wp-includes/" "Mozilla/5.0 AppleWebKit/537.36 (KHTML, like Gecko; compatible; GPTBot/1.3; +https://openai.com/gptbot)"
74.7.243.230 - - [31/Mar/2026:15:30:43 +0000] "GET /wp-includes/ms-settings.php HTTP/1.1" 200 2 "https://schoolofgolfnz.co.nz/wp-includes/" "Mozilla/5.0 AppleWebKit/537.36 (KHTML, like Gecko; compatible; GPTBot/1.3; +https://openai.com/gptbot)"
74.7.227.41 - - [31/Mar/2026:15:30:47 +0000] "GET /wp-includes/class-wp-customize-nav-menus.php HTTP/1.1" 200 - "https://weddingswithjoy.org.nz/wp-includes/" "Mozilla/5.0 AppleWebKit/537.36 (KHTML, like Gecko; compatible; GPTBot/1.3; +https://openai.com/gptbot)"
74.7.227.41 - - [31/Mar/2026:15:31:37 +0000] "GET /wp-includes/class-wp-http-requests-hooks.php HTTP/1.1" 500 - "https://weddingswithjoy.org.nz/wp-includes/" "Mozilla/5.0 AppleWebKit/537.36 (KHTML, like Gecko; compatible; GPTBot/1.3; +https://openai.com/gptbot)"
74.7.243.230 - - [31/Mar/2026:15:31:46 +0000] "GET /wp-includes/widgets/ HTTP/1.1" 200 4621 "https://schoolofgolfnz.co.nz/wp-includes/" "Mozilla/5.0 AppleWebKit/537.36 (KHTML, like Gecko; compatible; GPTBot/1.3; +https://openai.com/gptbot)"
74.7.227.41 - - [31/Mar/2026:15:32:22 +0000] "GET /wp-includes/class-walker-nav-menu.php HTTP/1.1" 500 - "https://weddingswithjoy.org.nz/wp-includes/" "Mozilla/5.0 AppleWebKit/537.36 (KHTML, like Gecko; compatible; GPTBot/1.3; +https://openai.com/gptbot)"
74.7.243.230 - - [31/Mar/2026:15:32:46 +0000] "GET /wp-includes/rest-api/class-wp-rest-response.php HTTP/1.1" 500 - "https://schoolofgolfnz.co.nz/wp-includes/rest-api/" "Mozilla/5.0 AppleWebKit/537.36 (KHTML, like Gecko; compatible; GPTBot/1.3; +https://openai.com/gptbot)"
74.7.227.41 - - [31/Mar/2026:15:33:23 +0000] "GET /wp-includes/spl-autoload-compat.php HTTP/1.1" 500 - "https://weddingswithjoy.org.nz/wp-includes/" "Mozilla/5.0 AppleWebKit/537.36 (KHTML, like Gecko; compatible; GPTBot/1.3; +https://openai.com/gptbot)"
74.7.243.230 - - [31/Mar/2026:15:33:38 +0000] "GET /wp-includes/php-compat/readonly.php HTTP/1.1" 200 - "https://schoolofgolfnz.co.nz/wp-includes/php-compat/" "Mozilla/5.0 AppleWebKit/537.36 (KHTML, like Gecko; compatible; GPTBot/1.3; +https://openai.com/gptbot)"
74.7.227.41 - - [31/Mar/2026:15:34:25 +0000] "GET /wp-includes/class-wp-embed.php HTTP/1.1" 200 - "https://weddingswithjoy.org.nz/wp-includes/" "Mozilla/5.0 AppleWebKit/537.36 (KHTML, like Gecko; compatible; GPTBot/1.3; +https://openai.com/gptbot)"
74.7.243.230 - - [31/Mar/2026:15:34:41 +0000] "GET /wp-includes/atomlib.php HTTP/1.1" 200 - "https://schoolofgolfnz.co.nz/wp-includes/" "Mozilla/5.0 AppleWebKit/537.36 (KHTML, like Gecko; compatible; GPTBot/1.3; +https://openai.com/gptbot)"
74.7.227.41 - - [31/Mar/2026:15:35:28 +0000] "GET /wp-includes/class-wp-block-parser-frame.php HTTP/1.1" 200 - "https://weddingswithjoy.org.nz/wp-includes/" "Mozilla/5.0 AppleWebKit/537.36 (KHTML, like Gecko; compatible; GPTBot/1.3; +https://openai.com/gptbot)"
74.7.243.230 - - [31/Mar/2026:15:35:38 +0000] "GET /wp-includes/sodium_compat/namespaced/Crypto.php HTTP/1.1" 500 - "https://schoolofgolfnz.co.nz/wp-includes/sodium_compat/namespaced/" "Mozilla/5.0 AppleWebKit/537.36 (KHTML, like Gecko; compatible; GPTBot/1.3; +https://openai.com/gptbot)"
74.7.227.41 - - [31/Mar/2026:15:36:26 +0000] "GET /wp-includes/block-template-utils.php HTTP/1.1" 200 - "https://weddingswithjoy.org.nz/wp-includes/" "Mozilla/5.0 AppleWebKit/537.36 (KHTML, like Gecko; compatible; GPTBot/1.3; +https://openai.com/gptbot)"
74.7.243.230 - - [31/Mar/2026:15:36:32 +0000] "GET /wp-includes/theme-compat/embed-content.php HTTP/1.1" 200 6 "https://schoolofgolfnz.co.nz/wp-includes/theme-compat/" "Mozilla/5.0 AppleWebKit/537.36 (KHTML, like Gecko; compatible; GPTBot/1.3; +https://openai.com/gptbot)"
66.228.53.204 - - [31/Mar/2026:15:37:04 +0000] "GET / HTTP/1.1" 200 4621 "-" "Mozilla/5.0 (Macintosh; Intel Mac OS X 13_1) AppleWebKit/537.36 (KHTML, like Gecko) Chrome/108.0.0.0 Safari/537.36"
74.7.227.41 - - [31/Mar/2026:15:37:20 +0000] "GET /wp-includes/class-wp-matchesmapregex.php HTTP/1.1" 200 - "https://weddingswithjoy.org.nz/wp-includes/" "Mozilla/5.0 AppleWebKit/537.36 (KHTML, like Gecko; compatible; GPTBot/1.3; +https://openai.com/gptbot)"
74.7.243.230 - - [31/Mar/2026:15:37:32 +0000] "GET /wp-includes/sitemaps/class-wp-sitemaps.php HTTP/1.1" 200 - "https://schoolofgolfnz.co.nz/wp-includes/sitemaps/" "Mozilla/5.0 AppleWebKit/537.36 (KHTML, like Gecko; compatible; GPTBot/1.3; +https://openai.com/gptbot)"
74.7.227.41 - - [31/Mar/2026:15:38:06 +0000] "GET /wp-includes/class-wp-metadata-lazyloader.php HTTP/1.1" 200 - "https://weddingswithjoy.org.nz/wp-includes/" "Mozilla/5.0 AppleWebKit/537.36 (KHTML, like Gecko; compatible; GPTBot/1.3; +https://openai.com/gptbot)"
74.7.243.230 - - [31/Mar/2026:15:38:30 +0000] "GET /wp-includes/sitemaps/class-wp-sitemaps-stylesheet.php HTTP/1.1" 200 - "https://schoolofgolfnz.co.nz/wp-includes/sitemaps/" "Mozilla/5.0 AppleWebKit/537.36 (KHTML, like Gecko; compatible; GPTBot/1.3; +https://openai.com/gptbot)"
74.7.227.41 - - [31/Mar/2026:15:38:46 +0000] "GET /wp-includes/class-wp-navigation-fallback.php HTTP/1.1" 200 - "https://weddingswithjoy.org.nz/wp-includes/" "Mozilla/5.0 AppleWebKit/537.36 (KHTML, like Gecko; compatible; GPTBot/1.3; +https://openai.com/gptbot)"
216.73.216.85 - - [31/Mar/2026:15:38:59 +0000] "GET /robots.txt HTTP/1.1" 200 92 "-" "Mozilla/5.0 AppleWebKit/537.36 (KHTML, like Gecko; compatible; ClaudeBot/1.0; +claudebot@anthropic.com)"
74.7.243.230 - - [31/Mar/2026:15:39:23 +0000] "GET /wp-includes/sitemaps/class-wp-sitemaps-renderer.php HTTP/1.1" 200 - "https://schoolofgolfnz.co.nz/wp-includes/sitemaps/" "Mozilla/5.0 AppleWebKit/537.36 (KHTML, like Gecko; compatible; GPTBot/1.3; +https://openai.com/gptbot)"
74.7.227.41 - - [31/Mar/2026:15:39:24 +0000] "GET /wp-includes/pluggable-deprecated.php HTTP/1.1" 200 - "https://weddingswithjoy.org.nz/wp-includes/" "Mozilla/5.0 AppleWebKit/537.36 (KHTML, like Gecko; compatible; GPTBot/1.3; +https://openai.com/gptbot)"
74.7.227.41 - - [31/Mar/2026:15:39:57 +0000] "GET /wp-includes/html-api/ HTTP/1.1" 200 3467 "https://weddingswithjoy.org.nz/wp-includes/" "Mozilla/5.0 AppleWebKit/537.36 (KHTML, like Gecko; compatible; GPTBot/1.3; +https://openai.com/gptbot)"
74.7.243.230 - - [31/Mar/2026:15:40:10 +0000] "GET /wp-includes/theme-compat/header-embed.php HTTP/1.1" 200 22 "https://schoolofgolfnz.co.nz/wp-includes/theme-compat/" "Mozilla/5.0 AppleWebKit/537.36 (KHTML, like Gecko; compatible; GPTBot/1.3; +https://openai.com/gptbot)"
74.7.227.41 - - [31/Mar/2026:15:40:28 +0000] "GET /wp-includes/class-wp-customize-setting.php HTTP/1.1" 200 2 "https://weddingswithjoy.org.nz/wp-includes/" "Mozilla/5.0 AppleWebKit/537.36 (KHTML, like Gecko; compatible; GPTBot/1.3; +https://openai.com/gptbot)"
74.7.243.230 - - [31/Mar/2026:15:40:51 +0000] "GET /wp-includes/theme-compat/footer-embed.php HTTP/1.1" 500 - "https://schoolofgolfnz.co.nz/wp-includes/theme-compat/" "Mozilla/5.0 AppleWebKit/537.36 (KHTML, like Gecko; compatible; GPTBot/1.3; +https://openai.com/gptbot)"
74.7.227.41 - - [31/Mar/2026:15:40:54 +0000] "GET /wp-includes/class-wp-customize-widgets.php HTTP/1.1" 200 - "https://weddingswithjoy.org.nz/wp-includes/" "Mozilla/5.0 AppleWebKit/537.36 (KHTML, like Gecko; compatible; GPTBot/1.3; +https://openai.com/gptbot)"
74.7.227.41 - - [31/Mar/2026:15:41:20 +0000] "GET /wp-includes/class-wp-customize-section.php HTTP/1.1" 500 - "https://weddingswithjoy.org.nz/wp-includes/" "Mozilla/5.0 AppleWebKit/537.36 (KHTML, like Gecko; compatible; GPTBot/1.3; +https://openai.com/gptbot)"
74.7.243.230 - - [31/Mar/2026:15:41:29 +0000] "GET /wp-includes/widgets/class-wp-widget-search.php HTTP/1.1" 500 - "https://schoolofgolfnz.co.nz/wp-includes/widgets/" "Mozilla/5.0 AppleWebKit/537.36 (KHTML, like Gecko; compatible; GPTBot/1.3; +https://openai.com/gptbot)"
74.7.227.41 - - [31/Mar/2026:15:41:42 +0000] "GET /wp-includes/class-wp-customize-control.php HTTP/1.1" 200 2 "https://weddingswithjoy.org.nz/wp-includes/" "Mozilla/5.0 AppleWebKit/537.36 (KHTML, like Gecko; compatible; GPTBot/1.3; +https://openai.com/gptbot)"
74.7.243.230 - - [31/Mar/2026:15:42:30 +0000] "GET /wp-includes/widgets/class-wp-widget-links.php HTTP/1.1" 500 - "https://schoolofgolfnz.co.nz/wp-includes/widgets/" "Mozilla/5.0 AppleWebKit/537.36 (KHTML, like Gecko; compatible; GPTBot/1.3; +https://openai.com/gptbot)"
74.7.227.41 - - [31/Mar/2026:15:42:44 +0000] "GET /wp-includes/class-wp-oembed-controller.php HTTP/1.1" 200 - "https://weddingswithjoy.org.nz/wp-includes/" "Mozilla/5.0 AppleWebKit/537.36 (KHTML, like Gecko; compatible; GPTBot/1.3; +https://openai.com/gptbot)"
74.7.243.230 - - [31/Mar/2026:15:43:32 +0000] "GET /wp-includes/widgets/class-wp-widget-pages.php HTTP/1.1" 500 - "https://schoolofgolfnz.co.nz/wp-includes/widgets/" "Mozilla/5.0 AppleWebKit/537.36 (KHTML, like Gecko; compatible; GPTBot/1.3; +https://openai.com/gptbot)"
74.7.227.41 - - [31/Mar/2026:15:43:38 +0000] "GET /wp-includes/class-wp-customize-manager.php HTTP/1.1" 200 - "https://weddingswithjoy.org.nz/wp-includes/" "Mozilla/5.0 AppleWebKit/537.36 (KHTML, like Gecko; compatible; GPTBot/1.3; +https://openai.com/gptbot)"
114.119.157.108 - - [31/Mar/2026:15:43:50 +0000] "GET /robots.txt HTTP/1.1" 304 - "-" "Mozilla/5.0 (compatible;PetalBot;+https://webmaster.petalsearch.com/site/petalbot)"
74.7.227.41 - - [31/Mar/2026:15:44:31 +0000] "GET /wp-includes/class-wp-role.php HTTP/1.1" 200 - "https://weddingswithjoy.org.nz/wp-includes/" "Mozilla/5.0 AppleWebKit/537.36 (KHTML, like Gecko; compatible; GPTBot/1.3; +https://openai.com/gptbot)"
74.7.243.230 - - [31/Mar/2026:15:44:34 +0000] "GET /wp-includes/widgets/class-wp-widget-media.php HTTP/1.1" 500 - "https://schoolofgolfnz.co.nz/wp-includes/widgets/" "Mozilla/5.0 AppleWebKit/537.36 (KHTML, like Gecko; compatible; GPTBot/1.3; +https://openai.com/gptbot)"
74.7.227.41 - - [31/Mar/2026:15:45:18 +0000] "GET /wp-includes/class-wp-hook.php HTTP/1.1" 200 - "https://weddingswithjoy.org.nz/wp-includes/" "Mozilla/5.0 AppleWebKit/537.36 (KHTML, like Gecko; compatible; GPTBot/1.3; +https://openai.com/gptbot)"
74.7.243.230 - - [31/Mar/2026:15:45:38 +0000] "GET /wp-includes/widgets/class-wp-widget-block.php HTTP/1.1" 500 - "https://schoolofgolfnz.co.nz/wp-includes/widgets/" "Mozilla/5.0 AppleWebKit/537.36 (KHTML, like Gecko; compatible; GPTBot/1.3; +https://openai.com/gptbot)"
74.7.227.41 - - [31/Mar/2026:15:45:59 +0000] "GET /wp-includes/class-wp-term.php HTTP/1.1" 200 - "https://weddingswithjoy.org.nz/wp-includes/" "Mozilla/5.0 AppleWebKit/537.36 (KHTML, like Gecko; compatible; GPTBot/1.3; +https://openai.com/gptbot)"
74.7.227.41 - - [31/Mar/2026:15:46:35 +0000] "GET /wp-includes/class-wp-block-bindings-registry.php HTTP/1.1" 200 - "https://weddingswithjoy.org.nz/wp-includes/" "Mozilla/5.0 AppleWebKit/537.36 (KHTML, like Gecko; compatible; GPTBot/1.3; +https://openai.com/gptbot)"
74.7.243.230 - - [31/Mar/2026:15:46:41 +0000] "GET /wp-includes/widgets/class-wp-widget-rss.php HTTP/1.1" 500 - "https://schoolofgolfnz.co.nz/wp-includes/widgets/" "Mozilla/5.0 AppleWebKit/537.36 (KHTML, like Gecko; compatible; GPTBot/1.3; +https://openai.com/gptbot)"
74.7.227.41 - - [31/Mar/2026:15:47:07 +0000] "GET /wp-includes/html-api/html5-named-character-references.php HTTP/1.1" 500 - "https://weddingswithjoy.org.nz/wp-includes/html-api/" "Mozilla/5.0 AppleWebKit/537.36 (KHTML, like Gecko; compatible; GPTBot/1.3; +https://openai.com/gptbot)"
74.7.227.41 - - [31/Mar/2026:15:47:37 +0000] "GET /wp-includes/class-wp-block-patterns-registry.php HTTP/1.1" 200 - "https://weddingswithjoy.org.nz/wp-includes/" "Mozilla/5.0 AppleWebKit/537.36 (KHTML, like Gecko; compatible; GPTBot/1.3; +https://openai.com/gptbot)"
74.7.243.230 - - [31/Mar/2026:15:47:42 +0000] "GET /wp-includes/widgets/class-wp-widget-meta.php HTTP/1.1" 500 - "https://schoolofgolfnz.co.nz/wp-includes/widgets/" "Mozilla/5.0 AppleWebKit/537.36 (KHTML, like Gecko; compatible; GPTBot/1.3; +https://openai.com/gptbot)"
34.62.248.29 - - [31/Mar/2026:15:48:17 +0000] "GET / HTTP/1.1" 200 4621 "-" "python-requests/2.32.5"
74.7.227.41 - - [31/Mar/2026:15:48:40 +0000] "GET /wp-includes/class-walker-page-dropdown.php HTTP/1.1" 500 - "https://weddingswithjoy.org.nz/wp-includes/" "Mozilla/5.0 AppleWebKit/537.36 (KHTML, like Gecko; compatible; GPTBot/1.3; +https://openai.com/gptbot)"
74.7.243.230 - - [31/Mar/2026:15:48:47 +0000] "GET /wp-includes/widgets/class-wp-widget-text.php HTTP/1.1" 500 - "https://schoolofgolfnz.co.nz/wp-includes/widgets/" "Mozilla/5.0 AppleWebKit/537.36 (KHTML, like Gecko; compatible; GPTBot/1.3; +https://openai.com/gptbot)"
66.132.195.122 - - [31/Mar/2026:15:49:19 +0000] "GET / HTTP/1.1" 200 4621 "-" "Mozilla/5.0 (compatible; CensysInspect/1.1; +https://about.censys.io/)"
66.132.195.122 - - [31/Mar/2026:15:49:22 +0000] "GET /favicon.ico HTTP/1.1" 404 - "-" "Mozilla/5.0 (compatible; CensysInspect/1.1; +https://about.censys.io/)"
74.7.227.41 - - [31/Mar/2026:15:49:39 +0000] "GET /wp-includes/ms-default-filters.php HTTP/1.1" 500 - "https://weddingswithjoy.org.nz/wp-includes/" "Mozilla/5.0 AppleWebKit/537.36 (KHTML, like Gecko; compatible; GPTBot/1.3; +https://openai.com/gptbot)"
74.7.243.230 - - [31/Mar/2026:15:49:48 +0000] "GET /wp-includes/widgets/class-wp-widget-media-image.php HTTP/1.1" 500 - "https://schoolofgolfnz.co.nz/wp-includes/widgets/" "Mozilla/5.0 AppleWebKit/537.36 (KHTML, like Gecko; compatible; GPTBot/1.3; +https://openai.com/gptbot)"
66.132.195.122 - - [31/Mar/2026:15:50:24 +0000] "GET / HTTP/1.1" 200 4621 "-" "Mozilla/5.0 (compatible; CensysInspect/1.1; +https://about.censys.io/)"
66.132.195.122 - - [31/Mar/2026:15:50:25 +0000] "GET /cgi-bin HTTP/1.1" 301 238 "-" "Mozilla/5.0 (compatible; CensysInspect/1.1; +https://about.censys.io/)"
66.132.195.122 - - [31/Mar/2026:15:50:25 +0000] "GET /cgi-bin/ HTTP/1.1" 404 - "https://45.79.238.235:443/cgi-bin" "Mozilla/5.0 (compatible; CensysInspect/1.1; +https://about.censys.io/)"
69.165.67.146 - - [31/Mar/2026:15:50:25 +0000] "GET /index.php?rest_route=/wp/v2/posts&per_page=100&_fields=id%2Ccomment_status&page=1 HTTP/1.1" 404 16 "https://weddingswithjoy.org.nz" "Mozilla/5.0 (iPhone; CPU iPhone OS 18_3_2 like Mac OS X) AppleWebKit/605.1.15 (KHTML, like Gecko) Version/18.3.1 Mobile/15E148 Safari/604.1"
66.132.195.122 - - [31/Mar/2026:15:50:26 +0000] "GET /wp-admin HTTP/1.1" 301 239 "-" "Mozilla/5.0 (compatible; CensysInspect/1.1; +https://about.censys.io/)"
45.79.238.235 - - [31/Mar/2026:15:50:27 +0000] "POST /wp-cron.php?doing_wp_cron=1774972226.5803170204162597656250 HTTP/1.1" 200 - "-" "WordPress/6.9.4; https://adaptiveweb.co.nz.45-79-238-235.cpanel.site"
66.132.195.122 - - [31/Mar/2026:15:50:26 +0000] "GET /wp-admin/ HTTP/1.1" 302 - "https://45.79.238.235:443/wp-admin" "Mozilla/5.0 (compatible; CensysInspect/1.1; +https://about.censys.io/)"
74.7.227.41 - - [31/Mar/2026:15:50:40 +0000] "GET /wp-includes/speculative-loading.php HTTP/1.1" 200 - "https://weddingswithjoy.org.nz/wp-includes/" "Mozilla/5.0 AppleWebKit/537.36 (KHTML, like Gecko; compatible; GPTBot/1.3; +https://openai.com/gptbot)"
74.7.243.230 - - [31/Mar/2026:15:50:49 +0000] "GET /wp-includes/widgets/class-wp-widget-recent-posts.php HTTP/1.1" 500 - "https://schoolofgolfnz.co.nz/wp-includes/widgets/" "Mozilla/5.0 AppleWebKit/537.36 (KHTML, like Gecko; compatible; GPTBot/1.3; +https://openai.com/gptbot)"
66.132.195.122 - - [31/Mar/2026:15:51:10 +0000] "GET /sitemap.xml HTTP/1.1" 404 - "-" "Mozilla/5.0 (compatible; CensysInspect/1.1; +https://about.censys.io/)"
74.7.175.188 - - [31/Mar/2026:15:51:31 +0000] "GET /robots.txt HTTP/1.1" 304 - "-" "Mozilla/5.0 (Macintosh; Intel Mac OS X 10_15_7) AppleWebKit/537.36 (KHTML, like Gecko) Chrome/131.0.0.0 Safari/537.36; compatible; OAI-SearchBot/1.3; robots.txt; +https://openai.com/searchbot"
74.7.227.41 - - [31/Mar/2026:15:51:46 +0000] "GET /wp-includes/class-wp-block-templates-registry.php HTTP/1.1" 200 - "https://weddingswithjoy.org.nz/wp-includes/" "Mozilla/5.0 AppleWebKit/537.36 (KHTML, like Gecko; compatible; GPTBot/1.3; +https://openai.com/gptbot)"
74.7.243.230 - - [31/Mar/2026:15:51:54 +0000] "GET /wp-includes/sitemaps/class-wp-sitemaps-registry.php HTTP/1.1" 200 - "https://schoolofgolfnz.co.nz/wp-includes/sitemaps/" "Mozilla/5.0 AppleWebKit/537.36 (KHTML, like Gecko; compatible; GPTBot/1.3; +https://openai.com/gptbot)"
46.151.178.13 - - [31/Mar/2026:15:52:12 +0000] "PROPFIND / HTTP/1.1" 404 - "http://45.79.238.235:443/" "-"
74.7.227.41 - - [31/Mar/2026:15:52:42 +0000] "GET /wp-includes/class-wp-recovery-mode.php HTTP/1.1" 200 - "https://weddingswithjoy.org.nz/wp-includes/" "Mozilla/5.0 AppleWebKit/537.36 (KHTML, like Gecko; compatible; GPTBot/1.3; +https://openai.com/gptbot)"
74.7.243.230 - - [31/Mar/2026:15:52:57 +0000] "GET /wp-includes/sitemaps/class-wp-sitemaps-provider.php HTTP/1.1" 200 - "https://schoolofgolfnz.co.nz/wp-includes/sitemaps/" "Mozilla/5.0 AppleWebKit/537.36 (KHTML, like Gecko; compatible; GPTBot/1.3; +https://openai.com/gptbot)"
74.7.227.41 - - [31/Mar/2026:15:53:33 +0000] "GET /wp-includes/class-wp-network-query.php HTTP/1.1" 200 - "https://weddingswithjoy.org.nz/wp-includes/" "Mozilla/5.0 AppleWebKit/537.36 (KHTML, like Gecko; compatible; GPTBot/1.3; +https://openai.com/gptbot)"
74.7.243.230 - - [31/Mar/2026:15:53:53 +0000] "GET /wp-includes/widgets/class-wp-widget-media-audio.php HTTP/1.1" 500 - "https://schoolofgolfnz.co.nz/wp-includes/widgets/" "Mozilla/5.0 AppleWebKit/537.36 (KHTML, like Gecko; compatible; GPTBot/1.3; +https://openai.com/gptbot)"
74.7.227.41 - - [31/Mar/2026:15:54:18 +0000] "GET /wp-includes/interactivity-api/ HTTP/1.1" 200 1272 "https://weddingswithjoy.org.nz/wp-includes/" "Mozilla/5.0 AppleWebKit/537.36 (KHTML, like Gecko; compatible; GPTBot/1.3; +https://openai.com/gptbot)"
74.7.243.230 - - [31/Mar/2026:15:54:43 +0000] "GET /wp-includes/widgets/class-wp-widget-archives.php HTTP/1.1" 500 - "https://schoolofgolfnz.co.nz/wp-includes/widgets/" "Mozilla/5.0 AppleWebKit/537.36 (KHTML, like Gecko; compatible; GPTBot/1.3; +https://openai.com/gptbot)"
74.7.227.41 - - [31/Mar/2026:15:54:59 +0000] "GET /wp-includes/class-wp-text-diff-renderer-table.php HTTP/1.1" 200 2 "https://weddingswithjoy.org.nz/wp-includes/" "Mozilla/5.0 AppleWebKit/537.36 (KHTML, like Gecko; compatible; GPTBot/1.3; +https://openai.com/gptbot)"
195.178.110.159 - - [31/Mar/2026:15:55:19 +0000] "GET /.git/config HTTP/1.1" 404 - "-" "Mozilla/5.0 (ZZ; Linux x86_64) AppleWebKit/537.36 (KHTML, like Gecko) Chrome/128.0.0.0 Safari/537.36"
74.7.227.41 - - [31/Mar/2026:15:55:35 +0000] "GET /wp-includes/class-wp-http-encoding.php HTTP/1.1" 200 - "https://weddingswithjoy.org.nz/wp-includes/" "Mozilla/5.0 AppleWebKit/537.36 (KHTML, like Gecko; compatible; GPTBot/1.3; +https://openai.com/gptbot)"
74.7.243.230 - - [31/Mar/2026:15:55:44 +0000] "GET /wp-includes/widgets/class-wp-widget-calendar.php HTTP/1.1" 500 - "https://schoolofgolfnz.co.nz/wp-includes/widgets/" "Mozilla/5.0 AppleWebKit/537.36 (KHTML, like Gecko; compatible; GPTBot/1.3; +https://openai.com/gptbot)"
74.7.227.41 - - [31/Mar/2026:15:56:07 +0000] "GET /wp-includes/script-modules.php HTTP/1.1" 200 - "https://weddingswithjoy.org.nz/wp-includes/" "Mozilla/5.0 AppleWebKit/537.36 (KHTML, like Gecko; compatible; GPTBot/1.3; +https://openai.com/gptbot)"
74.7.227.41 - - [31/Mar/2026:15:56:39 +0000] "GET /wp-includes/block-patterns.php HTTP/1.1" 500 - "https://weddingswithjoy.org.nz/wp-includes/" "Mozilla/5.0 AppleWebKit/537.36 (KHTML, like Gecko; compatible; GPTBot/1.3; +https://openai.com/gptbot)"
74.7.243.230 - - [31/Mar/2026:15:56:44 +0000] "GET /wp-includes/widgets/class-wp-widget-categories.php HTTP/1.1" 500 - "https://schoolofgolfnz.co.nz/wp-includes/widgets/" "Mozilla/5.0 AppleWebKit/537.36 (KHTML, like Gecko; compatible; GPTBot/1.3; +https://openai.com/gptbot)"
74.7.227.41 - - [31/Mar/2026:15:57:05 +0000] "GET /wp-includes/block-bindings.php HTTP/1.1" 200 - "https://weddingswithjoy.org.nz/wp-includes/" "Mozilla/5.0 AppleWebKit/537.36 (KHTML, like Gecko; compatible; GPTBot/1.3; +https://openai.com/gptbot)"
74.7.243.230 - - [31/Mar/2026:15:57:49 +0000] "GET /wp-includes/widgets/class-wp-widget-custom-html.php HTTP/1.1" 500 - "https://schoolofgolfnz.co.nz/wp-includes/widgets/" "Mozilla/5.0 AppleWebKit/537.36 (KHTML, like Gecko; compatible; GPTBot/1.3; +https://openai.com/gptbot)"
74.7.227.41 - - [31/Mar/2026:15:58:08 +0000] "GET /wp-includes/block-template.php HTTP/1.1" 200 - "https://weddingswithjoy.org.nz/wp-includes/" "Mozilla/5.0 AppleWebKit/537.36 (KHTML, like Gecko; compatible; GPTBot/1.3; +https://openai.com/gptbot)"
198.235.24.149 - - [31/Mar/2026:15:58:35 +0000] "GET / HTTP/1.1" 200 4621 "-" "Hello from Palo Alto Networks, find out more about our scans in https://docs-cortex.paloaltonetworks.com/r/1/Cortex-Xpanse/Scanning-activity"
74.7.243.230 - - [31/Mar/2026:15:58:54 +0000] "GET /wp-includes/widgets/class-wp-nav-menu-widget.php HTTP/1.1" 500 - "https://schoolofgolfnz.co.nz/wp-includes/widgets/" "Mozilla/5.0 AppleWebKit/537.36 (KHTML, like Gecko; compatible; GPTBot/1.3; +https://openai.com/gptbot)"
74.7.227.41 - - [31/Mar/2026:15:59:03 +0000] "GET /wp-includes/theme-previews.php HTTP/1.1" 200 - "https://weddingswithjoy.org.nz/wp-includes/" "Mozilla/5.0 AppleWebKit/537.36 (KHTML, like Gecko; compatible; GPTBot/1.3; +https://openai.com/gptbot)"
74.7.227.41 - - [31/Mar/2026:15:59:52 +0000] "GET /wp-includes/class-requests.php HTTP/1.1" 200 - "https://weddingswithjoy.org.nz/wp-includes/" "Mozilla/5.0 AppleWebKit/537.36 (KHTML, like Gecko; compatible; GPTBot/1.3; +https://openai.com/gptbot)"
74.7.243.230 - - [31/Mar/2026:15:59:56 +0000] "GET /wp-includes/theme-compat/embed-404.php HTTP/1.1" 200 52 "https://schoolofgolfnz.co.nz/wp-includes/theme-compat/" "Mozilla/5.0 AppleWebKit/537.36 (KHTML, like Gecko; compatible; GPTBot/1.3; +https://openai.com/gptbot)"
74.7.227.41 - - [31/Mar/2026:16:00:38 +0000] "GET /wp-includes/media-template.php HTTP/1.1" 200 - "https://weddingswithjoy.org.nz/wp-includes/" "Mozilla/5.0 AppleWebKit/537.36 (KHTML, like Gecko; compatible; GPTBot/1.3; +https://openai.com/gptbot)"
74.7.243.230 - - [31/Mar/2026:16:01:02 +0000] "GET /wp-includes/theme-compat/embed.php HTTP/1.1" 500 - "https://schoolofgolfnz.co.nz/wp-includes/theme-compat/" "Mozilla/5.0 AppleWebKit/537.36 (KHTML, like Gecko; compatible; GPTBot/1.3; +https://openai.com/gptbot)"
74.7.227.41 - - [31/Mar/2026:16:01:19 +0000] "GET /wp-includes/class.wp-dependencies.php HTTP/1.1" 500 - "https://weddingswithjoy.org.nz/wp-includes/" "Mozilla/5.0 AppleWebKit/537.36 (KHTML, like Gecko; compatible; GPTBot/1.3; +https://openai.com/gptbot)"
3.132.26.232 - - [31/Mar/2026:16:01:50 +0000] "GET / HTTP/1.1" 200 4621 "-" "visionheight.com/scan Mozilla/5.0 (Macintosh; Intel Mac OS X 10_15_7) Chrome/126.0.0.0 Safari/537.36"
74.7.243.230 - - [31/Mar/2026:16:01:56 +0000] "GET /wp-includes/sitemaps/class-wp-sitemaps-index.php HTTP/1.1" 200 - "https://schoolofgolfnz.co.nz/wp-includes/sitemaps/" "Mozilla/5.0 AppleWebKit/537.36 (KHTML, like Gecko; compatible; GPTBot/1.3; +https://openai.com/gptbot)"
74.7.227.41 - - [31/Mar/2026:16:01:56 +0000] "GET /wp-includes/interactivity-api/interactivity-api.php HTTP/1.1" 200 - "https://weddingswithjoy.org.nz/wp-includes/interactivity-api/" "Mozilla/5.0 AppleWebKit/537.36 (KHTML, like Gecko; compatible; GPTBot/1.3; +https://openai.com/gptbot)"
74.7.227.41 - - [31/Mar/2026:16:03:00 +0000] "GET /wp-includes/interactivity-api/class-wp-interactivity-api.php HTTP/1.1" 200 - "https://weddingswithjoy.org.nz/wp-includes/interactivity-api/" "Mozilla/5.0 AppleWebKit/537.36 (KHTML, like Gecko; compatible; GPTBot/1.3; +https://openai.com/gptbot)"
74.7.243.230 - - [31/Mar/2026:16:03:01 +0000] "GET /wp-includes/theme-compat/footer.php HTTP/1.1" 500 - "https://schoolofgolfnz.co.nz/wp-includes/theme-compat/" "Mozilla/5.0 AppleWebKit/537.36 (KHTML, like Gecko; compatible; GPTBot/1.3; +https://openai.com/gptbot)"
74.7.243.230 - - [31/Mar/2026:16:03:55 +0000] "GET /wp-includes/theme-compat/header.php HTTP/1.1" 500 - "https://schoolofgolfnz.co.nz/wp-includes/theme-compat/" "Mozilla/5.0 AppleWebKit/537.36 (KHTML, like Gecko; compatible; GPTBot/1.3; +https://openai.com/gptbot)"
74.7.227.41 - - [31/Mar/2026:16:03:58 +0000] "GET /wp-includes/interactivity-api/class-wp-interactivity-api-directives-processor.php HTTP/1.1" 500 - "https://weddingswithjoy.org.nz/wp-includes/interactivity-api/" "Mozilla/5.0 AppleWebKit/537.36 (KHTML, like Gecko; compatible; GPTBot/1.3; +https://openai.com/gptbot)"
