74.7.243.230 - - [31/Mar/2026:12:44:01 +0000] "GET /wp-settings.php HTTP/1.1" 500 - "https://schoolofgolfnz.co.nz/" "Mozilla/5.0 AppleWebKit/537.36 (KHTML, like Gecko; compatible; GPTBot/1.3; +https://openai.com/gptbot)"
74.7.243.230 - - [31/Mar/2026:12:44:01 +0000] "GET /wp-activate.php HTTP/1.1" 302 - "https://schoolofgolfnz.co.nz/" "Mozilla/5.0 AppleWebKit/537.36 (KHTML, like Gecko; compatible; GPTBot/1.3; +https://openai.com/gptbot)"
74.7.243.230 - - [31/Mar/2026:12:44:03 +0000] "GET /wp-includes/class-wp-image-editor-imagick.php HTTP/1.1" 500 - "https://schoolofgolfnz.co.nz/wp-includes/" "Mozilla/5.0 AppleWebKit/537.36 (KHTML, like Gecko; compatible; GPTBot/1.3; +https://openai.com/gptbot)"
74.7.243.230 - - [31/Mar/2026:12:44:04 +0000] "GET /wp-includes/class-wp-error.php HTTP/1.1" 200 - "https://schoolofgolfnz.co.nz/wp-includes/" "Mozilla/5.0 AppleWebKit/537.36 (KHTML, like Gecko; compatible; GPTBot/1.3; +https://openai.com/gptbot)"
74.7.243.230 - - [31/Mar/2026:12:44:09 +0000] "GET /wp-includes/class-wp-http-ixr-client.php HTTP/1.1" 500 - "https://schoolofgolfnz.co.nz/wp-includes/" "Mozilla/5.0 AppleWebKit/537.36 (KHTML, like Gecko; compatible; GPTBot/1.3; +https://openai.com/gptbot)"
74.7.243.230 - - [31/Mar/2026:12:44:13 +0000] "GET /wp-includes/?C=S;O=A HTTP/1.1" 200 52987 "https://schoolofgolfnz.co.nz/wp-includes/" "Mozilla/5.0 AppleWebKit/537.36 (KHTML, like Gecko; compatible; GPTBot/1.3; +https://openai.com/gptbot)"
74.7.243.230 - - [31/Mar/2026:12:44:24 +0000] "GET /wp-includes/?C=N;O=D HTTP/1.1" 200 52987 "https://schoolofgolfnz.co.nz/wp-includes/" "Mozilla/5.0 AppleWebKit/537.36 (KHTML, like Gecko; compatible; GPTBot/1.3; +https://openai.com/gptbot)"
74.7.243.230 - - [31/Mar/2026:12:44:35 +0000] "GET /wp-includes/?C=M;O=A HTTP/1.1" 200 52987 "https://schoolofgolfnz.co.nz/wp-includes/" "Mozilla/5.0 AppleWebKit/537.36 (KHTML, like Gecko; compatible; GPTBot/1.3; +https://openai.com/gptbot)"
74.7.243.230 - - [31/Mar/2026:12:44:45 +0000] "GET /wp-includes/?C=D;O=A HTTP/1.1" 200 52987 "https://schoolofgolfnz.co.nz/wp-includes/" "Mozilla/5.0 AppleWebKit/537.36 (KHTML, like Gecko; compatible; GPTBot/1.3; +https://openai.com/gptbot)"
74.7.243.230 - - [31/Mar/2026:12:44:53 +0000] "GET /wp-includes/class-wp-block-parser-block.php HTTP/1.1" 200 - "https://schoolofgolfnz.co.nz/wp-includes/" "Mozilla/5.0 AppleWebKit/537.36 (KHTML, like Gecko; compatible; GPTBot/1.3; +https://openai.com/gptbot)"
74.7.243.230 - - [31/Mar/2026:12:45:01 +0000] "GET /wp-includes/class-wp-locale-switcher.php HTTP/1.1" 200 - "https://schoolofgolfnz.co.nz/wp-includes/" "Mozilla/5.0 AppleWebKit/537.36 (KHTML, like Gecko; compatible; GPTBot/1.3; +https://openai.com/gptbot)"
74.7.243.230 - - [31/Mar/2026:12:45:08 +0000] "GET /wp-includes/class-wp-block-processor.php HTTP/1.1" 200 - "https://schoolofgolfnz.co.nz/wp-includes/" "Mozilla/5.0 AppleWebKit/537.36 (KHTML, like Gecko; compatible; GPTBot/1.3; +https://openai.com/gptbot)"
74.7.243.230 - - [31/Mar/2026:12:45:14 +0000] "GET /wp-includes/class-wp-http-requests-response.php HTTP/1.1" 500 - "https://schoolofgolfnz.co.nz/wp-includes/" "Mozilla/5.0 AppleWebKit/537.36 (KHTML, like Gecko; compatible; GPTBot/1.3; +https://openai.com/gptbot)"
74.7.243.230 - - [31/Mar/2026:12:45:19 +0000] "GET /wp-includes/registration-functions.php HTTP/1.1" 500 - "https://schoolofgolfnz.co.nz/wp-includes/" "Mozilla/5.0 AppleWebKit/537.36 (KHTML, like Gecko; compatible; GPTBot/1.3; +https://openai.com/gptbot)"
74.7.243.230 - - [31/Mar/2026:12:45:35 +0000] "GET /wp-includes/class-wp-session-tokens.php HTTP/1.1" 200 - "https://schoolofgolfnz.co.nz/wp-includes/" "Mozilla/5.0 AppleWebKit/537.36 (KHTML, like Gecko; compatible; GPTBot/1.3; +https://openai.com/gptbot)"
43.153.12.58 - - [31/Mar/2026:12:45:59 +0000] "GET /asdasd/ HTTP/1.1" 200 602 "-" "Mozilla/5.0 (iPhone; CPU iPhone OS 13_2_3 like Mac OS X) AppleWebKit/605.1.15 (KHTML, like Gecko) Version/13.0.3 Mobile/15E148 Safari/604.1"
74.7.243.230 - - [31/Mar/2026:12:46:23 +0000] "GET /wp-includes/class-wp-script-modules.php HTTP/1.1" 200 - "https://schoolofgolfnz.co.nz/wp-includes/" "Mozilla/5.0 AppleWebKit/537.36 (KHTML, like Gecko; compatible; GPTBot/1.3; +https://openai.com/gptbot)"
74.7.243.230 - - [31/Mar/2026:12:47:07 +0000] "GET /wp-includes/?C=S;O=D HTTP/1.1" 200 52987 "https://schoolofgolfnz.co.nz/wp-includes/?C=S;O=A" "Mozilla/5.0 AppleWebKit/537.36 (KHTML, like Gecko; compatible; GPTBot/1.3; +https://openai.com/gptbot)"
91.231.89.125 - - [31/Mar/2026:12:47:18 +0000] "GET / HTTP/1.1" 200 4621 "-" "Mozilla/5.0 (X11; Ubuntu; Linux x86_64; rv:134.0) Gecko/20100101 Firefox/134.0"
199.45.154.150 - - [31/Mar/2026:12:47:43 +0000] "GET / HTTP/1.1" 200 4621 "-" "Mozilla/5.0 (compatible; CensysInspect/1.1; +https://about.censys.io/)"
199.45.154.150 - - [31/Mar/2026:12:47:44 +0000] "GET /cgi-bin HTTP/1.1" 301 250 "-" "Mozilla/5.0 (compatible; CensysInspect/1.1; +https://about.censys.io/)"
199.45.154.150 - - [31/Mar/2026:12:47:45 +0000] "GET /cgi-bin/ HTTP/1.1" 404 - "https://www.node7809.myfcloud.com:443/cgi-bin" "Mozilla/5.0 (compatible; CensysInspect/1.1; +https://about.censys.io/)"
199.45.154.150 - - [31/Mar/2026:12:47:46 +0000] "GET /wp-admin HTTP/1.1" 301 251 "-" "Mozilla/5.0 (compatible; CensysInspect/1.1; +https://about.censys.io/)"
74.7.243.230 - - [31/Mar/2026:12:47:47 +0000] "GET /wp-includes/?C=N;O=A HTTP/1.1" 200 52987 "https://schoolofgolfnz.co.nz/wp-includes/?C=S;O=A" "Mozilla/5.0 AppleWebKit/537.36 (KHTML, like Gecko; compatible; GPTBot/1.3; +https://openai.com/gptbot)"
45.79.238.235 - - [31/Mar/2026:12:47:49 +0000] "POST /wp-cron.php?doing_wp_cron=1774961268.5941760540008544921875 HTTP/1.1" 200 - "-" "WordPress/6.9.4; https://adaptiveweb.co.nz.45-79-238-235.cpanel.site"
199.45.154.150 - - [31/Mar/2026:12:47:48 +0000] "GET /wp-admin/ HTTP/1.1" 302 - "https://www.node7809.myfcloud.com:443/wp-admin" "Mozilla/5.0 (compatible; CensysInspect/1.1; +https://about.censys.io/)"
74.7.230.61 - - [31/Mar/2026:12:47:59 +0000] "GET /robots.txt HTTP/1.1" 200 92 "-" "Mozilla/5.0 (Macintosh; Intel Mac OS X 10_15_7) AppleWebKit/537.36 (KHTML, like Gecko) Chrome/131.0.0.0 Safari/537.36; compatible; OAI-SearchBot/1.3; robots.txt; +https://openai.com/searchbot"
74.7.243.230 - - [31/Mar/2026:12:48:23 +0000] "GET /wp-includes/?C=M;O=D HTTP/1.1" 200 52987 "https://schoolofgolfnz.co.nz/wp-includes/?C=M;O=A" "Mozilla/5.0 AppleWebKit/537.36 (KHTML, like Gecko; compatible; GPTBot/1.3; +https://openai.com/gptbot)"
74.7.243.230 - - [31/Mar/2026:12:48:57 +0000] "GET /wp-includes/?C=D;O=D HTTP/1.1" 200 52987 "https://schoolofgolfnz.co.nz/wp-includes/?C=D;O=A" "Mozilla/5.0 AppleWebKit/537.36 (KHTML, like Gecko; compatible; GPTBot/1.3; +https://openai.com/gptbot)"
156.146.41.66 - - [31/Mar/2026:12:49:12 +0000] "GET / HTTP/1.1" 200 4621 "-" "Mozilla/5.0 (Windows NT 10.0; Win64; x64) AppleWebKit/537.36 (KHTML, like Gecko) Chrome/146.0.0.0 Safari/537.36"
156.146.41.66 - - [31/Mar/2026:12:49:14 +0000] "GET /favicon.ico HTTP/1.1" 404 - "https://qualityprecast.co.nz/" "Mozilla/5.0 (Windows NT 10.0; Win64; x64) AppleWebKit/537.36 (KHTML, like Gecko) Chrome/146.0.0.0 Safari/537.36"
156.146.41.66 - - [31/Mar/2026:12:49:17 +0000] "GET /favicon.ico HTTP/1.1" 404 - "-" "Mozilla/5.0 (X11; Linux x86_64) AppleWebKit/537.36 (KHTML, like Gecko) Chrome/146.0.0.0 Safari/537.36"
156.146.41.66 - - [31/Mar/2026:12:49:18 +0000] "GET /apple-touch-icon.png HTTP/1.1" 404 - "-" "Mozilla/5.0 (X11; Linux x86_64) AppleWebKit/537.36 (KHTML, like Gecko) Chrome/146.0.0.0 Safari/537.36"
74.7.243.230 - - [31/Mar/2026:12:49:26 +0000] "GET /wp-includes/class-wp-simplepie-file.php HTTP/1.1" 500 - "https://schoolofgolfnz.co.nz/wp-includes/" "Mozilla/5.0 AppleWebKit/537.36 (KHTML, like Gecko; compatible; GPTBot/1.3; +https://openai.com/gptbot)"
74.7.243.230 - - [31/Mar/2026:12:49:52 +0000] "GET /wp-includes/class-wp-classic-to-block-menu-converter.php HTTP/1.1" 200 - "https://schoolofgolfnz.co.nz/wp-includes/" "Mozilla/5.0 AppleWebKit/537.36 (KHTML, like Gecko; compatible; GPTBot/1.3; +https://openai.com/gptbot)"
74.7.243.230 - - [31/Mar/2026:12:50:57 +0000] "GET /wp-includes/class-wp-application-passwords.php HTTP/1.1" 200 - "https://schoolofgolfnz.co.nz/wp-includes/" "Mozilla/5.0 AppleWebKit/537.36 (KHTML, like Gecko; compatible; GPTBot/1.3; +https://openai.com/gptbot)"
74.7.243.230 - - [31/Mar/2026:12:51:54 +0000] "GET /wp-includes/class-wp-block-pattern-categories-registry.php HTTP/1.1" 200 - "https://schoolofgolfnz.co.nz/wp-includes/" "Mozilla/5.0 AppleWebKit/537.36 (KHTML, like Gecko; compatible; GPTBot/1.3; +https://openai.com/gptbot)"
216.73.216.60 - - [31/Mar/2026:12:52:32 +0000] "GET /robots.txt HTTP/1.1" 304 - "-" "Mozilla/5.0 AppleWebKit/537.36 (KHTML, like Gecko; compatible; ClaudeBot/1.0; +claudebot@anthropic.com)"
216.73.216.60 - - [31/Mar/2026:12:52:32 +0000] "GET /wp-sitemap.xml HTTP/1.1" 404 - "-" "Mozilla/5.0 AppleWebKit/537.36 (KHTML, like Gecko; compatible; ClaudeBot/1.0; +claudebot@anthropic.com)"
74.7.243.230 - - [31/Mar/2026:12:52:45 +0000] "GET /wp-includes/class-wp-block-editor-context.php HTTP/1.1" 200 - "https://schoolofgolfnz.co.nz/wp-includes/" "Mozilla/5.0 AppleWebKit/537.36 (KHTML, like Gecko; compatible; GPTBot/1.3; +https://openai.com/gptbot)"
74.7.243.230 - - [31/Mar/2026:12:53:32 +0000] "GET /wp-includes/class-wp-paused-extensions-storage.php HTTP/1.1" 200 - "https://schoolofgolfnz.co.nz/wp-includes/" "Mozilla/5.0 AppleWebKit/537.36 (KHTML, like Gecko; compatible; GPTBot/1.3; +https://openai.com/gptbot)"
74.7.243.230 - - [31/Mar/2026:12:54:13 +0000] "GET /wp-includes/class-wp-plugin-dependencies.php HTTP/1.1" 200 - "https://schoolofgolfnz.co.nz/wp-includes/" "Mozilla/5.0 AppleWebKit/537.36 (KHTML, like Gecko; compatible; GPTBot/1.3; +https://openai.com/gptbot)"
74.7.243.230 - - [31/Mar/2026:12:54:51 +0000] "GET /wp-includes/class-wp-block-styles-registry.php HTTP/1.1" 200 - "https://schoolofgolfnz.co.nz/wp-includes/" "Mozilla/5.0 AppleWebKit/537.36 (KHTML, like Gecko; compatible; GPTBot/1.3; +https://openai.com/gptbot)"
100.53.215.233 - - [31/Mar/2026:12:55:04 +0000] "GET / HTTP/1.1" 200 4621 "-" "Mozilla/5.0 (Linux; U; Android 8.0.0; zh-cn; Mi Note 2 Build/OPR1.170623.032) AppleWebKit/537.36 (KHTML, like Gecko) Version/4.0 Chrome/61.0.3163.128 Mobile Safari/537.36 XiaoMi/MiuiBrowser/10.1.1"
74.7.243.230 - - [31/Mar/2026:12:55:25 +0000] "GET /wp-includes/class-wp-block-bindings-source.php HTTP/1.1" 200 - "https://schoolofgolfnz.co.nz/wp-includes/" "Mozilla/5.0 AppleWebKit/537.36 (KHTML, like Gecko; compatible; GPTBot/1.3; +https://openai.com/gptbot)"
74.7.243.230 - - [31/Mar/2026:12:55:57 +0000] "GET /wp-includes/class-wp-admin-bar.php HTTP/1.1" 200 - "https://schoolofgolfnz.co.nz/wp-includes/" "Mozilla/5.0 AppleWebKit/537.36 (KHTML, like Gecko; compatible; GPTBot/1.3; +https://openai.com/gptbot)"
74.7.243.230 - - [31/Mar/2026:12:56:24 +0000] "GET /wp-includes/class-wp-image-editor-gd.php HTTP/1.1" 500 - "https://schoolofgolfnz.co.nz/wp-includes/" "Mozilla/5.0 AppleWebKit/537.36 (KHTML, like Gecko; compatible; GPTBot/1.3; +https://openai.com/gptbot)"
43.165.70.220 - - [31/Mar/2026:12:56:28 +0000] "GET /wp-blog-header.php HTTP/1.1" 404 - "-" "Mozilla/5.0 (iPhone; CPU iPhone OS 13_2_3 like Mac OS X) AppleWebKit/605.1.15 (KHTML, like Gecko) Version/13.0.3 Mobile/15E148 Safari/604.1"
74.7.243.230 - - [31/Mar/2026:12:56:49 +0000] "GET /wp-includes/class-avif-info.php HTTP/1.1" 200 - "https://schoolofgolfnz.co.nz/wp-includes/" "Mozilla/5.0 AppleWebKit/537.36 (KHTML, like Gecko; compatible; GPTBot/1.3; +https://openai.com/gptbot)"
74.7.243.230 - - [31/Mar/2026:12:57:50 +0000] "GET /wp-includes/class-wp-text-diff-renderer-inline.php HTTP/1.1" 500 - "https://schoolofgolfnz.co.nz/wp-includes/" "Mozilla/5.0 AppleWebKit/537.36 (KHTML, like Gecko; compatible; GPTBot/1.3; +https://openai.com/gptbot)"
74.7.243.230 - - [31/Mar/2026:12:58:46 +0000] "GET /wp-includes/class-phpass.php HTTP/1.1" 200 - "https://schoolofgolfnz.co.nz/wp-includes/" "Mozilla/5.0 AppleWebKit/537.36 (KHTML, like Gecko; compatible; GPTBot/1.3; +https://openai.com/gptbot)"
74.7.243.230 - - [31/Mar/2026:12:59:48 +0000] "GET /wp-includes/class-wp-speculation-rules.php HTTP/1.1" 200 - "https://schoolofgolfnz.co.nz/wp-includes/" "Mozilla/5.0 AppleWebKit/537.36 (KHTML, like Gecko; compatible; GPTBot/1.3; +https://openai.com/gptbot)"
74.7.243.230 - - [31/Mar/2026:13:00:44 +0000] "GET /wp-includes/class-wp-recovery-mode-cookie-service.php HTTP/1.1" 200 - "https://schoolofgolfnz.co.nz/wp-includes/" "Mozilla/5.0 AppleWebKit/537.36 (KHTML, like Gecko; compatible; GPTBot/1.3; +https://openai.com/gptbot)"
74.7.243.230 - - [31/Mar/2026:13:01:34 +0000] "GET /wp-includes/class-wp-recovery-mode-email-service.php HTTP/1.1" 200 - "https://schoolofgolfnz.co.nz/wp-includes/" "Mozilla/5.0 AppleWebKit/537.36 (KHTML, like Gecko; compatible; GPTBot/1.3; +https://openai.com/gptbot)"
74.7.243.230 - - [31/Mar/2026:13:02:21 +0000] "GET /wp-includes/error-protection.php HTTP/1.1" 200 - "https://schoolofgolfnz.co.nz/wp-includes/" "Mozilla/5.0 AppleWebKit/537.36 (KHTML, like Gecko; compatible; GPTBot/1.3; +https://openai.com/gptbot)"
74.7.243.230 - - [31/Mar/2026:13:03:03 +0000] "GET /wp-includes/ms-default-constants.php HTTP/1.1" 200 - "https://schoolofgolfnz.co.nz/wp-includes/" "Mozilla/5.0 AppleWebKit/537.36 (KHTML, like Gecko; compatible; GPTBot/1.3; +https://openai.com/gptbot)"
74.7.243.230 - - [31/Mar/2026:13:03:39 +0000] "GET /wp-includes/class-wp-customize-panel.php HTTP/1.1" 200 2 "https://schoolofgolfnz.co.nz/wp-includes/" "Mozilla/5.0 AppleWebKit/537.36 (KHTML, like Gecko; compatible; GPTBot/1.3; +https://openai.com/gptbot)"
74.7.243.230 - - [31/Mar/2026:13:04:14 +0000] "GET /wp-includes/embed-template.php HTTP/1.1" 500 - "https://schoolofgolfnz.co.nz/wp-includes/" "Mozilla/5.0 AppleWebKit/537.36 (KHTML, like Gecko; compatible; GPTBot/1.3; +https://openai.com/gptbot)"
74.7.243.230 - - [31/Mar/2026:13:04:44 +0000] "GET /wp-includes/class-wp-simplepie-sanitize-kses.php HTTP/1.1" 200 2 "https://schoolofgolfnz.co.nz/wp-includes/" "Mozilla/5.0 AppleWebKit/537.36 (KHTML, like Gecko; compatible; GPTBot/1.3; +https://openai.com/gptbot)"
174.89.18.233 - - [31/Mar/2026:13:04:45 +0000] "GET /contact-us/ HTTP/1.1" 404 - "-" "Mozilla/5.0 (X11; Ubuntu; Linux x86_64; rv:114.0) Gecko/20100101 Firefox/114.0"
174.89.18.233 - - [31/Mar/2026:13:04:50 +0000] "GET / HTTP/1.1" 200 4621 "-" "Mozilla/5.0 (X11; Ubuntu; Linux x86_64; rv:114.0) Gecko/20100101 Firefox/114.0"
174.89.18.233 - - [31/Mar/2026:13:04:50 +0000] "GET /?C=N;O=D HTTP/1.1" 200 4621 "https://qualityprecast.co.nz/" "Mozilla/5.0 (X11; Ubuntu; Linux x86_64; rv:114.0) Gecko/20100101 Firefox/114.0"
174.89.18.233 - - [31/Mar/2026:13:04:51 +0000] "GET /xmlrpc.php HTTP/1.1" 405 42 "https://qualityprecast.co.nz/" "Mozilla/5.0 (X11; Ubuntu; Linux x86_64; rv:114.0) Gecko/20100101 Firefox/114.0"
174.89.18.233 - - [31/Mar/2026:13:04:52 +0000] "GET /?C=M;O=A HTTP/1.1" 200 4621 "https://qualityprecast.co.nz/" "Mozilla/5.0 (X11; Ubuntu; Linux x86_64; rv:114.0) Gecko/20100101 Firefox/114.0"
174.89.18.233 - - [31/Mar/2026:13:04:53 +0000] "GET /wp-trackback.php HTTP/1.1" 404 135 "https://qualityprecast.co.nz/" "Mozilla/5.0 (X11; Ubuntu; Linux x86_64; rv:114.0) Gecko/20100101 Firefox/114.0"
174.89.18.233 - - [31/Mar/2026:13:04:54 +0000] "GET /?C=S;O=A HTTP/1.1" 200 4621 "https://qualityprecast.co.nz/" "Mozilla/5.0 (X11; Ubuntu; Linux x86_64; rv:114.0) Gecko/20100101 Firefox/114.0"
174.89.18.233 - - [31/Mar/2026:13:04:55 +0000] "GET /wp-signup.php HTTP/1.1" 302 - "https://qualityprecast.co.nz/" "Mozilla/5.0 (X11; Ubuntu; Linux x86_64; rv:114.0) Gecko/20100101 Firefox/114.0"
174.89.18.233 - - [31/Mar/2026:13:04:56 +0000] "GET /wp-login.php?action=register HTTP/1.1" 302 - "https://qualityprecast.co.nz/" "Mozilla/5.0 (X11; Ubuntu; Linux x86_64; rv:114.0) Gecko/20100101 Firefox/114.0"
174.89.18.233 - - [31/Mar/2026:13:04:57 +0000] "GET /wp-login.php?registration=disabled HTTP/1.1" 200 5773 "https://adaptiveweb.co.nz.45-79-238-235.cpanel.site/wp-login.php?action=register" "Mozilla/5.0 (X11; Ubuntu; Linux x86_64; rv:114.0) Gecko/20100101 Firefox/114.0"
174.89.18.233 - - [31/Mar/2026:13:04:57 +0000] "GET /?C=D;O=A HTTP/1.1" 200 4621 "https://qualityprecast.co.nz/" "Mozilla/5.0 (X11; Ubuntu; Linux x86_64; rv:114.0) Gecko/20100101 Firefox/114.0"
174.89.18.233 - - [31/Mar/2026:13:04:58 +0000] "GET /wp-settings.php HTTP/1.1" 500 - "https://qualityprecast.co.nz/" "Mozilla/5.0 (X11; Ubuntu; Linux x86_64; rv:114.0) Gecko/20100101 Firefox/114.0"
174.89.18.233 - - [31/Mar/2026:13:04:59 +0000] "GET /asdasd/ HTTP/1.1" 200 602 "https://qualityprecast.co.nz/" "Mozilla/5.0 (X11; Ubuntu; Linux x86_64; rv:114.0) Gecko/20100101 Firefox/114.0"
174.89.18.233 - - [31/Mar/2026:13:04:59 +0000] "GET /wp-mail.php HTTP/1.1" 403 2520 "https://qualityprecast.co.nz/" "Mozilla/5.0 (X11; Ubuntu; Linux x86_64; rv:114.0) Gecko/20100101 Firefox/114.0"
174.89.18.233 - - [31/Mar/2026:13:05:00 +0000] "GET /cgi-bin/ HTTP/1.1" 404 - "https://qualityprecast.co.nz/" "Mozilla/5.0 (X11; Ubuntu; Linux x86_64; rv:114.0) Gecko/20100101 Firefox/114.0"
174.89.18.233 - - [31/Mar/2026:13:05:01 +0000] "GET /wp-login.php HTTP/1.1" 200 5581 "https://qualityprecast.co.nz/" "Mozilla/5.0 (X11; Ubuntu; Linux x86_64; rv:114.0) Gecko/20100101 Firefox/114.0"
174.89.18.233 - - [31/Mar/2026:13:05:02 +0000] "GET /google79ea90e038e6acd3.html HTTP/1.1" 200 53 "https://qualityprecast.co.nz/" "Mozilla/5.0 (X11; Ubuntu; Linux x86_64; rv:114.0) Gecko/20100101 Firefox/114.0"
174.89.18.233 - - [31/Mar/2026:13:05:05 +0000] "GET /wp-load.php HTTP/1.1" 200 - "https://qualityprecast.co.nz/" "Mozilla/5.0 (X11; Ubuntu; Linux x86_64; rv:114.0) Gecko/20100101 Firefox/114.0"
174.89.18.233 - - [31/Mar/2026:13:05:07 +0000] "GET /index.php1 HTTP/1.1" 403 15 "https://qualityprecast.co.nz/" "Mozilla/5.0 (X11; Ubuntu; Linux x86_64; rv:114.0) Gecko/20100101 Firefox/114.0"
174.89.18.233 - - [31/Mar/2026:13:05:08 +0000] "GET /wp-links-opml.php HTTP/1.1" 200 222 "https://qualityprecast.co.nz/" "Mozilla/5.0 (X11; Ubuntu; Linux x86_64; rv:114.0) Gecko/20100101 Firefox/114.0"
174.89.18.233 - - [31/Mar/2026:13:05:10 +0000] "GET /license.txt HTTP/1.1" 200 19903 "https://qualityprecast.co.nz/" "Mozilla/5.0 (X11; Ubuntu; Linux x86_64; rv:114.0) Gecko/20100101 Firefox/114.0"
174.89.18.233 - - [31/Mar/2026:13:05:11 +0000] "GET /wp-includes/ HTTP/1.1" 200 52987 "https://qualityprecast.co.nz/" "Mozilla/5.0 (X11; Ubuntu; Linux x86_64; rv:114.0) Gecko/20100101 Firefox/114.0"
174.89.18.233 - - [31/Mar/2026:13:05:12 +0000] "GET /readme.html HTTP/1.1" 200 7425 "https://qualityprecast.co.nz/" "Mozilla/5.0 (X11; Ubuntu; Linux x86_64; rv:114.0) Gecko/20100101 Firefox/114.0"
174.89.18.233 - - [31/Mar/2026:13:05:14 +0000] "GET /wp-cron.php HTTP/1.1" 200 - "https://qualityprecast.co.nz/" "Mozilla/5.0 (X11; Ubuntu; Linux x86_64; rv:114.0) Gecko/20100101 Firefox/114.0"
174.89.18.233 - - [31/Mar/2026:13:05:15 +0000] "GET /robots.txt HTTP/1.1" 200 92 "https://qualityprecast.co.nz/" "Mozilla/5.0 (X11; Ubuntu; Linux x86_64; rv:114.0) Gecko/20100101 Firefox/114.0"
174.89.18.233 - - [31/Mar/2026:13:05:16 +0000] "GET /wp-config.php HTTP/1.1" 403 4170 "https://qualityprecast.co.nz/" "Mozilla/5.0 (X11; Ubuntu; Linux x86_64; rv:114.0) Gecko/20100101 Firefox/114.0"
43.155.162.41 - - [31/Mar/2026:13:05:16 +0000] "GET /wp-links-opml.php HTTP/1.1" 200 222 "-" "Mozilla/5.0 (iPhone; CPU iPhone OS 13_2_3 like Mac OS X) AppleWebKit/605.1.15 (KHTML, like Gecko) Version/13.0.3 Mobile/15E148 Safari/604.1"
174.89.18.233 - - [31/Mar/2026:13:05:17 +0000] "GET /wp-activate.php HTTP/1.1" 302 - "https://qualityprecast.co.nz/" "Mozilla/5.0 (X11; Ubuntu; Linux x86_64; rv:114.0) Gecko/20100101 Firefox/114.0"
174.89.18.233 - - [31/Mar/2026:13:05:18 +0000] "GET /wp-login.php?action=register HTTP/1.1" 302 - "https://qualityprecast.co.nz/" "Mozilla/5.0 (X11; Ubuntu; Linux x86_64; rv:114.0) Gecko/20100101 Firefox/114.0"
174.89.18.233 - - [31/Mar/2026:13:05:19 +0000] "GET /wp-login.php?registration=disabled HTTP/1.1" 200 5773 "https://adaptiveweb.co.nz.45-79-238-235.cpanel.site/wp-login.php?action=register" "Mozilla/5.0 (X11; Ubuntu; Linux x86_64; rv:114.0) Gecko/20100101 Firefox/114.0"
174.89.18.233 - - [31/Mar/2026:13:05:19 +0000] "GET /wp-config-sample.php HTTP/1.1" 500 2431 "https://qualityprecast.co.nz/" "Mozilla/5.0 (X11; Ubuntu; Linux x86_64; rv:114.0) Gecko/20100101 Firefox/114.0"
174.89.18.233 - - [31/Mar/2026:13:05:20 +0000] "GET /wp-admin/ HTTP/1.1" 302 - "https://qualityprecast.co.nz/" "Mozilla/5.0 (X11; Ubuntu; Linux x86_64; rv:114.0) Gecko/20100101 Firefox/114.0"
174.89.18.233 - - [31/Mar/2026:13:05:21 +0000] "GET /wp-login.php?redirect_to=https%3A%2F%2Fqualityprecast.co.nz%2Fwp-admin%2F&reauth=1 HTTP/1.1" 200 5558 "https://qualityprecast.co.nz/" "Mozilla/5.0 (X11; Ubuntu; Linux x86_64; rv:114.0) Gecko/20100101 Firefox/114.0"
174.89.18.233 - - [31/Mar/2026:13:05:22 +0000] "GET /wp-comments-post.php HTTP/1.1" 405 - "https://qualityprecast.co.nz/" "Mozilla/5.0 (X11; Ubuntu; Linux x86_64; rv:114.0) Gecko/20100101 Firefox/114.0"
174.89.18.233 - - [31/Mar/2026:13:05:23 +0000] "GET /wp-blog-header.php HTTP/1.1" 404 - "https://qualityprecast.co.nz/" "Mozilla/5.0 (X11; Ubuntu; Linux x86_64; rv:114.0) Gecko/20100101 Firefox/114.0"
74.7.243.230 - - [31/Mar/2026:13:05:44 +0000] "GET /wp-includes/class-wp-recovery-mode-link-service.php HTTP/1.1" 200 - "https://schoolofgolfnz.co.nz/wp-includes/" "Mozilla/5.0 AppleWebKit/537.36 (KHTML, like Gecko; compatible; GPTBot/1.3; +https://openai.com/gptbot)"
74.7.243.230 - - [31/Mar/2026:13:06:42 +0000] "GET /wp-includes/class-phpmailer.php HTTP/1.1" 200 - "https://schoolofgolfnz.co.nz/wp-includes/" "Mozilla/5.0 AppleWebKit/537.36 (KHTML, like Gecko; compatible; GPTBot/1.3; +https://openai.com/gptbot)"
5.9.50.77 - - [31/Mar/2026:13:06:56 +0000] "GET / HTTP/1.1" 200 4621 "-" "Mozilla/5.0 (Macintosh; Intel Mac OS X 10_15_7) AppleWebKit/537.36 (KHTML, like Gecko) Chrome/120.0.0.0 Safari/537.36"
74.7.243.230 - - [31/Mar/2026:13:07:32 +0000] "GET /wp-includes/class-wp-site.php HTTP/1.1" 200 - "https://schoolofgolfnz.co.nz/wp-includes/" "Mozilla/5.0 AppleWebKit/537.36 (KHTML, like Gecko; compatible; GPTBot/1.3; +https://openai.com/gptbot)"
74.7.243.230 - - [31/Mar/2026:13:08:16 +0000] "GET /wp-includes/class-wp-http.php HTTP/1.1" 200 2 "https://schoolofgolfnz.co.nz/wp-includes/" "Mozilla/5.0 AppleWebKit/537.36 (KHTML, like Gecko; compatible; GPTBot/1.3; +https://openai.com/gptbot)"
74.7.243.230 - - [31/Mar/2026:13:08:56 +0000] "GET /wp-includes/class-wp-widget-factory.php HTTP/1.1" 200 - "https://schoolofgolfnz.co.nz/wp-includes/" "Mozilla/5.0 AppleWebKit/537.36 (KHTML, like Gecko; compatible; GPTBot/1.3; +https://openai.com/gptbot)"
74.7.243.230 - - [31/Mar/2026:13:09:33 +0000] "GET /wp-includes/class-wp-block-template.php HTTP/1.1" 200 - "https://schoolofgolfnz.co.nz/wp-includes/" "Mozilla/5.0 AppleWebKit/537.36 (KHTML, like Gecko; compatible; GPTBot/1.3; +https://openai.com/gptbot)"
74.7.243.230 - - [31/Mar/2026:13:10:07 +0000] "GET /wp-includes/class-wp-block-supports.php HTTP/1.1" 200 - "https://schoolofgolfnz.co.nz/wp-includes/" "Mozilla/5.0 AppleWebKit/537.36 (KHTML, like Gecko; compatible; GPTBot/1.3; +https://openai.com/gptbot)"
74.7.243.230 - - [31/Mar/2026:13:10:36 +0000] "GET /wp-includes/class-wp-post-type.php HTTP/1.1" 200 - "https://schoolofgolfnz.co.nz/wp-includes/" "Mozilla/5.0 AppleWebKit/537.36 (KHTML, like Gecko; compatible; GPTBot/1.3; +https://openai.com/gptbot)"
146.70.59.147 - - [31/Mar/2026:13:10:58 +0000] "GET / HTTP/1.1" 200 4621 "-" "Mozilla/5.0 (X11; Linux x86_64) AppleWebKit/537.36 (KHTML, like Gecko) Chrome/137.0.0.0 Safari/537.36"
146.70.59.147 - - [31/Mar/2026:13:10:58 +0000] "GET /favicon.ico HTTP/1.1" 404 - "-" "Mozilla/5.0 (X11; Linux x86_64) AppleWebKit/537.36 (KHTML, like Gecko) Chrome/136.0.0.0 Safari/537.36"
74.7.243.230 - - [31/Mar/2026:13:11:03 +0000] "GET /wp-includes/class-wp-xmlrpc-server.php HTTP/1.1" 500 - "https://schoolofgolfnz.co.nz/wp-includes/" "Mozilla/5.0 AppleWebKit/537.36 (KHTML, like Gecko; compatible; GPTBot/1.3; +https://openai.com/gptbot)"
74.7.243.230 - - [31/Mar/2026:13:11:28 +0000] "GET /wp-includes/class-wp-http-response.php HTTP/1.1" 200 - "https://schoolofgolfnz.co.nz/wp-includes/" "Mozilla/5.0 AppleWebKit/537.36 (KHTML, like Gecko; compatible; GPTBot/1.3; +https://openai.com/gptbot)"
74.7.243.230 - - [31/Mar/2026:13:12:33 +0000] "GET /wp-includes/class-wp-ajax-response.php HTTP/1.1" 200 - "https://schoolofgolfnz.co.nz/wp-includes/" "Mozilla/5.0 AppleWebKit/537.36 (KHTML, like Gecko; compatible; GPTBot/1.3; +https://openai.com/gptbot)"
74.7.243.230 - - [31/Mar/2026:13:13:27 +0000] "GET /wp-includes/class-wp-http-requests-hooks.php HTTP/1.1" 500 - "https://schoolofgolfnz.co.nz/wp-includes/" "Mozilla/5.0 AppleWebKit/537.36 (KHTML, like Gecko; compatible; GPTBot/1.3; +https://openai.com/gptbot)"
74.7.243.230 - - [31/Mar/2026:13:14:18 +0000] "GET /wp-includes/class-wp-customize-nav-menus.php HTTP/1.1" 200 - "https://schoolofgolfnz.co.nz/wp-includes/" "Mozilla/5.0 AppleWebKit/537.36 (KHTML, like Gecko; compatible; GPTBot/1.3; +https://openai.com/gptbot)"
43.157.50.58 - - [31/Mar/2026:13:15:18 +0000] "GET /xmlrpc.php HTTP/1.1" 405 42 "-" "Mozilla/5.0 (iPhone; CPU iPhone OS 13_2_3 like Mac OS X) AppleWebKit/605.1.15 (KHTML, like Gecko) Version/13.0.3 Mobile/15E148 Safari/604.1"
74.7.243.230 - - [31/Mar/2026:13:15:20 +0000] "GET /wp-includes/class-walker-nav-menu.php HTTP/1.1" 500 - "https://schoolofgolfnz.co.nz/wp-includes/" "Mozilla/5.0 AppleWebKit/537.36 (KHTML, like Gecko; compatible; GPTBot/1.3; +https://openai.com/gptbot)"
74.7.243.230 - - [31/Mar/2026:13:16:19 +0000] "GET /wp-includes/spl-autoload-compat.php HTTP/1.1" 500 - "https://schoolofgolfnz.co.nz/wp-includes/" "Mozilla/5.0 AppleWebKit/537.36 (KHTML, like Gecko; compatible; GPTBot/1.3; +https://openai.com/gptbot)"
74.7.243.230 - - [31/Mar/2026:13:17:22 +0000] "GET /wp-includes/class-wp-embed.php HTTP/1.1" 200 - "https://schoolofgolfnz.co.nz/wp-includes/" "Mozilla/5.0 AppleWebKit/537.36 (KHTML, like Gecko; compatible; GPTBot/1.3; +https://openai.com/gptbot)"
74.7.243.230 - - [31/Mar/2026:13:18:22 +0000] "GET /wp-includes/class-wp-block-parser-frame.php HTTP/1.1" 200 - "https://schoolofgolfnz.co.nz/wp-includes/" "Mozilla/5.0 AppleWebKit/537.36 (KHTML, like Gecko; compatible; GPTBot/1.3; +https://openai.com/gptbot)"
15.204.12.43 - - [31/Mar/2026:13:18:49 +0000] "GET /wp-content/plugins/cidaas-pro-master/composer.json HTTP/1.1" 404 - "-" "Mozilla/5.0 (Windows NT 10.0; Win64; x64) AppleWebKit/537.36 (KHTML, like Gecko) Chrome/127.0.0.0 Safari/537.36"
15.204.12.43 - - [31/Mar/2026:13:18:51 +0000] "GET /ss.php?c_c HTTP/1.1" 404 16 "-" "Mozilla/5.0 (Windows NT 10.0; Win64; x64) AppleWebKit/537.36 (KHTML, like Gecko) Chrome/127.0.0.0 Safari/537.36"
74.7.243.230 - - [31/Mar/2026:13:19:17 +0000] "GET /wp-admin/update-core.php HTTP/1.1" 302 - "https://schoolofgolfnz.co.nz/readme.html" "Mozilla/5.0 AppleWebKit/537.36 (KHTML, like Gecko; compatible; GPTBot/1.3; +https://openai.com/gptbot)"
74.7.227.1 - - [31/Mar/2026:13:19:23 +0000] "GET /wp-login.php?reauth=1&redirect_to=https%3A%2F%2Fschoolofgolfnz.co.nz%2Fwp-admin%2Fupdate-core.php HTTP/1.1" 200 5573 "https://schoolofgolfnz.co.nz" "Mozilla/5.0 AppleWebKit/537.36 (KHTML, like Gecko; compatible; GPTBot/1.3; +https://openai.com/gptbot)"
74.7.230.56 - - [31/Mar/2026:13:19:33 +0000] "GET /robots.txt HTTP/1.1" 304 - "-" "Mozilla/5.0 (Macintosh; Intel Mac OS X 10_15_7) AppleWebKit/537.36 (KHTML, like Gecko) Chrome/131.0.0.0 Safari/537.36; compatible; OAI-SearchBot/1.3; robots.txt; +https://openai.com/searchbot"
74.7.243.230 - - [31/Mar/2026:13:20:09 +0000] "GET /wp-includes/block-template-utils.php HTTP/1.1" 200 - "https://schoolofgolfnz.co.nz/wp-includes/" "Mozilla/5.0 AppleWebKit/537.36 (KHTML, like Gecko; compatible; GPTBot/1.3; +https://openai.com/gptbot)"
74.7.243.230 - - [31/Mar/2026:13:20:53 +0000] "GET /wp-includes/class-wp-matchesmapregex.php HTTP/1.1" 200 - "https://schoolofgolfnz.co.nz/wp-includes/" "Mozilla/5.0 AppleWebKit/537.36 (KHTML, like Gecko; compatible; GPTBot/1.3; +https://openai.com/gptbot)"
74.7.243.230 - - [31/Mar/2026:13:21:35 +0000] "GET /wp-includes/class-wp-metadata-lazyloader.php HTTP/1.1" 200 - "https://schoolofgolfnz.co.nz/wp-includes/" "Mozilla/5.0 AppleWebKit/537.36 (KHTML, like Gecko; compatible; GPTBot/1.3; +https://openai.com/gptbot)"
74.7.243.230 - - [31/Mar/2026:13:22:13 +0000] "GET /wp-includes/class-wp-navigation-fallback.php HTTP/1.1" 200 - "https://schoolofgolfnz.co.nz/wp-includes/" "Mozilla/5.0 AppleWebKit/537.36 (KHTML, like Gecko; compatible; GPTBot/1.3; +https://openai.com/gptbot)"
74.7.243.230 - - [31/Mar/2026:13:22:45 +0000] "GET /wp-includes/pluggable-deprecated.php HTTP/1.1" 200 - "https://schoolofgolfnz.co.nz/wp-includes/" "Mozilla/5.0 AppleWebKit/537.36 (KHTML, like Gecko; compatible; GPTBot/1.3; +https://openai.com/gptbot)"
74.7.243.230 - - [31/Mar/2026:13:23:16 +0000] "GET /wp-admin/import.php HTTP/1.1" 302 - "https://schoolofgolfnz.co.nz/readme.html" "Mozilla/5.0 AppleWebKit/537.36 (KHTML, like Gecko; compatible; GPTBot/1.3; +https://openai.com/gptbot)"
74.7.227.1 - - [31/Mar/2026:13:23:20 +0000] "GET /wp-login.php?reauth=1&redirect_to=https%3A%2F%2Fschoolofgolfnz.co.nz%2Fwp-admin%2Fimport.php HTTP/1.1" 200 5568 "https://schoolofgolfnz.co.nz" "Mozilla/5.0 AppleWebKit/537.36 (KHTML, like Gecko; compatible; GPTBot/1.3; +https://openai.com/gptbot)"
74.7.243.230 - - [31/Mar/2026:13:23:42 +0000] "GET /wp-includes/html-api/ HTTP/1.1" 200 3467 "https://schoolofgolfnz.co.nz/wp-includes/" "Mozilla/5.0 AppleWebKit/537.36 (KHTML, like Gecko; compatible; GPTBot/1.3; +https://openai.com/gptbot)"
74.7.243.230 - - [31/Mar/2026:13:24:06 +0000] "GET /wp-includes/class-wp-customize-widgets.php HTTP/1.1" 200 - "https://schoolofgolfnz.co.nz/wp-includes/" "Mozilla/5.0 AppleWebKit/537.36 (KHTML, like Gecko; compatible; GPTBot/1.3; +https://openai.com/gptbot)"
77.83.39.82 - - [31/Mar/2026:13:24:22 +0000] "GET /.git/config HTTP/1.1" 404 - "-" "Mozilla/5.0 (Macintosh; Intel Mac OS X 10_13_6) AppleWebKit/605.1.15 (KHTML, like Gecko) Version/12.0.1 Safari/605.1.15"
74.7.243.230 - - [31/Mar/2026:13:24:28 +0000] "GET /wp-includes/class-wp-customize-section.php HTTP/1.1" 500 - "https://schoolofgolfnz.co.nz/wp-includes/" "Mozilla/5.0 AppleWebKit/537.36 (KHTML, like Gecko; compatible; GPTBot/1.3; +https://openai.com/gptbot)"
74.7.243.230 - - [31/Mar/2026:13:24:47 +0000] "GET /wp-includes/class-wp-customize-manager.php HTTP/1.1" 200 - "https://schoolofgolfnz.co.nz/wp-includes/" "Mozilla/5.0 AppleWebKit/537.36 (KHTML, like Gecko; compatible; GPTBot/1.3; +https://openai.com/gptbot)"
74.7.243.230 - - [31/Mar/2026:13:25:47 +0000] "GET /wp-includes/class-wp-oembed-controller.php HTTP/1.1" 200 - "https://schoolofgolfnz.co.nz/wp-includes/" "Mozilla/5.0 AppleWebKit/537.36 (KHTML, like Gecko; compatible; GPTBot/1.3; +https://openai.com/gptbot)"
43.165.67.57 - - [31/Mar/2026:13:26:16 +0000] "GET /wp-admin/upgrade.php HTTP/1.1" 200 1413 "-" "Mozilla/5.0 (iPhone; CPU iPhone OS 13_2_3 like Mac OS X) AppleWebKit/605.1.15 (KHTML, like Gecko) Version/13.0.3 Mobile/15E148 Safari/604.1"
74.7.243.230 - - [31/Mar/2026:13:26:42 +0000] "GET /wp-includes/class-wp-customize-setting.php HTTP/1.1" 200 2 "https://schoolofgolfnz.co.nz/wp-includes/" "Mozilla/5.0 AppleWebKit/537.36 (KHTML, like Gecko; compatible; GPTBot/1.3; +https://openai.com/gptbot)"
74.7.243.230 - - [31/Mar/2026:13:27:28 +0000] "GET /asdasd/ HTTP/1.1" 200 602 "https://schoolofgolfnz.co.nz/" "Mozilla/5.0 AppleWebKit/537.36 (KHTML, like Gecko; compatible; GPTBot/1.3; +https://openai.com/gptbot)"
74.7.243.230 - - [31/Mar/2026:13:28:10 +0000] "GET /wp-admin/upgrade.php HTTP/1.1" 200 1413 "https://schoolofgolfnz.co.nz/readme.html" "Mozilla/5.0 AppleWebKit/537.36 (KHTML, like Gecko; compatible; GPTBot/1.3; +https://openai.com/gptbot)"
51.68.111.243 - - [31/Mar/2026:13:28:14 +0000] "GET /robots.txt HTTP/1.1" 304 - "-" "Mozilla/5.0 (compatible; MJ12bot/v2.0.5; http://mj12bot.com/)"
51.68.111.243 - - [31/Mar/2026:13:28:14 +0000] "GET / HTTP/1.1" 200 4621 "-" "Mozilla/5.0 (compatible; MJ12bot/v2.0.5; http://mj12bot.com/)"
74.7.227.1 - - [31/Mar/2026:13:28:16 +0000] "GET /wp-admin/css/forms.min.css?ver=6.9.4 HTTP/1.1" 200 28422 "https://schoolofgolfnz.co.nz" "Mozilla/5.0 AppleWebKit/537.36 (KHTML, like Gecko; compatible; GPTBot/1.3; +https://openai.com/gptbot)"
74.7.227.1 - - [31/Mar/2026:13:28:18 +0000] "GET /wp-admin/css/install.min.css?ver=6.9.4 HTTP/1.1" 200 5040 "https://schoolofgolfnz.co.nz" "Mozilla/5.0 AppleWebKit/537.36 (KHTML, like Gecko; compatible; GPTBot/1.3; +https://openai.com/gptbot)"
74.7.227.1 - - [31/Mar/2026:13:28:21 +0000] "GET /wp-includes/css/buttons.min.css?ver=6.9.4 HTTP/1.1" 200 6061 "https://schoolofgolfnz.co.nz" "Mozilla/5.0 AppleWebKit/537.36 (KHTML, like Gecko; compatible; GPTBot/1.3; +https://openai.com/gptbot)"
74.7.227.1 - - [31/Mar/2026:13:28:22 +0000] "GET /wp-admin/css/l10n.min.css?ver=6.9.4 HTTP/1.1" 200 3200 "https://schoolofgolfnz.co.nz" "Mozilla/5.0 AppleWebKit/537.36 (KHTML, like Gecko; compatible; GPTBot/1.3; +https://openai.com/gptbot)"
74.7.227.1 - - [31/Mar/2026:13:28:24 +0000] "GET /wp-includes/css/dashicons.min.css?ver=6.9.4 HTTP/1.1" 304 - "https://schoolofgolfnz.co.nz" "Mozilla/5.0 AppleWebKit/537.36 (KHTML, like Gecko; compatible; GPTBot/1.3; +https://openai.com/gptbot)"
15.204.12.43 - - [31/Mar/2026:13:28:35 +0000] "GET /ss.php?c_c HTTP/1.1" 404 16 "-" "Mozilla/5.0 (Windows NT 10.0; Win64; x64) AppleWebKit/537.36 (KHTML, like Gecko) Chrome/127.0.0.0 Safari/537.36"
15.204.12.43 - - [31/Mar/2026:13:28:37 +0000] "GET /wp-content/plugins/cidaas-pro-master/composer.json HTTP/1.1" 404 - "-" "Mozilla/5.0 (Windows NT 10.0; Win64; x64) AppleWebKit/537.36 (KHTML, like Gecko) Chrome/127.0.0.0 Safari/537.36"
74.7.243.230 - - [31/Mar/2026:13:28:48 +0000] "GET /wp-includes/class-wp-role.php HTTP/1.1" 200 - "https://schoolofgolfnz.co.nz/wp-includes/" "Mozilla/5.0 AppleWebKit/537.36 (KHTML, like Gecko; compatible; GPTBot/1.3; +https://openai.com/gptbot)"
74.7.227.1 - - [31/Mar/2026:13:29:04 +0000] "GET /wp-admin/images/spinner-2x.gif HTTP/1.1" 200 7536 "https://adaptiveweb.co.nz.45-79-238-235.cpanel.site/wp-admin/css/install.min.css?ver=6.9.4" "Mozilla/5.0 AppleWebKit/537.36 (KHTML, like Gecko; compatible; GPTBot/1.3; +https://openai.com/gptbot)"
78.153.140.43 - - [31/Mar/2026:13:29:17 +0000] "GET /.env HTTP/1.1" 404 - "-" "Mozilla/5.0 (Windows NT 10.0; Win64; x64) AppleWebKit/537.36 (KHTML, like Gecko) Chrome/116.0.5845.140 Safari/537.36"
78.153.140.43 - - [31/Mar/2026:13:29:18 +0000] "POST / HTTP/1.1" 404 - "-" "Mozilla/5.0 (Windows NT 10.0; Win64; x64) AppleWebKit/537.36 (KHTML, like Gecko) Chrome/116.0.5845.140 Safari/537.36"
74.7.243.230 - - [31/Mar/2026:13:29:23 +0000] "GET /wp-includes/class-wp-term.php HTTP/1.1" 200 - "https://schoolofgolfnz.co.nz/wp-includes/" "Mozilla/5.0 AppleWebKit/537.36 (KHTML, like Gecko; compatible; GPTBot/1.3; +https://openai.com/gptbot)"
74.7.227.1 - - [31/Mar/2026:13:29:39 +0000] "GET /wp-includes/fonts/dashicons.eot?99ac726223c749443b642ce33df8b800 HTTP/1.1" 200 56564 "https://adaptiveweb.co.nz.45-79-238-235.cpanel.site/wp-includes/css/dashicons.min.css?ver=6.9.4" "Mozilla/5.0 AppleWebKit/537.36 (KHTML, like Gecko; compatible; GPTBot/1.3; +https://openai.com/gptbot)"
4.193.168.228 - - [31/Mar/2026:13:29:42 +0000] "GET /100.php HTTP/1.1" 404 16 "-" "Mozilla/5.0 (Windows NT 10.0; Win64; x64) AppleWebKit/537.36 (KHTML, like Gecko) Chrome/120.0.0.0 Safari/537.36"
4.193.168.228 - - [31/Mar/2026:13:29:42 +0000] "GET /7.php HTTP/1.1" 404 16 "-" "Mozilla/5.0 (Windows NT 10.0; Win64; x64) AppleWebKit/537.36 (KHTML, like Gecko) Chrome/120.0.0.0 Safari/537.36"
4.193.168.228 - - [31/Mar/2026:13:29:42 +0000] "GET /aa.php HTTP/1.1" 404 16 "-" "Mozilla/5.0 (Windows NT 10.0; Win64; x64) AppleWebKit/537.36 (KHTML, like Gecko) Chrome/120.0.0.0 Safari/537.36"
4.193.168.228 - - [31/Mar/2026:13:29:42 +0000] "GET /wp.php HTTP/1.1" 404 16 "-" "Mozilla/5.0 (Windows NT 10.0; Win64; x64) AppleWebKit/537.36 (KHTML, like Gecko) Chrome/120.0.0.0 Safari/537.36"
4.193.168.228 - - [31/Mar/2026:13:29:42 +0000] "GET /chosen.php HTTP/1.1" 403 4170 "-" "Mozilla/5.0 (Windows NT 10.0; Win64; x64) AppleWebKit/537.36 (KHTML, like Gecko) Chrome/120.0.0.0 Safari/537.36"
4.193.168.228 - - [31/Mar/2026:13:29:43 +0000] "GET /abcd.php HTTP/1.1" 404 16 "-" "Mozilla/5.0 (Windows NT 10.0; Win64; x64) AppleWebKit/537.36 (KHTML, like Gecko) Chrome/120.0.0.0 Safari/537.36"
4.193.168.228 - - [31/Mar/2026:13:29:43 +0000] "GET /as.php HTTP/1.1" 404 16 "-" "Mozilla/5.0 (Windows NT 10.0; Win64; x64) AppleWebKit/537.36 (KHTML, like Gecko) Chrome/120.0.0.0 Safari/537.36"
4.193.168.228 - - [31/Mar/2026:13:29:43 +0000] "GET /2.php HTTP/1.1" 404 16 "-" "Mozilla/5.0 (Windows NT 10.0; Win64; x64) AppleWebKit/537.36 (KHTML, like Gecko) Chrome/120.0.0.0 Safari/537.36"
4.193.168.228 - - [31/Mar/2026:13:29:43 +0000] "GET /abc.php HTTP/1.1" 404 16 "-" "Mozilla/5.0 (Windows NT 10.0; Win64; x64) AppleWebKit/537.36 (KHTML, like Gecko) Chrome/120.0.0.0 Safari/537.36"
4.193.168.228 - - [31/Mar/2026:13:29:43 +0000] "GET /about.php HTTP/1.1" 404 16 "-" "Mozilla/5.0 (Windows NT 10.0; Win64; x64) AppleWebKit/537.36 (KHTML, like Gecko) Chrome/120.0.0.0 Safari/537.36"
4.193.168.228 - - [31/Mar/2026:13:29:43 +0000] "GET /0x.php HTTP/1.1" 404 16 "-" "Mozilla/5.0 (Windows NT 10.0; Win64; x64) AppleWebKit/537.36 (KHTML, like Gecko) Chrome/120.0.0.0 Safari/537.36"
4.193.168.228 - - [31/Mar/2026:13:29:43 +0000] "GET /fff.php HTTP/1.1" 404 16 "-" "Mozilla/5.0 (Windows NT 10.0; Win64; x64) AppleWebKit/537.36 (KHTML, like Gecko) Chrome/120.0.0.0 Safari/537.36"
4.193.168.228 - - [31/Mar/2026:13:29:43 +0000] "GET /ff1.php HTTP/1.1" 404 16 "-" "Mozilla/5.0 (Windows NT 10.0; Win64; x64) AppleWebKit/537.36 (KHTML, like Gecko) Chrome/120.0.0.0 Safari/537.36"
4.193.168.228 - - [31/Mar/2026:13:29:43 +0000] "GET /wp-themes.php HTTP/1.1" 404 16 "-" "Mozilla/5.0 (Windows NT 10.0; Win64; x64) AppleWebKit/537.36 (KHTML, like Gecko) Chrome/120.0.0.0 Safari/537.36"
4.193.168.228 - - [31/Mar/2026:13:29:44 +0000] "GET /adminfuns.php HTTP/1.1" 404 16 "-" "Mozilla/5.0 (Windows NT 10.0; Win64; x64) AppleWebKit/537.36 (KHTML, like Gecko) Chrome/120.0.0.0 Safari/537.36"
4.193.168.228 - - [31/Mar/2026:13:29:44 +0000] "GET /class-t.api.php HTTP/1.1" 403 4170 "-" "Mozilla/5.0 (Windows NT 10.0; Win64; x64) AppleWebKit/537.36 (KHTML, like Gecko) Chrome/120.0.0.0 Safari/537.36"
4.193.168.228 - - [31/Mar/2026:13:29:44 +0000] "GET /content.php HTTP/1.1" 404 16 "-" "Mozilla/5.0 (Windows NT 10.0; Win64; x64) AppleWebKit/537.36 (KHTML, like Gecko) Chrome/120.0.0.0 Safari/537.36"
4.193.168.228 - - [31/Mar/2026:13:29:44 +0000] "GET /r.php HTTP/1.1" 404 16 "-" "Mozilla/5.0 (Windows NT 10.0; Win64; x64) AppleWebKit/537.36 (KHTML, like Gecko) Chrome/120.0.0.0 Safari/537.36"
4.193.168.228 - - [31/Mar/2026:13:29:44 +0000] "GET /w.php HTTP/1.1" 404 16 "-" "Mozilla/5.0 (Windows NT 10.0; Win64; x64) AppleWebKit/537.36 (KHTML, like Gecko) Chrome/120.0.0.0 Safari/537.36"
4.193.168.228 - - [31/Mar/2026:13:29:44 +0000] "GET /classwithtostring.php HTTP/1.1" 404 16 "-" "Mozilla/5.0 (Windows NT 10.0; Win64; x64) AppleWebKit/537.36 (KHTML, like Gecko) Chrome/120.0.0.0 Safari/537.36"
4.193.168.228 - - [31/Mar/2026:13:29:44 +0000] "GET /edit.php HTTP/1.1" 404 16 "-" "Mozilla/5.0 (Windows NT 10.0; Win64; x64) AppleWebKit/537.36 (KHTML, like Gecko) Chrome/120.0.0.0 Safari/537.36"
4.193.168.228 - - [31/Mar/2026:13:29:44 +0000] "GET /wp-blog.php HTTP/1.1" 404 16 "-" "Mozilla/5.0 (Windows NT 10.0; Win64; x64) AppleWebKit/537.36 (KHTML, like Gecko) Chrome/120.0.0.0 Safari/537.36"
4.193.168.228 - - [31/Mar/2026:13:29:44 +0000] "GET /php8.php HTTP/1.1" 404 16 "-" "Mozilla/5.0 (Windows NT 10.0; Win64; x64) AppleWebKit/537.36 (KHTML, like Gecko) Chrome/120.0.0.0 Safari/537.36"
4.193.168.228 - - [31/Mar/2026:13:29:45 +0000] "GET /10.php HTTP/1.1" 404 16 "-" "Mozilla/5.0 (Windows NT 10.0; Win64; x64) AppleWebKit/537.36 (KHTML, like Gecko) Chrome/120.0.0.0 Safari/537.36"
74.7.227.1 - - [31/Mar/2026:13:29:45 +0000] "GET /wp-includes/fonts/dashicons.ttf?99ac726223c749443b642ce33df8b800 HTTP/1.1" 200 56392 "https://adaptiveweb.co.nz.45-79-238-235.cpanel.site/wp-includes/css/dashicons.min.css?ver=6.9.4" "Mozilla/5.0 AppleWebKit/537.36 (KHTML, like Gecko; compatible; GPTBot/1.3; +https://openai.com/gptbot)"
4.193.168.228 - - [31/Mar/2026:13:29:45 +0000] "GET /manager.php HTTP/1.1" 404 16 "-" "Mozilla/5.0 (Windows NT 10.0; Win64; x64) AppleWebKit/537.36 (KHTML, like Gecko) Chrome/120.0.0.0 Safari/537.36"
4.193.168.228 - - [31/Mar/2026:13:29:45 +0000] "GET /p.php HTTP/1.1" 404 16 "-" "Mozilla/5.0 (Windows NT 10.0; Win64; x64) AppleWebKit/537.36 (KHTML, like Gecko) Chrome/120.0.0.0 Safari/537.36"
4.193.168.228 - - [31/Mar/2026:13:29:45 +0000] "GET /hplfuns.php HTTP/1.1" 404 16 "-" "Mozilla/5.0 (Windows NT 10.0; Win64; x64) AppleWebKit/537.36 (KHTML, like Gecko) Chrome/120.0.0.0 Safari/537.36"
4.193.168.228 - - [31/Mar/2026:13:29:45 +0000] "GET /bless.php HTTP/1.1" 404 16 "-" "Mozilla/5.0 (Windows NT 10.0; Win64; x64) AppleWebKit/537.36 (KHTML, like Gecko) Chrome/120.0.0.0 Safari/537.36"
4.193.168.228 - - [31/Mar/2026:13:29:45 +0000] "GET /php.php HTTP/1.1" 404 16 "-" "Mozilla/5.0 (Windows NT 10.0; Win64; x64) AppleWebKit/537.36 (KHTML, like Gecko) Chrome/120.0.0.0 Safari/537.36"
4.193.168.228 - - [31/Mar/2026:13:29:45 +0000] "GET /chosen.php HTTP/1.1" 404 16 "-" "Mozilla/5.0 (Windows NT 10.0; Win64; x64) AppleWebKit/537.36 (KHTML, like Gecko) Chrome/120.0.0.0 Safari/537.36"
4.193.168.228 - - [31/Mar/2026:13:29:45 +0000] "GET /ioxi-o.php HTTP/1.1" 404 16 "-" "Mozilla/5.0 (Windows NT 10.0; Win64; x64) AppleWebKit/537.36 (KHTML, like Gecko) Chrome/120.0.0.0 Safari/537.36"
4.193.168.228 - - [31/Mar/2026:13:29:45 +0000] "GET /cache.php HTTP/1.1" 404 16 "-" "Mozilla/5.0 (Windows NT 10.0; Win64; x64) AppleWebKit/537.36 (KHTML, like Gecko) Chrome/120.0.0.0 Safari/537.36"
4.193.168.228 - - [31/Mar/2026:13:29:45 +0000] "GET /jquery.php HTTP/1.1" 404 16 "-" "Mozilla/5.0 (Windows NT 10.0; Win64; x64) AppleWebKit/537.36 (KHTML, like Gecko) Chrome/120.0.0.0 Safari/537.36"
4.193.168.228 - - [31/Mar/2026:13:29:46 +0000] "GET /av.php HTTP/1.1" 404 16 "-" "Mozilla/5.0 (Windows NT 10.0; Win64; x64) AppleWebKit/537.36 (KHTML, like Gecko) Chrome/120.0.0.0 Safari/537.36"
4.193.168.228 - - [31/Mar/2026:13:29:46 +0000] "GET /doc.php HTTP/1.1" 404 16 "-" "Mozilla/5.0 (Windows NT 10.0; Win64; x64) AppleWebKit/537.36 (KHTML, like Gecko) Chrome/120.0.0.0 Safari/537.36"
4.193.168.228 - - [31/Mar/2026:13:29:46 +0000] "GET /elp.php HTTP/1.1" 404 16 "-" "Mozilla/5.0 (Windows NT 10.0; Win64; x64) AppleWebKit/537.36 (KHTML, like Gecko) Chrome/120.0.0.0 Safari/537.36"
4.193.168.228 - - [31/Mar/2026:13:29:46 +0000] "GET /wp-user.php HTTP/1.1" 404 16 "-" "Mozilla/5.0 (Windows NT 10.0; Win64; x64) AppleWebKit/537.36 (KHTML, like Gecko) Chrome/120.0.0.0 Safari/537.36"
4.193.168.228 - - [31/Mar/2026:13:29:46 +0000] "GET /root.php HTTP/1.1" 404 16 "-" "Mozilla/5.0 (Windows NT 10.0; Win64; x64) AppleWebKit/537.36 (KHTML, like Gecko) Chrome/120.0.0.0 Safari/537.36"
4.193.168.228 - - [31/Mar/2026:13:29:46 +0000] "GET /alfa.php HTTP/1.1" 404 16 "-" "Mozilla/5.0 (Windows NT 10.0; Win64; x64) AppleWebKit/537.36 (KHTML, like Gecko) Chrome/120.0.0.0 Safari/537.36"
4.193.168.228 - - [31/Mar/2026:13:29:46 +0000] "GET /autoload_classmap.php HTTP/1.1" 404 16 "-" "Mozilla/5.0 (Windows NT 10.0; Win64; x64) AppleWebKit/537.36 (KHTML, like Gecko) Chrome/120.0.0.0 Safari/537.36"
4.193.168.228 - - [31/Mar/2026:13:29:46 +0000] "GET /file.php HTTP/1.1" 404 16 "-" "Mozilla/5.0 (Windows NT 10.0; Win64; x64) AppleWebKit/537.36 (KHTML, like Gecko) Chrome/120.0.0.0 Safari/537.36"
4.193.168.228 - - [31/Mar/2026:13:29:46 +0000] "GET /new.php HTTP/1.1" 404 16 "-" "Mozilla/5.0 (Windows NT 10.0; Win64; x64) AppleWebKit/537.36 (KHTML, like Gecko) Chrome/120.0.0.0 Safari/537.36"
4.193.168.228 - - [31/Mar/2026:13:29:46 +0000] "GET /ioxi-o.php HTTP/1.1" 404 16 "-" "Mozilla/5.0 (Windows NT 10.0; Win64; x64) AppleWebKit/537.36 (KHTML, like Gecko) Chrome/120.0.0.0 Safari/537.36"
4.193.168.228 - - [31/Mar/2026:13:29:47 +0000] "GET /mm.php HTTP/1.1" 404 16 "-" "Mozilla/5.0 (Windows NT 10.0; Win64; x64) AppleWebKit/537.36 (KHTML, like Gecko) Chrome/120.0.0.0 Safari/537.36"
4.193.168.228 - - [31/Mar/2026:13:29:47 +0000] "GET /oxshell.php HTTP/1.1" 404 16 "-" "Mozilla/5.0 (Windows NT 10.0; Win64; x64) AppleWebKit/537.36 (KHTML, like Gecko) Chrome/120.0.0.0 Safari/537.36"
4.193.168.228 - - [31/Mar/2026:13:29:47 +0000] "GET /load.php HTTP/1.1" 404 16 "-" "Mozilla/5.0 (Windows NT 10.0; Win64; x64) AppleWebKit/537.36 (KHTML, like Gecko) Chrome/120.0.0.0 Safari/537.36"
4.193.168.228 - - [31/Mar/2026:13:29:47 +0000] "GET /k.php HTTP/1.1" 404 16 "-" "Mozilla/5.0 (Windows NT 10.0; Win64; x64) AppleWebKit/537.36 (KHTML, like Gecko) Chrome/120.0.0.0 Safari/537.36"
4.193.168.228 - - [31/Mar/2026:13:29:47 +0000] "GET /atomlib.php HTTP/1.1" 404 16 "-" "Mozilla/5.0 (Windows NT 10.0; Win64; x64) AppleWebKit/537.36 (KHTML, like Gecko) Chrome/120.0.0.0 Safari/537.36"
4.193.168.228 - - [31/Mar/2026:13:29:47 +0000] "GET /wp-links-opml HTTP/1.1" 404 - "-" "Mozilla/5.0 (Windows NT 10.0; Win64; x64) AppleWebKit/537.36 (KHTML, like Gecko) Chrome/120.0.0.0 Safari/537.36"
4.193.168.228 - - [31/Mar/2026:13:29:47 +0000] "GET /buy.php HTTP/1.1" 404 16 "-" "Mozilla/5.0 (Windows NT 10.0; Win64; x64) AppleWebKit/537.36 (KHTML, like Gecko) Chrome/120.0.0.0 Safari/537.36"
4.193.168.228 - - [31/Mar/2026:13:29:47 +0000] "GET /info.php HTTP/1.1" 404 16 "-" "Mozilla/5.0 (Windows NT 10.0; Win64; x64) AppleWebKit/537.36 (KHTML, like Gecko) Chrome/120.0.0.0 Safari/537.36"
4.193.168.228 - - [31/Mar/2026:13:29:47 +0000] "GET /goods.php HTTP/1.1" 404 16 "-" "Mozilla/5.0 (Windows NT 10.0; Win64; x64) AppleWebKit/537.36 (KHTML, like Gecko) Chrome/120.0.0.0 Safari/537.36"
4.193.168.228 - - [31/Mar/2026:13:29:47 +0000] "GET /setup-config.php HTTP/1.1" 404 16 "-" "Mozilla/5.0 (Windows NT 10.0; Win64; x64) AppleWebKit/537.36 (KHTML, like Gecko) Chrome/120.0.0.0 Safari/537.36"
4.193.168.228 - - [31/Mar/2026:13:29:48 +0000] "GET /ss.php HTTP/1.1" 404 16 "-" "Mozilla/5.0 (Windows NT 10.0; Win64; x64) AppleWebKit/537.36 (KHTML, like Gecko) Chrome/120.0.0.0 Safari/537.36"
4.193.168.228 - - [31/Mar/2026:13:29:48 +0000] "GET /xmlrpc.php HTTP/1.1" 405 42 "-" "Mozilla/5.0 (Windows NT 10.0; Win64; x64) AppleWebKit/537.36 (KHTML, like Gecko) Chrome/120.0.0.0 Safari/537.36"
4.193.168.228 - - [31/Mar/2026:13:29:48 +0000] "GET /flower.php HTTP/1.1" 404 16 "-" "Mozilla/5.0 (Windows NT 10.0; Win64; x64) AppleWebKit/537.36 (KHTML, like Gecko) Chrome/120.0.0.0 Safari/537.36"
4.193.168.228 - - [31/Mar/2026:13:29:48 +0000] "GET /al.php HTTP/1.1" 404 16 "-" "Mozilla/5.0 (Windows NT 10.0; Win64; x64) AppleWebKit/537.36 (KHTML, like Gecko) Chrome/120.0.0.0 Safari/537.36"
4.193.168.228 - - [31/Mar/2026:13:29:48 +0000] "GET /vv.php HTTP/1.1" 404 16 "-" "Mozilla/5.0 (Windows NT 10.0; Win64; x64) AppleWebKit/537.36 (KHTML, like Gecko) Chrome/120.0.0.0 Safari/537.36"
4.193.168.228 - - [31/Mar/2026:13:29:48 +0000] "GET /wp-signin.php HTTP/1.1" 404 16 "-" "Mozilla/5.0 (Windows NT 10.0; Win64; x64) AppleWebKit/537.36 (KHTML, like Gecko) Chrome/120.0.0.0 Safari/537.36"
4.193.168.228 - - [31/Mar/2026:13:29:48 +0000] "GET /wsa.php HTTP/1.1" 404 16 "-" "Mozilla/5.0 (Windows NT 10.0; Win64; x64) AppleWebKit/537.36 (KHTML, like Gecko) Chrome/120.0.0.0 Safari/537.36"
52.187.249.150 - - [31/Mar/2026:13:29:51 +0000] "GET /content.php HTTP/1.1" 404 16 "-" "Mozilla/5.0 (Windows NT 10.0; Win64; x64) AppleWebKit/537.36 (KHTML, like Gecko) Chrome/120.0.0.0 Safari/537.36"
52.187.249.150 - - [31/Mar/2026:13:29:51 +0000] "GET /css.php HTTP/1.1" 404 16 "-" "Mozilla/5.0 (Windows NT 10.0; Win64; x64) AppleWebKit/537.36 (KHTML, like Gecko) Chrome/120.0.0.0 Safari/537.36"
52.187.249.150 - - [31/Mar/2026:13:29:51 +0000] "GET /simple.php HTTP/1.1" 404 16 "-" "Mozilla/5.0 (Windows NT 10.0; Win64; x64) AppleWebKit/537.36 (KHTML, like Gecko) Chrome/120.0.0.0 Safari/537.36"
52.187.249.150 - - [31/Mar/2026:13:29:51 +0000] "GET /log.php HTTP/1.1" 404 16 "-" "Mozilla/5.0 (Windows NT 10.0; Win64; x64) AppleWebKit/537.36 (KHTML, like Gecko) Chrome/120.0.0.0 Safari/537.36"
52.187.249.150 - - [31/Mar/2026:13:29:51 +0000] "GET /index.php HTTP/1.1" 404 16 "-" "Mozilla/5.0 (Windows NT 10.0; Win64; x64) AppleWebKit/537.36 (KHTML, like Gecko) Chrome/120.0.0.0 Safari/537.36"
52.187.249.150 - - [31/Mar/2026:13:29:51 +0000] "GET /mail.php HTTP/1.1" 404 16 "-" "Mozilla/5.0 (Windows NT 10.0; Win64; x64) AppleWebKit/537.36 (KHTML, like Gecko) Chrome/120.0.0.0 Safari/537.36"
52.187.249.150 - - [31/Mar/2026:13:29:51 +0000] "GET /bak.php HTTP/1.1" 404 16 "-" "Mozilla/5.0 (Windows NT 10.0; Win64; x64) AppleWebKit/537.36 (KHTML, like Gecko) Chrome/120.0.0.0 Safari/537.36"
52.187.249.150 - - [31/Mar/2026:13:29:51 +0000] "GET /content.php HTTP/1.1" 404 16 "-" "Mozilla/5.0 (Windows NT 10.0; Win64; x64) AppleWebKit/537.36 (KHTML, like Gecko) Chrome/120.0.0.0 Safari/537.36"
52.187.249.150 - - [31/Mar/2026:13:29:51 +0000] "GET /upfile.php HTTP/1.1" 404 16 "-" "Mozilla/5.0 (Windows NT 10.0; Win64; x64) AppleWebKit/537.36 (KHTML, like Gecko) Chrome/120.0.0.0 Safari/537.36"
52.187.249.150 - - [31/Mar/2026:13:29:51 +0000] "GET /wp.php HTTP/1.1" 404 16 "-" "Mozilla/5.0 (Windows NT 10.0; Win64; x64) AppleWebKit/537.36 (KHTML, like Gecko) Chrome/120.0.0.0 Safari/537.36"
52.187.249.150 - - [31/Mar/2026:13:29:51 +0000] "GET /wp-conflg.php HTTP/1.1" 404 16 "-" "Mozilla/5.0 (Windows NT 10.0; Win64; x64) AppleWebKit/537.36 (KHTML, like Gecko) Chrome/120.0.0.0 Safari/537.36"
