74.7.227.159 - - [31/Mar/2026:22:06:13 +0000] "GET /wp-includes/block-bindings/pattern-overrides.php HTTP/1.1" 500 - "https://www.qualityprecast.co.nz/wp-includes/block-bindings/" "Mozilla/5.0 AppleWebKit/537.36 (KHTML, like Gecko; compatible; GPTBot/1.3; +https://openai.com/gptbot)"
74.7.243.230 - - [31/Mar/2026:22:06:21 +0000] "GET /wp-includes/sodium_compat/src/Core/AEGIS/?C=S;O=A HTTP/1.1" 200 1066 "https://schoolofgolfnz.co.nz/wp-includes/sodium_compat/src/Core/AEGIS/" "Mozilla/5.0 AppleWebKit/537.36 (KHTML, like Gecko; compatible; GPTBot/1.3; +https://openai.com/gptbot)"
139.18.2.214 - - [31/Mar/2026:22:06:27 +0000] "GET /wp-includes/SimplePie/library/SimplePie/Cache/DB.php HTTP/1.1" 200 - "https://weddingswithjoy.org.nz/wp-includes/SimplePie/library/SimplePie/Cache/" "LCC (+http://corpora.uni-leipzig.de/crawler_faq.html)"
74.7.227.41 - - [31/Mar/2026:22:06:28 +0000] "GET /wp-includes/js/jquery/ui/effect-highlight.min.js HTTP/1.1" 200 648 "https://weddingswithjoy.org.nz/wp-includes/js/jquery/ui/" "Mozilla/5.0 AppleWebKit/537.36 (KHTML, like Gecko; compatible; GPTBot/1.3; +https://openai.com/gptbot)"
139.18.2.214 - - [31/Mar/2026:22:06:36 +0000] "GET /wp-includes/SimplePie/library/SimplePie/Cache/File.php HTTP/1.1" 200 - "https://weddingswithjoy.org.nz/wp-includes/SimplePie/library/SimplePie/Cache/" "LCC (+http://corpora.uni-leipzig.de/crawler_faq.html)"
139.18.2.214 - - [31/Mar/2026:22:06:46 +0000] "GET /wp-includes/SimplePie/library/SimplePie/Cache/Memcache.php HTTP/1.1" 200 - "https://weddingswithjoy.org.nz/wp-includes/SimplePie/library/SimplePie/Cache/" "LCC (+http://corpora.uni-leipzig.de/crawler_faq.html)"
139.18.2.214 - - [31/Mar/2026:22:06:56 +0000] "GET /wp-includes/SimplePie/library/SimplePie/Cache/Memcached.php HTTP/1.1" 200 - "https://weddingswithjoy.org.nz/wp-includes/SimplePie/library/SimplePie/Cache/" "LCC (+http://corpora.uni-leipzig.de/crawler_faq.html)"
74.7.243.230 - - [31/Mar/2026:22:07:04 +0000] "GET /wp-includes/sodium_compat/src/Core/AEGIS/State128L.php HTTP/1.1" 200 - "https://schoolofgolfnz.co.nz/wp-includes/sodium_compat/src/Core/AEGIS/" "Mozilla/5.0 AppleWebKit/537.36 (KHTML, like Gecko; compatible; GPTBot/1.3; +https://openai.com/gptbot)"
139.18.2.214 - - [31/Mar/2026:22:07:08 +0000] "GET /wp-includes/SimplePie/library/SimplePie/Cache/MySQL.php HTTP/1.1" 200 - "https://weddingswithjoy.org.nz/wp-includes/SimplePie/library/SimplePie/Cache/" "LCC (+http://corpora.uni-leipzig.de/crawler_faq.html)"
74.7.227.41 - - [31/Mar/2026:22:07:13 +0000] "GET /wp-includes/js/media-grid.min.js HTTP/1.1" 200 13294 "https://weddingswithjoy.org.nz/wp-includes/js/" "Mozilla/5.0 AppleWebKit/537.36 (KHTML, like Gecko; compatible; GPTBot/1.3; +https://openai.com/gptbot)"
74.7.227.159 - - [31/Mar/2026:22:07:16 +0000] "GET /wp-includes/block-supports/aria-label.php HTTP/1.1" 500 - "https://www.qualityprecast.co.nz/wp-includes/block-supports/" "Mozilla/5.0 AppleWebKit/537.36 (KHTML, like Gecko; compatible; GPTBot/1.3; +https://openai.com/gptbot)"
139.18.2.214 - - [31/Mar/2026:22:07:21 +0000] "GET /wp-includes/SimplePie/library/SimplePie/Cache/Redis.php HTTP/1.1" 200 - "https://weddingswithjoy.org.nz/wp-includes/SimplePie/library/SimplePie/Cache/" "LCC (+http://corpora.uni-leipzig.de/crawler_faq.html)"
139.18.2.214 - - [31/Mar/2026:22:07:31 +0000] "GET /wp-includes/SimplePie/library/SimplePie/Content/?C=N;O=D HTTP/1.1" 200 897 "https://weddingswithjoy.org.nz/wp-includes/SimplePie/library/SimplePie/Content/" "LCC (+http://corpora.uni-leipzig.de/crawler_faq.html)"
139.18.2.214 - - [31/Mar/2026:22:07:40 +0000] "GET /wp-includes/SimplePie/library/SimplePie/Content/?C=M;O=A HTTP/1.1" 200 897 "https://weddingswithjoy.org.nz/wp-includes/SimplePie/library/SimplePie/Content/" "LCC (+http://corpora.uni-leipzig.de/crawler_faq.html)"
74.7.243.230 - - [31/Mar/2026:22:07:42 +0000] "GET /wp-includes/sodium_compat/src/Core/AEGIS/State256.php HTTP/1.1" 200 - "https://schoolofgolfnz.co.nz/wp-includes/sodium_compat/src/Core/AEGIS/" "Mozilla/5.0 AppleWebKit/537.36 (KHTML, like Gecko; compatible; GPTBot/1.3; +https://openai.com/gptbot)"
139.18.2.214 - - [31/Mar/2026:22:07:53 +0000] "GET /wp-includes/SimplePie/library/SimplePie/Content/?C=S;O=A HTTP/1.1" 200 897 "https://weddingswithjoy.org.nz/wp-includes/SimplePie/library/SimplePie/Content/" "LCC (+http://corpora.uni-leipzig.de/crawler_faq.html)"
74.7.227.41 - - [31/Mar/2026:22:07:55 +0000] "GET /wp-includes/js/media-views.min.js HTTP/1.1" 200 110772 "https://weddingswithjoy.org.nz/wp-includes/js/" "Mozilla/5.0 AppleWebKit/537.36 (KHTML, like Gecko; compatible; GPTBot/1.3; +https://openai.com/gptbot)"
139.18.2.214 - - [31/Mar/2026:22:08:03 +0000] "GET /wp-includes/SimplePie/library/SimplePie/Content/?C=D;O=A HTTP/1.1" 200 897 "https://weddingswithjoy.org.nz/wp-includes/SimplePie/library/SimplePie/Content/" "LCC (+http://corpora.uni-leipzig.de/crawler_faq.html)"
139.18.2.214 - - [31/Mar/2026:22:08:15 +0000] "GET /wp-includes/SimplePie/library/SimplePie/Content/Type/ HTTP/1.1" 200 921 "https://weddingswithjoy.org.nz/wp-includes/SimplePie/library/SimplePie/Content/" "LCC (+http://corpora.uni-leipzig.de/crawler_faq.html)"
74.7.243.230 - - [31/Mar/2026:22:08:15 +0000] "GET /wp-includes/js/tinymce/plugins/wpeditimage/plugin.min.js HTTP/1.1" 200 12067 "https://schoolofgolfnz.co.nz/wp-includes/js/tinymce/plugins/wpeditimage/" "Mozilla/5.0 AppleWebKit/537.36 (KHTML, like Gecko; compatible; GPTBot/1.3; +https://openai.com/gptbot)"
74.7.227.159 - - [31/Mar/2026:22:08:20 +0000] "GET /wp-includes/block-bindings/term-data.php HTTP/1.1" 500 - "https://www.qualityprecast.co.nz/wp-includes/block-bindings/" "Mozilla/5.0 AppleWebKit/537.36 (KHTML, like Gecko; compatible; GPTBot/1.3; +https://openai.com/gptbot)"
139.18.2.214 - - [31/Mar/2026:22:08:27 +0000] "GET /wp-includes/SimplePie/library/SimplePie/Decode/?C=N;O=D HTTP/1.1" 200 895 "https://weddingswithjoy.org.nz/wp-includes/SimplePie/library/SimplePie/Decode/" "LCC (+http://corpora.uni-leipzig.de/crawler_faq.html)"
74.7.227.41 - - [31/Mar/2026:22:08:30 +0000] "GET /wp-includes/js/dist/script-modules/interactivity-router/ HTTP/1.1" 200 47691 "https://weddingswithjoy.org.nz/wp-includes/js/dist/script-modules/" "Mozilla/5.0 AppleWebKit/537.36 (KHTML, like Gecko; compatible; GPTBot/1.3; +https://openai.com/gptbot)"
139.18.2.214 - - [31/Mar/2026:22:08:38 +0000] "GET /wp-includes/SimplePie/library/SimplePie/Decode/?C=M;O=A HTTP/1.1" 200 895 "https://weddingswithjoy.org.nz/wp-includes/SimplePie/library/SimplePie/Decode/" "LCC (+http://corpora.uni-leipzig.de/crawler_faq.html)"
74.7.243.230 - - [31/Mar/2026:22:08:44 +0000] "GET /wp-includes/Requests/src/Utility/ HTTP/1.1" 200 1253 "https://schoolofgolfnz.co.nz/wp-includes/Requests/src/" "Mozilla/5.0 AppleWebKit/537.36 (KHTML, like Gecko; compatible; GPTBot/1.3; +https://openai.com/gptbot)"
139.18.2.214 - - [31/Mar/2026:22:08:49 +0000] "GET /wp-includes/SimplePie/library/SimplePie/Decode/?C=S;O=A HTTP/1.1" 200 895 "https://weddingswithjoy.org.nz/wp-includes/SimplePie/library/SimplePie/Decode/" "LCC (+http://corpora.uni-leipzig.de/crawler_faq.html)"
139.18.2.214 - - [31/Mar/2026:22:09:01 +0000] "GET /wp-includes/SimplePie/library/SimplePie/Decode/?C=D;O=A HTTP/1.1" 200 895 "https://weddingswithjoy.org.nz/wp-includes/SimplePie/library/SimplePie/Decode/" "LCC (+http://corpora.uni-leipzig.de/crawler_faq.html)"
74.7.227.41 - - [31/Mar/2026:22:09:05 +0000] "GET /wp-includes/js/'%20+%20this.controller.state().get('src')%20+%20' HTTP/1.1" 404 - "https://weddingswithjoy.org.nz/wp-includes/js/media-views.js" "Mozilla/5.0 AppleWebKit/537.36 (KHTML, like Gecko; compatible; GPTBot/1.3; +https://openai.com/gptbot)"
74.7.243.230 - - [31/Mar/2026:22:09:11 +0000] "GET /wp-includes/SimplePie/src/Cache/ HTTP/1.1" 200 2834 "https://schoolofgolfnz.co.nz/wp-includes/SimplePie/src/" "Mozilla/5.0 AppleWebKit/537.36 (KHTML, like Gecko; compatible; GPTBot/1.3; +https://openai.com/gptbot)"
139.18.2.214 - - [31/Mar/2026:22:09:13 +0000] "GET /wp-includes/SimplePie/library/SimplePie/Decode/HTML/ HTTP/1.1" 200 919 "https://weddingswithjoy.org.nz/wp-includes/SimplePie/library/SimplePie/Decode/" "LCC (+http://corpora.uni-leipzig.de/crawler_faq.html)"
74.7.227.159 - - [31/Mar/2026:22:09:20 +0000] "GET /wp-includes/block-supports/dimensions.php HTTP/1.1" 500 - "https://www.qualityprecast.co.nz/wp-includes/block-supports/" "Mozilla/5.0 AppleWebKit/537.36 (KHTML, like Gecko; compatible; GPTBot/1.3; +https://openai.com/gptbot)"
139.18.2.214 - - [31/Mar/2026:22:09:27 +0000] "GET /wp-includes/SimplePie/library/SimplePie/HTTP/?C=N;O=D HTTP/1.1" 200 896 "https://weddingswithjoy.org.nz/wp-includes/SimplePie/library/SimplePie/HTTP/" "LCC (+http://corpora.uni-leipzig.de/crawler_faq.html)"
74.7.243.230 - - [31/Mar/2026:22:09:34 +0000] "GET /wp-includes/Requests/src/Cookie/ HTTP/1.1" 200 852 "https://schoolofgolfnz.co.nz/wp-includes/Requests/src/" "Mozilla/5.0 AppleWebKit/537.36 (KHTML, like Gecko; compatible; GPTBot/1.3; +https://openai.com/gptbot)"
74.7.227.41 - - [31/Mar/2026:22:09:36 +0000] "GET /wp-includes/js/crop/marqueeHoriz.gif HTTP/1.1" 200 277 "https://weddingswithjoy.org.nz/wp-includes/js/crop/" "Mozilla/5.0 AppleWebKit/537.36 (KHTML, like Gecko; compatible; GPTBot/1.3; +https://openai.com/gptbot)"
139.18.2.214 - - [31/Mar/2026:22:09:39 +0000] "GET /wp-includes/SimplePie/library/SimplePie/HTTP/?C=M;O=A HTTP/1.1" 200 896 "https://weddingswithjoy.org.nz/wp-includes/SimplePie/library/SimplePie/HTTP/" "LCC (+http://corpora.uni-leipzig.de/crawler_faq.html)"
74.7.228.33 - - [31/Mar/2026:22:09:40 +0000] "GET /robots.txt HTTP/1.1" 200 92 "-" "Mozilla/5.0 (Macintosh; Intel Mac OS X 10_15_7) AppleWebKit/537.36 (KHTML, like Gecko) Chrome/131.0.0.0 Safari/537.36; compatible; OAI-SearchBot/1.3; robots.txt; +https://openai.com/searchbot"
139.18.2.214 - - [31/Mar/2026:22:09:50 +0000] "GET /wp-includes/SimplePie/library/SimplePie/HTTP/?C=S;O=A HTTP/1.1" 200 896 "https://weddingswithjoy.org.nz/wp-includes/SimplePie/library/SimplePie/HTTP/" "LCC (+http://corpora.uni-leipzig.de/crawler_faq.html)"
74.7.243.230 - - [31/Mar/2026:22:09:55 +0000] "GET /wp-includes/SimplePie/src/Parse/ HTTP/1.1" 200 854 "https://schoolofgolfnz.co.nz/wp-includes/SimplePie/src/" "Mozilla/5.0 AppleWebKit/537.36 (KHTML, like Gecko; compatible; GPTBot/1.3; +https://openai.com/gptbot)"
139.18.2.214 - - [31/Mar/2026:22:10:00 +0000] "GET /wp-includes/SimplePie/library/SimplePie/HTTP/?C=D;O=A HTTP/1.1" 200 896 "https://weddingswithjoy.org.nz/wp-includes/SimplePie/library/SimplePie/HTTP/" "LCC (+http://corpora.uni-leipzig.de/crawler_faq.html)"
139.18.2.214 - - [31/Mar/2026:22:10:15 +0000] "GET /wp-includes/SimplePie/library/SimplePie/HTTP/Parser.php HTTP/1.1" 200 - "https://weddingswithjoy.org.nz/wp-includes/SimplePie/library/SimplePie/HTTP/" "LCC (+http://corpora.uni-leipzig.de/crawler_faq.html)"
74.7.243.230 - - [31/Mar/2026:22:10:16 +0000] "GET /wp-includes/js/tinymce/plugins/wpautoresize/plugin.min.js HTTP/1.1" 200 2344 "https://schoolofgolfnz.co.nz/wp-includes/js/tinymce/plugins/wpautoresize/" "Mozilla/5.0 AppleWebKit/537.36 (KHTML, like Gecko; compatible; GPTBot/1.3; +https://openai.com/gptbot)"
74.7.227.159 - - [31/Mar/2026:22:10:21 +0000] "GET /wp-includes/block-supports/typography.php HTTP/1.1" 500 - "https://www.qualityprecast.co.nz/wp-includes/block-supports/" "Mozilla/5.0 AppleWebKit/537.36 (KHTML, like Gecko; compatible; GPTBot/1.3; +https://openai.com/gptbot)"
139.18.2.214 - - [31/Mar/2026:22:10:28 +0000] "GET /wp-includes/SimplePie/library/SimplePie/Net/?C=N;O=D HTTP/1.1" 200 892 "https://weddingswithjoy.org.nz/wp-includes/SimplePie/library/SimplePie/Net/" "LCC (+http://corpora.uni-leipzig.de/crawler_faq.html)"
74.7.227.41 - - [31/Mar/2026:22:10:33 +0000] "GET /wp-includes/js/utils.min.js HTTP/1.1" 200 1864 "https://weddingswithjoy.org.nz/wp-includes/js/" "Mozilla/5.0 AppleWebKit/537.36 (KHTML, like Gecko; compatible; GPTBot/1.3; +https://openai.com/gptbot)"
74.7.243.230 - - [31/Mar/2026:22:10:34 +0000] "GET /wp-includes/js/dist/format-library.js HTTP/1.1" 200 73148 "https://schoolofgolfnz.co.nz/wp-includes/js/dist/" "Mozilla/5.0 AppleWebKit/537.36 (KHTML, like Gecko; compatible; GPTBot/1.3; +https://openai.com/gptbot)"
139.18.2.214 - - [31/Mar/2026:22:10:38 +0000] "GET /wp-includes/SimplePie/library/SimplePie/Net/?C=M;O=A HTTP/1.1" 200 892 "https://weddingswithjoy.org.nz/wp-includes/SimplePie/library/SimplePie/Net/" "LCC (+http://corpora.uni-leipzig.de/crawler_faq.html)"
139.18.2.214 - - [31/Mar/2026:22:10:49 +0000] "GET /wp-includes/SimplePie/library/SimplePie/Net/?C=S;O=A HTTP/1.1" 200 892 "https://weddingswithjoy.org.nz/wp-includes/SimplePie/library/SimplePie/Net/" "LCC (+http://corpora.uni-leipzig.de/crawler_faq.html)"
74.7.243.230 - - [31/Mar/2026:22:10:51 +0000] "GET /wp-includes/sodium_compat/src/Core32/Curve25519/Ge/P3.php HTTP/1.1" 200 - "https://schoolofgolfnz.co.nz/wp-includes/sodium_compat/src/Core32/Curve25519/Ge/" "Mozilla/5.0 AppleWebKit/537.36 (KHTML, like Gecko; compatible; GPTBot/1.3; +https://openai.com/gptbot)"
74.7.227.41 - - [31/Mar/2026:22:10:59 +0000] "GET /wp-includes/js/wp-emoji.js HTTP/1.1" 200 8792 "https://weddingswithjoy.org.nz/wp-includes/js/" "Mozilla/5.0 AppleWebKit/537.36 (KHTML, like Gecko; compatible; GPTBot/1.3; +https://openai.com/gptbot)"
139.18.2.214 - - [31/Mar/2026:22:11:02 +0000] "GET /wp-includes/SimplePie/library/SimplePie/Net/?C=D;O=A HTTP/1.1" 200 892 "https://weddingswithjoy.org.nz/wp-includes/SimplePie/library/SimplePie/Net/" "LCC (+http://corpora.uni-leipzig.de/crawler_faq.html)"
74.7.243.230 - - [31/Mar/2026:22:11:05 +0000] "GET /wp-includes/sodium_compat/src/Core32/Curve25519/Ge/P2.php HTTP/1.1" 200 - "https://schoolofgolfnz.co.nz/wp-includes/sodium_compat/src/Core32/Curve25519/Ge/" "Mozilla/5.0 AppleWebKit/537.36 (KHTML, like Gecko; compatible; GPTBot/1.3; +https://openai.com/gptbot)"
139.18.2.214 - - [31/Mar/2026:22:11:14 +0000] "GET /wp-includes/SimplePie/library/SimplePie/Net/IPv6.php HTTP/1.1" 200 - "https://weddingswithjoy.org.nz/wp-includes/SimplePie/library/SimplePie/Net/" "LCC (+http://corpora.uni-leipzig.de/crawler_faq.html)"
74.7.243.230 - - [31/Mar/2026:22:11:19 +0000] "GET /wp-includes/rest-api/fields/class-wp-rest-user-meta-fields.php HTTP/1.1" 500 - "https://schoolofgolfnz.co.nz/wp-includes/rest-api/fields/" "Mozilla/5.0 AppleWebKit/537.36 (KHTML, like Gecko; compatible; GPTBot/1.3; +https://openai.com/gptbot)"
74.7.227.41 - - [31/Mar/2026:22:11:23 +0000] "GET /wp-includes/js/jquery/ui/dialog.min.js HTTP/1.1" 200 13098 "https://weddingswithjoy.org.nz/wp-includes/js/jquery/ui/" "Mozilla/5.0 AppleWebKit/537.36 (KHTML, like Gecko; compatible; GPTBot/1.3; +https://openai.com/gptbot)"
139.18.2.214 - - [31/Mar/2026:22:11:26 +0000] "GET /wp-includes/SimplePie/library/SimplePie/Parse/?C=N;O=D HTTP/1.1" 200 896 "https://weddingswithjoy.org.nz/wp-includes/SimplePie/library/SimplePie/Parse/" "LCC (+http://corpora.uni-leipzig.de/crawler_faq.html)"
74.7.227.159 - - [31/Mar/2026:22:11:27 +0000] "GET /wp-includes/sodium_compat/autoload-php7.php HTTP/1.1" 200 - "https://www.qualityprecast.co.nz/wp-includes/sodium_compat/" "Mozilla/5.0 AppleWebKit/537.36 (KHTML, like Gecko; compatible; GPTBot/1.3; +https://openai.com/gptbot)"
74.7.243.230 - - [31/Mar/2026:22:11:31 +0000] "GET /wp-includes/class-wp-user.php HTTP/1.1" 200 - "https://schoolofgolfnz.co.nz/wp-includes/" "Mozilla/5.0 AppleWebKit/537.36 (KHTML, like Gecko; compatible; GPTBot/1.3; +https://openai.com/gptbot)"
139.18.2.214 - - [31/Mar/2026:22:11:37 +0000] "GET /wp-includes/SimplePie/library/SimplePie/Parse/?C=M;O=A HTTP/1.1" 200 896 "https://weddingswithjoy.org.nz/wp-includes/SimplePie/library/SimplePie/Parse/" "LCC (+http://corpora.uni-leipzig.de/crawler_faq.html)"
74.7.227.41 - - [31/Mar/2026:22:11:45 +0000] "GET /wp-includes/js/jquery/ui/button.min.js HTTP/1.1" 200 6154 "https://weddingswithjoy.org.nz/wp-includes/js/jquery/ui/" "Mozilla/5.0 AppleWebKit/537.36 (KHTML, like Gecko; compatible; GPTBot/1.3; +https://openai.com/gptbot)"
139.18.2.214 - - [31/Mar/2026:22:11:47 +0000] "GET /wp-includes/SimplePie/library/SimplePie/Parse/?C=S;O=A HTTP/1.1" 200 896 "https://weddingswithjoy.org.nz/wp-includes/SimplePie/library/SimplePie/Parse/" "LCC (+http://corpora.uni-leipzig.de/crawler_faq.html)"
139.18.2.214 - - [31/Mar/2026:22:12:00 +0000] "GET /wp-includes/SimplePie/library/SimplePie/Parse/?C=D;O=A HTTP/1.1" 200 896 "https://weddingswithjoy.org.nz/wp-includes/SimplePie/library/SimplePie/Parse/" "LCC (+http://corpora.uni-leipzig.de/crawler_faq.html)"
74.7.227.41 - - [31/Mar/2026:22:12:05 +0000] "GET /wp-includes/js/jquery/ui/effect.min.js HTTP/1.1" 200 10332 "https://weddingswithjoy.org.nz/wp-includes/js/jquery/ui/" "Mozilla/5.0 AppleWebKit/537.36 (KHTML, like Gecko; compatible; GPTBot/1.3; +https://openai.com/gptbot)"
74.7.243.230 - - [31/Mar/2026:22:12:06 +0000] "GET /wp-includes/SimplePie/src/Content/ HTTP/1.1" 200 855 "https://schoolofgolfnz.co.nz/wp-includes/SimplePie/src/" "Mozilla/5.0 AppleWebKit/537.36 (KHTML, like Gecko; compatible; GPTBot/1.3; +https://openai.com/gptbot)"
139.18.2.214 - - [31/Mar/2026:22:12:12 +0000] "GET /wp-includes/SimplePie/library/SimplePie/Parse/Date.php HTTP/1.1" 200 - "https://weddingswithjoy.org.nz/wp-includes/SimplePie/library/SimplePie/Parse/" "LCC (+http://corpora.uni-leipzig.de/crawler_faq.html)"
74.7.227.41 - - [31/Mar/2026:22:12:24 +0000] "GET /wp-includes/js/wp-util.js HTTP/1.1" 200 4689 "https://weddingswithjoy.org.nz/wp-includes/js/" "Mozilla/5.0 AppleWebKit/537.36 (KHTML, like Gecko; compatible; GPTBot/1.3; +https://openai.com/gptbot)"
139.18.2.214 - - [31/Mar/2026:22:12:24 +0000] "GET /wp-includes/SimplePie/library/SimplePie/XML/?C=N;O=D HTTP/1.1" 200 896 "https://weddingswithjoy.org.nz/wp-includes/SimplePie/library/SimplePie/XML/" "LCC (+http://corpora.uni-leipzig.de/crawler_faq.html)"
74.7.227.159 - - [31/Mar/2026:22:12:28 +0000] "GET /wp-includes/abilities-api/class-wp-ability-categories-registry.php HTTP/1.1" 200 - "https://www.qualityprecast.co.nz/wp-includes/abilities-api/" "Mozilla/5.0 AppleWebKit/537.36 (KHTML, like Gecko; compatible; GPTBot/1.3; +https://openai.com/gptbot)"
139.18.2.214 - - [31/Mar/2026:22:12:35 +0000] "GET /wp-includes/SimplePie/library/SimplePie/XML/?C=M;O=A HTTP/1.1" 200 896 "https://weddingswithjoy.org.nz/wp-includes/SimplePie/library/SimplePie/XML/" "LCC (+http://corpora.uni-leipzig.de/crawler_faq.html)"
74.7.243.230 - - [31/Mar/2026:22:12:38 +0000] "GET /wp-includes/Requests/src/Utility/CaseInsensitiveDictionary.php HTTP/1.1" 200 - "https://schoolofgolfnz.co.nz/wp-includes/Requests/src/Utility/" "Mozilla/5.0 AppleWebKit/537.36 (KHTML, like Gecko; compatible; GPTBot/1.3; +https://openai.com/gptbot)"
74.7.227.41 - - [31/Mar/2026:22:12:40 +0000] "GET /wp-includes/js/'+this.controller.state().get( HTTP/1.1" 404 - "https://weddingswithjoy.org.nz/wp-includes/js/media-views.min.js" "Mozilla/5.0 AppleWebKit/537.36 (KHTML, like Gecko; compatible; GPTBot/1.3; +https://openai.com/gptbot)"
139.18.2.214 - - [31/Mar/2026:22:12:44 +0000] "GET /wp-includes/SimplePie/library/SimplePie/XML/?C=S;O=A HTTP/1.1" 200 896 "https://weddingswithjoy.org.nz/wp-includes/SimplePie/library/SimplePie/XML/" "LCC (+http://corpora.uni-leipzig.de/crawler_faq.html)"
139.18.2.214 - - [31/Mar/2026:22:12:54 +0000] "GET /wp-includes/SimplePie/library/SimplePie/XML/?C=D;O=A HTTP/1.1" 200 896 "https://weddingswithjoy.org.nz/wp-includes/SimplePie/library/SimplePie/XML/" "LCC (+http://corpora.uni-leipzig.de/crawler_faq.html)"
74.7.227.41 - - [31/Mar/2026:22:12:55 +0000] "GET /wp-includes/js/dist/preferences.js HTTP/1.1" 200 20753 "https://weddingswithjoy.org.nz/wp-includes/js/dist/" "Mozilla/5.0 AppleWebKit/537.36 (KHTML, like Gecko; compatible; GPTBot/1.3; +https://openai.com/gptbot)"
74.7.243.230 - - [31/Mar/2026:22:13:06 +0000] "GET /wp-includes/SimplePie/src/Cache/Psr16.php HTTP/1.1" 500 - "https://schoolofgolfnz.co.nz/wp-includes/SimplePie/src/Cache/" "Mozilla/5.0 AppleWebKit/537.36 (KHTML, like Gecko; compatible; GPTBot/1.3; +https://openai.com/gptbot)"
74.7.227.41 - - [31/Mar/2026:22:13:09 +0000] "GET /wp-includes/js/dist/annotations.js HTTP/1.1" 200 16210 "https://weddingswithjoy.org.nz/wp-includes/js/dist/" "Mozilla/5.0 AppleWebKit/537.36 (KHTML, like Gecko; compatible; GPTBot/1.3; +https://openai.com/gptbot)"
139.18.2.214 - - [31/Mar/2026:22:13:10 +0000] "GET /wp-includes/SimplePie/library/SimplePie/XML/Declaration/ HTTP/1.1" 200 922 "https://weddingswithjoy.org.nz/wp-includes/SimplePie/library/SimplePie/XML/" "LCC (+http://corpora.uni-leipzig.de/crawler_faq.html)"
139.18.2.214 - - [31/Mar/2026:22:13:20 +0000] "GET /wp-includes/SimplePie/src/Cache/?C=N;O=A HTTP/1.1" 200 2834 "https://weddingswithjoy.org.nz/wp-includes/SimplePie/src/Cache/?C=N;O=D" "LCC (+http://corpora.uni-leipzig.de/crawler_faq.html)"
74.7.227.41 - - [31/Mar/2026:22:13:22 +0000] "GET /wp-includes/js/tinymce/license.txt HTTP/1.1" 200 26441 "https://weddingswithjoy.org.nz/wp-includes/js/tinymce/" "Mozilla/5.0 AppleWebKit/537.36 (KHTML, like Gecko; compatible; GPTBot/1.3; +https://openai.com/gptbot)"
74.7.227.159 - - [31/Mar/2026:22:13:24 +0000] "GET /wp-includes/block-supports/border.php HTTP/1.1" 500 - "https://www.qualityprecast.co.nz/wp-includes/block-supports/" "Mozilla/5.0 AppleWebKit/537.36 (KHTML, like Gecko; compatible; GPTBot/1.3; +https://openai.com/gptbot)"
139.18.2.214 - - [31/Mar/2026:22:13:30 +0000] "GET /wp-includes/SimplePie/src/Cache/?C=M;O=D HTTP/1.1" 200 2834 "https://weddingswithjoy.org.nz/wp-includes/SimplePie/src/Cache/?C=M;O=A" "LCC (+http://corpora.uni-leipzig.de/crawler_faq.html)"
74.7.243.230 - - [31/Mar/2026:22:13:32 +0000] "GET /wp-includes/SimplePie/src/Cache/MySQL.php HTTP/1.1" 500 - "https://schoolofgolfnz.co.nz/wp-includes/SimplePie/src/Cache/" "Mozilla/5.0 AppleWebKit/537.36 (KHTML, like Gecko; compatible; GPTBot/1.3; +https://openai.com/gptbot)"
74.7.227.41 - - [31/Mar/2026:22:13:33 +0000] "GET /wp-includes/images/media/code.svg HTTP/1.1" 200 249 "https://weddingswithjoy.org.nz/wp-includes/images/media/" "Mozilla/5.0 AppleWebKit/537.36 (KHTML, like Gecko; compatible; GPTBot/1.3; +https://openai.com/gptbot)"
139.18.2.214 - - [31/Mar/2026:22:13:42 +0000] "GET /wp-includes/SimplePie/src/Cache/?C=S;O=D HTTP/1.1" 200 2834 "https://weddingswithjoy.org.nz/wp-includes/SimplePie/src/Cache/?C=S;O=A" "LCC (+http://corpora.uni-leipzig.de/crawler_faq.html)"
74.7.227.41 - - [31/Mar/2026:22:13:44 +0000] "GET /wp-includes/images/media/text.png HTTP/1.1" 200 188 "https://weddingswithjoy.org.nz/wp-includes/images/media/" "Mozilla/5.0 AppleWebKit/537.36 (KHTML, like Gecko; compatible; GPTBot/1.3; +https://openai.com/gptbot)"
139.18.2.214 - - [31/Mar/2026:22:13:52 +0000] "GET /wp-includes/SimplePie/src/Cache/?C=D;O=D HTTP/1.1" 200 2834 "https://weddingswithjoy.org.nz/wp-includes/SimplePie/src/Cache/?C=D;O=A" "LCC (+http://corpora.uni-leipzig.de/crawler_faq.html)"
74.7.227.41 - - [31/Mar/2026:22:13:54 +0000] "GET /wp-includes/js/jquery/suggest.js HTTP/1.1" 200 6991 "https://weddingswithjoy.org.nz/wp-includes/js/jquery/" "Mozilla/5.0 AppleWebKit/537.36 (KHTML, like Gecko; compatible; GPTBot/1.3; +https://openai.com/gptbot)"
74.7.227.41 - - [31/Mar/2026:22:14:02 +0000] "GET /wp-includes/images/media/code.png HTTP/1.1" 200 274 "https://weddingswithjoy.org.nz/wp-includes/images/media/" "Mozilla/5.0 AppleWebKit/537.36 (KHTML, like Gecko; compatible; GPTBot/1.3; +https://openai.com/gptbot)"
139.18.2.214 - - [31/Mar/2026:22:14:04 +0000] "GET /wp-includes/SimplePie/src/Content/?C=N;O=A HTTP/1.1" 200 855 "https://weddingswithjoy.org.nz/wp-includes/SimplePie/src/Content/?C=N;O=D" "LCC (+http://corpora.uni-leipzig.de/crawler_faq.html)"
74.7.227.41 - - [31/Mar/2026:22:14:10 +0000] "GET /wp-includes/js/jquery/ui/slider.min.js HTTP/1.1" 200 10759 "https://weddingswithjoy.org.nz/wp-includes/js/jquery/ui/" "Mozilla/5.0 AppleWebKit/537.36 (KHTML, like Gecko; compatible; GPTBot/1.3; +https://openai.com/gptbot)"
74.7.227.159 - - [31/Mar/2026:22:14:13 +0000] "GET /wp-includes/block-supports/settings.php HTTP/1.1" 500 - "https://www.qualityprecast.co.nz/wp-includes/block-supports/" "Mozilla/5.0 AppleWebKit/537.36 (KHTML, like Gecko; compatible; GPTBot/1.3; +https://openai.com/gptbot)"
139.18.2.214 - - [31/Mar/2026:22:14:16 +0000] "GET /wp-includes/SimplePie/src/Content/?C=M;O=D HTTP/1.1" 200 855 "https://weddingswithjoy.org.nz/wp-includes/SimplePie/src/Content/?C=M;O=A" "LCC (+http://corpora.uni-leipzig.de/crawler_faq.html)"
74.7.227.41 - - [31/Mar/2026:22:14:17 +0000] "GET /wp-includes/js/jquery/ui/effect-highlight.js HTTP/1.1" 200 1243 "https://weddingswithjoy.org.nz/wp-includes/js/jquery/ui/" "Mozilla/5.0 AppleWebKit/537.36 (KHTML, like Gecko; compatible; GPTBot/1.3; +https://openai.com/gptbot)"
74.7.227.41 - - [31/Mar/2026:22:14:23 +0000] "GET /wp-includes/js/dist/script-modules/block-library/ HTTP/1.1" 200 1947 "https://weddingswithjoy.org.nz/wp-includes/js/dist/script-modules/" "Mozilla/5.0 AppleWebKit/537.36 (KHTML, like Gecko; compatible; GPTBot/1.3; +https://openai.com/gptbot)"
74.7.227.41 - - [31/Mar/2026:22:14:29 +0000] "GET /wp-includes/sodium_compat/src/Core/Curve25519/Ge/ HTTP/1.1" 200 1613 "https://weddingswithjoy.org.nz/wp-includes/sodium_compat/src/Core/Curve25519/" "Mozilla/5.0 AppleWebKit/537.36 (KHTML, like Gecko; compatible; GPTBot/1.3; +https://openai.com/gptbot)"
139.18.2.214 - - [31/Mar/2026:22:14:30 +0000] "GET /wp-includes/SimplePie/src/Content/?C=S;O=D HTTP/1.1" 200 855 "https://weddingswithjoy.org.nz/wp-includes/SimplePie/src/Content/?C=S;O=A" "LCC (+http://corpora.uni-leipzig.de/crawler_faq.html)"
74.7.227.41 - - [31/Mar/2026:22:14:34 +0000] "GET /wp-includes/rest-api/endpoints/class-wp-rest-abilities-v1-run-controller.php HTTP/1.1" 500 - "https://weddingswithjoy.org.nz/wp-includes/rest-api/endpoints/" "Mozilla/5.0 AppleWebKit/537.36 (KHTML, like Gecko; compatible; GPTBot/1.3; +https://openai.com/gptbot)"
74.7.243.230 - - [31/Mar/2026:22:14:35 +0000] "GET /wp-includes/SimplePie/src/Cache/CallableNameFilter.php HTTP/1.1" 500 - "https://schoolofgolfnz.co.nz/wp-includes/SimplePie/src/Cache/" "Mozilla/5.0 AppleWebKit/537.36 (KHTML, like Gecko; compatible; GPTBot/1.3; +https://openai.com/gptbot)"
74.7.227.41 - - [31/Mar/2026:22:14:38 +0000] "GET /wp-includes/js/hoverIntent.min.js HTTP/1.1" 200 1499 "https://weddingswithjoy.org.nz/wp-includes/js/" "Mozilla/5.0 AppleWebKit/537.36 (KHTML, like Gecko; compatible; GPTBot/1.3; +https://openai.com/gptbot)"
139.18.2.214 - - [31/Mar/2026:22:14:41 +0000] "GET /wp-includes/SimplePie/src/Content/?C=D;O=D HTTP/1.1" 200 855 "https://weddingswithjoy.org.nz/wp-includes/SimplePie/src/Content/?C=D;O=A" "LCC (+http://corpora.uni-leipzig.de/crawler_faq.html)"
139.18.2.214 - - [31/Mar/2026:22:14:49 +0000] "GET /wp-includes/SimplePie/src/Content/Type/?C=N;O=D HTTP/1.1" 200 879 "https://weddingswithjoy.org.nz/wp-includes/SimplePie/src/Content/Type/" "LCC (+http://corpora.uni-leipzig.de/crawler_faq.html)"
74.7.227.41 - - [31/Mar/2026:22:14:52 +0000] "GET /wp-includes/js/dist/+e+ HTTP/1.1" 404 - "https://weddingswithjoy.org.nz/wp-includes/js/dist/block-editor.min.js" "Mozilla/5.0 AppleWebKit/537.36 (KHTML, like Gecko; compatible; GPTBot/1.3; +https://openai.com/gptbot)"
139.18.2.214 - - [31/Mar/2026:22:14:59 +0000] "GET /wp-includes/SimplePie/src/Content/Type/?C=M;O=A HTTP/1.1" 200 879 "https://weddingswithjoy.org.nz/wp-includes/SimplePie/src/Content/Type/" "LCC (+http://corpora.uni-leipzig.de/crawler_faq.html)"
74.7.227.41 - - [31/Mar/2026:22:15:04 +0000] "GET /wp-includes/js/jquery/ui/mouse.min.js HTTP/1.1" 200 3428 "https://weddingswithjoy.org.nz/wp-includes/js/jquery/ui/" "Mozilla/5.0 AppleWebKit/537.36 (KHTML, like Gecko; compatible; GPTBot/1.3; +https://openai.com/gptbot)"
139.18.2.214 - - [31/Mar/2026:22:15:09 +0000] "GET /wp-includes/SimplePie/src/Content/Type/?C=S;O=A HTTP/1.1" 200 879 "https://weddingswithjoy.org.nz/wp-includes/SimplePie/src/Content/Type/" "LCC (+http://corpora.uni-leipzig.de/crawler_faq.html)"
74.7.227.41 - - [31/Mar/2026:22:15:16 +0000] "GET /wp-includes/pomo/entry.php HTTP/1.1" 200 - "https://weddingswithjoy.org.nz/wp-includes/pomo/" "Mozilla/5.0 AppleWebKit/537.36 (KHTML, like Gecko; compatible; GPTBot/1.3; +https://openai.com/gptbot)"
74.7.227.159 - - [31/Mar/2026:22:15:17 +0000] "GET /wp-includes/block-supports/elements.php HTTP/1.1" 500 - "https://www.qualityprecast.co.nz/wp-includes/block-supports/" "Mozilla/5.0 AppleWebKit/537.36 (KHTML, like Gecko; compatible; GPTBot/1.3; +https://openai.com/gptbot)"
139.18.2.214 - - [31/Mar/2026:22:15:21 +0000] "GET /wp-includes/SimplePie/src/Content/Type/?C=D;O=A HTTP/1.1" 200 879 "https://weddingswithjoy.org.nz/wp-includes/SimplePie/src/Content/Type/" "LCC (+http://corpora.uni-leipzig.de/crawler_faq.html)"
74.7.227.41 - - [31/Mar/2026:22:15:27 +0000] "GET /wp-includes/sodium_compat/src/Core/AEGIS256.php HTTP/1.1" 500 - "https://weddingswithjoy.org.nz/wp-includes/sodium_compat/src/Core/" "Mozilla/5.0 AppleWebKit/537.36 (KHTML, like Gecko; compatible; GPTBot/1.3; +https://openai.com/gptbot)"
139.18.2.214 - - [31/Mar/2026:22:15:30 +0000] "GET /wp-includes/SimplePie/src/Content/Type/Sniffer.php HTTP/1.1" 200 - "https://weddingswithjoy.org.nz/wp-includes/SimplePie/src/Content/Type/" "LCC (+http://corpora.uni-leipzig.de/crawler_faq.html)"
74.7.227.41 - - [31/Mar/2026:22:15:37 +0000] "GET /wp-includes/js/media-grid.js HTTP/1.1" 200 26781 "https://weddingswithjoy.org.nz/wp-includes/js/" "Mozilla/5.0 AppleWebKit/537.36 (KHTML, like Gecko; compatible; GPTBot/1.3; +https://openai.com/gptbot)"
74.7.243.230 - - [31/Mar/2026:22:15:41 +0000] "GET /wp-includes/sodium_compat/src/Core32/SecretStream/ HTTP/1.1" 200 902 "https://schoolofgolfnz.co.nz/wp-includes/sodium_compat/src/Core32/" "Mozilla/5.0 AppleWebKit/537.36 (KHTML, like Gecko; compatible; GPTBot/1.3; +https://openai.com/gptbot)"
139.18.2.214 - - [31/Mar/2026:22:15:41 +0000] "GET /wp-includes/SimplePie/src/HTTP/?C=N;O=A HTTP/1.1" 200 2135 "https://weddingswithjoy.org.nz/wp-includes/SimplePie/src/HTTP/?C=N;O=D" "LCC (+http://corpora.uni-leipzig.de/crawler_faq.html)"
139.18.2.214 - - [31/Mar/2026:22:15:53 +0000] "GET /wp-includes/SimplePie/src/HTTP/?C=M;O=D HTTP/1.1" 200 2135 "https://weddingswithjoy.org.nz/wp-includes/SimplePie/src/HTTP/?C=M;O=A" "LCC (+http://corpora.uni-leipzig.de/crawler_faq.html)"
74.7.227.41 - - [31/Mar/2026:22:16:06 +0000] "GET /wp-includes/Requests/library/ HTTP/1.1" 200 847 "https://weddingswithjoy.org.nz/wp-includes/Requests/" "Mozilla/5.0 AppleWebKit/537.36 (KHTML, like Gecko; compatible; GPTBot/1.3; +https://openai.com/gptbot)"
139.18.2.214 - - [31/Mar/2026:22:16:06 +0000] "GET /wp-includes/SimplePie/src/HTTP/?C=S;O=D HTTP/1.1" 200 2135 "https://weddingswithjoy.org.nz/wp-includes/SimplePie/src/HTTP/?C=S;O=A" "LCC (+http://corpora.uni-leipzig.de/crawler_faq.html)"
139.18.2.214 - - [31/Mar/2026:22:16:16 +0000] "GET /wp-includes/SimplePie/src/HTTP/?C=D;O=D HTTP/1.1" 200 2135 "https://weddingswithjoy.org.nz/wp-includes/SimplePie/src/HTTP/?C=D;O=A" "LCC (+http://corpora.uni-leipzig.de/crawler_faq.html)"
74.7.227.159 - - [31/Mar/2026:22:16:23 +0000] "GET /wp-includes/block-supports/position.php HTTP/1.1" 500 - "https://www.qualityprecast.co.nz/wp-includes/block-supports/" "Mozilla/5.0 AppleWebKit/537.36 (KHTML, like Gecko; compatible; GPTBot/1.3; +https://openai.com/gptbot)"
139.18.2.214 - - [31/Mar/2026:22:16:28 +0000] "GET /wp-includes/SimplePie/src/Net/?C=N;O=A HTTP/1.1" 200 850 "https://weddingswithjoy.org.nz/wp-includes/SimplePie/src/Net/?C=N;O=D" "LCC (+http://corpora.uni-leipzig.de/crawler_faq.html)"
74.7.227.41 - - [31/Mar/2026:22:16:31 +0000] "GET /wp-includes/js/hoverIntent.js HTTP/1.1" 200 7225 "https://weddingswithjoy.org.nz/wp-includes/js/" "Mozilla/5.0 AppleWebKit/537.36 (KHTML, like Gecko; compatible; GPTBot/1.3; +https://openai.com/gptbot)"
139.18.2.214 - - [31/Mar/2026:22:16:39 +0000] "GET /wp-includes/SimplePie/src/Net/?C=M;O=D HTTP/1.1" 200 850 "https://weddingswithjoy.org.nz/wp-includes/SimplePie/src/Net/?C=M;O=A" "LCC (+http://corpora.uni-leipzig.de/crawler_faq.html)"
74.7.243.230 - - [31/Mar/2026:22:16:45 +0000] "GET /wp-includes/js/tinymce/skins/wordpress/images/more-2x.png HTTP/1.1" 200 603 "https://schoolofgolfnz.co.nz/wp-includes/js/tinymce/skins/wordpress/images/" "Mozilla/5.0 AppleWebKit/537.36 (KHTML, like Gecko; compatible; GPTBot/1.3; +https://openai.com/gptbot)"
139.18.2.214 - - [31/Mar/2026:22:16:51 +0000] "GET /wp-includes/SimplePie/src/Net/?C=S;O=D HTTP/1.1" 200 850 "https://weddingswithjoy.org.nz/wp-includes/SimplePie/src/Net/?C=S;O=A" "LCC (+http://corpora.uni-leipzig.de/crawler_faq.html)"
74.7.227.41 - - [31/Mar/2026:22:16:55 +0000] "GET /wp-includes/js/dist/script-modules/block-library/search/ HTTP/1.1" 200 1103 "https://weddingswithjoy.org.nz/wp-includes/js/dist/script-modules/block-library/" "Mozilla/5.0 AppleWebKit/537.36 (KHTML, like Gecko; compatible; GPTBot/1.3; +https://openai.com/gptbot)"
139.18.2.214 - - [31/Mar/2026:22:17:00 +0000] "GET /wp-includes/SimplePie/src/Net/?C=D;O=D HTTP/1.1" 200 850 "https://weddingswithjoy.org.nz/wp-includes/SimplePie/src/Net/?C=D;O=A" "LCC (+http://corpora.uni-leipzig.de/crawler_faq.html)"
139.18.2.214 - - [31/Mar/2026:22:17:12 +0000] "GET /wp-includes/SimplePie/src/Parse/?C=N;O=A HTTP/1.1" 200 854 "https://weddingswithjoy.org.nz/wp-includes/SimplePie/src/Parse/?C=N;O=D" "LCC (+http://corpora.uni-leipzig.de/crawler_faq.html)"
74.7.227.41 - - [31/Mar/2026:22:17:16 +0000] "GET /wp-includes/js/dist/script-modules/block-library/accordion/ HTTP/1.1" 200 1109 "https://weddingswithjoy.org.nz/wp-includes/js/dist/script-modules/block-library/" "Mozilla/5.0 AppleWebKit/537.36 (KHTML, like Gecko; compatible; GPTBot/1.3; +https://openai.com/gptbot)"
139.18.2.214 - - [31/Mar/2026:22:17:21 +0000] "GET /wp-includes/SimplePie/src/Parse/?C=M;O=D HTTP/1.1" 200 854 "https://weddingswithjoy.org.nz/wp-includes/SimplePie/src/Parse/?C=M;O=A" "LCC (+http://corpora.uni-leipzig.de/crawler_faq.html)"
74.7.227.159 - - [31/Mar/2026:22:17:28 +0000] "GET /wp-includes/block-supports/duotone.php HTTP/1.1" 500 - "https://www.qualityprecast.co.nz/wp-includes/block-supports/" "Mozilla/5.0 AppleWebKit/537.36 (KHTML, like Gecko; compatible; GPTBot/1.3; +https://openai.com/gptbot)"
139.18.2.214 - - [31/Mar/2026:22:17:32 +0000] "GET /wp-includes/SimplePie/src/Parse/?C=S;O=D HTTP/1.1" 200 854 "https://weddingswithjoy.org.nz/wp-includes/SimplePie/src/Parse/?C=S;O=A" "LCC (+http://corpora.uni-leipzig.de/crawler_faq.html)"
74.7.227.41 - - [31/Mar/2026:22:17:36 +0000] "GET /wp-includes/js/dist/script-modules/block-library/navigation/ HTTP/1.1" 200 1111 "https://weddingswithjoy.org.nz/wp-includes/js/dist/script-modules/block-library/" "Mozilla/5.0 AppleWebKit/537.36 (KHTML, like Gecko; compatible; GPTBot/1.3; +https://openai.com/gptbot)"
74.7.243.230 - - [31/Mar/2026:22:17:43 +0000] "GET /wp-includes/ID3/module.tag.lyrics3.php HTTP/1.1" 200 - "https://schoolofgolfnz.co.nz/wp-includes/ID3/" "Mozilla/5.0 AppleWebKit/537.36 (KHTML, like Gecko; compatible; GPTBot/1.3; +https://openai.com/gptbot)"
139.18.2.214 - - [31/Mar/2026:22:17:46 +0000] "GET /wp-includes/SimplePie/src/Parse/?C=D;O=D HTTP/1.1" 200 854 "https://weddingswithjoy.org.nz/wp-includes/SimplePie/src/Parse/?C=D;O=A" "LCC (+http://corpora.uni-leipzig.de/crawler_faq.html)"
74.7.227.41 - - [31/Mar/2026:22:17:54 +0000] "GET /wp-includes/js/dist/dom-ready.js HTTP/1.1" 200 1608 "https://weddingswithjoy.org.nz/wp-includes/js/dist/" "Mozilla/5.0 AppleWebKit/537.36 (KHTML, like Gecko; compatible; GPTBot/1.3; +https://openai.com/gptbot)"
139.18.2.214 - - [31/Mar/2026:22:18:01 +0000] "GET /wp-includes/SimplePie/src/XML/?C=N;O=A HTTP/1.1" 200 854 "https://weddingswithjoy.org.nz/wp-includes/SimplePie/src/XML/?C=N;O=D" "LCC (+http://corpora.uni-leipzig.de/crawler_faq.html)"
74.7.227.41 - - [31/Mar/2026:22:18:09 +0000] "GET /wp-includes/js/dist/blocks.min.js HTTP/1.1" 200 176880 "https://weddingswithjoy.org.nz/wp-includes/js/dist/" "Mozilla/5.0 AppleWebKit/537.36 (KHTML, like Gecko; compatible; GPTBot/1.3; +https://openai.com/gptbot)"
139.18.2.214 - - [31/Mar/2026:22:18:14 +0000] "GET /wp-includes/SimplePie/src/XML/?C=M;O=D HTTP/1.1" 200 854 "https://weddingswithjoy.org.nz/wp-includes/SimplePie/src/XML/?C=M;O=A" "LCC (+http://corpora.uni-leipzig.de/crawler_faq.html)"
74.7.227.41 - - [31/Mar/2026:22:18:23 +0000] "GET /wp-includes/IXR/?C=N;O=D HTTP/1.1" 200 2538 "https://weddingswithjoy.org.nz/wp-includes/IXR/" "Mozilla/5.0 AppleWebKit/537.36 (KHTML, like Gecko; compatible; GPTBot/1.3; +https://openai.com/gptbot)"
139.18.2.214 - - [31/Mar/2026:22:18:28 +0000] "GET /wp-includes/SimplePie/src/XML/?C=S;O=D HTTP/1.1" 200 854 "https://weddingswithjoy.org.nz/wp-includes/SimplePie/src/XML/?C=S;O=A" "LCC (+http://corpora.uni-leipzig.de/crawler_faq.html)"
74.7.243.230 - - [31/Mar/2026:22:18:34 +0000] "GET /wp-includes/Requests/src/Utility/InputValidator.php HTTP/1.1" 200 - "https://schoolofgolfnz.co.nz/wp-includes/Requests/src/Utility/" "Mozilla/5.0 AppleWebKit/537.36 (KHTML, like Gecko; compatible; GPTBot/1.3; +https://openai.com/gptbot)"
74.7.227.159 - - [31/Mar/2026:22:18:34 +0000] "GET /wp-includes/sodium_compat/autoload.php HTTP/1.1" 200 - "https://www.qualityprecast.co.nz/wp-includes/sodium_compat/" "Mozilla/5.0 AppleWebKit/537.36 (KHTML, like Gecko; compatible; GPTBot/1.3; +https://openai.com/gptbot)"
74.7.227.41 - - [31/Mar/2026:22:18:36 +0000] "GET /wp-includes/IXR/?C=D;O=A HTTP/1.1" 200 2538 "https://weddingswithjoy.org.nz/wp-includes/IXR/" "Mozilla/5.0 AppleWebKit/537.36 (KHTML, like Gecko; compatible; GPTBot/1.3; +https://openai.com/gptbot)"
139.18.2.214 - - [31/Mar/2026:22:18:39 +0000] "GET /wp-includes/SimplePie/src/XML/?C=D;O=D HTTP/1.1" 200 854 "https://weddingswithjoy.org.nz/wp-includes/SimplePie/src/XML/?C=D;O=A" "LCC (+http://corpora.uni-leipzig.de/crawler_faq.html)"
74.7.227.41 - - [31/Mar/2026:22:18:47 +0000] "GET /wp-includes/IXR/?C=S;O=A HTTP/1.1" 200 2538 "https://weddingswithjoy.org.nz/wp-includes/IXR/" "Mozilla/5.0 AppleWebKit/537.36 (KHTML, like Gecko; compatible; GPTBot/1.3; +https://openai.com/gptbot)"
139.18.2.214 - - [31/Mar/2026:22:18:48 +0000] "GET /wp-includes/SimplePie/src/XML/Declaration/?C=N;O=D HTTP/1.1" 200 880 "https://weddingswithjoy.org.nz/wp-includes/SimplePie/src/XML/Declaration/" "LCC (+http://corpora.uni-leipzig.de/crawler_faq.html)"
139.18.2.214 - - [31/Mar/2026:22:18:58 +0000] "GET /wp-includes/SimplePie/src/XML/Declaration/?C=M;O=A HTTP/1.1" 200 880 "https://weddingswithjoy.org.nz/wp-includes/SimplePie/src/XML/Declaration/" "LCC (+http://corpora.uni-leipzig.de/crawler_faq.html)"
74.7.227.41 - - [31/Mar/2026:22:18:58 +0000] "GET /wp-includes/IXR/?C=M;O=A HTTP/1.1" 200 2538 "https://weddingswithjoy.org.nz/wp-includes/IXR/" "Mozilla/5.0 AppleWebKit/537.36 (KHTML, like Gecko; compatible; GPTBot/1.3; +https://openai.com/gptbot)"
74.7.227.41 - - [31/Mar/2026:22:19:07 +0000] "GET /wp-includes/Requests/library/?C=S;O=A HTTP/1.1" 200 847 "https://weddingswithjoy.org.nz/wp-includes/Requests/library/" "Mozilla/5.0 AppleWebKit/537.36 (KHTML, like Gecko; compatible; GPTBot/1.3; +https://openai.com/gptbot)"
139.18.2.214 - - [31/Mar/2026:22:19:08 +0000] "GET /wp-includes/SimplePie/src/XML/Declaration/?C=S;O=A HTTP/1.1" 200 880 "https://weddingswithjoy.org.nz/wp-includes/SimplePie/src/XML/Declaration/" "LCC (+http://corpora.uni-leipzig.de/crawler_faq.html)"
74.7.227.41 - - [31/Mar/2026:22:19:16 +0000] "GET /wp-includes/Requests/library/Requests.php HTTP/1.1" 500 - "https://weddingswithjoy.org.nz/wp-includes/Requests/library/" "Mozilla/5.0 AppleWebKit/537.36 (KHTML, like Gecko; compatible; GPTBot/1.3; +https://openai.com/gptbot)"
139.18.2.214 - - [31/Mar/2026:22:19:17 +0000] "GET /wp-includes/SimplePie/src/XML/Declaration/?C=D;O=A HTTP/1.1" 200 880 "https://weddingswithjoy.org.nz/wp-includes/SimplePie/src/XML/Declaration/" "LCC (+http://corpora.uni-leipzig.de/crawler_faq.html)"
74.7.243.230 - - [31/Mar/2026:22:19:18 +0000] "GET /wp-includes/class-wp-user-request.php HTTP/1.1" 200 - "https://schoolofgolfnz.co.nz/wp-includes/" "Mozilla/5.0 AppleWebKit/537.36 (KHTML, like Gecko; compatible; GPTBot/1.3; +https://openai.com/gptbot)"
74.7.227.41 - - [31/Mar/2026:22:19:23 +0000] "GET /wp-includes/rest-api/endpoints/class-wp-rest-abilities-v1-categories-controller.php HTTP/1.1" 500 - "https://weddingswithjoy.org.nz/wp-includes/rest-api/endpoints/" "Mozilla/5.0 AppleWebKit/537.36 (KHTML, like Gecko; compatible; GPTBot/1.3; +https://openai.com/gptbot)"
139.18.2.214 - - [31/Mar/2026:22:19:27 +0000] "GET /wp-includes/SimplePie/src/XML/Declaration/Parser.php HTTP/1.1" 200 - "https://weddingswithjoy.org.nz/wp-includes/SimplePie/src/XML/Declaration/" "LCC (+http://corpora.uni-leipzig.de/crawler_faq.html)"
74.7.227.159 - - [31/Mar/2026:22:19:37 +0000] "GET /wp-includes/block-supports/spacing.php HTTP/1.1" 500 - "https://www.qualityprecast.co.nz/wp-includes/block-supports/" "Mozilla/5.0 AppleWebKit/537.36 (KHTML, like Gecko; compatible; GPTBot/1.3; +https://openai.com/gptbot)"
139.18.2.214 - - [31/Mar/2026:22:19:39 +0000] "GET /wp-includes/Text/Diff/Engine/?C=N;O=A HTTP/1.1" 200 1378 "https://weddingswithjoy.org.nz/wp-includes/Text/Diff/Engine/?C=N;O=D" "LCC (+http://corpora.uni-leipzig.de/crawler_faq.html)"
74.7.227.41 - - [31/Mar/2026:22:19:46 +0000] "GET /wp-includes/js/jquery/ui/core.min.js HTTP/1.1" 200 21464 "https://weddingswithjoy.org.nz/wp-includes/js/jquery/ui/" "Mozilla/5.0 AppleWebKit/537.36 (KHTML, like Gecko; compatible; GPTBot/1.3; +https://openai.com/gptbot)"
139.18.2.214 - - [31/Mar/2026:22:19:48 +0000] "GET /wp-includes/Text/Diff/Engine/?C=M;O=D HTTP/1.1" 200 1378 "https://weddingswithjoy.org.nz/wp-includes/Text/Diff/Engine/?C=M;O=A" "LCC (+http://corpora.uni-leipzig.de/crawler_faq.html)"
139.18.2.214 - - [31/Mar/2026:22:19:58 +0000] "GET /wp-includes/Text/Diff/Engine/?C=S;O=D HTTP/1.1" 200 1378 "https://weddingswithjoy.org.nz/wp-includes/Text/Diff/Engine/?C=S;O=A" "LCC (+http://corpora.uni-leipzig.de/crawler_faq.html)"
74.7.243.230 - - [31/Mar/2026:22:19:59 +0000] "GET /wp-includes/Requests/src/Exception/InvalidArgument.php HTTP/1.1" 200 - "https://schoolofgolfnz.co.nz/wp-includes/Requests/src/Exception/" "Mozilla/5.0 AppleWebKit/537.36 (KHTML, like Gecko; compatible; GPTBot/1.3; +https://openai.com/gptbot)"
139.18.2.214 - - [31/Mar/2026:22:20:09 +0000] "GET /wp-includes/Text/Diff/Engine/?C=D;O=D HTTP/1.1" 200 1378 "https://weddingswithjoy.org.nz/wp-includes/Text/Diff/Engine/?C=D;O=A" "LCC (+http://corpora.uni-leipzig.de/crawler_faq.html)"
139.18.2.214 - - [31/Mar/2026:22:20:19 +0000] "GET /wp-includes/Text/Diff/Renderer/?C=N;O=A HTTP/1.1" 200 850 "https://weddingswithjoy.org.nz/wp-includes/Text/Diff/Renderer/?C=N;O=D" "LCC (+http://corpora.uni-leipzig.de/crawler_faq.html)"
139.18.2.214 - - [31/Mar/2026:22:20:29 +0000] "GET /wp-includes/Text/Diff/Renderer/?C=M;O=D HTTP/1.1" 200 850 "https://weddingswithjoy.org.nz/wp-includes/Text/Diff/Renderer/?C=M;O=A" "LCC (+http://corpora.uni-leipzig.de/crawler_faq.html)"
74.7.243.230 - - [31/Mar/2026:22:20:34 +0000] "GET /wp-includes/Requests/src/Utility/FilteredIterator.php HTTP/1.1" 200 - "https://schoolofgolfnz.co.nz/wp-includes/Requests/src/Utility/" "Mozilla/5.0 AppleWebKit/537.36 (KHTML, like Gecko; compatible; GPTBot/1.3; +https://openai.com/gptbot)"
74.7.227.159 - - [31/Mar/2026:22:20:35 +0000] "GET /wp-includes/block-supports/layout.php HTTP/1.1" 500 - "https://www.qualityprecast.co.nz/wp-includes/block-supports/" "Mozilla/5.0 AppleWebKit/537.36 (KHTML, like Gecko; compatible; GPTBot/1.3; +https://openai.com/gptbot)"
139.18.2.214 - - [31/Mar/2026:22:20:39 +0000] "GET /wp-includes/Text/Diff/Renderer/?C=S;O=D HTTP/1.1" 200 850 "https://weddingswithjoy.org.nz/wp-includes/Text/Diff/Renderer/?C=S;O=A" "LCC (+http://corpora.uni-leipzig.de/crawler_faq.html)"
74.7.227.41 - - [31/Mar/2026:22:20:47 +0000] "GET /wp-includes/js/jquery/ui/tabs.min.js HTTP/1.1" 200 12008 "https://weddingswithjoy.org.nz/wp-includes/js/jquery/ui/" "Mozilla/5.0 AppleWebKit/537.36 (KHTML, like Gecko; compatible; GPTBot/1.3; +https://openai.com/gptbot)"
139.18.2.214 - - [31/Mar/2026:22:20:53 +0000] "GET /wp-includes/Text/Diff/Renderer/?C=D;O=D HTTP/1.1" 200 850 "https://weddingswithjoy.org.nz/wp-includes/Text/Diff/Renderer/?C=D;O=A" "LCC (+http://corpora.uni-leipzig.de/crawler_faq.html)"
172.203.190.133 - - [31/Mar/2026:22:21:01 +0000] "GET /robots.txt HTTP/1.1" 304 - "-" "Mozilla/5.0 (Macintosh; Intel Mac OS X 10_15_7) AppleWebKit/537.36 (KHTML, like Gecko) Chrome/131.0.0.0 Safari/537.36; compatible; OAI-SearchBot/1.0; +https://openai.com/searchbot"
74.7.243.230 - - [31/Mar/2026:22:21:08 +0000] "GET /wp-includes/sodium_compat/src/Core/AES.php HTTP/1.1" 500 - "https://schoolofgolfnz.co.nz/wp-includes/sodium_compat/src/Core/" "Mozilla/5.0 AppleWebKit/537.36 (KHTML, like Gecko; compatible; GPTBot/1.3; +https://openai.com/gptbot)"
139.18.2.214 - - [31/Mar/2026:22:21:13 +0000] "GET /wp-includes/css/dist/admin-ui/?C=N;O=A HTTP/1.1" 200 1393 "https://weddingswithjoy.org.nz/wp-includes/css/dist/admin-ui/?C=N;O=D" "LCC (+http://corpora.uni-leipzig.de/crawler_faq.html)"
85.90.246.159 - - [31/Mar/2026:22:21:16 +0000] "POST /vpnsvc/connect.cgi HTTP/1.1" 404 - "-" "-"
139.18.2.214 - - [31/Mar/2026:22:21:22 +0000] "GET /wp-includes/css/dist/admin-ui/?C=M;O=D HTTP/1.1" 200 1393 "https://weddingswithjoy.org.nz/wp-includes/css/dist/admin-ui/?C=M;O=A" "LCC (+http://corpora.uni-leipzig.de/crawler_faq.html)"
139.18.2.214 - - [31/Mar/2026:22:21:33 +0000] "GET /wp-includes/css/dist/admin-ui/?C=S;O=D HTTP/1.1" 200 1393 "https://weddingswithjoy.org.nz/wp-includes/css/dist/admin-ui/?C=S;O=A" "LCC (+http://corpora.uni-leipzig.de/crawler_faq.html)"
74.7.243.230 - - [31/Mar/2026:22:21:37 +0000] "GET /wp-includes/SimplePie/src/HTTP/Psr7Response.php HTTP/1.1" 500 - "https://schoolofgolfnz.co.nz/wp-includes/SimplePie/src/HTTP/" "Mozilla/5.0 AppleWebKit/537.36 (KHTML, like Gecko; compatible; GPTBot/1.3; +https://openai.com/gptbot)"
74.7.227.159 - - [31/Mar/2026:22:21:38 +0000] "GET /wp-includes/block-supports/shadow.php HTTP/1.1" 500 - "https://www.qualityprecast.co.nz/wp-includes/block-supports/" "Mozilla/5.0 AppleWebKit/537.36 (KHTML, like Gecko; compatible; GPTBot/1.3; +https://openai.com/gptbot)"
139.18.2.214 - - [31/Mar/2026:22:21:45 +0000] "GET /wp-includes/css/dist/admin-ui/?C=D;O=D HTTP/1.1" 200 1393 "https://weddingswithjoy.org.nz/wp-includes/css/dist/admin-ui/?C=D;O=A" "LCC (+http://corpora.uni-leipzig.de/crawler_faq.html)"
74.7.227.41 - - [31/Mar/2026:22:21:46 +0000] "GET /wp-includes/sodium_compat/src/Core32/Curve25519/Ge/P1p1.php HTTP/1.1" 200 - "https://weddingswithjoy.org.nz/wp-includes/sodium_compat/src/Core32/Curve25519/Ge/" "Mozilla/5.0 AppleWebKit/537.36 (KHTML, like Gecko; compatible; GPTBot/1.3; +https://openai.com/gptbot)"
139.18.2.214 - - [31/Mar/2026:22:21:54 +0000] "GET /wp-includes/css/dist/base-styles/?C=N;O=A HTTP/1.1" 200 1434 "https://weddingswithjoy.org.nz/wp-includes/css/dist/base-styles/?C=N;O=D" "LCC (+http://corpora.uni-leipzig.de/crawler_faq.html)"
139.18.2.214 - - [31/Mar/2026:22:22:06 +0000] "GET /wp-includes/css/dist/base-styles/?C=M;O=D HTTP/1.1" 200 1434 "https://weddingswithjoy.org.nz/wp-includes/css/dist/base-styles/?C=M;O=A" "LCC (+http://corpora.uni-leipzig.de/crawler_faq.html)"
139.18.2.214 - - [31/Mar/2026:22:22:15 +0000] "GET /wp-includes/css/dist/base-styles/?C=S;O=D HTTP/1.1" 200 1434 "https://weddingswithjoy.org.nz/wp-includes/css/dist/base-styles/?C=S;O=A" "LCC (+http://corpora.uni-leipzig.de/crawler_faq.html)"
139.18.2.214 - - [31/Mar/2026:22:22:26 +0000] "GET /wp-includes/css/dist/base-styles/?C=D;O=D HTTP/1.1" 200 1434 "https://weddingswithjoy.org.nz/wp-includes/css/dist/base-styles/?C=D;O=A" "LCC (+http://corpora.uni-leipzig.de/crawler_faq.html)"
139.18.2.214 - - [31/Mar/2026:22:22:37 +0000] "GET /wp-includes/css/dist/block-directory/?C=N;O=A HTTP/1.1" 200 1407 "https://weddingswithjoy.org.nz/wp-includes/css/dist/block-directory/?C=N;O=D" "LCC (+http://corpora.uni-leipzig.de/crawler_faq.html)"
74.7.227.41 - - [31/Mar/2026:22:22:37 +0000] "GET /wp-includes/js/dist/'+(o=o.replace(a.helper.regexes.asteriskDashAndColon,a.helper.escapeCharactersCallback))+' HTTP/1.1" 404 - "https://weddingswithjoy.org.nz/wp-includes/js/dist/blocks.min.js" "Mozilla/5.0 AppleWebKit/537.36 (KHTML, like Gecko; compatible; GPTBot/1.3; +https://openai.com/gptbot)"
74.7.227.159 - - [31/Mar/2026:22:22:39 +0000] "GET /wp-includes/block-supports/colors.php HTTP/1.1" 500 - "https://www.qualityprecast.co.nz/wp-includes/block-supports/" "Mozilla/5.0 AppleWebKit/537.36 (KHTML, like Gecko; compatible; GPTBot/1.3; +https://openai.com/gptbot)"
74.7.243.230 - - [31/Mar/2026:22:22:41 +0000] "GET /wp-includes/sodium_compat/namespaced/Core/Util.php HTTP/1.1" 500 - "https://schoolofgolfnz.co.nz/wp-includes/sodium_compat/namespaced/Core/" "Mozilla/5.0 AppleWebKit/537.36 (KHTML, like Gecko; compatible; GPTBot/1.3; +https://openai.com/gptbot)"
139.18.2.214 - - [31/Mar/2026:22:22:46 +0000] "GET /wp-includes/css/dist/block-directory/?C=M;O=D HTTP/1.1" 200 1407 "https://weddingswithjoy.org.nz/wp-includes/css/dist/block-directory/?C=M;O=A" "LCC (+http://corpora.uni-leipzig.de/crawler_faq.html)"
139.18.2.214 - - [31/Mar/2026:22:22:57 +0000] "GET /wp-includes/css/dist/block-directory/?C=S;O=D HTTP/1.1" 200 1407 "https://weddingswithjoy.org.nz/wp-includes/css/dist/block-directory/?C=S;O=A" "LCC (+http://corpora.uni-leipzig.de/crawler_faq.html)"
139.18.2.214 - - [31/Mar/2026:22:23:09 +0000] "GET /wp-includes/css/dist/block-directory/?C=D;O=D HTTP/1.1" 200 1407 "https://weddingswithjoy.org.nz/wp-includes/css/dist/block-directory/?C=D;O=A" "LCC (+http://corpora.uni-leipzig.de/crawler_faq.html)"
