74.7.227.41 - - [31/Mar/2026:22:56:47 +0000] "GET /wp-includes/js/dist/hooks.min.js HTTP/1.1" 200 5661 "https://weddingswithjoy.org.nz/wp-includes/js/dist/" "Mozilla/5.0 AppleWebKit/537.36 (KHTML, like Gecko; compatible; GPTBot/1.3; +https://openai.com/gptbot)"
74.7.227.41 - - [31/Mar/2026:22:56:51 +0000] "GET /wp-includes/js/dist/autop.min.js HTTP/1.1" 200 5614 "https://weddingswithjoy.org.nz/wp-includes/js/dist/" "Mozilla/5.0 AppleWebKit/537.36 (KHTML, like Gecko; compatible; GPTBot/1.3; +https://openai.com/gptbot)"
74.7.227.41 - - [31/Mar/2026:22:56:54 +0000] "GET /wp-includes/js/dist/editor.min.js HTTP/1.1" 200 419625 "https://weddingswithjoy.org.nz/wp-includes/js/dist/" "Mozilla/5.0 AppleWebKit/537.36 (KHTML, like Gecko; compatible; GPTBot/1.3; +https://openai.com/gptbot)"
139.18.2.214 - - [31/Mar/2026:22:56:56 +0000] "GET /wp-includes/js/tinymce/plugins/wpemoji/?C=D;O=A HTTP/1.1" 200 1055 "https://weddingswithjoy.org.nz/wp-includes/js/tinymce/plugins/wpemoji/" "LCC (+http://corpora.uni-leipzig.de/crawler_faq.html)"
74.7.227.41 - - [31/Mar/2026:22:56:58 +0000] "GET /wp-includes/sodium_compat/namespaced/Core/HChaCha20.php HTTP/1.1" 500 - "https://weddingswithjoy.org.nz/wp-includes/sodium_compat/namespaced/Core/" "Mozilla/5.0 AppleWebKit/537.36 (KHTML, like Gecko; compatible; GPTBot/1.3; +https://openai.com/gptbot)"
74.7.227.41 - - [31/Mar/2026:22:57:01 +0000] "GET /wp-includes/sodium_compat/namespaced/Core/XChaCha20.php HTTP/1.1" 500 - "https://weddingswithjoy.org.nz/wp-includes/sodium_compat/namespaced/Core/" "Mozilla/5.0 AppleWebKit/537.36 (KHTML, like Gecko; compatible; GPTBot/1.3; +https://openai.com/gptbot)"
74.7.243.230 - - [31/Mar/2026:22:57:08 +0000] "GET /wp-includes/images/media/video.png HTTP/1.1" 200 283 "https://schoolofgolfnz.co.nz/wp-includes/images/media/" "Mozilla/5.0 AppleWebKit/537.36 (KHTML, like Gecko; compatible; GPTBot/1.3; +https://openai.com/gptbot)"
139.18.2.214 - - [31/Mar/2026:22:57:08 +0000] "GET /wp-includes/js/tinymce/plugins/wpgallery/?C=N;O=D HTTP/1.1" 200 1059 "https://weddingswithjoy.org.nz/wp-includes/js/tinymce/plugins/wpgallery/" "LCC (+http://corpora.uni-leipzig.de/crawler_faq.html)"
74.7.227.41 - - [31/Mar/2026:22:57:10 +0000] "GET /wp-includes/js/dist/'%20+%20link%20+%20' HTTP/1.1" 404 - "https://weddingswithjoy.org.nz/wp-includes/js/dist/blocks.js" "Mozilla/5.0 AppleWebKit/537.36 (KHTML, like Gecko; compatible; GPTBot/1.3; +https://openai.com/gptbot)"
139.18.2.214 - - [31/Mar/2026:22:57:19 +0000] "GET /wp-includes/js/tinymce/plugins/wpgallery/?C=M;O=A HTTP/1.1" 200 1059 "https://weddingswithjoy.org.nz/wp-includes/js/tinymce/plugins/wpgallery/" "LCC (+http://corpora.uni-leipzig.de/crawler_faq.html)"
74.7.227.159 - - [31/Mar/2026:22:57:25 +0000] "GET /wp-includes/sitemaps/class-wp-sitemaps-renderer.php HTTP/1.1" 200 - "https://www.qualityprecast.co.nz/wp-includes/sitemaps/" "Mozilla/5.0 AppleWebKit/537.36 (KHTML, like Gecko; compatible; GPTBot/1.3; +https://openai.com/gptbot)"
139.18.2.214 - - [31/Mar/2026:22:57:28 +0000] "GET /wp-includes/js/tinymce/plugins/wpgallery/?C=S;O=A HTTP/1.1" 200 1059 "https://weddingswithjoy.org.nz/wp-includes/js/tinymce/plugins/wpgallery/" "LCC (+http://corpora.uni-leipzig.de/crawler_faq.html)"
74.7.227.41 - - [31/Mar/2026:22:57:36 +0000] "GET /wp-includes/sodium_compat/namespaced/Core/ChaCha20.php HTTP/1.1" 500 - "https://weddingswithjoy.org.nz/wp-includes/sodium_compat/namespaced/Core/" "Mozilla/5.0 AppleWebKit/537.36 (KHTML, like Gecko; compatible; GPTBot/1.3; +https://openai.com/gptbot)"
139.18.2.214 - - [31/Mar/2026:22:57:40 +0000] "GET /wp-includes/js/tinymce/plugins/wpgallery/?C=D;O=A HTTP/1.1" 200 1059 "https://weddingswithjoy.org.nz/wp-includes/js/tinymce/plugins/wpgallery/" "LCC (+http://corpora.uni-leipzig.de/crawler_faq.html)"
139.18.2.214 - - [31/Mar/2026:22:57:51 +0000] "GET /wp-includes/js/tinymce/plugins/wplink/?C=N;O=D HTTP/1.1" 200 1053 "https://weddingswithjoy.org.nz/wp-includes/js/tinymce/plugins/wplink/" "LCC (+http://corpora.uni-leipzig.de/crawler_faq.html)"
74.7.243.230 - - [31/Mar/2026:22:57:59 +0000] "GET /wp-includes/images/media/video.svg HTTP/1.1" 200 302 "https://schoolofgolfnz.co.nz/wp-includes/images/media/" "Mozilla/5.0 AppleWebKit/537.36 (KHTML, like Gecko; compatible; GPTBot/1.3; +https://openai.com/gptbot)"
139.18.2.214 - - [31/Mar/2026:22:58:04 +0000] "GET /wp-includes/js/tinymce/plugins/wplink/?C=M;O=A HTTP/1.1" 200 1053 "https://weddingswithjoy.org.nz/wp-includes/js/tinymce/plugins/wplink/" "LCC (+http://corpora.uni-leipzig.de/crawler_faq.html)"
74.7.227.41 - - [31/Mar/2026:22:58:04 +0000] "GET /wp-includes/sodium_compat/namespaced/Core/BLAKE2b.php HTTP/1.1" 500 - "https://weddingswithjoy.org.nz/wp-includes/sodium_compat/namespaced/Core/" "Mozilla/5.0 AppleWebKit/537.36 (KHTML, like Gecko; compatible; GPTBot/1.3; +https://openai.com/gptbot)"
74.7.227.159 - - [31/Mar/2026:22:58:07 +0000] "GET /wp-includes/theme-compat/footer-embed.php HTTP/1.1" 500 - "https://www.qualityprecast.co.nz/wp-includes/theme-compat/" "Mozilla/5.0 AppleWebKit/537.36 (KHTML, like Gecko; compatible; GPTBot/1.3; +https://openai.com/gptbot)"
139.18.2.214 - - [31/Mar/2026:22:58:14 +0000] "GET /wp-includes/js/tinymce/plugins/wplink/?C=S;O=A HTTP/1.1" 200 1053 "https://weddingswithjoy.org.nz/wp-includes/js/tinymce/plugins/wplink/" "LCC (+http://corpora.uni-leipzig.de/crawler_faq.html)"
139.18.2.214 - - [31/Mar/2026:22:58:24 +0000] "GET /wp-includes/js/tinymce/plugins/wplink/?C=D;O=A HTTP/1.1" 200 1053 "https://weddingswithjoy.org.nz/wp-includes/js/tinymce/plugins/wplink/" "LCC (+http://corpora.uni-leipzig.de/crawler_faq.html)"
139.18.2.214 - - [31/Mar/2026:22:58:36 +0000] "GET /wp-includes/js/tinymce/plugins/wptextpattern/?C=N;O=D HTTP/1.1" 200 1067 "https://weddingswithjoy.org.nz/wp-includes/js/tinymce/plugins/wptextpattern/" "LCC (+http://corpora.uni-leipzig.de/crawler_faq.html)"
74.7.243.230 - - [31/Mar/2026:22:58:43 +0000] "GET /wp-includes/Requests/src/Cookie/Jar.php HTTP/1.1" 200 - "https://schoolofgolfnz.co.nz/wp-includes/Requests/src/Cookie/" "Mozilla/5.0 AppleWebKit/537.36 (KHTML, like Gecko; compatible; GPTBot/1.3; +https://openai.com/gptbot)"
74.7.227.159 - - [31/Mar/2026:22:58:44 +0000] "GET /wp-includes/widgets/class-wp-widget-media.php HTTP/1.1" 500 - "https://www.qualityprecast.co.nz/wp-includes/widgets/" "Mozilla/5.0 AppleWebKit/537.36 (KHTML, like Gecko; compatible; GPTBot/1.3; +https://openai.com/gptbot)"
139.18.2.214 - - [31/Mar/2026:22:58:48 +0000] "GET /wp-includes/js/tinymce/plugins/wptextpattern/?C=M;O=A HTTP/1.1" 200 1067 "https://weddingswithjoy.org.nz/wp-includes/js/tinymce/plugins/wptextpattern/" "LCC (+http://corpora.uni-leipzig.de/crawler_faq.html)"
139.18.2.214 - - [31/Mar/2026:22:58:59 +0000] "GET /wp-includes/js/tinymce/plugins/wptextpattern/?C=S;O=A HTTP/1.1" 200 1067 "https://weddingswithjoy.org.nz/wp-includes/js/tinymce/plugins/wptextpattern/" "LCC (+http://corpora.uni-leipzig.de/crawler_faq.html)"
74.7.227.41 - - [31/Mar/2026:22:59:04 +0000] "GET /wp-includes/js/dist/date.js HTTP/1.1" 200 809839 "https://weddingswithjoy.org.nz/wp-includes/js/dist/" "Mozilla/5.0 AppleWebKit/537.36 (KHTML, like Gecko; compatible; GPTBot/1.3; +https://openai.com/gptbot)"
139.18.2.214 - - [31/Mar/2026:22:59:08 +0000] "GET /wp-includes/js/tinymce/plugins/wptextpattern/?C=D;O=A HTTP/1.1" 200 1067 "https://weddingswithjoy.org.nz/wp-includes/js/tinymce/plugins/wptextpattern/" "LCC (+http://corpora.uni-leipzig.de/crawler_faq.html)"
139.18.2.214 - - [31/Mar/2026:22:59:20 +0000] "GET /wp-includes/js/tinymce/plugins/wpview/?C=N;O=D HTTP/1.1" 200 1053 "https://weddingswithjoy.org.nz/wp-includes/js/tinymce/plugins/wpview/" "LCC (+http://corpora.uni-leipzig.de/crawler_faq.html)"
74.7.243.230 - - [31/Mar/2026:22:59:24 +0000] "GET /wp-includes/Requests/src/Proxy/Http.php HTTP/1.1" 500 - "https://schoolofgolfnz.co.nz/wp-includes/Requests/src/Proxy/" "Mozilla/5.0 AppleWebKit/537.36 (KHTML, like Gecko; compatible; GPTBot/1.3; +https://openai.com/gptbot)"
139.18.2.214 - - [31/Mar/2026:22:59:28 +0000] "GET /wp-includes/js/tinymce/plugins/wpview/?C=M;O=A HTTP/1.1" 200 1053 "https://weddingswithjoy.org.nz/wp-includes/js/tinymce/plugins/wpview/" "LCC (+http://corpora.uni-leipzig.de/crawler_faq.html)"
139.18.2.214 - - [31/Mar/2026:22:59:37 +0000] "GET /wp-includes/js/tinymce/plugins/wpview/?C=S;O=A HTTP/1.1" 200 1053 "https://weddingswithjoy.org.nz/wp-includes/js/tinymce/plugins/wpview/" "LCC (+http://corpora.uni-leipzig.de/crawler_faq.html)"
74.7.227.159 - - [31/Mar/2026:22:59:48 +0000] "GET /wp-includes/widgets/class-wp-widget-search.php HTTP/1.1" 500 - "https://www.qualityprecast.co.nz/wp-includes/widgets/" "Mozilla/5.0 AppleWebKit/537.36 (KHTML, like Gecko; compatible; GPTBot/1.3; +https://openai.com/gptbot)"
139.18.2.214 - - [31/Mar/2026:22:59:49 +0000] "GET /wp-includes/js/tinymce/plugins/wpview/?C=D;O=A HTTP/1.1" 200 1053 "https://weddingswithjoy.org.nz/wp-includes/js/tinymce/plugins/wpview/" "LCC (+http://corpora.uni-leipzig.de/crawler_faq.html)"
139.18.2.214 - - [31/Mar/2026:23:00:02 +0000] "GET /wp-includes/js/tinymce/skins/?C=N;O=A HTTP/1.1" 200 1025 "https://weddingswithjoy.org.nz/wp-includes/js/tinymce/skins/?C=N;O=D" "LCC (+http://corpora.uni-leipzig.de/crawler_faq.html)"
74.7.243.230 - - [31/Mar/2026:23:00:02 +0000] "GET /wp-includes/Text/Diff/Engine/native.php HTTP/1.1" 200 - "https://schoolofgolfnz.co.nz/wp-includes/Text/Diff/Engine/" "Mozilla/5.0 AppleWebKit/537.36 (KHTML, like Gecko; compatible; GPTBot/1.3; +https://openai.com/gptbot)"
74.7.227.41 - - [31/Mar/2026:23:00:07 +0000] "GET /wp-includes/js/dist/views.js HTTP/1.1" 200 7988 "https://weddingswithjoy.org.nz/wp-includes/js/dist/" "Mozilla/5.0 AppleWebKit/537.36 (KHTML, like Gecko; compatible; GPTBot/1.3; +https://openai.com/gptbot)"
139.18.2.214 - - [31/Mar/2026:23:00:12 +0000] "GET /wp-includes/js/tinymce/skins/?C=M;O=D HTTP/1.1" 200 1025 "https://weddingswithjoy.org.nz/wp-includes/js/tinymce/skins/?C=M;O=A" "LCC (+http://corpora.uni-leipzig.de/crawler_faq.html)"
139.18.2.214 - - [31/Mar/2026:23:00:25 +0000] "GET /wp-includes/js/tinymce/skins/?C=S;O=D HTTP/1.1" 200 1025 "https://weddingswithjoy.org.nz/wp-includes/js/tinymce/skins/?C=S;O=A" "LCC (+http://corpora.uni-leipzig.de/crawler_faq.html)"
139.18.2.214 - - [31/Mar/2026:23:00:36 +0000] "GET /wp-includes/js/tinymce/skins/?C=D;O=D HTTP/1.1" 200 1025 "https://weddingswithjoy.org.nz/wp-includes/js/tinymce/skins/?C=D;O=A" "LCC (+http://corpora.uni-leipzig.de/crawler_faq.html)"
139.18.2.214 - - [31/Mar/2026:23:00:46 +0000] "GET /wp-includes/js/tinymce/skins/lightgray/?C=N;O=D HTTP/1.1" 200 1594 "https://weddingswithjoy.org.nz/wp-includes/js/tinymce/skins/lightgray/" "LCC (+http://corpora.uni-leipzig.de/crawler_faq.html)"
74.7.227.159 - - [31/Mar/2026:23:00:53 +0000] "GET /wp-includes/widgets/class-wp-widget-pages.php HTTP/1.1" 500 - "https://www.qualityprecast.co.nz/wp-includes/widgets/" "Mozilla/5.0 AppleWebKit/537.36 (KHTML, like Gecko; compatible; GPTBot/1.3; +https://openai.com/gptbot)"
139.18.2.214 - - [31/Mar/2026:23:00:57 +0000] "GET /wp-includes/js/tinymce/skins/lightgray/?C=M;O=A HTTP/1.1" 200 1594 "https://weddingswithjoy.org.nz/wp-includes/js/tinymce/skins/lightgray/" "LCC (+http://corpora.uni-leipzig.de/crawler_faq.html)"
74.7.227.41 - - [31/Mar/2026:23:01:03 +0000] "GET /wp-includes/js/dist/vendor/ HTTP/1.1" 200 6567 "https://weddingswithjoy.org.nz/wp-includes/js/dist/" "Mozilla/5.0 AppleWebKit/537.36 (KHTML, like Gecko; compatible; GPTBot/1.3; +https://openai.com/gptbot)"
74.7.243.230 - - [31/Mar/2026:23:01:04 +0000] "GET /wp-includes/Requests/src/Auth/Basic.php HTTP/1.1" 500 - "https://schoolofgolfnz.co.nz/wp-includes/Requests/src/Auth/" "Mozilla/5.0 AppleWebKit/537.36 (KHTML, like Gecko; compatible; GPTBot/1.3; +https://openai.com/gptbot)"
139.18.2.214 - - [31/Mar/2026:23:01:09 +0000] "GET /wp-includes/js/tinymce/skins/lightgray/?C=S;O=A HTTP/1.1" 200 1594 "https://weddingswithjoy.org.nz/wp-includes/js/tinymce/skins/lightgray/" "LCC (+http://corpora.uni-leipzig.de/crawler_faq.html)"
139.18.2.214 - - [31/Mar/2026:23:01:26 +0000] "GET /wp-includes/js/tinymce/skins/lightgray/?C=D;O=A HTTP/1.1" 200 1594 "https://weddingswithjoy.org.nz/wp-includes/js/tinymce/skins/lightgray/" "LCC (+http://corpora.uni-leipzig.de/crawler_faq.html)"
139.18.2.214 - - [31/Mar/2026:23:01:35 +0000] "GET /wp-includes/js/tinymce/skins/lightgray/fonts/ HTTP/1.1" 200 2175 "https://weddingswithjoy.org.nz/wp-includes/js/tinymce/skins/lightgray/" "LCC (+http://corpora.uni-leipzig.de/crawler_faq.html)"
139.18.2.214 - - [31/Mar/2026:23:01:45 +0000] "GET /wp-includes/js/tinymce/skins/lightgray/img/ HTTP/1.1" 200 1424 "https://weddingswithjoy.org.nz/wp-includes/js/tinymce/skins/lightgray/" "LCC (+http://corpora.uni-leipzig.de/crawler_faq.html)"
74.7.227.41 - - [31/Mar/2026:23:01:53 +0000] "GET /wp-includes/js/dist/data.js HTTP/1.1" 200 90267 "https://weddingswithjoy.org.nz/wp-includes/js/dist/" "Mozilla/5.0 AppleWebKit/537.36 (KHTML, like Gecko; compatible; GPTBot/1.3; +https://openai.com/gptbot)"
74.7.227.159 - - [31/Mar/2026:23:01:56 +0000] "GET /wp-includes/widgets/class-wp-widget-links.php HTTP/1.1" 500 - "https://www.qualityprecast.co.nz/wp-includes/widgets/" "Mozilla/5.0 AppleWebKit/537.36 (KHTML, like Gecko; compatible; GPTBot/1.3; +https://openai.com/gptbot)"
139.18.2.214 - - [31/Mar/2026:23:01:56 +0000] "GET /wp-includes/js/tinymce/skins/wordpress/?C=N;O=D HTTP/1.1" 200 1052 "https://weddingswithjoy.org.nz/wp-includes/js/tinymce/skins/wordpress/" "LCC (+http://corpora.uni-leipzig.de/crawler_faq.html)"
74.7.243.230 - - [31/Mar/2026:23:02:00 +0000] "GET /wp-includes/Text/Diff/Engine/string.php HTTP/1.1" 200 - "https://schoolofgolfnz.co.nz/wp-includes/Text/Diff/Engine/" "Mozilla/5.0 AppleWebKit/537.36 (KHTML, like Gecko; compatible; GPTBot/1.3; +https://openai.com/gptbot)"
139.18.2.214 - - [31/Mar/2026:23:02:10 +0000] "GET /wp-includes/js/tinymce/skins/wordpress/?C=M;O=A HTTP/1.1" 200 1052 "https://weddingswithjoy.org.nz/wp-includes/js/tinymce/skins/wordpress/" "LCC (+http://corpora.uni-leipzig.de/crawler_faq.html)"
139.18.2.214 - - [31/Mar/2026:23:02:23 +0000] "GET /wp-includes/js/tinymce/skins/wordpress/?C=S;O=A HTTP/1.1" 200 1052 "https://weddingswithjoy.org.nz/wp-includes/js/tinymce/skins/wordpress/" "LCC (+http://corpora.uni-leipzig.de/crawler_faq.html)"
20.194.110.188 - - [31/Mar/2026:23:02:24 +0000] "GET /aa.php HTTP/1.1" 404 16 "-" "Mozilla/5.0 (Windows NT 10.0; Win64; x64) AppleWebKit/537.36 (KHTML, like Gecko) Chrome/120.0.0.0 Safari/537.36"
20.194.110.188 - - [31/Mar/2026:23:02:24 +0000] "GET /abcd.php HTTP/1.1" 404 16 "-" "Mozilla/5.0 (Windows NT 10.0; Win64; x64) AppleWebKit/537.36 (KHTML, like Gecko) Chrome/120.0.0.0 Safari/537.36"
20.194.110.188 - - [31/Mar/2026:23:02:25 +0000] "GET /admin.php HTTP/1.1" 404 16 "-" "Mozilla/5.0 (Windows NT 10.0; Win64; x64) AppleWebKit/537.36 (KHTML, like Gecko) Chrome/120.0.0.0 Safari/537.36"
20.194.110.188 - - [31/Mar/2026:23:02:25 +0000] "GET /buy.php HTTP/1.1" 404 16 "-" "Mozilla/5.0 (Windows NT 10.0; Win64; x64) AppleWebKit/537.36 (KHTML, like Gecko) Chrome/120.0.0.0 Safari/537.36"
20.194.110.188 - - [31/Mar/2026:23:02:25 +0000] "GET /cgi-bin/ HTTP/1.1" 404 - "-" "Mozilla/5.0 (Windows NT 10.0; Win64; x64) AppleWebKit/537.36 (KHTML, like Gecko) Chrome/120.0.0.0 Safari/537.36"
20.194.110.188 - - [31/Mar/2026:23:02:25 +0000] "GET /edit.php HTTP/1.1" 404 16 "-" "Mozilla/5.0 (Windows NT 10.0; Win64; x64) AppleWebKit/537.36 (KHTML, like Gecko) Chrome/120.0.0.0 Safari/537.36"
20.194.110.188 - - [31/Mar/2026:23:02:25 +0000] "GET /file.php HTTP/1.1" 404 16 "-" "Mozilla/5.0 (Windows NT 10.0; Win64; x64) AppleWebKit/537.36 (KHTML, like Gecko) Chrome/120.0.0.0 Safari/537.36"
20.194.110.188 - - [31/Mar/2026:23:02:25 +0000] "GET /flower.php HTTP/1.1" 403 4170 "-" "Mozilla/5.0 (Windows NT 10.0; Win64; x64) AppleWebKit/537.36 (KHTML, like Gecko) Chrome/120.0.0.0 Safari/537.36"
20.194.110.188 - - [31/Mar/2026:23:02:25 +0000] "GET /images/index.php HTTP/1.1" 404 - "-" "Mozilla/5.0 (Windows NT 10.0; Win64; x64) AppleWebKit/537.36 (KHTML, like Gecko) Chrome/120.0.0.0 Safari/537.36"
20.194.110.188 - - [31/Mar/2026:23:02:26 +0000] "GET /info.php HTTP/1.1" 404 16 "-" "Mozilla/5.0 (Windows NT 10.0; Win64; x64) AppleWebKit/537.36 (KHTML, like Gecko) Chrome/120.0.0.0 Safari/537.36"
20.194.110.188 - - [31/Mar/2026:23:02:26 +0000] "GET /ioxi-o.php HTTP/1.1" 404 16 "-" "Mozilla/5.0 (Windows NT 10.0; Win64; x64) AppleWebKit/537.36 (KHTML, like Gecko) Chrome/120.0.0.0 Safari/537.36"
20.194.110.188 - - [31/Mar/2026:23:02:26 +0000] "GET /nc4.php HTTP/1.1" 404 16 "-" "Mozilla/5.0 (Windows NT 10.0; Win64; x64) AppleWebKit/537.36 (KHTML, like Gecko) Chrome/120.0.0.0 Safari/537.36"
20.194.110.188 - - [31/Mar/2026:23:02:26 +0000] "GET /xleet.php HTTP/1.1" 404 16 "-" "Mozilla/5.0 (Windows NT 10.0; Win64; x64) AppleWebKit/537.36 (KHTML, like Gecko) Chrome/120.0.0.0 Safari/537.36"
20.194.110.188 - - [31/Mar/2026:23:02:26 +0000] "GET /wp-admin/includes/ HTTP/1.1" 200 20996 "-" "Mozilla/5.0 (Windows NT 10.0; Win64; x64) AppleWebKit/537.36 (KHTML, like Gecko) Chrome/120.0.0.0 Safari/537.36"
20.194.110.188 - - [31/Mar/2026:23:02:26 +0000] "GET /wp-content/upgrade/index.php HTTP/1.1" 404 - "-" "Mozilla/5.0 (Windows NT 10.0; Win64; x64) AppleWebKit/537.36 (KHTML, like Gecko) Chrome/120.0.0.0 Safari/537.36"
20.194.110.188 - - [31/Mar/2026:23:02:26 +0000] "GET /wp-content/uploads/admin.php HTTP/1.1" 404 - "-" "Mozilla/5.0 (Windows NT 10.0; Win64; x64) AppleWebKit/537.36 (KHTML, like Gecko) Chrome/120.0.0.0 Safari/537.36"
20.194.110.188 - - [31/Mar/2026:23:02:27 +0000] "GET /wp-good.php HTTP/1.1" 404 16 "-" "Mozilla/5.0 (Windows NT 10.0; Win64; x64) AppleWebKit/537.36 (KHTML, like Gecko) Chrome/120.0.0.0 Safari/537.36"
20.194.110.188 - - [31/Mar/2026:23:02:27 +0000] "GET /wp-includes/Text/Diff/Renderer/ HTTP/1.1" 200 850 "-" "Mozilla/5.0 (Windows NT 10.0; Win64; x64) AppleWebKit/537.36 (KHTML, like Gecko) Chrome/120.0.0.0 Safari/537.36"
20.194.110.188 - - [31/Mar/2026:23:02:27 +0000] "GET /wp-includes/style-engine/ HTTP/1.1" 200 1682 "-" "Mozilla/5.0 (Windows NT 10.0; Win64; x64) AppleWebKit/537.36 (KHTML, like Gecko) Chrome/120.0.0.0 Safari/537.36"
20.194.110.188 - - [31/Mar/2026:23:02:27 +0000] "GET /xmrlpc.php HTTP/1.1" 404 16 "-" "Mozilla/5.0 (Windows NT 10.0; Win64; x64) AppleWebKit/537.36 (KHTML, like Gecko) Chrome/120.0.0.0 Safari/537.36"
20.194.110.188 - - [31/Mar/2026:23:02:27 +0000] "GET /about.php HTTP/1.1" 404 16 "-" "Mozilla/5.0 (Windows NT 10.0; Win64; x64) AppleWebKit/537.36 (KHTML, like Gecko) Chrome/120.0.0.0 Safari/537.36"
20.194.110.188 - - [31/Mar/2026:23:02:27 +0000] "GET /adminfuns.php HTTP/1.1" 404 16 "-" "Mozilla/5.0 (Windows NT 10.0; Win64; x64) AppleWebKit/537.36 (KHTML, like Gecko) Chrome/120.0.0.0 Safari/537.36"
20.194.110.188 - - [31/Mar/2026:23:02:27 +0000] "GET /alfa.php HTTP/1.1" 403 4170 "-" "Mozilla/5.0 (Windows NT 10.0; Win64; x64) AppleWebKit/537.36 (KHTML, like Gecko) Chrome/120.0.0.0 Safari/537.36"
20.194.110.188 - - [31/Mar/2026:23:02:28 +0000] "GET /asasx.php HTTP/1.1" 404 16 "-" "Mozilla/5.0 (Windows NT 10.0; Win64; x64) AppleWebKit/537.36 (KHTML, like Gecko) Chrome/120.0.0.0 Safari/537.36"
20.194.110.188 - - [31/Mar/2026:23:02:28 +0000] "GET /autoload_classmap.php HTTP/1.1" 404 16 "-" "Mozilla/5.0 (Windows NT 10.0; Win64; x64) AppleWebKit/537.36 (KHTML, like Gecko) Chrome/120.0.0.0 Safari/537.36"
20.194.110.188 - - [31/Mar/2026:23:02:28 +0000] "GET /classwithtostring.php HTTP/1.1" 404 16 "-" "Mozilla/5.0 (Windows NT 10.0; Win64; x64) AppleWebKit/537.36 (KHTML, like Gecko) Chrome/120.0.0.0 Safari/537.36"
20.194.110.188 - - [31/Mar/2026:23:02:28 +0000] "GET /cong.php HTTP/1.1" 404 16 "-" "Mozilla/5.0 (Windows NT 10.0; Win64; x64) AppleWebKit/537.36 (KHTML, like Gecko) Chrome/120.0.0.0 Safari/537.36"
20.194.110.188 - - [31/Mar/2026:23:02:28 +0000] "GET /file2.php HTTP/1.1" 404 16 "-" "Mozilla/5.0 (Windows NT 10.0; Win64; x64) AppleWebKit/537.36 (KHTML, like Gecko) Chrome/120.0.0.0 Safari/537.36"
20.194.110.188 - - [31/Mar/2026:23:02:28 +0000] "GET /moon.php HTTP/1.1" 404 16 "-" "Mozilla/5.0 (Windows NT 10.0; Win64; x64) AppleWebKit/537.36 (KHTML, like Gecko) Chrome/120.0.0.0 Safari/537.36"
20.194.110.188 - - [31/Mar/2026:23:02:29 +0000] "GET /wp-admin/css/colors/blue/index.php HTTP/1.1" 404 16 "-" "Mozilla/5.0 (Windows NT 10.0; Win64; x64) AppleWebKit/537.36 (KHTML, like Gecko) Chrome/120.0.0.0 Safari/537.36"
20.194.110.188 - - [31/Mar/2026:23:02:29 +0000] "GET /wp-content/index.php HTTP/1.1" 404 - "-" "Mozilla/5.0 (Windows NT 10.0; Win64; x64) AppleWebKit/537.36 (KHTML, like Gecko) Chrome/120.0.0.0 Safari/537.36"
20.194.110.188 - - [31/Mar/2026:23:02:29 +0000] "GET /wp-content/plugins/yanierin/akcc.php HTTP/1.1" 404 - "-" "Mozilla/5.0 (Windows NT 10.0; Win64; x64) AppleWebKit/537.36 (KHTML, like Gecko) Chrome/120.0.0.0 Safari/537.36"
20.194.110.188 - - [31/Mar/2026:23:02:29 +0000] "GET /wp-content/uploads/index.php HTTP/1.1" 404 - "-" "Mozilla/5.0 (Windows NT 10.0; Win64; x64) AppleWebKit/537.36 (KHTML, like Gecko) Chrome/120.0.0.0 Safari/537.36"
20.194.110.188 - - [31/Mar/2026:23:02:29 +0000] "GET /wp-content/wp-conflg.php HTTP/1.1" 404 - "-" "Mozilla/5.0 (Windows NT 10.0; Win64; x64) AppleWebKit/537.36 (KHTML, like Gecko) Chrome/120.0.0.0 Safari/537.36"
20.194.110.188 - - [31/Mar/2026:23:02:29 +0000] "GET /wp-cron.php HTTP/1.1" 200 - "-" "Mozilla/5.0 (Windows NT 10.0; Win64; x64) AppleWebKit/537.36 (KHTML, like Gecko) Chrome/120.0.0.0 Safari/537.36"
20.194.110.188 - - [31/Mar/2026:23:02:29 +0000] "GET /wp-includes/IXR/ HTTP/1.1" 200 2538 "-" "Mozilla/5.0 (Windows NT 10.0; Win64; x64) AppleWebKit/537.36 (KHTML, like Gecko) Chrome/120.0.0.0 Safari/537.36"
20.194.110.188 - - [31/Mar/2026:23:02:29 +0000] "GET /wp-includes/block-supports/ HTTP/1.1" 200 4110 "-" "Mozilla/5.0 (Windows NT 10.0; Win64; x64) AppleWebKit/537.36 (KHTML, like Gecko) Chrome/120.0.0.0 Safari/537.36"
20.194.110.188 - - [31/Mar/2026:23:02:30 +0000] "GET /wp-includes/fonts/ HTTP/1.1" 200 2522 "-" "Mozilla/5.0 (Windows NT 10.0; Win64; x64) AppleWebKit/537.36 (KHTML, like Gecko) Chrome/120.0.0.0 Safari/537.36"
20.194.110.188 - - [31/Mar/2026:23:02:30 +0000] "GET /wp-includes/fonts/index.php HTTP/1.1" 404 16 "-" "Mozilla/5.0 (Windows NT 10.0; Win64; x64) AppleWebKit/537.36 (KHTML, like Gecko) Chrome/120.0.0.0 Safari/537.36"
20.194.110.188 - - [31/Mar/2026:23:02:30 +0000] "GET /wp-includes/js/crop/ HTTP/1.1" 200 1367 "-" "Mozilla/5.0 (Windows NT 10.0; Win64; x64) AppleWebKit/537.36 (KHTML, like Gecko) Chrome/120.0.0.0 Safari/537.36"
20.194.110.188 - - [31/Mar/2026:23:02:30 +0000] "GET /wp-includes/rest-api/ HTTP/1.1" 200 1758 "-" "Mozilla/5.0 (Windows NT 10.0; Win64; x64) AppleWebKit/537.36 (KHTML, like Gecko) Chrome/120.0.0.0 Safari/537.36"
20.194.110.188 - - [31/Mar/2026:23:02:30 +0000] "GET /wp-includes/widgets/ HTTP/1.1" 200 4621 "-" "Mozilla/5.0 (Windows NT 10.0; Win64; x64) AppleWebKit/537.36 (KHTML, like Gecko) Chrome/120.0.0.0 Safari/537.36"
139.18.2.214 - - [31/Mar/2026:23:02:35 +0000] "GET /wp-includes/js/tinymce/skins/wordpress/?C=D;O=A HTTP/1.1" 200 1052 "https://weddingswithjoy.org.nz/wp-includes/js/tinymce/skins/wordpress/" "LCC (+http://corpora.uni-leipzig.de/crawler_faq.html)"
74.7.227.41 - - [31/Mar/2026:23:02:40 +0000] "GET /wp-includes/js/dist/nux.js HTTP/1.1" 200 10126 "https://weddingswithjoy.org.nz/wp-includes/js/dist/" "Mozilla/5.0 AppleWebKit/537.36 (KHTML, like Gecko; compatible; GPTBot/1.3; +https://openai.com/gptbot)"
139.18.2.214 - - [31/Mar/2026:23:02:45 +0000] "GET /wp-includes/js/tinymce/skins/wordpress/images/ HTTP/1.1" 200 3429 "https://weddingswithjoy.org.nz/wp-includes/js/tinymce/skins/wordpress/" "LCC (+http://corpora.uni-leipzig.de/crawler_faq.html)"
139.18.2.214 - - [31/Mar/2026:23:02:56 +0000] "GET /wp-includes/js/tinymce/themes/?C=N;O=A HTTP/1.1" 200 1021 "https://weddingswithjoy.org.nz/wp-includes/js/tinymce/themes/?C=N;O=D" "LCC (+http://corpora.uni-leipzig.de/crawler_faq.html)"
74.7.227.159 - - [31/Mar/2026:23:02:59 +0000] "GET /wp-includes/widgets/class-wp-widget-block.php HTTP/1.1" 500 - "https://www.qualityprecast.co.nz/wp-includes/widgets/" "Mozilla/5.0 AppleWebKit/537.36 (KHTML, like Gecko; compatible; GPTBot/1.3; +https://openai.com/gptbot)"
74.7.243.230 - - [31/Mar/2026:23:03:05 +0000] "GET /wp-includes/Requests/src/Exception/Http/ HTTP/1.1" 200 6680 "https://schoolofgolfnz.co.nz/wp-includes/Requests/src/Exception/" "Mozilla/5.0 AppleWebKit/537.36 (KHTML, like Gecko; compatible; GPTBot/1.3; +https://openai.com/gptbot)"
139.18.2.214 - - [31/Mar/2026:23:03:10 +0000] "GET /wp-includes/js/tinymce/themes/?C=M;O=D HTTP/1.1" 200 1021 "https://weddingswithjoy.org.nz/wp-includes/js/tinymce/themes/?C=M;O=A" "LCC (+http://corpora.uni-leipzig.de/crawler_faq.html)"
139.18.2.214 - - [31/Mar/2026:23:03:22 +0000] "GET /wp-includes/js/tinymce/themes/?C=S;O=D HTTP/1.1" 200 1021 "https://weddingswithjoy.org.nz/wp-includes/js/tinymce/themes/?C=S;O=A" "LCC (+http://corpora.uni-leipzig.de/crawler_faq.html)"
74.7.227.41 - - [31/Mar/2026:23:03:22 +0000] "GET /wp-includes/js/dist/dom.js HTTP/1.1" 200 35001 "https://weddingswithjoy.org.nz/wp-includes/js/dist/" "Mozilla/5.0 AppleWebKit/537.36 (KHTML, like Gecko; compatible; GPTBot/1.3; +https://openai.com/gptbot)"
139.18.2.214 - - [31/Mar/2026:23:03:31 +0000] "GET /wp-includes/js/tinymce/themes/?C=D;O=D HTTP/1.1" 200 1021 "https://weddingswithjoy.org.nz/wp-includes/js/tinymce/themes/?C=D;O=A" "LCC (+http://corpora.uni-leipzig.de/crawler_faq.html)"
139.18.2.214 - - [31/Mar/2026:23:03:41 +0000] "GET /wp-includes/js/tinymce/themes/inlite/?C=N;O=D HTTP/1.1" 200 1048 "https://weddingswithjoy.org.nz/wp-includes/js/tinymce/themes/inlite/" "LCC (+http://corpora.uni-leipzig.de/crawler_faq.html)"
139.18.2.214 - - [31/Mar/2026:23:03:54 +0000] "GET /wp-includes/js/tinymce/themes/inlite/?C=M;O=A HTTP/1.1" 200 1048 "https://weddingswithjoy.org.nz/wp-includes/js/tinymce/themes/inlite/" "LCC (+http://corpora.uni-leipzig.de/crawler_faq.html)"
74.7.227.41 - - [31/Mar/2026:23:04:01 +0000] "GET /wp-includes/Text/Diff/Renderer/ HTTP/1.1" 200 850 "https://weddingswithjoy.org.nz/wp-includes/Text/Diff/" "Mozilla/5.0 AppleWebKit/537.36 (KHTML, like Gecko; compatible; GPTBot/1.3; +https://openai.com/gptbot)"
74.7.227.159 - - [31/Mar/2026:23:04:03 +0000] "GET /wp-includes/widgets/class-wp-widget-rss.php HTTP/1.1" 500 - "https://www.qualityprecast.co.nz/wp-includes/widgets/" "Mozilla/5.0 AppleWebKit/537.36 (KHTML, like Gecko; compatible; GPTBot/1.3; +https://openai.com/gptbot)"
139.18.2.214 - - [31/Mar/2026:23:04:04 +0000] "GET /wp-includes/js/tinymce/themes/inlite/?C=S;O=A HTTP/1.1" 200 1048 "https://weddingswithjoy.org.nz/wp-includes/js/tinymce/themes/inlite/" "LCC (+http://corpora.uni-leipzig.de/crawler_faq.html)"
74.7.243.230 - - [31/Mar/2026:23:04:04 +0000] "GET /wp-includes/l10n/?C=S;O=A HTTP/1.1" 200 1643 "https://schoolofgolfnz.co.nz/wp-includes/l10n/" "Mozilla/5.0 AppleWebKit/537.36 (KHTML, like Gecko; compatible; GPTBot/1.3; +https://openai.com/gptbot)"
139.18.2.214 - - [31/Mar/2026:23:04:14 +0000] "GET /wp-includes/js/tinymce/themes/inlite/?C=D;O=A HTTP/1.1" 200 1048 "https://weddingswithjoy.org.nz/wp-includes/js/tinymce/themes/inlite/" "LCC (+http://corpora.uni-leipzig.de/crawler_faq.html)"
139.18.2.214 - - [31/Mar/2026:23:04:27 +0000] "GET /wp-includes/js/tinymce/themes/modern/?C=N;O=D HTTP/1.1" 200 1048 "https://weddingswithjoy.org.nz/wp-includes/js/tinymce/themes/modern/" "LCC (+http://corpora.uni-leipzig.de/crawler_faq.html)"
74.7.227.41 - - [31/Mar/2026:23:04:33 +0000] "GET /wp-includes/IXR/?C=D;O=D HTTP/1.1" 200 2538 "https://weddingswithjoy.org.nz/wp-includes/IXR/?C=D;O=A" "Mozilla/5.0 AppleWebKit/537.36 (KHTML, like Gecko; compatible; GPTBot/1.3; +https://openai.com/gptbot)"
139.18.2.214 - - [31/Mar/2026:23:04:39 +0000] "GET /wp-includes/js/tinymce/themes/modern/?C=M;O=A HTTP/1.1" 200 1048 "https://weddingswithjoy.org.nz/wp-includes/js/tinymce/themes/modern/" "LCC (+http://corpora.uni-leipzig.de/crawler_faq.html)"
74.7.243.230 - - [31/Mar/2026:23:04:53 +0000] "GET /wp-includes/l10n/?C=D;O=A HTTP/1.1" 200 1643 "https://schoolofgolfnz.co.nz/wp-includes/l10n/" "Mozilla/5.0 AppleWebKit/537.36 (KHTML, like Gecko; compatible; GPTBot/1.3; +https://openai.com/gptbot)"
74.7.227.41 - - [31/Mar/2026:23:05:04 +0000] "GET /wp-includes/html-api/class-wp-html-tag-processor.php HTTP/1.1" 200 - "https://weddingswithjoy.org.nz/wp-includes/html-api/" "Mozilla/5.0 AppleWebKit/537.36 (KHTML, like Gecko; compatible; GPTBot/1.3; +https://openai.com/gptbot)"
139.18.2.214 - - [31/Mar/2026:23:05:04 +0000] "GET /wp-includes/js/tinymce/themes/modern/?C=S;O=A HTTP/1.1" 200 1048 "https://weddingswithjoy.org.nz/wp-includes/js/tinymce/themes/modern/" "LCC (+http://corpora.uni-leipzig.de/crawler_faq.html)"
74.7.227.159 - - [31/Mar/2026:23:05:08 +0000] "GET /wp-includes/widgets/class-wp-widget-meta.php HTTP/1.1" 500 - "https://www.qualityprecast.co.nz/wp-includes/widgets/" "Mozilla/5.0 AppleWebKit/537.36 (KHTML, like Gecko; compatible; GPTBot/1.3; +https://openai.com/gptbot)"
139.18.2.214 - - [31/Mar/2026:23:05:13 +0000] "GET /wp-includes/js/tinymce/themes/modern/?C=D;O=A HTTP/1.1" 200 1048 "https://weddingswithjoy.org.nz/wp-includes/js/tinymce/themes/modern/" "LCC (+http://corpora.uni-leipzig.de/crawler_faq.html)"
139.18.2.214 - - [31/Mar/2026:23:05:23 +0000] "GET /wp-includes/js/tinymce/utils/?C=N;O=A HTTP/1.1" 200 1393 "https://weddingswithjoy.org.nz/wp-includes/js/tinymce/utils/?C=N;O=D" "LCC (+http://corpora.uni-leipzig.de/crawler_faq.html)"
74.7.227.41 - - [31/Mar/2026:23:05:30 +0000] "GET /wp-includes/js/comment-reply.js HTTP/1.1" 200 12513 "https://weddingswithjoy.org.nz/wp-includes/js/" "Mozilla/5.0 AppleWebKit/537.36 (KHTML, like Gecko; compatible; GPTBot/1.3; +https://openai.com/gptbot)"
139.18.2.214 - - [31/Mar/2026:23:05:31 +0000] "GET /wp-includes/js/tinymce/utils/?C=M;O=D HTTP/1.1" 200 1393 "https://weddingswithjoy.org.nz/wp-includes/js/tinymce/utils/?C=M;O=A" "LCC (+http://corpora.uni-leipzig.de/crawler_faq.html)"
139.18.2.214 - - [31/Mar/2026:23:05:40 +0000] "GET /wp-includes/js/tinymce/utils/?C=S;O=D HTTP/1.1" 200 1393 "https://weddingswithjoy.org.nz/wp-includes/js/tinymce/utils/?C=S;O=A" "LCC (+http://corpora.uni-leipzig.de/crawler_faq.html)"
74.7.243.230 - - [31/Mar/2026:23:05:40 +0000] "GET /wp-includes/l10n/?C=N;O=D HTTP/1.1" 200 1643 "https://schoolofgolfnz.co.nz/wp-includes/l10n/" "Mozilla/5.0 AppleWebKit/537.36 (KHTML, like Gecko; compatible; GPTBot/1.3; +https://openai.com/gptbot)"
139.18.2.214 - - [31/Mar/2026:23:05:49 +0000] "GET /wp-includes/js/tinymce/utils/?C=D;O=D HTTP/1.1" 200 1393 "https://weddingswithjoy.org.nz/wp-includes/js/tinymce/utils/?C=D;O=A" "LCC (+http://corpora.uni-leipzig.de/crawler_faq.html)"
74.7.227.41 - - [31/Mar/2026:23:05:54 +0000] "GET /wp-includes/js/dist/'%20+%20url%20+%20' HTTP/1.1" 404 - "https://weddingswithjoy.org.nz/wp-includes/js/dist/blocks.js" "Mozilla/5.0 AppleWebKit/537.36 (KHTML, like Gecko; compatible; GPTBot/1.3; +https://openai.com/gptbot)"
139.18.2.214 - - [31/Mar/2026:23:06:00 +0000] "GET /wp-includes/sodium_compat/namespaced/Core/?C=N;O=A HTTP/1.1" 200 3576 "https://weddingswithjoy.org.nz/wp-includes/sodium_compat/namespaced/Core/?C=N;O=D" "LCC (+http://corpora.uni-leipzig.de/crawler_faq.html)"
139.18.2.214 - - [31/Mar/2026:23:06:12 +0000] "GET /wp-includes/sodium_compat/namespaced/Core/?C=M;O=D HTTP/1.1" 200 3576 "https://weddingswithjoy.org.nz/wp-includes/sodium_compat/namespaced/Core/?C=M;O=A" "LCC (+http://corpora.uni-leipzig.de/crawler_faq.html)"
74.7.227.159 - - [31/Mar/2026:23:06:12 +0000] "GET /wp-includes/widgets/class-wp-widget-text.php HTTP/1.1" 500 - "https://www.qualityprecast.co.nz/wp-includes/widgets/" "Mozilla/5.0 AppleWebKit/537.36 (KHTML, like Gecko; compatible; GPTBot/1.3; +https://openai.com/gptbot)"
74.7.227.41 - - [31/Mar/2026:23:06:16 +0000] "GET /wp-includes/js/dist/'%20+%20lnk%20+%20' HTTP/1.1" 404 - "https://weddingswithjoy.org.nz/wp-includes/js/dist/blocks.js" "Mozilla/5.0 AppleWebKit/537.36 (KHTML, like Gecko; compatible; GPTBot/1.3; +https://openai.com/gptbot)"
74.7.243.230 - - [31/Mar/2026:23:06:22 +0000] "GET /wp-includes/l10n/?C=M;O=A HTTP/1.1" 200 1643 "https://schoolofgolfnz.co.nz/wp-includes/l10n/" "Mozilla/5.0 AppleWebKit/537.36 (KHTML, like Gecko; compatible; GPTBot/1.3; +https://openai.com/gptbot)"
139.18.2.214 - - [31/Mar/2026:23:06:24 +0000] "GET /wp-includes/sodium_compat/namespaced/Core/?C=S;O=D HTTP/1.1" 200 3576 "https://weddingswithjoy.org.nz/wp-includes/sodium_compat/namespaced/Core/?C=S;O=A" "LCC (+http://corpora.uni-leipzig.de/crawler_faq.html)"
139.18.2.214 - - [31/Mar/2026:23:06:36 +0000] "GET /wp-includes/sodium_compat/namespaced/Core/?C=D;O=D HTTP/1.1" 200 3576 "https://weddingswithjoy.org.nz/wp-includes/sodium_compat/namespaced/Core/?C=D;O=A" "LCC (+http://corpora.uni-leipzig.de/crawler_faq.html)"
74.7.227.41 - - [31/Mar/2026:23:06:38 +0000] "GET /wp-includes/js/wp-list-revisions.js HTTP/1.1" 200 970 "https://weddingswithjoy.org.nz/wp-includes/js/" "Mozilla/5.0 AppleWebKit/537.36 (KHTML, like Gecko; compatible; GPTBot/1.3; +https://openai.com/gptbot)"
139.18.2.214 - - [31/Mar/2026:23:06:45 +0000] "GET /wp-includes/sodium_compat/namespaced/Core/ChaCha20/?C=N;O=D HTTP/1.1" 200 1086 "https://weddingswithjoy.org.nz/wp-includes/sodium_compat/namespaced/Core/ChaCha20/" "LCC (+http://corpora.uni-leipzig.de/crawler_faq.html)"
139.18.2.214 - - [31/Mar/2026:23:06:54 +0000] "GET /wp-includes/sodium_compat/namespaced/Core/ChaCha20/?C=M;O=A HTTP/1.1" 200 1086 "https://weddingswithjoy.org.nz/wp-includes/sodium_compat/namespaced/Core/ChaCha20/" "LCC (+http://corpora.uni-leipzig.de/crawler_faq.html)"
74.7.243.230 - - [31/Mar/2026:23:06:57 +0000] "GET /wp-includes/sodium_compat/src/Core/SecretStream/ HTTP/1.1" 200 896 "https://schoolofgolfnz.co.nz/wp-includes/sodium_compat/src/Core/" "Mozilla/5.0 AppleWebKit/537.36 (KHTML, like Gecko; compatible; GPTBot/1.3; +https://openai.com/gptbot)"
74.7.227.41 - - [31/Mar/2026:23:07:00 +0000] "GET /wp-includes/js/dist/vendor/wp-polyfill-url.min.js HTTP/1.1" 200 47075 "https://weddingswithjoy.org.nz/wp-includes/js/dist/vendor/" "Mozilla/5.0 AppleWebKit/537.36 (KHTML, like Gecko; compatible; GPTBot/1.3; +https://openai.com/gptbot)"
139.18.2.214 - - [31/Mar/2026:23:07:04 +0000] "GET /wp-includes/sodium_compat/namespaced/Core/ChaCha20/?C=S;O=A HTTP/1.1" 200 1086 "https://weddingswithjoy.org.nz/wp-includes/sodium_compat/namespaced/Core/ChaCha20/" "LCC (+http://corpora.uni-leipzig.de/crawler_faq.html)"
74.7.227.159 - - [31/Mar/2026:23:07:16 +0000] "GET /wp-includes/theme-compat/header-embed.php HTTP/1.1" 200 22 "https://www.qualityprecast.co.nz/wp-includes/theme-compat/" "Mozilla/5.0 AppleWebKit/537.36 (KHTML, like Gecko; compatible; GPTBot/1.3; +https://openai.com/gptbot)"
139.18.2.214 - - [31/Mar/2026:23:07:17 +0000] "GET /wp-includes/sodium_compat/namespaced/Core/ChaCha20/?C=D;O=A HTTP/1.1" 200 1086 "https://weddingswithjoy.org.nz/wp-includes/sodium_compat/namespaced/Core/ChaCha20/" "LCC (+http://corpora.uni-leipzig.de/crawler_faq.html)"
74.7.227.41 - - [31/Mar/2026:23:07:20 +0000] "GET /wp-includes/js/dist/vendor/wp-polyfill-url.js HTTP/1.1" 200 110332 "https://weddingswithjoy.org.nz/wp-includes/js/dist/vendor/" "Mozilla/5.0 AppleWebKit/537.36 (KHTML, like Gecko; compatible; GPTBot/1.3; +https://openai.com/gptbot)"
139.18.2.214 - - [31/Mar/2026:23:07:29 +0000] "GET /wp-includes/sodium_compat/namespaced/Core/ChaCha20/Ctx.php HTTP/1.1" 500 - "https://weddingswithjoy.org.nz/wp-includes/sodium_compat/namespaced/Core/ChaCha20/" "LCC (+http://corpora.uni-leipzig.de/crawler_faq.html)"
74.7.243.230 - - [31/Mar/2026:23:07:31 +0000] "GET /wp-includes/sodium_compat/src/Core/Curve25519/Ge/P1p1.php HTTP/1.1" 200 - "https://schoolofgolfnz.co.nz/wp-includes/sodium_compat/src/Core/Curve25519/Ge/" "Mozilla/5.0 AppleWebKit/537.36 (KHTML, like Gecko; compatible; GPTBot/1.3; +https://openai.com/gptbot)"
74.7.227.41 - - [31/Mar/2026:23:07:38 +0000] "GET /wp-includes/js/dist/vendor/react-dom.js HTTP/1.1" 200 1080227 "https://weddingswithjoy.org.nz/wp-includes/js/dist/vendor/" "Mozilla/5.0 AppleWebKit/537.36 (KHTML, like Gecko; compatible; GPTBot/1.3; +https://openai.com/gptbot)"
139.18.2.214 - - [31/Mar/2026:23:07:42 +0000] "GET /wp-includes/sodium_compat/namespaced/Core/ChaCha20/IetfCtx.php HTTP/1.1" 500 - "https://weddingswithjoy.org.nz/wp-includes/sodium_compat/namespaced/Core/ChaCha20/" "LCC (+http://corpora.uni-leipzig.de/crawler_faq.html)"
139.18.2.214 - - [31/Mar/2026:23:07:54 +0000] "GET /wp-includes/sodium_compat/namespaced/Core/Curve25519/?C=N;O=D HTTP/1.1" 200 1254 "https://weddingswithjoy.org.nz/wp-includes/sodium_compat/namespaced/Core/Curve25519/" "LCC (+http://corpora.uni-leipzig.de/crawler_faq.html)"
74.7.227.41 - - [31/Mar/2026:23:07:55 +0000] "GET /wp-includes/js/dist/vendor/react.min.js HTTP/1.1" 200 10628 "https://weddingswithjoy.org.nz/wp-includes/js/dist/vendor/" "Mozilla/5.0 AppleWebKit/537.36 (KHTML, like Gecko; compatible; GPTBot/1.3; +https://openai.com/gptbot)"
74.7.243.230 - - [31/Mar/2026:23:08:01 +0000] "GET /wp-includes/js/tinymce/skins/lightgray/img/anchor.gif HTTP/1.1" 200 53 "https://schoolofgolfnz.co.nz/wp-includes/js/tinymce/skins/lightgray/img/" "Mozilla/5.0 AppleWebKit/537.36 (KHTML, like Gecko; compatible; GPTBot/1.3; +https://openai.com/gptbot)"
139.18.2.214 - - [31/Mar/2026:23:08:04 +0000] "GET /wp-includes/sodium_compat/namespaced/Core/Curve25519/?C=M;O=A HTTP/1.1" 200 1254 "https://weddingswithjoy.org.nz/wp-includes/sodium_compat/namespaced/Core/Curve25519/" "LCC (+http://corpora.uni-leipzig.de/crawler_faq.html)"
74.7.227.41 - - [31/Mar/2026:23:08:09 +0000] "GET /wp-includes/js/dist/vendor/react-dom.min.js HTTP/1.1" 200 128946 "https://weddingswithjoy.org.nz/wp-includes/js/dist/vendor/" "Mozilla/5.0 AppleWebKit/537.36 (KHTML, like Gecko; compatible; GPTBot/1.3; +https://openai.com/gptbot)"
139.18.2.214 - - [31/Mar/2026:23:08:17 +0000] "GET /wp-includes/sodium_compat/namespaced/Core/Curve25519/?C=S;O=A HTTP/1.1" 200 1254 "https://weddingswithjoy.org.nz/wp-includes/sodium_compat/namespaced/Core/Curve25519/" "LCC (+http://corpora.uni-leipzig.de/crawler_faq.html)"
74.7.227.159 - - [31/Mar/2026:23:08:17 +0000] "GET /wp-includes/widgets/class-wp-widget-media-image.php HTTP/1.1" 500 - "https://www.qualityprecast.co.nz/wp-includes/widgets/" "Mozilla/5.0 AppleWebKit/537.36 (KHTML, like Gecko; compatible; GPTBot/1.3; +https://openai.com/gptbot)"
74.7.227.41 - - [31/Mar/2026:23:08:22 +0000] "GET /wp-includes/js/dist/vendor/moment.min.js HTTP/1.1" 200 58812 "https://weddingswithjoy.org.nz/wp-includes/js/dist/vendor/" "Mozilla/5.0 AppleWebKit/537.36 (KHTML, like Gecko; compatible; GPTBot/1.3; +https://openai.com/gptbot)"
74.7.243.230 - - [31/Mar/2026:23:08:28 +0000] "GET /wp-includes/js/tinymce/skins/lightgray/img/loader.gif HTTP/1.1" 200 2608 "https://schoolofgolfnz.co.nz/wp-includes/js/tinymce/skins/lightgray/img/" "Mozilla/5.0 AppleWebKit/537.36 (KHTML, like Gecko; compatible; GPTBot/1.3; +https://openai.com/gptbot)"
139.18.2.214 - - [31/Mar/2026:23:08:28 +0000] "GET /wp-includes/sodium_compat/namespaced/Core/Curve25519/?C=D;O=A HTTP/1.1" 200 1254 "https://weddingswithjoy.org.nz/wp-includes/sodium_compat/namespaced/Core/Curve25519/" "LCC (+http://corpora.uni-leipzig.de/crawler_faq.html)"
74.7.227.41 - - [31/Mar/2026:23:08:33 +0000] "GET /wp-includes/js/dist/vendor/lodash.min.js HTTP/1.1" 200 70707 "https://weddingswithjoy.org.nz/wp-includes/js/dist/vendor/" "Mozilla/5.0 AppleWebKit/537.36 (KHTML, like Gecko; compatible; GPTBot/1.3; +https://openai.com/gptbot)"
139.18.2.214 - - [31/Mar/2026:23:08:38 +0000] "GET /wp-includes/sodium_compat/namespaced/Core/Curve25519/Fe.php HTTP/1.1" 500 - "https://weddingswithjoy.org.nz/wp-includes/sodium_compat/namespaced/Core/Curve25519/" "LCC (+http://corpora.uni-leipzig.de/crawler_faq.html)"
74.7.227.41 - - [31/Mar/2026:23:08:44 +0000] "GET /wp-includes/js/dist/vendor/react-jsx-runtime.min.js HTTP/1.1" 200 900 "https://weddingswithjoy.org.nz/wp-includes/js/dist/vendor/" "Mozilla/5.0 AppleWebKit/537.36 (KHTML, like Gecko; compatible; GPTBot/1.3; +https://openai.com/gptbot)"
139.18.2.214 - - [31/Mar/2026:23:08:48 +0000] "GET /wp-includes/sodium_compat/namespaced/Core/Curve25519/Ge/ HTTP/1.1" 200 1634 "https://weddingswithjoy.org.nz/wp-includes/sodium_compat/namespaced/Core/Curve25519/" "LCC (+http://corpora.uni-leipzig.de/crawler_faq.html)"
74.7.243.230 - - [31/Mar/2026:23:08:52 +0000] "GET /wp-includes/js/tinymce/skins/lightgray/img/object.gif HTTP/1.1" 200 152 "https://schoolofgolfnz.co.nz/wp-includes/js/tinymce/skins/lightgray/img/" "Mozilla/5.0 AppleWebKit/537.36 (KHTML, like Gecko; compatible; GPTBot/1.3; +https://openai.com/gptbot)"
74.7.227.41 - - [31/Mar/2026:23:08:53 +0000] "GET /wp-includes/js/dist/vendor/regenerator-runtime.min.js HTTP/1.1" 200 6598 "https://weddingswithjoy.org.nz/wp-includes/js/dist/vendor/" "Mozilla/5.0 AppleWebKit/537.36 (KHTML, like Gecko; compatible; GPTBot/1.3; +https://openai.com/gptbot)"
74.7.227.41 - - [31/Mar/2026:23:09:02 +0000] "GET /wp-includes/js/dist/vendor/regenerator-runtime.js HTTP/1.1" 200 25307 "https://weddingswithjoy.org.nz/wp-includes/js/dist/vendor/" "Mozilla/5.0 AppleWebKit/537.36 (KHTML, like Gecko; compatible; GPTBot/1.3; +https://openai.com/gptbot)"
139.18.2.214 - - [31/Mar/2026:23:09:04 +0000] "GET /wp-includes/sodium_compat/namespaced/Core/Curve25519/H.php HTTP/1.1" 500 - "https://weddingswithjoy.org.nz/wp-includes/sodium_compat/namespaced/Core/Curve25519/" "LCC (+http://corpora.uni-leipzig.de/crawler_faq.html)"
74.7.227.41 - - [31/Mar/2026:23:09:09 +0000] "GET /wp-includes/js/dist/vendor/react-jsx-runtime.js HTTP/1.1" 200 47276 "https://weddingswithjoy.org.nz/wp-includes/js/dist/vendor/" "Mozilla/5.0 AppleWebKit/537.36 (KHTML, like Gecko; compatible; GPTBot/1.3; +https://openai.com/gptbot)"
74.7.227.159 - - [31/Mar/2026:23:09:13 +0000] "GET /wp-includes/widgets/class-wp-widget-recent-posts.php HTTP/1.1" 500 - "https://www.qualityprecast.co.nz/wp-includes/widgets/" "Mozilla/5.0 AppleWebKit/537.36 (KHTML, like Gecko; compatible; GPTBot/1.3; +https://openai.com/gptbot)"
74.7.243.230 - - [31/Mar/2026:23:09:14 +0000] "GET /wp-includes/js/tinymce/skins/wordpress/images/pagebreak-2x.png HTTP/1.1" 200 835 "https://schoolofgolfnz.co.nz/wp-includes/js/tinymce/skins/wordpress/images/" "Mozilla/5.0 AppleWebKit/537.36 (KHTML, like Gecko; compatible; GPTBot/1.3; +https://openai.com/gptbot)"
74.7.227.41 - - [31/Mar/2026:23:09:16 +0000] "GET /wp-includes/js/dist/redux.mjs.map HTTP/1.1" 404 - "https://weddingswithjoy.org.nz/wp-includes/js/dist/data.js" "Mozilla/5.0 AppleWebKit/537.36 (KHTML, like Gecko; compatible; GPTBot/1.3; +https://openai.com/gptbot)"
139.18.2.214 - - [31/Mar/2026:23:09:19 +0000] "GET /wp-includes/sodium_compat/namespaced/Core/Poly1305/?C=N;O=D HTTP/1.1" 200 909 "https://weddingswithjoy.org.nz/wp-includes/sodium_compat/namespaced/Core/Poly1305/" "LCC (+http://corpora.uni-leipzig.de/crawler_faq.html)"
74.7.227.41 - - [31/Mar/2026:23:09:22 +0000] "GET /wp-includes/js/tinymce/plugins/colorpicker/ HTTP/1.1" 200 1063 "https://weddingswithjoy.org.nz/wp-includes/js/tinymce/plugins/" "Mozilla/5.0 AppleWebKit/537.36 (KHTML, like Gecko; compatible; GPTBot/1.3; +https://openai.com/gptbot)"
74.7.227.41 - - [31/Mar/2026:23:09:28 +0000] "GET /wp-includes/js/tinymce/plugins/compat3x/plugin.js HTTP/1.1" 200 9450 "https://weddingswithjoy.org.nz/wp-includes/js/tinymce/plugins/compat3x/" "Mozilla/5.0 AppleWebKit/537.36 (KHTML, like Gecko; compatible; GPTBot/1.3; +https://openai.com/gptbot)"
139.18.2.214 - - [31/Mar/2026:23:09:29 +0000] "GET /wp-includes/sodium_compat/namespaced/Core/Poly1305/?C=M;O=A HTTP/1.1" 200 909 "https://weddingswithjoy.org.nz/wp-includes/sodium_compat/namespaced/Core/Poly1305/" "LCC (+http://corpora.uni-leipzig.de/crawler_faq.html)"
74.7.243.230 - - [31/Mar/2026:23:09:33 +0000] "GET /wp-includes/Requests/src/Exception/Http/Status500.php HTTP/1.1" 500 - "https://schoolofgolfnz.co.nz/wp-includes/Requests/src/Exception/Http/" "Mozilla/5.0 AppleWebKit/537.36 (KHTML, like Gecko; compatible; GPTBot/1.3; +https://openai.com/gptbot)"
74.7.227.41 - - [31/Mar/2026:23:09:34 +0000] "GET /wp-includes/Text/Diff/Engine/ HTTP/1.1" 200 1378 "https://weddingswithjoy.org.nz/wp-includes/Text/Diff/" "Mozilla/5.0 AppleWebKit/537.36 (KHTML, like Gecko; compatible; GPTBot/1.3; +https://openai.com/gptbot)"
139.18.2.214 - - [31/Mar/2026:23:09:37 +0000] "GET /wp-includes/sodium_compat/namespaced/Core/Poly1305/?C=S;O=A HTTP/1.1" 200 909 "https://weddingswithjoy.org.nz/wp-includes/sodium_compat/namespaced/Core/Poly1305/" "LCC (+http://corpora.uni-leipzig.de/crawler_faq.html)"
74.7.227.41 - - [31/Mar/2026:23:09:39 +0000] "GET /wp-includes/sodium_compat/src/Core32/Util.php HTTP/1.1" 500 - "https://weddingswithjoy.org.nz/wp-includes/sodium_compat/src/Core32/" "Mozilla/5.0 AppleWebKit/537.36 (KHTML, like Gecko; compatible; GPTBot/1.3; +https://openai.com/gptbot)"
74.7.227.41 - - [31/Mar/2026:23:09:44 +0000] "GET /wp-includes/js/underscore.min.js HTTP/1.1" 200 18905 "https://weddingswithjoy.org.nz/wp-includes/js/" "Mozilla/5.0 AppleWebKit/537.36 (KHTML, like Gecko; compatible; GPTBot/1.3; +https://openai.com/gptbot)"
139.18.2.214 - - [31/Mar/2026:23:09:46 +0000] "GET /wp-includes/sodium_compat/namespaced/Core/Poly1305/?C=D;O=A HTTP/1.1" 200 909 "https://weddingswithjoy.org.nz/wp-includes/sodium_compat/namespaced/Core/Poly1305/" "LCC (+http://corpora.uni-leipzig.de/crawler_faq.html)"
74.7.243.230 - - [31/Mar/2026:23:09:52 +0000] "GET /wp-includes/Requests/src/Exception/Http/Status511.php HTTP/1.1" 500 - "https://schoolofgolfnz.co.nz/wp-includes/Requests/src/Exception/Http/" "Mozilla/5.0 AppleWebKit/537.36 (KHTML, like Gecko; compatible; GPTBot/1.3; +https://openai.com/gptbot)"
139.18.2.214 - - [31/Mar/2026:23:09:55 +0000] "GET /wp-includes/sodium_compat/namespaced/Core/Poly1305/State.php HTTP/1.1" 500 - "https://weddingswithjoy.org.nz/wp-includes/sodium_compat/namespaced/Core/Poly1305/" "LCC (+http://corpora.uni-leipzig.de/crawler_faq.html)"
74.7.227.41 - - [31/Mar/2026:23:09:57 +0000] "GET /wp-includes/sodium_compat/src/Core32/SipHash.php HTTP/1.1" 500 - "https://weddingswithjoy.org.nz/wp-includes/sodium_compat/src/Core32/" "Mozilla/5.0 AppleWebKit/537.36 (KHTML, like Gecko; compatible; GPTBot/1.3; +https://openai.com/gptbot)"
139.18.2.214 - - [31/Mar/2026:23:10:07 +0000] "GET /wp-includes/sodium_compat/src/Core/?C=N;O=A HTTP/1.1" 200 4977 "https://weddingswithjoy.org.nz/wp-includes/sodium_compat/src/Core/?C=N;O=D" "LCC (+http://corpora.uni-leipzig.de/crawler_faq.html)"
74.7.227.41 - - [31/Mar/2026:23:10:10 +0000] "GET /wp-includes/js/dist/$%7Bthis.src%7D HTTP/1.1" 404 - "https://weddingswithjoy.org.nz/wp-includes/js/dist/latex-to-mathml.js" "Mozilla/5.0 AppleWebKit/537.36 (KHTML, like Gecko; compatible; GPTBot/1.3; +https://openai.com/gptbot)"
74.7.227.159 - - [31/Mar/2026:23:10:15 +0000] "GET /wp-includes/sitemaps/class-wp-sitemaps-registry.php HTTP/1.1" 200 - "https://www.qualityprecast.co.nz/wp-includes/sitemaps/" "Mozilla/5.0 AppleWebKit/537.36 (KHTML, like Gecko; compatible; GPTBot/1.3; +https://openai.com/gptbot)"
139.18.2.214 - - [31/Mar/2026:23:10:18 +0000] "GET /wp-includes/sodium_compat/src/Core/?C=M;O=D HTTP/1.1" 200 4977 "https://weddingswithjoy.org.nz/wp-includes/sodium_compat/src/Core/?C=M;O=A" "LCC (+http://corpora.uni-leipzig.de/crawler_faq.html)"
139.18.2.214 - - [31/Mar/2026:23:10:29 +0000] "GET /wp-includes/sodium_compat/src/Core/?C=S;O=D HTTP/1.1" 200 4977 "https://weddingswithjoy.org.nz/wp-includes/sodium_compat/src/Core/?C=S;O=A" "LCC (+http://corpora.uni-leipzig.de/crawler_faq.html)"
139.18.2.214 - - [31/Mar/2026:23:10:38 +0000] "GET /wp-includes/sodium_compat/src/Core/?C=D;O=D HTTP/1.1" 200 4977 "https://weddingswithjoy.org.nz/wp-includes/sodium_compat/src/Core/?C=D;O=A" "LCC (+http://corpora.uni-leipzig.de/crawler_faq.html)"
74.7.243.230 - - [31/Mar/2026:23:10:45 +0000] "GET /wp-includes/Requests/src/Exception/Http/Status400.php HTTP/1.1" 500 - "https://schoolofgolfnz.co.nz/wp-includes/Requests/src/Exception/Http/" "Mozilla/5.0 AppleWebKit/537.36 (KHTML, like Gecko; compatible; GPTBot/1.3; +https://openai.com/gptbot)"
74.7.227.41 - - [31/Mar/2026:23:10:47 +0000] "GET /wp-includes/js/tinymce/plugins/wpeditimage/ HTTP/1.1" 200 1063 "https://weddingswithjoy.org.nz/wp-includes/js/tinymce/plugins/" "Mozilla/5.0 AppleWebKit/537.36 (KHTML, like Gecko; compatible; GPTBot/1.3; +https://openai.com/gptbot)"
139.18.2.214 - - [31/Mar/2026:23:10:49 +0000] "GET /wp-includes/sodium_compat/src/Core/AEGIS/?C=N;O=D HTTP/1.1" 200 1066 "https://weddingswithjoy.org.nz/wp-includes/sodium_compat/src/Core/AEGIS/" "LCC (+http://corpora.uni-leipzig.de/crawler_faq.html)"
139.18.2.214 - - [31/Mar/2026:23:10:58 +0000] "GET /wp-includes/sodium_compat/src/Core/AEGIS/?C=M;O=A HTTP/1.1" 200 1066 "https://weddingswithjoy.org.nz/wp-includes/sodium_compat/src/Core/AEGIS/" "LCC (+http://corpora.uni-leipzig.de/crawler_faq.html)"
139.18.2.214 - - [31/Mar/2026:23:11:07 +0000] "GET /wp-includes/sodium_compat/src/Core/AEGIS/?C=S;O=A HTTP/1.1" 200 1066 "https://weddingswithjoy.org.nz/wp-includes/sodium_compat/src/Core/AEGIS/" "LCC (+http://corpora.uni-leipzig.de/crawler_faq.html)"
139.18.2.214 - - [31/Mar/2026:23:11:16 +0000] "GET /wp-includes/sodium_compat/src/Core/AEGIS/?C=D;O=A HTTP/1.1" 200 1066 "https://weddingswithjoy.org.nz/wp-includes/sodium_compat/src/Core/AEGIS/" "LCC (+http://corpora.uni-leipzig.de/crawler_faq.html)"
74.7.227.159 - - [31/Mar/2026:23:11:16 +0000] "GET /wp-includes/sitemaps/class-wp-sitemaps-provider.php HTTP/1.1" 200 - "https://www.qualityprecast.co.nz/wp-includes/sitemaps/" "Mozilla/5.0 AppleWebKit/537.36 (KHTML, like Gecko; compatible; GPTBot/1.3; +https://openai.com/gptbot)"
