139.18.2.214 - - [31/Mar/2026:21:25:35 +0000] "GET /wp-includes/js/tinymce/plugins/?C=S;O=A HTTP/1.1" 200 4566 "https://weddingswithjoy.org.nz/wp-includes/js/tinymce/plugins/" "LCC (+http://corpora.uni-leipzig.de/crawler_faq.html)"
74.7.243.230 - - [31/Mar/2026:21:25:35 +0000] "GET /wp-includes/Requests/src/Requests.php HTTP/1.1" 200 - "https://schoolofgolfnz.co.nz/wp-includes/Requests/src/" "Mozilla/5.0 AppleWebKit/537.36 (KHTML, like Gecko; compatible; GPTBot/1.3; +https://openai.com/gptbot)"
74.7.243.230 - - [31/Mar/2026:21:25:36 +0000] "GET /wp-includes/Requests/src/HookManager.php HTTP/1.1" 200 - "https://schoolofgolfnz.co.nz/wp-includes/Requests/src/" "Mozilla/5.0 AppleWebKit/537.36 (KHTML, like Gecko; compatible; GPTBot/1.3; +https://openai.com/gptbot)"
74.7.243.230 - - [31/Mar/2026:21:25:36 +0000] "GET /wp-includes/Requests/src/IdnaEncoder.php HTTP/1.1" 200 - "https://schoolofgolfnz.co.nz/wp-includes/Requests/src/" "Mozilla/5.0 AppleWebKit/537.36 (KHTML, like Gecko; compatible; GPTBot/1.3; +https://openai.com/gptbot)"
74.7.243.230 - - [31/Mar/2026:21:25:37 +0000] "GET /assets/2764.gif HTTP/1.1" 404 - "https://schoolofgolfnz.co.nz/wp-includes/js/twemoji.js" "Mozilla/5.0 AppleWebKit/537.36 (KHTML, like Gecko; compatible; GPTBot/1.3; +https://openai.com/gptbot)"
74.7.243.230 - - [31/Mar/2026:21:25:37 +0000] "GET /assets/72x72/2764.png HTTP/1.1" 404 - "https://schoolofgolfnz.co.nz/wp-includes/js/twemoji.js" "Mozilla/5.0 AppleWebKit/537.36 (KHTML, like Gecko; compatible; GPTBot/1.3; +https://openai.com/gptbot)"
74.7.243.230 - - [31/Mar/2026:21:25:38 +0000] "GET /wp-includes/js/tinymce/plugins/wplink/'+this.url+' HTTP/1.1" 404 - "https://schoolofgolfnz.co.nz/wp-includes/js/tinymce/plugins/wplink/plugin.min.js" "Mozilla/5.0 AppleWebKit/537.36 (KHTML, like Gecko; compatible; GPTBot/1.3; +https://openai.com/gptbot)"
74.7.243.230 - - [31/Mar/2026:21:25:38 +0000] "GET /wp-includes/Requests/src/Response.php HTTP/1.1" 200 - "https://schoolofgolfnz.co.nz/wp-includes/Requests/src/" "Mozilla/5.0 AppleWebKit/537.36 (KHTML, like Gecko; compatible; GPTBot/1.3; +https://openai.com/gptbot)"
74.7.243.230 - - [31/Mar/2026:21:25:39 +0000] "GET /wp-includes/Requests/src/Autoload.php HTTP/1.1" 200 - "https://schoolofgolfnz.co.nz/wp-includes/Requests/src/" "Mozilla/5.0 AppleWebKit/537.36 (KHTML, like Gecko; compatible; GPTBot/1.3; +https://openai.com/gptbot)"
74.7.243.230 - - [31/Mar/2026:21:25:39 +0000] "GET /wp-includes/Requests/src/Cookie.php HTTP/1.1" 200 - "https://schoolofgolfnz.co.nz/wp-includes/Requests/src/" "Mozilla/5.0 AppleWebKit/537.36 (KHTML, like Gecko; compatible; GPTBot/1.3; +https://openai.com/gptbot)"
74.7.243.230 - - [31/Mar/2026:21:25:40 +0000] "GET /wp-includes/Requests/src/Transport.php HTTP/1.1" 200 - "https://schoolofgolfnz.co.nz/wp-includes/Requests/src/" "Mozilla/5.0 AppleWebKit/537.36 (KHTML, like Gecko; compatible; GPTBot/1.3; +https://openai.com/gptbot)"
74.7.243.230 - - [31/Mar/2026:21:25:40 +0000] "GET /wp-includes/Requests/src/Exception.php HTTP/1.1" 200 - "https://schoolofgolfnz.co.nz/wp-includes/Requests/src/" "Mozilla/5.0 AppleWebKit/537.36 (KHTML, like Gecko; compatible; GPTBot/1.3; +https://openai.com/gptbot)"
74.7.243.230 - - [31/Mar/2026:21:25:41 +0000] "GET /wp-includes/Requests/src/Capability.php HTTP/1.1" 200 - "https://schoolofgolfnz.co.nz/wp-includes/Requests/src/" "Mozilla/5.0 AppleWebKit/537.36 (KHTML, like Gecko; compatible; GPTBot/1.3; +https://openai.com/gptbot)"
74.7.243.230 - - [31/Mar/2026:21:25:41 +0000] "GET /wp-includes/Requests/src/Proxy.php HTTP/1.1" 200 - "https://schoolofgolfnz.co.nz/wp-includes/Requests/src/" "Mozilla/5.0 AppleWebKit/537.36 (KHTML, like Gecko; compatible; GPTBot/1.3; +https://openai.com/gptbot)"
74.7.243.230 - - [31/Mar/2026:21:25:42 +0000] "GET /wp-includes/Requests/src/Proxy/ HTTP/1.1" 200 851 "https://schoolofgolfnz.co.nz/wp-includes/Requests/src/" "Mozilla/5.0 AppleWebKit/537.36 (KHTML, like Gecko; compatible; GPTBot/1.3; +https://openai.com/gptbot)"
74.7.243.230 - - [31/Mar/2026:21:25:42 +0000] "GET /wp-includes/Requests/src/Hooks.php HTTP/1.1" 500 - "https://schoolofgolfnz.co.nz/wp-includes/Requests/src/" "Mozilla/5.0 AppleWebKit/537.36 (KHTML, like Gecko; compatible; GPTBot/1.3; +https://openai.com/gptbot)"
74.7.243.230 - - [31/Mar/2026:21:25:43 +0000] "GET /wp-includes/Requests/src/Session.php HTTP/1.1" 200 - "https://schoolofgolfnz.co.nz/wp-includes/Requests/src/" "Mozilla/5.0 AppleWebKit/537.36 (KHTML, like Gecko; compatible; GPTBot/1.3; +https://openai.com/gptbot)"
74.7.243.230 - - [31/Mar/2026:21:25:44 +0000] "GET /wp-includes/Requests/src/Response/ HTTP/1.1" 200 860 "https://schoolofgolfnz.co.nz/wp-includes/Requests/src/" "Mozilla/5.0 AppleWebKit/537.36 (KHTML, like Gecko; compatible; GPTBot/1.3; +https://openai.com/gptbot)"
139.18.2.214 - - [31/Mar/2026:21:25:45 +0000] "GET /wp-includes/js/tinymce/plugins/?C=D;O=A HTTP/1.1" 200 4566 "https://weddingswithjoy.org.nz/wp-includes/js/tinymce/plugins/" "LCC (+http://corpora.uni-leipzig.de/crawler_faq.html)"
74.7.243.230 - - [31/Mar/2026:21:25:46 +0000] "GET /wp-includes/Requests/src/Iri.php HTTP/1.1" 200 - "https://schoolofgolfnz.co.nz/wp-includes/Requests/src/" "Mozilla/5.0 AppleWebKit/537.36 (KHTML, like Gecko; compatible; GPTBot/1.3; +https://openai.com/gptbot)"
74.7.243.230 - - [31/Mar/2026:21:25:47 +0000] "GET /wp-includes/Requests/src/Port.php HTTP/1.1" 200 - "https://schoolofgolfnz.co.nz/wp-includes/Requests/src/" "Mozilla/5.0 AppleWebKit/537.36 (KHTML, like Gecko; compatible; GPTBot/1.3; +https://openai.com/gptbot)"
74.7.243.230 - - [31/Mar/2026:21:25:48 +0000] "GET /wp-includes/js/tinymce/plugins/media/'+s.source1+' HTTP/1.1" 404 - "https://schoolofgolfnz.co.nz/wp-includes/js/tinymce/plugins/media/plugin.min.js" "Mozilla/5.0 AppleWebKit/537.36 (KHTML, like Gecko; compatible; GPTBot/1.3; +https://openai.com/gptbot)"
74.7.243.230 - - [31/Mar/2026:21:25:49 +0000] "GET /wp-includes/js/tinymce/plugins/media/'+s.source2+' HTTP/1.1" 404 - "https://schoolofgolfnz.co.nz/wp-includes/js/tinymce/plugins/media/plugin.min.js" "Mozilla/5.0 AppleWebKit/537.36 (KHTML, like Gecko; compatible; GPTBot/1.3; +https://openai.com/gptbot)"
74.7.243.230 - - [31/Mar/2026:21:25:50 +0000] "GET /wp-includes/js/tinymce/plugins/media/'+n.source1+' HTTP/1.1" 404 - "https://schoolofgolfnz.co.nz/wp-includes/js/tinymce/plugins/media/plugin.min.js" "Mozilla/5.0 AppleWebKit/537.36 (KHTML, like Gecko; compatible; GPTBot/1.3; +https://openai.com/gptbot)"
74.7.243.230 - - [31/Mar/2026:21:25:51 +0000] "GET /wp-includes/Requests/src/Auth/ HTTP/1.1" 200 850 "https://schoolofgolfnz.co.nz/wp-includes/Requests/src/" "Mozilla/5.0 AppleWebKit/537.36 (KHTML, like Gecko; compatible; GPTBot/1.3; +https://openai.com/gptbot)"
74.7.243.230 - - [31/Mar/2026:21:25:52 +0000] "GET /wp-includes/Requests/src/Transport/ HTTP/1.1" 200 1040 "https://schoolofgolfnz.co.nz/wp-includes/Requests/src/" "Mozilla/5.0 AppleWebKit/537.36 (KHTML, like Gecko; compatible; GPTBot/1.3; +https://openai.com/gptbot)"
74.7.243.230 - - [31/Mar/2026:21:25:53 +0000] "GET /wp-includes/Requests/src/Exception/ HTTP/1.1" 200 1763 "https://schoolofgolfnz.co.nz/wp-includes/Requests/src/" "Mozilla/5.0 AppleWebKit/537.36 (KHTML, like Gecko; compatible; GPTBot/1.3; +https://openai.com/gptbot)"
74.7.243.230 - - [31/Mar/2026:21:25:54 +0000] "GET /wp-includes/js/',%20%20%20%20%20%20%20%20%20%20src,%20%20%20%20%20%20%20%20%20%20' HTTP/1.1" 404 - "https://schoolofgolfnz.co.nz/wp-includes/js/twemoji.js" "Mozilla/5.0 AppleWebKit/537.36 (KHTML, like Gecko; compatible; GPTBot/1.3; +https://openai.com/gptbot)"
139.18.2.214 - - [31/Mar/2026:21:25:54 +0000] "GET /wp-includes/js/tinymce/plugins/charmap/ HTTP/1.1" 200 1055 "https://weddingswithjoy.org.nz/wp-includes/js/tinymce/plugins/" "LCC (+http://corpora.uni-leipzig.de/crawler_faq.html)"
74.7.243.230 - - [31/Mar/2026:21:25:55 +0000] "GET /wp-includes/Requests/src/Auth.php HTTP/1.1" 200 - "https://schoolofgolfnz.co.nz/wp-includes/Requests/src/" "Mozilla/5.0 AppleWebKit/537.36 (KHTML, like Gecko; compatible; GPTBot/1.3; +https://openai.com/gptbot)"
74.7.227.159 - - [31/Mar/2026:21:25:55 +0000] "GET /wp-includes/html-api/class-wp-html-span.php HTTP/1.1" 200 - "https://www.qualityprecast.co.nz/wp-includes/html-api/" "Mozilla/5.0 AppleWebKit/537.36 (KHTML, like Gecko; compatible; GPTBot/1.3; +https://openai.com/gptbot)"
74.7.243.230 - - [31/Mar/2026:21:25:56 +0000] "GET /wp-includes/Requests/src/Ipv6.php HTTP/1.1" 200 - "https://schoolofgolfnz.co.nz/wp-includes/Requests/src/" "Mozilla/5.0 AppleWebKit/537.36 (KHTML, like Gecko; compatible; GPTBot/1.3; +https://openai.com/gptbot)"
74.7.243.230 - - [31/Mar/2026:21:25:56 +0000] "GET /wp-includes/js/jquery/ui/sortable.js HTTP/1.1" 200 47641 "https://schoolofgolfnz.co.nz/wp-includes/js/jquery/ui/" "Mozilla/5.0 AppleWebKit/537.36 (KHTML, like Gecko; compatible; GPTBot/1.3; +https://openai.com/gptbot)"
74.7.243.230 - - [31/Mar/2026:21:25:57 +0000] "GET /wp-includes/js/dist/vendor/lodash.js HTTP/1.1" 200 544098 "https://schoolofgolfnz.co.nz/wp-includes/js/dist/vendor/" "Mozilla/5.0 AppleWebKit/537.36 (KHTML, like Gecko; compatible; GPTBot/1.3; +https://openai.com/gptbot)"
74.7.243.230 - - [31/Mar/2026:21:25:58 +0000] "GET /wp-includes/js/tinymce/plugins/wpgallery/plugin.min.js HTTP/1.1" 200 1623 "https://schoolofgolfnz.co.nz/wp-includes/js/tinymce/plugins/wpgallery/" "Mozilla/5.0 AppleWebKit/537.36 (KHTML, like Gecko; compatible; GPTBot/1.3; +https://openai.com/gptbot)"
74.7.243.230 - - [31/Mar/2026:21:25:58 +0000] "GET /wp-includes/js/tinymce/plugins/charmap/plugin.min.js HTTP/1.1" 200 8601 "https://schoolofgolfnz.co.nz/wp-includes/js/tinymce/plugins/charmap/" "Mozilla/5.0 AppleWebKit/537.36 (KHTML, like Gecko; compatible; GPTBot/1.3; +https://openai.com/gptbot)"
74.7.243.230 - - [31/Mar/2026:21:25:59 +0000] "GET /wp-includes/js/tinymce/plugins/textcolor/plugin.min.js HTTP/1.1" 200 4927 "https://schoolofgolfnz.co.nz/wp-includes/js/tinymce/plugins/textcolor/" "Mozilla/5.0 AppleWebKit/537.36 (KHTML, like Gecko; compatible; GPTBot/1.3; +https://openai.com/gptbot)"
74.7.243.230 - - [31/Mar/2026:21:25:59 +0000] "GET /wp-includes/js/tinymce/plugins/wpdialogs/plugin.min.js HTTP/1.1" 200 1322 "https://schoolofgolfnz.co.nz/wp-includes/js/tinymce/plugins/wpdialogs/" "Mozilla/5.0 AppleWebKit/537.36 (KHTML, like Gecko; compatible; GPTBot/1.3; +https://openai.com/gptbot)"
74.7.243.230 - - [31/Mar/2026:21:26:00 +0000] "GET /wp-includes/js/tinymce/plugins/wordpress/plugin.min.js HTTP/1.1" 200 16407 "https://schoolofgolfnz.co.nz/wp-includes/js/tinymce/plugins/wordpress/" "Mozilla/5.0 AppleWebKit/537.36 (KHTML, like Gecko; compatible; GPTBot/1.3; +https://openai.com/gptbot)"
74.7.243.230 - - [31/Mar/2026:21:26:00 +0000] "GET /wp-includes/Requests/src/Exception/Transport/ HTTP/1.1" 200 889 "https://schoolofgolfnz.co.nz/wp-includes/Requests/src/Exception/" "Mozilla/5.0 AppleWebKit/537.36 (KHTML, like Gecko; compatible; GPTBot/1.3; +https://openai.com/gptbot)"
74.7.243.230 - - [31/Mar/2026:21:26:01 +0000] "GET /wp-includes/js/tinymce/plugins/tabfocus/plugin.min.js HTTP/1.1" 200 1614 "https://schoolofgolfnz.co.nz/wp-includes/js/tinymce/plugins/tabfocus/" "Mozilla/5.0 AppleWebKit/537.36 (KHTML, like Gecko; compatible; GPTBot/1.3; +https://openai.com/gptbot)"
74.7.243.230 - - [31/Mar/2026:21:26:01 +0000] "GET /wp-includes/ID3/readme.txt HTTP/1.1" 200 26330 "https://schoolofgolfnz.co.nz/wp-includes/ID3/" "Mozilla/5.0 AppleWebKit/537.36 (KHTML, like Gecko; compatible; GPTBot/1.3; +https://openai.com/gptbot)"
74.7.243.230 - - [31/Mar/2026:21:26:02 +0000] "GET /wp-includes/js/jquery/ui/tooltip.js HTTP/1.1" 200 14476 "https://schoolofgolfnz.co.nz/wp-includes/js/jquery/ui/" "Mozilla/5.0 AppleWebKit/537.36 (KHTML, like Gecko; compatible; GPTBot/1.3; +https://openai.com/gptbot)"
74.7.243.230 - - [31/Mar/2026:21:26:02 +0000] "GET /wp-includes/js/dist/vendor/react.js HTTP/1.1" 200 109931 "https://schoolofgolfnz.co.nz/wp-includes/js/dist/vendor/" "Mozilla/5.0 AppleWebKit/537.36 (KHTML, like Gecko; compatible; GPTBot/1.3; +https://openai.com/gptbot)"
74.7.243.230 - - [31/Mar/2026:21:26:03 +0000] "GET /wp-includes/js/tinymce/skins/wordpress/images/ HTTP/1.1" 200 3429 "https://schoolofgolfnz.co.nz/wp-includes/js/tinymce/skins/wordpress/" "Mozilla/5.0 AppleWebKit/537.36 (KHTML, like Gecko; compatible; GPTBot/1.3; +https://openai.com/gptbot)"
74.7.243.230 - - [31/Mar/2026:21:26:03 +0000] "GET /wp-includes/Requests/src/Exception/ArgumentCount.php HTTP/1.1" 500 - "https://schoolofgolfnz.co.nz/wp-includes/Requests/src/Exception/" "Mozilla/5.0 AppleWebKit/537.36 (KHTML, like Gecko; compatible; GPTBot/1.3; +https://openai.com/gptbot)"
74.7.243.230 - - [31/Mar/2026:21:26:04 +0000] "GET /wp-includes/js/tinymce/plugins/link/ HTTP/1.1" 200 1049 "https://schoolofgolfnz.co.nz/wp-includes/js/tinymce/plugins/" "Mozilla/5.0 AppleWebKit/537.36 (KHTML, like Gecko; compatible; GPTBot/1.3; +https://openai.com/gptbot)"
74.7.243.230 - - [31/Mar/2026:21:26:06 +0000] "GET /wp-includes/SimplePie/src/ HTTP/1.1" 200 5643 "https://schoolofgolfnz.co.nz/wp-includes/SimplePie/" "Mozilla/5.0 AppleWebKit/537.36 (KHTML, like Gecko; compatible; GPTBot/1.3; +https://openai.com/gptbot)"
74.7.243.230 - - [31/Mar/2026:21:26:07 +0000] "GET /wp-includes/js/dist/vendor/react-jsx-runtime.min.js.LICENSE.txt HTTP/1.1" 200 249 "https://schoolofgolfnz.co.nz/wp-includes/js/dist/vendor/" "Mozilla/5.0 AppleWebKit/537.36 (KHTML, like Gecko; compatible; GPTBot/1.3; +https://openai.com/gptbot)"
139.18.2.214 - - [31/Mar/2026:21:26:07 +0000] "GET /wp-includes/js/tinymce/plugins/colorpicker/ HTTP/1.1" 200 1063 "https://weddingswithjoy.org.nz/wp-includes/js/tinymce/plugins/" "LCC (+http://corpora.uni-leipzig.de/crawler_faq.html)"
74.7.243.230 - - [31/Mar/2026:21:26:08 +0000] "GET /wp-includes/js/jquery/ui/spinner.js HTTP/1.1" 200 14434 "https://schoolofgolfnz.co.nz/wp-includes/js/jquery/ui/" "Mozilla/5.0 AppleWebKit/537.36 (KHTML, like Gecko; compatible; GPTBot/1.3; +https://openai.com/gptbot)"
74.7.243.230 - - [31/Mar/2026:21:26:09 +0000] "GET /wp-includes/ID3/module.tag.id3v1.php HTTP/1.1" 200 - "https://schoolofgolfnz.co.nz/wp-includes/ID3/" "Mozilla/5.0 AppleWebKit/537.36 (KHTML, like Gecko; compatible; GPTBot/1.3; +https://openai.com/gptbot)"
74.7.243.230 - - [31/Mar/2026:21:26:10 +0000] "GET /wp-includes/ID3/module.tag.id3v2.php HTTP/1.1" 200 - "https://schoolofgolfnz.co.nz/wp-includes/ID3/" "Mozilla/5.0 AppleWebKit/537.36 (KHTML, like Gecko; compatible; GPTBot/1.3; +https://openai.com/gptbot)"
74.7.243.230 - - [31/Mar/2026:21:26:11 +0000] "GET /wp-includes/sodium_compat/namespaced/Core/ChaCha20/ HTTP/1.1" 200 1086 "https://schoolofgolfnz.co.nz/wp-includes/sodium_compat/namespaced/Core/" "Mozilla/5.0 AppleWebKit/537.36 (KHTML, like Gecko; compatible; GPTBot/1.3; +https://openai.com/gptbot)"
74.7.243.230 - - [31/Mar/2026:21:26:12 +0000] "GET /wp-includes/sodium_compat/src/Core/ChaCha20/Ctx.php HTTP/1.1" 500 - "https://schoolofgolfnz.co.nz/wp-includes/sodium_compat/src/Core/ChaCha20/" "Mozilla/5.0 AppleWebKit/537.36 (KHTML, like Gecko; compatible; GPTBot/1.3; +https://openai.com/gptbot)"
74.7.243.230 - - [31/Mar/2026:21:26:13 +0000] "GET /wp-includes/Requests/src/Ssl.php HTTP/1.1" 200 - "https://schoolofgolfnz.co.nz/wp-includes/Requests/src/" "Mozilla/5.0 AppleWebKit/537.36 (KHTML, like Gecko; compatible; GPTBot/1.3; +https://openai.com/gptbot)"
74.7.227.41 - - [31/Mar/2026:21:26:15 +0000] "GET /wp-includes/sodium_compat/src/Core32/Salsa20.php HTTP/1.1" 500 - "https://weddingswithjoy.org.nz/wp-includes/sodium_compat/src/Core32/" "Mozilla/5.0 AppleWebKit/537.36 (KHTML, like Gecko; compatible; GPTBot/1.3; +https://openai.com/gptbot)"
74.7.243.230 - - [31/Mar/2026:21:26:15 +0000] "GET /wp-includes/js/tinymce/skins/wordpress/images/embedded.png HTTP/1.1" 200 8177 "https://schoolofgolfnz.co.nz/wp-includes/js/tinymce/skins/wordpress/images/" "Mozilla/5.0 AppleWebKit/537.36 (KHTML, like Gecko; compatible; GPTBot/1.3; +https://openai.com/gptbot)"
139.18.2.214 - - [31/Mar/2026:21:26:16 +0000] "GET /wp-includes/js/tinymce/plugins/compat3x/ HTTP/1.1" 200 1229 "https://weddingswithjoy.org.nz/wp-includes/js/tinymce/plugins/" "LCC (+http://corpora.uni-leipzig.de/crawler_faq.html)"
74.7.243.230 - - [31/Mar/2026:21:26:17 +0000] "GET /wp-includes/js/tinymce/skins/wordpress/images/pagebreak.png HTTP/1.1" 200 1140 "https://schoolofgolfnz.co.nz/wp-includes/js/tinymce/skins/wordpress/images/" "Mozilla/5.0 AppleWebKit/537.36 (KHTML, like Gecko; compatible; GPTBot/1.3; +https://openai.com/gptbot)"
74.7.243.230 - - [31/Mar/2026:21:26:19 +0000] "GET /wp-includes/js/tinymce/plugins/link/plugin.min.js HTTP/1.1" 200 8940 "https://schoolofgolfnz.co.nz/wp-includes/js/tinymce/plugins/link/" "Mozilla/5.0 AppleWebKit/537.36 (KHTML, like Gecko; compatible; GPTBot/1.3; +https://openai.com/gptbot)"
74.7.243.230 - - [31/Mar/2026:21:26:20 +0000] "GET /wp-includes/SimplePie/src/Enclosure.php HTTP/1.1" 200 - "https://schoolofgolfnz.co.nz/wp-includes/SimplePie/src/" "Mozilla/5.0 AppleWebKit/537.36 (KHTML, like Gecko; compatible; GPTBot/1.3; +https://openai.com/gptbot)"
74.7.243.230 - - [31/Mar/2026:21:26:22 +0000] "GET /wp-includes/SimplePie/src/RegistryAware.php HTTP/1.1" 200 - "https://schoolofgolfnz.co.nz/wp-includes/SimplePie/src/" "Mozilla/5.0 AppleWebKit/537.36 (KHTML, like Gecko; compatible; GPTBot/1.3; +https://openai.com/gptbot)"
74.7.243.230 - - [31/Mar/2026:21:26:23 +0000] "GET /wp-includes/SimplePie/src/SimplePie.php HTTP/1.1" 200 - "https://schoolofgolfnz.co.nz/wp-includes/SimplePie/src/" "Mozilla/5.0 AppleWebKit/537.36 (KHTML, like Gecko; compatible; GPTBot/1.3; +https://openai.com/gptbot)"
74.7.243.230 - - [31/Mar/2026:21:26:24 +0000] "GET /wp-includes/SimplePie/src/Restriction.php HTTP/1.1" 200 - "https://schoolofgolfnz.co.nz/wp-includes/SimplePie/src/" "Mozilla/5.0 AppleWebKit/537.36 (KHTML, like Gecko; compatible; GPTBot/1.3; +https://openai.com/gptbot)"
139.18.2.214 - - [31/Mar/2026:21:26:25 +0000] "GET /wp-includes/js/tinymce/plugins/directionality/ HTTP/1.1" 200 1069 "https://weddingswithjoy.org.nz/wp-includes/js/tinymce/plugins/" "LCC (+http://corpora.uni-leipzig.de/crawler_faq.html)"
74.7.243.230 - - [31/Mar/2026:21:26:26 +0000] "GET /wp-includes/SimplePie/src/Caption.php HTTP/1.1" 200 - "https://schoolofgolfnz.co.nz/wp-includes/SimplePie/src/" "Mozilla/5.0 AppleWebKit/537.36 (KHTML, like Gecko; compatible; GPTBot/1.3; +https://openai.com/gptbot)"
74.7.243.230 - - [31/Mar/2026:21:26:27 +0000] "GET /wp-includes/SimplePie/src/Locator.php HTTP/1.1" 500 - "https://schoolofgolfnz.co.nz/wp-includes/SimplePie/src/" "Mozilla/5.0 AppleWebKit/537.36 (KHTML, like Gecko; compatible; GPTBot/1.3; +https://openai.com/gptbot)"
74.7.243.230 - - [31/Mar/2026:21:26:27 +0000] "GET /wp-includes/SimplePie/src/Category.php HTTP/1.1" 200 - "https://schoolofgolfnz.co.nz/wp-includes/SimplePie/src/" "Mozilla/5.0 AppleWebKit/537.36 (KHTML, like Gecko; compatible; GPTBot/1.3; +https://openai.com/gptbot)"
74.7.243.230 - - [31/Mar/2026:21:26:30 +0000] "GET /wp-includes/SimplePie/src/Cache.php HTTP/1.1" 200 - "https://schoolofgolfnz.co.nz/wp-includes/SimplePie/src/" "Mozilla/5.0 AppleWebKit/537.36 (KHTML, like Gecko; compatible; GPTBot/1.3; +https://openai.com/gptbot)"
74.7.243.230 - - [31/Mar/2026:21:26:32 +0000] "GET /wp-includes/SimplePie/src/Registry.php HTTP/1.1" 200 - "https://schoolofgolfnz.co.nz/wp-includes/SimplePie/src/" "Mozilla/5.0 AppleWebKit/537.36 (KHTML, like Gecko; compatible; GPTBot/1.3; +https://openai.com/gptbot)"
139.18.2.214 - - [31/Mar/2026:21:26:34 +0000] "GET /wp-includes/js/tinymce/plugins/fullscreen/ HTTP/1.1" 200 1061 "https://weddingswithjoy.org.nz/wp-includes/js/tinymce/plugins/" "LCC (+http://corpora.uni-leipzig.de/crawler_faq.html)"
74.7.243.230 - - [31/Mar/2026:21:26:35 +0000] "GET /wp-includes/SimplePie/src/Gzdecode.php HTTP/1.1" 200 - "https://schoolofgolfnz.co.nz/wp-includes/SimplePie/src/" "Mozilla/5.0 AppleWebKit/537.36 (KHTML, like Gecko; compatible; GPTBot/1.3; +https://openai.com/gptbot)"
74.7.243.230 - - [31/Mar/2026:21:26:37 +0000] "GET /wp-includes/SimplePie/src/Sanitize.php HTTP/1.1" 500 - "https://schoolofgolfnz.co.nz/wp-includes/SimplePie/src/" "Mozilla/5.0 AppleWebKit/537.36 (KHTML, like Gecko; compatible; GPTBot/1.3; +https://openai.com/gptbot)"
74.7.243.230 - - [31/Mar/2026:21:26:38 +0000] "GET /wp-includes/SimplePie/src/Copyright.php HTTP/1.1" 200 - "https://schoolofgolfnz.co.nz/wp-includes/SimplePie/src/" "Mozilla/5.0 AppleWebKit/537.36 (KHTML, like Gecko; compatible; GPTBot/1.3; +https://openai.com/gptbot)"
74.7.227.159 - - [31/Mar/2026:21:26:39 +0000] "GET /wp-includes/class-walker-comment.php HTTP/1.1" 500 - "https://www.qualityprecast.co.nz/wp-includes/" "Mozilla/5.0 AppleWebKit/537.36 (KHTML, like Gecko; compatible; GPTBot/1.3; +https://openai.com/gptbot)"
74.7.243.230 - - [31/Mar/2026:21:26:43 +0000] "GET /wp-includes/SimplePie/src/Exception.php HTTP/1.1" 200 - "https://schoolofgolfnz.co.nz/wp-includes/SimplePie/src/" "Mozilla/5.0 AppleWebKit/537.36 (KHTML, like Gecko; compatible; GPTBot/1.3; +https://openai.com/gptbot)"
139.18.2.214 - - [31/Mar/2026:21:26:45 +0000] "GET /wp-includes/js/tinymce/plugins/hr/ HTTP/1.1" 200 1045 "https://weddingswithjoy.org.nz/wp-includes/js/tinymce/plugins/" "LCC (+http://corpora.uni-leipzig.de/crawler_faq.html)"
74.7.243.230 - - [31/Mar/2026:21:26:48 +0000] "GET /wp-includes/SimplePie/src/Rating.php HTTP/1.1" 200 - "https://schoolofgolfnz.co.nz/wp-includes/SimplePie/src/" "Mozilla/5.0 AppleWebKit/537.36 (KHTML, like Gecko; compatible; GPTBot/1.3; +https://openai.com/gptbot)"
74.7.243.230 - - [31/Mar/2026:21:26:52 +0000] "GET /wp-includes/SimplePie/src/Credit.php HTTP/1.1" 200 - "https://schoolofgolfnz.co.nz/wp-includes/SimplePie/src/" "Mozilla/5.0 AppleWebKit/537.36 (KHTML, like Gecko; compatible; GPTBot/1.3; +https://openai.com/gptbot)"
139.18.2.214 - - [31/Mar/2026:21:26:55 +0000] "GET /wp-includes/js/tinymce/plugins/image/ HTTP/1.1" 200 1051 "https://weddingswithjoy.org.nz/wp-includes/js/tinymce/plugins/" "LCC (+http://corpora.uni-leipzig.de/crawler_faq.html)"
74.7.243.230 - - [31/Mar/2026:21:26:56 +0000] "GET /wp-includes/SimplePie/src/Author.php HTTP/1.1" 200 - "https://schoolofgolfnz.co.nz/wp-includes/SimplePie/src/" "Mozilla/5.0 AppleWebKit/537.36 (KHTML, like Gecko; compatible; GPTBot/1.3; +https://openai.com/gptbot)"
74.7.243.230 - - [31/Mar/2026:21:26:59 +0000] "GET /wp-includes/SimplePie/src/Source.php HTTP/1.1" 500 - "https://schoolofgolfnz.co.nz/wp-includes/SimplePie/src/" "Mozilla/5.0 AppleWebKit/537.36 (KHTML, like Gecko; compatible; GPTBot/1.3; +https://openai.com/gptbot)"
74.7.243.230 - - [31/Mar/2026:21:27:02 +0000] "GET /wp-includes/SimplePie/src/Item.php HTTP/1.1" 500 - "https://schoolofgolfnz.co.nz/wp-includes/SimplePie/src/" "Mozilla/5.0 AppleWebKit/537.36 (KHTML, like Gecko; compatible; GPTBot/1.3; +https://openai.com/gptbot)"
161.35.1.156 - - [31/Mar/2026:21:27:08 +0000] "GET /.env HTTP/1.1" 404 - "-" "Mozilla/5.0 (Macintosh; Intel Mac OS X 10_15_7) AppleWebKit/537.36 (KHTML, like Gecko) Chrome/136.0.0.0 Safari/537.36"
139.18.2.214 - - [31/Mar/2026:21:27:10 +0000] "GET /wp-includes/js/tinymce/plugins/link/ HTTP/1.1" 200 1049 "https://weddingswithjoy.org.nz/wp-includes/js/tinymce/plugins/" "LCC (+http://corpora.uni-leipzig.de/crawler_faq.html)"
74.7.243.230 - - [31/Mar/2026:21:27:12 +0000] "GET /wp-includes/SimplePie/src/Parser.php HTTP/1.1" 500 - "https://schoolofgolfnz.co.nz/wp-includes/SimplePie/src/" "Mozilla/5.0 AppleWebKit/537.36 (KHTML, like Gecko; compatible; GPTBot/1.3; +https://openai.com/gptbot)"
74.7.227.41 - - [31/Mar/2026:21:27:16 +0000] "GET /wp-includes/sodium_compat/src/Core32/Curve25519/ HTTP/1.1" 200 1239 "https://weddingswithjoy.org.nz/wp-includes/sodium_compat/src/Core32/" "Mozilla/5.0 AppleWebKit/537.36 (KHTML, like Gecko; compatible; GPTBot/1.3; +https://openai.com/gptbot)"
74.7.227.159 - - [31/Mar/2026:21:27:19 +0000] "GET /wp-includes/class-wp-widget.php HTTP/1.1" 200 - "https://www.qualityprecast.co.nz/wp-includes/" "Mozilla/5.0 AppleWebKit/537.36 (KHTML, like Gecko; compatible; GPTBot/1.3; +https://openai.com/gptbot)"
139.18.2.214 - - [31/Mar/2026:21:27:24 +0000] "GET /wp-includes/js/tinymce/plugins/lists/ HTTP/1.1" 200 1051 "https://weddingswithjoy.org.nz/wp-includes/js/tinymce/plugins/" "LCC (+http://corpora.uni-leipzig.de/crawler_faq.html)"
139.18.2.214 - - [31/Mar/2026:21:27:35 +0000] "GET /wp-includes/js/tinymce/plugins/media/ HTTP/1.1" 200 1051 "https://weddingswithjoy.org.nz/wp-includes/js/tinymce/plugins/" "LCC (+http://corpora.uni-leipzig.de/crawler_faq.html)"
74.7.243.230 - - [31/Mar/2026:21:27:38 +0000] "GET /wp-includes/SimplePie/src/IRI.php HTTP/1.1" 200 - "https://schoolofgolfnz.co.nz/wp-includes/SimplePie/src/" "Mozilla/5.0 AppleWebKit/537.36 (KHTML, like Gecko; compatible; GPTBot/1.3; +https://openai.com/gptbot)"
139.18.2.214 - - [31/Mar/2026:21:27:47 +0000] "GET /wp-includes/js/tinymce/plugins/paste/ HTTP/1.1" 200 1051 "https://weddingswithjoy.org.nz/wp-includes/js/tinymce/plugins/" "LCC (+http://corpora.uni-leipzig.de/crawler_faq.html)"
139.18.2.214 - - [31/Mar/2026:21:27:58 +0000] "GET /wp-includes/js/tinymce/plugins/tabfocus/ HTTP/1.1" 200 1057 "https://weddingswithjoy.org.nz/wp-includes/js/tinymce/plugins/" "LCC (+http://corpora.uni-leipzig.de/crawler_faq.html)"
139.18.2.214 - - [31/Mar/2026:21:28:07 +0000] "GET /wp-includes/js/tinymce/plugins/textcolor/ HTTP/1.1" 200 1059 "https://weddingswithjoy.org.nz/wp-includes/js/tinymce/plugins/" "LCC (+http://corpora.uni-leipzig.de/crawler_faq.html)"
139.18.2.214 - - [31/Mar/2026:21:28:17 +0000] "GET /wp-includes/js/tinymce/plugins/wordpress/ HTTP/1.1" 200 1059 "https://weddingswithjoy.org.nz/wp-includes/js/tinymce/plugins/" "LCC (+http://corpora.uni-leipzig.de/crawler_faq.html)"
74.7.227.41 - - [31/Mar/2026:21:28:20 +0000] "GET /wp-includes/sodium_compat/src/Core32/Curve25519.php HTTP/1.1" 500 - "https://weddingswithjoy.org.nz/wp-includes/sodium_compat/src/Core32/" "Mozilla/5.0 AppleWebKit/537.36 (KHTML, like Gecko; compatible; GPTBot/1.3; +https://openai.com/gptbot)"
74.7.227.159 - - [31/Mar/2026:21:28:25 +0000] "GET /wp-includes/class.wp-styles.php HTTP/1.1" 500 - "https://www.qualityprecast.co.nz/wp-includes/" "Mozilla/5.0 AppleWebKit/537.36 (KHTML, like Gecko; compatible; GPTBot/1.3; +https://openai.com/gptbot)"
139.18.2.214 - - [31/Mar/2026:21:28:28 +0000] "GET /wp-includes/js/tinymce/plugins/wpautoresize/ HTTP/1.1" 200 1065 "https://weddingswithjoy.org.nz/wp-includes/js/tinymce/plugins/" "LCC (+http://corpora.uni-leipzig.de/crawler_faq.html)"
139.18.2.214 - - [31/Mar/2026:21:28:39 +0000] "GET /wp-includes/js/tinymce/plugins/wpdialogs/ HTTP/1.1" 200 1059 "https://weddingswithjoy.org.nz/wp-includes/js/tinymce/plugins/" "LCC (+http://corpora.uni-leipzig.de/crawler_faq.html)"
74.7.243.230 - - [31/Mar/2026:21:28:41 +0000] "GET /wp-includes/SimplePie/src/XML/ HTTP/1.1" 200 854 "https://schoolofgolfnz.co.nz/wp-includes/SimplePie/src/" "Mozilla/5.0 AppleWebKit/537.36 (KHTML, like Gecko; compatible; GPTBot/1.3; +https://openai.com/gptbot)"
139.18.2.214 - - [31/Mar/2026:21:28:50 +0000] "GET /wp-includes/js/tinymce/plugins/wpeditimage/ HTTP/1.1" 200 1063 "https://weddingswithjoy.org.nz/wp-includes/js/tinymce/plugins/" "LCC (+http://corpora.uni-leipzig.de/crawler_faq.html)"
139.18.2.214 - - [31/Mar/2026:21:29:01 +0000] "GET /wp-includes/js/tinymce/plugins/wpemoji/ HTTP/1.1" 200 1055 "https://weddingswithjoy.org.nz/wp-includes/js/tinymce/plugins/" "LCC (+http://corpora.uni-leipzig.de/crawler_faq.html)"
139.18.2.214 - - [31/Mar/2026:21:29:13 +0000] "GET /wp-includes/js/tinymce/plugins/wpgallery/ HTTP/1.1" 200 1059 "https://weddingswithjoy.org.nz/wp-includes/js/tinymce/plugins/" "LCC (+http://corpora.uni-leipzig.de/crawler_faq.html)"
74.7.227.41 - - [31/Mar/2026:21:29:14 +0000] "GET /wp-includes/js/plupload/plupload.min.js HTTP/1.1" 200 15605 "https://weddingswithjoy.org.nz/wp-includes/js/plupload/" "Mozilla/5.0 AppleWebKit/537.36 (KHTML, like Gecko; compatible; GPTBot/1.3; +https://openai.com/gptbot)"
74.7.227.159 - - [31/Mar/2026:21:29:23 +0000] "GET /wp-includes/class-wp-oembed.php HTTP/1.1" 200 - "https://www.qualityprecast.co.nz/wp-includes/" "Mozilla/5.0 AppleWebKit/537.36 (KHTML, like Gecko; compatible; GPTBot/1.3; +https://openai.com/gptbot)"
139.18.2.214 - - [31/Mar/2026:21:29:24 +0000] "GET /wp-includes/js/tinymce/plugins/wplink/ HTTP/1.1" 200 1053 "https://weddingswithjoy.org.nz/wp-includes/js/tinymce/plugins/" "LCC (+http://corpora.uni-leipzig.de/crawler_faq.html)"
74.7.243.230 - - [31/Mar/2026:21:29:36 +0000] "GET /wp-includes/SimplePie/src/HTTP/ HTTP/1.1" 200 2135 "https://schoolofgolfnz.co.nz/wp-includes/SimplePie/src/" "Mozilla/5.0 AppleWebKit/537.36 (KHTML, like Gecko; compatible; GPTBot/1.3; +https://openai.com/gptbot)"
139.18.2.214 - - [31/Mar/2026:21:29:36 +0000] "GET /wp-includes/js/tinymce/plugins/wptextpattern/ HTTP/1.1" 200 1067 "https://weddingswithjoy.org.nz/wp-includes/js/tinymce/plugins/" "LCC (+http://corpora.uni-leipzig.de/crawler_faq.html)"
139.18.2.214 - - [31/Mar/2026:21:29:48 +0000] "GET /wp-includes/js/tinymce/plugins/wpview/ HTTP/1.1" 200 1053 "https://weddingswithjoy.org.nz/wp-includes/js/tinymce/plugins/" "LCC (+http://corpora.uni-leipzig.de/crawler_faq.html)"
139.18.2.214 - - [31/Mar/2026:21:29:59 +0000] "GET /wp-includes/js/tinymce/skins/?C=N;O=D HTTP/1.1" 200 1025 "https://weddingswithjoy.org.nz/wp-includes/js/tinymce/skins/" "LCC (+http://corpora.uni-leipzig.de/crawler_faq.html)"
139.18.2.214 - - [31/Mar/2026:21:30:09 +0000] "GET /wp-includes/js/tinymce/skins/?C=M;O=A HTTP/1.1" 200 1025 "https://weddingswithjoy.org.nz/wp-includes/js/tinymce/skins/" "LCC (+http://corpora.uni-leipzig.de/crawler_faq.html)"
74.7.227.41 - - [31/Mar/2026:21:30:17 +0000] "GET /wp-includes/js/plupload/plupload.js HTTP/1.1" 200 60314 "https://weddingswithjoy.org.nz/wp-includes/js/plupload/" "Mozilla/5.0 AppleWebKit/537.36 (KHTML, like Gecko; compatible; GPTBot/1.3; +https://openai.com/gptbot)"
139.18.2.214 - - [31/Mar/2026:21:30:21 +0000] "GET /wp-includes/js/tinymce/skins/?C=S;O=A HTTP/1.1" 200 1025 "https://weddingswithjoy.org.nz/wp-includes/js/tinymce/skins/" "LCC (+http://corpora.uni-leipzig.de/crawler_faq.html)"
74.7.243.230 - - [31/Mar/2026:21:30:27 +0000] "GET /wp-includes/SimplePie/src/Net/ HTTP/1.1" 200 850 "https://schoolofgolfnz.co.nz/wp-includes/SimplePie/src/" "Mozilla/5.0 AppleWebKit/537.36 (KHTML, like Gecko; compatible; GPTBot/1.3; +https://openai.com/gptbot)"
74.7.227.159 - - [31/Mar/2026:21:30:28 +0000] "GET /wp-includes/functions.wp-styles.php HTTP/1.1" 200 - "https://www.qualityprecast.co.nz/wp-includes/" "Mozilla/5.0 AppleWebKit/537.36 (KHTML, like Gecko; compatible; GPTBot/1.3; +https://openai.com/gptbot)"
139.18.2.214 - - [31/Mar/2026:21:30:32 +0000] "GET /wp-includes/js/tinymce/skins/?C=D;O=A HTTP/1.1" 200 1025 "https://weddingswithjoy.org.nz/wp-includes/js/tinymce/skins/" "LCC (+http://corpora.uni-leipzig.de/crawler_faq.html)"
139.18.2.214 - - [31/Mar/2026:21:30:43 +0000] "GET /wp-includes/js/tinymce/skins/lightgray/ HTTP/1.1" 200 1594 "https://weddingswithjoy.org.nz/wp-includes/js/tinymce/skins/" "LCC (+http://corpora.uni-leipzig.de/crawler_faq.html)"
139.18.2.214 - - [31/Mar/2026:21:30:52 +0000] "GET /wp-includes/js/tinymce/skins/wordpress/ HTTP/1.1" 200 1052 "https://weddingswithjoy.org.nz/wp-includes/js/tinymce/skins/" "LCC (+http://corpora.uni-leipzig.de/crawler_faq.html)"
139.18.2.214 - - [31/Mar/2026:21:31:02 +0000] "GET /wp-includes/js/tinymce/themes/?C=N;O=D HTTP/1.1" 200 1021 "https://weddingswithjoy.org.nz/wp-includes/js/tinymce/themes/" "LCC (+http://corpora.uni-leipzig.de/crawler_faq.html)"
74.7.243.230 - - [31/Mar/2026:21:31:11 +0000] "GET /wp-includes/SimplePie/src/Misc.php HTTP/1.1" 200 - "https://schoolofgolfnz.co.nz/wp-includes/SimplePie/src/" "Mozilla/5.0 AppleWebKit/537.36 (KHTML, like Gecko; compatible; GPTBot/1.3; +https://openai.com/gptbot)"
74.7.227.41 - - [31/Mar/2026:21:31:14 +0000] "GET /wp-includes/js/thickbox/%22+url+%22 HTTP/1.1" 404 - "https://weddingswithjoy.org.nz/wp-includes/js/thickbox/thickbox.js" "Mozilla/5.0 AppleWebKit/537.36 (KHTML, like Gecko; compatible; GPTBot/1.3; +https://openai.com/gptbot)"
139.18.2.214 - - [31/Mar/2026:21:31:15 +0000] "GET /wp-includes/js/tinymce/themes/?C=M;O=A HTTP/1.1" 200 1021 "https://weddingswithjoy.org.nz/wp-includes/js/tinymce/themes/" "LCC (+http://corpora.uni-leipzig.de/crawler_faq.html)"
139.18.2.214 - - [31/Mar/2026:21:31:26 +0000] "GET /wp-includes/js/tinymce/themes/?C=S;O=A HTTP/1.1" 200 1021 "https://weddingswithjoy.org.nz/wp-includes/js/tinymce/themes/" "LCC (+http://corpora.uni-leipzig.de/crawler_faq.html)"
74.7.227.159 - - [31/Mar/2026:21:31:27 +0000] "GET /wp-includes/class-wp-image-editor.php HTTP/1.1" 200 - "https://www.qualityprecast.co.nz/wp-includes/" "Mozilla/5.0 AppleWebKit/537.36 (KHTML, like Gecko; compatible; GPTBot/1.3; +https://openai.com/gptbot)"
139.18.2.214 - - [31/Mar/2026:21:31:35 +0000] "GET /wp-includes/js/tinymce/themes/?C=D;O=A HTTP/1.1" 200 1021 "https://weddingswithjoy.org.nz/wp-includes/js/tinymce/themes/" "LCC (+http://corpora.uni-leipzig.de/crawler_faq.html)"
139.18.2.214 - - [31/Mar/2026:21:31:48 +0000] "GET /wp-includes/js/tinymce/themes/inlite/ HTTP/1.1" 200 1048 "https://weddingswithjoy.org.nz/wp-includes/js/tinymce/themes/" "LCC (+http://corpora.uni-leipzig.de/crawler_faq.html)"
74.7.243.230 - - [31/Mar/2026:21:31:51 +0000] "GET /wp-includes/SimplePie/src/File.php HTTP/1.1" 500 - "https://schoolofgolfnz.co.nz/wp-includes/SimplePie/src/" "Mozilla/5.0 AppleWebKit/537.36 (KHTML, like Gecko; compatible; GPTBot/1.3; +https://openai.com/gptbot)"
140.245.199.158 - - [31/Mar/2026:21:31:55 +0000] "GET /wp-login.php HTTP/1.1" 500 - "https://t.co/" "Mozilla/5.0 (Windows NT 11.0; Win64; x64) AppleWebKit/537.36 (KHTML, like Gecko) Chrome/118.0.0.0 Safari/537.36"
140.245.199.158 - - [31/Mar/2026:21:31:55 +0000] "GET /wp-admin/ HTTP/1.1" 500 - "https://www.bing.com/" "Mozilla/5.0 (Windows NT 11.0; Win64; x64) AppleWebKit/537.36 (KHTML, like Gecko) Chrome/119.0.0.0 Safari/537.36"
139.18.2.214 - - [31/Mar/2026:21:31:57 +0000] "GET /wp-includes/js/tinymce/themes/modern/ HTTP/1.1" 200 1048 "https://weddingswithjoy.org.nz/wp-includes/js/tinymce/themes/" "LCC (+http://corpora.uni-leipzig.de/crawler_faq.html)"
74.7.227.41 - - [31/Mar/2026:21:32:07 +0000] "GET /wp-includes/js/plupload/wp-plupload.js HTTP/1.1" 200 16705 "https://weddingswithjoy.org.nz/wp-includes/js/plupload/" "Mozilla/5.0 AppleWebKit/537.36 (KHTML, like Gecko; compatible; GPTBot/1.3; +https://openai.com/gptbot)"
139.18.2.214 - - [31/Mar/2026:21:32:12 +0000] "GET /wp-includes/js/tinymce/utils/?C=N;O=D HTTP/1.1" 200 1393 "https://weddingswithjoy.org.nz/wp-includes/js/tinymce/utils/" "LCC (+http://corpora.uni-leipzig.de/crawler_faq.html)"
74.7.227.159 - - [31/Mar/2026:21:32:16 +0000] "GET /wp-includes/class-walker-category-dropdown.php HTTP/1.1" 500 - "https://www.qualityprecast.co.nz/wp-includes/" "Mozilla/5.0 AppleWebKit/537.36 (KHTML, like Gecko; compatible; GPTBot/1.3; +https://openai.com/gptbot)"
139.18.2.214 - - [31/Mar/2026:21:32:24 +0000] "GET /wp-includes/js/tinymce/utils/?C=M;O=A HTTP/1.1" 200 1393 "https://weddingswithjoy.org.nz/wp-includes/js/tinymce/utils/" "LCC (+http://corpora.uni-leipzig.de/crawler_faq.html)"
74.7.243.230 - - [31/Mar/2026:21:32:28 +0000] "GET /wp-includes/sodium_compat/namespaced/Core/ChaCha20/IetfCtx.php HTTP/1.1" 500 - "https://schoolofgolfnz.co.nz/wp-includes/sodium_compat/namespaced/Core/ChaCha20/" "Mozilla/5.0 AppleWebKit/537.36 (KHTML, like Gecko; compatible; GPTBot/1.3; +https://openai.com/gptbot)"
216.73.163.214 - - [31/Mar/2026:21:32:31 +0000] "GET /wp-login.php HTTP/1.1" 500 - "-" "Mozilla/5.0 (Windows NT 10.0; Win64; rv:143.0) Gecko/20100101 Firefox/143.0"
139.18.2.214 - - [31/Mar/2026:21:32:36 +0000] "GET /wp-includes/js/tinymce/utils/?C=S;O=A HTTP/1.1" 200 1393 "https://weddingswithjoy.org.nz/wp-includes/js/tinymce/utils/" "LCC (+http://corpora.uni-leipzig.de/crawler_faq.html)"
139.18.2.214 - - [31/Mar/2026:21:32:47 +0000] "GET /wp-includes/js/tinymce/utils/?C=D;O=A HTTP/1.1" 200 1393 "https://weddingswithjoy.org.nz/wp-includes/js/tinymce/utils/" "LCC (+http://corpora.uni-leipzig.de/crawler_faq.html)"
139.18.2.214 - - [31/Mar/2026:21:32:57 +0000] "GET /wp-includes/rest-api/endpoints/?C=N;O=A HTTP/1.1" 200 9993 "https://weddingswithjoy.org.nz/wp-includes/rest-api/endpoints/?C=N;O=D" "LCC (+http://corpora.uni-leipzig.de/crawler_faq.html)"
74.7.227.41 - - [31/Mar/2026:21:32:59 +0000] "GET /wp-includes/js/thickbox/%22+imgLoader.src+%22 HTTP/1.1" 404 - "https://weddingswithjoy.org.nz/wp-includes/js/thickbox/thickbox.js" "Mozilla/5.0 AppleWebKit/537.36 (KHTML, like Gecko; compatible; GPTBot/1.3; +https://openai.com/gptbot)"
74.7.227.159 - - [31/Mar/2026:21:33:02 +0000] "GET /wp-includes/images/ HTTP/1.1" 200 5768 "https://www.qualityprecast.co.nz/wp-includes/" "Mozilla/5.0 AppleWebKit/537.36 (KHTML, like Gecko; compatible; GPTBot/1.3; +https://openai.com/gptbot)"
139.18.2.214 - - [31/Mar/2026:21:33:08 +0000] "GET /wp-includes/rest-api/endpoints/?C=M;O=D HTTP/1.1" 200 9993 "https://weddingswithjoy.org.nz/wp-includes/rest-api/endpoints/?C=M;O=A" "LCC (+http://corpora.uni-leipzig.de/crawler_faq.html)"
66.249.70.194 - - [31/Mar/2026:21:33:17 +0000] "GET /index.php1 HTTP/1.1" 403 15 "-" "Mozilla/5.0 (Linux; Android 6.0.1; Nexus 5X Build/MMB29P) AppleWebKit/537.36 (KHTML, like Gecko) Chrome/146.0.7680.164 Mobile Safari/537.36 (compatible; Googlebot/2.1; +http://www.google.com/bot.html)"
139.18.2.214 - - [31/Mar/2026:21:33:18 +0000] "GET /wp-includes/rest-api/endpoints/?C=S;O=D HTTP/1.1" 200 9993 "https://weddingswithjoy.org.nz/wp-includes/rest-api/endpoints/?C=S;O=A" "LCC (+http://corpora.uni-leipzig.de/crawler_faq.html)"
139.18.2.214 - - [31/Mar/2026:21:33:28 +0000] "GET /wp-includes/rest-api/endpoints/?C=D;O=D HTTP/1.1" 200 9993 "https://weddingswithjoy.org.nz/wp-includes/rest-api/endpoints/?C=D;O=A" "LCC (+http://corpora.uni-leipzig.de/crawler_faq.html)"
74.7.243.230 - - [31/Mar/2026:21:33:31 +0000] "GET /wp-includes/js/',b,' HTTP/1.1" 404 - "https://schoolofgolfnz.co.nz/wp-includes/js/wp-emoji-release.min.js" "Mozilla/5.0 AppleWebKit/537.36 (KHTML, like Gecko; compatible; GPTBot/1.3; +https://openai.com/gptbot)"
139.18.2.214 - - [31/Mar/2026:21:33:38 +0000] "GET /wp-includes/rest-api/fields/?C=N;O=A HTTP/1.1" 200 1688 "https://weddingswithjoy.org.nz/wp-includes/rest-api/fields/?C=N;O=D" "LCC (+http://corpora.uni-leipzig.de/crawler_faq.html)"
74.7.227.41 - - [31/Mar/2026:21:33:43 +0000] "GET /wp-includes/js/plupload/wp-plupload.min.js HTTP/1.1" 200 6036 "https://weddingswithjoy.org.nz/wp-includes/js/plupload/" "Mozilla/5.0 AppleWebKit/537.36 (KHTML, like Gecko; compatible; GPTBot/1.3; +https://openai.com/gptbot)"
139.18.2.214 - - [31/Mar/2026:21:33:55 +0000] "GET /wp-includes/rest-api/fields/?C=M;O=D HTTP/1.1" 200 1688 "https://weddingswithjoy.org.nz/wp-includes/rest-api/fields/?C=M;O=A" "LCC (+http://corpora.uni-leipzig.de/crawler_faq.html)"
74.7.227.159 - - [31/Mar/2026:21:34:04 +0000] "GET /wp-includes/class-wp-block-parser.php HTTP/1.1" 200 - "https://www.qualityprecast.co.nz/wp-includes/" "Mozilla/5.0 AppleWebKit/537.36 (KHTML, like Gecko; compatible; GPTBot/1.3; +https://openai.com/gptbot)"
139.18.2.214 - - [31/Mar/2026:21:34:05 +0000] "GET /wp-includes/rest-api/fields/?C=S;O=D HTTP/1.1" 200 1688 "https://weddingswithjoy.org.nz/wp-includes/rest-api/fields/?C=S;O=A" "LCC (+http://corpora.uni-leipzig.de/crawler_faq.html)"
139.18.2.214 - - [31/Mar/2026:21:34:14 +0000] "GET /wp-includes/rest-api/fields/?C=D;O=D HTTP/1.1" 200 1688 "https://weddingswithjoy.org.nz/wp-includes/rest-api/fields/?C=D;O=A" "LCC (+http://corpora.uni-leipzig.de/crawler_faq.html)"
139.18.2.214 - - [31/Mar/2026:21:34:23 +0000] "GET /wp-includes/rest-api/search/?C=N;O=A HTTP/1.1" 200 1499 "https://weddingswithjoy.org.nz/wp-includes/rest-api/search/?C=N;O=D" "LCC (+http://corpora.uni-leipzig.de/crawler_faq.html)"
74.7.227.41 - - [31/Mar/2026:21:34:29 +0000] "GET /wp-includes/js/plupload/handlers.min.js HTTP/1.1" 200 12035 "https://weddingswithjoy.org.nz/wp-includes/js/plupload/" "Mozilla/5.0 AppleWebKit/537.36 (KHTML, like Gecko; compatible; GPTBot/1.3; +https://openai.com/gptbot)"
74.7.243.230 - - [31/Mar/2026:21:34:33 +0000] "GET /wp-includes/js/'+o+' HTTP/1.1" 404 - "https://schoolofgolfnz.co.nz/wp-includes/js/quicktags.min.js" "Mozilla/5.0 AppleWebKit/537.36 (KHTML, like Gecko; compatible; GPTBot/1.3; +https://openai.com/gptbot)"
139.18.2.214 - - [31/Mar/2026:21:34:33 +0000] "GET /wp-includes/rest-api/search/?C=M;O=D HTTP/1.1" 200 1499 "https://weddingswithjoy.org.nz/wp-includes/rest-api/search/?C=M;O=A" "LCC (+http://corpora.uni-leipzig.de/crawler_faq.html)"
139.18.2.214 - - [31/Mar/2026:21:34:45 +0000] "GET /wp-includes/rest-api/search/?C=S;O=D HTTP/1.1" 200 1499 "https://weddingswithjoy.org.nz/wp-includes/rest-api/search/?C=S;O=A" "LCC (+http://corpora.uni-leipzig.de/crawler_faq.html)"
139.18.2.214 - - [31/Mar/2026:21:34:54 +0000] "GET /wp-includes/rest-api/search/?C=D;O=D HTTP/1.1" 200 1499 "https://weddingswithjoy.org.nz/wp-includes/rest-api/search/?C=D;O=A" "LCC (+http://corpora.uni-leipzig.de/crawler_faq.html)"
74.7.227.159 - - [31/Mar/2026:21:35:02 +0000] "GET /wp-includes/class-wp-object-cache.php HTTP/1.1" 200 - "https://www.qualityprecast.co.nz/wp-includes/" "Mozilla/5.0 AppleWebKit/537.36 (KHTML, like Gecko; compatible; GPTBot/1.3; +https://openai.com/gptbot)"
139.18.2.214 - - [31/Mar/2026:21:35:07 +0000] "GET /wp-includes/sitemaps/providers/?C=N;O=A HTTP/1.1" 200 1270 "https://weddingswithjoy.org.nz/wp-includes/sitemaps/providers/?C=N;O=D" "LCC (+http://corpora.uni-leipzig.de/crawler_faq.html)"
74.7.227.41 - - [31/Mar/2026:21:35:10 +0000] "GET /wp-includes/js/thickbox/%22+urlNoQuery[0]+%22 HTTP/1.1" 404 - "https://weddingswithjoy.org.nz/wp-includes/js/thickbox/thickbox.js" "Mozilla/5.0 AppleWebKit/537.36 (KHTML, like Gecko; compatible; GPTBot/1.3; +https://openai.com/gptbot)"
139.18.2.214 - - [31/Mar/2026:21:35:17 +0000] "GET /wp-includes/sitemaps/providers/?C=M;O=D HTTP/1.1" 200 1270 "https://weddingswithjoy.org.nz/wp-includes/sitemaps/providers/?C=M;O=A" "LCC (+http://corpora.uni-leipzig.de/crawler_faq.html)"
139.18.2.214 - - [31/Mar/2026:21:35:28 +0000] "GET /wp-includes/sitemaps/providers/?C=S;O=D HTTP/1.1" 200 1270 "https://weddingswithjoy.org.nz/wp-includes/sitemaps/providers/?C=S;O=A" "LCC (+http://corpora.uni-leipzig.de/crawler_faq.html)"
74.7.243.230 - - [31/Mar/2026:21:35:33 +0000] "GET /wp-includes/js/tinymce/plugins/media/'+m.poster+' HTTP/1.1" 404 - "https://schoolofgolfnz.co.nz/wp-includes/js/tinymce/plugins/media/plugin.min.js" "Mozilla/5.0 AppleWebKit/537.36 (KHTML, like Gecko; compatible; GPTBot/1.3; +https://openai.com/gptbot)"
139.18.2.214 - - [31/Mar/2026:21:35:40 +0000] "GET /wp-includes/sitemaps/providers/?C=D;O=D HTTP/1.1" 200 1270 "https://weddingswithjoy.org.nz/wp-includes/sitemaps/providers/?C=D;O=A" "LCC (+http://corpora.uni-leipzig.de/crawler_faq.html)"
74.7.227.41 - - [31/Mar/2026:21:35:48 +0000] "GET /wp-includes/js/plupload/moxie.min.js HTTP/1.1" 200 87394 "https://weddingswithjoy.org.nz/wp-includes/js/plupload/" "Mozilla/5.0 AppleWebKit/537.36 (KHTML, like Gecko; compatible; GPTBot/1.3; +https://openai.com/gptbot)"
139.18.2.214 - - [31/Mar/2026:21:35:52 +0000] "GET /wp-includes/sodium_compat/lib/?C=N;O=A HTTP/1.1" 200 2338 "https://weddingswithjoy.org.nz/wp-includes/sodium_compat/lib/?C=N;O=D" "LCC (+http://corpora.uni-leipzig.de/crawler_faq.html)"
74.7.227.159 - - [31/Mar/2026:21:35:53 +0000] "GET /wp-includes/class-wp-block-type-registry.php HTTP/1.1" 200 - "https://www.qualityprecast.co.nz/wp-includes/" "Mozilla/5.0 AppleWebKit/537.36 (KHTML, like Gecko; compatible; GPTBot/1.3; +https://openai.com/gptbot)"
139.18.2.214 - - [31/Mar/2026:21:36:04 +0000] "GET /wp-includes/sodium_compat/lib/?C=M;O=D HTTP/1.1" 200 2338 "https://weddingswithjoy.org.nz/wp-includes/sodium_compat/lib/?C=M;O=A" "LCC (+http://corpora.uni-leipzig.de/crawler_faq.html)"
139.18.2.214 - - [31/Mar/2026:21:36:15 +0000] "GET /wp-includes/sodium_compat/lib/?C=S;O=D HTTP/1.1" 200 2338 "https://weddingswithjoy.org.nz/wp-includes/sodium_compat/lib/?C=S;O=A" "LCC (+http://corpora.uni-leipzig.de/crawler_faq.html)"
74.7.227.41 - - [31/Mar/2026:21:36:24 +0000] "GET /wp-includes/sodium_compat/src/Core32/Curve25519/H.php HTTP/1.1" 500 - "https://weddingswithjoy.org.nz/wp-includes/sodium_compat/src/Core32/Curve25519/" "Mozilla/5.0 AppleWebKit/537.36 (KHTML, like Gecko; compatible; GPTBot/1.3; +https://openai.com/gptbot)"
139.18.2.214 - - [31/Mar/2026:21:36:31 +0000] "GET /wp-includes/sodium_compat/lib/?C=D;O=D HTTP/1.1" 200 2338 "https://weddingswithjoy.org.nz/wp-includes/sodium_compat/lib/?C=D;O=A" "LCC (+http://corpora.uni-leipzig.de/crawler_faq.html)"
74.7.243.230 - - [31/Mar/2026:21:36:33 +0000] "GET /wp-includes/js/jquery/ui/button.js HTTP/1.1" 200 11706 "https://schoolofgolfnz.co.nz/wp-includes/js/jquery/ui/" "Mozilla/5.0 AppleWebKit/537.36 (KHTML, like Gecko; compatible; GPTBot/1.3; +https://openai.com/gptbot)"
74.7.227.159 - - [31/Mar/2026:21:36:38 +0000] "GET /wp-includes/class-wp-http-proxy.php HTTP/1.1" 200 - "https://www.qualityprecast.co.nz/wp-includes/" "Mozilla/5.0 AppleWebKit/537.36 (KHTML, like Gecko; compatible; GPTBot/1.3; +https://openai.com/gptbot)"
139.18.2.214 - - [31/Mar/2026:21:36:44 +0000] "GET /wp-includes/sodium_compat/namespaced/?C=N;O=A HTTP/1.1" 200 1393 "https://weddingswithjoy.org.nz/wp-includes/sodium_compat/namespaced/?C=N;O=D" "LCC (+http://corpora.uni-leipzig.de/crawler_faq.html)"
139.18.2.214 - - [31/Mar/2026:21:36:53 +0000] "GET /wp-includes/sodium_compat/namespaced/?C=M;O=D HTTP/1.1" 200 1393 "https://weddingswithjoy.org.nz/wp-includes/sodium_compat/namespaced/?C=M;O=A" "LCC (+http://corpora.uni-leipzig.de/crawler_faq.html)"
74.7.227.41 - - [31/Mar/2026:21:36:58 +0000] "GET /wp-includes/sodium_compat/src/Core32/Curve25519/Fe.php HTTP/1.1" 200 - "https://weddingswithjoy.org.nz/wp-includes/sodium_compat/src/Core32/Curve25519/" "Mozilla/5.0 AppleWebKit/537.36 (KHTML, like Gecko; compatible; GPTBot/1.3; +https://openai.com/gptbot)"
139.18.2.214 - - [31/Mar/2026:21:37:08 +0000] "GET /wp-includes/sodium_compat/namespaced/?C=S;O=D HTTP/1.1" 200 1393 "https://weddingswithjoy.org.nz/wp-includes/sodium_compat/namespaced/?C=S;O=A" "LCC (+http://corpora.uni-leipzig.de/crawler_faq.html)"
139.18.2.214 - - [31/Mar/2026:21:37:18 +0000] "GET /wp-includes/sodium_compat/namespaced/?C=D;O=D HTTP/1.1" 200 1393 "https://weddingswithjoy.org.nz/wp-includes/sodium_compat/namespaced/?C=D;O=A" "LCC (+http://corpora.uni-leipzig.de/crawler_faq.html)"
74.7.227.159 - - [31/Mar/2026:21:37:20 +0000] "GET /wp-includes/class-wp-term-query.php HTTP/1.1" 200 - "https://www.qualityprecast.co.nz/wp-includes/" "Mozilla/5.0 AppleWebKit/537.36 (KHTML, like Gecko; compatible; GPTBot/1.3; +https://openai.com/gptbot)"
139.18.2.214 - - [31/Mar/2026:21:37:29 +0000] "GET /wp-includes/sodium_compat/namespaced/Core/?C=N;O=D HTTP/1.1" 200 3576 "https://weddingswithjoy.org.nz/wp-includes/sodium_compat/namespaced/Core/" "LCC (+http://corpora.uni-leipzig.de/crawler_faq.html)"
74.7.243.230 - - [31/Mar/2026:21:37:38 +0000] "GET /wp-includes/js/jquery/ui/dialog.js HTTP/1.1" 200 23896 "https://schoolofgolfnz.co.nz/wp-includes/js/jquery/ui/" "Mozilla/5.0 AppleWebKit/537.36 (KHTML, like Gecko; compatible; GPTBot/1.3; +https://openai.com/gptbot)"
139.18.2.214 - - [31/Mar/2026:21:37:40 +0000] "GET /wp-includes/sodium_compat/namespaced/Core/?C=M;O=A HTTP/1.1" 200 3576 "https://weddingswithjoy.org.nz/wp-includes/sodium_compat/namespaced/Core/" "LCC (+http://corpora.uni-leipzig.de/crawler_faq.html)"
139.18.2.214 - - [31/Mar/2026:21:37:49 +0000] "GET /wp-includes/sodium_compat/namespaced/Core/?C=S;O=A HTTP/1.1" 200 3576 "https://weddingswithjoy.org.nz/wp-includes/sodium_compat/namespaced/Core/" "LCC (+http://corpora.uni-leipzig.de/crawler_faq.html)"
139.18.2.214 - - [31/Mar/2026:21:37:57 +0000] "GET /wp-includes/sodium_compat/namespaced/Core/?C=D;O=A HTTP/1.1" 200 3576 "https://weddingswithjoy.org.nz/wp-includes/sodium_compat/namespaced/Core/" "LCC (+http://corpora.uni-leipzig.de/crawler_faq.html)"
74.7.227.159 - - [31/Mar/2026:21:37:58 +0000] "GET /wp-includes/class-wp-meta-query.php HTTP/1.1" 200 - "https://www.qualityprecast.co.nz/wp-includes/" "Mozilla/5.0 AppleWebKit/537.36 (KHTML, like Gecko; compatible; GPTBot/1.3; +https://openai.com/gptbot)"
74.7.227.41 - - [31/Mar/2026:21:38:01 +0000] "GET /wp-includes/js/plupload/license.txt HTTP/1.1" 200 17987 "https://weddingswithjoy.org.nz/wp-includes/js/plupload/" "Mozilla/5.0 AppleWebKit/537.36 (KHTML, like Gecko; compatible; GPTBot/1.3; +https://openai.com/gptbot)"
139.18.2.214 - - [31/Mar/2026:21:38:10 +0000] "GET /wp-includes/sodium_compat/namespaced/Core/BLAKE2b.php HTTP/1.1" 500 - "https://weddingswithjoy.org.nz/wp-includes/sodium_compat/namespaced/Core/" "LCC (+http://corpora.uni-leipzig.de/crawler_faq.html)"
139.18.2.214 - - [31/Mar/2026:21:38:20 +0000] "GET /wp-includes/sodium_compat/namespaced/Core/ChaCha20.php HTTP/1.1" 500 - "https://weddingswithjoy.org.nz/wp-includes/sodium_compat/namespaced/Core/" "LCC (+http://corpora.uni-leipzig.de/crawler_faq.html)"
74.7.227.159 - - [31/Mar/2026:21:38:31 +0000] "GET /wp-includes/class-wp-date-query.php HTTP/1.1" 200 - "https://www.qualityprecast.co.nz/wp-includes/" "Mozilla/5.0 AppleWebKit/537.36 (KHTML, like Gecko; compatible; GPTBot/1.3; +https://openai.com/gptbot)"
139.18.2.214 - - [31/Mar/2026:21:38:31 +0000] "GET /wp-includes/sodium_compat/namespaced/Core/ChaCha20/ HTTP/1.1" 200 1086 "https://weddingswithjoy.org.nz/wp-includes/sodium_compat/namespaced/Core/" "LCC (+http://corpora.uni-leipzig.de/crawler_faq.html)"
