52.167.144.186 - - [31/Mar/2026:12:13:33 +0000] "GET /products/detail/283254862 HTTP/1.1" 200 186971 "-" "Mozilla/5.0 AppleWebKit/537.36 (KHTML, like Gecko; compatible; bingbot/2.0; +http://www.bing.com/bingbot.htm) Chrome/116.0.1938.76 Safari/537.36"
52.167.144.186 - - [31/Mar/2026:12:13:33 +0000] "GET /products/detail/297658246 HTTP/1.1" 200 204483 "-" "Mozilla/5.0 AppleWebKit/537.36 (KHTML, like Gecko; compatible; bingbot/2.0; +http://www.bing.com/bingbot.htm) Chrome/116.0.1938.76 Safari/537.36"
52.167.144.186 - - [31/Mar/2026:12:13:34 +0000] "GET /products/detail/186099973 HTTP/1.1" 200 186598 "-" "Mozilla/5.0 AppleWebKit/537.36 (KHTML, like Gecko; compatible; bingbot/2.0; +http://www.bing.com/bingbot.htm) Chrome/116.0.1938.76 Safari/537.36"
52.167.144.186 - - [31/Mar/2026:12:13:35 +0000] "GET /products/detail/147008145 HTTP/1.1" 200 191882 "-" "Mozilla/5.0 AppleWebKit/537.36 (KHTML, like Gecko; compatible; bingbot/2.0; +http://www.bing.com/bingbot.htm) Chrome/116.0.1938.76 Safari/537.36"
52.167.144.186 - - [31/Mar/2026:12:13:36 +0000] "GET /products/detail/138299064 HTTP/1.1" 200 185718 "-" "Mozilla/5.0 AppleWebKit/537.36 (KHTML, like Gecko; compatible; bingbot/2.0; +http://www.bing.com/bingbot.htm) Chrome/116.0.1938.76 Safari/537.36"
52.167.144.186 - - [31/Mar/2026:12:13:37 +0000] "GET /products/detail/270323226 HTTP/1.1" 200 201560 "-" "Mozilla/5.0 AppleWebKit/537.36 (KHTML, like Gecko; compatible; bingbot/2.0; +http://www.bing.com/bingbot.htm) Chrome/116.0.1938.76 Safari/537.36"
52.167.144.186 - - [31/Mar/2026:12:13:37 +0000] "GET /products/detail/85197610 HTTP/1.1" 200 187815 "-" "Mozilla/5.0 AppleWebKit/537.36 (KHTML, like Gecko; compatible; bingbot/2.0; +http://www.bing.com/bingbot.htm) Chrome/116.0.1938.76 Safari/537.36"
52.167.144.186 - - [31/Mar/2026:12:13:38 +0000] "GET /products/detail/46972024 HTTP/1.1" 200 196574 "-" "Mozilla/5.0 AppleWebKit/537.36 (KHTML, like Gecko; compatible; bingbot/2.0; +http://www.bing.com/bingbot.htm) Chrome/116.0.1938.76 Safari/537.36"
52.167.144.186 - - [31/Mar/2026:12:13:39 +0000] "GET /products/detail/19432468 HTTP/1.1" 200 185414 "-" "Mozilla/5.0 AppleWebKit/537.36 (KHTML, like Gecko; compatible; bingbot/2.0; +http://www.bing.com/bingbot.htm) Chrome/116.0.1938.76 Safari/537.36"
52.167.144.186 - - [31/Mar/2026:12:13:40 +0000] "GET /products/detail/278587680 HTTP/1.1" 200 193990 "-" "Mozilla/5.0 AppleWebKit/537.36 (KHTML, like Gecko; compatible; bingbot/2.0; +http://www.bing.com/bingbot.htm) Chrome/116.0.1938.76 Safari/537.36"
52.167.144.186 - - [31/Mar/2026:12:13:41 +0000] "GET /products/detail/36299600 HTTP/1.1" 200 185501 "-" "Mozilla/5.0 AppleWebKit/537.36 (KHTML, like Gecko; compatible; bingbot/2.0; +http://www.bing.com/bingbot.htm) Chrome/116.0.1938.76 Safari/537.36"
52.167.144.186 - - [31/Mar/2026:12:13:41 +0000] "GET /products/detail/286866347 HTTP/1.1" 200 187527 "-" "Mozilla/5.0 AppleWebKit/537.36 (KHTML, like Gecko; compatible; bingbot/2.0; +http://www.bing.com/bingbot.htm) Chrome/116.0.1938.76 Safari/537.36"
52.167.144.186 - - [31/Mar/2026:12:13:42 +0000] "GET /products/detail/282550387 HTTP/1.1" 200 190615 "-" "Mozilla/5.0 AppleWebKit/537.36 (KHTML, like Gecko; compatible; bingbot/2.0; +http://www.bing.com/bingbot.htm) Chrome/116.0.1938.76 Safari/537.36"
52.167.144.186 - - [31/Mar/2026:12:13:43 +0000] "GET /products/detail/151394418 HTTP/1.1" 200 187901 "-" "Mozilla/5.0 AppleWebKit/537.36 (KHTML, like Gecko; compatible; bingbot/2.0; +http://www.bing.com/bingbot.htm) Chrome/116.0.1938.76 Safari/537.36"
52.167.144.186 - - [31/Mar/2026:12:13:44 +0000] "GET /products/detail/273524418 HTTP/1.1" 200 185005 "-" "Mozilla/5.0 AppleWebKit/537.36 (KHTML, like Gecko; compatible; bingbot/2.0; +http://www.bing.com/bingbot.htm) Chrome/116.0.1938.76 Safari/537.36"
52.167.144.186 - - [31/Mar/2026:12:13:45 +0000] "GET /products/detail/145336953 HTTP/1.1" 200 196837 "-" "Mozilla/5.0 AppleWebKit/537.36 (KHTML, like Gecko; compatible; bingbot/2.0; +http://www.bing.com/bingbot.htm) Chrome/116.0.1938.76 Safari/537.36"
52.167.144.186 - - [31/Mar/2026:12:13:46 +0000] "GET /products/detail/147179034 HTTP/1.1" 200 220257 "-" "Mozilla/5.0 AppleWebKit/537.36 (KHTML, like Gecko; compatible; bingbot/2.0; +http://www.bing.com/bingbot.htm) Chrome/116.0.1938.76 Safari/537.36"
52.167.144.186 - - [31/Mar/2026:12:13:52 +0000] "GET /products/detail/117712135 HTTP/1.1" 200 186540 "-" "Mozilla/5.0 AppleWebKit/537.36 (KHTML, like Gecko; compatible; bingbot/2.0; +http://www.bing.com/bingbot.htm) Chrome/116.0.1938.76 Safari/537.36"
20.15.133.162 - - [31/Mar/2026:12:13:53 +0000] "GET /products/detail/291677529 HTTP/1.1" 200 192481 "-" "Mozilla/5.0 AppleWebKit/537.36 (KHTML, like Gecko; compatible; bingbot/2.0; +http://www.bing.com/bingbot.htm) Chrome/116.0.1938.76 Safari/537.36"
52.167.144.186 - - [31/Mar/2026:12:13:53 +0000] "GET /products/detail/235710569 HTTP/1.1" 200 194374 "-" "Mozilla/5.0 AppleWebKit/537.36 (KHTML, like Gecko; compatible; bingbot/2.0; +http://www.bing.com/bingbot.htm) Chrome/116.0.1938.76 Safari/537.36"
52.167.144.186 - - [31/Mar/2026:12:13:54 +0000] "GET /products/detail/58400903 HTTP/1.1" 200 186314 "-" "Mozilla/5.0 AppleWebKit/537.36 (KHTML, like Gecko; compatible; bingbot/2.0; +http://www.bing.com/bingbot.htm) Chrome/116.0.1938.76 Safari/537.36"
52.167.144.186 - - [31/Mar/2026:12:13:55 +0000] "GET /products/detail/286752832 HTTP/1.1" 200 189243 "-" "Mozilla/5.0 AppleWebKit/537.36 (KHTML, like Gecko; compatible; bingbot/2.0; +http://www.bing.com/bingbot.htm) Chrome/116.0.1938.76 Safari/537.36"
52.167.144.206 - - [31/Mar/2026:12:13:57 +0000] "GET /products/detail/229513620 HTTP/1.1" 200 193648 "-" "Mozilla/5.0 AppleWebKit/537.36 (KHTML, like Gecko; compatible; bingbot/2.0; +http://www.bing.com/bingbot.htm) Chrome/116.0.1938.76 Safari/537.36"
103.31.235.247 - - [31/Mar/2026:12:13:58 +0000] "GET /about/ HTTP/1.1" 200 223180 "https://www.google.com/" "Mozilla/5.0 (Linux; Android 10; K) AppleWebKit/537.36 (KHTML, like Gecko) Chrome/146.0.0.0 Mobile Safari/537.36"
52.167.144.206 - - [31/Mar/2026:12:13:58 +0000] "GET /products/detail/176051367 HTTP/1.1" 200 194227 "-" "Mozilla/5.0 AppleWebKit/537.36 (KHTML, like Gecko; compatible; bingbot/2.0; +http://www.bing.com/bingbot.htm) Chrome/116.0.1938.76 Safari/537.36"
52.167.144.206 - - [31/Mar/2026:12:13:59 +0000] "GET /products/detail/257896701 HTTP/1.1" 200 187451 "-" "Mozilla/5.0 AppleWebKit/537.36 (KHTML, like Gecko; compatible; bingbot/2.0; +http://www.bing.com/bingbot.htm) Chrome/116.0.1938.76 Safari/537.36"
52.167.144.206 - - [31/Mar/2026:12:14:01 +0000] "GET /products/detail/276463246 HTTP/1.1" 200 201801 "-" "Mozilla/5.0 AppleWebKit/537.36 (KHTML, like Gecko; compatible; bingbot/2.0; +http://www.bing.com/bingbot.htm) Chrome/116.0.1938.76 Safari/537.36"
20.15.133.162 - - [31/Mar/2026:12:14:02 +0000] "GET /products/detail/224839357 HTTP/1.1" 200 200520 "-" "Mozilla/5.0 AppleWebKit/537.36 (KHTML, like Gecko; compatible; bingbot/2.0; +http://www.bing.com/bingbot.htm) Chrome/116.0.1938.76 Safari/537.36"
52.167.144.206 - - [31/Mar/2026:12:14:03 +0000] "GET /products/detail/41068246 HTTP/1.1" 200 186288 "-" "Mozilla/5.0 AppleWebKit/537.36 (KHTML, like Gecko; compatible; bingbot/2.0; +http://www.bing.com/bingbot.htm) Chrome/116.0.1938.76 Safari/537.36"
52.167.144.206 - - [31/Mar/2026:12:14:05 +0000] "GET /products/detail/214335569 HTTP/1.1" 200 200387 "-" "Mozilla/5.0 AppleWebKit/537.36 (KHTML, like Gecko; compatible; bingbot/2.0; +http://www.bing.com/bingbot.htm) Chrome/116.0.1938.76 Safari/537.36"
52.167.144.206 - - [31/Mar/2026:12:14:45 +0000] "GET /products/detail/246954266 HTTP/1.1" 200 190436 "-" "Mozilla/5.0 AppleWebKit/537.36 (KHTML, like Gecko; compatible; bingbot/2.0; +http://www.bing.com/bingbot.htm) Chrome/116.0.1938.76 Safari/537.36"
66.249.74.8 - - [31/Mar/2026:12:14:45 +0000] "GET /?p=13505 HTTP/1.1" 200 198445 "-" "Mozilla/5.0 (Linux; Android 6.0.1; Nexus 5X Build/MMB29P) AppleWebKit/537.36 (KHTML, like Gecko) Chrome/146.0.7680.153 Mobile Safari/537.36 (compatible; Googlebot/2.1; +http://www.google.com/bot.html)"
20.15.133.162 - - [31/Mar/2026:12:14:45 +0000] "GET /products/detail/147184438 HTTP/1.1" 200 197920 "-" "Mozilla/5.0 AppleWebKit/537.36 (KHTML, like Gecko; compatible; bingbot/2.0; +http://www.bing.com/bingbot.htm) Chrome/116.0.1938.76 Safari/537.36"
20.15.133.175 - - [31/Mar/2026:12:14:45 +0000] "GET /products/detail/12663014 HTTP/1.1" 200 185878 "-" "Mozilla/5.0 AppleWebKit/537.36 (KHTML, like Gecko; compatible; bingbot/2.0; +http://www.bing.com/bingbot.htm) Chrome/116.0.1938.76 Safari/537.36"
52.167.144.206 - - [31/Mar/2026:12:14:46 +0000] "GET /products/detail/150240377 HTTP/1.1" 200 192484 "-" "Mozilla/5.0 AppleWebKit/537.36 (KHTML, like Gecko; compatible; bingbot/2.0; +http://www.bing.com/bingbot.htm) Chrome/116.0.1938.76 Safari/537.36"
52.167.144.206 - - [31/Mar/2026:12:14:46 +0000] "GET /products/detail/272834771 HTTP/1.1" 200 195537 "-" "Mozilla/5.0 AppleWebKit/537.36 (KHTML, like Gecko; compatible; bingbot/2.0; +http://www.bing.com/bingbot.htm) Chrome/116.0.1938.76 Safari/537.36"
103.31.235.247 - - [31/Mar/2026:12:14:00 +0000] "GET /designs/34862451/canvas/59/product_images HTTP/1.1" 500 2508 "https://airless.co.nz/about/" "Mozilla/5.0 (Linux; Android 10; K) AppleWebKit/537.36 (KHTML, like Gecko) Chrome/146.0.0.0 Mobile Safari/537.36"
52.167.144.206 - - [31/Mar/2026:12:14:48 +0000] "GET /products/detail/232058933 HTTP/1.1" 200 195569 "-" "Mozilla/5.0 AppleWebKit/537.36 (KHTML, like Gecko; compatible; bingbot/2.0; +http://www.bing.com/bingbot.htm) Chrome/116.0.1938.76 Safari/537.36"
52.167.144.206 - - [31/Mar/2026:12:14:48 +0000] "GET /products/detail/273426185 HTTP/1.1" 200 199439 "-" "Mozilla/5.0 AppleWebKit/537.36 (KHTML, like Gecko; compatible; bingbot/2.0; +http://www.bing.com/bingbot.htm) Chrome/116.0.1938.76 Safari/537.36"
52.167.144.206 - - [31/Mar/2026:12:14:49 +0000] "GET /products/detail/245309286 HTTP/1.1" 200 192990 "-" "Mozilla/5.0 AppleWebKit/537.36 (KHTML, like Gecko; compatible; bingbot/2.0; +http://www.bing.com/bingbot.htm) Chrome/116.0.1938.76 Safari/537.36"
52.167.144.206 - - [31/Mar/2026:12:14:49 +0000] "GET /products/detail/255661549 HTTP/1.1" 200 190595 "-" "Mozilla/5.0 AppleWebKit/537.36 (KHTML, like Gecko; compatible; bingbot/2.0; +http://www.bing.com/bingbot.htm) Chrome/116.0.1938.76 Safari/537.36"
52.167.144.206 - - [31/Mar/2026:12:14:50 +0000] "GET /products/detail/296110680 HTTP/1.1" 200 199524 "-" "Mozilla/5.0 AppleWebKit/537.36 (KHTML, like Gecko; compatible; bingbot/2.0; +http://www.bing.com/bingbot.htm) Chrome/116.0.1938.76 Safari/537.36"
52.167.144.206 - - [31/Mar/2026:12:14:51 +0000] "GET /products/detail/217624620 HTTP/1.1" 200 188198 "-" "Mozilla/5.0 AppleWebKit/537.36 (KHTML, like Gecko; compatible; bingbot/2.0; +http://www.bing.com/bingbot.htm) Chrome/116.0.1938.76 Safari/537.36"
52.167.144.206 - - [31/Mar/2026:12:14:51 +0000] "GET /products/detail/233226014 HTTP/1.1" 200 195557 "-" "Mozilla/5.0 AppleWebKit/537.36 (KHTML, like Gecko; compatible; bingbot/2.0; +http://www.bing.com/bingbot.htm) Chrome/116.0.1938.76 Safari/537.36"
52.167.144.206 - - [31/Mar/2026:12:14:52 +0000] "GET /products/detail/230106721 HTTP/1.1" 200 191756 "-" "Mozilla/5.0 AppleWebKit/537.36 (KHTML, like Gecko; compatible; bingbot/2.0; +http://www.bing.com/bingbot.htm) Chrome/116.0.1938.76 Safari/537.36"
52.167.144.206 - - [31/Mar/2026:12:14:52 +0000] "GET /products/detail/242387660 HTTP/1.1" 200 201306 "-" "Mozilla/5.0 AppleWebKit/537.36 (KHTML, like Gecko; compatible; bingbot/2.0; +http://www.bing.com/bingbot.htm) Chrome/116.0.1938.76 Safari/537.36"
20.15.133.175 - - [31/Mar/2026:12:14:53 +0000] "GET /products/detail/270662307 HTTP/1.1" 200 196586 "-" "Mozilla/5.0 AppleWebKit/537.36 (KHTML, like Gecko; compatible; bingbot/2.0; +http://www.bing.com/bingbot.htm) Chrome/116.0.1938.76 Safari/537.36"
52.167.144.206 - - [31/Mar/2026:12:14:53 +0000] "GET /products/detail/251828882 HTTP/1.1" 200 189254 "-" "Mozilla/5.0 AppleWebKit/537.36 (KHTML, like Gecko; compatible; bingbot/2.0; +http://www.bing.com/bingbot.htm) Chrome/116.0.1938.76 Safari/537.36"
52.167.144.206 - - [31/Mar/2026:12:14:53 +0000] "GET /products/detail/263747478 HTTP/1.1" 200 199250 "-" "Mozilla/5.0 AppleWebKit/537.36 (KHTML, like Gecko; compatible; bingbot/2.0; +http://www.bing.com/bingbot.htm) Chrome/116.0.1938.76 Safari/537.36"
52.167.144.206 - - [31/Mar/2026:12:14:54 +0000] "GET /products/detail/311975004 HTTP/1.1" 200 186398 "-" "Mozilla/5.0 AppleWebKit/537.36 (KHTML, like Gecko; compatible; bingbot/2.0; +http://www.bing.com/bingbot.htm) Chrome/116.0.1938.76 Safari/537.36"
52.167.144.206 - - [31/Mar/2026:12:14:54 +0000] "GET /products/detail/205619286 HTTP/1.1" 200 192553 "-" "Mozilla/5.0 AppleWebKit/537.36 (KHTML, like Gecko; compatible; bingbot/2.0; +http://www.bing.com/bingbot.htm) Chrome/116.0.1938.76 Safari/537.36"
52.167.144.206 - - [31/Mar/2026:12:14:55 +0000] "GET /products/detail/304935862 HTTP/1.1" 200 191101 "-" "Mozilla/5.0 AppleWebKit/537.36 (KHTML, like Gecko; compatible; bingbot/2.0; +http://www.bing.com/bingbot.htm) Chrome/116.0.1938.76 Safari/537.36"
52.167.144.206 - - [31/Mar/2026:12:14:55 +0000] "GET /products/detail/265164539 HTTP/1.1" 200 194557 "-" "Mozilla/5.0 AppleWebKit/537.36 (KHTML, like Gecko; compatible; bingbot/2.0; +http://www.bing.com/bingbot.htm) Chrome/116.0.1938.76 Safari/537.36"
52.167.144.206 - - [31/Mar/2026:12:14:55 +0000] "GET /products/detail/286906408 HTTP/1.1" 200 196785 "-" "Mozilla/5.0 AppleWebKit/537.36 (KHTML, like Gecko; compatible; bingbot/2.0; +http://www.bing.com/bingbot.htm) Chrome/116.0.1938.76 Safari/537.36"
52.167.144.206 - - [31/Mar/2026:12:14:56 +0000] "GET /products/detail/266130236 HTTP/1.1" 200 187360 "-" "Mozilla/5.0 AppleWebKit/537.36 (KHTML, like Gecko; compatible; bingbot/2.0; +http://www.bing.com/bingbot.htm) Chrome/116.0.1938.76 Safari/537.36"
52.167.144.206 - - [31/Mar/2026:12:14:56 +0000] "GET /products/detail/17544155 HTTP/1.1" 200 191509 "-" "Mozilla/5.0 AppleWebKit/537.36 (KHTML, like Gecko; compatible; bingbot/2.0; +http://www.bing.com/bingbot.htm) Chrome/116.0.1938.76 Safari/537.36"
52.167.144.206 - - [31/Mar/2026:12:14:57 +0000] "GET /products/detail/141211701 HTTP/1.1" 200 192629 "-" "Mozilla/5.0 AppleWebKit/537.36 (KHTML, like Gecko; compatible; bingbot/2.0; +http://www.bing.com/bingbot.htm) Chrome/116.0.1938.76 Safari/537.36"
52.167.144.206 - - [31/Mar/2026:12:14:57 +0000] "GET /products/detail/59911216 HTTP/1.1" 200 200329 "-" "Mozilla/5.0 AppleWebKit/537.36 (KHTML, like Gecko; compatible; bingbot/2.0; +http://www.bing.com/bingbot.htm) Chrome/116.0.1938.76 Safari/537.36"
52.167.144.206 - - [31/Mar/2026:12:14:58 +0000] "GET /products/detail/255124579 HTTP/1.1" 200 199186 "-" "Mozilla/5.0 AppleWebKit/537.36 (KHTML, like Gecko; compatible; bingbot/2.0; +http://www.bing.com/bingbot.htm) Chrome/116.0.1938.76 Safari/537.36"
52.167.144.206 - - [31/Mar/2026:12:14:59 +0000] "GET /products/detail/226372620 HTTP/1.1" 200 187352 "-" "Mozilla/5.0 AppleWebKit/537.36 (KHTML, like Gecko; compatible; bingbot/2.0; +http://www.bing.com/bingbot.htm) Chrome/116.0.1938.76 Safari/537.36"
52.167.144.206 - - [31/Mar/2026:12:14:59 +0000] "GET /products/detail/301950125 HTTP/1.1" 200 186887 "-" "Mozilla/5.0 AppleWebKit/537.36 (KHTML, like Gecko; compatible; bingbot/2.0; +http://www.bing.com/bingbot.htm) Chrome/116.0.1938.76 Safari/537.36"
52.167.144.206 - - [31/Mar/2026:12:15:00 +0000] "GET /products/detail/153665903 HTTP/1.1" 200 208134 "-" "Mozilla/5.0 AppleWebKit/537.36 (KHTML, like Gecko; compatible; bingbot/2.0; +http://www.bing.com/bingbot.htm) Chrome/116.0.1938.76 Safari/537.36"
52.167.144.206 - - [31/Mar/2026:12:15:01 +0000] "GET /products/detail/290264307 HTTP/1.1" 200 188778 "-" "Mozilla/5.0 AppleWebKit/537.36 (KHTML, like Gecko; compatible; bingbot/2.0; +http://www.bing.com/bingbot.htm) Chrome/116.0.1938.76 Safari/537.36"
52.167.144.206 - - [31/Mar/2026:12:15:02 +0000] "GET /products/detail/256690923 HTTP/1.1" 200 191381 "-" "Mozilla/5.0 AppleWebKit/537.36 (KHTML, like Gecko; compatible; bingbot/2.0; +http://www.bing.com/bingbot.htm) Chrome/116.0.1938.76 Safari/537.36"
52.167.144.206 - - [31/Mar/2026:12:15:01 +0000] "GET /products/detail/131878024 HTTP/1.1" 200 199668 "-" "Mozilla/5.0 AppleWebKit/537.36 (KHTML, like Gecko; compatible; bingbot/2.0; +http://www.bing.com/bingbot.htm) Chrome/116.0.1938.76 Safari/537.36"
52.167.144.206 - - [31/Mar/2026:12:15:03 +0000] "GET /products/detail/296917105 HTTP/1.1" 200 205582 "-" "Mozilla/5.0 AppleWebKit/537.36 (KHTML, like Gecko; compatible; bingbot/2.0; +http://www.bing.com/bingbot.htm) Chrome/116.0.1938.76 Safari/537.36"
52.167.144.206 - - [31/Mar/2026:12:15:03 +0000] "GET /products/detail/215842731 HTTP/1.1" 200 188758 "-" "Mozilla/5.0 AppleWebKit/537.36 (KHTML, like Gecko; compatible; bingbot/2.0; +http://www.bing.com/bingbot.htm) Chrome/116.0.1938.76 Safari/537.36"
52.167.144.206 - - [31/Mar/2026:12:15:05 +0000] "GET /products/detail/218156963 HTTP/1.1" 200 208767 "-" "Mozilla/5.0 AppleWebKit/537.36 (KHTML, like Gecko; compatible; bingbot/2.0; +http://www.bing.com/bingbot.htm) Chrome/116.0.1938.76 Safari/537.36"
52.167.144.206 - - [31/Mar/2026:12:15:05 +0000] "GET /products/detail/152198115 HTTP/1.1" 200 216385 "-" "Mozilla/5.0 AppleWebKit/537.36 (KHTML, like Gecko; compatible; bingbot/2.0; +http://www.bing.com/bingbot.htm) Chrome/116.0.1938.76 Safari/537.36"
52.167.144.206 - - [31/Mar/2026:12:15:06 +0000] "GET /products/detail/15047903 HTTP/1.1" 200 188611 "-" "Mozilla/5.0 AppleWebKit/537.36 (KHTML, like Gecko; compatible; bingbot/2.0; +http://www.bing.com/bingbot.htm) Chrome/116.0.1938.76 Safari/537.36"
52.167.144.206 - - [31/Mar/2026:12:15:06 +0000] "GET /products/detail/255614418 HTTP/1.1" 200 196127 "-" "Mozilla/5.0 AppleWebKit/537.36 (KHTML, like Gecko; compatible; bingbot/2.0; +http://www.bing.com/bingbot.htm) Chrome/116.0.1938.76 Safari/537.36"
52.167.144.206 - - [31/Mar/2026:12:15:07 +0000] "GET /products/detail/147186125 HTTP/1.1" 200 202284 "-" "Mozilla/5.0 AppleWebKit/537.36 (KHTML, like Gecko; compatible; bingbot/2.0; +http://www.bing.com/bingbot.htm) Chrome/116.0.1938.76 Safari/537.36"
52.167.144.206 - - [31/Mar/2026:12:15:07 +0000] "GET /products/detail/168627509 HTTP/1.1" 200 190076 "-" "Mozilla/5.0 AppleWebKit/537.36 (KHTML, like Gecko; compatible; bingbot/2.0; +http://www.bing.com/bingbot.htm) Chrome/116.0.1938.76 Safari/537.36"
52.167.144.206 - - [31/Mar/2026:12:15:08 +0000] "GET /products/detail/224508266 HTTP/1.1" 200 193603 "-" "Mozilla/5.0 AppleWebKit/537.36 (KHTML, like Gecko; compatible; bingbot/2.0; +http://www.bing.com/bingbot.htm) Chrome/116.0.1938.76 Safari/537.36"
52.167.144.206 - - [31/Mar/2026:12:15:09 +0000] "GET /products/detail/121668206 HTTP/1.1" 200 189415 "-" "Mozilla/5.0 AppleWebKit/537.36 (KHTML, like Gecko; compatible; bingbot/2.0; +http://www.bing.com/bingbot.htm) Chrome/116.0.1938.76 Safari/537.36"
52.167.144.206 - - [31/Mar/2026:12:15:10 +0000] "GET /products/detail/196460448 HTTP/1.1" 200 212993 "-" "Mozilla/5.0 AppleWebKit/537.36 (KHTML, like Gecko; compatible; bingbot/2.0; +http://www.bing.com/bingbot.htm) Chrome/116.0.1938.76 Safari/537.36"
52.167.144.206 - - [31/Mar/2026:12:15:10 +0000] "GET /products/detail/219151357 HTTP/1.1" 200 200765 "-" "Mozilla/5.0 AppleWebKit/537.36 (KHTML, like Gecko; compatible; bingbot/2.0; +http://www.bing.com/bingbot.htm) Chrome/116.0.1938.76 Safari/537.36"
52.167.144.206 - - [31/Mar/2026:12:15:11 +0000] "GET /products/detail/27854337 HTTP/1.1" 200 189784 "-" "Mozilla/5.0 AppleWebKit/537.36 (KHTML, like Gecko; compatible; bingbot/2.0; +http://www.bing.com/bingbot.htm) Chrome/116.0.1938.76 Safari/537.36"
52.167.144.206 - - [31/Mar/2026:12:15:11 +0000] "GET /products/detail/271990579 HTTP/1.1" 200 182644 "-" "Mozilla/5.0 AppleWebKit/537.36 (KHTML, like Gecko; compatible; bingbot/2.0; +http://www.bing.com/bingbot.htm) Chrome/116.0.1938.76 Safari/537.36"
20.15.133.175 - - [31/Mar/2026:12:15:12 +0000] "GET /products/detail/241289660 HTTP/1.1" 200 186810 "-" "Mozilla/5.0 AppleWebKit/537.36 (KHTML, like Gecko; compatible; bingbot/2.0; +http://www.bing.com/bingbot.htm) Chrome/116.0.1938.76 Safari/537.36"
52.167.144.206 - - [31/Mar/2026:12:15:12 +0000] "GET /products/detail/229144054 HTTP/1.1" 200 187047 "-" "Mozilla/5.0 AppleWebKit/537.36 (KHTML, like Gecko; compatible; bingbot/2.0; +http://www.bing.com/bingbot.htm) Chrome/116.0.1938.76 Safari/537.36"
52.167.144.206 - - [31/Mar/2026:12:15:13 +0000] "GET /products/detail/273434175 HTTP/1.1" 200 187138 "-" "Mozilla/5.0 AppleWebKit/537.36 (KHTML, like Gecko; compatible; bingbot/2.0; +http://www.bing.com/bingbot.htm) Chrome/116.0.1938.76 Safari/537.36"
52.167.144.206 - - [31/Mar/2026:12:15:13 +0000] "GET /products/detail/144853438 HTTP/1.1" 200 189562 "-" "Mozilla/5.0 AppleWebKit/537.36 (KHTML, like Gecko; compatible; bingbot/2.0; +http://www.bing.com/bingbot.htm) Chrome/116.0.1938.76 Safari/537.36"
52.167.144.206 - - [31/Mar/2026:12:15:13 +0000] "GET /products/detail/240097387 HTTP/1.1" 200 185823 "-" "Mozilla/5.0 AppleWebKit/537.36 (KHTML, like Gecko; compatible; bingbot/2.0; +http://www.bing.com/bingbot.htm) Chrome/116.0.1938.76 Safari/537.36"
20.15.133.175 - - [31/Mar/2026:12:15:14 +0000] "GET /products/detail/18120488 HTTP/1.1" 200 194147 "-" "Mozilla/5.0 AppleWebKit/537.36 (KHTML, like Gecko; compatible; bingbot/2.0; +http://www.bing.com/bingbot.htm) Chrome/116.0.1938.76 Safari/537.36"
52.167.144.206 - - [31/Mar/2026:12:15:15 +0000] "GET /products/detail/267584418 HTTP/1.1" 200 188041 "-" "Mozilla/5.0 AppleWebKit/537.36 (KHTML, like Gecko; compatible; bingbot/2.0; +http://www.bing.com/bingbot.htm) Chrome/116.0.1938.76 Safari/537.36"
52.167.144.206 - - [31/Mar/2026:12:15:15 +0000] "GET /products/detail/260823044 HTTP/1.1" 200 187569 "-" "Mozilla/5.0 AppleWebKit/537.36 (KHTML, like Gecko; compatible; bingbot/2.0; +http://www.bing.com/bingbot.htm) Chrome/116.0.1938.76 Safari/537.36"
52.167.144.206 - - [31/Mar/2026:12:15:16 +0000] "GET /products/detail/231772842 HTTP/1.1" 200 190888 "-" "Mozilla/5.0 AppleWebKit/537.36 (KHTML, like Gecko; compatible; bingbot/2.0; +http://www.bing.com/bingbot.htm) Chrome/116.0.1938.76 Safari/537.36"
52.167.144.206 - - [31/Mar/2026:12:15:16 +0000] "GET /products/detail/178316226 HTTP/1.1" 200 193555 "-" "Mozilla/5.0 AppleWebKit/537.36 (KHTML, like Gecko; compatible; bingbot/2.0; +http://www.bing.com/bingbot.htm) Chrome/116.0.1938.76 Safari/537.36"
52.167.144.206 - - [31/Mar/2026:12:15:17 +0000] "GET /products/detail/299074731 HTTP/1.1" 200 185514 "-" "Mozilla/5.0 AppleWebKit/537.36 (KHTML, like Gecko; compatible; bingbot/2.0; +http://www.bing.com/bingbot.htm) Chrome/116.0.1938.76 Safari/537.36"
52.167.144.206 - - [31/Mar/2026:12:15:18 +0000] "GET /products/detail/246957539 HTTP/1.1" 200 195711 "-" "Mozilla/5.0 AppleWebKit/537.36 (KHTML, like Gecko; compatible; bingbot/2.0; +http://www.bing.com/bingbot.htm) Chrome/116.0.1938.76 Safari/537.36"
52.167.144.206 - - [31/Mar/2026:12:15:18 +0000] "GET /products/detail/228978236 HTTP/1.1" 200 191149 "-" "Mozilla/5.0 AppleWebKit/537.36 (KHTML, like Gecko; compatible; bingbot/2.0; +http://www.bing.com/bingbot.htm) Chrome/116.0.1938.76 Safari/537.36"
52.167.144.206 - - [31/Mar/2026:12:15:19 +0000] "GET /products/detail/246051458 HTTP/1.1" 200 195035 "-" "Mozilla/5.0 AppleWebKit/537.36 (KHTML, like Gecko; compatible; bingbot/2.0; +http://www.bing.com/bingbot.htm) Chrome/116.0.1938.76 Safari/537.36"
52.167.144.147 - - [31/Mar/2026:12:15:22 +0000] "GET /top-australian-pokies-real-money-bonus/ HTTP/1.1" 200 191761 "-" "Mozilla/5.0 AppleWebKit/537.36 (KHTML, like Gecko; compatible; bingbot/2.0; +http://www.bing.com/bingbot.htm) Chrome/116.0.1938.76 Safari/537.36"
66.249.74.6 - - [31/Mar/2026:12:16:37 +0000] "GET /free-online-pokies-lightning-link/ HTTP/1.1" 200 187705 "-" "Mozilla/5.0 (Linux; Android 6.0.1; Nexus 5X Build/MMB29P) AppleWebKit/537.36 (KHTML, like Gecko) Chrome/146.0.7680.153 Mobile Safari/537.36 (compatible; Googlebot/2.1; +http://www.google.com/bot.html)"
20.15.133.175 - - [31/Mar/2026:12:17:43 +0000] "GET /products/detail/33005711 HTTP/1.1" 200 212751 "-" "Mozilla/5.0 AppleWebKit/537.36 (KHTML, like Gecko; compatible; bingbot/2.0; +http://www.bing.com/bingbot.htm) Chrome/116.0.1938.76 Safari/537.36"
185.220.101.5 - - [31/Mar/2026:12:17:47 +0000] "GET / HTTP/1.1" 403 4170 "-" "Mozilla/5.0 (Linux; Android 10; K) AppleWebKit/537.36 (KHTML, like Gecko) Chrome/144.0.0.0 Mobile Safari/537.36"
40.77.167.57 - - [31/Mar/2026:12:20:44 +0000] "GET /products/detail/204852488 HTTP/1.1" 200 212430 "-" "Mozilla/5.0 AppleWebKit/537.36 (KHTML, like Gecko; compatible; bingbot/2.0; +http://www.bing.com/bingbot.htm) Chrome/116.0.1938.76 Safari/537.36"
20.15.133.175 - - [31/Mar/2026:12:20:53 +0000] "GET /products/detail/148851458 HTTP/1.1" 200 192347 "-" "Mozilla/5.0 AppleWebKit/537.36 (KHTML, like Gecko; compatible; bingbot/2.0; +http://www.bing.com/bingbot.htm) Chrome/116.0.1938.76 Safari/537.36"
66.249.74.11 - - [31/Mar/2026:12:21:52 +0000] "GET /?p=17572 HTTP/1.1" 200 191378 "-" "Mozilla/5.0 (Linux; Android 6.0.1; Nexus 5X Build/MMB29P) AppleWebKit/537.36 (KHTML, like Gecko) Chrome/146.0.7680.153 Mobile Safari/537.36 (compatible; Googlebot/2.1; +http://www.google.com/bot.html)"
52.167.144.206 - - [31/Mar/2026:12:23:15 +0000] "GET /products/detail/266414175 HTTP/1.1" 200 191835 "-" "Mozilla/5.0 AppleWebKit/537.36 (KHTML, like Gecko; compatible; bingbot/2.0; +http://www.bing.com/bingbot.htm) Chrome/116.0.1938.76 Safari/537.36"
20.15.133.175 - - [31/Mar/2026:12:23:34 +0000] "GET /products/detail/266047327 HTTP/1.1" 200 188932 "-" "Mozilla/5.0 AppleWebKit/537.36 (KHTML, like Gecko; compatible; bingbot/2.0; +http://www.bing.com/bingbot.htm) Chrome/116.0.1938.76 Safari/537.36"
40.77.167.57 - - [31/Mar/2026:12:25:15 +0000] "GET /products/detail/249194933 HTTP/1.1" 200 194804 "-" "Mozilla/5.0 AppleWebKit/537.36 (KHTML, like Gecko; compatible; bingbot/2.0; +http://www.bing.com/bingbot.htm) Chrome/116.0.1938.76 Safari/537.36"
20.15.133.162 - - [31/Mar/2026:12:25:23 +0000] "GET /products/detail/181894387 HTTP/1.1" 200 188030 "-" "Mozilla/5.0 AppleWebKit/537.36 (KHTML, like Gecko; compatible; bingbot/2.0; +http://www.bing.com/bingbot.htm) Chrome/116.0.1938.76 Safari/537.36"
40.77.167.57 - - [31/Mar/2026:12:25:25 +0000] "GET /products/detail/211624983 HTTP/1.1" 200 188991 "-" "Mozilla/5.0 AppleWebKit/537.36 (KHTML, like Gecko; compatible; bingbot/2.0; +http://www.bing.com/bingbot.htm) Chrome/116.0.1938.76 Safari/537.36"
20.15.133.162 - - [31/Mar/2026:12:25:34 +0000] "GET /products/detail/307160004 HTTP/1.1" 200 189541 "-" "Mozilla/5.0 AppleWebKit/537.36 (KHTML, like Gecko; compatible; bingbot/2.0; +http://www.bing.com/bingbot.htm) Chrome/116.0.1938.76 Safari/537.36"
40.77.178.6 - - [31/Mar/2026:12:25:48 +0000] "GET /products/detail/204852488 HTTP/1.1" 200 212430 "-" "Mozilla/5.0 AppleWebKit/537.36 (KHTML, like Gecko; compatible; bingbot/2.0; +http://www.bing.com/bingbot.htm) Chrome/100.0.4896.127 Safari/537.36"
66.249.74.10 - - [31/Mar/2026:12:26:00 +0000] "GET /live-pokies-mobile-deposit/ HTTP/1.1" 200 199821 "-" "Mozilla/5.0 (Linux; Android 6.0.1; Nexus 5X Build/MMB29P) AppleWebKit/537.36 (KHTML, like Gecko) Chrome/146.0.7680.153 Mobile Safari/537.36 (compatible; Googlebot/2.1; +http://www.google.com/bot.html)"
52.167.144.210 - - [31/Mar/2026:12:26:05 +0000] "GET /products/detail/252344145 HTTP/1.1" 200 186313 "-" "Mozilla/5.0 AppleWebKit/537.36 (KHTML, like Gecko; compatible; bingbot/2.0; +http://www.bing.com/bingbot.htm) Chrome/116.0.1938.76 Safari/537.36"
20.15.133.162 - - [31/Mar/2026:12:26:13 +0000] "GET /products/detail/14027963 HTTP/1.1" 200 186653 "-" "Mozilla/5.0 AppleWebKit/537.36 (KHTML, like Gecko; compatible; bingbot/2.0; +http://www.bing.com/bingbot.htm) Chrome/116.0.1938.76 Safari/537.36"
20.15.133.162 - - [31/Mar/2026:12:26:33 +0000] "GET /products/detail/164789903 HTTP/1.1" 200 190128 "-" "Mozilla/5.0 AppleWebKit/537.36 (KHTML, like Gecko; compatible; bingbot/2.0; +http://www.bing.com/bingbot.htm) Chrome/116.0.1938.76 Safari/537.36"
45.79.238.235 - - [31/Mar/2026:12:27:04 +0000] "POST /wp-cron.php?doing_wp_cron=1774960024.0247020721435546875000 HTTP/1.1" 200 - "-" "WordPress/6.7.5; http://airless.co.nz"
20.15.133.162 - - [31/Mar/2026:12:27:04 +0000] "GET /products/detail/213747206 HTTP/1.1" 200 189532 "-" "Mozilla/5.0 AppleWebKit/537.36 (KHTML, like Gecko; compatible; bingbot/2.0; +http://www.bing.com/bingbot.htm) Chrome/116.0.1938.76 Safari/537.36"
34.48.164.141 - - [31/Mar/2026:12:27:00 +0000] "GET / HTTP/1.1" 200 292894 "-" "Mozilla/5.0 (Windows NT 10.0; Win64; x64) AppleWebKit/537.36 (KHTML, like Gecko) Chrome/78.0.3904.108 Safari/537.36"
34.48.164.141 - - [31/Mar/2026:12:27:06 +0000] "GET /?author=1 HTTP/1.1" 404 65816 "-" "Mozilla/5.0 (Windows NT 10.0; Win64; x64) AppleWebKit/537.36 (KHTML, like Gecko) Chrome/78.0.3904.108 Safari/537.36"
34.48.164.141 - - [31/Mar/2026:12:27:08 +0000] "GET /?author=2 HTTP/1.1" 404 65816 "-" "Mozilla/5.0 (Windows NT 10.0; Win64; x64) AppleWebKit/537.36 (KHTML, like Gecko) Chrome/78.0.3904.108 Safari/537.36"
20.15.133.162 - - [31/Mar/2026:12:27:34 +0000] "GET /products/detail/272956620 HTTP/1.1" 200 188426 "-" "Mozilla/5.0 AppleWebKit/537.36 (KHTML, like Gecko; compatible; bingbot/2.0; +http://www.bing.com/bingbot.htm) Chrome/116.0.1938.76 Safari/537.36"
20.15.133.162 - - [31/Mar/2026:12:27:54 +0000] "GET /products/detail/237023882 HTTP/1.1" 200 192041 "-" "Mozilla/5.0 AppleWebKit/537.36 (KHTML, like Gecko; compatible; bingbot/2.0; +http://www.bing.com/bingbot.htm) Chrome/116.0.1938.76 Safari/537.36"
20.15.133.162 - - [31/Mar/2026:12:28:24 +0000] "GET /products/detail/142589933 HTTP/1.1" 200 200674 "-" "Mozilla/5.0 AppleWebKit/537.36 (KHTML, like Gecko; compatible; bingbot/2.0; +http://www.bing.com/bingbot.htm) Chrome/116.0.1938.76 Safari/537.36"
52.167.144.210 - - [31/Mar/2026:12:28:34 +0000] "GET /products/detail/217632610 HTTP/1.1" 200 190700 "-" "Mozilla/5.0 AppleWebKit/537.36 (KHTML, like Gecko; compatible; bingbot/2.0; +http://www.bing.com/bingbot.htm) Chrome/116.0.1938.76 Safari/537.36"
66.249.74.11 - - [31/Mar/2026:12:28:52 +0000] "GET /?p=17288 HTTP/1.1" 200 202732 "-" "Mozilla/5.0 (Linux; Android 6.0.1; Nexus 5X Build/MMB29P) AppleWebKit/537.36 (KHTML, like Gecko) Chrome/146.0.7680.153 Mobile Safari/537.36 (compatible; Googlebot/2.1; +http://www.google.com/bot.html)"
20.15.133.162 - - [31/Mar/2026:12:29:24 +0000] "GET /products/detail/304405327 HTTP/1.1" 200 184332 "-" "Mozilla/5.0 AppleWebKit/537.36 (KHTML, like Gecko; compatible; bingbot/2.0; +http://www.bing.com/bingbot.htm) Chrome/116.0.1938.76 Safari/537.36"
20.15.133.162 - - [31/Mar/2026:12:30:04 +0000] "GET /products/detail/16436256 HTTP/1.1" 200 186607 "-" "Mozilla/5.0 AppleWebKit/537.36 (KHTML, like Gecko; compatible; bingbot/2.0; +http://www.bing.com/bingbot.htm) Chrome/116.0.1938.76 Safari/537.36"
20.15.133.162 - - [31/Mar/2026:12:30:07 +0000] "GET /products/detail/300343165 HTTP/1.1" 200 186629 "-" "Mozilla/5.0 AppleWebKit/537.36 (KHTML, like Gecko; compatible; bingbot/2.0; +http://www.bing.com/bingbot.htm) Chrome/116.0.1938.76 Safari/537.36"
20.15.133.162 - - [31/Mar/2026:12:30:44 +0000] "GET /products/detail/186094024 HTTP/1.1" 200 193082 "-" "Mozilla/5.0 AppleWebKit/537.36 (KHTML, like Gecko; compatible; bingbot/2.0; +http://www.bing.com/bingbot.htm) Chrome/116.0.1938.76 Safari/537.36"
20.15.133.162 - - [31/Mar/2026:12:31:04 +0000] "GET /products/detail/32377387 HTTP/1.1" 200 183531 "-" "Mozilla/5.0 AppleWebKit/537.36 (KHTML, like Gecko; compatible; bingbot/2.0; +http://www.bing.com/bingbot.htm) Chrome/116.0.1938.76 Safari/537.36"
45.79.238.235 - - [31/Mar/2026:12:31:49 +0000] "POST /wp-cron.php?doing_wp_cron=1774960308.9855020046234130859375 HTTP/1.1" 200 - "-" "WordPress/6.7.5; http://airless.co.nz"
2400:9800:2bb:c12b:aca:d5b9:97e9:8b12 - - [31/Mar/2026:12:31:47 +0000] "GET /designs/34862451/canvas/59/product_images HTTP/1.1" 404 90039 "https://airless.co.nz/about/" "Mozilla/5.0 (Linux; Android 10; K) AppleWebKit/537.36 (KHTML, like Gecko) Chrome/119.0.0.0 Mobile Safari/537.36"
66.249.74.11 - - [31/Mar/2026:12:32:14 +0000] "GET /?p=14378 HTTP/1.1" 200 187041 "-" "Mozilla/5.0 (Linux; Android 6.0.1; Nexus 5X Build/MMB29P) AppleWebKit/537.36 (KHTML, like Gecko) Chrome/146.0.7680.153 Mobile Safari/537.36 (compatible; Googlebot/2.1; +http://www.google.com/bot.html)"
20.15.133.162 - - [31/Mar/2026:12:32:44 +0000] "GET /products/detail/163626751 HTTP/1.1" 200 199693 "-" "Mozilla/5.0 AppleWebKit/537.36 (KHTML, like Gecko; compatible; bingbot/2.0; +http://www.bing.com/bingbot.htm) Chrome/116.0.1938.76 Safari/537.36"
20.15.133.162 - - [31/Mar/2026:12:32:47 +0000] "GET /products/detail/188041165 HTTP/1.1" 200 193080 "-" "Mozilla/5.0 AppleWebKit/537.36 (KHTML, like Gecko; compatible; bingbot/2.0; +http://www.bing.com/bingbot.htm) Chrome/116.0.1938.76 Safari/537.36"
20.15.133.162 - - [31/Mar/2026:12:33:04 +0000] "GET /products/detail/303669670 HTTP/1.1" 200 199084 "-" "Mozilla/5.0 AppleWebKit/537.36 (KHTML, like Gecko; compatible; bingbot/2.0; +http://www.bing.com/bingbot.htm) Chrome/116.0.1938.76 Safari/537.36"
20.15.133.162 - - [31/Mar/2026:12:34:44 +0000] "GET /products/detail/135983034 HTTP/1.1" 200 196167 "-" "Mozilla/5.0 AppleWebKit/537.36 (KHTML, like Gecko; compatible; bingbot/2.0; +http://www.bing.com/bingbot.htm) Chrome/116.0.1938.76 Safari/537.36"
20.15.133.162 - - [31/Mar/2026:12:34:46 +0000] "GET /products/detail/278217014 HTTP/1.1" 200 186747 "-" "Mozilla/5.0 AppleWebKit/537.36 (KHTML, like Gecko; compatible; bingbot/2.0; +http://www.bing.com/bingbot.htm) Chrome/116.0.1938.76 Safari/537.36"
20.15.133.162 - - [31/Mar/2026:12:35:24 +0000] "GET /products/detail/225420074 HTTP/1.1" 200 205353 "-" "Mozilla/5.0 AppleWebKit/537.36 (KHTML, like Gecko; compatible; bingbot/2.0; +http://www.bing.com/bingbot.htm) Chrome/116.0.1938.76 Safari/537.36"
20.15.133.162 - - [31/Mar/2026:12:35:26 +0000] "GET /products/detail/197811458 HTTP/1.1" 200 194590 "-" "Mozilla/5.0 AppleWebKit/537.36 (KHTML, like Gecko; compatible; bingbot/2.0; +http://www.bing.com/bingbot.htm) Chrome/116.0.1938.76 Safari/537.36"
66.249.74.10 - - [31/Mar/2026:12:35:53 +0000] "GET /?p=10876 HTTP/1.1" 200 192852 "-" "Mozilla/5.0 (Linux; Android 6.0.1; Nexus 5X Build/MMB29P) AppleWebKit/537.36 (KHTML, like Gecko) Chrome/146.0.7680.153 Mobile Safari/537.36 (compatible; Googlebot/2.1; +http://www.google.com/bot.html)"
40.77.167.43 - - [31/Mar/2026:12:36:34 +0000] "GET /products/detail/260646539 HTTP/1.1" 200 197829 "-" "Mozilla/5.0 AppleWebKit/537.36 (KHTML, like Gecko; compatible; bingbot/2.0; +http://www.bing.com/bingbot.htm) Chrome/116.0.1938.76 Safari/537.36"
20.15.133.162 - - [31/Mar/2026:12:36:35 +0000] "GET /products/detail/295006731 HTTP/1.1" 200 196966 "-" "Mozilla/5.0 AppleWebKit/537.36 (KHTML, like Gecko; compatible; bingbot/2.0; +http://www.bing.com/bingbot.htm) Chrome/116.0.1938.76 Safari/537.36"
20.15.133.162 - - [31/Mar/2026:12:36:37 +0000] "GET /products/detail/277273135 HTTP/1.1" 200 185302 "-" "Mozilla/5.0 AppleWebKit/537.36 (KHTML, like Gecko; compatible; bingbot/2.0; +http://www.bing.com/bingbot.htm) Chrome/116.0.1938.76 Safari/537.36"
20.15.133.162 - - [31/Mar/2026:12:37:04 +0000] "GET /products/detail/224975933 HTTP/1.1" 200 200228 "-" "Mozilla/5.0 AppleWebKit/537.36 (KHTML, like Gecko; compatible; bingbot/2.0; +http://www.bing.com/bingbot.htm) Chrome/116.0.1938.76 Safari/537.36"
114.122.39.31 - - [31/Mar/2026:12:37:22 +0000] "GET /about/ HTTP/1.1" 200 223180 "https://www.google.com/" "Mozilla/5.0 (Linux; Android 10; K) AppleWebKit/537.36 (KHTML, like Gecko) Chrome/146.0.0.0 Mobile Safari/537.36"
45.79.238.235 - - [31/Mar/2026:12:37:24 +0000] "POST /wp-cron.php?doing_wp_cron=1774960644.0537440776824951171875 HTTP/1.1" 200 - "-" "WordPress/6.7.5; http://airless.co.nz"
114.122.39.31 - - [31/Mar/2026:12:37:23 +0000] "GET /designs/34862451/canvas/59/product_images HTTP/1.1" 404 90039 "https://airless.co.nz/about/" "Mozilla/5.0 (Linux; Android 10; K) AppleWebKit/537.36 (KHTML, like Gecko) Chrome/146.0.0.0 Mobile Safari/537.36"
20.15.133.162 - - [31/Mar/2026:12:37:24 +0000] "GET /products/detail/40211226 HTTP/1.1" 200 194145 "-" "Mozilla/5.0 AppleWebKit/537.36 (KHTML, like Gecko; compatible; bingbot/2.0; +http://www.bing.com/bingbot.htm) Chrome/116.0.1938.76 Safari/537.36"
20.15.133.162 - - [31/Mar/2026:12:38:24 +0000] "GET /products/detail/210954509 HTTP/1.1" 200 192182 "-" "Mozilla/5.0 AppleWebKit/537.36 (KHTML, like Gecko; compatible; bingbot/2.0; +http://www.bing.com/bingbot.htm) Chrome/116.0.1938.76 Safari/537.36"
66.249.74.9 - - [31/Mar/2026:12:38:29 +0000] "GET /?p=8719 HTTP/1.1" 200 183971 "-" "Mozilla/5.0 (Linux; Android 6.0.1; Nexus 5X Build/MMB29P) AppleWebKit/537.36 (KHTML, like Gecko) Chrome/146.0.7680.153 Mobile Safari/537.36 (compatible; Googlebot/2.1; +http://www.google.com/bot.html)"
20.15.133.162 - - [31/Mar/2026:12:39:15 +0000] "GET /products/detail/211403256 HTTP/1.1" 200 210705 "-" "Mozilla/5.0 AppleWebKit/537.36 (KHTML, like Gecko; compatible; bingbot/2.0; +http://www.bing.com/bingbot.htm) Chrome/116.0.1938.76 Safari/537.36"
20.15.133.162 - - [31/Mar/2026:12:39:17 +0000] "GET /products/detail/241268529 HTTP/1.1" 200 189821 "-" "Mozilla/5.0 AppleWebKit/537.36 (KHTML, like Gecko; compatible; bingbot/2.0; +http://www.bing.com/bingbot.htm) Chrome/116.0.1938.76 Safari/537.36"
20.15.133.162 - - [31/Mar/2026:12:39:55 +0000] "GET /products/detail/267812337 HTTP/1.1" 200 204396 "-" "Mozilla/5.0 AppleWebKit/537.36 (KHTML, like Gecko; compatible; bingbot/2.0; +http://www.bing.com/bingbot.htm) Chrome/116.0.1938.76 Safari/537.36"
20.15.133.162 - - [31/Mar/2026:12:40:05 +0000] "GET /products/detail/273522610 HTTP/1.1" 200 186844 "-" "Mozilla/5.0 AppleWebKit/537.36 (KHTML, like Gecko; compatible; bingbot/2.0; +http://www.bing.com/bingbot.htm) Chrome/116.0.1938.76 Safari/537.36"
45.79.238.235 - - [31/Mar/2026:12:41:35 +0000] "POST /wp-cron.php?doing_wp_cron=1774960895.6471750736236572265625 HTTP/1.1" 200 - "-" "WordPress/6.7.5; http://airless.co.nz"
4.181.54.4 - - [31/Mar/2026:12:41:34 +0000] "GET /products/detail/174813973 HTTP/1.1" 404 90041 "-" "Mozilla/5.0 (Windows NT 10.0; Win64; x64) AppleWebKit/537.36 (KHTML, like Gecko) Chrome/131.0.0.0 Safari/537.36 Edg/131.0.0.0"
40.77.167.16 - - [31/Mar/2026:12:42:14 +0000] "GET /products/detail/222948236 HTTP/1.1" 200 219439 "-" "Mozilla/5.0 AppleWebKit/537.36 (KHTML, like Gecko; compatible; bingbot/2.0; +http://www.bing.com/bingbot.htm) Chrome/116.0.1938.76 Safari/537.36"
40.77.167.16 - - [31/Mar/2026:12:42:15 +0000] "GET /products/detail/167480771 HTTP/1.1" 200 192088 "-" "Mozilla/5.0 AppleWebKit/537.36 (KHTML, like Gecko; compatible; bingbot/2.0; +http://www.bing.com/bingbot.htm) Chrome/116.0.1938.76 Safari/537.36"
40.77.167.16 - - [31/Mar/2026:12:42:16 +0000] "GET /products/detail/259818317 HTTP/1.1" 200 184881 "-" "Mozilla/5.0 AppleWebKit/537.36 (KHTML, like Gecko; compatible; bingbot/2.0; +http://www.bing.com/bingbot.htm) Chrome/116.0.1938.76 Safari/537.36"
40.77.167.16 - - [31/Mar/2026:12:42:17 +0000] "GET /products/detail/295165812 HTTP/1.1" 200 189691 "-" "Mozilla/5.0 AppleWebKit/537.36 (KHTML, like Gecko; compatible; bingbot/2.0; +http://www.bing.com/bingbot.htm) Chrome/116.0.1938.76 Safari/537.36"
40.77.167.16 - - [31/Mar/2026:12:42:18 +0000] "GET /products/detail/252857933 HTTP/1.1" 200 198675 "-" "Mozilla/5.0 AppleWebKit/537.36 (KHTML, like Gecko; compatible; bingbot/2.0; +http://www.bing.com/bingbot.htm) Chrome/116.0.1938.76 Safari/537.36"
52.167.144.145 - - [31/Mar/2026:12:42:23 +0000] "GET /products/detail/294239589 HTTP/1.1" 200 187095 "-" "Mozilla/5.0 AppleWebKit/537.36 (KHTML, like Gecko; compatible; bingbot/2.0; +http://www.bing.com/bingbot.htm) Chrome/116.0.1938.76 Safari/537.36"
52.167.144.145 - - [31/Mar/2026:12:42:24 +0000] "GET /products/detail/18875478 HTTP/1.1" 200 194539 "-" "Mozilla/5.0 AppleWebKit/537.36 (KHTML, like Gecko; compatible; bingbot/2.0; +http://www.bing.com/bingbot.htm) Chrome/116.0.1938.76 Safari/537.36"
52.167.144.145 - - [31/Mar/2026:12:42:25 +0000] "GET /products/detail/235690872 HTTP/1.1" 200 199650 "-" "Mozilla/5.0 AppleWebKit/537.36 (KHTML, like Gecko; compatible; bingbot/2.0; +http://www.bing.com/bingbot.htm) Chrome/116.0.1938.76 Safari/537.36"
52.167.144.145 - - [31/Mar/2026:12:42:26 +0000] "GET /products/detail/299483660 HTTP/1.1" 200 198782 "-" "Mozilla/5.0 AppleWebKit/537.36 (KHTML, like Gecko; compatible; bingbot/2.0; +http://www.bing.com/bingbot.htm) Chrome/116.0.1938.76 Safari/537.36"
52.167.144.145 - - [31/Mar/2026:12:42:27 +0000] "GET /products/detail/19853903 HTTP/1.1" 200 184961 "-" "Mozilla/5.0 AppleWebKit/537.36 (KHTML, like Gecko; compatible; bingbot/2.0; +http://www.bing.com/bingbot.htm) Chrome/116.0.1938.76 Safari/537.36"
52.167.144.145 - - [31/Mar/2026:12:42:28 +0000] "GET /products/detail/231951044 HTTP/1.1" 200 188873 "-" "Mozilla/5.0 AppleWebKit/537.36 (KHTML, like Gecko; compatible; bingbot/2.0; +http://www.bing.com/bingbot.htm) Chrome/116.0.1938.76 Safari/537.36"
52.167.144.145 - - [31/Mar/2026:12:42:29 +0000] "GET /products/detail/17739781 HTTP/1.1" 200 193666 "-" "Mozilla/5.0 AppleWebKit/537.36 (KHTML, like Gecko; compatible; bingbot/2.0; +http://www.bing.com/bingbot.htm) Chrome/116.0.1938.76 Safari/537.36"
52.167.144.145 - - [31/Mar/2026:12:42:30 +0000] "GET /products/detail/25118660 HTTP/1.1" 200 190527 "-" "Mozilla/5.0 AppleWebKit/537.36 (KHTML, like Gecko; compatible; bingbot/2.0; +http://www.bing.com/bingbot.htm) Chrome/116.0.1938.76 Safari/537.36"
52.167.144.145 - - [31/Mar/2026:12:42:30 +0000] "GET /products/detail/271285438 HTTP/1.1" 200 201262 "-" "Mozilla/5.0 AppleWebKit/537.36 (KHTML, like Gecko; compatible; bingbot/2.0; +http://www.bing.com/bingbot.htm) Chrome/116.0.1938.76 Safari/537.36"
45.79.238.235 - - [31/Mar/2026:12:42:31 +0000] "POST /wp-cron.php?doing_wp_cron=1774960951.3436419963836669921875 HTTP/1.1" 200 - "-" "WordPress/6.7.5; http://airless.co.nz"
187.190.25.29 - - [31/Mar/2026:12:42:30 +0000] "GET /electronic-pokies-pay-by-phone/ HTTP/1.1" 200 248460 "-" "Mozilla/5.0 (Linux; Android 9; ASUS_I005DA Build/PI; wv) AppleWebKit/537.36 (KHTML, like Gecko) Version/4.0 Chrome/133.0.6943.122 Mobile"
52.167.144.145 - - [31/Mar/2026:12:42:31 +0000] "GET /products/detail/217085963 HTTP/1.1" 200 191469 "-" "Mozilla/5.0 AppleWebKit/537.36 (KHTML, like Gecko; compatible; bingbot/2.0; +http://www.bing.com/bingbot.htm) Chrome/116.0.1938.76 Safari/537.36"
52.167.144.145 - - [31/Mar/2026:12:42:32 +0000] "GET /products/detail/298892589 HTTP/1.1" 200 189847 "-" "Mozilla/5.0 AppleWebKit/537.36 (KHTML, like Gecko; compatible; bingbot/2.0; +http://www.bing.com/bingbot.htm) Chrome/116.0.1938.76 Safari/537.36"
52.167.144.145 - - [31/Mar/2026:12:42:33 +0000] "GET /products/detail/315198125 HTTP/1.1" 200 185586 "-" "Mozilla/5.0 AppleWebKit/537.36 (KHTML, like Gecko; compatible; bingbot/2.0; +http://www.bing.com/bingbot.htm) Chrome/116.0.1938.76 Safari/537.36"
52.167.144.145 - - [31/Mar/2026:12:42:34 +0000] "GET /products/detail/288675569 HTTP/1.1" 200 200712 "-" "Mozilla/5.0 AppleWebKit/537.36 (KHTML, like Gecko; compatible; bingbot/2.0; +http://www.bing.com/bingbot.htm) Chrome/116.0.1938.76 Safari/537.36"
52.167.144.145 - - [31/Mar/2026:12:42:34 +0000] "GET /products/detail/289562175 HTTP/1.1" 200 199812 "-" "Mozilla/5.0 AppleWebKit/537.36 (KHTML, like Gecko; compatible; bingbot/2.0; +http://www.bing.com/bingbot.htm) Chrome/116.0.1938.76 Safari/537.36"
52.167.144.145 - - [31/Mar/2026:12:42:35 +0000] "GET /products/detail/298063357 HTTP/1.1" 200 189538 "-" "Mozilla/5.0 AppleWebKit/537.36 (KHTML, like Gecko; compatible; bingbot/2.0; +http://www.bing.com/bingbot.htm) Chrome/116.0.1938.76 Safari/537.36"
52.167.144.145 - - [31/Mar/2026:12:42:36 +0000] "GET /products/detail/289985286 HTTP/1.1" 200 195488 "-" "Mozilla/5.0 AppleWebKit/537.36 (KHTML, like Gecko; compatible; bingbot/2.0; +http://www.bing.com/bingbot.htm) Chrome/116.0.1938.76 Safari/537.36"
52.167.144.145 - - [31/Mar/2026:12:42:37 +0000] "GET /products/detail/292263074 HTTP/1.1" 200 197145 "-" "Mozilla/5.0 AppleWebKit/537.36 (KHTML, like Gecko; compatible; bingbot/2.0; +http://www.bing.com/bingbot.htm) Chrome/116.0.1938.76 Safari/537.36"
52.167.144.145 - - [31/Mar/2026:12:42:38 +0000] "GET /products/detail/275451428 HTTP/1.1" 200 201575 "-" "Mozilla/5.0 AppleWebKit/537.36 (KHTML, like Gecko; compatible; bingbot/2.0; +http://www.bing.com/bingbot.htm) Chrome/116.0.1938.76 Safari/537.36"
52.167.144.145 - - [31/Mar/2026:12:42:39 +0000] "GET /products/detail/217868529 HTTP/1.1" 200 196040 "-" "Mozilla/5.0 AppleWebKit/537.36 (KHTML, like Gecko; compatible; bingbot/2.0; +http://www.bing.com/bingbot.htm) Chrome/116.0.1938.76 Safari/537.36"
52.167.144.145 - - [31/Mar/2026:12:42:40 +0000] "GET /products/detail/312467741 HTTP/1.1" 200 202525 "-" "Mozilla/5.0 AppleWebKit/537.36 (KHTML, like Gecko; compatible; bingbot/2.0; +http://www.bing.com/bingbot.htm) Chrome/116.0.1938.76 Safari/537.36"
52.167.144.145 - - [31/Mar/2026:12:42:40 +0000] "GET /products/detail/260884923 HTTP/1.1" 200 197342 "-" "Mozilla/5.0 AppleWebKit/537.36 (KHTML, like Gecko; compatible; bingbot/2.0; +http://www.bing.com/bingbot.htm) Chrome/116.0.1938.76 Safari/537.36"
52.167.144.145 - - [31/Mar/2026:12:42:41 +0000] "GET /products/detail/34840812 HTTP/1.1" 200 190538 "-" "Mozilla/5.0 AppleWebKit/537.36 (KHTML, like Gecko; compatible; bingbot/2.0; +http://www.bing.com/bingbot.htm) Chrome/116.0.1938.76 Safari/537.36"
52.167.144.145 - - [31/Mar/2026:12:42:42 +0000] "GET /products/detail/19352367 HTTP/1.1" 200 190482 "-" "Mozilla/5.0 AppleWebKit/537.36 (KHTML, like Gecko; compatible; bingbot/2.0; +http://www.bing.com/bingbot.htm) Chrome/116.0.1938.76 Safari/537.36"
52.167.144.145 - - [31/Mar/2026:12:42:46 +0000] "GET /products/detail/171250327 HTTP/1.1" 200 187998 "-" "Mozilla/5.0 AppleWebKit/537.36 (KHTML, like Gecko; compatible; bingbot/2.0; +http://www.bing.com/bingbot.htm) Chrome/116.0.1938.76 Safari/537.36"
52.167.144.145 - - [31/Mar/2026:12:42:47 +0000] "GET /products/detail/264772357 HTTP/1.1" 200 192366 "-" "Mozilla/5.0 AppleWebKit/537.36 (KHTML, like Gecko; compatible; bingbot/2.0; +http://www.bing.com/bingbot.htm) Chrome/116.0.1938.76 Safari/537.36"
52.167.144.145 - - [31/Mar/2026:12:42:47 +0000] "GET /products/detail/257890953 HTTP/1.1" 200 186387 "-" "Mozilla/5.0 AppleWebKit/537.36 (KHTML, like Gecko; compatible; bingbot/2.0; +http://www.bing.com/bingbot.htm) Chrome/116.0.1938.76 Safari/537.36"
52.167.144.145 - - [31/Mar/2026:12:42:48 +0000] "GET /products/detail/25261983 HTTP/1.1" 200 185286 "-" "Mozilla/5.0 AppleWebKit/537.36 (KHTML, like Gecko; compatible; bingbot/2.0; +http://www.bing.com/bingbot.htm) Chrome/116.0.1938.76 Safari/537.36"
52.167.144.145 - - [31/Mar/2026:12:42:49 +0000] "GET /products/detail/16725377 HTTP/1.1" 200 184697 "-" "Mozilla/5.0 AppleWebKit/537.36 (KHTML, like Gecko; compatible; bingbot/2.0; +http://www.bing.com/bingbot.htm) Chrome/116.0.1938.76 Safari/537.36"
52.167.144.145 - - [31/Mar/2026:12:42:50 +0000] "GET /products/detail/253144024 HTTP/1.1" 200 195355 "-" "Mozilla/5.0 AppleWebKit/537.36 (KHTML, like Gecko; compatible; bingbot/2.0; +http://www.bing.com/bingbot.htm) Chrome/116.0.1938.76 Safari/537.36"
52.167.144.145 - - [31/Mar/2026:12:42:51 +0000] "GET /products/detail/291504488 HTTP/1.1" 200 190806 "-" "Mozilla/5.0 AppleWebKit/537.36 (KHTML, like Gecko; compatible; bingbot/2.0; +http://www.bing.com/bingbot.htm) Chrome/116.0.1938.76 Safari/537.36"
52.167.144.145 - - [31/Mar/2026:12:42:52 +0000] "GET /products/detail/174258014 HTTP/1.1" 200 187061 "-" "Mozilla/5.0 AppleWebKit/537.36 (KHTML, like Gecko; compatible; bingbot/2.0; +http://www.bing.com/bingbot.htm) Chrome/116.0.1938.76 Safari/537.36"
52.167.144.145 - - [31/Mar/2026:12:42:52 +0000] "GET /products/detail/292934034 HTTP/1.1" 200 184614 "-" "Mozilla/5.0 AppleWebKit/537.36 (KHTML, like Gecko; compatible; bingbot/2.0; +http://www.bing.com/bingbot.htm) Chrome/116.0.1938.76 Safari/537.36"
52.167.144.145 - - [31/Mar/2026:12:42:53 +0000] "GET /products/detail/294029226 HTTP/1.1" 200 202655 "-" "Mozilla/5.0 AppleWebKit/537.36 (KHTML, like Gecko; compatible; bingbot/2.0; +http://www.bing.com/bingbot.htm) Chrome/116.0.1938.76 Safari/537.36"
66.249.74.9 - - [31/Mar/2026:12:42:54 +0000] "GET /most-popular-best-australian-pokies/ HTTP/1.1" 200 192822 "-" "Mozilla/5.0 (Linux; Android 6.0.1; Nexus 5X Build/MMB29P) AppleWebKit/537.36 (KHTML, like Gecko) Chrome/146.0.7680.153 Mobile Safari/537.36 (compatible; Googlebot/2.1; +http://www.google.com/bot.html)"
52.167.144.145 - - [31/Mar/2026:12:42:54 +0000] "GET /products/detail/187983236 HTTP/1.1" 200 196289 "-" "Mozilla/5.0 AppleWebKit/537.36 (KHTML, like Gecko; compatible; bingbot/2.0; +http://www.bing.com/bingbot.htm) Chrome/116.0.1938.76 Safari/537.36"
66.249.74.12 - - [31/Mar/2026:12:42:54 +0000] "GET /products/detail/122794761 HTTP/1.1" 200 211385 "-" "Mozilla/5.0 (Linux; Android 6.0.1; Nexus 5X Build/MMB29P) AppleWebKit/537.36 (KHTML, like Gecko) Chrome/146.0.7680.153 Mobile Safari/537.36 (compatible; Googlebot/2.1; +http://www.google.com/bot.html)"
52.167.144.145 - - [31/Mar/2026:12:42:55 +0000] "GET /products/detail/287187640 HTTP/1.1" 200 193522 "-" "Mozilla/5.0 AppleWebKit/537.36 (KHTML, like Gecko; compatible; bingbot/2.0; +http://www.bing.com/bingbot.htm) Chrome/116.0.1938.76 Safari/537.36"
52.167.144.145 - - [31/Mar/2026:12:42:56 +0000] "GET /products/detail/235721711 HTTP/1.1" 200 207612 "-" "Mozilla/5.0 AppleWebKit/537.36 (KHTML, like Gecko; compatible; bingbot/2.0; +http://www.bing.com/bingbot.htm) Chrome/116.0.1938.76 Safari/537.36"
52.167.144.145 - - [31/Mar/2026:12:42:56 +0000] "GET /products/detail/211653670 HTTP/1.1" 200 189512 "-" "Mozilla/5.0 AppleWebKit/537.36 (KHTML, like Gecko; compatible; bingbot/2.0; +http://www.bing.com/bingbot.htm) Chrome/116.0.1938.76 Safari/537.36"
