20.15.133.191 - - [31/Mar/2026:16:17:16 +0000] "GET /products/detail/311503519 HTTP/1.1" 200 185078 "-" "Mozilla/5.0 AppleWebKit/537.36 (KHTML, like Gecko; compatible; bingbot/2.0; +http://www.bing.com/bingbot.htm) Chrome/116.0.1938.76 Safari/537.36"
52.167.144.149 - - [31/Mar/2026:16:18:04 +0000] "GET /products/detail/294123832 HTTP/1.1" 200 187414 "-" "Mozilla/5.0 AppleWebKit/537.36 (KHTML, like Gecko; compatible; bingbot/2.0; +http://www.bing.com/bingbot.htm) Chrome/116.0.1938.76 Safari/537.36"
52.167.144.149 - - [31/Mar/2026:16:18:44 +0000] "GET /products/detail/312888943 HTTP/1.1" 200 186091 "-" "Mozilla/5.0 AppleWebKit/537.36 (KHTML, like Gecko; compatible; bingbot/2.0; +http://www.bing.com/bingbot.htm) Chrome/116.0.1938.76 Safari/537.36"
52.167.144.175 - - [31/Mar/2026:16:19:00 +0000] "GET /?p=14268 HTTP/1.1" 200 190057 "-" "Mozilla/5.0 AppleWebKit/537.36 (KHTML, like Gecko; compatible; bingbot/2.0; +http://www.bing.com/bingbot.htm) Chrome/116.0.1938.76 Safari/537.36"
20.15.133.191 - - [31/Mar/2026:16:19:06 +0000] "GET /products/detail/210543428 HTTP/1.1" 200 192975 "-" "Mozilla/5.0 AppleWebKit/537.36 (KHTML, like Gecko; compatible; bingbot/2.0; +http://www.bing.com/bingbot.htm) Chrome/116.0.1938.76 Safari/537.36"
52.167.144.175 - - [31/Mar/2026:16:19:20 +0000] "GET /mobile-pokies-games-with-bonus/ HTTP/1.1" 200 191573 "-" "Mozilla/5.0 AppleWebKit/537.36 (KHTML, like Gecko; compatible; bingbot/2.0; +http://www.bing.com/bingbot.htm) Chrome/116.0.1938.76 Safari/537.36"
52.167.144.166 - - [31/Mar/2026:16:19:31 +0000] "GET /products/detail/143857812 HTTP/1.1" 200 203845 "-" "Mozilla/5.0 AppleWebKit/537.36 (KHTML, like Gecko; compatible; bingbot/2.0; +http://www.bing.com/bingbot.htm) Chrome/116.0.1938.76 Safari/537.36"
52.167.144.175 - - [31/Mar/2026:16:19:48 +0000] "GET /products/detail/230480660 HTTP/1.1" 200 202938 "-" "Mozilla/5.0 AppleWebKit/537.36 (KHTML, like Gecko; compatible; bingbot/2.0; +http://www.bing.com/bingbot.htm) Chrome/116.0.1938.76 Safari/537.36"
66.249.74.9 - - [31/Mar/2026:16:19:52 +0000] "GET /products/detail/120456236 HTTP/1.1" 200 192934 "-" "Mozilla/5.0 (Linux; Android 6.0.1; Nexus 5X Build/MMB29P) AppleWebKit/537.36 (KHTML, like Gecko) Chrome/146.0.7680.153 Mobile Safari/537.36 (compatible; Googlebot/2.1; +http://www.google.com/bot.html)"
40.77.167.18 - - [31/Mar/2026:16:20:24 +0000] "GET /products/detail/116471034 HTTP/1.1" 200 189977 "-" "Mozilla/5.0 AppleWebKit/537.36 (KHTML, like Gecko; compatible; bingbot/2.0; +http://www.bing.com/bingbot.htm) Chrome/116.0.1938.76 Safari/537.36"
45.79.238.235 - - [31/Mar/2026:16:20:49 +0000] "POST /wp-cron.php?doing_wp_cron=1774974048.9033520221710205078125 HTTP/1.1" 200 - "-" "WordPress/6.7.5; http://airless.co.nz"
43.173.182.163 - - [31/Mar/2026:16:20:47 +0000] "GET / HTTP/1.1" 200 292894 "-" "Mozilla/5.0 (Windows NT 10.0; Win64; x64) AppleWebKit/537.36 (KHTML, like Gecko) Chrome/111.0.0.0 Safari/537.36"
40.77.167.18 - - [31/Mar/2026:16:20:59 +0000] "GET /products/detail/263105882 HTTP/1.1" 200 197649 "-" "Mozilla/5.0 AppleWebKit/537.36 (KHTML, like Gecko; compatible; bingbot/2.0; +http://www.bing.com/bingbot.htm) Chrome/116.0.1938.76 Safari/537.36"
43.173.175.233 - - [31/Mar/2026:16:20:59 +0000] "GET /wp-content/uploads/siteground-optimizer-assets/chat-widget/chat-widget.esm.js?v=1774974057239 HTTP/1.1" 404 90041 "http://airless.co.nz/" "Mozilla/5.0 (Windows NT 10.0; Win64; x64) AppleWebKit/537.36 (KHTML, like Gecko) Chrome/111.0.0.0 Safari/537.36"
43.173.174.166 - - [31/Mar/2026:16:21:00 +0000] "POST /?wc-ajax=get_refreshed_fragments HTTP/1.1" 200 210 "http://airless.co.nz/" "Mozilla/5.0 (Windows NT 10.0; Win64; x64) AppleWebKit/537.36 (KHTML, like Gecko) Chrome/111.0.0.0 Safari/537.36"
40.77.167.18 - - [31/Mar/2026:16:21:14 +0000] "GET /products/detail/225479711 HTTP/1.1" 200 203405 "-" "Mozilla/5.0 AppleWebKit/537.36 (KHTML, like Gecko; compatible; bingbot/2.0; +http://www.bing.com/bingbot.htm) Chrome/116.0.1938.76 Safari/537.36"
52.167.144.166 - - [31/Mar/2026:16:21:21 +0000] "GET /products/detail/165464448 HTTP/1.1" 200 187772 "-" "Mozilla/5.0 AppleWebKit/537.36 (KHTML, like Gecko; compatible; bingbot/2.0; +http://www.bing.com/bingbot.htm) Chrome/116.0.1938.76 Safari/537.36"
52.167.144.166 - - [31/Mar/2026:16:21:23 +0000] "GET /products/detail/163185539 HTTP/1.1" 200 188975 "-" "Mozilla/5.0 AppleWebKit/537.36 (KHTML, like Gecko; compatible; bingbot/2.0; +http://www.bing.com/bingbot.htm) Chrome/116.0.1938.76 Safari/537.36"
52.167.144.166 - - [31/Mar/2026:16:21:24 +0000] "GET /products/detail/162254145 HTTP/1.1" 200 193813 "-" "Mozilla/5.0 AppleWebKit/537.36 (KHTML, like Gecko; compatible; bingbot/2.0; +http://www.bing.com/bingbot.htm) Chrome/116.0.1938.76 Safari/537.36"
52.167.144.175 - - [31/Mar/2026:16:21:25 +0000] "GET /products/detail/205601963 HTTP/1.1" 200 194741 "-" "Mozilla/5.0 AppleWebKit/537.36 (KHTML, like Gecko; compatible; bingbot/2.0; +http://www.bing.com/bingbot.htm) Chrome/116.0.1938.76 Safari/537.36"
40.77.167.18 - - [31/Mar/2026:16:21:25 +0000] "GET /products/detail/218574569 HTTP/1.1" 200 192826 "-" "Mozilla/5.0 AppleWebKit/537.36 (KHTML, like Gecko; compatible; bingbot/2.0; +http://www.bing.com/bingbot.htm) Chrome/116.0.1938.76 Safari/537.36"
40.77.167.18 - - [31/Mar/2026:16:21:26 +0000] "GET /products/detail/169341317 HTTP/1.1" 200 195548 "-" "Mozilla/5.0 AppleWebKit/537.36 (KHTML, like Gecko; compatible; bingbot/2.0; +http://www.bing.com/bingbot.htm) Chrome/116.0.1938.76 Safari/537.36"
40.77.167.18 - - [31/Mar/2026:16:21:27 +0000] "GET /products/detail/213419600 HTTP/1.1" 200 193547 "-" "Mozilla/5.0 AppleWebKit/537.36 (KHTML, like Gecko; compatible; bingbot/2.0; +http://www.bing.com/bingbot.htm) Chrome/116.0.1938.76 Safari/537.36"
40.77.167.18 - - [31/Mar/2026:16:21:28 +0000] "GET /products/detail/194564256 HTTP/1.1" 200 196903 "-" "Mozilla/5.0 AppleWebKit/537.36 (KHTML, like Gecko; compatible; bingbot/2.0; +http://www.bing.com/bingbot.htm) Chrome/116.0.1938.76 Safari/537.36"
40.77.167.18 - - [31/Mar/2026:16:21:29 +0000] "GET /products/detail/220256226 HTTP/1.1" 200 187068 "-" "Mozilla/5.0 AppleWebKit/537.36 (KHTML, like Gecko; compatible; bingbot/2.0; +http://www.bing.com/bingbot.htm) Chrome/116.0.1938.76 Safari/537.36"
40.77.167.18 - - [31/Mar/2026:16:21:34 +0000] "GET /products/detail/228536771 HTTP/1.1" 200 193854 "-" "Mozilla/5.0 AppleWebKit/537.36 (KHTML, like Gecko; compatible; bingbot/2.0; +http://www.bing.com/bingbot.htm) Chrome/116.0.1938.76 Safari/537.36"
52.167.144.175 - - [31/Mar/2026:16:21:39 +0000] "GET /products/detail/187508589 HTTP/1.1" 200 195187 "-" "Mozilla/5.0 AppleWebKit/537.36 (KHTML, like Gecko; compatible; bingbot/2.0; +http://www.bing.com/bingbot.htm) Chrome/116.0.1938.76 Safari/537.36"
52.167.144.175 - - [31/Mar/2026:16:21:39 +0000] "GET /products/detail/156998367 HTTP/1.1" 200 189690 "-" "Mozilla/5.0 AppleWebKit/537.36 (KHTML, like Gecko; compatible; bingbot/2.0; +http://www.bing.com/bingbot.htm) Chrome/116.0.1938.76 Safari/537.36"
52.167.144.175 - - [31/Mar/2026:16:21:40 +0000] "GET /products/detail/205144105 HTTP/1.1" 200 198608 "-" "Mozilla/5.0 AppleWebKit/537.36 (KHTML, like Gecko; compatible; bingbot/2.0; +http://www.bing.com/bingbot.htm) Chrome/116.0.1938.76 Safari/537.36"
52.167.144.175 - - [31/Mar/2026:16:21:41 +0000] "GET /products/detail/203708256 HTTP/1.1" 200 194389 "-" "Mozilla/5.0 AppleWebKit/537.36 (KHTML, like Gecko; compatible; bingbot/2.0; +http://www.bing.com/bingbot.htm) Chrome/116.0.1938.76 Safari/537.36"
52.167.144.175 - - [31/Mar/2026:16:21:42 +0000] "GET /products/detail/230878579 HTTP/1.1" 200 201824 "-" "Mozilla/5.0 AppleWebKit/537.36 (KHTML, like Gecko; compatible; bingbot/2.0; +http://www.bing.com/bingbot.htm) Chrome/116.0.1938.76 Safari/537.36"
40.77.167.18 - - [31/Mar/2026:16:21:44 +0000] "GET /products/detail/178868822 HTTP/1.1" 200 209023 "-" "Mozilla/5.0 AppleWebKit/537.36 (KHTML, like Gecko; compatible; bingbot/2.0; +http://www.bing.com/bingbot.htm) Chrome/116.0.1938.76 Safari/537.36"
40.77.167.18 - - [31/Mar/2026:16:21:45 +0000] "GET /products/detail/225795155 HTTP/1.1" 200 193214 "-" "Mozilla/5.0 AppleWebKit/537.36 (KHTML, like Gecko; compatible; bingbot/2.0; +http://www.bing.com/bingbot.htm) Chrome/116.0.1938.76 Safari/537.36"
40.77.167.18 - - [31/Mar/2026:16:21:46 +0000] "GET /products/detail/166827044 HTTP/1.1" 200 190874 "-" "Mozilla/5.0 AppleWebKit/537.36 (KHTML, like Gecko; compatible; bingbot/2.0; +http://www.bing.com/bingbot.htm) Chrome/116.0.1938.76 Safari/537.36"
40.77.167.18 - - [31/Mar/2026:16:21:46 +0000] "GET /products/detail/218246418 HTTP/1.1" 200 202871 "-" "Mozilla/5.0 AppleWebKit/537.36 (KHTML, like Gecko; compatible; bingbot/2.0; +http://www.bing.com/bingbot.htm) Chrome/116.0.1938.76 Safari/537.36"
52.167.144.175 - - [31/Mar/2026:16:21:49 +0000] "GET /products/detail/227494357 HTTP/1.1" 200 195156 "-" "Mozilla/5.0 AppleWebKit/537.36 (KHTML, like Gecko; compatible; bingbot/2.0; +http://www.bing.com/bingbot.htm) Chrome/116.0.1938.76 Safari/537.36"
52.167.144.175 - - [31/Mar/2026:16:21:49 +0000] "GET /products/detail/163674781 HTTP/1.1" 200 191754 "-" "Mozilla/5.0 AppleWebKit/537.36 (KHTML, like Gecko; compatible; bingbot/2.0; +http://www.bing.com/bingbot.htm) Chrome/116.0.1938.76 Safari/537.36"
52.167.144.175 - - [31/Mar/2026:16:21:50 +0000] "GET /products/detail/164856155 HTTP/1.1" 200 186588 "-" "Mozilla/5.0 AppleWebKit/537.36 (KHTML, like Gecko; compatible; bingbot/2.0; +http://www.bing.com/bingbot.htm) Chrome/116.0.1938.76 Safari/537.36"
52.167.144.175 - - [31/Mar/2026:16:21:51 +0000] "GET /products/detail/211826711 HTTP/1.1" 200 188677 "-" "Mozilla/5.0 AppleWebKit/537.36 (KHTML, like Gecko; compatible; bingbot/2.0; +http://www.bing.com/bingbot.htm) Chrome/116.0.1938.76 Safari/537.36"
52.167.144.175 - - [31/Mar/2026:16:21:52 +0000] "GET /products/detail/199529660 HTTP/1.1" 200 184574 "-" "Mozilla/5.0 AppleWebKit/537.36 (KHTML, like Gecko; compatible; bingbot/2.0; +http://www.bing.com/bingbot.htm) Chrome/116.0.1938.76 Safari/537.36"
52.167.144.166 - - [31/Mar/2026:16:21:55 +0000] "GET /products/detail/222280983 HTTP/1.1" 200 190314 "-" "Mozilla/5.0 AppleWebKit/537.36 (KHTML, like Gecko; compatible; bingbot/2.0; +http://www.bing.com/bingbot.htm) Chrome/116.0.1938.76 Safari/537.36"
52.167.144.166 - - [31/Mar/2026:16:21:55 +0000] "GET /products/detail/198576014 HTTP/1.1" 200 202900 "-" "Mozilla/5.0 AppleWebKit/537.36 (KHTML, like Gecko; compatible; bingbot/2.0; +http://www.bing.com/bingbot.htm) Chrome/116.0.1938.76 Safari/537.36"
52.167.144.166 - - [31/Mar/2026:16:21:56 +0000] "GET /products/detail/167605105 HTTP/1.1" 200 193413 "-" "Mozilla/5.0 AppleWebKit/537.36 (KHTML, like Gecko; compatible; bingbot/2.0; +http://www.bing.com/bingbot.htm) Chrome/116.0.1938.76 Safari/537.36"
52.167.144.166 - - [31/Mar/2026:16:21:57 +0000] "GET /products/detail/168572478 HTTP/1.1" 200 187459 "-" "Mozilla/5.0 AppleWebKit/537.36 (KHTML, like Gecko; compatible; bingbot/2.0; +http://www.bing.com/bingbot.htm) Chrome/116.0.1938.76 Safari/537.36"
52.167.144.166 - - [31/Mar/2026:16:21:57 +0000] "GET /products/detail/210118054 HTTP/1.1" 200 190384 "-" "Mozilla/5.0 AppleWebKit/537.36 (KHTML, like Gecko; compatible; bingbot/2.0; +http://www.bing.com/bingbot.htm) Chrome/116.0.1938.76 Safari/537.36"
52.167.144.166 - - [31/Mar/2026:16:21:58 +0000] "GET /products/detail/196576084 HTTP/1.1" 200 189445 "-" "Mozilla/5.0 AppleWebKit/537.36 (KHTML, like Gecko; compatible; bingbot/2.0; +http://www.bing.com/bingbot.htm) Chrome/116.0.1938.76 Safari/537.36"
40.77.167.18 - - [31/Mar/2026:16:22:00 +0000] "GET /products/detail/258525913 HTTP/1.1" 200 184419 "-" "Mozilla/5.0 AppleWebKit/537.36 (KHTML, like Gecko; compatible; bingbot/2.0; +http://www.bing.com/bingbot.htm) Chrome/116.0.1938.76 Safari/537.36"
45.79.238.235 - - [31/Mar/2026:16:22:00 +0000] "POST /wp-cron.php?doing_wp_cron=1774974120.8589038848876953125000 HTTP/1.1" 200 - "-" "WordPress/6.7.5; http://airless.co.nz"
40.77.167.18 - - [31/Mar/2026:16:22:00 +0000] "GET /products/detail/166777650 HTTP/1.1" 200 190055 "-" "Mozilla/5.0 AppleWebKit/537.36 (KHTML, like Gecko; compatible; bingbot/2.0; +http://www.bing.com/bingbot.htm) Chrome/116.0.1938.76 Safari/537.36"
2a02:c207:2317:2860::1 - - [31/Mar/2026:16:22:00 +0000] "GET / HTTP/1.1" 200 292894 "-" "Mozilla/5.0 (Windows NT 10.0; Win64; x64; rv:77.0) Gecko/20100101 Firefox/77.0"
45.67.216.143 - - [31/Mar/2026:16:22:02 +0000] "GET /contact/ HTTP/1.1" 200 312491 "-" "Mozilla/5.0 (Macintosh, Intel Mac OS X 10_15_6) AppleWebKit/605.1.15 (KHTML, like Gecko) Version/15.6.7 Safari/605.1.15"
52.167.144.175 - - [31/Mar/2026:16:22:04 +0000] "GET /products/detail/248150478 HTTP/1.1" 200 192785 "-" "Mozilla/5.0 AppleWebKit/537.36 (KHTML, like Gecko; compatible; bingbot/2.0; +http://www.bing.com/bingbot.htm) Chrome/116.0.1938.76 Safari/537.36"
45.67.216.143 - - [31/Mar/2026:16:22:04 +0000] "GET /contact-us/ HTTP/1.1" 404 89822 "-" "Mozilla/5.0 (Windows NT 10.0; Win64; x64; rv:125.0) Gecko/20100101 Firefox/125.0"
45.67.216.143 - - [31/Mar/2026:16:22:06 +0000] "GET /submit/ HTTP/1.1" 404 89822 "-" "Mozilla/5.0 (Windows NT 6.3; Win64; x64; rv:109.0) Gecko/20100101 Firefox/114.0"
45.67.216.143 - - [31/Mar/2026:16:22:09 +0000] "GET /support/ HTTP/1.1" 200 227737 "-" "Mozilla/5.0 (Macintosh; Intel Mac OS X 10_15_6) AppleWebKit/605.1.15 (KHTML, like Gecko) Version/15.0 Safari/605.1.15"
45.67.216.143 - - [31/Mar/2026:16:22:11 +0000] "GET /form/ HTTP/1.1" 404 89818 "-" "Mozilla/5.0 (Macintosh; Intel Mac OS X 10.15; rv:128.0) Gecko/20100101 Firefox/128.0"
45.67.216.143 - - [31/Mar/2026:16:22:13 +0000] "GET /get-in-touch/ HTTP/1.1" 404 89818 "-" "Mozilla/5.0 (Macintosh; Intel Mac OS X 10_15_7) AppleWebKit/605.1.15 (KHTML, like Gecko) Version/17.4 Safari/605.1.15"
40.77.167.18 - - [31/Mar/2026:16:22:15 +0000] "GET /products/detail/182422579 HTTP/1.1" 200 189570 "-" "Mozilla/5.0 AppleWebKit/537.36 (KHTML, like Gecko; compatible; bingbot/2.0; +http://www.bing.com/bingbot.htm) Chrome/116.0.1938.76 Safari/537.36"
2a02:c207:2317:2860::1 - - [31/Mar/2026:16:22:15 +0000] "GET /wp-content/plugins/drag-and-drop-multiple-file-upload-contact-form-7/readme.txt HTTP/1.1" 403 4170 "-" "Mozilla/5.0 (X11; CrOS x86_64 14541.0.0) AppleWebKit/537.36 (KHTML, like Gecko) Chrome/137.0.0.0 Safari/537.36"
20.15.133.191 - - [31/Mar/2026:16:22:16 +0000] "GET /products/detail/154253478 HTTP/1.1" 200 202034 "-" "Mozilla/5.0 AppleWebKit/537.36 (KHTML, like Gecko; compatible; bingbot/2.0; +http://www.bing.com/bingbot.htm) Chrome/116.0.1938.76 Safari/537.36"
52.167.144.166 - - [31/Mar/2026:16:22:21 +0000] "GET /products/detail/25710539 HTTP/1.1" 200 191806 "-" "Mozilla/5.0 AppleWebKit/537.36 (KHTML, like Gecko; compatible; bingbot/2.0; +http://www.bing.com/bingbot.htm) Chrome/116.0.1938.76 Safari/537.36"
40.77.167.18 - - [31/Mar/2026:16:22:25 +0000] "GET /products/detail/159887256 HTTP/1.1" 200 186463 "-" "Mozilla/5.0 AppleWebKit/537.36 (KHTML, like Gecko; compatible; bingbot/2.0; +http://www.bing.com/bingbot.htm) Chrome/116.0.1938.76 Safari/537.36"
141.98.11.44 - - [31/Mar/2026:16:22:34 +0000] "GET /wp-includes/sodium_compat/src/Core/SecretStream/State.php HTTP/1.1" 403 4170 "-" "Mozilla/5.0 (Windows NT 10.0; Win64; x64) AppleWebKit/537.36"
52.167.144.175 - - [31/Mar/2026:16:22:35 +0000] "GET /products/detail/158325206 HTTP/1.1" 200 185093 "-" "Mozilla/5.0 AppleWebKit/537.36 (KHTML, like Gecko; compatible; bingbot/2.0; +http://www.bing.com/bingbot.htm) Chrome/116.0.1938.76 Safari/537.36"
20.15.133.191 - - [31/Mar/2026:16:22:36 +0000] "GET /products/detail/175386943 HTTP/1.1" 200 192459 "-" "Mozilla/5.0 AppleWebKit/537.36 (KHTML, like Gecko; compatible; bingbot/2.0; +http://www.bing.com/bingbot.htm) Chrome/116.0.1938.76 Safari/537.36"
40.77.167.18 - - [31/Mar/2026:16:22:44 +0000] "GET /products/detail/183289408 HTTP/1.1" 200 195066 "-" "Mozilla/5.0 AppleWebKit/537.36 (KHTML, like Gecko; compatible; bingbot/2.0; +http://www.bing.com/bingbot.htm) Chrome/116.0.1938.76 Safari/537.36"
66.249.74.11 - - [31/Mar/2026:16:22:55 +0000] "GET /online-casino-australia-dollars/ HTTP/1.1" 200 190781 "-" "Mozilla/5.0 (Linux; Android 6.0.1; Nexus 5X Build/MMB29P) AppleWebKit/537.36 (KHTML, like Gecko) Chrome/146.0.7680.153 Mobile Safari/537.36 (compatible; Googlebot/2.1; +http://www.google.com/bot.html)"
52.167.144.175 - - [31/Mar/2026:16:22:57 +0000] "GET /products/detail/155332680 HTTP/1.1" 200 193371 "-" "Mozilla/5.0 AppleWebKit/537.36 (KHTML, like Gecko; compatible; bingbot/2.0; +http://www.bing.com/bingbot.htm) Chrome/116.0.1938.76 Safari/537.36"
52.167.144.166 - - [31/Mar/2026:16:23:18 +0000] "GET /products/detail/209437084 HTTP/1.1" 200 202268 "-" "Mozilla/5.0 AppleWebKit/537.36 (KHTML, like Gecko; compatible; bingbot/2.0; +http://www.bing.com/bingbot.htm) Chrome/116.0.1938.76 Safari/537.36"
52.167.144.166 - - [31/Mar/2026:16:23:21 +0000] "GET /products/detail/231142408 HTTP/1.1" 200 197076 "-" "Mozilla/5.0 AppleWebKit/537.36 (KHTML, like Gecko; compatible; bingbot/2.0; +http://www.bing.com/bingbot.htm) Chrome/116.0.1938.76 Safari/537.36"
52.167.144.166 - - [31/Mar/2026:16:23:21 +0000] "GET /products/detail/220814226 HTTP/1.1" 200 193118 "-" "Mozilla/5.0 AppleWebKit/537.36 (KHTML, like Gecko; compatible; bingbot/2.0; +http://www.bing.com/bingbot.htm) Chrome/116.0.1938.76 Safari/537.36"
52.167.144.166 - - [31/Mar/2026:16:23:22 +0000] "GET /products/detail/254245387 HTTP/1.1" 200 189982 "-" "Mozilla/5.0 AppleWebKit/537.36 (KHTML, like Gecko; compatible; bingbot/2.0; +http://www.bing.com/bingbot.htm) Chrome/116.0.1938.76 Safari/537.36"
52.167.144.166 - - [31/Mar/2026:16:23:23 +0000] "GET /products/detail/251626276 HTTP/1.1" 200 186979 "-" "Mozilla/5.0 AppleWebKit/537.36 (KHTML, like Gecko; compatible; bingbot/2.0; +http://www.bing.com/bingbot.htm) Chrome/116.0.1938.76 Safari/537.36"
40.77.167.18 - - [31/Mar/2026:16:23:25 +0000] "GET /products/detail/167672367 HTTP/1.1" 200 190430 "-" "Mozilla/5.0 AppleWebKit/537.36 (KHTML, like Gecko; compatible; bingbot/2.0; +http://www.bing.com/bingbot.htm) Chrome/116.0.1938.76 Safari/537.36"
40.77.167.18 - - [31/Mar/2026:16:23:25 +0000] "GET /products/detail/186028438 HTTP/1.1" 200 189804 "-" "Mozilla/5.0 AppleWebKit/537.36 (KHTML, like Gecko; compatible; bingbot/2.0; +http://www.bing.com/bingbot.htm) Chrome/116.0.1938.76 Safari/537.36"
40.77.167.18 - - [31/Mar/2026:16:23:26 +0000] "GET /products/detail/158536246 HTTP/1.1" 200 196939 "-" "Mozilla/5.0 AppleWebKit/537.36 (KHTML, like Gecko; compatible; bingbot/2.0; +http://www.bing.com/bingbot.htm) Chrome/116.0.1938.76 Safari/537.36"
40.77.167.18 - - [31/Mar/2026:16:23:27 +0000] "GET /products/detail/165665711 HTTP/1.1" 200 204578 "-" "Mozilla/5.0 AppleWebKit/537.36 (KHTML, like Gecko; compatible; bingbot/2.0; +http://www.bing.com/bingbot.htm) Chrome/116.0.1938.76 Safari/537.36"
40.77.167.18 - - [31/Mar/2026:16:23:28 +0000] "GET /products/detail/186655054 HTTP/1.1" 200 187712 "-" "Mozilla/5.0 AppleWebKit/537.36 (KHTML, like Gecko; compatible; bingbot/2.0; +http://www.bing.com/bingbot.htm) Chrome/116.0.1938.76 Safari/537.36"
52.167.144.175 - - [31/Mar/2026:16:23:29 +0000] "GET /products/detail/226898771 HTTP/1.1" 200 186974 "-" "Mozilla/5.0 AppleWebKit/537.36 (KHTML, like Gecko; compatible; bingbot/2.0; +http://www.bing.com/bingbot.htm) Chrome/116.0.1938.76 Safari/537.36"
52.167.144.175 - - [31/Mar/2026:16:23:31 +0000] "GET /products/detail/199699105 HTTP/1.1" 200 191434 "-" "Mozilla/5.0 AppleWebKit/537.36 (KHTML, like Gecko; compatible; bingbot/2.0; +http://www.bing.com/bingbot.htm) Chrome/116.0.1938.76 Safari/537.36"
52.167.144.175 - - [31/Mar/2026:16:23:32 +0000] "GET /products/detail/216518741 HTTP/1.1" 200 190776 "-" "Mozilla/5.0 AppleWebKit/537.36 (KHTML, like Gecko; compatible; bingbot/2.0; +http://www.bing.com/bingbot.htm) Chrome/116.0.1938.76 Safari/537.36"
52.167.144.175 - - [31/Mar/2026:16:23:33 +0000] "GET /products/detail/172480408 HTTP/1.1" 200 188978 "-" "Mozilla/5.0 AppleWebKit/537.36 (KHTML, like Gecko; compatible; bingbot/2.0; +http://www.bing.com/bingbot.htm) Chrome/116.0.1938.76 Safari/537.36"
52.167.144.175 - - [31/Mar/2026:16:23:33 +0000] "GET /products/detail/161310610 HTTP/1.1" 200 202622 "-" "Mozilla/5.0 AppleWebKit/537.36 (KHTML, like Gecko; compatible; bingbot/2.0; +http://www.bing.com/bingbot.htm) Chrome/116.0.1938.76 Safari/537.36"
52.167.144.175 - - [31/Mar/2026:16:23:34 +0000] "GET /products/detail/166578640 HTTP/1.1" 200 196774 "-" "Mozilla/5.0 AppleWebKit/537.36 (KHTML, like Gecko; compatible; bingbot/2.0; +http://www.bing.com/bingbot.htm) Chrome/116.0.1938.76 Safari/537.36"
52.167.144.175 - - [31/Mar/2026:16:23:35 +0000] "GET /products/detail/189778276 HTTP/1.1" 200 196896 "-" "Mozilla/5.0 AppleWebKit/537.36 (KHTML, like Gecko; compatible; bingbot/2.0; +http://www.bing.com/bingbot.htm) Chrome/116.0.1938.76 Safari/537.36"
52.167.144.166 - - [31/Mar/2026:16:23:41 +0000] "GET /products/detail/176015933 HTTP/1.1" 200 185735 "-" "Mozilla/5.0 AppleWebKit/537.36 (KHTML, like Gecko; compatible; bingbot/2.0; +http://www.bing.com/bingbot.htm) Chrome/116.0.1938.76 Safari/537.36"
52.167.144.175 - - [31/Mar/2026:16:23:45 +0000] "GET /products/detail/160672276 HTTP/1.1" 200 187226 "-" "Mozilla/5.0 AppleWebKit/537.36 (KHTML, like Gecko; compatible; bingbot/2.0; +http://www.bing.com/bingbot.htm) Chrome/116.0.1938.76 Safari/537.36"
40.77.167.18 - - [31/Mar/2026:16:23:45 +0000] "GET /products/detail/190541933 HTTP/1.1" 200 199796 "-" "Mozilla/5.0 AppleWebKit/537.36 (KHTML, like Gecko; compatible; bingbot/2.0; +http://www.bing.com/bingbot.htm) Chrome/116.0.1938.76 Safari/537.36"
40.77.167.18 - - [31/Mar/2026:16:23:46 +0000] "GET /products/detail/216706387 HTTP/1.1" 200 215348 "-" "Mozilla/5.0 AppleWebKit/537.36 (KHTML, like Gecko; compatible; bingbot/2.0; +http://www.bing.com/bingbot.htm) Chrome/116.0.1938.76 Safari/537.36"
40.77.167.18 - - [31/Mar/2026:16:23:47 +0000] "GET /products/detail/173358458 HTTP/1.1" 200 189856 "-" "Mozilla/5.0 AppleWebKit/537.36 (KHTML, like Gecko; compatible; bingbot/2.0; +http://www.bing.com/bingbot.htm) Chrome/116.0.1938.76 Safari/537.36"
40.77.167.18 - - [31/Mar/2026:16:23:47 +0000] "GET /products/detail/159022135 HTTP/1.1" 200 193457 "-" "Mozilla/5.0 AppleWebKit/537.36 (KHTML, like Gecko; compatible; bingbot/2.0; +http://www.bing.com/bingbot.htm) Chrome/116.0.1938.76 Safari/537.36"
40.77.167.230 - - [31/Mar/2026:16:23:52 +0000] "GET /products/detail/167013347 HTTP/1.1" 200 187682 "-" "Mozilla/5.0 AppleWebKit/537.36 (KHTML, like Gecko; compatible; bingbot/2.0; +http://www.bing.com/bingbot.htm) Chrome/116.0.1938.76 Safari/537.36"
20.15.133.191 - - [31/Mar/2026:16:23:56 +0000] "GET /products/detail/229857206 HTTP/1.1" 200 215783 "-" "Mozilla/5.0 AppleWebKit/537.36 (KHTML, like Gecko; compatible; bingbot/2.0; +http://www.bing.com/bingbot.htm) Chrome/116.0.1938.76 Safari/537.36"
40.77.167.18 - - [31/Mar/2026:16:23:56 +0000] "GET /products/detail/225768377 HTTP/1.1" 200 192845 "-" "Mozilla/5.0 AppleWebKit/537.36 (KHTML, like Gecko; compatible; bingbot/2.0; +http://www.bing.com/bingbot.htm) Chrome/116.0.1938.76 Safari/537.36"
52.167.144.175 - - [31/Mar/2026:16:24:05 +0000] "GET /products/detail/207213206 HTTP/1.1" 200 189881 "-" "Mozilla/5.0 AppleWebKit/537.36 (KHTML, like Gecko; compatible; bingbot/2.0; +http://www.bing.com/bingbot.htm) Chrome/116.0.1938.76 Safari/537.36"
52.167.144.175 - - [31/Mar/2026:16:24:06 +0000] "GET /summerville-nz-casino/ HTTP/1.1" 200 188410 "-" "Mozilla/5.0 AppleWebKit/537.36 (KHTML, like Gecko; compatible; bingbot/2.0; +http://www.bing.com/bingbot.htm) Chrome/116.0.1938.76 Safari/537.36"
40.77.167.18 - - [31/Mar/2026:16:24:14 +0000] "GET /products/detail/190428973 HTTP/1.1" 200 196770 "-" "Mozilla/5.0 AppleWebKit/537.36 (KHTML, like Gecko; compatible; bingbot/2.0; +http://www.bing.com/bingbot.htm) Chrome/116.0.1938.76 Safari/537.36"
40.77.167.18 - - [31/Mar/2026:16:24:15 +0000] "GET /products/detail/187296206 HTTP/1.1" 200 190216 "-" "Mozilla/5.0 AppleWebKit/537.36 (KHTML, like Gecko; compatible; bingbot/2.0; +http://www.bing.com/bingbot.htm) Chrome/116.0.1938.76 Safari/537.36"
52.167.144.175 - - [31/Mar/2026:16:24:19 +0000] "GET /products/detail/216922731 HTTP/1.1" 200 191149 "-" "Mozilla/5.0 AppleWebKit/537.36 (KHTML, like Gecko; compatible; bingbot/2.0; +http://www.bing.com/bingbot.htm) Chrome/116.0.1938.76 Safari/537.36"
52.167.144.175 - - [31/Mar/2026:16:24:20 +0000] "GET /products/detail/177690610 HTTP/1.1" 200 197637 "-" "Mozilla/5.0 AppleWebKit/537.36 (KHTML, like Gecko; compatible; bingbot/2.0; +http://www.bing.com/bingbot.htm) Chrome/116.0.1938.76 Safari/537.36"
52.167.144.175 - - [31/Mar/2026:16:24:21 +0000] "GET /products/detail/188117559 HTTP/1.1" 200 199164 "-" "Mozilla/5.0 AppleWebKit/537.36 (KHTML, like Gecko; compatible; bingbot/2.0; +http://www.bing.com/bingbot.htm) Chrome/116.0.1938.76 Safari/537.36"
52.167.144.175 - - [31/Mar/2026:16:24:21 +0000] "GET /products/detail/184463226 HTTP/1.1" 200 215029 "-" "Mozilla/5.0 AppleWebKit/537.36 (KHTML, like Gecko; compatible; bingbot/2.0; +http://www.bing.com/bingbot.htm) Chrome/116.0.1938.76 Safari/537.36"
52.167.144.175 - - [31/Mar/2026:16:24:22 +0000] "GET /products/detail/211741650 HTTP/1.1" 200 209325 "-" "Mozilla/5.0 AppleWebKit/537.36 (KHTML, like Gecko; compatible; bingbot/2.0; +http://www.bing.com/bingbot.htm) Chrome/116.0.1938.76 Safari/537.36"
40.77.167.230 - - [31/Mar/2026:16:24:24 +0000] "GET /products/detail/260453711 HTTP/1.1" 200 205181 "-" "Mozilla/5.0 AppleWebKit/537.36 (KHTML, like Gecko; compatible; bingbot/2.0; +http://www.bing.com/bingbot.htm) Chrome/116.0.1938.76 Safari/537.36"
40.77.167.230 - - [31/Mar/2026:16:24:25 +0000] "GET /products/detail/251520428 HTTP/1.1" 200 198976 "-" "Mozilla/5.0 AppleWebKit/537.36 (KHTML, like Gecko; compatible; bingbot/2.0; +http://www.bing.com/bingbot.htm) Chrome/116.0.1938.76 Safari/537.36"
40.77.167.230 - - [31/Mar/2026:16:24:37 +0000] "GET /products/detail/259781175 HTTP/1.1" 200 189823 "-" "Mozilla/5.0 AppleWebKit/537.36 (KHTML, like Gecko; compatible; bingbot/2.0; +http://www.bing.com/bingbot.htm) Chrome/116.0.1938.76 Safari/537.36"
20.15.133.191 - - [31/Mar/2026:16:24:47 +0000] "GET /products/detail/307656347 HTTP/1.1" 200 199988 "-" "Mozilla/5.0 AppleWebKit/537.36 (KHTML, like Gecko; compatible; bingbot/2.0; +http://www.bing.com/bingbot.htm) Chrome/116.0.1938.76 Safari/537.36"
20.15.133.191 - - [31/Mar/2026:16:24:50 +0000] "GET /products/detail/277310589 HTTP/1.1" 200 184194 "-" "Mozilla/5.0 AppleWebKit/537.36 (KHTML, like Gecko; compatible; bingbot/2.0; +http://www.bing.com/bingbot.htm) Chrome/116.0.1938.76 Safari/537.36"
52.167.144.175 - - [31/Mar/2026:16:24:55 +0000] "GET /products/detail/207487579 HTTP/1.1" 200 185332 "-" "Mozilla/5.0 AppleWebKit/537.36 (KHTML, like Gecko; compatible; bingbot/2.0; +http://www.bing.com/bingbot.htm) Chrome/116.0.1938.76 Safari/537.36"
20.15.133.191 - - [31/Mar/2026:16:25:06 +0000] "GET /products/detail/254048852 HTTP/1.1" 200 203098 "-" "Mozilla/5.0 AppleWebKit/537.36 (KHTML, like Gecko; compatible; bingbot/2.0; +http://www.bing.com/bingbot.htm) Chrome/116.0.1938.76 Safari/537.36"
52.167.144.175 - - [31/Mar/2026:16:25:08 +0000] "GET /profitable-pokies-that-you-can-win/ HTTP/1.1" 200 187595 "-" "Mozilla/5.0 AppleWebKit/537.36 (KHTML, like Gecko; compatible; bingbot/2.0; +http://www.bing.com/bingbot.htm) Chrome/116.0.1938.76 Safari/537.36"
20.15.133.191 - - [31/Mar/2026:16:25:16 +0000] "GET /products/detail/149569327 HTTP/1.1" 200 187046 "-" "Mozilla/5.0 AppleWebKit/537.36 (KHTML, like Gecko; compatible; bingbot/2.0; +http://www.bing.com/bingbot.htm) Chrome/116.0.1938.76 Safari/537.36"
40.77.167.230 - - [31/Mar/2026:16:25:22 +0000] "GET /products/detail/219621509 HTTP/1.1" 200 192826 "-" "Mozilla/5.0 AppleWebKit/537.36 (KHTML, like Gecko; compatible; bingbot/2.0; +http://www.bing.com/bingbot.htm) Chrome/116.0.1938.76 Safari/537.36"
20.15.133.191 - - [31/Mar/2026:16:25:37 +0000] "GET /products/detail/216304549 HTTP/1.1" 200 191581 "-" "Mozilla/5.0 AppleWebKit/537.36 (KHTML, like Gecko; compatible; bingbot/2.0; +http://www.bing.com/bingbot.htm) Chrome/116.0.1938.76 Safari/537.36"
40.77.167.18 - - [31/Mar/2026:16:25:54 +0000] "GET /products/detail/163122074 HTTP/1.1" 200 196584 "-" "Mozilla/5.0 AppleWebKit/537.36 (KHTML, like Gecko; compatible; bingbot/2.0; +http://www.bing.com/bingbot.htm) Chrome/116.0.1938.76 Safari/537.36"
66.249.74.8 - - [31/Mar/2026:16:26:11 +0000] "GET /top-online-pokies-and-casinos-australia-league/ HTTP/1.1" 200 184324 "-" "Mozilla/5.0 (Linux; Android 6.0.1; Nexus 5X Build/MMB29P) AppleWebKit/537.36 (KHTML, like Gecko) Chrome/146.0.7680.153 Mobile Safari/537.36 (compatible; Googlebot/2.1; +http://www.google.com/bot.html)"
52.167.144.175 - - [31/Mar/2026:16:26:46 +0000] "GET /products/detail/226997337 HTTP/1.1" 200 187317 "-" "Mozilla/5.0 AppleWebKit/537.36 (KHTML, like Gecko; compatible; bingbot/2.0; +http://www.bing.com/bingbot.htm) Chrome/116.0.1938.76 Safari/537.36"
52.167.144.175 - - [31/Mar/2026:16:26:46 +0000] "GET /products/detail/217230074 HTTP/1.1" 200 198095 "-" "Mozilla/5.0 AppleWebKit/537.36 (KHTML, like Gecko; compatible; bingbot/2.0; +http://www.bing.com/bingbot.htm) Chrome/116.0.1938.76 Safari/537.36"
52.167.144.175 - - [31/Mar/2026:16:26:47 +0000] "GET /products/detail/212273226 HTTP/1.1" 200 190081 "-" "Mozilla/5.0 AppleWebKit/537.36 (KHTML, like Gecko; compatible; bingbot/2.0; +http://www.bing.com/bingbot.htm) Chrome/116.0.1938.76 Safari/537.36"
40.77.167.230 - - [31/Mar/2026:16:26:52 +0000] "GET /products/detail/157884862 HTTP/1.1" 200 202743 "-" "Mozilla/5.0 AppleWebKit/537.36 (KHTML, like Gecko; compatible; bingbot/2.0; +http://www.bing.com/bingbot.htm) Chrome/116.0.1938.76 Safari/537.36"
114.10.78.135 - - [31/Mar/2026:16:26:56 +0000] "GET /about/ HTTP/1.1" 200 223180 "https://www.google.com/" "Mozilla/5.0 (Linux; Android 10; K) AppleWebKit/537.36 (KHTML, like Gecko) Chrome/146.0.0.0 Mobile Safari/537.36"
40.77.167.18 - - [31/Mar/2026:16:26:57 +0000] "GET /products/detail/218286802 HTTP/1.1" 200 194498 "-" "Mozilla/5.0 AppleWebKit/537.36 (KHTML, like Gecko; compatible; bingbot/2.0; +http://www.bing.com/bingbot.htm) Chrome/116.0.1938.76 Safari/537.36"
20.15.133.191 - - [31/Mar/2026:16:26:57 +0000] "GET /products/detail/308701923 HTTP/1.1" 200 187321 "-" "Mozilla/5.0 AppleWebKit/537.36 (KHTML, like Gecko; compatible; bingbot/2.0; +http://www.bing.com/bingbot.htm) Chrome/116.0.1938.76 Safari/537.36"
45.79.238.235 - - [31/Mar/2026:16:27:01 +0000] "POST /wp-cron.php?doing_wp_cron=1774974421.2549979686737060546875 HTTP/1.1" 200 - "-" "WordPress/6.7.5; http://airless.co.nz"
114.10.77.135 - - [31/Mar/2026:16:27:00 +0000] "GET /designs/34862451/canvas/59/product_images HTTP/1.1" 404 90039 "https://airless.co.nz/about/" "Mozilla/5.0 (Linux; Android 10; K) AppleWebKit/537.36 (KHTML, like Gecko) Chrome/146.0.0.0 Mobile Safari/537.36"
40.77.167.230 - - [31/Mar/2026:16:27:02 +0000] "GET /products/detail/297845004 HTTP/1.1" 200 207568 "-" "Mozilla/5.0 AppleWebKit/537.36 (KHTML, like Gecko; compatible; bingbot/2.0; +http://www.bing.com/bingbot.htm) Chrome/116.0.1938.76 Safari/537.36"
66.249.74.6 - - [31/Mar/2026:16:27:14 +0000] "GET /lock-it-link-pokies-app/ HTTP/1.1" 200 188881 "-" "Mozilla/5.0 (Linux; Android 6.0.1; Nexus 5X Build/MMB29P) AppleWebKit/537.36 (KHTML, like Gecko) Chrome/146.0.7680.153 Mobile Safari/537.36 (compatible; Googlebot/2.1; +http://www.google.com/bot.html)"
20.15.133.191 - - [31/Mar/2026:16:27:16 +0000] "GET /products/detail/287991569 HTTP/1.1" 200 202562 "-" "Mozilla/5.0 AppleWebKit/537.36 (KHTML, like Gecko; compatible; bingbot/2.0; +http://www.bing.com/bingbot.htm) Chrome/116.0.1938.76 Safari/537.36"
40.77.167.18 - - [31/Mar/2026:16:27:24 +0000] "GET /products/detail/208777731 HTTP/1.1" 200 185420 "-" "Mozilla/5.0 AppleWebKit/537.36 (KHTML, like Gecko; compatible; bingbot/2.0; +http://www.bing.com/bingbot.htm) Chrome/116.0.1938.76 Safari/537.36"
20.15.133.175 - - [31/Mar/2026:16:27:37 +0000] "GET /products/detail/165790680 HTTP/1.1" 200 195065 "-" "Mozilla/5.0 AppleWebKit/537.36 (KHTML, like Gecko; compatible; bingbot/2.0; +http://www.bing.com/bingbot.htm) Chrome/116.0.1938.76 Safari/537.36"
20.15.133.175 - - [31/Mar/2026:16:27:38 +0000] "GET /products/detail/279673983 HTTP/1.1" 200 191007 "-" "Mozilla/5.0 AppleWebKit/537.36 (KHTML, like Gecko; compatible; bingbot/2.0; +http://www.bing.com/bingbot.htm) Chrome/116.0.1938.76 Safari/537.36"
40.77.167.18 - - [31/Mar/2026:16:28:24 +0000] "GET /products/detail/270782115 HTTP/1.1" 200 187300 "-" "Mozilla/5.0 AppleWebKit/537.36 (KHTML, like Gecko; compatible; bingbot/2.0; +http://www.bing.com/bingbot.htm) Chrome/116.0.1938.76 Safari/537.36"
52.167.144.222 - - [31/Mar/2026:16:28:29 +0000] "GET /products/detail/307047721 HTTP/1.1" 200 214314 "-" "Mozilla/5.0 AppleWebKit/537.36 (KHTML, like Gecko; compatible; bingbot/2.0; +http://www.bing.com/bingbot.htm) Chrome/116.0.1938.76 Safari/537.36"
52.167.144.222 - - [31/Mar/2026:16:28:29 +0000] "GET /products/detail/266126741 HTTP/1.1" 200 195436 "-" "Mozilla/5.0 AppleWebKit/537.36 (KHTML, like Gecko; compatible; bingbot/2.0; +http://www.bing.com/bingbot.htm) Chrome/116.0.1938.76 Safari/537.36"
40.77.167.230 - - [31/Mar/2026:16:28:34 +0000] "GET /products/detail/264936610 HTTP/1.1" 200 192335 "-" "Mozilla/5.0 AppleWebKit/537.36 (KHTML, like Gecko; compatible; bingbot/2.0; +http://www.bing.com/bingbot.htm) Chrome/116.0.1938.76 Safari/537.36"
40.77.167.230 - - [31/Mar/2026:16:28:35 +0000] "GET /products/detail/298361711 HTTP/1.1" 200 202072 "-" "Mozilla/5.0 AppleWebKit/537.36 (KHTML, like Gecko; compatible; bingbot/2.0; +http://www.bing.com/bingbot.htm) Chrome/116.0.1938.76 Safari/537.36"
40.77.167.230 - - [31/Mar/2026:16:28:52 +0000] "GET /products/detail/178352337 HTTP/1.1" 200 195012 "-" "Mozilla/5.0 AppleWebKit/537.36 (KHTML, like Gecko; compatible; bingbot/2.0; +http://www.bing.com/bingbot.htm) Chrome/116.0.1938.76 Safari/537.36"
40.77.167.230 - - [31/Mar/2026:16:28:52 +0000] "GET /products/detail/212204711 HTTP/1.1" 200 189559 "-" "Mozilla/5.0 AppleWebKit/537.36 (KHTML, like Gecko; compatible; bingbot/2.0; +http://www.bing.com/bingbot.htm) Chrome/116.0.1938.76 Safari/537.36"
40.77.167.230 - - [31/Mar/2026:16:28:53 +0000] "GET /products/detail/225709761 HTTP/1.1" 200 185862 "-" "Mozilla/5.0 AppleWebKit/537.36 (KHTML, like Gecko; compatible; bingbot/2.0; +http://www.bing.com/bingbot.htm) Chrome/116.0.1938.76 Safari/537.36"
52.167.144.222 - - [31/Mar/2026:16:28:56 +0000] "GET /products/detail/210961024 HTTP/1.1" 200 199843 "-" "Mozilla/5.0 AppleWebKit/537.36 (KHTML, like Gecko; compatible; bingbot/2.0; +http://www.bing.com/bingbot.htm) Chrome/116.0.1938.76 Safari/537.36"
40.77.167.18 - - [31/Mar/2026:16:28:56 +0000] "GET /products/detail/186667216 HTTP/1.1" 200 201958 "-" "Mozilla/5.0 AppleWebKit/537.36 (KHTML, like Gecko; compatible; bingbot/2.0; +http://www.bing.com/bingbot.htm) Chrome/116.0.1938.76 Safari/537.36"
40.77.167.18 - - [31/Mar/2026:16:28:57 +0000] "GET /products/detail/204108973 HTTP/1.1" 200 195859 "-" "Mozilla/5.0 AppleWebKit/537.36 (KHTML, like Gecko; compatible; bingbot/2.0; +http://www.bing.com/bingbot.htm) Chrome/116.0.1938.76 Safari/537.36"
52.167.144.222 - - [31/Mar/2026:16:29:06 +0000] "GET /products/detail/164912286 HTTP/1.1" 200 188102 "-" "Mozilla/5.0 AppleWebKit/537.36 (KHTML, like Gecko; compatible; bingbot/2.0; +http://www.bing.com/bingbot.htm) Chrome/116.0.1938.76 Safari/537.36"
45.79.238.235 - - [31/Mar/2026:16:29:16 +0000] "POST /wp-cron.php?doing_wp_cron=1774974556.4537689685821533203125 HTTP/1.1" 200 - "-" "WordPress/6.7.5; http://airless.co.nz"
114.10.78.135 - - [31/Mar/2026:16:29:15 +0000] "GET /designs/34862451/canvas/59/product_images HTTP/1.1" 404 90039 "https://airless.co.nz/about/" "Mozilla/5.0 (Linux; Android 10; K) AppleWebKit/537.36 (KHTML, like Gecko) Chrome/146.0.0.0 Mobile Safari/537.36"
20.15.133.175 - - [31/Mar/2026:16:29:27 +0000] "GET /products/detail/271417387 HTTP/1.1" 200 194573 "-" "Mozilla/5.0 AppleWebKit/537.36 (KHTML, like Gecko; compatible; bingbot/2.0; +http://www.bing.com/bingbot.htm) Chrome/116.0.1938.76 Safari/537.36"
2a02:c207:2317:2860::1 - - [31/Mar/2026:16:29:42 +0000] "POST /services/accesstoken/verify;x='.pdf/x' HTTP/1.1" 404 93617 "-" "hopgoblin/1.0"
20.125.163.80 - - [31/Mar/2026:16:29:45 +0000] "GET /products/detail/290138630 HTTP/1.1" 200 191278 "-" "Mozilla/5.0 AppleWebKit/537.36 (KHTML, like Gecko; compatible; bingbot/2.0; +http://www.bing.com/bingbot.htm) Chrome/116.0.1938.76 Safari/537.36"
66.249.74.2 - - [31/Mar/2026:16:30:10 +0000] "GET /best-casino-pokies-machine-games/ HTTP/1.1" 200 197767 "-" "Mozilla/5.0 (Linux; Android 6.0.1; Nexus 5X Build/MMB29P) AppleWebKit/537.36 (KHTML, like Gecko) Chrome/146.0.7680.153 Mobile Safari/537.36 (compatible; Googlebot/2.1; +http://www.google.com/bot.html)"
40.77.167.230 - - [31/Mar/2026:16:30:42 +0000] "GET /products/detail/313869377 HTTP/1.1" 200 186286 "-" "Mozilla/5.0 AppleWebKit/537.36 (KHTML, like Gecko; compatible; bingbot/2.0; +http://www.bing.com/bingbot.htm) Chrome/116.0.1938.76 Safari/537.36"
66.249.74.15 - - [31/Mar/2026:16:30:59 +0000] "GET /products/detail/171133872 HTTP/1.1" 200 189078 "-" "Mozilla/5.0 (Linux; Android 6.0.1; Nexus 5X Build/MMB29P) AppleWebKit/537.36 (KHTML, like Gecko) Chrome/146.0.7680.153 Mobile Safari/537.36 (compatible; Googlebot/2.1; +http://www.google.com/bot.html)"
66.249.74.6 - - [31/Mar/2026:16:31:15 +0000] "GET /house-of-pokies-promo-code/ HTTP/1.1" 200 188436 "-" "Mozilla/5.0 (Linux; Android 6.0.1; Nexus 5X Build/MMB29P) AppleWebKit/537.36 (KHTML, like Gecko) Chrome/146.0.7680.153 Mobile Safari/537.36 (compatible; Googlebot/2.1; +http://www.google.com/bot.html)"
20.15.133.175 - - [31/Mar/2026:16:31:27 +0000] "GET /products/detail/147114458 HTTP/1.1" 200 194347 "-" "Mozilla/5.0 AppleWebKit/537.36 (KHTML, like Gecko; compatible; bingbot/2.0; +http://www.bing.com/bingbot.htm) Chrome/116.0.1938.76 Safari/537.36"
20.15.133.175 - - [31/Mar/2026:16:31:29 +0000] "GET /products/detail/170310266 HTTP/1.1" 200 189199 "-" "Mozilla/5.0 AppleWebKit/537.36 (KHTML, like Gecko; compatible; bingbot/2.0; +http://www.bing.com/bingbot.htm) Chrome/116.0.1938.76 Safari/537.36"
20.15.133.175 - - [31/Mar/2026:16:32:47 +0000] "GET /products/detail/274665943 HTTP/1.1" 200 192331 "-" "Mozilla/5.0 AppleWebKit/537.36 (KHTML, like Gecko; compatible; bingbot/2.0; +http://www.bing.com/bingbot.htm) Chrome/116.0.1938.76 Safari/537.36"
52.167.144.222 - - [31/Mar/2026:16:33:07 +0000] "GET /products/detail/216012044 HTTP/1.1" 200 197703 "-" "Mozilla/5.0 AppleWebKit/537.36 (KHTML, like Gecko; compatible; bingbot/2.0; +http://www.bing.com/bingbot.htm) Chrome/116.0.1938.76 Safari/537.36"
45.79.238.235 - - [31/Mar/2026:16:33:24 +0000] "POST /wp-cron.php?doing_wp_cron=1774974804.4559209346771240234375 HTTP/1.1" 200 - "-" "WordPress/6.7.5; http://airless.co.nz"
171.4.220.46 - - [31/Mar/2026:16:33:23 +0000] "GET /wagner-prospray-20-skid/ HTTP/1.1" 404 89822 "-" "Mozilla/5.0 (Windows NT 10.0; Win64; x64) AppleWebKit/537.36 (KHTML, like Gecko) Chrome/130.0.6723.69 Safari/537.36"
66.249.74.6 - - [31/Mar/2026:16:33:38 +0000] "GET /?p=12771 HTTP/1.1" 200 195017 "-" "Mozilla/5.0 (Linux; Android 6.0.1; Nexus 5X Build/MMB29P) AppleWebKit/537.36 (KHTML, like Gecko) Chrome/146.0.7680.153 Mobile Safari/537.36 (compatible; Googlebot/2.1; +http://www.google.com/bot.html)"
20.125.163.80 - - [31/Mar/2026:16:33:45 +0000] "GET /products/detail/300703519 HTTP/1.1" 200 190576 "-" "Mozilla/5.0 AppleWebKit/537.36 (KHTML, like Gecko; compatible; bingbot/2.0; +http://www.bing.com/bingbot.htm) Chrome/116.0.1938.76 Safari/537.36"
40.77.167.43 - - [31/Mar/2026:16:33:45 +0000] "GET /products/detail/184751337 HTTP/1.1" 200 197149 "-" "Mozilla/5.0 AppleWebKit/537.36 (KHTML, like Gecko; compatible; bingbot/2.0; +http://www.bing.com/bingbot.htm) Chrome/116.0.1938.76 Safari/537.36"
40.77.167.43 - - [31/Mar/2026:16:33:46 +0000] "GET /products/detail/193956317 HTTP/1.1" 200 192185 "-" "Mozilla/5.0 AppleWebKit/537.36 (KHTML, like Gecko; compatible; bingbot/2.0; +http://www.bing.com/bingbot.htm) Chrome/116.0.1938.76 Safari/537.36"
52.167.144.222 - - [31/Mar/2026:16:33:49 +0000] "GET /products/detail/158086135 HTTP/1.1" 200 192120 "-" "Mozilla/5.0 AppleWebKit/537.36 (KHTML, like Gecko; compatible; bingbot/2.0; +http://www.bing.com/bingbot.htm) Chrome/116.0.1938.76 Safari/537.36"
52.167.144.222 - - [31/Mar/2026:16:33:50 +0000] "GET /products/detail/223093680 HTTP/1.1" 200 190809 "-" "Mozilla/5.0 AppleWebKit/537.36 (KHTML, like Gecko; compatible; bingbot/2.0; +http://www.bing.com/bingbot.htm) Chrome/116.0.1938.76 Safari/537.36"
40.77.167.230 - - [31/Mar/2026:16:33:54 +0000] "GET /products/detail/207844549 HTTP/1.1" 200 198457 "-" "Mozilla/5.0 AppleWebKit/537.36 (KHTML, like Gecko; compatible; bingbot/2.0; +http://www.bing.com/bingbot.htm) Chrome/116.0.1938.76 Safari/537.36"
40.77.167.43 - - [31/Mar/2026:16:34:00 +0000] "GET /products/detail/174582458 HTTP/1.1" 200 199626 "-" "Mozilla/5.0 AppleWebKit/537.36 (KHTML, like Gecko; compatible; bingbot/2.0; +http://www.bing.com/bingbot.htm) Chrome/116.0.1938.76 Safari/537.36"
66.249.74.8 - - [31/Mar/2026:16:34:11 +0000] "GET /the-popular-pokies-in-new-zealand-and-new-zealand/ HTTP/1.1" 200 189373 "-" "Mozilla/5.0 (Linux; Android 6.0.1; Nexus 5X Build/MMB29P) AppleWebKit/537.36 (KHTML, like Gecko) Chrome/146.0.7680.153 Mobile Safari/537.36 (compatible; Googlebot/2.1; +http://www.google.com/bot.html)"
40.77.167.230 - - [31/Mar/2026:16:34:32 +0000] "GET /products/detail/253675024 HTTP/1.1" 200 189970 "-" "Mozilla/5.0 AppleWebKit/537.36 (KHTML, like Gecko; compatible; bingbot/2.0; +http://www.bing.com/bingbot.htm) Chrome/116.0.1938.76 Safari/537.36"
66.249.74.6 - - [31/Mar/2026:16:34:53 +0000] "GET /?p=8597 HTTP/1.1" 200 187413 "-" "Mozilla/5.0 (Linux; Android 6.0.1; Nexus 5X Build/MMB29P) AppleWebKit/537.36 (KHTML, like Gecko) Chrome/146.0.7680.153 Mobile Safari/537.36 (compatible; Googlebot/2.1; +http://www.google.com/bot.html)"
20.15.133.175 - - [31/Mar/2026:16:34:57 +0000] "GET /products/detail/234758822 HTTP/1.1" 200 195792 "-" "Mozilla/5.0 AppleWebKit/537.36 (KHTML, like Gecko; compatible; bingbot/2.0; +http://www.bing.com/bingbot.htm) Chrome/116.0.1938.76 Safari/537.36"
20.15.133.175 - - [31/Mar/2026:16:35:38 +0000] "GET /products/detail/191670206 HTTP/1.1" 200 200784 "-" "Mozilla/5.0 AppleWebKit/537.36 (KHTML, like Gecko; compatible; bingbot/2.0; +http://www.bing.com/bingbot.htm) Chrome/116.0.1938.76 Safari/537.36"
52.167.144.222 - - [31/Mar/2026:16:35:57 +0000] "GET /products/detail/157657953 HTTP/1.1" 200 188579 "-" "Mozilla/5.0 AppleWebKit/537.36 (KHTML, like Gecko; compatible; bingbot/2.0; +http://www.bing.com/bingbot.htm) Chrome/116.0.1938.76 Safari/537.36"
40.77.167.155 - - [31/Mar/2026:16:36:02 +0000] "GET /products/detail/204543014 HTTP/1.1" 200 199122 "-" "Mozilla/5.0 AppleWebKit/537.36 (KHTML, like Gecko; compatible; bingbot/2.0; +http://www.bing.com/bingbot.htm) Chrome/116.0.1938.76 Safari/537.36"
40.77.167.155 - - [31/Mar/2026:16:36:03 +0000] "GET /products/detail/197258418 HTTP/1.1" 200 206002 "-" "Mozilla/5.0 AppleWebKit/537.36 (KHTML, like Gecko; compatible; bingbot/2.0; +http://www.bing.com/bingbot.htm) Chrome/116.0.1938.76 Safari/537.36"
40.77.167.155 - - [31/Mar/2026:16:36:04 +0000] "GET /products/detail/188852418 HTTP/1.1" 200 195882 "-" "Mozilla/5.0 AppleWebKit/537.36 (KHTML, like Gecko; compatible; bingbot/2.0; +http://www.bing.com/bingbot.htm) Chrome/116.0.1938.76 Safari/537.36"
20.15.133.175 - - [31/Mar/2026:16:36:07 +0000] "GET /products/detail/164796973 HTTP/1.1" 200 190966 "-" "Mozilla/5.0 AppleWebKit/537.36 (KHTML, like Gecko; compatible; bingbot/2.0; +http://www.bing.com/bingbot.htm) Chrome/116.0.1938.76 Safari/537.36"
52.167.144.222 - - [31/Mar/2026:16:36:17 +0000] "GET /products/detail/198477347 HTTP/1.1" 200 197998 "-" "Mozilla/5.0 AppleWebKit/537.36 (KHTML, like Gecko; compatible; bingbot/2.0; +http://www.bing.com/bingbot.htm) Chrome/116.0.1938.76 Safari/537.36"
20.15.133.175 - - [31/Mar/2026:16:36:28 +0000] "GET /products/detail/146422357 HTTP/1.1" 200 200196 "-" "Mozilla/5.0 AppleWebKit/537.36 (KHTML, like Gecko; compatible; bingbot/2.0; +http://www.bing.com/bingbot.htm) Chrome/116.0.1938.76 Safari/537.36"
20.15.133.175 - - [31/Mar/2026:16:36:48 +0000] "GET /products/detail/231624913 HTTP/1.1" 200 195742 "-" "Mozilla/5.0 AppleWebKit/537.36 (KHTML, like Gecko; compatible; bingbot/2.0; +http://www.bing.com/bingbot.htm) Chrome/116.0.1938.76 Safari/537.36"
20.15.133.175 - - [31/Mar/2026:16:36:57 +0000] "GET /products/detail/156850327 HTTP/1.1" 200 200167 "-" "Mozilla/5.0 AppleWebKit/537.36 (KHTML, like Gecko; compatible; bingbot/2.0; +http://www.bing.com/bingbot.htm) Chrome/116.0.1938.76 Safari/537.36"
20.15.133.175 - - [31/Mar/2026:16:37:07 +0000] "GET /products/detail/243291155 HTTP/1.1" 200 186223 "-" "Mozilla/5.0 AppleWebKit/537.36 (KHTML, like Gecko; compatible; bingbot/2.0; +http://www.bing.com/bingbot.htm) Chrome/116.0.1938.76 Safari/537.36"
66.249.74.11 - - [31/Mar/2026:16:37:13 +0000] "GET /how-many-casinos-are-in-the-new-zealand/ HTTP/1.1" 200 192028 "-" "Mozilla/5.0 (Linux; Android 6.0.1; Nexus 5X Build/MMB29P) AppleWebKit/537.36 (KHTML, like Gecko) Chrome/146.0.7680.153 Mobile Safari/537.36 (compatible; Googlebot/2.1; +http://www.google.com/bot.html)"
20.15.133.175 - - [31/Mar/2026:16:37:17 +0000] "GET /products/detail/216752064 HTTP/1.1" 200 189998 "-" "Mozilla/5.0 AppleWebKit/537.36 (KHTML, like Gecko; compatible; bingbot/2.0; +http://www.bing.com/bingbot.htm) Chrome/116.0.1938.76 Safari/537.36"
40.77.167.155 - - [31/Mar/2026:16:37:23 +0000] "GET /products/detail/214785014 HTTP/1.1" 200 202082 "-" "Mozilla/5.0 AppleWebKit/537.36 (KHTML, like Gecko; compatible; bingbot/2.0; +http://www.bing.com/bingbot.htm) Chrome/116.0.1938.76 Safari/537.36"
40.77.167.155 - - [31/Mar/2026:16:37:23 +0000] "GET /products/detail/284635024 HTTP/1.1" 200 191668 "-" "Mozilla/5.0 AppleWebKit/537.36 (KHTML, like Gecko; compatible; bingbot/2.0; +http://www.bing.com/bingbot.htm) Chrome/116.0.1938.76 Safari/537.36"
40.77.167.43 - - [31/Mar/2026:16:37:27 +0000] "GET /products/detail/170573741 HTTP/1.1" 200 188066 "-" "Mozilla/5.0 AppleWebKit/537.36 (KHTML, like Gecko; compatible; bingbot/2.0; +http://www.bing.com/bingbot.htm) Chrome/116.0.1938.76 Safari/537.36"
20.15.133.175 - - [31/Mar/2026:16:37:28 +0000] "GET /products/detail/302515983 HTTP/1.1" 200 192646 "-" "Mozilla/5.0 AppleWebKit/537.36 (KHTML, like Gecko; compatible; bingbot/2.0; +http://www.bing.com/bingbot.htm) Chrome/116.0.1938.76 Safari/537.36"
52.167.144.222 - - [31/Mar/2026:16:37:32 +0000] "GET /products/detail/143853428 HTTP/1.1" 200 188580 "-" "Mozilla/5.0 AppleWebKit/537.36 (KHTML, like Gecko; compatible; bingbot/2.0; +http://www.bing.com/bingbot.htm) Chrome/116.0.1938.76 Safari/537.36"
20.15.133.175 - - [31/Mar/2026:16:37:48 +0000] "GET /products/detail/246999721 HTTP/1.1" 200 190279 "-" "Mozilla/5.0 AppleWebKit/537.36 (KHTML, like Gecko; compatible; bingbot/2.0; +http://www.bing.com/bingbot.htm) Chrome/116.0.1938.76 Safari/537.36"
40.77.167.43 - - [31/Mar/2026:16:37:55 +0000] "GET /products/detail/143864226 HTTP/1.1" 200 209842 "-" "Mozilla/5.0 AppleWebKit/537.36 (KHTML, like Gecko; compatible; bingbot/2.0; +http://www.bing.com/bingbot.htm) Chrome/116.0.1938.76 Safari/537.36"
20.15.133.184 - - [31/Mar/2026:16:38:28 +0000] "GET /products/detail/302606115 HTTP/1.1" 200 198016 "-" "Mozilla/5.0 AppleWebKit/537.36 (KHTML, like Gecko; compatible; bingbot/2.0; +http://www.bing.com/bingbot.htm) Chrome/116.0.1938.76 Safari/537.36"
66.249.74.13 - - [31/Mar/2026:16:38:41 +0000] "GET /popular-pokies-200-deposit-bonus/ HTTP/1.1" 200 184550 "-" "Mozilla/5.0 (Linux; Android 6.0.1; Nexus 5X Build/MMB29P) AppleWebKit/537.36 (KHTML, like Gecko) Chrome/146.0.7680.153 Mobile Safari/537.36 (compatible; Googlebot/2.1; +http://www.google.com/bot.html)"
66.249.74.13 - - [31/Mar/2026:16:38:41 +0000] "GET /products/detail/121458509 HTTP/1.1" 200 199255 "-" "Mozilla/5.0 (Linux; Android 6.0.1; Nexus 5X Build/MMB29P) AppleWebKit/537.36 (KHTML, like Gecko) Chrome/146.0.7680.153 Mobile Safari/537.36 (compatible; Googlebot/2.1; +http://www.google.com/bot.html)"
40.77.167.155 - - [31/Mar/2026:16:39:03 +0000] "GET /products/detail/262595034 HTTP/1.1" 200 191543 "-" "Mozilla/5.0 AppleWebKit/537.36 (KHTML, like Gecko; compatible; bingbot/2.0; +http://www.bing.com/bingbot.htm) Chrome/116.0.1938.76 Safari/537.36"
20.15.133.184 - - [31/Mar/2026:16:39:08 +0000] "GET /products/detail/195039670 HTTP/1.1" 200 193036 "-" "Mozilla/5.0 AppleWebKit/537.36 (KHTML, like Gecko; compatible; bingbot/2.0; +http://www.bing.com/bingbot.htm) Chrome/116.0.1938.76 Safari/537.36"
40.77.167.43 - - [31/Mar/2026:16:39:25 +0000] "GET /products/detail/309368933 HTTP/1.1" 200 185146 "-" "Mozilla/5.0 AppleWebKit/537.36 (KHTML, like Gecko; compatible; bingbot/2.0; +http://www.bing.com/bingbot.htm) Chrome/116.0.1938.76 Safari/537.36"
20.15.133.184 - - [31/Mar/2026:16:40:08 +0000] "GET /products/detail/247674377 HTTP/1.1" 200 196453 "-" "Mozilla/5.0 AppleWebKit/537.36 (KHTML, like Gecko; compatible; bingbot/2.0; +http://www.bing.com/bingbot.htm) Chrome/116.0.1938.76 Safari/537.36"
20.15.133.184 - - [31/Mar/2026:16:40:10 +0000] "GET /products/detail/159300347 HTTP/1.1" 200 197846 "-" "Mozilla/5.0 AppleWebKit/537.36 (KHTML, like Gecko; compatible; bingbot/2.0; +http://www.bing.com/bingbot.htm) Chrome/116.0.1938.76 Safari/537.36"
20.15.133.184 - - [31/Mar/2026:16:40:18 +0000] "GET /products/detail/237978347 HTTP/1.1" 200 190351 "-" "Mozilla/5.0 AppleWebKit/537.36 (KHTML, like Gecko; compatible; bingbot/2.0; +http://www.bing.com/bingbot.htm) Chrome/116.0.1938.76 Safari/537.36"
20.15.133.184 - - [31/Mar/2026:16:40:20 +0000] "GET /products/detail/260793781 HTTP/1.1" 200 201154 "-" "Mozilla/5.0 AppleWebKit/537.36 (KHTML, like Gecko; compatible; bingbot/2.0; +http://www.bing.com/bingbot.htm) Chrome/116.0.1938.76 Safari/537.36"
