20.15.133.162 - - [31/Mar/2026:14:03:33 +0000] "GET /products/detail/210249913 HTTP/1.1" 200 189997 "-" "Mozilla/5.0 AppleWebKit/537.36 (KHTML, like Gecko; compatible; bingbot/2.0; +http://www.bing.com/bingbot.htm) Chrome/116.0.1938.76 Safari/537.36"
66.249.74.7 - - [31/Mar/2026:14:04:11 +0000] "GET /casino-new-zealand-roulette-tips/ HTTP/1.1" 200 192427 "-" "Mozilla/5.0 (Linux; Android 6.0.1; Nexus 5X Build/MMB29P) AppleWebKit/537.36 (KHTML, like Gecko) Chrome/146.0.7680.153 Mobile Safari/537.36 (compatible; Googlebot/2.1; +http://www.google.com/bot.html)"
66.249.74.8 - - [31/Mar/2026:14:04:12 +0000] "GET /deposit-casino-pokies-available-in-new-zealand/ HTTP/1.1" 200 208354 "-" "Mozilla/5.0 (Linux; Android 6.0.1; Nexus 5X Build/MMB29P) AppleWebKit/537.36 (KHTML, like Gecko) Chrome/146.0.7680.153 Mobile Safari/537.36 (compatible; Googlebot/2.1; +http://www.google.com/bot.html)"
66.249.74.7 - - [31/Mar/2026:14:04:12 +0000] "GET /play-deposit-casino-pokies-for-fun-free/ HTTP/1.1" 200 185502 "-" "Mozilla/5.0 (Linux; Android 6.0.1; Nexus 5X Build/MMB29P) AppleWebKit/537.36 (KHTML, like Gecko) Chrome/146.0.7680.153 Mobile Safari/537.36 (compatible; Googlebot/2.1; +http://www.google.com/bot.html)"
66.249.74.2 - - [31/Mar/2026:14:04:12 +0000] "GET /products/detail/50742802 HTTP/1.1" 200 188045 "-" "Mozilla/5.0 (Linux; Android 6.0.1; Nexus 5X Build/MMB29P) AppleWebKit/537.36 (KHTML, like Gecko) Chrome/146.0.7680.153 Mobile Safari/537.36 (compatible; Googlebot/2.1; +http://www.google.com/bot.html)"
66.249.74.1 - - [31/Mar/2026:14:04:12 +0000] "GET /best-casino-online-in-new-zealand/ HTTP/1.1" 200 194968 "-" "Mozilla/5.0 (Linux; Android 6.0.1; Nexus 5X Build/MMB29P) AppleWebKit/537.36 (KHTML, like Gecko) Chrome/146.0.7680.153 Mobile Safari/537.36 (compatible; Googlebot/2.1; +http://www.google.com/bot.html)"
66.249.74.1 - - [31/Mar/2026:14:04:12 +0000] "GET /crown-perth-pokies/ HTTP/1.1" 200 199994 "-" "Mozilla/5.0 (Linux; Android 6.0.1; Nexus 5X Build/MMB29P) AppleWebKit/537.36 (KHTML, like Gecko) Chrome/146.0.7680.153 Mobile Safari/537.36 (compatible; Googlebot/2.1; +http://www.google.com/bot.html)"
2404:c0:9820::5:a17e - - [31/Mar/2026:14:04:27 +0000] "GET /about/ HTTP/1.1" 200 223180 "https://www.google.com/" "Mozilla/5.0 (Linux; Android 10; K) AppleWebKit/537.36 (KHTML, like Gecko) Chrome/146.0.0.0 Mobile Safari/537.36"
45.79.238.235 - - [31/Mar/2026:14:04:33 +0000] "POST /wp-cron.php?doing_wp_cron=1774965873.3474059104919433593750 HTTP/1.1" 200 - "-" "WordPress/6.7.5; http://airless.co.nz"
2404:c0:9820::5:a17e - - [31/Mar/2026:14:04:32 +0000] "GET /designs/34862451/canvas/59/product_images HTTP/1.1" 404 90039 "https://airless.co.nz/about/" "Mozilla/5.0 (Linux; Android 10; K) AppleWebKit/537.36 (KHTML, like Gecko) Chrome/146.0.0.0 Mobile Safari/537.36"
20.125.163.81 - - [31/Mar/2026:14:04:44 +0000] "GET /products/detail/280487822 HTTP/1.1" 200 202535 "-" "Mozilla/5.0 AppleWebKit/537.36 (KHTML, like Gecko; compatible; bingbot/2.0; +http://www.bing.com/bingbot.htm) Chrome/116.0.1938.76 Safari/537.36"
66.249.74.1 - - [31/Mar/2026:14:04:53 +0000] "GET /free-no-deposit-au-pokies-casino/ HTTP/1.1" 200 198375 "-" "Mozilla/5.0 (Linux; Android 6.0.1; Nexus 5X Build/MMB29P) AppleWebKit/537.36 (KHTML, like Gecko) Chrome/146.0.7680.153 Mobile Safari/537.36 (compatible; Googlebot/2.1; +http://www.google.com/bot.html)"
20.125.163.81 - - [31/Mar/2026:14:05:24 +0000] "GET /products/detail/283409115 HTTP/1.1" 200 186809 "-" "Mozilla/5.0 AppleWebKit/537.36 (KHTML, like Gecko; compatible; bingbot/2.0; +http://www.bing.com/bingbot.htm) Chrome/116.0.1938.76 Safari/537.36"
20.15.133.191 - - [31/Mar/2026:14:05:43 +0000] "GET /products/detail/215849478 HTTP/1.1" 200 186221 "-" "Mozilla/5.0 AppleWebKit/537.36 (KHTML, like Gecko; compatible; bingbot/2.0; +http://www.bing.com/bingbot.htm) Chrome/116.0.1938.76 Safari/537.36"
20.125.163.81 - - [31/Mar/2026:14:05:45 +0000] "GET /products/detail/140449387 HTTP/1.1" 200 186909 "-" "Mozilla/5.0 AppleWebKit/537.36 (KHTML, like Gecko; compatible; bingbot/2.0; +http://www.bing.com/bingbot.htm) Chrome/116.0.1938.76 Safari/537.36"
66.249.74.6 - - [31/Mar/2026:14:05:46 +0000] "GET /site-of-pokies-best-signup-bonus/ HTTP/1.1" 200 203368 "-" "Mozilla/5.0 (Linux; Android 6.0.1; Nexus 5X Build/MMB29P) AppleWebKit/537.36 (KHTML, like Gecko) Chrome/146.0.7680.153 Mobile Safari/537.36 (compatible; Googlebot/2.1; +http://www.google.com/bot.html)"
66.249.74.7 - - [31/Mar/2026:14:05:46 +0000] "GET /free-no-download-online-pokies/ HTTP/1.1" 200 197930 "-" "Mozilla/5.0 (Linux; Android 6.0.1; Nexus 5X Build/MMB29P) AppleWebKit/537.36 (KHTML, like Gecko) Chrome/146.0.7680.153 Mobile Safari/537.36 (compatible; Googlebot/2.1; +http://www.google.com/bot.html)"
66.249.74.8 - - [31/Mar/2026:14:05:46 +0000] "GET /?p=17078 HTTP/1.1" 200 191439 "-" "Mozilla/5.0 (Linux; Android 6.0.1; Nexus 5X Build/MMB29P) AppleWebKit/537.36 (KHTML, like Gecko) Chrome/146.0.7680.153 Mobile Safari/537.36 (compatible; Googlebot/2.1; +http://www.google.com/bot.html)"
52.167.144.157 - - [31/Mar/2026:14:05:51 +0000] "GET /wp-content/uploads/2025/03/IMG_20250527_100825-COLLAGE-980x735.jpg HTTP/1.1" 200 113839 "-" "Mozilla/5.0 AppleWebKit/537.36 (KHTML, like Gecko; compatible; bingbot/2.0; +http://www.bing.com/bingbot.htm) Chrome/116.0.1938.76 Safari/537.36"
66.249.74.1 - - [31/Mar/2026:14:06:47 +0000] "GET /top-ten-popular-pokies/ HTTP/1.1" 200 186908 "-" "Mozilla/5.0 (Linux; Android 6.0.1; Nexus 5X Build/MMB29P) AppleWebKit/537.36 (KHTML, like Gecko) Chrome/146.0.7680.153 Mobile Safari/537.36 (compatible; Googlebot/2.1; +http://www.google.com/bot.html)"
52.167.144.157 - - [31/Mar/2026:14:07:00 +0000] "GET /products/detail/251896276 HTTP/1.1" 200 200088 "-" "Mozilla/5.0 AppleWebKit/537.36 (KHTML, like Gecko; compatible; bingbot/2.0; +http://www.bing.com/bingbot.htm) Chrome/116.0.1938.76 Safari/537.36"
20.15.133.191 - - [31/Mar/2026:14:08:13 +0000] "GET /products/detail/230474933 HTTP/1.1" 200 188709 "-" "Mozilla/5.0 AppleWebKit/537.36 (KHTML, like Gecko; compatible; bingbot/2.0; +http://www.bing.com/bingbot.htm) Chrome/116.0.1938.76 Safari/537.36"
20.15.133.191 - - [31/Mar/2026:14:08:33 +0000] "GET /products/detail/120516862 HTTP/1.1" 200 190277 "-" "Mozilla/5.0 AppleWebKit/537.36 (KHTML, like Gecko; compatible; bingbot/2.0; +http://www.bing.com/bingbot.htm) Chrome/116.0.1938.76 Safari/537.36"
52.167.144.157 - - [31/Mar/2026:14:08:41 +0000] "GET /products/detail/255581004 HTTP/1.1" 200 202548 "-" "Mozilla/5.0 AppleWebKit/537.36 (KHTML, like Gecko; compatible; bingbot/2.0; +http://www.bing.com/bingbot.htm) Chrome/116.0.1938.76 Safari/537.36"
20.15.133.191 - - [31/Mar/2026:14:08:43 +0000] "GET /products/detail/128855256 HTTP/1.1" 200 216585 "-" "Mozilla/5.0 AppleWebKit/537.36 (KHTML, like Gecko; compatible; bingbot/2.0; +http://www.bing.com/bingbot.htm) Chrome/116.0.1938.76 Safari/537.36"
52.167.144.145 - - [31/Mar/2026:14:08:45 +0000] "GET /products/detail/240029448 HTTP/1.1" 200 192353 "-" "Mozilla/5.0 AppleWebKit/537.36 (KHTML, like Gecko; compatible; bingbot/2.0; +http://www.bing.com/bingbot.htm) Chrome/116.0.1938.76 Safari/537.36"
45.79.238.235 - - [31/Mar/2026:14:09:16 +0000] "GET /.well-known/acme-challenge/OQ8YC4S-H7JXU2HDIPMBJ09IGQB6BRD- HTTP/1.1" 200 64 "-" "Cpanel-HTTP-Client/1.0"
20.15.133.191 - - [31/Mar/2026:14:09:34 +0000] "GET /products/detail/282666377 HTTP/1.1" 200 184000 "-" "Mozilla/5.0 AppleWebKit/537.36 (KHTML, like Gecko; compatible; bingbot/2.0; +http://www.bing.com/bingbot.htm) Chrome/116.0.1938.76 Safari/537.36"
182.3.199.100 - - [31/Mar/2026:14:11:21 +0000] "GET /about/ HTTP/1.1" 200 223180 "https://www.google.com/" "Mozilla/5.0 (Linux; Android 10; K) AppleWebKit/537.36 (KHTML, like Gecko) Chrome/146.0.0.0 Mobile Safari/537.36"
66.249.74.8 - - [31/Mar/2026:14:11:25 +0000] "GET /pokies-for-real-money-machine-to-play-for-free/ HTTP/1.1" 200 198449 "-" "Mozilla/5.0 (Linux; Android 6.0.1; Nexus 5X Build/MMB29P) AppleWebKit/537.36 (KHTML, like Gecko) Chrome/146.0.7680.153 Mobile Safari/537.36 (compatible; Googlebot/2.1; +http://www.google.com/bot.html)"
45.79.238.235 - - [31/Mar/2026:14:11:33 +0000] "POST /wp-cron.php?doing_wp_cron=1774966293.5509240627288818359375 HTTP/1.1" 200 - "-" "WordPress/6.7.5; http://airless.co.nz"
182.3.199.100 - - [31/Mar/2026:14:11:31 +0000] "GET /designs/34862451/canvas/59/product_images HTTP/1.1" 404 90039 "https://airless.co.nz/about/" "Mozilla/5.0 (Linux; Android 10; K) AppleWebKit/537.36 (KHTML, like Gecko) Chrome/146.0.0.0 Mobile Safari/537.36"
20.15.133.191 - - [31/Mar/2026:14:11:34 +0000] "GET /products/detail/122158923 HTTP/1.1" 200 185216 "-" "Mozilla/5.0 AppleWebKit/537.36 (KHTML, like Gecko; compatible; bingbot/2.0; +http://www.bing.com/bingbot.htm) Chrome/116.0.1938.76 Safari/537.36"
20.15.133.191 - - [31/Mar/2026:14:11:54 +0000] "GET /products/detail/199792701 HTTP/1.1" 200 203539 "-" "Mozilla/5.0 AppleWebKit/537.36 (KHTML, like Gecko; compatible; bingbot/2.0; +http://www.bing.com/bingbot.htm) Chrome/116.0.1938.76 Safari/537.36"
52.167.144.145 - - [31/Mar/2026:14:12:01 +0000] "GET /products/detail/252540125 HTTP/1.1" 200 187449 "-" "Mozilla/5.0 AppleWebKit/537.36 (KHTML, like Gecko; compatible; bingbot/2.0; +http://www.bing.com/bingbot.htm) Chrome/116.0.1938.76 Safari/537.36"
40.77.167.26 - - [31/Mar/2026:14:12:11 +0000] "GET /products/detail/252573539 HTTP/1.1" 200 196800 "-" "Mozilla/5.0 AppleWebKit/537.36 (KHTML, like Gecko; compatible; bingbot/2.0; +http://www.bing.com/bingbot.htm) Chrome/116.0.1938.76 Safari/537.36"
103.141.255.61 - - [31/Mar/2026:14:13:40 +0000] "GET /about/ HTTP/1.1" 200 223180 "https://www.google.com/" "Mozilla/5.0 (Linux; Android 10; K) AppleWebKit/537.36 (KHTML, like Gecko) Chrome/146.0.0.0 Mobile Safari/537.36"
45.79.238.235 - - [31/Mar/2026:14:13:42 +0000] "POST /wp-cron.php?doing_wp_cron=1774966422.8901178836822509765625 HTTP/1.1" 200 - "-" "WordPress/6.7.5; http://airless.co.nz"
103.141.255.61 - - [31/Mar/2026:14:13:41 +0000] "GET /designs/34862451/canvas/59/product_images HTTP/1.1" 404 90039 "https://airless.co.nz/about/" "Mozilla/5.0 (Linux; Android 10; K) AppleWebKit/537.36 (KHTML, like Gecko) Chrome/146.0.0.0 Mobile Safari/537.36"
20.15.133.191 - - [31/Mar/2026:14:14:24 +0000] "GET /products/detail/222258509 HTTP/1.1" 200 194189 "-" "Mozilla/5.0 AppleWebKit/537.36 (KHTML, like Gecko; compatible; bingbot/2.0; +http://www.bing.com/bingbot.htm) Chrome/116.0.1938.76 Safari/537.36"
20.15.133.191 - - [31/Mar/2026:14:14:34 +0000] "GET /products/detail/264022084 HTTP/1.1" 200 218079 "-" "Mozilla/5.0 AppleWebKit/537.36 (KHTML, like Gecko; compatible; bingbot/2.0; +http://www.bing.com/bingbot.htm) Chrome/116.0.1938.76 Safari/537.36"
40.77.167.116 - - [31/Mar/2026:14:14:53 +0000] "GET /products/detail/172136145 HTTP/1.1" 200 189831 "-" "Mozilla/5.0 AppleWebKit/537.36 (KHTML, like Gecko; compatible; bingbot/2.0; +http://www.bing.com/bingbot.htm) Chrome/116.0.1938.76 Safari/537.36"
20.15.133.191 - - [31/Mar/2026:14:14:54 +0000] "GET /products/detail/239000175 HTTP/1.1" 200 190085 "-" "Mozilla/5.0 AppleWebKit/537.36 (KHTML, like Gecko; compatible; bingbot/2.0; +http://www.bing.com/bingbot.htm) Chrome/116.0.1938.76 Safari/537.36"
66.249.74.8 - - [31/Mar/2026:14:14:55 +0000] "GET /?p=15100 HTTP/1.1" 200 188395 "-" "Mozilla/5.0 (Linux; Android 6.0.1; Nexus 5X Build/MMB29P) AppleWebKit/537.36 (KHTML, like Gecko) Chrome/146.0.7680.153 Mobile Safari/537.36 (compatible; Googlebot/2.1; +http://www.google.com/bot.html)"
66.249.74.7 - - [31/Mar/2026:14:15:10 +0000] "GET /?p=11501 HTTP/1.1" 200 184057 "-" "Mozilla/5.0 (Linux; Android 6.0.1; Nexus 5X Build/MMB29P) AppleWebKit/537.36 (KHTML, like Gecko) Chrome/146.0.7680.153 Mobile Safari/537.36 (compatible; Googlebot/2.1; +http://www.google.com/bot.html)"
20.15.133.175 - - [31/Mar/2026:14:15:54 +0000] "GET /products/detail/207263145 HTTP/1.1" 200 196280 "-" "Mozilla/5.0 AppleWebKit/537.36 (KHTML, like Gecko; compatible; bingbot/2.0; +http://www.bing.com/bingbot.htm) Chrome/116.0.1938.76 Safari/537.36"
141.98.11.44 - - [31/Mar/2026:14:15:56 +0000] "GET /wp-includes/sodium_compat/src/Core/SecretStream/State.php HTTP/1.1" 403 4170 "-" "Mozilla/5.0 (Windows NT 10.0; Win64; x64) AppleWebKit/537.36"
20.15.133.175 - - [31/Mar/2026:14:16:24 +0000] "GET /products/detail/207489943 HTTP/1.1" 200 186357 "-" "Mozilla/5.0 AppleWebKit/537.36 (KHTML, like Gecko; compatible; bingbot/2.0; +http://www.bing.com/bingbot.htm) Chrome/116.0.1938.76 Safari/537.36"
20.15.133.175 - - [31/Mar/2026:14:16:26 +0000] "GET /products/detail/270612802 HTTP/1.1" 200 184741 "-" "Mozilla/5.0 AppleWebKit/537.36 (KHTML, like Gecko; compatible; bingbot/2.0; +http://www.bing.com/bingbot.htm) Chrome/116.0.1938.76 Safari/537.36"
40.77.167.116 - - [31/Mar/2026:14:18:05 +0000] "GET /products/detail/251017105 HTTP/1.1" 200 194970 "-" "Mozilla/5.0 AppleWebKit/537.36 (KHTML, like Gecko; compatible; bingbot/2.0; +http://www.bing.com/bingbot.htm) Chrome/116.0.1938.76 Safari/537.36"
20.15.133.175 - - [31/Mar/2026:14:18:34 +0000] "GET /products/detail/32176812 HTTP/1.1" 200 186765 "-" "Mozilla/5.0 AppleWebKit/537.36 (KHTML, like Gecko; compatible; bingbot/2.0; +http://www.bing.com/bingbot.htm) Chrome/116.0.1938.76 Safari/537.36"
20.15.133.175 - - [31/Mar/2026:14:18:54 +0000] "GET /products/detail/301957105 HTTP/1.1" 200 191811 "-" "Mozilla/5.0 AppleWebKit/537.36 (KHTML, like Gecko; compatible; bingbot/2.0; +http://www.bing.com/bingbot.htm) Chrome/116.0.1938.76 Safari/537.36"
20.15.133.175 - - [31/Mar/2026:14:19:54 +0000] "GET /products/detail/313078519 HTTP/1.1" 200 195827 "-" "Mozilla/5.0 AppleWebKit/537.36 (KHTML, like Gecko; compatible; bingbot/2.0; +http://www.bing.com/bingbot.htm) Chrome/116.0.1938.76 Safari/537.36"
20.15.133.175 - - [31/Mar/2026:14:20:04 +0000] "GET /products/detail/252877953 HTTP/1.1" 200 201251 "-" "Mozilla/5.0 AppleWebKit/537.36 (KHTML, like Gecko; compatible; bingbot/2.0; +http://www.bing.com/bingbot.htm) Chrome/116.0.1938.76 Safari/537.36"
20.125.163.81 - - [31/Mar/2026:14:20:25 +0000] "GET /products/detail/272493347 HTTP/1.1" 200 191394 "-" "Mozilla/5.0 AppleWebKit/537.36 (KHTML, like Gecko; compatible; bingbot/2.0; +http://www.bing.com/bingbot.htm) Chrome/116.0.1938.76 Safari/537.36"
66.249.74.10 - - [31/Mar/2026:14:20:56 +0000] "GET /are-slot-machines-legal-now-in-au/ HTTP/1.1" 200 185971 "-" "Mozilla/5.0 (Linux; Android 6.0.1; Nexus 5X Build/MMB29P) AppleWebKit/537.36 (KHTML, like Gecko) Chrome/146.0.7680.153 Mobile Safari/537.36 (compatible; Googlebot/2.1; +http://www.google.com/bot.html)"
20.15.133.175 - - [31/Mar/2026:14:21:45 +0000] "GET /products/detail/198405670 HTTP/1.1" 200 199910 "-" "Mozilla/5.0 AppleWebKit/537.36 (KHTML, like Gecko; compatible; bingbot/2.0; +http://www.bing.com/bingbot.htm) Chrome/116.0.1938.76 Safari/537.36"
40.77.167.116 - - [31/Mar/2026:14:21:49 +0000] "GET /?p=14893 HTTP/1.1" 200 184119 "-" "Mozilla/5.0 AppleWebKit/537.36 (KHTML, like Gecko; compatible; bingbot/2.0; +http://www.bing.com/bingbot.htm) Chrome/116.0.1938.76 Safari/537.36"
20.15.133.175 - - [31/Mar/2026:14:21:54 +0000] "GET /products/detail/285411377 HTTP/1.1" 200 200096 "-" "Mozilla/5.0 AppleWebKit/537.36 (KHTML, like Gecko; compatible; bingbot/2.0; +http://www.bing.com/bingbot.htm) Chrome/116.0.1938.76 Safari/537.36"
40.77.167.116 - - [31/Mar/2026:14:22:29 +0000] "GET /products/detail/128093286 HTTP/1.1" 200 187150 "-" "Mozilla/5.0 AppleWebKit/537.36 (KHTML, like Gecko; compatible; bingbot/2.0; +http://www.bing.com/bingbot.htm) Chrome/116.0.1938.76 Safari/537.36"
52.167.144.190 - - [31/Mar/2026:14:23:19 +0000] "GET /products/detail/215258418 HTTP/1.1" 200 193727 "-" "Mozilla/5.0 AppleWebKit/537.36 (KHTML, like Gecko; compatible; bingbot/2.0; +http://www.bing.com/bingbot.htm) Chrome/116.0.1938.76 Safari/537.36"
40.77.167.116 - - [31/Mar/2026:14:23:45 +0000] "GET /products/detail/157654357 HTTP/1.1" 200 190088 "-" "Mozilla/5.0 AppleWebKit/537.36 (KHTML, like Gecko; compatible; bingbot/2.0; +http://www.bing.com/bingbot.htm) Chrome/116.0.1938.76 Safari/537.36"
52.167.144.190 - - [31/Mar/2026:14:23:57 +0000] "GET /free-australian-pokies-no-downloads-or-registrations/ HTTP/1.1" 200 189003 "-" "Mozilla/5.0 AppleWebKit/537.36 (KHTML, like Gecko; compatible; bingbot/2.0; +http://www.bing.com/bingbot.htm) Chrome/116.0.1938.76 Safari/537.36"
20.15.133.175 - - [31/Mar/2026:14:24:14 +0000] "GET /products/detail/292107044 HTTP/1.1" 200 196038 "-" "Mozilla/5.0 AppleWebKit/537.36 (KHTML, like Gecko; compatible; bingbot/2.0; +http://www.bing.com/bingbot.htm) Chrome/116.0.1938.76 Safari/537.36"
20.125.163.81 - - [31/Mar/2026:14:24:26 +0000] "GET /products/detail/215849478 HTTP/1.1" 200 186221 "-" "Mozilla/5.0 AppleWebKit/537.36 (KHTML, like Gecko; compatible; bingbot/2.0; +http://www.bing.com/bingbot.htm) Chrome/116.0.1938.76 Safari/537.36"
52.167.144.190 - - [31/Mar/2026:14:25:13 +0000] "GET /products/detail/191619781 HTTP/1.1" 200 194895 "-" "Mozilla/5.0 AppleWebKit/537.36 (KHTML, like Gecko; compatible; bingbot/2.0; +http://www.bing.com/bingbot.htm) Chrome/116.0.1938.76 Safari/537.36"
52.167.144.190 - - [31/Mar/2026:14:25:14 +0000] "GET /products/detail/248237559 HTTP/1.1" 200 195274 "-" "Mozilla/5.0 AppleWebKit/537.36 (KHTML, like Gecko; compatible; bingbot/2.0; +http://www.bing.com/bingbot.htm) Chrome/116.0.1938.76 Safari/537.36"
52.167.144.190 - - [31/Mar/2026:14:25:15 +0000] "GET /products/detail/228193327 HTTP/1.1" 200 193347 "-" "Mozilla/5.0 AppleWebKit/537.36 (KHTML, like Gecko; compatible; bingbot/2.0; +http://www.bing.com/bingbot.htm) Chrome/116.0.1938.76 Safari/537.36"
52.167.144.190 - - [31/Mar/2026:14:25:16 +0000] "GET /products/detail/232720438 HTTP/1.1" 200 198051 "-" "Mozilla/5.0 AppleWebKit/537.36 (KHTML, like Gecko; compatible; bingbot/2.0; +http://www.bing.com/bingbot.htm) Chrome/116.0.1938.76 Safari/537.36"
40.77.167.116 - - [31/Mar/2026:14:25:23 +0000] "GET /products/detail/200786286 HTTP/1.1" 200 194117 "-" "Mozilla/5.0 AppleWebKit/537.36 (KHTML, like Gecko; compatible; bingbot/2.0; +http://www.bing.com/bingbot.htm) Chrome/116.0.1938.76 Safari/537.36"
40.77.167.116 - - [31/Mar/2026:14:25:23 +0000] "GET /products/detail/67533751 HTTP/1.1" 200 207303 "-" "Mozilla/5.0 AppleWebKit/537.36 (KHTML, like Gecko; compatible; bingbot/2.0; +http://www.bing.com/bingbot.htm) Chrome/116.0.1938.76 Safari/537.36"
40.77.167.116 - - [31/Mar/2026:14:25:24 +0000] "GET /products/detail/86972741 HTTP/1.1" 200 201354 "-" "Mozilla/5.0 AppleWebKit/537.36 (KHTML, like Gecko; compatible; bingbot/2.0; +http://www.bing.com/bingbot.htm) Chrome/116.0.1938.76 Safari/537.36"
40.77.167.116 - - [31/Mar/2026:14:25:25 +0000] "GET /products/detail/263178781 HTTP/1.1" 200 192337 "-" "Mozilla/5.0 AppleWebKit/537.36 (KHTML, like Gecko; compatible; bingbot/2.0; +http://www.bing.com/bingbot.htm) Chrome/116.0.1938.76 Safari/537.36"
40.77.167.116 - - [31/Mar/2026:14:25:26 +0000] "GET /products/detail/302974549 HTTP/1.1" 200 190318 "-" "Mozilla/5.0 AppleWebKit/537.36 (KHTML, like Gecko; compatible; bingbot/2.0; +http://www.bing.com/bingbot.htm) Chrome/116.0.1938.76 Safari/537.36"
40.77.167.116 - - [31/Mar/2026:14:25:27 +0000] "GET /products/detail/290630478 HTTP/1.1" 200 185388 "-" "Mozilla/5.0 AppleWebKit/537.36 (KHTML, like Gecko; compatible; bingbot/2.0; +http://www.bing.com/bingbot.htm) Chrome/116.0.1938.76 Safari/537.36"
40.77.167.116 - - [31/Mar/2026:14:25:28 +0000] "GET /products/detail/302679236 HTTP/1.1" 200 210467 "-" "Mozilla/5.0 AppleWebKit/537.36 (KHTML, like Gecko; compatible; bingbot/2.0; +http://www.bing.com/bingbot.htm) Chrome/116.0.1938.76 Safari/537.36"
40.77.167.116 - - [31/Mar/2026:14:25:29 +0000] "GET /products/detail/248556488 HTTP/1.1" 200 202731 "-" "Mozilla/5.0 AppleWebKit/537.36 (KHTML, like Gecko; compatible; bingbot/2.0; +http://www.bing.com/bingbot.htm) Chrome/116.0.1938.76 Safari/537.36"
52.167.144.190 - - [31/Mar/2026:14:25:30 +0000] "GET /products/detail/272687963 HTTP/1.1" 200 183822 "-" "Mozilla/5.0 AppleWebKit/537.36 (KHTML, like Gecko; compatible; bingbot/2.0; +http://www.bing.com/bingbot.htm) Chrome/116.0.1938.76 Safari/537.36"
52.167.144.190 - - [31/Mar/2026:14:25:30 +0000] "GET /products/detail/216775701 HTTP/1.1" 200 190305 "-" "Mozilla/5.0 AppleWebKit/537.36 (KHTML, like Gecko; compatible; bingbot/2.0; +http://www.bing.com/bingbot.htm) Chrome/116.0.1938.76 Safari/537.36"
52.167.144.190 - - [31/Mar/2026:14:25:31 +0000] "GET /products/detail/99851307 HTTP/1.1" 200 184593 "-" "Mozilla/5.0 AppleWebKit/537.36 (KHTML, like Gecko; compatible; bingbot/2.0; +http://www.bing.com/bingbot.htm) Chrome/116.0.1938.76 Safari/537.36"
52.167.144.190 - - [31/Mar/2026:14:25:32 +0000] "GET /products/detail/269182468 HTTP/1.1" 200 195567 "-" "Mozilla/5.0 AppleWebKit/537.36 (KHTML, like Gecko; compatible; bingbot/2.0; +http://www.bing.com/bingbot.htm) Chrome/116.0.1938.76 Safari/537.36"
52.167.144.190 - - [31/Mar/2026:14:25:33 +0000] "GET /products/detail/102797337 HTTP/1.1" 200 196884 "-" "Mozilla/5.0 AppleWebKit/537.36 (KHTML, like Gecko; compatible; bingbot/2.0; +http://www.bing.com/bingbot.htm) Chrome/116.0.1938.76 Safari/537.36"
45.79.238.235 - - [31/Mar/2026:14:25:34 +0000] "POST /wp-cron.php?doing_wp_cron=1774967134.5373129844665527343750 HTTP/1.1" 200 - "-" "WordPress/6.7.5; http://airless.co.nz"
52.167.144.190 - - [31/Mar/2026:14:25:34 +0000] "GET /products/detail/153760731 HTTP/1.1" 200 195747 "-" "Mozilla/5.0 AppleWebKit/537.36 (KHTML, like Gecko; compatible; bingbot/2.0; +http://www.bing.com/bingbot.htm) Chrome/116.0.1938.76 Safari/537.36"
4.181.54.4 - - [31/Mar/2026:14:25:32 +0000] "GET /products/detail/33035630 HTTP/1.1" 404 90041 "-" "Mozilla/5.0 (Windows NT 10.0; Win64; x64) AppleWebKit/537.36 (KHTML, like Gecko) Chrome/131.0.0.0 Safari/537.36 Edg/131.0.0.0"
52.167.144.190 - - [31/Mar/2026:14:25:35 +0000] "GET /products/detail/316014862 HTTP/1.1" 200 189290 "-" "Mozilla/5.0 AppleWebKit/537.36 (KHTML, like Gecko; compatible; bingbot/2.0; +http://www.bing.com/bingbot.htm) Chrome/116.0.1938.76 Safari/537.36"
52.167.144.190 - - [31/Mar/2026:14:25:35 +0000] "GET /products/detail/175806670 HTTP/1.1" 200 198847 "-" "Mozilla/5.0 AppleWebKit/537.36 (KHTML, like Gecko; compatible; bingbot/2.0; +http://www.bing.com/bingbot.htm) Chrome/116.0.1938.76 Safari/537.36"
45.79.238.235 - - [31/Mar/2026:14:25:35 +0000] "POST /wp-admin/admin-ajax.php?action=wordfence_testAjax HTTP/1.1" 200 12 "-" "WordPress/6.7.5; http://airless.co.nz"
52.167.144.190 - - [31/Mar/2026:14:25:36 +0000] "GET /products/detail/227807559 HTTP/1.1" 200 190428 "-" "Mozilla/5.0 AppleWebKit/537.36 (KHTML, like Gecko; compatible; bingbot/2.0; +http://www.bing.com/bingbot.htm) Chrome/116.0.1938.76 Safari/537.36"
52.167.144.190 - - [31/Mar/2026:14:25:37 +0000] "GET /products/detail/239417337 HTTP/1.1" 200 203238 "-" "Mozilla/5.0 AppleWebKit/537.36 (KHTML, like Gecko; compatible; bingbot/2.0; +http://www.bing.com/bingbot.htm) Chrome/116.0.1938.76 Safari/537.36"
52.167.144.190 - - [31/Mar/2026:14:25:38 +0000] "GET /products/detail/135923963 HTTP/1.1" 200 191757 "-" "Mozilla/5.0 AppleWebKit/537.36 (KHTML, like Gecko; compatible; bingbot/2.0; +http://www.bing.com/bingbot.htm) Chrome/116.0.1938.76 Safari/537.36"
52.167.144.190 - - [31/Mar/2026:14:25:39 +0000] "GET /products/detail/210129428 HTTP/1.1" 200 186786 "-" "Mozilla/5.0 AppleWebKit/537.36 (KHTML, like Gecko; compatible; bingbot/2.0; +http://www.bing.com/bingbot.htm) Chrome/116.0.1938.76 Safari/537.36"
52.167.144.190 - - [31/Mar/2026:14:25:40 +0000] "GET /products/detail/227404680 HTTP/1.1" 200 203264 "-" "Mozilla/5.0 AppleWebKit/537.36 (KHTML, like Gecko; compatible; bingbot/2.0; +http://www.bing.com/bingbot.htm) Chrome/116.0.1938.76 Safari/537.36"
45.79.238.235 - - [31/Mar/2026:14:25:36 +0000] "GET /wp-admin/admin-ajax.php?action=wordfence_doScan&isFork=0&scanMode=quick&cronKey=1aeb7ad403b1a58aadd01f81212603e4&signature=51846c1b833a9f26f5623bcec4042dbecf03bfb1bb9e6ab9372df938f7f24733 HTTP/1.1" 200 - "-" "WordPress/6.7.5; http://airless.co.nz"
52.167.144.190 - - [31/Mar/2026:14:25:41 +0000] "GET /products/detail/98246711 HTTP/1.1" 200 195131 "-" "Mozilla/5.0 AppleWebKit/537.36 (KHTML, like Gecko; compatible; bingbot/2.0; +http://www.bing.com/bingbot.htm) Chrome/116.0.1938.76 Safari/537.36"
52.167.144.190 - - [31/Mar/2026:14:25:42 +0000] "GET /products/detail/78954206 HTTP/1.1" 200 195400 "-" "Mozilla/5.0 AppleWebKit/537.36 (KHTML, like Gecko; compatible; bingbot/2.0; +http://www.bing.com/bingbot.htm) Chrome/116.0.1938.76 Safari/537.36"
52.167.144.190 - - [31/Mar/2026:14:25:42 +0000] "GET /products/detail/211333165 HTTP/1.1" 200 194313 "-" "Mozilla/5.0 AppleWebKit/537.36 (KHTML, like Gecko; compatible; bingbot/2.0; +http://www.bing.com/bingbot.htm) Chrome/116.0.1938.76 Safari/537.36"
20.15.133.175 - - [31/Mar/2026:14:25:45 +0000] "GET /products/detail/158659084 HTTP/1.1" 200 195654 "-" "Mozilla/5.0 AppleWebKit/537.36 (KHTML, like Gecko; compatible; bingbot/2.0; +http://www.bing.com/bingbot.htm) Chrome/116.0.1938.76 Safari/537.36"
52.167.144.190 - - [31/Mar/2026:14:25:46 +0000] "GET /products/detail/238139448 HTTP/1.1" 200 203931 "-" "Mozilla/5.0 AppleWebKit/537.36 (KHTML, like Gecko; compatible; bingbot/2.0; +http://www.bing.com/bingbot.htm) Chrome/116.0.1938.76 Safari/537.36"
52.167.144.190 - - [31/Mar/2026:14:25:46 +0000] "GET /products/detail/193443640 HTTP/1.1" 200 201240 "-" "Mozilla/5.0 AppleWebKit/537.36 (KHTML, like Gecko; compatible; bingbot/2.0; +http://www.bing.com/bingbot.htm) Chrome/116.0.1938.76 Safari/537.36"
52.167.144.190 - - [31/Mar/2026:14:25:47 +0000] "GET /products/detail/167641650 HTTP/1.1" 200 195215 "-" "Mozilla/5.0 AppleWebKit/537.36 (KHTML, like Gecko; compatible; bingbot/2.0; +http://www.bing.com/bingbot.htm) Chrome/116.0.1938.76 Safari/537.36"
52.167.144.190 - - [31/Mar/2026:14:25:48 +0000] "GET /products/detail/125360903 HTTP/1.1" 200 218925 "-" "Mozilla/5.0 AppleWebKit/537.36 (KHTML, like Gecko; compatible; bingbot/2.0; +http://www.bing.com/bingbot.htm) Chrome/116.0.1938.76 Safari/537.36"
52.167.144.190 - - [31/Mar/2026:14:25:49 +0000] "GET /products/detail/192660751 HTTP/1.1" 200 215642 "-" "Mozilla/5.0 AppleWebKit/537.36 (KHTML, like Gecko; compatible; bingbot/2.0; +http://www.bing.com/bingbot.htm) Chrome/116.0.1938.76 Safari/537.36"
52.167.144.190 - - [31/Mar/2026:14:25:50 +0000] "GET /products/detail/122022781 HTTP/1.1" 200 190203 "-" "Mozilla/5.0 AppleWebKit/537.36 (KHTML, like Gecko; compatible; bingbot/2.0; +http://www.bing.com/bingbot.htm) Chrome/116.0.1938.76 Safari/537.36"
52.167.144.190 - - [31/Mar/2026:14:25:51 +0000] "GET /products/detail/176336903 HTTP/1.1" 200 200781 "-" "Mozilla/5.0 AppleWebKit/537.36 (KHTML, like Gecko; compatible; bingbot/2.0; +http://www.bing.com/bingbot.htm) Chrome/116.0.1938.76 Safari/537.36"
52.167.144.190 - - [31/Mar/2026:14:25:51 +0000] "GET /products/detail/219233145 HTTP/1.1" 200 204696 "-" "Mozilla/5.0 AppleWebKit/537.36 (KHTML, like Gecko; compatible; bingbot/2.0; +http://www.bing.com/bingbot.htm) Chrome/116.0.1938.76 Safari/537.36"
52.167.144.190 - - [31/Mar/2026:14:25:52 +0000] "GET /products/detail/239738741 HTTP/1.1" 200 191644 "-" "Mozilla/5.0 AppleWebKit/537.36 (KHTML, like Gecko; compatible; bingbot/2.0; +http://www.bing.com/bingbot.htm) Chrome/116.0.1938.76 Safari/537.36"
52.167.144.190 - - [31/Mar/2026:14:25:53 +0000] "GET /products/detail/201635115 HTTP/1.1" 200 194131 "-" "Mozilla/5.0 AppleWebKit/537.36 (KHTML, like Gecko; compatible; bingbot/2.0; +http://www.bing.com/bingbot.htm) Chrome/116.0.1938.76 Safari/537.36"
52.167.144.190 - - [31/Mar/2026:14:25:54 +0000] "GET /products/detail/241006620 HTTP/1.1" 200 203875 "-" "Mozilla/5.0 AppleWebKit/537.36 (KHTML, like Gecko; compatible; bingbot/2.0; +http://www.bing.com/bingbot.htm) Chrome/116.0.1938.76 Safari/537.36"
52.167.144.190 - - [31/Mar/2026:14:25:55 +0000] "GET /products/detail/214622004 HTTP/1.1" 200 195194 "-" "Mozilla/5.0 AppleWebKit/537.36 (KHTML, like Gecko; compatible; bingbot/2.0; +http://www.bing.com/bingbot.htm) Chrome/116.0.1938.76 Safari/537.36"
52.167.144.190 - - [31/Mar/2026:14:25:56 +0000] "GET /products/detail/236534529 HTTP/1.1" 200 208255 "-" "Mozilla/5.0 AppleWebKit/537.36 (KHTML, like Gecko; compatible; bingbot/2.0; +http://www.bing.com/bingbot.htm) Chrome/116.0.1938.76 Safari/537.36"
52.167.144.190 - - [31/Mar/2026:14:25:57 +0000] "GET /products/detail/191357004 HTTP/1.1" 200 185628 "-" "Mozilla/5.0 AppleWebKit/537.36 (KHTML, like Gecko; compatible; bingbot/2.0; +http://www.bing.com/bingbot.htm) Chrome/116.0.1938.76 Safari/537.36"
40.77.167.44 - - [31/Mar/2026:14:25:58 +0000] "GET /products/detail/216341004 HTTP/1.1" 200 191536 "-" "Mozilla/5.0 AppleWebKit/537.36 (KHTML, like Gecko; compatible; bingbot/2.0; +http://www.bing.com/bingbot.htm) Chrome/116.0.1938.76 Safari/537.36"
40.77.167.44 - - [31/Mar/2026:14:25:59 +0000] "GET /products/detail/195604216 HTTP/1.1" 200 195963 "-" "Mozilla/5.0 AppleWebKit/537.36 (KHTML, like Gecko; compatible; bingbot/2.0; +http://www.bing.com/bingbot.htm) Chrome/116.0.1938.76 Safari/537.36"
40.77.167.44 - - [31/Mar/2026:14:26:00 +0000] "GET /products/detail/221780145 HTTP/1.1" 200 219194 "-" "Mozilla/5.0 AppleWebKit/537.36 (KHTML, like Gecko; compatible; bingbot/2.0; +http://www.bing.com/bingbot.htm) Chrome/116.0.1938.76 Safari/537.36"
40.77.167.44 - - [31/Mar/2026:14:26:01 +0000] "GET /products/detail/238421711 HTTP/1.1" 200 191409 "-" "Mozilla/5.0 AppleWebKit/537.36 (KHTML, like Gecko; compatible; bingbot/2.0; +http://www.bing.com/bingbot.htm) Chrome/116.0.1938.76 Safari/537.36"
40.77.167.44 - - [31/Mar/2026:14:26:01 +0000] "GET /products/detail/259467862 HTTP/1.1" 200 201203 "-" "Mozilla/5.0 AppleWebKit/537.36 (KHTML, like Gecko; compatible; bingbot/2.0; +http://www.bing.com/bingbot.htm) Chrome/116.0.1938.76 Safari/537.36"
40.77.167.44 - - [31/Mar/2026:14:26:02 +0000] "GET /products/detail/80089549 HTTP/1.1" 200 193433 "-" "Mozilla/5.0 AppleWebKit/537.36 (KHTML, like Gecko; compatible; bingbot/2.0; +http://www.bing.com/bingbot.htm) Chrome/116.0.1938.76 Safari/537.36"
40.77.167.44 - - [31/Mar/2026:14:26:03 +0000] "GET /products/detail/267325872 HTTP/1.1" 200 211447 "-" "Mozilla/5.0 AppleWebKit/537.36 (KHTML, like Gecko; compatible; bingbot/2.0; +http://www.bing.com/bingbot.htm) Chrome/116.0.1938.76 Safari/537.36"
40.77.167.116 - - [31/Mar/2026:14:26:07 +0000] "GET /products/detail/153368004 HTTP/1.1" 200 212827 "-" "Mozilla/5.0 AppleWebKit/537.36 (KHTML, like Gecko; compatible; bingbot/2.0; +http://www.bing.com/bingbot.htm) Chrome/116.0.1938.76 Safari/537.36"
40.77.167.116 - - [31/Mar/2026:14:26:08 +0000] "GET /products/detail/131983105 HTTP/1.1" 200 197070 "-" "Mozilla/5.0 AppleWebKit/537.36 (KHTML, like Gecko; compatible; bingbot/2.0; +http://www.bing.com/bingbot.htm) Chrome/116.0.1938.76 Safari/537.36"
40.77.167.116 - - [31/Mar/2026:14:26:09 +0000] "GET /products/detail/307755458 HTTP/1.1" 200 187426 "-" "Mozilla/5.0 AppleWebKit/537.36 (KHTML, like Gecko; compatible; bingbot/2.0; +http://www.bing.com/bingbot.htm) Chrome/116.0.1938.76 Safari/537.36"
40.77.167.116 - - [31/Mar/2026:14:26:10 +0000] "GET /products/detail/155635105 HTTP/1.1" 200 191999 "-" "Mozilla/5.0 AppleWebKit/537.36 (KHTML, like Gecko; compatible; bingbot/2.0; +http://www.bing.com/bingbot.htm) Chrome/116.0.1938.76 Safari/537.36"
40.77.167.116 - - [31/Mar/2026:14:26:10 +0000] "GET /products/detail/208378923 HTTP/1.1" 200 187396 "-" "Mozilla/5.0 AppleWebKit/537.36 (KHTML, like Gecko; compatible; bingbot/2.0; +http://www.bing.com/bingbot.htm) Chrome/116.0.1938.76 Safari/537.36"
40.77.167.116 - - [31/Mar/2026:14:26:11 +0000] "GET /products/detail/143126226 HTTP/1.1" 200 199657 "-" "Mozilla/5.0 AppleWebKit/537.36 (KHTML, like Gecko; compatible; bingbot/2.0; +http://www.bing.com/bingbot.htm) Chrome/116.0.1938.76 Safari/537.36"
40.77.167.116 - - [31/Mar/2026:14:26:12 +0000] "GET /products/detail/183344064 HTTP/1.1" 200 188361 "-" "Mozilla/5.0 AppleWebKit/537.36 (KHTML, like Gecko; compatible; bingbot/2.0; +http://www.bing.com/bingbot.htm) Chrome/116.0.1938.76 Safari/537.36"
40.77.167.116 - - [31/Mar/2026:14:26:13 +0000] "GET /products/detail/228796872 HTTP/1.1" 200 204985 "-" "Mozilla/5.0 AppleWebKit/537.36 (KHTML, like Gecko; compatible; bingbot/2.0; +http://www.bing.com/bingbot.htm) Chrome/116.0.1938.76 Safari/537.36"
40.77.167.116 - - [31/Mar/2026:14:26:14 +0000] "GET /products/detail/213405751 HTTP/1.1" 200 192205 "-" "Mozilla/5.0 AppleWebKit/537.36 (KHTML, like Gecko; compatible; bingbot/2.0; +http://www.bing.com/bingbot.htm) Chrome/116.0.1938.76 Safari/537.36"
40.77.167.116 - - [31/Mar/2026:14:26:15 +0000] "GET /products/detail/192824660 HTTP/1.1" 200 198843 "-" "Mozilla/5.0 AppleWebKit/537.36 (KHTML, like Gecko; compatible; bingbot/2.0; +http://www.bing.com/bingbot.htm) Chrome/116.0.1938.76 Safari/537.36"
40.77.167.116 - - [31/Mar/2026:14:26:16 +0000] "GET /products/detail/192608004 HTTP/1.1" 200 191569 "-" "Mozilla/5.0 AppleWebKit/537.36 (KHTML, like Gecko; compatible; bingbot/2.0; +http://www.bing.com/bingbot.htm) Chrome/116.0.1938.76 Safari/537.36"
40.77.167.116 - - [31/Mar/2026:14:26:17 +0000] "GET /products/detail/147714317 HTTP/1.1" 200 204718 "-" "Mozilla/5.0 AppleWebKit/537.36 (KHTML, like Gecko; compatible; bingbot/2.0; +http://www.bing.com/bingbot.htm) Chrome/116.0.1938.76 Safari/537.36"
40.77.167.116 - - [31/Mar/2026:14:26:18 +0000] "GET /products/detail/304773973 HTTP/1.1" 200 192351 "-" "Mozilla/5.0 AppleWebKit/537.36 (KHTML, like Gecko; compatible; bingbot/2.0; +http://www.bing.com/bingbot.htm) Chrome/116.0.1938.76 Safari/537.36"
40.77.167.116 - - [31/Mar/2026:14:26:18 +0000] "GET /products/detail/302513064 HTTP/1.1" 200 191612 "-" "Mozilla/5.0 AppleWebKit/537.36 (KHTML, like Gecko; compatible; bingbot/2.0; +http://www.bing.com/bingbot.htm) Chrome/116.0.1938.76 Safari/537.36"
40.77.167.116 - - [31/Mar/2026:14:26:19 +0000] "GET /products/detail/230002761 HTTP/1.1" 200 191778 "-" "Mozilla/5.0 AppleWebKit/537.36 (KHTML, like Gecko; compatible; bingbot/2.0; +http://www.bing.com/bingbot.htm) Chrome/116.0.1938.76 Safari/537.36"
40.77.167.116 - - [31/Mar/2026:14:26:20 +0000] "GET /products/detail/202440488 HTTP/1.1" 200 193190 "-" "Mozilla/5.0 AppleWebKit/537.36 (KHTML, like Gecko; compatible; bingbot/2.0; +http://www.bing.com/bingbot.htm) Chrome/116.0.1938.76 Safari/537.36"
40.77.167.116 - - [31/Mar/2026:14:26:20 +0000] "GET /products/detail/180962004 HTTP/1.1" 200 184663 "-" "Mozilla/5.0 AppleWebKit/537.36 (KHTML, like Gecko; compatible; bingbot/2.0; +http://www.bing.com/bingbot.htm) Chrome/116.0.1938.76 Safari/537.36"
40.77.167.116 - - [31/Mar/2026:14:26:21 +0000] "GET /products/detail/164535074 HTTP/1.1" 200 202959 "-" "Mozilla/5.0 AppleWebKit/537.36 (KHTML, like Gecko; compatible; bingbot/2.0; +http://www.bing.com/bingbot.htm) Chrome/116.0.1938.76 Safari/537.36"
40.77.167.116 - - [31/Mar/2026:14:26:22 +0000] "GET /products/detail/246542852 HTTP/1.1" 200 199597 "-" "Mozilla/5.0 AppleWebKit/537.36 (KHTML, like Gecko; compatible; bingbot/2.0; +http://www.bing.com/bingbot.htm) Chrome/116.0.1938.76 Safari/537.36"
40.77.167.116 - - [31/Mar/2026:14:26:23 +0000] "GET /products/detail/144327488 HTTP/1.1" 200 194054 "-" "Mozilla/5.0 AppleWebKit/537.36 (KHTML, like Gecko; compatible; bingbot/2.0; +http://www.bing.com/bingbot.htm) Chrome/116.0.1938.76 Safari/537.36"
40.77.167.116 - - [31/Mar/2026:14:26:24 +0000] "GET /products/detail/166880478 HTTP/1.1" 200 192399 "-" "Mozilla/5.0 AppleWebKit/537.36 (KHTML, like Gecko; compatible; bingbot/2.0; +http://www.bing.com/bingbot.htm) Chrome/116.0.1938.76 Safari/537.36"
40.77.167.116 - - [31/Mar/2026:14:26:24 +0000] "GET /products/detail/256116721 HTTP/1.1" 200 202132 "-" "Mozilla/5.0 AppleWebKit/537.36 (KHTML, like Gecko; compatible; bingbot/2.0; +http://www.bing.com/bingbot.htm) Chrome/116.0.1938.76 Safari/537.36"
40.77.167.116 - - [31/Mar/2026:14:26:26 +0000] "GET /products/detail/24360751 HTTP/1.1" 200 202541 "-" "Mozilla/5.0 AppleWebKit/537.36 (KHTML, like Gecko; compatible; bingbot/2.0; +http://www.bing.com/bingbot.htm) Chrome/116.0.1938.76 Safari/537.36"
40.77.167.116 - - [31/Mar/2026:14:26:26 +0000] "GET /products/detail/197228933 HTTP/1.1" 200 206688 "-" "Mozilla/5.0 AppleWebKit/537.36 (KHTML, like Gecko; compatible; bingbot/2.0; +http://www.bing.com/bingbot.htm) Chrome/116.0.1938.76 Safari/537.36"
40.77.167.116 - - [31/Mar/2026:14:26:27 +0000] "GET /products/detail/30520357 HTTP/1.1" 200 193999 "-" "Mozilla/5.0 AppleWebKit/537.36 (KHTML, like Gecko; compatible; bingbot/2.0; +http://www.bing.com/bingbot.htm) Chrome/116.0.1938.76 Safari/537.36"
40.77.167.116 - - [31/Mar/2026:14:26:28 +0000] "GET /products/detail/231502842 HTTP/1.1" 200 199815 "-" "Mozilla/5.0 AppleWebKit/537.36 (KHTML, like Gecko; compatible; bingbot/2.0; +http://www.bing.com/bingbot.htm) Chrome/116.0.1938.76 Safari/537.36"
40.77.167.116 - - [31/Mar/2026:14:26:29 +0000] "GET /products/detail/214669024 HTTP/1.1" 200 190185 "-" "Mozilla/5.0 AppleWebKit/537.36 (KHTML, like Gecko; compatible; bingbot/2.0; +http://www.bing.com/bingbot.htm) Chrome/116.0.1938.76 Safari/537.36"
40.77.167.116 - - [31/Mar/2026:14:26:30 +0000] "GET /products/detail/240104933 HTTP/1.1" 200 210223 "-" "Mozilla/5.0 AppleWebKit/537.36 (KHTML, like Gecko; compatible; bingbot/2.0; +http://www.bing.com/bingbot.htm) Chrome/116.0.1938.76 Safari/537.36"
40.77.167.116 - - [31/Mar/2026:14:26:31 +0000] "GET /products/detail/193676741 HTTP/1.1" 200 196455 "-" "Mozilla/5.0 AppleWebKit/537.36 (KHTML, like Gecko; compatible; bingbot/2.0; +http://www.bing.com/bingbot.htm) Chrome/116.0.1938.76 Safari/537.36"
40.77.167.116 - - [31/Mar/2026:14:26:32 +0000] "GET /products/detail/201191741 HTTP/1.1" 200 191660 "-" "Mozilla/5.0 AppleWebKit/537.36 (KHTML, like Gecko; compatible; bingbot/2.0; +http://www.bing.com/bingbot.htm) Chrome/116.0.1938.76 Safari/537.36"
20.125.163.81 - - [31/Mar/2026:14:26:36 +0000] "GET /products/detail/118450680 HTTP/1.1" 200 187976 "-" "Mozilla/5.0 AppleWebKit/537.36 (KHTML, like Gecko; compatible; bingbot/2.0; +http://www.bing.com/bingbot.htm) Chrome/116.0.1938.76 Safari/537.36"
40.77.167.116 - - [31/Mar/2026:14:26:37 +0000] "GET /products/detail/152187973 HTTP/1.1" 200 184605 "-" "Mozilla/5.0 AppleWebKit/537.36 (KHTML, like Gecko; compatible; bingbot/2.0; +http://www.bing.com/bingbot.htm) Chrome/116.0.1938.76 Safari/537.36"
40.77.167.116 - - [31/Mar/2026:14:26:38 +0000] "GET /products/detail/249996377 HTTP/1.1" 200 201531 "-" "Mozilla/5.0 AppleWebKit/537.36 (KHTML, like Gecko; compatible; bingbot/2.0; +http://www.bing.com/bingbot.htm) Chrome/116.0.1938.76 Safari/537.36"
40.77.167.116 - - [31/Mar/2026:14:26:39 +0000] "GET /products/detail/298798084 HTTP/1.1" 200 188741 "-" "Mozilla/5.0 AppleWebKit/537.36 (KHTML, like Gecko; compatible; bingbot/2.0; +http://www.bing.com/bingbot.htm) Chrome/116.0.1938.76 Safari/537.36"
40.77.167.116 - - [31/Mar/2026:14:26:40 +0000] "GET /products/detail/20327418 HTTP/1.1" 200 185522 "-" "Mozilla/5.0 AppleWebKit/537.36 (KHTML, like Gecko; compatible; bingbot/2.0; +http://www.bing.com/bingbot.htm) Chrome/116.0.1938.76 Safari/537.36"
40.77.167.116 - - [31/Mar/2026:14:26:41 +0000] "GET /products/detail/161699963 HTTP/1.1" 200 191708 "-" "Mozilla/5.0 AppleWebKit/537.36 (KHTML, like Gecko; compatible; bingbot/2.0; +http://www.bing.com/bingbot.htm) Chrome/116.0.1938.76 Safari/537.36"
40.77.167.116 - - [31/Mar/2026:14:26:42 +0000] "GET /products/detail/184683509 HTTP/1.1" 200 192898 "-" "Mozilla/5.0 AppleWebKit/537.36 (KHTML, like Gecko; compatible; bingbot/2.0; +http://www.bing.com/bingbot.htm) Chrome/116.0.1938.76 Safari/537.36"
40.77.167.116 - - [31/Mar/2026:14:26:43 +0000] "GET /products/detail/149211802 HTTP/1.1" 200 198787 "-" "Mozilla/5.0 AppleWebKit/537.36 (KHTML, like Gecko; compatible; bingbot/2.0; +http://www.bing.com/bingbot.htm) Chrome/116.0.1938.76 Safari/537.36"
40.77.167.116 - - [31/Mar/2026:14:26:44 +0000] "GET /products/detail/165095115 HTTP/1.1" 200 205580 "-" "Mozilla/5.0 AppleWebKit/537.36 (KHTML, like Gecko; compatible; bingbot/2.0; +http://www.bing.com/bingbot.htm) Chrome/116.0.1938.76 Safari/537.36"
40.77.167.116 - - [31/Mar/2026:14:26:44 +0000] "GET /products/detail/232726731 HTTP/1.1" 200 191573 "-" "Mozilla/5.0 AppleWebKit/537.36 (KHTML, like Gecko; compatible; bingbot/2.0; +http://www.bing.com/bingbot.htm) Chrome/116.0.1938.76 Safari/537.36"
40.77.167.116 - - [31/Mar/2026:14:26:45 +0000] "GET /products/detail/222118872 HTTP/1.1" 200 185588 "-" "Mozilla/5.0 AppleWebKit/537.36 (KHTML, like Gecko; compatible; bingbot/2.0; +http://www.bing.com/bingbot.htm) Chrome/116.0.1938.76 Safari/537.36"
40.77.167.116 - - [31/Mar/2026:14:26:46 +0000] "GET /products/detail/220340256 HTTP/1.1" 200 205121 "-" "Mozilla/5.0 AppleWebKit/537.36 (KHTML, like Gecko; compatible; bingbot/2.0; +http://www.bing.com/bingbot.htm) Chrome/116.0.1938.76 Safari/537.36"
40.77.167.116 - - [31/Mar/2026:14:26:47 +0000] "GET /products/detail/250466852 HTTP/1.1" 200 197508 "-" "Mozilla/5.0 AppleWebKit/537.36 (KHTML, like Gecko; compatible; bingbot/2.0; +http://www.bing.com/bingbot.htm) Chrome/116.0.1938.76 Safari/537.36"
40.77.167.116 - - [31/Mar/2026:14:26:48 +0000] "GET /products/detail/145490064 HTTP/1.1" 200 188586 "-" "Mozilla/5.0 AppleWebKit/537.36 (KHTML, like Gecko; compatible; bingbot/2.0; +http://www.bing.com/bingbot.htm) Chrome/116.0.1938.76 Safari/537.36"
40.77.167.116 - - [31/Mar/2026:14:26:49 +0000] "GET /products/detail/123974660 HTTP/1.1" 200 207049 "-" "Mozilla/5.0 AppleWebKit/537.36 (KHTML, like Gecko; compatible; bingbot/2.0; +http://www.bing.com/bingbot.htm) Chrome/116.0.1938.76 Safari/537.36"
40.77.167.116 - - [31/Mar/2026:14:26:50 +0000] "GET /products/detail/203818408 HTTP/1.1" 200 190824 "-" "Mozilla/5.0 AppleWebKit/537.36 (KHTML, like Gecko; compatible; bingbot/2.0; +http://www.bing.com/bingbot.htm) Chrome/116.0.1938.76 Safari/537.36"
40.77.167.116 - - [31/Mar/2026:14:26:50 +0000] "GET /products/detail/310282872 HTTP/1.1" 200 203716 "-" "Mozilla/5.0 AppleWebKit/537.36 (KHTML, like Gecko; compatible; bingbot/2.0; +http://www.bing.com/bingbot.htm) Chrome/116.0.1938.76 Safari/537.36"
40.77.167.116 - - [31/Mar/2026:14:26:51 +0000] "GET /products/detail/157774408 HTTP/1.1" 200 210746 "-" "Mozilla/5.0 AppleWebKit/537.36 (KHTML, like Gecko; compatible; bingbot/2.0; +http://www.bing.com/bingbot.htm) Chrome/116.0.1938.76 Safari/537.36"
40.77.167.116 - - [31/Mar/2026:14:26:52 +0000] "GET /products/detail/214607145 HTTP/1.1" 200 205525 "-" "Mozilla/5.0 AppleWebKit/537.36 (KHTML, like Gecko; compatible; bingbot/2.0; +http://www.bing.com/bingbot.htm) Chrome/116.0.1938.76 Safari/537.36"
40.77.167.116 - - [31/Mar/2026:14:26:53 +0000] "GET /products/detail/16617044 HTTP/1.1" 200 185134 "-" "Mozilla/5.0 AppleWebKit/537.36 (KHTML, like Gecko; compatible; bingbot/2.0; +http://www.bing.com/bingbot.htm) Chrome/116.0.1938.76 Safari/537.36"
40.77.167.116 - - [31/Mar/2026:14:26:54 +0000] "GET /products/detail/120996014 HTTP/1.1" 200 191244 "-" "Mozilla/5.0 AppleWebKit/537.36 (KHTML, like Gecko; compatible; bingbot/2.0; +http://www.bing.com/bingbot.htm) Chrome/116.0.1938.76 Safari/537.36"
40.77.167.116 - - [31/Mar/2026:14:26:55 +0000] "GET /products/detail/166061933 HTTP/1.1" 200 195267 "-" "Mozilla/5.0 AppleWebKit/537.36 (KHTML, like Gecko; compatible; bingbot/2.0; +http://www.bing.com/bingbot.htm) Chrome/116.0.1938.76 Safari/537.36"
40.77.167.116 - - [31/Mar/2026:14:26:55 +0000] "GET /products/detail/21553084 HTTP/1.1" 200 189717 "-" "Mozilla/5.0 AppleWebKit/537.36 (KHTML, like Gecko; compatible; bingbot/2.0; +http://www.bing.com/bingbot.htm) Chrome/116.0.1938.76 Safari/537.36"
40.77.167.116 - - [31/Mar/2026:14:26:56 +0000] "GET /products/detail/192662004 HTTP/1.1" 200 204187 "-" "Mozilla/5.0 AppleWebKit/537.36 (KHTML, like Gecko; compatible; bingbot/2.0; +http://www.bing.com/bingbot.htm) Chrome/116.0.1938.76 Safari/537.36"
40.77.167.116 - - [31/Mar/2026:14:26:57 +0000] "GET /products/detail/242613569 HTTP/1.1" 200 190253 "-" "Mozilla/5.0 AppleWebKit/537.36 (KHTML, like Gecko; compatible; bingbot/2.0; +http://www.bing.com/bingbot.htm) Chrome/116.0.1938.76 Safari/537.36"
40.77.167.116 - - [31/Mar/2026:14:26:58 +0000] "GET /products/detail/250448529 HTTP/1.1" 200 191347 "-" "Mozilla/5.0 AppleWebKit/537.36 (KHTML, like Gecko; compatible; bingbot/2.0; +http://www.bing.com/bingbot.htm) Chrome/116.0.1938.76 Safari/537.36"
40.77.167.116 - - [31/Mar/2026:14:26:59 +0000] "GET /products/detail/238985903 HTTP/1.1" 200 196921 "-" "Mozilla/5.0 AppleWebKit/537.36 (KHTML, like Gecko; compatible; bingbot/2.0; +http://www.bing.com/bingbot.htm) Chrome/116.0.1938.76 Safari/537.36"
40.77.167.116 - - [31/Mar/2026:14:26:59 +0000] "GET /products/detail/155834448 HTTP/1.1" 200 191583 "-" "Mozilla/5.0 AppleWebKit/537.36 (KHTML, like Gecko; compatible; bingbot/2.0; +http://www.bing.com/bingbot.htm) Chrome/116.0.1938.76 Safari/537.36"
40.77.167.116 - - [31/Mar/2026:14:27:00 +0000] "GET /products/detail/241249387 HTTP/1.1" 200 190820 "-" "Mozilla/5.0 AppleWebKit/537.36 (KHTML, like Gecko; compatible; bingbot/2.0; +http://www.bing.com/bingbot.htm) Chrome/116.0.1938.76 Safari/537.36"
40.77.167.116 - - [31/Mar/2026:14:27:01 +0000] "GET /products/detail/140839761 HTTP/1.1" 200 186502 "-" "Mozilla/5.0 AppleWebKit/537.36 (KHTML, like Gecko; compatible; bingbot/2.0; +http://www.bing.com/bingbot.htm) Chrome/116.0.1938.76 Safari/537.36"
40.77.167.116 - - [31/Mar/2026:14:27:02 +0000] "GET /products/detail/254124913 HTTP/1.1" 200 194853 "-" "Mozilla/5.0 AppleWebKit/537.36 (KHTML, like Gecko; compatible; bingbot/2.0; +http://www.bing.com/bingbot.htm) Chrome/116.0.1938.76 Safari/537.36"
40.77.167.116 - - [31/Mar/2026:14:27:07 +0000] "GET /products/detail/224264822 HTTP/1.1" 200 190287 "-" "Mozilla/5.0 AppleWebKit/537.36 (KHTML, like Gecko; compatible; bingbot/2.0; +http://www.bing.com/bingbot.htm) Chrome/116.0.1938.76 Safari/537.36"
40.77.167.116 - - [31/Mar/2026:14:27:08 +0000] "GET /products/detail/294083448 HTTP/1.1" 200 203760 "-" "Mozilla/5.0 AppleWebKit/537.36 (KHTML, like Gecko; compatible; bingbot/2.0; +http://www.bing.com/bingbot.htm) Chrome/116.0.1938.76 Safari/537.36"
40.77.167.116 - - [31/Mar/2026:14:27:09 +0000] "GET /products/detail/310576408 HTTP/1.1" 200 188848 "-" "Mozilla/5.0 AppleWebKit/537.36 (KHTML, like Gecko; compatible; bingbot/2.0; +http://www.bing.com/bingbot.htm) Chrome/116.0.1938.76 Safari/537.36"
40.77.167.116 - - [31/Mar/2026:14:27:10 +0000] "GET /products/detail/223824943 HTTP/1.1" 200 190282 "-" "Mozilla/5.0 AppleWebKit/537.36 (KHTML, like Gecko; compatible; bingbot/2.0; +http://www.bing.com/bingbot.htm) Chrome/116.0.1938.76 Safari/537.36"
40.77.167.116 - - [31/Mar/2026:14:27:11 +0000] "GET /products/detail/304750812 HTTP/1.1" 200 188231 "-" "Mozilla/5.0 AppleWebKit/537.36 (KHTML, like Gecko; compatible; bingbot/2.0; +http://www.bing.com/bingbot.htm) Chrome/116.0.1938.76 Safari/537.36"
40.77.167.116 - - [31/Mar/2026:14:27:12 +0000] "GET /products/detail/296642367 HTTP/1.1" 200 187435 "-" "Mozilla/5.0 AppleWebKit/537.36 (KHTML, like Gecko; compatible; bingbot/2.0; +http://www.bing.com/bingbot.htm) Chrome/116.0.1938.76 Safari/537.36"
40.77.167.116 - - [31/Mar/2026:14:27:13 +0000] "GET /products/detail/262476781 HTTP/1.1" 200 207589 "-" "Mozilla/5.0 AppleWebKit/537.36 (KHTML, like Gecko; compatible; bingbot/2.0; +http://www.bing.com/bingbot.htm) Chrome/116.0.1938.76 Safari/537.36"
40.77.167.116 - - [31/Mar/2026:14:27:14 +0000] "GET /products/detail/196097741 HTTP/1.1" 200 188293 "-" "Mozilla/5.0 AppleWebKit/537.36 (KHTML, like Gecko; compatible; bingbot/2.0; +http://www.bing.com/bingbot.htm) Chrome/116.0.1938.76 Safari/537.36"
40.77.167.116 - - [31/Mar/2026:14:27:15 +0000] "GET /products/detail/246130549 HTTP/1.1" 200 193552 "-" "Mozilla/5.0 AppleWebKit/537.36 (KHTML, like Gecko; compatible; bingbot/2.0; +http://www.bing.com/bingbot.htm) Chrome/116.0.1938.76 Safari/537.36"
40.77.167.116 - - [31/Mar/2026:14:27:16 +0000] "GET /products/detail/254010721 HTTP/1.1" 200 189031 "-" "Mozilla/5.0 AppleWebKit/537.36 (KHTML, like Gecko; compatible; bingbot/2.0; +http://www.bing.com/bingbot.htm) Chrome/116.0.1938.76 Safari/537.36"
40.77.167.116 - - [31/Mar/2026:14:27:17 +0000] "GET /products/detail/250506014 HTTP/1.1" 200 188121 "-" "Mozilla/5.0 AppleWebKit/537.36 (KHTML, like Gecko; compatible; bingbot/2.0; +http://www.bing.com/bingbot.htm) Chrome/116.0.1938.76 Safari/537.36"
40.77.167.116 - - [31/Mar/2026:14:27:17 +0000] "GET /products/detail/16009438 HTTP/1.1" 200 199431 "-" "Mozilla/5.0 AppleWebKit/537.36 (KHTML, like Gecko; compatible; bingbot/2.0; +http://www.bing.com/bingbot.htm) Chrome/116.0.1938.76 Safari/537.36"
40.77.167.116 - - [31/Mar/2026:14:27:18 +0000] "GET /products/detail/165270488 HTTP/1.1" 200 205556 "-" "Mozilla/5.0 AppleWebKit/537.36 (KHTML, like Gecko; compatible; bingbot/2.0; +http://www.bing.com/bingbot.htm) Chrome/116.0.1938.76 Safari/537.36"
40.77.167.116 - - [31/Mar/2026:14:27:19 +0000] "GET /products/detail/40782832 HTTP/1.1" 200 202370 "-" "Mozilla/5.0 AppleWebKit/537.36 (KHTML, like Gecko; compatible; bingbot/2.0; +http://www.bing.com/bingbot.htm) Chrome/116.0.1938.76 Safari/537.36"
40.77.167.116 - - [31/Mar/2026:14:27:20 +0000] "GET /products/detail/305726175 HTTP/1.1" 200 189451 "-" "Mozilla/5.0 AppleWebKit/537.36 (KHTML, like Gecko; compatible; bingbot/2.0; +http://www.bing.com/bingbot.htm) Chrome/116.0.1938.76 Safari/537.36"
40.77.167.116 - - [31/Mar/2026:14:27:21 +0000] "GET /products/detail/314334670 HTTP/1.1" 200 194098 "-" "Mozilla/5.0 AppleWebKit/537.36 (KHTML, like Gecko; compatible; bingbot/2.0; +http://www.bing.com/bingbot.htm) Chrome/116.0.1938.76 Safari/537.36"
40.77.167.116 - - [31/Mar/2026:14:27:21 +0000] "GET /products/detail/221099286 HTTP/1.1" 200 201645 "-" "Mozilla/5.0 AppleWebKit/537.36 (KHTML, like Gecko; compatible; bingbot/2.0; +http://www.bing.com/bingbot.htm) Chrome/116.0.1938.76 Safari/537.36"
