40.77.167.143 - - [31/Mar/2026:12:52:43 +0000] "GET /products/detail/184508771 HTTP/1.1" 200 190950 "-" "Mozilla/5.0 AppleWebKit/537.36 (KHTML, like Gecko; compatible; bingbot/2.0; +http://www.bing.com/bingbot.htm) Chrome/116.0.1938.76 Safari/537.36"
40.77.167.143 - - [31/Mar/2026:12:52:44 +0000] "GET /products/detail/275993559 HTTP/1.1" 200 186084 "-" "Mozilla/5.0 AppleWebKit/537.36 (KHTML, like Gecko; compatible; bingbot/2.0; +http://www.bing.com/bingbot.htm) Chrome/116.0.1938.76 Safari/537.36"
40.77.167.143 - - [31/Mar/2026:12:52:44 +0000] "GET /products/detail/250223064 HTTP/1.1" 200 201170 "-" "Mozilla/5.0 AppleWebKit/537.36 (KHTML, like Gecko; compatible; bingbot/2.0; +http://www.bing.com/bingbot.htm) Chrome/116.0.1938.76 Safari/537.36"
40.77.167.143 - - [31/Mar/2026:12:52:45 +0000] "GET /products/detail/266259044 HTTP/1.1" 200 189513 "-" "Mozilla/5.0 AppleWebKit/537.36 (KHTML, like Gecko; compatible; bingbot/2.0; +http://www.bing.com/bingbot.htm) Chrome/116.0.1938.76 Safari/537.36"
40.77.167.143 - - [31/Mar/2026:12:52:46 +0000] "GET /products/detail/31618135 HTTP/1.1" 200 190712 "-" "Mozilla/5.0 AppleWebKit/537.36 (KHTML, like Gecko; compatible; bingbot/2.0; +http://www.bing.com/bingbot.htm) Chrome/116.0.1938.76 Safari/537.36"
40.77.167.143 - - [31/Mar/2026:12:52:47 +0000] "GET /products/detail/253599206 HTTP/1.1" 200 192098 "-" "Mozilla/5.0 AppleWebKit/537.36 (KHTML, like Gecko; compatible; bingbot/2.0; +http://www.bing.com/bingbot.htm) Chrome/116.0.1938.76 Safari/537.36"
40.77.167.143 - - [31/Mar/2026:12:52:48 +0000] "GET /products/detail/269937781 HTTP/1.1" 200 189227 "-" "Mozilla/5.0 AppleWebKit/537.36 (KHTML, like Gecko; compatible; bingbot/2.0; +http://www.bing.com/bingbot.htm) Chrome/116.0.1938.76 Safari/537.36"
40.77.167.143 - - [31/Mar/2026:12:52:48 +0000] "GET /products/detail/14666418 HTTP/1.1" 200 185166 "-" "Mozilla/5.0 AppleWebKit/537.36 (KHTML, like Gecko; compatible; bingbot/2.0; +http://www.bing.com/bingbot.htm) Chrome/116.0.1938.76 Safari/537.36"
40.77.167.143 - - [31/Mar/2026:12:52:49 +0000] "GET /products/detail/276486074 HTTP/1.1" 200 193933 "-" "Mozilla/5.0 AppleWebKit/537.36 (KHTML, like Gecko; compatible; bingbot/2.0; +http://www.bing.com/bingbot.htm) Chrome/116.0.1938.76 Safari/537.36"
40.77.167.143 - - [31/Mar/2026:12:52:56 +0000] "GET /products/detail/307351923 HTTP/1.1" 200 194822 "-" "Mozilla/5.0 AppleWebKit/537.36 (KHTML, like Gecko; compatible; bingbot/2.0; +http://www.bing.com/bingbot.htm) Chrome/116.0.1938.76 Safari/537.36"
40.77.167.143 - - [31/Mar/2026:12:52:57 +0000] "GET /products/detail/236266650 HTTP/1.1" 200 187224 "-" "Mozilla/5.0 AppleWebKit/537.36 (KHTML, like Gecko; compatible; bingbot/2.0; +http://www.bing.com/bingbot.htm) Chrome/116.0.1938.76 Safari/537.36"
40.77.167.143 - - [31/Mar/2026:12:52:59 +0000] "GET /products/detail/258396317 HTTP/1.1" 200 192023 "-" "Mozilla/5.0 AppleWebKit/537.36 (KHTML, like Gecko; compatible; bingbot/2.0; +http://www.bing.com/bingbot.htm) Chrome/116.0.1938.76 Safari/537.36"
40.77.167.143 - - [31/Mar/2026:12:53:00 +0000] "GET /products/detail/179241539 HTTP/1.1" 200 203330 "-" "Mozilla/5.0 AppleWebKit/537.36 (KHTML, like Gecko; compatible; bingbot/2.0; +http://www.bing.com/bingbot.htm) Chrome/116.0.1938.76 Safari/537.36"
40.77.167.143 - - [31/Mar/2026:12:53:00 +0000] "GET /products/detail/223608044 HTTP/1.1" 200 193751 "-" "Mozilla/5.0 AppleWebKit/537.36 (KHTML, like Gecko; compatible; bingbot/2.0; +http://www.bing.com/bingbot.htm) Chrome/116.0.1938.76 Safari/537.36"
40.77.167.143 - - [31/Mar/2026:12:53:01 +0000] "GET /products/detail/156034468 HTTP/1.1" 200 197958 "-" "Mozilla/5.0 AppleWebKit/537.36 (KHTML, like Gecko; compatible; bingbot/2.0; +http://www.bing.com/bingbot.htm) Chrome/116.0.1938.76 Safari/537.36"
40.77.167.143 - - [31/Mar/2026:12:53:02 +0000] "GET /products/detail/29146842 HTTP/1.1" 200 199744 "-" "Mozilla/5.0 AppleWebKit/537.36 (KHTML, like Gecko; compatible; bingbot/2.0; +http://www.bing.com/bingbot.htm) Chrome/116.0.1938.76 Safari/537.36"
40.77.167.143 - - [31/Mar/2026:12:53:03 +0000] "GET /products/detail/131806579 HTTP/1.1" 200 196660 "-" "Mozilla/5.0 AppleWebKit/537.36 (KHTML, like Gecko; compatible; bingbot/2.0; +http://www.bing.com/bingbot.htm) Chrome/116.0.1938.76 Safari/537.36"
40.77.167.143 - - [31/Mar/2026:12:53:04 +0000] "GET /products/detail/227889670 HTTP/1.1" 200 184783 "-" "Mozilla/5.0 AppleWebKit/537.36 (KHTML, like Gecko; compatible; bingbot/2.0; +http://www.bing.com/bingbot.htm) Chrome/116.0.1938.76 Safari/537.36"
40.77.167.143 - - [31/Mar/2026:12:53:04 +0000] "GET /products/detail/290020620 HTTP/1.1" 200 189776 "-" "Mozilla/5.0 AppleWebKit/537.36 (KHTML, like Gecko; compatible; bingbot/2.0; +http://www.bing.com/bingbot.htm) Chrome/116.0.1938.76 Safari/537.36"
40.77.167.143 - - [31/Mar/2026:12:53:05 +0000] "GET /products/detail/209964266 HTTP/1.1" 200 203524 "-" "Mozilla/5.0 AppleWebKit/537.36 (KHTML, like Gecko; compatible; bingbot/2.0; +http://www.bing.com/bingbot.htm) Chrome/116.0.1938.76 Safari/537.36"
40.77.167.143 - - [31/Mar/2026:12:53:06 +0000] "GET /products/detail/144246488 HTTP/1.1" 200 194635 "-" "Mozilla/5.0 AppleWebKit/537.36 (KHTML, like Gecko; compatible; bingbot/2.0; +http://www.bing.com/bingbot.htm) Chrome/116.0.1938.76 Safari/537.36"
40.77.167.143 - - [31/Mar/2026:12:53:07 +0000] "GET /products/detail/236941084 HTTP/1.1" 200 191459 "-" "Mozilla/5.0 AppleWebKit/537.36 (KHTML, like Gecko; compatible; bingbot/2.0; +http://www.bing.com/bingbot.htm) Chrome/116.0.1938.76 Safari/537.36"
40.77.167.143 - - [31/Mar/2026:12:53:07 +0000] "GET /products/detail/227315589 HTTP/1.1" 200 187271 "-" "Mozilla/5.0 AppleWebKit/537.36 (KHTML, like Gecko; compatible; bingbot/2.0; +http://www.bing.com/bingbot.htm) Chrome/116.0.1938.76 Safari/537.36"
40.77.167.143 - - [31/Mar/2026:12:53:08 +0000] "GET /products/detail/144537751 HTTP/1.1" 200 190206 "-" "Mozilla/5.0 AppleWebKit/537.36 (KHTML, like Gecko; compatible; bingbot/2.0; +http://www.bing.com/bingbot.htm) Chrome/116.0.1938.76 Safari/537.36"
40.77.167.143 - - [31/Mar/2026:12:53:09 +0000] "GET /products/detail/250303387 HTTP/1.1" 200 195422 "-" "Mozilla/5.0 AppleWebKit/537.36 (KHTML, like Gecko; compatible; bingbot/2.0; +http://www.bing.com/bingbot.htm) Chrome/116.0.1938.76 Safari/537.36"
40.77.167.143 - - [31/Mar/2026:12:53:10 +0000] "GET /products/detail/232236014 HTTP/1.1" 200 189930 "-" "Mozilla/5.0 AppleWebKit/537.36 (KHTML, like Gecko; compatible; bingbot/2.0; +http://www.bing.com/bingbot.htm) Chrome/116.0.1938.76 Safari/537.36"
40.77.167.143 - - [31/Mar/2026:12:53:11 +0000] "GET /products/detail/176093660 HTTP/1.1" 200 189085 "-" "Mozilla/5.0 AppleWebKit/537.36 (KHTML, like Gecko; compatible; bingbot/2.0; +http://www.bing.com/bingbot.htm) Chrome/116.0.1938.76 Safari/537.36"
40.77.167.143 - - [31/Mar/2026:12:53:12 +0000] "GET /products/detail/271443266 HTTP/1.1" 200 203013 "-" "Mozilla/5.0 AppleWebKit/537.36 (KHTML, like Gecko; compatible; bingbot/2.0; +http://www.bing.com/bingbot.htm) Chrome/116.0.1938.76 Safari/537.36"
40.77.167.143 - - [31/Mar/2026:12:53:13 +0000] "GET /products/detail/222331519 HTTP/1.1" 200 191314 "-" "Mozilla/5.0 AppleWebKit/537.36 (KHTML, like Gecko; compatible; bingbot/2.0; +http://www.bing.com/bingbot.htm) Chrome/116.0.1938.76 Safari/537.36"
40.77.167.143 - - [31/Mar/2026:12:53:13 +0000] "GET /products/detail/175843135 HTTP/1.1" 200 198768 "-" "Mozilla/5.0 AppleWebKit/537.36 (KHTML, like Gecko; compatible; bingbot/2.0; +http://www.bing.com/bingbot.htm) Chrome/116.0.1938.76 Safari/537.36"
40.77.167.143 - - [31/Mar/2026:12:53:14 +0000] "GET /products/detail/242449327 HTTP/1.1" 200 186598 "-" "Mozilla/5.0 AppleWebKit/537.36 (KHTML, like Gecko; compatible; bingbot/2.0; +http://www.bing.com/bingbot.htm) Chrome/116.0.1938.76 Safari/537.36"
40.77.167.143 - - [31/Mar/2026:12:53:15 +0000] "GET /products/detail/183316408 HTTP/1.1" 200 206500 "-" "Mozilla/5.0 AppleWebKit/537.36 (KHTML, like Gecko; compatible; bingbot/2.0; +http://www.bing.com/bingbot.htm) Chrome/116.0.1938.76 Safari/537.36"
40.77.167.143 - - [31/Mar/2026:12:53:16 +0000] "GET /products/detail/295838660 HTTP/1.1" 200 188793 "-" "Mozilla/5.0 AppleWebKit/537.36 (KHTML, like Gecko; compatible; bingbot/2.0; +http://www.bing.com/bingbot.htm) Chrome/116.0.1938.76 Safari/537.36"
40.77.167.143 - - [31/Mar/2026:12:53:16 +0000] "GET /products/detail/305843175 HTTP/1.1" 200 186768 "-" "Mozilla/5.0 AppleWebKit/537.36 (KHTML, like Gecko; compatible; bingbot/2.0; +http://www.bing.com/bingbot.htm) Chrome/116.0.1938.76 Safari/537.36"
40.77.167.143 - - [31/Mar/2026:12:53:17 +0000] "GET /products/detail/22366246 HTTP/1.1" 200 189243 "-" "Mozilla/5.0 AppleWebKit/537.36 (KHTML, like Gecko; compatible; bingbot/2.0; +http://www.bing.com/bingbot.htm) Chrome/116.0.1938.76 Safari/537.36"
40.77.167.143 - - [31/Mar/2026:12:53:18 +0000] "GET /products/detail/148136286 HTTP/1.1" 200 196455 "-" "Mozilla/5.0 AppleWebKit/537.36 (KHTML, like Gecko; compatible; bingbot/2.0; +http://www.bing.com/bingbot.htm) Chrome/116.0.1938.76 Safari/537.36"
40.77.167.143 - - [31/Mar/2026:12:53:19 +0000] "GET /products/detail/17575327 HTTP/1.1" 200 200550 "-" "Mozilla/5.0 AppleWebKit/537.36 (KHTML, like Gecko; compatible; bingbot/2.0; +http://www.bing.com/bingbot.htm) Chrome/116.0.1938.76 Safari/537.36"
40.77.167.143 - - [31/Mar/2026:12:53:19 +0000] "GET /products/detail/198481953 HTTP/1.1" 200 204572 "-" "Mozilla/5.0 AppleWebKit/537.36 (KHTML, like Gecko; compatible; bingbot/2.0; +http://www.bing.com/bingbot.htm) Chrome/116.0.1938.76 Safari/537.36"
40.77.167.143 - - [31/Mar/2026:12:53:20 +0000] "GET /products/detail/302458620 HTTP/1.1" 200 204689 "-" "Mozilla/5.0 AppleWebKit/537.36 (KHTML, like Gecko; compatible; bingbot/2.0; +http://www.bing.com/bingbot.htm) Chrome/116.0.1938.76 Safari/537.36"
40.77.167.143 - - [31/Mar/2026:12:53:27 +0000] "GET /products/detail/301514418 HTTP/1.1" 200 193417 "-" "Mozilla/5.0 AppleWebKit/537.36 (KHTML, like Gecko; compatible; bingbot/2.0; +http://www.bing.com/bingbot.htm) Chrome/116.0.1938.76 Safari/537.36"
40.77.167.143 - - [31/Mar/2026:12:53:28 +0000] "GET /products/detail/297297125 HTTP/1.1" 200 193886 "-" "Mozilla/5.0 AppleWebKit/537.36 (KHTML, like Gecko; compatible; bingbot/2.0; +http://www.bing.com/bingbot.htm) Chrome/116.0.1938.76 Safari/537.36"
40.77.167.143 - - [31/Mar/2026:12:53:28 +0000] "GET /products/detail/220599014 HTTP/1.1" 200 191760 "-" "Mozilla/5.0 AppleWebKit/537.36 (KHTML, like Gecko; compatible; bingbot/2.0; +http://www.bing.com/bingbot.htm) Chrome/116.0.1938.76 Safari/537.36"
40.77.167.143 - - [31/Mar/2026:12:53:29 +0000] "GET /products/detail/220848640 HTTP/1.1" 200 201119 "-" "Mozilla/5.0 AppleWebKit/537.36 (KHTML, like Gecko; compatible; bingbot/2.0; +http://www.bing.com/bingbot.htm) Chrome/116.0.1938.76 Safari/537.36"
40.77.167.143 - - [31/Mar/2026:12:53:30 +0000] "GET /products/detail/307047488 HTTP/1.1" 200 188757 "-" "Mozilla/5.0 AppleWebKit/537.36 (KHTML, like Gecko; compatible; bingbot/2.0; +http://www.bing.com/bingbot.htm) Chrome/116.0.1938.76 Safari/537.36"
40.77.167.143 - - [31/Mar/2026:12:53:31 +0000] "GET /products/detail/18089004 HTTP/1.1" 200 187070 "-" "Mozilla/5.0 AppleWebKit/537.36 (KHTML, like Gecko; compatible; bingbot/2.0; +http://www.bing.com/bingbot.htm) Chrome/116.0.1938.76 Safari/537.36"
40.77.167.143 - - [31/Mar/2026:12:53:32 +0000] "GET /products/detail/171095307 HTTP/1.1" 200 192069 "-" "Mozilla/5.0 AppleWebKit/537.36 (KHTML, like Gecko; compatible; bingbot/2.0; +http://www.bing.com/bingbot.htm) Chrome/116.0.1938.76 Safari/537.36"
40.77.167.143 - - [31/Mar/2026:12:53:33 +0000] "GET /products/detail/265376256 HTTP/1.1" 200 214958 "-" "Mozilla/5.0 AppleWebKit/537.36 (KHTML, like Gecko; compatible; bingbot/2.0; +http://www.bing.com/bingbot.htm) Chrome/116.0.1938.76 Safari/537.36"
40.77.167.143 - - [31/Mar/2026:12:53:34 +0000] "GET /products/detail/255559165 HTTP/1.1" 200 186428 "-" "Mozilla/5.0 AppleWebKit/537.36 (KHTML, like Gecko; compatible; bingbot/2.0; +http://www.bing.com/bingbot.htm) Chrome/116.0.1938.76 Safari/537.36"
40.77.167.143 - - [31/Mar/2026:12:53:34 +0000] "GET /products/detail/211035488 HTTP/1.1" 200 195586 "-" "Mozilla/5.0 AppleWebKit/537.36 (KHTML, like Gecko; compatible; bingbot/2.0; +http://www.bing.com/bingbot.htm) Chrome/116.0.1938.76 Safari/537.36"
40.77.167.143 - - [31/Mar/2026:12:53:35 +0000] "GET /products/detail/252604468 HTTP/1.1" 200 190471 "-" "Mozilla/5.0 AppleWebKit/537.36 (KHTML, like Gecko; compatible; bingbot/2.0; +http://www.bing.com/bingbot.htm) Chrome/116.0.1938.76 Safari/537.36"
40.77.167.143 - - [31/Mar/2026:12:53:36 +0000] "GET /products/detail/266160155 HTTP/1.1" 200 189309 "-" "Mozilla/5.0 AppleWebKit/537.36 (KHTML, like Gecko; compatible; bingbot/2.0; +http://www.bing.com/bingbot.htm) Chrome/116.0.1938.76 Safari/537.36"
40.77.167.143 - - [31/Mar/2026:12:53:37 +0000] "GET /products/detail/303424438 HTTP/1.1" 200 204855 "-" "Mozilla/5.0 AppleWebKit/537.36 (KHTML, like Gecko; compatible; bingbot/2.0; +http://www.bing.com/bingbot.htm) Chrome/116.0.1938.76 Safari/537.36"
40.77.167.143 - - [31/Mar/2026:12:53:38 +0000] "GET /products/detail/32557620 HTTP/1.1" 200 210818 "-" "Mozilla/5.0 AppleWebKit/537.36 (KHTML, like Gecko; compatible; bingbot/2.0; +http://www.bing.com/bingbot.htm) Chrome/116.0.1938.76 Safari/537.36"
40.77.167.143 - - [31/Mar/2026:12:53:39 +0000] "GET /products/detail/277576983 HTTP/1.1" 200 187708 "-" "Mozilla/5.0 AppleWebKit/537.36 (KHTML, like Gecko; compatible; bingbot/2.0; +http://www.bing.com/bingbot.htm) Chrome/116.0.1938.76 Safari/537.36"
40.77.167.143 - - [31/Mar/2026:12:53:39 +0000] "GET /products/detail/144454408 HTTP/1.1" 200 202323 "-" "Mozilla/5.0 AppleWebKit/537.36 (KHTML, like Gecko; compatible; bingbot/2.0; +http://www.bing.com/bingbot.htm) Chrome/116.0.1938.76 Safari/537.36"
40.77.167.143 - - [31/Mar/2026:12:53:40 +0000] "GET /products/detail/141304842 HTTP/1.1" 200 211660 "-" "Mozilla/5.0 AppleWebKit/537.36 (KHTML, like Gecko; compatible; bingbot/2.0; +http://www.bing.com/bingbot.htm) Chrome/116.0.1938.76 Safari/537.36"
40.77.167.143 - - [31/Mar/2026:12:53:41 +0000] "GET /products/detail/144461933 HTTP/1.1" 200 197027 "-" "Mozilla/5.0 AppleWebKit/537.36 (KHTML, like Gecko; compatible; bingbot/2.0; +http://www.bing.com/bingbot.htm) Chrome/116.0.1938.76 Safari/537.36"
40.77.167.143 - - [31/Mar/2026:12:53:42 +0000] "GET /products/detail/199474327 HTTP/1.1" 200 189109 "-" "Mozilla/5.0 AppleWebKit/537.36 (KHTML, like Gecko; compatible; bingbot/2.0; +http://www.bing.com/bingbot.htm) Chrome/116.0.1938.76 Safari/537.36"
40.77.167.143 - - [31/Mar/2026:12:53:43 +0000] "GET /products/detail/250542125 HTTP/1.1" 200 188593 "-" "Mozilla/5.0 AppleWebKit/537.36 (KHTML, like Gecko; compatible; bingbot/2.0; +http://www.bing.com/bingbot.htm) Chrome/116.0.1938.76 Safari/537.36"
40.77.167.143 - - [31/Mar/2026:12:53:44 +0000] "GET /products/detail/298289145 HTTP/1.1" 200 186925 "-" "Mozilla/5.0 AppleWebKit/537.36 (KHTML, like Gecko; compatible; bingbot/2.0; +http://www.bing.com/bingbot.htm) Chrome/116.0.1938.76 Safari/537.36"
40.77.167.143 - - [31/Mar/2026:12:53:44 +0000] "GET /products/detail/230453004 HTTP/1.1" 200 188138 "-" "Mozilla/5.0 AppleWebKit/537.36 (KHTML, like Gecko; compatible; bingbot/2.0; +http://www.bing.com/bingbot.htm) Chrome/116.0.1938.76 Safari/537.36"
40.77.167.143 - - [31/Mar/2026:12:53:45 +0000] "GET /products/detail/258888044 HTTP/1.1" 200 190364 "-" "Mozilla/5.0 AppleWebKit/537.36 (KHTML, like Gecko; compatible; bingbot/2.0; +http://www.bing.com/bingbot.htm) Chrome/116.0.1938.76 Safari/537.36"
40.77.167.143 - - [31/Mar/2026:12:53:46 +0000] "GET /products/detail/237122559 HTTP/1.1" 200 198781 "-" "Mozilla/5.0 AppleWebKit/537.36 (KHTML, like Gecko; compatible; bingbot/2.0; +http://www.bing.com/bingbot.htm) Chrome/116.0.1938.76 Safari/537.36"
20.15.133.191 - - [31/Mar/2026:12:53:47 +0000] "GET /products/detail/199903408 HTTP/1.1" 200 188953 "-" "Mozilla/5.0 AppleWebKit/537.36 (KHTML, like Gecko; compatible; bingbot/2.0; +http://www.bing.com/bingbot.htm) Chrome/116.0.1938.76 Safari/537.36"
40.77.167.143 - - [31/Mar/2026:12:53:47 +0000] "GET /products/detail/278360004 HTTP/1.1" 200 185364 "-" "Mozilla/5.0 AppleWebKit/537.36 (KHTML, like Gecko; compatible; bingbot/2.0; +http://www.bing.com/bingbot.htm) Chrome/116.0.1938.76 Safari/537.36"
40.77.167.143 - - [31/Mar/2026:12:53:48 +0000] "GET /products/detail/233794701 HTTP/1.1" 200 198494 "-" "Mozilla/5.0 AppleWebKit/537.36 (KHTML, like Gecko; compatible; bingbot/2.0; +http://www.bing.com/bingbot.htm) Chrome/116.0.1938.76 Safari/537.36"
40.77.167.143 - - [31/Mar/2026:12:53:48 +0000] "GET /products/detail/137191842 HTTP/1.1" 200 197669 "-" "Mozilla/5.0 AppleWebKit/537.36 (KHTML, like Gecko; compatible; bingbot/2.0; +http://www.bing.com/bingbot.htm) Chrome/116.0.1938.76 Safari/537.36"
40.77.167.143 - - [31/Mar/2026:12:53:49 +0000] "GET /products/detail/213968933 HTTP/1.1" 200 193308 "-" "Mozilla/5.0 AppleWebKit/537.36 (KHTML, like Gecko; compatible; bingbot/2.0; +http://www.bing.com/bingbot.htm) Chrome/116.0.1938.76 Safari/537.36"
40.77.167.143 - - [31/Mar/2026:12:53:50 +0000] "GET /products/detail/202402680 HTTP/1.1" 200 203744 "-" "Mozilla/5.0 AppleWebKit/537.36 (KHTML, like Gecko; compatible; bingbot/2.0; +http://www.bing.com/bingbot.htm) Chrome/116.0.1938.76 Safari/537.36"
40.77.167.143 - - [31/Mar/2026:12:53:51 +0000] "GET /products/detail/149642448 HTTP/1.1" 200 196403 "-" "Mozilla/5.0 AppleWebKit/537.36 (KHTML, like Gecko; compatible; bingbot/2.0; +http://www.bing.com/bingbot.htm) Chrome/116.0.1938.76 Safari/537.36"
40.77.167.143 - - [31/Mar/2026:12:53:56 +0000] "GET /products/detail/146217721 HTTP/1.1" 200 210824 "-" "Mozilla/5.0 AppleWebKit/537.36 (KHTML, like Gecko; compatible; bingbot/2.0; +http://www.bing.com/bingbot.htm) Chrome/116.0.1938.76 Safari/537.36"
40.77.167.143 - - [31/Mar/2026:12:53:57 +0000] "GET /products/detail/236495589 HTTP/1.1" 200 189184 "-" "Mozilla/5.0 AppleWebKit/537.36 (KHTML, like Gecko; compatible; bingbot/2.0; +http://www.bing.com/bingbot.htm) Chrome/116.0.1938.76 Safari/537.36"
40.77.167.143 - - [31/Mar/2026:12:53:58 +0000] "GET /products/detail/264467145 HTTP/1.1" 200 188155 "-" "Mozilla/5.0 AppleWebKit/537.36 (KHTML, like Gecko; compatible; bingbot/2.0; +http://www.bing.com/bingbot.htm) Chrome/116.0.1938.76 Safari/537.36"
40.77.167.143 - - [31/Mar/2026:12:53:59 +0000] "GET /products/detail/147163620 HTTP/1.1" 200 186072 "-" "Mozilla/5.0 AppleWebKit/537.36 (KHTML, like Gecko; compatible; bingbot/2.0; +http://www.bing.com/bingbot.htm) Chrome/116.0.1938.76 Safari/537.36"
40.77.167.143 - - [31/Mar/2026:12:53:59 +0000] "GET /products/detail/122522741 HTTP/1.1" 200 218451 "-" "Mozilla/5.0 AppleWebKit/537.36 (KHTML, like Gecko; compatible; bingbot/2.0; +http://www.bing.com/bingbot.htm) Chrome/116.0.1938.76 Safari/537.36"
40.77.167.143 - - [31/Mar/2026:12:54:00 +0000] "GET /products/detail/24269630 HTTP/1.1" 200 186688 "-" "Mozilla/5.0 AppleWebKit/537.36 (KHTML, like Gecko; compatible; bingbot/2.0; +http://www.bing.com/bingbot.htm) Chrome/116.0.1938.76 Safari/537.36"
40.77.167.143 - - [31/Mar/2026:12:54:01 +0000] "GET /products/detail/231145327 HTTP/1.1" 200 193156 "-" "Mozilla/5.0 AppleWebKit/537.36 (KHTML, like Gecko; compatible; bingbot/2.0; +http://www.bing.com/bingbot.htm) Chrome/116.0.1938.76 Safari/537.36"
40.77.167.143 - - [31/Mar/2026:12:54:02 +0000] "GET /products/detail/245437872 HTTP/1.1" 200 187583 "-" "Mozilla/5.0 AppleWebKit/537.36 (KHTML, like Gecko; compatible; bingbot/2.0; +http://www.bing.com/bingbot.htm) Chrome/116.0.1938.76 Safari/537.36"
40.77.167.143 - - [31/Mar/2026:12:54:03 +0000] "GET /products/detail/240865216 HTTP/1.1" 200 213311 "-" "Mozilla/5.0 AppleWebKit/537.36 (KHTML, like Gecko; compatible; bingbot/2.0; +http://www.bing.com/bingbot.htm) Chrome/116.0.1938.76 Safari/537.36"
40.77.167.143 - - [31/Mar/2026:12:54:04 +0000] "GET /products/detail/284362761 HTTP/1.1" 200 201245 "-" "Mozilla/5.0 AppleWebKit/537.36 (KHTML, like Gecko; compatible; bingbot/2.0; +http://www.bing.com/bingbot.htm) Chrome/116.0.1938.76 Safari/537.36"
40.77.167.27 - - [31/Mar/2026:12:54:04 +0000] "GET /products/detail/204794337 HTTP/1.1" 200 186376 "-" "Mozilla/5.0 AppleWebKit/537.36 (KHTML, like Gecko; compatible; bingbot/2.0; +http://www.bing.com/bingbot.htm) Chrome/116.0.1938.76 Safari/537.36"
40.77.167.143 - - [31/Mar/2026:12:54:04 +0000] "GET /products/detail/257747963 HTTP/1.1" 200 190810 "-" "Mozilla/5.0 AppleWebKit/537.36 (KHTML, like Gecko; compatible; bingbot/2.0; +http://www.bing.com/bingbot.htm) Chrome/116.0.1938.76 Safari/537.36"
40.77.167.143 - - [31/Mar/2026:12:54:05 +0000] "GET /products/detail/269608165 HTTP/1.1" 200 188716 "-" "Mozilla/5.0 AppleWebKit/537.36 (KHTML, like Gecko; compatible; bingbot/2.0; +http://www.bing.com/bingbot.htm) Chrome/116.0.1938.76 Safari/537.36"
40.77.167.143 - - [31/Mar/2026:12:54:06 +0000] "GET /products/detail/272836701 HTTP/1.1" 200 211430 "-" "Mozilla/5.0 AppleWebKit/537.36 (KHTML, like Gecko; compatible; bingbot/2.0; +http://www.bing.com/bingbot.htm) Chrome/116.0.1938.76 Safari/537.36"
40.77.167.143 - - [31/Mar/2026:12:54:07 +0000] "GET /products/detail/161673428 HTTP/1.1" 200 189076 "-" "Mozilla/5.0 AppleWebKit/537.36 (KHTML, like Gecko; compatible; bingbot/2.0; +http://www.bing.com/bingbot.htm) Chrome/116.0.1938.76 Safari/537.36"
40.77.167.143 - - [31/Mar/2026:12:54:08 +0000] "GET /products/detail/242866135 HTTP/1.1" 200 187707 "-" "Mozilla/5.0 AppleWebKit/537.36 (KHTML, like Gecko; compatible; bingbot/2.0; +http://www.bing.com/bingbot.htm) Chrome/116.0.1938.76 Safari/537.36"
40.77.167.143 - - [31/Mar/2026:12:54:08 +0000] "GET /products/detail/310194125 HTTP/1.1" 200 185019 "-" "Mozilla/5.0 AppleWebKit/537.36 (KHTML, like Gecko; compatible; bingbot/2.0; +http://www.bing.com/bingbot.htm) Chrome/116.0.1938.76 Safari/537.36"
40.77.167.143 - - [31/Mar/2026:12:54:09 +0000] "GET /products/detail/187229478 HTTP/1.1" 200 194448 "-" "Mozilla/5.0 AppleWebKit/537.36 (KHTML, like Gecko; compatible; bingbot/2.0; +http://www.bing.com/bingbot.htm) Chrome/116.0.1938.76 Safari/537.36"
40.77.167.143 - - [31/Mar/2026:12:54:10 +0000] "GET /products/detail/12663014 HTTP/1.1" 200 185878 "-" "Mozilla/5.0 AppleWebKit/537.36 (KHTML, like Gecko; compatible; bingbot/2.0; +http://www.bing.com/bingbot.htm) Chrome/116.0.1938.76 Safari/537.36"
40.77.167.143 - - [31/Mar/2026:12:54:11 +0000] "GET /products/detail/170605468 HTTP/1.1" 200 189317 "-" "Mozilla/5.0 AppleWebKit/537.36 (KHTML, like Gecko; compatible; bingbot/2.0; +http://www.bing.com/bingbot.htm) Chrome/116.0.1938.76 Safari/537.36"
40.77.167.143 - - [31/Mar/2026:12:54:12 +0000] "GET /products/detail/174545226 HTTP/1.1" 200 189690 "-" "Mozilla/5.0 AppleWebKit/537.36 (KHTML, like Gecko; compatible; bingbot/2.0; +http://www.bing.com/bingbot.htm) Chrome/116.0.1938.76 Safari/537.36"
40.77.167.143 - - [31/Mar/2026:12:54:12 +0000] "GET /products/detail/18613135 HTTP/1.1" 200 185341 "-" "Mozilla/5.0 AppleWebKit/537.36 (KHTML, like Gecko; compatible; bingbot/2.0; +http://www.bing.com/bingbot.htm) Chrome/116.0.1938.76 Safari/537.36"
40.77.167.143 - - [31/Mar/2026:12:54:13 +0000] "GET /products/detail/136086862 HTTP/1.1" 200 189163 "-" "Mozilla/5.0 AppleWebKit/537.36 (KHTML, like Gecko; compatible; bingbot/2.0; +http://www.bing.com/bingbot.htm) Chrome/116.0.1938.76 Safari/537.36"
40.77.167.143 - - [31/Mar/2026:12:54:14 +0000] "GET /products/detail/186216973 HTTP/1.1" 200 187734 "-" "Mozilla/5.0 AppleWebKit/537.36 (KHTML, like Gecko; compatible; bingbot/2.0; +http://www.bing.com/bingbot.htm) Chrome/116.0.1938.76 Safari/537.36"
40.77.167.143 - - [31/Mar/2026:12:54:15 +0000] "GET /products/detail/133976822 HTTP/1.1" 200 217799 "-" "Mozilla/5.0 AppleWebKit/537.36 (KHTML, like Gecko; compatible; bingbot/2.0; +http://www.bing.com/bingbot.htm) Chrome/116.0.1938.76 Safari/537.36"
40.77.167.143 - - [31/Mar/2026:12:54:16 +0000] "GET /products/detail/174445327 HTTP/1.1" 200 186617 "-" "Mozilla/5.0 AppleWebKit/537.36 (KHTML, like Gecko; compatible; bingbot/2.0; +http://www.bing.com/bingbot.htm) Chrome/116.0.1938.76 Safari/537.36"
40.77.167.143 - - [31/Mar/2026:12:54:17 +0000] "GET /products/detail/225010357 HTTP/1.1" 200 207343 "-" "Mozilla/5.0 AppleWebKit/537.36 (KHTML, like Gecko; compatible; bingbot/2.0; +http://www.bing.com/bingbot.htm) Chrome/116.0.1938.76 Safari/537.36"
40.77.167.143 - - [31/Mar/2026:12:54:17 +0000] "GET /products/detail/263372852 HTTP/1.1" 200 200905 "-" "Mozilla/5.0 AppleWebKit/537.36 (KHTML, like Gecko; compatible; bingbot/2.0; +http://www.bing.com/bingbot.htm) Chrome/116.0.1938.76 Safari/537.36"
40.77.167.143 - - [31/Mar/2026:12:54:18 +0000] "GET /products/detail/301331711 HTTP/1.1" 200 193415 "-" "Mozilla/5.0 AppleWebKit/537.36 (KHTML, like Gecko; compatible; bingbot/2.0; +http://www.bing.com/bingbot.htm) Chrome/116.0.1938.76 Safari/537.36"
40.77.167.143 - - [31/Mar/2026:12:54:19 +0000] "GET /products/detail/140886913 HTTP/1.1" 200 193587 "-" "Mozilla/5.0 AppleWebKit/537.36 (KHTML, like Gecko; compatible; bingbot/2.0; +http://www.bing.com/bingbot.htm) Chrome/116.0.1938.76 Safari/537.36"
40.77.167.27 - - [31/Mar/2026:12:54:25 +0000] "GET /service/ HTTP/1.1" 200 190253 "-" "Mozilla/5.0 AppleWebKit/537.36 (KHTML, like Gecko; compatible; bingbot/2.0; +http://www.bing.com/bingbot.htm) Chrome/116.0.1938.76 Safari/537.36"
40.77.167.143 - - [31/Mar/2026:12:54:30 +0000] "GET /products/detail/258848559 HTTP/1.1" 200 187792 "-" "Mozilla/5.0 AppleWebKit/537.36 (KHTML, like Gecko; compatible; bingbot/2.0; +http://www.bing.com/bingbot.htm) Chrome/116.0.1938.76 Safari/537.36"
40.77.167.143 - - [31/Mar/2026:12:54:30 +0000] "GET /are-slot-machines-legal-in-nz/ HTTP/1.1" 200 193881 "-" "Mozilla/5.0 AppleWebKit/537.36 (KHTML, like Gecko; compatible; bingbot/2.0; +http://www.bing.com/bingbot.htm) Chrome/116.0.1938.76 Safari/537.36"
40.77.167.143 - - [31/Mar/2026:12:54:32 +0000] "GET /products/detail/242742155 HTTP/1.1" 200 193438 "-" "Mozilla/5.0 AppleWebKit/537.36 (KHTML, like Gecko; compatible; bingbot/2.0; +http://www.bing.com/bingbot.htm) Chrome/116.0.1938.76 Safari/537.36"
40.77.167.155 - - [31/Mar/2026:12:55:00 +0000] "GET /free-spins-for-existing-players-au/ HTTP/1.1" 200 199523 "-" "Mozilla/5.0 AppleWebKit/537.36 (KHTML, like Gecko; compatible; bingbot/2.0; +http://www.bing.com/bingbot.htm) Chrome/116.0.1938.76 Safari/537.36"
40.77.167.155 - - [31/Mar/2026:12:55:41 +0000] "GET /no-deposit-free-spins-au-pokies/ HTTP/1.1" 200 186712 "-" "Mozilla/5.0 AppleWebKit/537.36 (KHTML, like Gecko; compatible; bingbot/2.0; +http://www.bing.com/bingbot.htm) Chrome/116.0.1938.76 Safari/537.36"
40.77.167.27 - - [31/Mar/2026:12:55:46 +0000] "GET /products/detail/139243519 HTTP/1.1" 200 189231 "-" "Mozilla/5.0 AppleWebKit/537.36 (KHTML, like Gecko; compatible; bingbot/2.0; +http://www.bing.com/bingbot.htm) Chrome/116.0.1938.76 Safari/537.36"
20.15.133.191 - - [31/Mar/2026:12:55:46 +0000] "GET /products/detail/239446135 HTTP/1.1" 200 198691 "-" "Mozilla/5.0 AppleWebKit/537.36 (KHTML, like Gecko; compatible; bingbot/2.0; +http://www.bing.com/bingbot.htm) Chrome/116.0.1938.76 Safari/537.36"
40.77.167.27 - - [31/Mar/2026:12:56:38 +0000] "GET /best-online-pokie-sites-new-zealand/ HTTP/1.1" 200 201297 "-" "Mozilla/5.0 AppleWebKit/537.36 (KHTML, like Gecko; compatible; bingbot/2.0; +http://www.bing.com/bingbot.htm) Chrome/116.0.1938.76 Safari/537.36"
40.77.167.27 - - [31/Mar/2026:12:57:08 +0000] "GET /play-winning-pokies-casino/ HTTP/1.1" 200 188714 "-" "Mozilla/5.0 AppleWebKit/537.36 (KHTML, like Gecko; compatible; bingbot/2.0; +http://www.bing.com/bingbot.htm) Chrome/116.0.1938.76 Safari/537.36"
114.10.145.96 - - [31/Mar/2026:12:57:23 +0000] "GET /about/ HTTP/1.1" 200 223180 "https://www.google.com/" "Mozilla/5.0 (Linux; Android 10; K) AppleWebKit/537.36 (KHTML, like Gecko) Chrome/146.0.0.0 Mobile Safari/537.36"
45.79.238.235 - - [31/Mar/2026:12:57:25 +0000] "POST /?wordfence_syncAttackData=1774961845.4602 HTTP/1.1" 200 - "-" "WordPress/6.7.5; http://airless.co.nz"
45.79.238.235 - - [31/Mar/2026:12:57:26 +0000] "POST /wp-cron.php?doing_wp_cron=1774961846.7512159347534179687500 HTTP/1.1" 200 - "-" "WordPress/6.7.5; http://airless.co.nz"
114.10.145.96 - - [31/Mar/2026:12:57:24 +0000] "GET /designs/34862451/canvas/59/product_images HTTP/1.1" 404 90039 "https://airless.co.nz/about/" "Mozilla/5.0 (Linux; Android 10; K) AppleWebKit/537.36 (KHTML, like Gecko) Chrome/146.0.0.0 Mobile Safari/537.36"
66.249.74.9 - - [31/Mar/2026:12:57:55 +0000] "GET /?p=11887 HTTP/1.1" 200 185950 "-" "Mozilla/5.0 (Linux; Android 6.0.1; Nexus 5X Build/MMB29P) AppleWebKit/537.36 (KHTML, like Gecko) Chrome/146.0.7680.153 Mobile Safari/537.36 (compatible; Googlebot/2.1; +http://www.google.com/bot.html)"
52.167.144.166 - - [31/Mar/2026:12:58:27 +0000] "GET /products/detail/254697428 HTTP/1.1" 200 204983 "-" "Mozilla/5.0 AppleWebKit/537.36 (KHTML, like Gecko; compatible; bingbot/2.0; +http://www.bing.com/bingbot.htm) Chrome/116.0.1938.76 Safari/537.36"
52.167.144.166 - - [31/Mar/2026:12:58:28 +0000] "GET /products/detail/185196610 HTTP/1.1" 200 202440 "-" "Mozilla/5.0 AppleWebKit/537.36 (KHTML, like Gecko; compatible; bingbot/2.0; +http://www.bing.com/bingbot.htm) Chrome/116.0.1938.76 Safari/537.36"
52.167.144.166 - - [31/Mar/2026:12:58:57 +0000] "GET /products/detail/258496872 HTTP/1.1" 200 186483 "-" "Mozilla/5.0 AppleWebKit/537.36 (KHTML, like Gecko; compatible; bingbot/2.0; +http://www.bing.com/bingbot.htm) Chrome/116.0.1938.76 Safari/537.36"
2001:4860:7:506::fb - - [31/Mar/2026:12:59:04 +0000] "GET /about/ HTTP/1.1" 200 223180 "https://www.google.com/" "Mozilla/5.0 (Windows NT 10.0; Win64; x64) AppleWebKit/537.36 (KHTML, like Gecko) Chrome/146.0.0.0 Safari/537.36"
45.79.238.235 - - [31/Mar/2026:12:59:05 +0000] "POST /wp-cron.php?doing_wp_cron=1774961945.5336260795593261718750 HTTP/1.1" 200 - "-" "WordPress/6.7.5; http://airless.co.nz"
64.233.173.39 - - [31/Mar/2026:12:59:04 +0000] "GET /.well-known/traffic-advice HTTP/1.1" 404 89814 "-" "Chrome Privacy Preserving Prefetch Proxy"
20.15.133.184 - - [31/Mar/2026:12:59:06 +0000] "GET /products/detail/158073751 HTTP/1.1" 200 194034 "-" "Mozilla/5.0 AppleWebKit/537.36 (KHTML, like Gecko; compatible; bingbot/2.0; +http://www.bing.com/bingbot.htm) Chrome/116.0.1938.76 Safari/537.36"
64.233.173.38 - - [31/Mar/2026:12:59:06 +0000] "GET /.well-known/traffic-advice HTTP/1.1" 404 89814 "-" "Chrome Privacy Preserving Prefetch Proxy"
20.15.133.184 - - [31/Mar/2026:12:59:09 +0000] "GET /products/detail/295161206 HTTP/1.1" 200 220050 "-" "Mozilla/5.0 AppleWebKit/537.36 (KHTML, like Gecko; compatible; bingbot/2.0; +http://www.bing.com/bingbot.htm) Chrome/116.0.1938.76 Safari/537.36"
2001:4860:7:506::f3 - - [31/Mar/2026:12:59:16 +0000] "GET /about/ HTTP/1.1" 200 223180 "https://www.google.com/" "Mozilla/5.0 (Windows NT 10.0; Win64; x64) AppleWebKit/537.36 (KHTML, like Gecko) Chrome/146.0.0.0 Safari/537.36"
20.15.133.184 - - [31/Mar/2026:12:59:17 +0000] "GET /products/detail/180944115 HTTP/1.1" 200 193623 "-" "Mozilla/5.0 AppleWebKit/537.36 (KHTML, like Gecko; compatible; bingbot/2.0; +http://www.bing.com/bingbot.htm) Chrome/116.0.1938.76 Safari/537.36"
45.79.238.235 - - [31/Mar/2026:12:59:18 +0000] "POST /wp-cron.php?doing_wp_cron=1774961958.1039810180664062500000 HTTP/1.1" 200 - "-" "WordPress/6.7.5; http://airless.co.nz"
182.253.242.122 - - [31/Mar/2026:12:59:17 +0000] "GET /designs/34862451/canvas/59/product_images HTTP/1.1" 404 90041 "https://airless.co.nz/about/" "Mozilla/5.0 (Windows NT 10.0; Win64; x64) AppleWebKit/537.36 (KHTML, like Gecko) Chrome/146.0.0.0 Safari/537.36"
40.77.167.15 - - [31/Mar/2026:12:59:49 +0000] "GET /list-of-casino-bonus-in-australia/ HTTP/1.1" 200 199285 "-" "Mozilla/5.0 AppleWebKit/537.36 (KHTML, like Gecko; compatible; bingbot/2.0; +http://www.bing.com/bingbot.htm) Chrome/116.0.1938.76 Safari/537.36"
66.249.74.11 - - [31/Mar/2026:12:59:55 +0000] "GET /?p=16284 HTTP/1.1" 200 185332 "-" "Mozilla/5.0 (Linux; Android 6.0.1; Nexus 5X Build/MMB29P) AppleWebKit/537.36 (KHTML, like Gecko) Chrome/146.0.7680.153 Mobile Safari/537.36 (compatible; Googlebot/2.1; +http://www.google.com/bot.html)"
20.15.133.184 - - [31/Mar/2026:13:00:37 +0000] "GET /products/detail/268533670 HTTP/1.1" 200 193031 "-" "Mozilla/5.0 AppleWebKit/537.36 (KHTML, like Gecko; compatible; bingbot/2.0; +http://www.bing.com/bingbot.htm) Chrome/116.0.1938.76 Safari/537.36"
20.125.163.80 - - [31/Mar/2026:13:00:39 +0000] "GET /products/detail/264195913 HTTP/1.1" 200 190681 "-" "Mozilla/5.0 AppleWebKit/537.36 (KHTML, like Gecko; compatible; bingbot/2.0; +http://www.bing.com/bingbot.htm) Chrome/116.0.1938.76 Safari/537.36"
66.249.74.9 - - [31/Mar/2026:13:01:45 +0000] "GET /pokies-sites-with-bonus-game/ HTTP/1.1" 200 201298 "-" "Mozilla/5.0 (Linux; Android 6.0.1; Nexus 5X Build/MMB29P) AppleWebKit/537.36 (KHTML, like Gecko) Chrome/146.0.7680.153 Mobile Safari/537.36 (compatible; Googlebot/2.1; +http://www.google.com/bot.html)"
45.79.238.235 - - [31/Mar/2026:13:01:52 +0000] "POST /wp-cron.php?doing_wp_cron=1774962112.8958029747009277343750 HTTP/1.1" 200 - "-" "WordPress/6.7.5; http://airless.co.nz"
43.159.135.203 - - [31/Mar/2026:13:01:51 +0000] "GET / HTTP/1.1" 200 292890 "-" "Mozilla/5.0 (iPhone; CPU iPhone OS 13_2_3 like Mac OS X) AppleWebKit/605.1.15 (KHTML, like Gecko) Version/13.0.3 Mobile/15E148 Safari/604.1"
20.15.133.184 - - [31/Mar/2026:13:02:07 +0000] "GET /products/detail/13230913 HTTP/1.1" 200 202493 "-" "Mozilla/5.0 AppleWebKit/537.36 (KHTML, like Gecko; compatible; bingbot/2.0; +http://www.bing.com/bingbot.htm) Chrome/116.0.1938.76 Safari/537.36"
20.15.133.184 - - [31/Mar/2026:13:02:16 +0000] "GET /products/detail/302716024 HTTP/1.1" 200 192924 "-" "Mozilla/5.0 AppleWebKit/537.36 (KHTML, like Gecko; compatible; bingbot/2.0; +http://www.bing.com/bingbot.htm) Chrome/116.0.1938.76 Safari/537.36"
20.15.133.184 - - [31/Mar/2026:13:03:37 +0000] "GET /products/detail/13071721 HTTP/1.1" 200 191203 "-" "Mozilla/5.0 AppleWebKit/537.36 (KHTML, like Gecko; compatible; bingbot/2.0; +http://www.bing.com/bingbot.htm) Chrome/116.0.1938.76 Safari/537.36"
40.77.167.15 - - [31/Mar/2026:13:04:10 +0000] "GET /products/detail/266696559 HTTP/1.1" 200 188627 "-" "Mozilla/5.0 AppleWebKit/537.36 (KHTML, like Gecko; compatible; bingbot/2.0; +http://www.bing.com/bingbot.htm) Chrome/116.0.1938.76 Safari/537.36"
141.98.11.44 - - [31/Mar/2026:13:04:22 +0000] "GET /wp-includes/sodium_compat/src/Core/SecretStream/State.php HTTP/1.1" 403 4170 "-" "Mozilla/5.0 (Windows NT 10.0; Win64; x64) AppleWebKit/537.36"
20.15.133.184 - - [31/Mar/2026:13:04:38 +0000] "GET /products/detail/147684721 HTTP/1.1" 200 192318 "-" "Mozilla/5.0 AppleWebKit/537.36 (KHTML, like Gecko; compatible; bingbot/2.0; +http://www.bing.com/bingbot.htm) Chrome/116.0.1938.76 Safari/537.36"
20.15.133.184 - - [31/Mar/2026:13:04:57 +0000] "GET /products/detail/187969054 HTTP/1.1" 200 195675 "-" "Mozilla/5.0 AppleWebKit/537.36 (KHTML, like Gecko; compatible; bingbot/2.0; +http://www.bing.com/bingbot.htm) Chrome/116.0.1938.76 Safari/537.36"
52.167.144.166 - - [31/Mar/2026:13:05:40 +0000] "GET /popular-pokies-with-welcome-bonus-games-for-free/ HTTP/1.1" 200 194919 "-" "Mozilla/5.0 AppleWebKit/537.36 (KHTML, like Gecko; compatible; bingbot/2.0; +http://www.bing.com/bingbot.htm) Chrome/116.0.1938.76 Safari/537.36"
66.249.74.6 - - [31/Mar/2026:13:05:56 +0000] "GET /new-casino-au-free-bonus/ HTTP/1.1" 200 187959 "-" "Mozilla/5.0 (Linux; Android 6.0.1; Nexus 5X Build/MMB29P) AppleWebKit/537.36 (KHTML, like Gecko) Chrome/146.0.7680.153 Mobile Safari/537.36 (compatible; Googlebot/2.1; +http://www.google.com/bot.html)"
40.77.167.15 - - [31/Mar/2026:13:06:08 +0000] "GET /products/detail/218007236 HTTP/1.1" 200 191979 "-" "Mozilla/5.0 AppleWebKit/537.36 (KHTML, like Gecko; compatible; bingbot/2.0; +http://www.bing.com/bingbot.htm) Chrome/116.0.1938.76 Safari/537.36"
111.90.182.134 - - [31/Mar/2026:13:06:45 +0000] "GET /wp-admin/policy.php HTTP/1.1" 200 4398 "-" "Mozilla/5.0 (Windows NT 10.0; Win64; x64) AppleWebKit/537.36 (KHTML, like Gecko) Chrome/146.0.0.0 Safari/537.36"
20.15.133.184 - - [31/Mar/2026:13:07:17 +0000] "GET /products/detail/314364044 HTTP/1.1" 200 193074 "-" "Mozilla/5.0 AppleWebKit/537.36 (KHTML, like Gecko; compatible; bingbot/2.0; +http://www.bing.com/bingbot.htm) Chrome/116.0.1938.76 Safari/537.36"
52.167.144.166 - - [31/Mar/2026:13:07:21 +0000] "GET /products/detail/166660761 HTTP/1.1" 200 199112 "-" "Mozilla/5.0 AppleWebKit/537.36 (KHTML, like Gecko; compatible; bingbot/2.0; +http://www.bing.com/bingbot.htm) Chrome/116.0.1938.76 Safari/537.36"
20.125.163.81 - - [31/Mar/2026:13:07:40 +0000] "GET /products/detail/275517802 HTTP/1.1" 200 184087 "-" "Mozilla/5.0 AppleWebKit/537.36 (KHTML, like Gecko; compatible; bingbot/2.0; +http://www.bing.com/bingbot.htm) Chrome/116.0.1938.76 Safari/537.36"
52.167.144.145 - - [31/Mar/2026:13:08:48 +0000] "GET /emerald-casino-boat/ HTTP/1.1" 200 188568 "-" "Mozilla/5.0 AppleWebKit/537.36 (KHTML, like Gecko; compatible; bingbot/2.0; +http://www.bing.com/bingbot.htm) Chrome/116.0.1938.76 Safari/537.36"
20.15.133.160 - - [31/Mar/2026:13:09:27 +0000] "GET /products/detail/260771064 HTTP/1.1" 200 193333 "-" "Mozilla/5.0 AppleWebKit/537.36 (KHTML, like Gecko; compatible; bingbot/2.0; +http://www.bing.com/bingbot.htm) Chrome/116.0.1938.76 Safari/537.36"
20.15.133.160 - - [31/Mar/2026:13:09:29 +0000] "GET /products/detail/208110943 HTTP/1.1" 200 217861 "-" "Mozilla/5.0 AppleWebKit/537.36 (KHTML, like Gecko; compatible; bingbot/2.0; +http://www.bing.com/bingbot.htm) Chrome/116.0.1938.76 Safari/537.36"
20.15.133.160 - - [31/Mar/2026:13:09:37 +0000] "GET /products/detail/202612165 HTTP/1.1" 200 198933 "-" "Mozilla/5.0 AppleWebKit/537.36 (KHTML, like Gecko; compatible; bingbot/2.0; +http://www.bing.com/bingbot.htm) Chrome/116.0.1938.76 Safari/537.36"
40.77.167.243 - - [31/Mar/2026:13:09:51 +0000] "GET /products/detail/214691064 HTTP/1.1" 200 188458 "-" "Mozilla/5.0 AppleWebKit/537.36 (KHTML, like Gecko; compatible; bingbot/2.0; +http://www.bing.com/bingbot.htm) Chrome/116.0.1938.76 Safari/537.36"
20.15.133.160 - - [31/Mar/2026:13:10:08 +0000] "GET /products/detail/145724064 HTTP/1.1" 200 206562 "-" "Mozilla/5.0 AppleWebKit/537.36 (KHTML, like Gecko; compatible; bingbot/2.0; +http://www.bing.com/bingbot.htm) Chrome/116.0.1938.76 Safari/537.36"
45.79.238.235 - - [31/Mar/2026:13:10:30 +0000] "POST /wp-cron.php?doing_wp_cron=1774962629.5957939624786376953125 HTTP/1.1" 200 - "-" "WordPress/6.7.5; http://airless.co.nz"
4.209.236.24 - - [31/Mar/2026:13:10:28 +0000] "GET /products/detail/216946923 HTTP/1.1" 404 90041 "-" "Mozilla/5.0 (Windows NT 10.0; Win64; x64) AppleWebKit/537.36 (KHTML, like Gecko) Chrome/131.0.0.0 Safari/537.36 Edg/131.0.0.0"
20.125.163.81 - - [31/Mar/2026:13:10:31 +0000] "GET /products/detail/176095579 HTTP/1.1" 200 193704 "-" "Mozilla/5.0 AppleWebKit/537.36 (KHTML, like Gecko; compatible; bingbot/2.0; +http://www.bing.com/bingbot.htm) Chrome/116.0.1938.76 Safari/537.36"
20.15.133.160 - - [31/Mar/2026:13:10:38 +0000] "GET /products/detail/240675074 HTTP/1.1" 200 188124 "-" "Mozilla/5.0 AppleWebKit/537.36 (KHTML, like Gecko; compatible; bingbot/2.0; +http://www.bing.com/bingbot.htm) Chrome/116.0.1938.76 Safari/537.36"
20.15.133.160 - - [31/Mar/2026:13:10:40 +0000] "GET /products/detail/125616610 HTTP/1.1" 200 198460 "-" "Mozilla/5.0 AppleWebKit/537.36 (KHTML, like Gecko; compatible; bingbot/2.0; +http://www.bing.com/bingbot.htm) Chrome/116.0.1938.76 Safari/537.36"
66.249.74.8 - - [31/Mar/2026:13:10:57 +0000] "GET /?p=12073 HTTP/1.1" 200 195133 "-" "Mozilla/5.0 (Linux; Android 6.0.1; Nexus 5X Build/MMB29P) AppleWebKit/537.36 (KHTML, like Gecko) Chrome/146.0.7680.153 Mobile Safari/537.36 (compatible; Googlebot/2.1; +http://www.google.com/bot.html)"
20.15.133.160 - - [31/Mar/2026:13:11:48 +0000] "GET /products/detail/153363610 HTTP/1.1" 200 190157 "-" "Mozilla/5.0 AppleWebKit/537.36 (KHTML, like Gecko; compatible; bingbot/2.0; +http://www.bing.com/bingbot.htm) Chrome/116.0.1938.76 Safari/537.36"
20.15.133.160 - - [31/Mar/2026:13:12:28 +0000] "GET /products/detail/255396044 HTTP/1.1" 200 187503 "-" "Mozilla/5.0 AppleWebKit/537.36 (KHTML, like Gecko; compatible; bingbot/2.0; +http://www.bing.com/bingbot.htm) Chrome/116.0.1938.76 Safari/537.36"
2404:c0:4c0b::f3b:3d8f - - [31/Mar/2026:13:13:06 +0000] "GET /about/ HTTP/1.1" 200 223180 "https://www.google.com/" "Mozilla/5.0 (Linux; Android 10; K) AppleWebKit/537.36 (KHTML, like Gecko) Chrome/145.0.0.0 Mobile Safari/537.36"
20.15.133.160 - - [31/Mar/2026:13:13:18 +0000] "GET /products/detail/132088842 HTTP/1.1" 200 194378 "-" "Mozilla/5.0 AppleWebKit/537.36 (KHTML, like Gecko; compatible; bingbot/2.0; +http://www.bing.com/bingbot.htm) Chrome/116.0.1938.76 Safari/537.36"
20.125.163.81 - - [31/Mar/2026:13:13:50 +0000] "GET /products/detail/142063438 HTTP/1.1" 200 190213 "-" "Mozilla/5.0 AppleWebKit/537.36 (KHTML, like Gecko; compatible; bingbot/2.0; +http://www.bing.com/bingbot.htm) Chrome/116.0.1938.76 Safari/537.36"
45.79.238.235 - - [31/Mar/2026:13:14:00 +0000] "POST /wp-cron.php?doing_wp_cron=1774962840.0909008979797363281250 HTTP/1.1" 200 - "-" "WordPress/6.7.5; http://airless.co.nz"
111.90.182.134 - - [31/Mar/2026:13:13:59 +0000] "GET / HTTP/1.1" 200 292894 "-" "Mozilla/5.0 (Windows NT 10.0; Win64; x64) AppleWebKit/537.36 (KHTML, like Gecko) Chrome/146.0.0.0 Safari/537.36"
111.90.182.134 - - [31/Mar/2026:13:14:01 +0000] "GET /wp-content/uploads/2025/04/DifferentUnits-980x741.jpg HTTP/1.1" 200 73072 "https://airless.co.nz/" "Mozilla/5.0 (Windows NT 10.0; Win64; x64) AppleWebKit/537.36 (KHTML, like Gecko) Chrome/146.0.0.0 Safari/537.36"
111.90.182.134 - - [31/Mar/2026:13:14:02 +0000] "POST /?wc-ajax=get_refreshed_fragments HTTP/1.1" 200 210 "https://airless.co.nz/" "Mozilla/5.0 (Windows NT 10.0; Win64; x64) AppleWebKit/537.36 (KHTML, like Gecko) Chrome/146.0.0.0 Safari/537.36"
111.90.182.134 - - [31/Mar/2026:13:14:02 +0000] "GET /wp-content/uploads/siteground-optimizer-assets/chat-widget/chat-widget.esm.js?v=1774962841925 HTTP/1.1" 404 90041 "https://airless.co.nz/" "Mozilla/5.0 (Windows NT 10.0; Win64; x64) AppleWebKit/537.36 (KHTML, like Gecko) Chrome/146.0.0.0 Safari/537.36"
66.249.74.8 - - [31/Mar/2026:13:14:15 +0000] "GET /las-vegas-pokies-online/ HTTP/1.1" 200 196613 "-" "Mozilla/5.0 (Linux; Android 6.0.1; Nexus 5X Build/MMB29P) AppleWebKit/537.36 (KHTML, like Gecko) Chrome/146.0.7680.153 Mobile Safari/537.36 (compatible; Googlebot/2.1; +http://www.google.com/bot.html)"
20.15.133.160 - - [31/Mar/2026:13:14:18 +0000] "GET /products/detail/284639852 HTTP/1.1" 200 188459 "-" "Mozilla/5.0 AppleWebKit/537.36 (KHTML, like Gecko; compatible; bingbot/2.0; +http://www.bing.com/bingbot.htm) Chrome/116.0.1938.76 Safari/537.36"
2a09:bac1:7500:fd0::84:84 - - [31/Mar/2026:13:14:19 +0000] "GET / HTTP/1.1" 403 - "-" "Python/3.10 aiohttp/3.11.11"
20.15.133.160 - - [31/Mar/2026:13:14:20 +0000] "GET /products/detail/99681640 HTTP/1.1" 200 197672 "-" "Mozilla/5.0 AppleWebKit/537.36 (KHTML, like Gecko; compatible; bingbot/2.0; +http://www.bing.com/bingbot.htm) Chrome/116.0.1938.76 Safari/537.36"
20.15.133.160 - - [31/Mar/2026:13:14:38 +0000] "GET /products/detail/253515721 HTTP/1.1" 200 200596 "-" "Mozilla/5.0 AppleWebKit/537.36 (KHTML, like Gecko; compatible; bingbot/2.0; +http://www.bing.com/bingbot.htm) Chrome/116.0.1938.76 Safari/537.36"
20.15.133.160 - - [31/Mar/2026:13:14:48 +0000] "GET /products/detail/170518165 HTTP/1.1" 200 203131 "-" "Mozilla/5.0 AppleWebKit/537.36 (KHTML, like Gecko; compatible; bingbot/2.0; +http://www.bing.com/bingbot.htm) Chrome/116.0.1938.76 Safari/537.36"
20.15.133.160 - - [31/Mar/2026:13:15:18 +0000] "GET /products/detail/120079246 HTTP/1.1" 200 196718 "-" "Mozilla/5.0 AppleWebKit/537.36 (KHTML, like Gecko; compatible; bingbot/2.0; +http://www.bing.com/bingbot.htm) Chrome/116.0.1938.76 Safari/537.36"
20.15.133.160 - - [31/Mar/2026:13:15:20 +0000] "GET /products/detail/132369539 HTTP/1.1" 200 198426 "-" "Mozilla/5.0 AppleWebKit/537.36 (KHTML, like Gecko; compatible; bingbot/2.0; +http://www.bing.com/bingbot.htm) Chrome/116.0.1938.76 Safari/537.36"
20.15.133.160 - - [31/Mar/2026:13:15:29 +0000] "GET /products/detail/231956559 HTTP/1.1" 200 187073 "-" "Mozilla/5.0 AppleWebKit/537.36 (KHTML, like Gecko; compatible; bingbot/2.0; +http://www.bing.com/bingbot.htm) Chrome/116.0.1938.76 Safari/537.36"
20.15.133.160 - - [31/Mar/2026:13:15:48 +0000] "GET /products/detail/176472347 HTTP/1.1" 200 189877 "-" "Mozilla/5.0 AppleWebKit/537.36 (KHTML, like Gecko; compatible; bingbot/2.0; +http://www.bing.com/bingbot.htm) Chrome/116.0.1938.76 Safari/537.36"
20.15.133.160 - - [31/Mar/2026:13:15:50 +0000] "GET /products/detail/315984377 HTTP/1.1" 200 197769 "-" "Mozilla/5.0 AppleWebKit/537.36 (KHTML, like Gecko; compatible; bingbot/2.0; +http://www.bing.com/bingbot.htm) Chrome/116.0.1938.76 Safari/537.36"
20.15.133.160 - - [31/Mar/2026:13:16:08 +0000] "GET /products/detail/292422377 HTTP/1.1" 200 192731 "-" "Mozilla/5.0 AppleWebKit/537.36 (KHTML, like Gecko; compatible; bingbot/2.0; +http://www.bing.com/bingbot.htm) Chrome/116.0.1938.76 Safari/537.36"
20.15.133.160 - - [31/Mar/2026:13:16:18 +0000] "GET /products/detail/253782125 HTTP/1.1" 200 186343 "-" "Mozilla/5.0 AppleWebKit/537.36 (KHTML, like Gecko; compatible; bingbot/2.0; +http://www.bing.com/bingbot.htm) Chrome/116.0.1938.76 Safari/537.36"
40.77.167.243 - - [31/Mar/2026:13:16:20 +0000] "GET /products/detail/174414044 HTTP/1.1" 200 199405 "-" "Mozilla/5.0 AppleWebKit/537.36 (KHTML, like Gecko; compatible; bingbot/2.0; +http://www.bing.com/bingbot.htm) Chrome/116.0.1938.76 Safari/537.36"
40.77.167.243 - - [31/Mar/2026:13:16:21 +0000] "GET /products/detail/291438236 HTTP/1.1" 200 195119 "-" "Mozilla/5.0 AppleWebKit/537.36 (KHTML, like Gecko; compatible; bingbot/2.0; +http://www.bing.com/bingbot.htm) Chrome/116.0.1938.76 Safari/537.36"
40.77.167.243 - - [31/Mar/2026:13:16:21 +0000] "GET /products/detail/172056266 HTTP/1.1" 200 193600 "-" "Mozilla/5.0 AppleWebKit/537.36 (KHTML, like Gecko; compatible; bingbot/2.0; +http://www.bing.com/bingbot.htm) Chrome/116.0.1938.76 Safari/537.36"
40.77.167.243 - - [31/Mar/2026:13:16:22 +0000] "GET /products/detail/35407923 HTTP/1.1" 200 187416 "-" "Mozilla/5.0 AppleWebKit/537.36 (KHTML, like Gecko; compatible; bingbot/2.0; +http://www.bing.com/bingbot.htm) Chrome/116.0.1938.76 Safari/537.36"
40.77.167.243 - - [31/Mar/2026:13:16:23 +0000] "GET /products/detail/216232105 HTTP/1.1" 200 189561 "-" "Mozilla/5.0 AppleWebKit/537.36 (KHTML, like Gecko; compatible; bingbot/2.0; +http://www.bing.com/bingbot.htm) Chrome/116.0.1938.76 Safari/537.36"
40.77.167.243 - - [31/Mar/2026:13:16:24 +0000] "GET /products/detail/30390185 HTTP/1.1" 200 186027 "-" "Mozilla/5.0 AppleWebKit/537.36 (KHTML, like Gecko; compatible; bingbot/2.0; +http://www.bing.com/bingbot.htm) Chrome/116.0.1938.76 Safari/537.36"
40.77.167.243 - - [31/Mar/2026:13:16:25 +0000] "GET /products/detail/315441125 HTTP/1.1" 200 187516 "-" "Mozilla/5.0 AppleWebKit/537.36 (KHTML, like Gecko; compatible; bingbot/2.0; +http://www.bing.com/bingbot.htm) Chrome/116.0.1938.76 Safari/537.36"
40.77.167.243 - - [31/Mar/2026:13:16:26 +0000] "GET /products/detail/216676024 HTTP/1.1" 200 207411 "-" "Mozilla/5.0 AppleWebKit/537.36 (KHTML, like Gecko; compatible; bingbot/2.0; +http://www.bing.com/bingbot.htm) Chrome/116.0.1938.76 Safari/537.36"
40.77.167.243 - - [31/Mar/2026:13:16:27 +0000] "GET /products/detail/167072418 HTTP/1.1" 200 193196 "-" "Mozilla/5.0 AppleWebKit/537.36 (KHTML, like Gecko; compatible; bingbot/2.0; +http://www.bing.com/bingbot.htm) Chrome/116.0.1938.76 Safari/537.36"
40.77.167.243 - - [31/Mar/2026:13:16:27 +0000] "GET /products/detail/283689913 HTTP/1.1" 200 205109 "-" "Mozilla/5.0 AppleWebKit/537.36 (KHTML, like Gecko; compatible; bingbot/2.0; +http://www.bing.com/bingbot.htm) Chrome/116.0.1938.76 Safari/537.36"
40.77.167.243 - - [31/Mar/2026:13:16:28 +0000] "GET /products/detail/210848418 HTTP/1.1" 200 191860 "-" "Mozilla/5.0 AppleWebKit/537.36 (KHTML, like Gecko; compatible; bingbot/2.0; +http://www.bing.com/bingbot.htm) Chrome/116.0.1938.76 Safari/537.36"
40.77.167.24 - - [31/Mar/2026:13:16:31 +0000] "GET /products/detail/179706155 HTTP/1.1" 200 185218 "-" "Mozilla/5.0 AppleWebKit/537.36 (KHTML, like Gecko; compatible; bingbot/2.0; +http://www.bing.com/bingbot.htm) Chrome/116.0.1938.76 Safari/537.36"
40.77.167.24 - - [31/Mar/2026:13:16:31 +0000] "GET /products/detail/195300781 HTTP/1.1" 200 190747 "-" "Mozilla/5.0 AppleWebKit/537.36 (KHTML, like Gecko; compatible; bingbot/2.0; +http://www.bing.com/bingbot.htm) Chrome/116.0.1938.76 Safari/537.36"
40.77.167.24 - - [31/Mar/2026:13:16:32 +0000] "GET /products/detail/233485327 HTTP/1.1" 200 187651 "-" "Mozilla/5.0 AppleWebKit/537.36 (KHTML, like Gecko; compatible; bingbot/2.0; +http://www.bing.com/bingbot.htm) Chrome/116.0.1938.76 Safari/537.36"
40.77.167.24 - - [31/Mar/2026:13:16:33 +0000] "GET /products/detail/292312024 HTTP/1.1" 200 187585 "-" "Mozilla/5.0 AppleWebKit/537.36 (KHTML, like Gecko; compatible; bingbot/2.0; +http://www.bing.com/bingbot.htm) Chrome/116.0.1938.76 Safari/537.36"
40.77.167.24 - - [31/Mar/2026:13:16:34 +0000] "GET /products/detail/228829519 HTTP/1.1" 200 200201 "-" "Mozilla/5.0 AppleWebKit/537.36 (KHTML, like Gecko; compatible; bingbot/2.0; +http://www.bing.com/bingbot.htm) Chrome/116.0.1938.76 Safari/537.36"
40.77.167.24 - - [31/Mar/2026:13:16:35 +0000] "GET /products/detail/138426317 HTTP/1.1" 200 186929 "-" "Mozilla/5.0 AppleWebKit/537.36 (KHTML, like Gecko; compatible; bingbot/2.0; +http://www.bing.com/bingbot.htm) Chrome/116.0.1938.76 Safari/537.36"
40.77.167.24 - - [31/Mar/2026:13:16:36 +0000] "GET /products/detail/129249347 HTTP/1.1" 200 199211 "-" "Mozilla/5.0 AppleWebKit/537.36 (KHTML, like Gecko; compatible; bingbot/2.0; +http://www.bing.com/bingbot.htm) Chrome/116.0.1938.76 Safari/537.36"
