185.177.72.50 - - [31/Mar/2026:12:14:04 +0000] "GET /aws/credentials HTTP/1.1" 404 - "-" "Mozilla/5.0 (Windows NT 10.0; Win64; x64) AppleWebKit/537.36, Mozilla/5.0 (Windows NT 10.0; Win64; x64) AppleWebKit/537.36 (KHTML, like Gecko) Chrome/120.0.0.0 Safari/537.36"
185.177.72.50 - - [31/Mar/2026:12:14:04 +0000] "GET /aws-secret.yaml HTTP/1.1" 404 - "-" "Mozilla/5.0 (Windows NT 10.0; Win64; x64) AppleWebKit/537.36, Mozilla/5.0 (Windows NT 10.0; Win64; x64) AppleWebKit/537.36 (KHTML, like Gecko) Chrome/120.0.0.0 Safari/537.36"
185.177.72.50 - - [31/Mar/2026:12:14:04 +0000] "GET /.travis.yml HTTP/1.1" 404 - "-" "Mozilla/5.0 (Windows NT 10.0; Win64; x64) AppleWebKit/537.36"
185.177.72.50 - - [31/Mar/2026:12:14:04 +0000] "GET /.circleci/config.yml HTTP/1.1" 404 - "-" "Mozilla/5.0 (Windows NT 10.0; Win64; x64) AppleWebKit/537.36"
185.177.72.50 - - [31/Mar/2026:12:14:04 +0000] "GET /.bitbucket/pipelines.yml HTTP/1.1" 404 - "-" "Mozilla/5.0 (Windows NT 10.0; Win64; x64) AppleWebKit/537.36, Mozilla/5.0 (Windows NT 10.0; Win64; x64) AppleWebKit/537.36 (KHTML, like Gecko) Chrome/120.0.0.0 Safari/537.36"
185.177.72.50 - - [31/Mar/2026:12:14:04 +0000] "GET /phpinfo HTTP/1.1" 404 - "-" "Mozilla/5.0 (Windows NT 10.0; Win64; x64) AppleWebKit/537.36, Mozilla/5.0 (Windows NT 10.0; Win64; x64) AppleWebKit/537.36 (KHTML, like Gecko) Chrome/120.0.0.0 Safari/537.36"
185.177.72.50 - - [31/Mar/2026:12:14:04 +0000] "GET /_profiler/phpinfo HTTP/1.1" 404 - "-" "Mozilla/5.0 (Windows NT 10.0; Win64; x64) AppleWebKit/537.36, Mozilla/5.0 (Windows NT 10.0; Win64; x64) AppleWebKit/537.36 (KHTML, like Gecko) Chrome/120.0.0.0 Safari/537.36"
185.177.72.50 - - [31/Mar/2026:12:14:04 +0000] "GET /_profiler/latest HTTP/1.1" 404 - "-" "Mozilla/5.0 (Windows NT 10.0; Win64; x64) AppleWebKit/537.36, Mozilla/5.0 (Windows NT 10.0; Win64; x64) AppleWebKit/537.36 (KHTML, like Gecko) Chrome/120.0.0.0 Safari/537.36"
185.177.72.50 - - [31/Mar/2026:12:14:04 +0000] "GET /horizon/api/stats HTTP/1.1" 404 - "-" "Mozilla/5.0 (Windows NT 10.0; Win64; x64) AppleWebKit/537.36, Mozilla/5.0 (Windows NT 10.0; Win64; x64) AppleWebKit/537.36 (KHTML, like Gecko) Chrome/120.0.0.0 Safari/537.36"
185.177.72.50 - - [31/Mar/2026:12:14:04 +0000] "GET /manage/env HTTP/1.1" 404 - "-" "Mozilla/5.0 (Windows NT 10.0; Win64; x64) AppleWebKit/537.36, Mozilla/5.0 (Windows NT 10.0; Win64; x64) AppleWebKit/537.36 (KHTML, like Gecko) Chrome/120.0.0.0 Safari/537.36"
185.177.72.50 - - [31/Mar/2026:12:14:04 +0000] "GET /server-info HTTP/1.1" 404 - "-" "Mozilla/5.0 (Windows NT 10.0; Win64; x64) AppleWebKit/537.36, Mozilla/5.0 (Windows NT 10.0; Win64; x64) AppleWebKit/537.36 (KHTML, like Gecko) Chrome/120.0.0.0 Safari/537.36"
185.177.72.50 - - [31/Mar/2026:12:14:04 +0000] "GET /info.php HTTP/1.1" 404 16 "-" "Mozilla/5.0 (Windows NT 10.0; Win64; x64) AppleWebKit/537.36"
185.177.72.50 - - [31/Mar/2026:12:14:04 +0000] "GET /phpinfo.php HTTP/1.1" 404 16 "-" "Mozilla/5.0 (Windows NT 10.0; Win64; x64) AppleWebKit/537.36"
185.177.72.50 - - [31/Mar/2026:12:14:04 +0000] "GET /debug/default/view HTTP/1.1" 404 - "-" "Mozilla/5.0 (Windows NT 10.0; Win64; x64) AppleWebKit/537.36, Mozilla/5.0 (Windows NT 10.0; Win64; x64) AppleWebKit/537.36 (KHTML, like Gecko) Chrome/120.0.0.0 Safari/537.36"
185.177.72.50 - - [31/Mar/2026:12:14:04 +0000] "GET /storage/logs/laravel.log HTTP/1.1" 404 - "-" "Mozilla/5.0 (Windows NT 10.0; Win64; x64) AppleWebKit/537.36"
185.177.72.50 - - [31/Mar/2026:12:14:04 +0000] "GET /debug.log HTTP/1.1" 404 - "-" "Mozilla/5.0 (Windows NT 10.0; Win64; x64) AppleWebKit/537.36"
185.177.72.50 - - [31/Mar/2026:12:14:04 +0000] "GET /storage/logs/stripe.log HTTP/1.1" 404 - "-" "Mozilla/5.0 (Windows NT 10.0; Win64; x64) AppleWebKit/537.36, Mozilla/5.0 (Windows NT 10.0; Win64; x64) AppleWebKit/537.36 (KHTML, like Gecko) Chrome/120.0.0.0 Safari/537.36"
185.177.72.50 - - [31/Mar/2026:12:14:05 +0000] "GET /storage/logs/payments.log HTTP/1.1" 404 - "-" "Mozilla/5.0 (Windows NT 10.0; Win64; x64) AppleWebKit/537.36, Mozilla/5.0 (Windows NT 10.0; Win64; x64) AppleWebKit/537.36 (KHTML, like Gecko) Chrome/120.0.0.0 Safari/537.36"
185.177.72.50 - - [31/Mar/2026:12:14:05 +0000] "GET /error.log HTTP/1.1" 404 - "-" "Mozilla/5.0 (Windows NT 10.0; Win64; x64) AppleWebKit/537.36"
185.177.72.50 - - [31/Mar/2026:12:14:04 +0000] "GET /app_dev.php/_profiler/phpinfo HTTP/1.1" 404 16 "-" "Mozilla/5.0 (Windows NT 10.0; Win64; x64) AppleWebKit/537.36, Mozilla/5.0 (Windows NT 10.0; Win64; x64) AppleWebKit/537.36 (KHTML, like Gecko) Chrome/120.0.0.0 Safari/537.36"
185.177.72.50 - - [31/Mar/2026:12:14:04 +0000] "GET /test.php HTTP/1.1" 404 16 "-" "Mozilla/5.0 (Windows NT 10.0; Win64; x64) AppleWebKit/537.36"
74.7.244.18 - - [31/Mar/2026:12:27:22 +0000] "GET /robots.txt HTTP/1.1" 404 - "-" "Mozilla/5.0 (Macintosh; Intel Mac OS X 10_15_7) AppleWebKit/537.36 (KHTML, like Gecko) Chrome/131.0.0.0 Safari/537.36; compatible; OAI-SearchBot/1.3; robots.txt; +https://openai.com/searchbot"
91.231.89.20 - - [31/Mar/2026:12:30:20 +0000] "GET / HTTP/1.1" 200 6756 "-" "Mozilla/5.0 (X11; Ubuntu; Linux x86_64; rv:134.0) Gecko/20100101 Firefox/134.0"
91.231.89.98 - - [31/Mar/2026:12:32:41 +0000] "GET / HTTP/1.1" 200 6756 "-" "Mozilla/5.0 (X11; Ubuntu; Linux x86_64; rv:134.0) Gecko/20100101 Firefox/134.0"
91.231.89.16 - - [31/Mar/2026:12:32:42 +0000] "GET / HTTP/1.1" 200 6756 "-" "Mozilla/5.0 (X11; Ubuntu; Linux x86_64; rv:134.0) Gecko/20100101 Firefox/134.0"
143.244.47.83 - - [31/Mar/2026:12:55:56 +0000] "GET / HTTP/1.1" 200 6756 "-" "Mozilla/5.0 (Windows NT 10.0; Win64; x64) AppleWebKit/537.36 (KHTML, like Gecko) Chrome/58.0.3029.110 Safari/537.3"
141.98.11.44 - - [31/Mar/2026:13:04:23 +0000] "GET /test/coldfusion/State.php HTTP/1.1" 200 3 "-" "Mozilla/5.0 (Windows NT 10.0; Win64; x64) AppleWebKit/537.36"
111.90.182.134 - - [31/Mar/2026:13:14:42 +0000] "GET / HTTP/1.1" 200 6756 "-" "Mozilla/5.0 (Windows NT 10.0; Win64; x64) AppleWebKit/537.36 (KHTML, like Gecko) Chrome/146.0.0.0 Safari/537.36"
66.249.82.97 - - [31/Mar/2026:13:14:48 +0000] "GET /.well-known/traffic-advice HTTP/1.1" 404 - "-" "Chrome Privacy Preserving Prefetch Proxy"
141.98.11.44 - - [31/Mar/2026:13:40:52 +0000] "GET /test/coldfusion/State.php HTTP/1.1" 200 3 "-" "Mozilla/5.0 (Windows NT 10.0; Win64; x64) AppleWebKit/537.36"
74.7.244.18 - - [31/Mar/2026:13:54:16 +0000] "GET /robots.txt HTTP/1.1" 404 - "-" "Mozilla/5.0 (Macintosh; Intel Mac OS X 10_15_7) AppleWebKit/537.36 (KHTML, like Gecko) Chrome/131.0.0.0 Safari/537.36; compatible; OAI-SearchBot/1.3; robots.txt; +https://openai.com/searchbot"
45.79.238.235 - - [31/Mar/2026:14:01:05 +0000] "GET /.well-known/acme-challenge/UKE81DO917C29UA6RX9G_43F0WAEVM4U HTTP/1.1" 200 64 "-" "Cpanel-HTTP-Client/1.0"
45.79.238.235 - - [31/Mar/2026:14:01:11 +0000] "GET /.well-known/acme-challenge/XHTJVWEB2VSU4Q1P1HD81-2P_Y_CEZW_ HTTP/1.1" 200 64 "-" "Cpanel-HTTP-Client/1.0"
45.79.238.235 - - [31/Mar/2026:14:09:19 +0000] "GET /.well-known/acme-challenge/9IUB6P5J9RYFQB-6S63P1WPZXP-TXXES HTTP/1.1" 200 64 "-" "Cpanel-HTTP-Client/1.0"
45.79.238.235 - - [31/Mar/2026:14:09:26 +0000] "GET /.well-known/acme-challenge/53WAQ98AFINIJMGHMOR15IWWV97F5EIJ HTTP/1.1" 200 64 "-" "Cpanel-HTTP-Client/1.0"
141.98.11.44 - - [31/Mar/2026:14:15:57 +0000] "GET /test/coldfusion/State.php HTTP/1.1" 200 3 "-" "Mozilla/5.0 (Windows NT 10.0; Win64; x64) AppleWebKit/537.36"
141.98.11.44 - - [31/Mar/2026:14:49:56 +0000] "GET /test/coldfusion/State.php HTTP/1.1" 200 3 "-" "Mozilla/5.0 (Windows NT 10.0; Win64; x64) AppleWebKit/537.36"
195.178.110.241 - - [31/Mar/2026:14:51:31 +0000] "GET /.git/config HTTP/1.1" 404 - "-" "Mozilla/5.0 (X11; Ubuntu; Linux x86_64; rv:88.0) Gecko/20100101 Firefox/88.0"
216.73.216.59 - - [31/Mar/2026:14:58:59 +0000] "GET /robots.txt HTTP/1.1" 404 - "-" "Mozilla/5.0 AppleWebKit/537.36 (KHTML, like Gecko; compatible; ClaudeBot/1.0; +claudebot@anthropic.com)"
141.98.11.44 - - [31/Mar/2026:15:22:15 +0000] "GET /test/coldfusion/State.php HTTP/1.1" 200 3 "-" "Mozilla/5.0 (Windows NT 10.0; Win64; x64) AppleWebKit/537.36"
5.255.123.158 - - [31/Mar/2026:15:23:09 +0000] "GET / HTTP/1.1" 200 6756 "-" "Mozilla/5.0 (iPhone; CPU iPhone OS 18_6_2 like Mac OS X) AppleWebKit/605.1.15 (KHTML, like Gecko) Version/18.6 Mobile/15E148 Safari/604.1"
141.98.11.44 - - [31/Mar/2026:15:51:00 +0000] "GET /test/coldfusion/State.php HTTP/1.1" 200 3 "-" "Mozilla/5.0 (Windows NT 10.0; Win64; x64) AppleWebKit/537.36"
141.98.11.44 - - [31/Mar/2026:16:22:35 +0000] "GET /test/coldfusion/State.php HTTP/1.1" 200 3 "-" "Mozilla/5.0 (Windows NT 10.0; Win64; x64) AppleWebKit/537.36"
141.98.11.44 - - [31/Mar/2026:16:55:37 +0000] "GET /test/coldfusion/State.php HTTP/1.1" 200 3 "-" "Mozilla/5.0 (Windows NT 10.0; Win64; x64) AppleWebKit/537.36"
45.79.238.235 - - [31/Mar/2026:17:09:21 +0000] "GET /.well-known/acme-challenge/WSA3UF1_U3I4B3-PNXG8CDA251185UAZ HTTP/1.1" 200 64 "-" "Cpanel-HTTP-Client/1.0"
45.79.238.235 - - [31/Mar/2026:17:09:28 +0000] "GET /.well-known/acme-challenge/C_OB_X750NBECDP-O4LL0LSPA4WM4KRC HTTP/1.1" 200 64 "-" "Cpanel-HTTP-Client/1.0"
195.178.110.241 - - [31/Mar/2026:17:13:13 +0000] "GET /.git/config HTTP/1.1" 404 - "-" "Mozilla/5.0 (Kubuntu; Linux x86_64) AppleWebKit/537.36 (KHTML, like Gecko) Chrome/131.0.0.0 Safari/537.36"
141.98.11.44 - - [31/Mar/2026:17:30:47 +0000] "GET /test/coldfusion/State.php HTTP/1.1" 200 3 "-" "Mozilla/5.0 (Windows NT 10.0; Win64; x64) AppleWebKit/537.36"
141.98.11.44 - - [31/Mar/2026:18:04:34 +0000] "GET /test/coldfusion/State.php HTTP/1.1" 200 3 "-" "Mozilla/5.0 (Windows NT 10.0; Win64; x64) AppleWebKit/537.36"
216.73.216.59 - - [31/Mar/2026:18:28:58 +0000] "GET /robots.txt HTTP/1.1" 404 - "-" "Mozilla/5.0 AppleWebKit/537.36 (KHTML, like Gecko; compatible; ClaudeBot/1.0; +claudebot@anthropic.com)"
141.98.11.44 - - [31/Mar/2026:18:37:15 +0000] "GET /test/coldfusion/State.php HTTP/1.1" 200 3 "-" "Mozilla/5.0 (Windows NT 10.0; Win64; x64) AppleWebKit/537.36"
141.98.11.44 - - [31/Mar/2026:19:16:17 +0000] "GET /test/coldfusion/State.php HTTP/1.1" 200 3 "-" "Mozilla/5.0 (Windows NT 10.0; Win64; x64) AppleWebKit/537.36"
2a02:26f7:f400:5301:0:4000:0:6 - - [31/Mar/2026:19:41:39 +0000] "GET / HTTP/1.1" 200 6756 "-" "Mozilla/5.0 (Macintosh; Intel Mac OS X 10_15_7) AppleWebKit/605.1.15 (KHTML, like Gecko) Version/18.6 Safari/605.1.15"
141.98.11.44 - - [31/Mar/2026:19:48:19 +0000] "GET /test/coldfusion/State.php HTTP/1.1" 200 3 "-" "Mozilla/5.0 (Windows NT 10.0; Win64; x64) AppleWebKit/537.36"
205.169.39.25 - - [31/Mar/2026:19:49:06 +0000] "GET / HTTP/1.1" 200 6756 "-" "Mozilla/5.0 (Windows NT 10.0) AppleWebKit/537.36 (KHTML, like Gecko) Chrome/106.0.0.0 Safari/537.36"
157.15.40.61 - - [31/Mar/2026:19:57:02 +0000] "GET /txets.php HTTP/1.1" 404 16 "-" "Go-http-client/1.1"
157.15.40.61 - - [31/Mar/2026:19:57:13 +0000] "GET /wp-content/txets.php HTTP/1.1" 404 - "-" "Go-http-client/1.1"
157.15.40.61 - - [31/Mar/2026:19:57:14 +0000] "GET /wp-admin/txets.php HTTP/1.1" 404 - "-" "Go-http-client/1.1"
157.15.40.61 - - [31/Mar/2026:19:57:15 +0000] "GET /wp-includes/txets.php HTTP/1.1" 404 - "-" "Go-http-client/1.1"
157.15.40.61 - - [31/Mar/2026:19:57:15 +0000] "GET /schallfuns.php HTTP/1.1" 404 16 "-" "Go-http-client/1.1"
157.15.40.61 - - [31/Mar/2026:19:57:15 +0000] "GET /postnews.php HTTP/1.1" 404 16 "-" "Go-http-client/1.1"
157.15.40.61 - - [31/Mar/2026:19:57:18 +0000] "GET /wp-content/postnews.php HTTP/1.1" 404 - "-" "Go-http-client/1.1"
157.15.40.61 - - [31/Mar/2026:19:57:18 +0000] "GET /wp-admin/postnews.php HTTP/1.1" 404 - "-" "Go-http-client/1.1"
157.15.40.61 - - [31/Mar/2026:19:57:18 +0000] "GET /wp-includes/postnews.php HTTP/1.1" 404 - "-" "Go-http-client/1.1"
45.79.238.235 - - [31/Mar/2026:20:09:19 +0000] "GET /.well-known/acme-challenge/FHA03E-DHXROMH76ZC8F7S13S2PXAOQ4 HTTP/1.1" 200 64 "-" "Cpanel-HTTP-Client/1.0"
45.79.238.235 - - [31/Mar/2026:20:09:25 +0000] "GET /.well-known/acme-challenge/UQAMEHUTIBYODV_6LE42-B1K6X5QE8ZT HTTP/1.1" 200 64 "-" "Cpanel-HTTP-Client/1.0"
141.98.11.44 - - [31/Mar/2026:20:21:34 +0000] "GET /test/coldfusion/State.php HTTP/1.1" 200 3 "-" "Mozilla/5.0 (Windows NT 10.0; Win64; x64) AppleWebKit/537.36"
141.98.11.44 - - [31/Mar/2026:20:52:02 +0000] "GET /test/coldfusion/State.php HTTP/1.1" 200 3 "-" "Mozilla/5.0 (Windows NT 10.0; Win64; x64) AppleWebKit/537.36"
223.233.78.224 - - [31/Mar/2026:20:53:09 +0000] "GET / HTTP/1.1" 200 6756 "-" "Mozilla/5.0 (X11; Linux x86_64) AppleWebKit/537.36 (KHTML, like Gecko) Chrome/114.0.0.0 Safari/537.36 Vivaldi/5.3.2679.68"
82.165.74.190 - - [31/Mar/2026:21:06:45 +0000] "GET / HTTP/1.1" 200 6756 "-" "Mozilla/5.0 (Windows NT 10.0; Win64; x64)"
141.98.11.44 - - [31/Mar/2026:21:25:08 +0000] "GET /test/coldfusion/State.php HTTP/1.1" 200 3 "-" "Mozilla/5.0 (Windows NT 10.0; Win64; x64) AppleWebKit/537.36"
216.73.216.59 - - [31/Mar/2026:21:27:27 +0000] "GET /robots.txt HTTP/1.1" 404 - "-" "Mozilla/5.0 AppleWebKit/537.36 (KHTML, like Gecko; compatible; ClaudeBot/1.0; +claudebot@anthropic.com)"
141.98.11.44 - - [31/Mar/2026:21:58:11 +0000] "GET /test/coldfusion/State.php HTTP/1.1" 200 3 "-" "Mozilla/5.0 (Windows NT 10.0; Win64; x64) AppleWebKit/537.36"
85.11.167.19 - - [31/Mar/2026:22:01:58 +0000] "GET / HTTP/1.1" 403 - "-" "python-requests/2.32.4"
176.65.132.217 - - [31/Mar/2026:22:04:08 +0000] "GET / HTTP/1.1" 200 6756 "-" "Mozilla/5.0 (Macintosh; Intel Mac OS X 10.15; rv:133.0) Gecko/20100101 Firefox/133.0"
2a03:2880:10ff:58:: - - [31/Mar/2026:22:10:38 +0000] "GET /robots.txt HTTP/1.1" 404 - "-" "facebookexternalhit/1.1 (+http://www.facebook.com/externalhit_uatext.php)"
141.98.11.44 - - [31/Mar/2026:22:32:44 +0000] "GET /test/coldfusion/State.php HTTP/1.1" 200 3 "-" "Mozilla/5.0 (Windows NT 10.0; Win64; x64) AppleWebKit/537.36"
2a03:2880:10ff:5f:: - - [31/Mar/2026:22:45:49 +0000] "GET /robots.txt HTTP/1.1" 404 - "-" "facebookexternalhit/1.1 (+http://www.facebook.com/externalhit_uatext.php)"
74.7.175.146 - - [31/Mar/2026:22:52:48 +0000] "GET /robots.txt HTTP/1.1" 404 - "-" "Mozilla/5.0 (Macintosh; Intel Mac OS X 10_15_7) AppleWebKit/537.36 (KHTML, like Gecko) Chrome/131.0.0.0 Safari/537.36; compatible; OAI-SearchBot/1.3; robots.txt; +https://openai.com/searchbot"
141.98.11.44 - - [31/Mar/2026:23:07:46 +0000] "GET /test/coldfusion/State.php HTTP/1.1" 200 3 "-" "Mozilla/5.0 (Windows NT 10.0; Win64; x64) AppleWebKit/537.36"
45.79.238.235 - - [31/Mar/2026:23:09:19 +0000] "GET /.well-known/acme-challenge/5VW0-B3EAPPSSTOBBSK50I7V8HL_ZIQH HTTP/1.1" 200 64 "-" "Cpanel-HTTP-Client/1.0"
45.79.238.235 - - [31/Mar/2026:23:09:26 +0000] "GET /.well-known/acme-challenge/T_TS1ZFHRMR5U5P8YS23N04LTZE_RV-A HTTP/1.1" 200 64 "-" "Cpanel-HTTP-Client/1.0"
cải xoăn