185.177.72.50 - - [31/Mar/2026:12:14:47 +0000] "GET /.env.dist HTTP/1.1" 403 4170 "-" "Mozilla/5.0 (Windows NT 10.0; Win64; x64) AppleWebKit/537.36, Mozilla/5.0 (Windows NT 10.0; Win64; x64) AppleWebKit/537.36 (KHTML, like Gecko) Chrome/120.0.0.0 Safari/537.36"
185.177.72.50 - - [31/Mar/2026:12:14:47 +0000] "GET /.env.uat HTTP/1.1" 403 4170 "-" "Mozilla/5.0 (Windows NT 10.0; Win64; x64) AppleWebKit/537.36, Mozilla/5.0 (Windows NT 10.0; Win64; x64) AppleWebKit/537.36 (KHTML, like Gecko) Chrome/120.0.0.0 Safari/537.36"
185.177.72.50 - - [31/Mar/2026:12:14:47 +0000] "GET /api/.env HTTP/1.1" 403 4170 "-" "Mozilla/5.0 (Windows NT 10.0; Win64; x64) AppleWebKit/537.36, Mozilla/5.0 (Windows NT 10.0; Win64; x64) AppleWebKit/537.36 (KHTML, like Gecko) Chrome/120.0.0.0 Safari/537.36"
185.177.72.50 - - [31/Mar/2026:12:14:47 +0000] "GET /api/v1/.env HTTP/1.1" 403 4170 "-" "Mozilla/5.0 (Windows NT 10.0; Win64; x64) AppleWebKit/537.36, Mozilla/5.0 (Windows NT 10.0; Win64; x64) AppleWebKit/537.36 (KHTML, like Gecko) Chrome/120.0.0.0 Safari/537.36"
185.177.72.50 - - [31/Mar/2026:12:14:47 +0000] "GET /server/.env HTTP/1.1" 403 4170 "-" "Mozilla/5.0 (Windows NT 10.0; Win64; x64) AppleWebKit/537.36, Mozilla/5.0 (Windows NT 10.0; Win64; x64) AppleWebKit/537.36 (KHTML, like Gecko) Chrome/120.0.0.0 Safari/537.36"
185.177.72.50 - - [31/Mar/2026:12:14:47 +0000] "GET /dev/.env HTTP/1.1" 403 4170 "-" "Mozilla/5.0 (Windows NT 10.0; Win64; x64) AppleWebKit/537.36, Mozilla/5.0 (Windows NT 10.0; Win64; x64) AppleWebKit/537.36 (KHTML, like Gecko) Chrome/120.0.0.0 Safari/537.36"
185.177.72.50 - - [31/Mar/2026:12:14:47 +0000] "GET /src/.env HTTP/1.1" 403 4170 "-" "Mozilla/5.0 (Windows NT 10.0; Win64; x64) AppleWebKit/537.36, Mozilla/5.0 (Windows NT 10.0; Win64; x64) AppleWebKit/537.36 (KHTML, like Gecko) Chrome/120.0.0.0 Safari/537.36"
185.177.72.50 - - [31/Mar/2026:12:14:47 +0000] "GET /storage/.env HTTP/1.1" 403 4170 "-" "Mozilla/5.0 (Windows NT 10.0; Win64; x64) AppleWebKit/537.36, Mozilla/5.0 (Windows NT 10.0; Win64; x64) AppleWebKit/537.36 (KHTML, like Gecko) Chrome/120.0.0.0 Safari/537.36"
185.177.72.50 - - [31/Mar/2026:12:14:47 +0000] "GET /src/config/.env HTTP/1.1" 403 4170 "-" "Mozilla/5.0 (Windows NT 10.0; Win64; x64) AppleWebKit/537.36, Mozilla/5.0 (Windows NT 10.0; Win64; x64) AppleWebKit/537.36 (KHTML, like Gecko) Chrome/120.0.0.0 Safari/537.36"
185.177.72.50 - - [31/Mar/2026:12:14:47 +0000] "GET /local/.env HTTP/1.1" 403 4170 "-" "Mozilla/5.0 (Windows NT 10.0; Win64; x64) AppleWebKit/537.36, Mozilla/5.0 (Windows NT 10.0; Win64; x64) AppleWebKit/537.36 (KHTML, like Gecko) Chrome/120.0.0.0 Safari/537.36"
185.177.72.50 - - [31/Mar/2026:12:14:47 +0000] "GET /v1/.env HTTP/1.1" 403 4170 "-" "Mozilla/5.0 (Windows NT 10.0; Win64; x64) AppleWebKit/537.36, Mozilla/5.0 (Windows NT 10.0; Win64; x64) AppleWebKit/537.36 (KHTML, like Gecko) Chrome/120.0.0.0 Safari/537.36"
185.177.72.50 - - [31/Mar/2026:12:14:48 +0000] "GET /.env.txt HTTP/1.1" 403 4170 "-" "Mozilla/5.0 (Windows NT 10.0; Win64; x64) AppleWebKit/537.36, Mozilla/5.0 (Windows NT 10.0; Win64; x64) AppleWebKit/537.36 (KHTML, like Gecko) Chrome/120.0.0.0 Safari/537.36"
185.177.72.50 - - [31/Mar/2026:12:14:47 +0000] "GET /index.html HTTP/1.1" 500 2431 "-" "Mozilla/5.0 (Windows NT 10.0; Win64; x64) AppleWebKit/537.36, Mozilla/5.0 (Windows NT 10.0; Win64; x64) AppleWebKit/537.36 (KHTML, like Gecko) Chrome/120.0.0.0 Safari/537.36"
185.177.72.50 - - [31/Mar/2026:12:14:48 +0000] "GET /register HTTP/1.1" 500 2431 "-" "Mozilla/5.0 (Windows NT 10.0; Win64; x64) AppleWebKit/537.36, Mozilla/5.0 (Windows NT 10.0; Win64; x64) AppleWebKit/537.36 (KHTML, like Gecko) Chrome/120.0.0.0 Safari/537.36"
185.177.72.50 - - [31/Mar/2026:12:14:47 +0000] "GET /cart HTTP/1.1" 500 2431 "-" "Mozilla/5.0 (Windows NT 10.0; Win64; x64) AppleWebKit/537.36, Mozilla/5.0 (Windows NT 10.0; Win64; x64) AppleWebKit/537.36 (KHTML, like Gecko) Chrome/120.0.0.0 Safari/537.36"
185.177.72.50 - - [31/Mar/2026:12:14:48 +0000] "GET /.env.vite HTTP/1.1" 403 4170 "-" "Mozilla/5.0 (Windows NT 10.0; Win64; x64) AppleWebKit/537.36, Mozilla/5.0 (Windows NT 10.0; Win64; x64) AppleWebKit/537.36 (KHTML, like Gecko) Chrome/120.0.0.0 Safari/537.36"
185.177.72.50 - - [31/Mar/2026:12:14:48 +0000] "GET /.env.bak HTTP/1.1" 403 4170 "-" "Mozilla/5.0 (Windows NT 10.0; Win64; x64) AppleWebKit/537.36, Mozilla/5.0 (Windows NT 10.0; Win64; x64) AppleWebKit/537.36 (KHTML, like Gecko) Chrome/120.0.0.0 Safari/537.36"
185.177.72.50 - - [31/Mar/2026:12:14:47 +0000] "GET /checkout HTTP/1.1" 500 2431 "-" "Mozilla/5.0 (Windows NT 10.0; Win64; x64) AppleWebKit/537.36, Mozilla/5.0 (Windows NT 10.0; Win64; x64) AppleWebKit/537.36 (KHTML, like Gecko) Chrome/120.0.0.0 Safari/537.36"
185.177.72.50 - - [31/Mar/2026:12:14:48 +0000] "GET /admin/.env HTTP/1.1" 403 4170 "-" "Mozilla/5.0 (Windows NT 10.0; Win64; x64) AppleWebKit/537.36, Mozilla/5.0 (Windows NT 10.0; Win64; x64) AppleWebKit/537.36 (KHTML, like Gecko) Chrome/120.0.0.0 Safari/537.36"
185.177.72.50 - - [31/Mar/2026:12:14:48 +0000] "GET /admin/.env HTTP/1.1" 403 4170 "-" "Mozilla/5.0 (Windows NT 10.0; Win64; x64) AppleWebKit/537.36, Mozilla/5.0 (Windows NT 10.0; Win64; x64) AppleWebKit/537.36 (KHTML, like Gecko) Chrome/120.0.0.0 Safari/537.36"
185.177.72.50 - - [31/Mar/2026:12:14:47 +0000] "GET /admin HTTP/1.1" 500 2431 "-" "Mozilla/5.0 (Windows NT 10.0; Win64; x64) AppleWebKit/537.36, Mozilla/5.0 (Windows NT 10.0; Win64; x64) AppleWebKit/537.36 (KHTML, like Gecko) Chrome/120.0.0.0 Safari/537.36"
185.177.72.50 - - [31/Mar/2026:12:14:48 +0000] "GET /apps/.env HTTP/1.1" 403 4170 "-" "Mozilla/5.0 (Windows NT 10.0; Win64; x64) AppleWebKit/537.36, Mozilla/5.0 (Windows NT 10.0; Win64; x64) AppleWebKit/537.36 (KHTML, like Gecko) Chrome/120.0.0.0 Safari/537.36"
185.177.72.50 - - [31/Mar/2026:12:14:48 +0000] "GET /graphql/.env HTTP/1.1" 403 4170 "-" "Mozilla/5.0 (Windows NT 10.0; Win64; x64) AppleWebKit/537.36, Mozilla/5.0 (Windows NT 10.0; Win64; x64) AppleWebKit/537.36 (KHTML, like Gecko) Chrome/120.0.0.0 Safari/537.36"
185.177.72.50 - - [31/Mar/2026:12:14:48 +0000] "GET /test/.env HTTP/1.1" 403 4170 "-" "Mozilla/5.0 (Windows NT 10.0; Win64; x64) AppleWebKit/537.36, Mozilla/5.0 (Windows NT 10.0; Win64; x64) AppleWebKit/537.36 (KHTML, like Gecko) Chrome/120.0.0.0 Safari/537.36"
185.177.72.50 - - [31/Mar/2026:12:14:48 +0000] "GET /.env.production HTTP/1.1" 403 4170 "-" "Mozilla/5.0 (Windows NT 10.0; Win64; x64) AppleWebKit/537.36, Mozilla/5.0 (Windows NT 10.0; Win64; x64) AppleWebKit/537.36 (KHTML, like Gecko) Chrome/120.0.0.0 Safari/537.36"
185.177.72.50 - - [31/Mar/2026:12:14:48 +0000] "GET /.env.production.local HTTP/1.1" 403 4170 "-" "Mozilla/5.0 (Windows NT 10.0; Win64; x64) AppleWebKit/537.36, Mozilla/5.0 (Windows NT 10.0; Win64; x64) AppleWebKit/537.36 (KHTML, like Gecko) Chrome/120.0.0.0 Safari/537.36"
185.177.72.50 - - [31/Mar/2026:12:14:48 +0000] "GET /donate HTTP/1.1" 500 2431 "-" "Mozilla/5.0 (Windows NT 10.0; Win64; x64) AppleWebKit/537.36, Mozilla/5.0 (Windows NT 10.0; Win64; x64) AppleWebKit/537.36 (KHTML, like Gecko) Chrome/120.0.0.0 Safari/537.36"
185.177.72.50 - - [31/Mar/2026:12:14:48 +0000] "GET /.env.old HTTP/1.1" 403 4170 "-" "Mozilla/5.0 (Windows NT 10.0; Win64; x64) AppleWebKit/537.36, Mozilla/5.0 (Windows NT 10.0; Win64; x64) AppleWebKit/537.36 (KHTML, like Gecko) Chrome/120.0.0.0 Safari/537.36"
185.177.72.50 - - [31/Mar/2026:12:14:48 +0000] "GET /payment HTTP/1.1" 500 2431 "-" "Mozilla/5.0 (Windows NT 10.0; Win64; x64) AppleWebKit/537.36, Mozilla/5.0 (Windows NT 10.0; Win64; x64) AppleWebKit/537.36 (KHTML, like Gecko) Chrome/120.0.0.0 Safari/537.36"
185.177.72.50 - - [31/Mar/2026:12:14:48 +0000] "GET /web/.env HTTP/1.1" 403 4170 "-" "Mozilla/5.0 (Windows NT 10.0; Win64; x64) AppleWebKit/537.36, Mozilla/5.0 (Windows NT 10.0; Win64; x64) AppleWebKit/537.36 (KHTML, like Gecko) Chrome/120.0.0.0 Safari/537.36"
185.177.72.50 - - [31/Mar/2026:12:14:48 +0000] "GET /.env.staging HTTP/1.1" 403 4170 "-" "Mozilla/5.0 (Windows NT 10.0; Win64; x64) AppleWebKit/537.36, Mozilla/5.0 (Windows NT 10.0; Win64; x64) AppleWebKit/537.36 (KHTML, like Gecko) Chrome/120.0.0.0 Safari/537.36"
185.177.72.50 - - [31/Mar/2026:12:14:48 +0000] "GET /shop HTTP/1.1" 500 2431 "-" "Mozilla/5.0 (Windows NT 10.0; Win64; x64) AppleWebKit/537.36, Mozilla/5.0 (Windows NT 10.0; Win64; x64) AppleWebKit/537.36 (KHTML, like Gecko) Chrome/120.0.0.0 Safari/537.36"
185.177.72.50 - - [31/Mar/2026:12:14:48 +0000] "GET /.env.json HTTP/1.1" 403 4170 "-" "Mozilla/5.0 (Windows NT 10.0; Win64; x64) AppleWebKit/537.36, Mozilla/5.0 (Windows NT 10.0; Win64; x64) AppleWebKit/537.36 (KHTML, like Gecko) Chrome/120.0.0.0 Safari/537.36"
185.177.72.50 - - [31/Mar/2026:12:14:48 +0000] "GET /src/config/.env HTTP/1.1" 403 4170 "-" "Mozilla/5.0 (Windows NT 10.0; Win64; x64) AppleWebKit/537.36, Mozilla/5.0 (Windows NT 10.0; Win64; x64) AppleWebKit/537.36 (KHTML, like Gecko) Chrome/120.0.0.0 Safari/537.36"
185.177.72.50 - - [31/Mar/2026:12:14:48 +0000] "GET /dashboard HTTP/1.1" 500 2431 "-" "Mozilla/5.0 (Windows NT 10.0; Win64; x64) AppleWebKit/537.36, Mozilla/5.0 (Windows NT 10.0; Win64; x64) AppleWebKit/537.36 (KHTML, like Gecko) Chrome/120.0.0.0 Safari/537.36"
185.177.72.50 - - [31/Mar/2026:12:14:49 +0000] "GET /dashboard HTTP/1.1" 500 2431 "-" "Mozilla/5.0 (Windows NT 10.0; Win64; x64) AppleWebKit/537.36, Mozilla/5.0 (Windows NT 10.0; Win64; x64) AppleWebKit/537.36 (KHTML, like Gecko) Chrome/120.0.0.0 Safari/537.36"
185.177.72.50 - - [31/Mar/2026:12:14:49 +0000] "GET /.env.dist HTTP/1.1" 403 4170 "-" "Mozilla/5.0 (Windows NT 10.0; Win64; x64) AppleWebKit/537.36, Mozilla/5.0 (Windows NT 10.0; Win64; x64) AppleWebKit/537.36 (KHTML, like Gecko) Chrome/120.0.0.0 Safari/537.36"
185.177.72.50 - - [31/Mar/2026:12:14:49 +0000] "GET /order HTTP/1.1" 500 2431 "-" "Mozilla/5.0 (Windows NT 10.0; Win64; x64) AppleWebKit/537.36, Mozilla/5.0 (Windows NT 10.0; Win64; x64) AppleWebKit/537.36 (KHTML, like Gecko) Chrome/120.0.0.0 Safari/537.36"
185.177.72.50 - - [31/Mar/2026:12:14:49 +0000] "GET /subscribe HTTP/1.1" 500 2431 "-" "Mozilla/5.0 (Windows NT 10.0; Win64; x64) AppleWebKit/537.36, Mozilla/5.0 (Windows NT 10.0; Win64; x64) AppleWebKit/537.36 (KHTML, like Gecko) Chrome/120.0.0.0 Safari/537.36"
185.177.72.50 - - [31/Mar/2026:12:14:49 +0000] "GET /.env.development HTTP/1.1" 403 4170 "-" "Mozilla/5.0 (Windows NT 10.0; Win64; x64) AppleWebKit/537.36, Mozilla/5.0 (Windows NT 10.0; Win64; x64) AppleWebKit/537.36 (KHTML, like Gecko) Chrome/120.0.0.0 Safari/537.36"
185.177.72.50 - - [31/Mar/2026:12:14:49 +0000] "GET /.env.uat HTTP/1.1" 403 4170 "-" "Mozilla/5.0 (Windows NT 10.0; Win64; x64) AppleWebKit/537.36, Mozilla/5.0 (Windows NT 10.0; Win64; x64) AppleWebKit/537.36 (KHTML, like Gecko) Chrome/120.0.0.0 Safari/537.36"
185.177.72.50 - - [31/Mar/2026:12:14:49 +0000] "GET /.env.vite HTTP/1.1" 403 4170 "-" "Mozilla/5.0 (Windows NT 10.0; Win64; x64) AppleWebKit/537.36, Mozilla/5.0 (Windows NT 10.0; Win64; x64) AppleWebKit/537.36 (KHTML, like Gecko) Chrome/120.0.0.0 Safari/537.36"
185.177.72.50 - - [31/Mar/2026:12:14:49 +0000] "GET /sitemap.xml HTTP/1.1" 500 2431 "-" "Mozilla/5.0 (Windows NT 10.0; Win64; x64) AppleWebKit/537.36"
185.177.72.50 - - [31/Mar/2026:12:14:49 +0000] "GET /plans HTTP/1.1" 500 2431 "-" "Mozilla/5.0 (Windows NT 10.0; Win64; x64) AppleWebKit/537.36, Mozilla/5.0 (Windows NT 10.0; Win64; x64) AppleWebKit/537.36 (KHTML, like Gecko) Chrome/120.0.0.0 Safari/537.36"
185.177.72.50 - - [31/Mar/2026:12:14:49 +0000] "GET /.env.local HTTP/1.1" 403 4170 "-" "Mozilla/5.0 (Windows NT 10.0; Win64; x64) AppleWebKit/537.36, Mozilla/5.0 (Windows NT 10.0; Win64; x64) AppleWebKit/537.36 (KHTML, like Gecko) Chrome/120.0.0.0 Safari/537.36"
185.177.72.50 - - [31/Mar/2026:12:14:49 +0000] "GET /.env.dev HTTP/1.1" 403 4170 "-" "Mozilla/5.0 (Windows NT 10.0; Win64; x64) AppleWebKit/537.36, Mozilla/5.0 (Windows NT 10.0; Win64; x64) AppleWebKit/537.36 (KHTML, like Gecko) Chrome/120.0.0.0 Safari/537.36"
185.177.72.50 - - [31/Mar/2026:12:14:49 +0000] "GET /.env.bak HTTP/1.1" 403 4170 "-" "Mozilla/5.0 (Windows NT 10.0; Win64; x64) AppleWebKit/537.36, Mozilla/5.0 (Windows NT 10.0; Win64; x64) AppleWebKit/537.36 (KHTML, like Gecko) Chrome/120.0.0.0 Safari/537.36"
185.177.72.50 - - [31/Mar/2026:12:14:49 +0000] "GET /.env.save HTTP/1.1" 403 4170 "-" "Mozilla/5.0 (Windows NT 10.0; Win64; x64) AppleWebKit/537.36, Mozilla/5.0 (Windows NT 10.0; Win64; x64) AppleWebKit/537.36 (KHTML, like Gecko) Chrome/120.0.0.0 Safari/537.36"
185.177.72.50 - - [31/Mar/2026:12:14:49 +0000] "GET /.env_sample HTTP/1.1" 403 4170 "-" "Mozilla/5.0 (Windows NT 10.0; Win64; x64) AppleWebKit/537.36, Mozilla/5.0 (Windows NT 10.0; Win64; x64) AppleWebKit/537.36 (KHTML, like Gecko) Chrome/120.0.0.0 Safari/537.36"
185.177.72.50 - - [31/Mar/2026:12:14:49 +0000] "GET /.env.txt HTTP/1.1" 403 4170 "-" "Mozilla/5.0 (Windows NT 10.0; Win64; x64) AppleWebKit/537.36, Mozilla/5.0 (Windows NT 10.0; Win64; x64) AppleWebKit/537.36 (KHTML, like Gecko) Chrome/120.0.0.0 Safari/537.36"
185.177.72.50 - - [31/Mar/2026:12:14:49 +0000] "GET /laravel/core/.env HTTP/1.1" 403 4170 "-" "Mozilla/5.0 (Windows NT 10.0; Win64; x64) AppleWebKit/537.36, Mozilla/5.0 (Windows NT 10.0; Win64; x64) AppleWebKit/537.36 (KHTML, like Gecko) Chrome/120.0.0.0 Safari/537.36"
185.177.72.50 - - [31/Mar/2026:12:14:49 +0000] "GET /.env.aws HTTP/1.1" 403 4170 "-" "Mozilla/5.0 (Windows NT 10.0; Win64; x64) AppleWebKit/537.36, Mozilla/5.0 (Windows NT 10.0; Win64; x64) AppleWebKit/537.36 (KHTML, like Gecko) Chrome/120.0.0.0 Safari/537.36"
185.177.72.50 - - [31/Mar/2026:12:14:49 +0000] "GET /laravel/.env HTTP/1.1" 403 4170 "-" "Mozilla/5.0 (Windows NT 10.0; Win64; x64) AppleWebKit/537.36, Mozilla/5.0 (Windows NT 10.0; Win64; x64) AppleWebKit/537.36 (KHTML, like Gecko) Chrome/120.0.0.0 Safari/537.36"
185.177.72.50 - - [31/Mar/2026:12:14:49 +0000] "GET /api/shared/config/.env HTTP/1.1" 403 4170 "-" "Mozilla/5.0 (Windows NT 10.0; Win64; x64) AppleWebKit/537.36, Mozilla/5.0 (Windows NT 10.0; Win64; x64) AppleWebKit/537.36 (KHTML, like Gecko) Chrome/120.0.0.0 Safari/537.36"
185.177.72.50 - - [31/Mar/2026:12:14:49 +0000] "GET /docker/.env HTTP/1.1" 403 4170 "-" "Mozilla/5.0 (Windows NT 10.0; Win64; x64) AppleWebKit/537.36, Mozilla/5.0 (Windows NT 10.0; Win64; x64) AppleWebKit/537.36 (KHTML, like Gecko) Chrome/120.0.0.0 Safari/537.36"
185.177.72.50 - - [31/Mar/2026:12:14:49 +0000] "GET /core/.env HTTP/1.1" 403 4170 "-" "Mozilla/5.0 (Windows NT 10.0; Win64; x64) AppleWebKit/537.36, Mozilla/5.0 (Windows NT 10.0; Win64; x64) AppleWebKit/537.36 (KHTML, like Gecko) Chrome/120.0.0.0 Safari/537.36"
185.177.72.50 - - [31/Mar/2026:12:14:49 +0000] "GET /config/.env HTTP/1.1" 403 4170 "-" "Mozilla/5.0 (Windows NT 10.0; Win64; x64) AppleWebKit/537.36, Mozilla/5.0 (Windows NT 10.0; Win64; x64) AppleWebKit/537.36 (KHTML, like Gecko) Chrome/120.0.0.0 Safari/537.36"
185.177.72.50 - - [31/Mar/2026:12:14:49 +0000] "GET /api/v2/.env HTTP/1.1" 403 4170 "-" "Mozilla/5.0 (Windows NT 10.0; Win64; x64) AppleWebKit/537.36, Mozilla/5.0 (Windows NT 10.0; Win64; x64) AppleWebKit/537.36 (KHTML, like Gecko) Chrome/120.0.0.0 Safari/537.36"
185.177.72.50 - - [31/Mar/2026:12:14:49 +0000] "GET /env/.env HTTP/1.1" 403 4170 "-" "Mozilla/5.0 (Windows NT 10.0; Win64; x64) AppleWebKit/537.36, Mozilla/5.0 (Windows NT 10.0; Win64; x64) AppleWebKit/537.36 (KHTML, like Gecko) Chrome/120.0.0.0 Safari/537.36"
185.177.72.50 - - [31/Mar/2026:12:14:49 +0000] "GET /stripe/.env HTTP/1.1" 403 4170 "-" "Mozilla/5.0 (Windows NT 10.0; Win64; x64) AppleWebKit/537.36, Mozilla/5.0 (Windows NT 10.0; Win64; x64) AppleWebKit/537.36 (KHTML, like Gecko) Chrome/120.0.0.0 Safari/537.36"
185.177.72.50 - - [31/Mar/2026:12:14:49 +0000] "GET /src/.env HTTP/1.1" 403 4170 "-" "Mozilla/5.0 (Windows NT 10.0; Win64; x64) AppleWebKit/537.36, Mozilla/5.0 (Windows NT 10.0; Win64; x64) AppleWebKit/537.36 (KHTML, like Gecko) Chrome/120.0.0.0 Safari/537.36"
185.177.72.50 - - [31/Mar/2026:12:14:49 +0000] "GET /crm/.env HTTP/1.1" 403 4170 "-" "Mozilla/5.0 (Windows NT 10.0; Win64; x64) AppleWebKit/537.36, Mozilla/5.0 (Windows NT 10.0; Win64; x64) AppleWebKit/537.36 (KHTML, like Gecko) Chrome/120.0.0.0 Safari/537.36"
185.177.72.50 - - [31/Mar/2026:12:14:49 +0000] "GET /graphql/.env HTTP/1.1" 403 4170 "-" "Mozilla/5.0 (Windows NT 10.0; Win64; x64) AppleWebKit/537.36, Mozilla/5.0 (Windows NT 10.0; Win64; x64) AppleWebKit/537.36 (KHTML, like Gecko) Chrome/120.0.0.0 Safari/537.36"
185.177.72.50 - - [31/Mar/2026:12:14:49 +0000] "GET /server/.env HTTP/1.1" 403 4170 "-" "Mozilla/5.0 (Windows NT 10.0; Win64; x64) AppleWebKit/537.36, Mozilla/5.0 (Windows NT 10.0; Win64; x64) AppleWebKit/537.36 (KHTML, like Gecko) Chrome/120.0.0.0 Safari/537.36"
185.177.72.50 - - [31/Mar/2026:12:14:49 +0000] "GET /dev/.env HTTP/1.1" 403 4170 "-" "Mozilla/5.0 (Windows NT 10.0; Win64; x64) AppleWebKit/537.36, Mozilla/5.0 (Windows NT 10.0; Win64; x64) AppleWebKit/537.36 (KHTML, like Gecko) Chrome/120.0.0.0 Safari/537.36"
185.177.72.50 - - [31/Mar/2026:12:14:49 +0000] "GET /tests/.env HTTP/1.1" 403 4170 "-" "Mozilla/5.0 (Windows NT 10.0; Win64; x64) AppleWebKit/537.36, Mozilla/5.0 (Windows NT 10.0; Win64; x64) AppleWebKit/537.36 (KHTML, like Gecko) Chrome/120.0.0.0 Safari/537.36"
185.177.72.50 - - [31/Mar/2026:12:14:49 +0000] "GET /conf/.env HTTP/1.1" 403 4170 "-" "Mozilla/5.0 (Windows NT 10.0; Win64; x64) AppleWebKit/537.36, Mozilla/5.0 (Windows NT 10.0; Win64; x64) AppleWebKit/537.36 (KHTML, like Gecko) Chrome/120.0.0.0 Safari/537.36"
185.177.72.50 - - [31/Mar/2026:12:14:49 +0000] "GET /apps/.env HTTP/1.1" 403 4170 "-" "Mozilla/5.0 (Windows NT 10.0; Win64; x64) AppleWebKit/537.36, Mozilla/5.0 (Windows NT 10.0; Win64; x64) AppleWebKit/537.36 (KHTML, like Gecko) Chrome/120.0.0.0 Safari/537.36"
185.177.72.50 - - [31/Mar/2026:12:14:49 +0000] "GET /local/.env HTTP/1.1" 403 4170 "-" "Mozilla/5.0 (Windows NT 10.0; Win64; x64) AppleWebKit/537.36, Mozilla/5.0 (Windows NT 10.0; Win64; x64) AppleWebKit/537.36 (KHTML, like Gecko) Chrome/120.0.0.0 Safari/537.36"
185.177.72.50 - - [31/Mar/2026:12:14:49 +0000] "GET /website/.env HTTP/1.1" 403 4170 "-" "Mozilla/5.0 (Windows NT 10.0; Win64; x64) AppleWebKit/537.36, Mozilla/5.0 (Windows NT 10.0; Win64; x64) AppleWebKit/537.36 (KHTML, like Gecko) Chrome/120.0.0.0 Safari/537.36"
185.177.72.50 - - [31/Mar/2026:12:14:49 +0000] "GET /test/.env HTTP/1.1" 403 4170 "-" "Mozilla/5.0 (Windows NT 10.0; Win64; x64) AppleWebKit/537.36, Mozilla/5.0 (Windows NT 10.0; Win64; x64) AppleWebKit/537.36 (KHTML, like Gecko) Chrome/120.0.0.0 Safari/537.36"
185.177.72.50 - - [31/Mar/2026:12:14:49 +0000] "GET /storage/.env HTTP/1.1" 403 4170 "-" "Mozilla/5.0 (Windows NT 10.0; Win64; x64) AppleWebKit/537.36, Mozilla/5.0 (Windows NT 10.0; Win64; x64) AppleWebKit/537.36 (KHTML, like Gecko) Chrome/120.0.0.0 Safari/537.36"
185.177.72.50 - - [31/Mar/2026:12:14:49 +0000] "GET /v2/.env HTTP/1.1" 403 4170 "-" "Mozilla/5.0 (Windows NT 10.0; Win64; x64) AppleWebKit/537.36, Mozilla/5.0 (Windows NT 10.0; Win64; x64) AppleWebKit/537.36 (KHTML, like Gecko) Chrome/120.0.0.0 Safari/537.36"
185.177.72.50 - - [31/Mar/2026:12:14:49 +0000] "GET /rest/.env HTTP/1.1" 403 4170 "-" "Mozilla/5.0 (Windows NT 10.0; Win64; x64) AppleWebKit/537.36, Mozilla/5.0 (Windows NT 10.0; Win64; x64) AppleWebKit/537.36 (KHTML, like Gecko) Chrome/120.0.0.0 Safari/537.36"
185.177.72.50 - - [31/Mar/2026:12:14:49 +0000] "GET /v1/.env HTTP/1.1" 403 4170 "-" "Mozilla/5.0 (Windows NT 10.0; Win64; x64) AppleWebKit/537.36, Mozilla/5.0 (Windows NT 10.0; Win64; x64) AppleWebKit/537.36 (KHTML, like Gecko) Chrome/120.0.0.0 Safari/537.36"
45.79.238.235 - - [31/Mar/2026:12:21:22 +0000] "POST /wp-cron.php?doing_wp_cron=1774959681.8795039653778076171875 HTTP/1.1" 200 - "-" "WordPress/6.9.4; https://brailsfords.co.nz"
96.0.73.12 - - [31/Mar/2026:12:21:16 +0000] "GET / HTTP/1.1" 200 131914 "-" "Mozilla/5.0 (Windows NT 10.0; Win64; x64) AppleWebKit/537.36 (KHTML, like Gecko) Chrome/146.0.0.0 Safari/537.36"
40.77.167.230 - - [31/Mar/2026:12:21:40 +0000] "GET /?p=1516 HTTP/1.1" 301 - "-" "Mozilla/5.0 AppleWebKit/537.36 (KHTML, like Gecko; compatible; bingbot/2.0; +http://www.bing.com/bingbot.htm) Chrome/116.0.1938.76 Safari/537.36"
45.79.238.235 - - [31/Mar/2026:12:26:02 +0000] "POST /wp-cron.php?doing_wp_cron=1774959962.8310449123382568359375 HTTP/1.1" 200 - "-" "WordPress/6.9.4; https://brailsfords.co.nz"
52.167.144.237 - - [31/Mar/2026:12:26:01 +0000] "GET /?p=7005 HTTP/1.1" 301 - "-" "Mozilla/5.0 AppleWebKit/537.36 (KHTML, like Gecko; compatible; bingbot/2.0; +http://www.bing.com/bingbot.htm) Chrome/116.0.1938.76 Safari/537.36"
121.229.185.160 - - [31/Mar/2026:12:32:08 +0000] "GET / HTTP/1.1" 200 131925 "http://brailsfords.co.nz" "Mozilla/5.0 (iPhone; CPU iPhone OS 13_2_3 like Mac OS X) AppleWebKit/605.1.15 (KHTML, like Gecko) Version/13.0.3 Mobile/15E148 Safari/604.1"
91.231.89.120 - - [31/Mar/2026:12:38:56 +0000] "GET / HTTP/1.1" 301 - "-" "Mozilla/5.0 (X11; Ubuntu; Linux x86_64; rv:134.0) Gecko/20100101 Firefox/134.0"
45.79.238.235 - - [31/Mar/2026:12:41:16 +0000] "POST /wp-cron.php?doing_wp_cron=1774960876.3918039798736572265625 HTTP/1.1" 200 - "-" "WordPress/6.9.4; https://brailsfords.co.nz"
91.196.152.166 - - [31/Mar/2026:12:41:15 +0000] "GET / HTTP/1.1" 200 131914 "-" "Mozilla/5.0 (X11; Ubuntu; Linux x86_64; rv:134.0) Gecko/20100101 Firefox/134.0"
45.79.238.235 - - [31/Mar/2026:12:42:58 +0000] "POST /wp-cron.php?doing_wp_cron=1774960978.9232599735260009765625 HTTP/1.1" 200 - "-" "WordPress/6.9.4; https://brailsfords.co.nz"
52.167.144.199 - - [31/Mar/2026:12:42:57 +0000] "GET /2156/ HTTP/1.1" 200 105308 "-" "Mozilla/5.0 AppleWebKit/537.36 (KHTML, like Gecko; compatible; bingbot/2.0; +http://www.bing.com/bingbot.htm) Chrome/116.0.1938.76 Safari/537.36"
45.79.238.235 - - [31/Mar/2026:12:45:02 +0000] "POST /wp-cron.php?doing_wp_cron=1774961102.0411260128021240234375 HTTP/1.1" 200 - "-" "WordPress/6.9.4; https://brailsfords.co.nz"
40.77.167.3 - - [31/Mar/2026:12:45:01 +0000] "GET /1139/ HTTP/1.1" 200 105171 "-" "Mozilla/5.0 AppleWebKit/537.36 (KHTML, like Gecko; compatible; bingbot/2.0; +http://www.bing.com/bingbot.htm) Chrome/116.0.1938.76 Safari/537.36"
192.253.248.132 - - [31/Mar/2026:12:45:32 +0000] "GET /env/.env HTTP/1.1" 404 81250 "-" "Go-http-client/1.1"
192.253.248.132 - - [31/Mar/2026:12:45:32 +0000] "GET /.env HTTP/1.1" 404 81250 "-" "Go-http-client/1.1"
45.79.238.235 - - [31/Mar/2026:12:47:40 +0000] "POST /wp-cron.php?doing_wp_cron=1774961260.4341220855712890625000 HTTP/1.1" 200 - "-" "WordPress/6.9.4; https://brailsfords.co.nz"
47.82.11.94 - - [31/Mar/2026:12:47:39 +0000] "GET /1145/ HTTP/1.1" 200 104483 "https://brailsfords.co.nz/" "Mozilla/5.0 (Macintosh; Intel Mac OS X 10_15_7) AppleWebKit/605.1.15 (KHTML, like Gecko) Version/15.5 Safari/605.1.15"
45.79.238.235 - - [31/Mar/2026:12:48:05 +0000] "POST /wp-cron.php?doing_wp_cron=1774961285.1101911067962646484375 HTTP/1.1" 200 - "-" "WordPress/6.9.4; https://brailsfords.co.nz"
47.82.11.91 - - [31/Mar/2026:12:48:04 +0000] "GET /?p=1102 HTTP/1.1" 301 - "https://brailsfords.co.nz/" "Mozilla/5.0 (Macintosh; Intel Mac OS X 10.15; rv:135.0) Gecko/20100101 Firefox/135.0"
47.82.11.91 - - [31/Mar/2026:12:48:05 +0000] "GET /1102/ HTTP/1.1" 200 104808 "https://brailsfords.co.nz/" "Mozilla/5.0 (Macintosh; Intel Mac OS X 10.15; rv:135.0) Gecko/20100101 Firefox/135.0"
45.79.238.235 - - [31/Mar/2026:12:49:08 +0000] "POST /wp-cron.php?doing_wp_cron=1774961348.7527780532836914062500 HTTP/1.1" 200 - "-" "WordPress/6.9.4; https://brailsfords.co.nz"
52.167.144.137 - - [31/Mar/2026:12:49:08 +0000] "GET /?p=2549 HTTP/1.1" 301 - "-" "Mozilla/5.0 AppleWebKit/537.36 (KHTML, like Gecko; compatible; bingbot/2.0; +http://www.bing.com/bingbot.htm) Chrome/116.0.1938.76 Safari/537.36"
45.79.238.235 - - [31/Mar/2026:12:53:23 +0000] "POST /wp-cron.php?doing_wp_cron=1774961602.9437038898468017578125 HTTP/1.1" 200 - "-" "WordPress/6.9.4; https://brailsfords.co.nz"
52.167.144.196 - - [31/Mar/2026:12:53:22 +0000] "GET /?p=4617 HTTP/1.1" 301 - "-" "Mozilla/5.0 AppleWebKit/537.36 (KHTML, like Gecko; compatible; bingbot/2.0; +http://www.bing.com/bingbot.htm) Chrome/116.0.1938.76 Safari/537.36"
45.79.238.235 - - [31/Mar/2026:12:54:47 +0000] "POST /wp-cron.php?doing_wp_cron=1774961687.8048150539398193359375 HTTP/1.1" 200 - "-" "WordPress/6.9.4; https://brailsfords.co.nz"
40.77.167.235 - - [31/Mar/2026:12:54:47 +0000] "GET /?p=3598 HTTP/1.1" 301 - "-" "Mozilla/5.0 AppleWebKit/537.36 (KHTML, like Gecko; compatible; bingbot/2.0; +http://www.bing.com/bingbot.htm) Chrome/116.0.1938.76 Safari/537.36"
45.79.238.235 - - [31/Mar/2026:12:55:31 +0000] "POST /wp-cron.php?doing_wp_cron=1774961731.2511339187622070312500 HTTP/1.1" 200 - "-" "WordPress/6.9.4; https://brailsfords.co.nz"
51.75.21.177 - - [31/Mar/2026:12:55:30 +0000] "GET /?p=2980 HTTP/1.1" 301 - "-" "Mozilla/5.0 (Windows NT 10.0; Win64; x64) AppleWebKit/537.36 (KHTML, like Gecko) Chrome/139.0.0.0 Safari/537.36"
57.129.139.80 - - [31/Mar/2026:12:55:37 +0000] "GET /3579/ HTTP/1.1" 200 105474 "-" "Mozilla/5.0 (Windows NT 10.0; Win64; x64) AppleWebKit/537.36 (KHTML, like Gecko) Chrome/139.0.0.0 Safari/537.36"
43.159.152.184 - - [31/Mar/2026:12:57:28 +0000] "GET / HTTP/1.1" 200 131925 "http://brailsfords.co.nz" "Mozilla/5.0 (iPhone; CPU iPhone OS 13_2_3 like Mac OS X) AppleWebKit/605.1.15 (KHTML, like Gecko) Version/13.0.3 Mobile/15E148 Safari/604.1"
45.79.238.235 - - [31/Mar/2026:12:59:29 +0000] "POST /wp-cron.php?doing_wp_cron=1774961969.1525509357452392578125 HTTP/1.1" 200 - "-" "WordPress/6.9.4; https://brailsfords.co.nz"
40.77.167.3 - - [31/Mar/2026:12:59:28 +0000] "GET /5393/ HTTP/1.1" 200 105074 "-" "Mozilla/5.0 AppleWebKit/537.36 (KHTML, like Gecko; compatible; bingbot/2.0; +http://www.bing.com/bingbot.htm) Chrome/116.0.1938.76 Safari/537.36"
40.77.167.78 - - [31/Mar/2026:13:04:20 +0000] "GET /4245/ HTTP/1.1" 200 104818 "-" "Mozilla/5.0 AppleWebKit/537.36 (KHTML, like Gecko; compatible; bingbot/2.0; +http://www.bing.com/bingbot.htm) Chrome/116.0.1938.76 Safari/537.36"
157.230.119.103 - - [31/Mar/2026:13:04:21 +0000] "GET / HTTP/1.1" 200 131914 "-" "Mozilla/5.0 (X11; Linux x86_64) AppleWebKit/537.36 (KHTML, like Gecko) Chrome/142.0.0.0 Safari/537.36"
141.98.11.44 - - [31/Mar/2026:13:04:24 +0000] "GET /wp-includes/sodium_compat/src/Core/SecretStream/State.php HTTP/1.1" 403 4170 "-" "Mozilla/5.0 (Windows NT 10.0; Win64; x64) AppleWebKit/537.36"
45.79.238.235 - - [31/Mar/2026:13:07:45 +0000] "POST /wp-cron.php?doing_wp_cron=1774962465.0793740749359130859375 HTTP/1.1" 200 - "-" "WordPress/6.9.4; https://brailsfords.co.nz"
45.79.238.235 - - [31/Mar/2026:13:07:45 +0000] "POST /wp-cron.php?doing_wp_cron=1774962465.5641748905181884765625 HTTP/1.1" 200 - "-" "WordPress/6.9.4; https://brailsfords.co.nz"
115.189.89.40 - - [31/Mar/2026:13:07:44 +0000] "GET /4408/ HTTP/1.1" 200 105430 "https://www.google.com/" "Mozilla/5.0 (Linux; Android 10; K) AppleWebKit/537.36 (KHTML, like Gecko) Chrome/146.0.0.0 Mobile Safari/537.36"
198.235.24.144 - - [31/Mar/2026:13:07:47 +0000] "GET / HTTP/1.1" 200 131914 "-" "Hello from Palo Alto Networks, find out more about our scans in https://docs-cortex.paloaltonetworks.com/r/1/Cortex-Xpanse/Scanning-activity"
45.79.238.235 - - [31/Mar/2026:13:07:57 +0000] "POST /wp-cron.php?doing_wp_cron=1774962477.2693700790405273437500 HTTP/1.1" 200 - "-" "WordPress/6.9.4; https://brailsfords.co.nz"
115.189.89.40 - - [31/Mar/2026:13:07:56 +0000] "GET /4408/ HTTP/1.1" 200 105430 "https://www.google.com/" "Mozilla/5.0 (Linux; Android 10; K) AppleWebKit/537.36 (KHTML, like Gecko) Chrome/146.0.0.0 Mobile Safari/537.36"
45.79.238.235 - - [31/Mar/2026:13:10:01 +0000] "POST /wp-cron.php?doing_wp_cron=1774962601.3387579917907714843750 HTTP/1.1" 200 - "-" "WordPress/6.9.4; https://brailsfords.co.nz"
40.77.167.3 - - [31/Mar/2026:13:10:00 +0000] "GET /?p=2480 HTTP/1.1" 301 - "-" "Mozilla/5.0 AppleWebKit/537.36 (KHTML, like Gecko; compatible; bingbot/2.0; +http://www.bing.com/bingbot.htm) Chrome/116.0.1938.76 Safari/537.36"
45.79.238.235 - - [31/Mar/2026:13:15:00 +0000] "POST /wp-cron.php?doing_wp_cron=1774962900.8274109363555908203125 HTTP/1.1" 200 - "-" "WordPress/6.9.4; https://brailsfords.co.nz"
111.90.182.134 - - [31/Mar/2026:13:14:59 +0000] "GET / HTTP/1.1" 200 131914 "-" "Mozilla/5.0 (Windows NT 10.0; Win64; x64) AppleWebKit/537.36 (KHTML, like Gecko) Chrome/146.0.0.0 Safari/537.36"
111.90.182.134 - - [31/Mar/2026:13:15:01 +0000] "GET /wp-content/uploads/elementor/css/post-6.css?ver=1681249879 HTTP/1.1" 404 81250 "https://brailsfords.co.nz/" "Mozilla/5.0 (Windows NT 10.0; Win64; x64) AppleWebKit/537.36 (KHTML, like Gecko) Chrome/146.0.0.0 Safari/537.36"
111.90.182.134 - - [31/Mar/2026:13:15:01 +0000] "GET /wp-content/uploads/elementor/css/post-320.css?ver=1679606730 HTTP/1.1" 404 81250 "https://brailsfords.co.nz/" "Mozilla/5.0 (Windows NT 10.0; Win64; x64) AppleWebKit/537.36 (KHTML, like Gecko) Chrome/146.0.0.0 Safari/537.36"
111.90.182.134 - - [31/Mar/2026:13:15:03 +0000] "GET /wp-content/uploads/2022/03/gn2-1024x497.png HTTP/1.1" 200 49818 "https://brailsfords.co.nz/" "Mozilla/5.0 (Windows NT 10.0; Win64; x64) AppleWebKit/537.36 (KHTML, like Gecko) Chrome/146.0.0.0 Safari/537.36"
66.249.82.103 - - [31/Mar/2026:13:15:09 +0000] "GET /.well-known/traffic-advice HTTP/1.1" 404 81250 "-" "Chrome Privacy Preserving Prefetch Proxy"
66.249.82.103 - - [31/Mar/2026:13:15:09 +0000] "GET /.well-known/traffic-advice HTTP/1.1" 404 81250 "-" "Chrome Privacy Preserving Prefetch Proxy"
40.77.167.230 - - [31/Mar/2026:13:15:25 +0000] "GET /?p=8766 HTTP/1.1" 301 - "-" "Mozilla/5.0 AppleWebKit/537.36 (KHTML, like Gecko; compatible; bingbot/2.0; +http://www.bing.com/bingbot.htm) Chrome/116.0.1938.76 Safari/537.36"
45.94.31.119 - - [31/Mar/2026:13:15:48 +0000] "GET / HTTP/1.1" 200 131914 "-" "Mozilla/5.0 (Windows NT 10.0; Win64; x64) AppleWebKit/537.36 (KHTML, like Gecko) Chrome/78.0.3904.108 Safari/537.36"
45.94.31.119 - - [31/Mar/2026:13:15:49 +0000] "GET //wp-includes/wlwmanifest.xml HTTP/1.1" 403 4170 "-" "Mozilla/5.0 (Windows NT 10.0; Win64; x64) AppleWebKit/537.36 (KHTML, like Gecko) Chrome/78.0.3904.108 Safari/537.36"
45.94.31.119 - - [31/Mar/2026:13:15:50 +0000] "GET //?author=1 HTTP/1.1" 301 - "-" "Mozilla/5.0 (Windows NT 10.0; Win64; x64) AppleWebKit/537.36 (KHTML, like Gecko) Chrome/78.0.3904.108 Safari/537.36"
45.94.31.119 - - [31/Mar/2026:13:15:51 +0000] "GET //?author=2 HTTP/1.1" 301 - "-" "Mozilla/5.0 (Windows NT 10.0; Win64; x64) AppleWebKit/537.36 (KHTML, like Gecko) Chrome/78.0.3904.108 Safari/537.36"
45.79.238.235 - - [31/Mar/2026:13:19:14 +0000] "POST /wp-cron.php?doing_wp_cron=1774963154.3780379295349121093750 HTTP/1.1" 200 - "-" "WordPress/6.9.4; https://brailsfords.co.nz"
52.167.144.211 - - [31/Mar/2026:13:19:13 +0000] "GET /3686/ HTTP/1.1" 200 104539 "-" "Mozilla/5.0 AppleWebKit/537.36 (KHTML, like Gecko; compatible; bingbot/2.0; +http://www.bing.com/bingbot.htm) Chrome/116.0.1938.76 Safari/537.36"
45.79.238.235 - - [31/Mar/2026:13:21:48 +0000] "POST /wp-cron.php?doing_wp_cron=1774963308.2806439399719238281250 HTTP/1.1" 200 - "-" "WordPress/6.9.4; https://brailsfords.co.nz"
52.167.144.234 - - [31/Mar/2026:13:21:47 +0000] "GET /?p=3672 HTTP/1.1" 301 - "-" "Mozilla/5.0 AppleWebKit/537.36 (KHTML, like Gecko; compatible; bingbot/2.0; +http://www.bing.com/bingbot.htm) Chrome/116.0.1938.76 Safari/537.36"
45.79.238.235 - - [31/Mar/2026:13:28:56 +0000] "POST /wp-cron.php?doing_wp_cron=1774963735.5905199050903320312500 HTTP/1.1" 200 - "-" "WordPress/6.9.4; https://brailsfords.co.nz"
52.167.144.234 - - [31/Mar/2026:13:28:54 +0000] "GET /2551/ HTTP/1.1" 200 105131 "-" "Mozilla/5.0 AppleWebKit/537.36 (KHTML, like Gecko; compatible; bingbot/2.0; +http://www.bing.com/bingbot.htm) Chrome/116.0.1938.76 Safari/537.36"
82.165.74.190 - - [31/Mar/2026:13:29:16 +0000] "GET / HTTP/1.1" 200 131914 "http://brailsfords.co.nz" "Mozilla/5.0 (Windows NT 10.0; Win64; x64)"
45.79.238.235 - - [31/Mar/2026:13:32:36 +0000] "POST /wp-cron.php?doing_wp_cron=1774963956.0886850357055664062500 HTTP/1.1" 200 - "-" "WordPress/6.9.4; https://brailsfords.co.nz"
52.167.144.233 - - [31/Mar/2026:13:32:35 +0000] "GET /4775/ HTTP/1.1" 200 104957 "-" "Mozilla/5.0 AppleWebKit/537.36 (KHTML, like Gecko; compatible; bingbot/2.0; +http://www.bing.com/bingbot.htm) Chrome/116.0.1938.76 Safari/537.36"
45.79.238.235 - - [31/Mar/2026:13:36:34 +0000] "POST /wp-cron.php?doing_wp_cron=1774964194.4771308898925781250000 HTTP/1.1" 200 - "-" "WordPress/6.9.4; https://brailsfords.co.nz"
118.148.76.153 - - [31/Mar/2026:13:36:33 +0000] "GET /?p=6879 HTTP/1.1" 301 - "https://www.google.com/" "Mozilla/5.0 (Linux; Android 10; K) AppleWebKit/537.36 (KHTML, like Gecko) Chrome/146.0.0.0 Mobile Safari/537.36"
118.148.76.153 - - [31/Mar/2026:13:36:35 +0000] "GET /6879/ HTTP/1.1" 200 104420 "https://www.google.com/" "Mozilla/5.0 (Linux; Android 10; K) AppleWebKit/537.36 (KHTML, like Gecko) Chrome/146.0.0.0 Mobile Safari/537.36"
141.98.11.44 - - [31/Mar/2026:13:40:52 +0000] "GET /wp-includes/sodium_compat/src/Core/SecretStream/State.php HTTP/1.1" 200 - "-" "Mozilla/5.0 (Windows NT 10.0; Win64; x64) AppleWebKit/537.36"
45.79.238.235 - - [31/Mar/2026:13:43:48 +0000] "POST /wp-cron.php?doing_wp_cron=1774964628.3276629447937011718750 HTTP/1.1" 200 - "-" "WordPress/6.9.4; https://brailsfords.co.nz"
141.95.54.132 - - [31/Mar/2026:13:43:47 +0000] "GET /?p=2140 HTTP/1.1" 301 - "-" "Mozilla/5.0 (Windows NT 10.0; Win64; x64) AppleWebKit/537.36 (KHTML, like Gecko) Chrome/139.0.0.0 Safari/537.36"
51.77.211.229 - - [31/Mar/2026:13:43:48 +0000] "GET /?p=1219 HTTP/1.1" 301 - "-" "Mozilla/5.0 (Windows NT 10.0; Win64; x64) AppleWebKit/537.36 (KHTML, like Gecko) Chrome/139.0.0.0 Safari/537.36"
45.79.238.235 - - [31/Mar/2026:13:53:26 +0000] "POST /wp-cron.php?doing_wp_cron=1774965205.7260499000549316406250 HTTP/1.1" 200 - "-" "WordPress/6.9.4; https://brailsfords.co.nz"
51.254.49.104 - - [31/Mar/2026:13:53:24 +0000] "GET / HTTP/1.1" 200 131914 "-" "Mozilla/5.0 (X11; Ubuntu; Linux x86_64; rv:134.0) Gecko/20100101 Firefox/134.0"
45.79.238.235 - - [31/Mar/2026:13:54:56 +0000] "POST /wp-cron.php?doing_wp_cron=1774965296.0156960487365722656250 HTTP/1.1" 200 - "-" "WordPress/6.9.4; https://brailsfords.co.nz"
52.167.144.206 - - [31/Mar/2026:13:54:55 +0000] "GET /?p=5780 HTTP/1.1" 301 - "-" "Mozilla/5.0 AppleWebKit/537.36 (KHTML, like Gecko; compatible; bingbot/2.0; +http://www.bing.com/bingbot.htm) Chrome/116.0.1938.76 Safari/537.36"
45.79.238.235 - - [31/Mar/2026:13:59:26 +0000] "POST /wp-cron.php?doing_wp_cron=1774965566.6615829467773437500000 HTTP/1.1" 200 - "-" "WordPress/6.9.4; https://brailsfords.co.nz"
136.119.129.236 - - [31/Mar/2026:13:59:25 +0000] "GET /9301 HTTP/1.1" 301 - "-" "Mozilla/5.0 (X11; Linux x86_64) AppleWebKit/537.36 (KHTML, like Gecko) Chrome/136.0.0.0 Safari/537.36"
136.119.129.236 - - [31/Mar/2026:13:59:27 +0000] "GET /9301 HTTP/1.1" 301 - "-" "Mozilla/5.0 (X11; Linux x86_64) AppleWebKit/537.36 (KHTML, like Gecko) Chrome/136.0.0.0 Safari/537.36"
45.79.238.235 - - [31/Mar/2026:14:00:34 +0000] "POST /wp-cron.php?doing_wp_cron=1774965634.9148869514465332031250 HTTP/1.1" 200 - "-" "WordPress/6.9.4; https://brailsfords.co.nz"
51.75.23.111 - - [31/Mar/2026:14:00:33 +0000] "GET /2818/ HTTP/1.1" 200 104337 "-" "Mozilla/5.0 (Windows NT 10.0; Win64; x64) AppleWebKit/537.36 (KHTML, like Gecko) Chrome/139.0.0.0 Safari/537.36"
51.77.211.229 - - [31/Mar/2026:14:00:35 +0000] "GET /?p=1439 HTTP/1.1" 301 - "-" "Mozilla/5.0 (Windows NT 10.0; Win64; x64) AppleWebKit/537.36 (KHTML, like Gecko) Chrome/139.0.0.0 Safari/537.36"
43.153.71.132 - - [31/Mar/2026:14:03:36 +0000] "GET / HTTP/1.1" 200 131925 "http://www.brailsfords.co.nz" "Mozilla/5.0 (iPhone; CPU iPhone OS 13_2_3 like Mac OS X) AppleWebKit/605.1.15 (KHTML, like Gecko) Version/13.0.3 Mobile/15E148 Safari/604.1"
40.77.167.14 - - [31/Mar/2026:14:07:19 +0000] "GET /wp-content/uploads/2022/07/IMG_0287-4-2048x1365.jpg HTTP/1.1" 200 546403 "-" "Mozilla/5.0 AppleWebKit/537.36 (KHTML, like Gecko; compatible; bingbot/2.0; +http://www.bing.com/bingbot.htm) Chrome/116.0.1938.76 Safari/537.36"
45.79.238.235 - - [31/Mar/2026:14:15:14 +0000] "POST /wp-cron.php?doing_wp_cron=1774966514.0901648998260498046875 HTTP/1.1" 200 - "-" "WordPress/6.9.4; https://brailsfords.co.nz"
45.79.238.235 - - [31/Mar/2026:14:15:14 +0000] "POST /wp-cron.php?doing_wp_cron=1774966514.4080181121826171875000 HTTP/1.1" 200 - "-" "WordPress/6.9.4; https://brailsfords.co.nz"
40.77.167.224 - - [31/Mar/2026:14:15:13 +0000] "GET /2939/ HTTP/1.1" 200 104890 "-" "Mozilla/5.0 AppleWebKit/537.36 (KHTML, like Gecko; compatible; bingbot/2.0; +http://www.bing.com/bingbot.htm) Chrome/116.0.1938.76 Safari/537.36"
141.98.11.44 - - [31/Mar/2026:14:15:57 +0000] "GET /wp-includes/sodium_compat/src/Core/SecretStream/State.php HTTP/1.1" 403 4170 "-" "Mozilla/5.0 (Windows NT 10.0; Win64; x64) AppleWebKit/537.36"
45.79.238.235 - - [31/Mar/2026:14:17:43 +0000] "POST /wp-cron.php?doing_wp_cron=1774966663.6950490474700927734375 HTTP/1.1" 200 - "-" "WordPress/6.9.4; https://brailsfords.co.nz"
40.77.167.224 - - [31/Mar/2026:14:17:42 +0000] "GET /7760/ HTTP/1.1" 200 105628 "-" "Mozilla/5.0 AppleWebKit/537.36 (KHTML, like Gecko; compatible; bingbot/2.0; +http://www.bing.com/bingbot.htm) Chrome/116.0.1938.76 Safari/537.36"
14.226.115.179 - - [31/Mar/2026:14:17:48 +0000] "GET /8836/ HTTP/1.1" 200 105246 "-" "Opera/9.22.(X11; Linux i686; hsb-DE) Presto/2.9.180 Version/12.00"
45.79.238.235 - - [31/Mar/2026:14:22:39 +0000] "POST /wp-cron.php?doing_wp_cron=1774966958.9537029266357421875000 HTTP/1.1" 200 - "-" "WordPress/6.9.4; https://brailsfords.co.nz"
40.77.167.63 - - [31/Mar/2026:14:22:38 +0000] "GET /?p=1738 HTTP/1.1" 301 - "-" "Mozilla/5.0 AppleWebKit/537.36 (KHTML, like Gecko; compatible; bingbot/2.0; +http://www.bing.com/bingbot.htm) Chrome/116.0.1938.76 Safari/537.36"
45.79.238.235 - - [31/Mar/2026:14:34:39 +0000] "POST /wp-cron.php?doing_wp_cron=1774967679.6830871105194091796875 HTTP/1.1" 200 - "-" "WordPress/6.9.4; https://brailsfords.co.nz"
185.215.181.132 - - [31/Mar/2026:14:34:38 +0000] "GET / HTTP/1.1" 200 131914 "-" "Mozilla/5.0 (compatible; MSIE 7.0; Windows NT 5.01; Trident/4.1)"
45.79.238.235 - - [31/Mar/2026:14:35:18 +0000] "POST /wp-cron.php?doing_wp_cron=1774967718.2155690193176269531250 HTTP/1.1" 200 - "-" "WordPress/6.9.4; https://brailsfords.co.nz"
40.77.167.47 - - [31/Mar/2026:14:35:17 +0000] "GET /9969/ HTTP/1.1" 200 103980 "-" "Mozilla/5.0 AppleWebKit/537.36 (KHTML, like Gecko; compatible; bingbot/2.0; +http://www.bing.com/bingbot.htm) Chrome/116.0.1938.76 Safari/537.36"
45.79.238.235 - - [31/Mar/2026:14:37:43 +0000] "POST /wp-cron.php?doing_wp_cron=1774967863.3190550804138183593750 HTTP/1.1" 200 - "-" "WordPress/6.9.4; https://brailsfords.co.nz"
2a09:bac1:76e0:56b0::f:30b - - [31/Mar/2026:14:37:42 +0000] "GET / HTTP/1.1" 200 131914 "-" "Mozilla/5.0 (Macintosh; Intel Mac OS X 10_15_7) AppleWebKit/605.1.15 (KHTML, like Gecko) Version/18.3 Safari/605.1.15"
45.79.238.235 - - [31/Mar/2026:14:38:46 +0000] "POST /wp-cron.php?doing_wp_cron=1774967926.5707650184631347656250 HTTP/1.1" 200 - "-" "WordPress/6.9.4; https://brailsfords.co.nz"
40.77.167.26 - - [31/Mar/2026:14:38:46 +0000] "GET /?p=3966 HTTP/1.1" 301 - "-" "Mozilla/5.0 AppleWebKit/537.36 (KHTML, like Gecko; compatible; bingbot/2.0; +http://www.bing.com/bingbot.htm) Chrome/116.0.1938.76 Safari/537.36"
45.79.238.235 - - [31/Mar/2026:14:39:02 +0000] "POST /wp-cron.php?doing_wp_cron=1774967942.1642498970031738281250 HTTP/1.1" 200 - "-" "WordPress/6.9.4; https://brailsfords.co.nz"
20.15.133.191 - - [31/Mar/2026:14:39:01 +0000] "GET /?p=3440 HTTP/1.1" 301 - "-" "Mozilla/5.0 AppleWebKit/537.36 (KHTML, like Gecko; compatible; bingbot/2.0; +http://www.bing.com/bingbot.htm) Chrome/116.0.1938.76 Safari/537.36"
45.79.238.235 - - [31/Mar/2026:14:41:45 +0000] "POST /wp-cron.php?doing_wp_cron=1774968105.4342050552368164062500 HTTP/1.1" 200 - "-" "WordPress/6.9.4; https://brailsfords.co.nz"
40.77.167.26 - - [31/Mar/2026:14:41:44 +0000] "GET /3440/ HTTP/1.1" 200 105077 "-" "Mozilla/5.0 AppleWebKit/537.36 (KHTML, like Gecko; compatible; bingbot/2.0; +http://www.bing.com/bingbot.htm) Chrome/116.0.1938.76 Safari/537.36"
45.79.238.235 - - [31/Mar/2026:14:45:59 +0000] "POST /wp-cron.php?doing_wp_cron=1774968359.0260810852050781250000 HTTP/1.1" 200 - "-" "WordPress/6.9.4; https://brailsfords.co.nz"
5.161.255.112 - - [31/Mar/2026:14:45:58 +0000] "GET /?p=2065 HTTP/1.1" 301 - "-" "Mozilla/5.0 (Windows NT 10.0; Win64; x64) AppleWebKit/537.36 (KHTML, like Gecko) Chrome/84.0.4147.105 Safari/537.36"
5.161.255.112 - - [31/Mar/2026:14:45:59 +0000] "GET /2065/ HTTP/1.1" 200 104841 "-" "Mozilla/5.0 (Windows NT 10.0; Win64; x64) AppleWebKit/537.36 (KHTML, like Gecko) Chrome/84.0.4147.105 Safari/537.36"
40.77.167.155 - - [31/Mar/2026:14:46:48 +0000] "GET /4510/ HTTP/1.1" 200 104968 "-" "Mozilla/5.0 AppleWebKit/537.36 (KHTML, like Gecko; compatible; bingbot/2.0; +http://www.bing.com/bingbot.htm) Chrome/116.0.1938.76 Safari/537.36"
45.79.238.235 - - [31/Mar/2026:14:49:20 +0000] "POST /wp-cron.php?doing_wp_cron=1774968560.0271201133728027343750 HTTP/1.1" 200 - "-" "WordPress/6.9.4; https://brailsfords.co.nz"
5.31.234.158 - - [31/Mar/2026:14:49:19 +0000] "GET / HTTP/1.1" 200 131914 "-" "Opera/8.86.(Windows NT 6.0; sk-SK) Presto/2.9.183 Version/12.00"
141.98.11.44 - - [31/Mar/2026:14:49:57 +0000] "GET /wp-includes/sodium_compat/src/Core/SecretStream/State.php HTTP/1.1" 403 4170 "-" "Mozilla/5.0 (Windows NT 10.0; Win64; x64) AppleWebKit/537.36"
45.79.238.235 - - [31/Mar/2026:14:51:31 +0000] "POST /wp-cron.php?doing_wp_cron=1774968690.9991159439086914062500 HTTP/1.1" 200 - "-" "WordPress/6.9.4; https://brailsfords.co.nz"
40.77.167.57 - - [31/Mar/2026:14:51:30 +0000] "GET /?p=1383 HTTP/1.1" 301 - "-" "Mozilla/5.0 AppleWebKit/537.36 (KHTML, like Gecko; compatible; bingbot/2.0; +http://www.bing.com/bingbot.htm) Chrome/116.0.1938.76 Safari/537.36"
45.79.238.235 - - [31/Mar/2026:14:53:16 +0000] "POST /wp-cron.php?doing_wp_cron=1774968796.4311530590057373046875 HTTP/1.1" 200 - "-" "WordPress/6.9.4; https://brailsfords.co.nz"
52.167.144.174 - - [31/Mar/2026:14:53:15 +0000] "GET /?p=1209 HTTP/1.1" 301 - "-" "Mozilla/5.0 AppleWebKit/537.36 (KHTML, like Gecko; compatible; bingbot/2.0; +http://www.bing.com/bingbot.htm) Chrome/116.0.1938.76 Safari/537.36"
45.79.238.235 - - [31/Mar/2026:14:54:37 +0000] "POST /wp-cron.php?doing_wp_cron=1774968877.5295729637145996093750 HTTP/1.1" 200 - "-" "WordPress/6.9.4; https://brailsfords.co.nz"
113.162.94.217 - - [31/Mar/2026:14:54:36 +0000] "GET /4784/ HTTP/1.1" 200 105125 "-" "Mozilla/5.0 (iPhone; CPU iPhone OS 17_1 like Mac OS X) AppleWebKit/605.1.15 (KHTML, like Gecko) EdgiOS/119.0.2151.105 Version/17.0 Mobile/15E148 Safari/604.1"
14.186.216.3 - - [31/Mar/2026:14:54:37 +0000] "GET /4348/ HTTP/1.1" 200 105871 "-" "Mozilla/5.0 (iPhone; CPU iPhone OS 17_2 like Mac OS X) AppleWebKit/605.1.15 (KHTML, like Gecko) EdgiOS/119.0.2151.96 Version/17.0 Mobile/15E148 Safari/604.1"
14.228.226.182 - - [31/Mar/2026:14:54:38 +0000] "GET /4352/ HTTP/1.1" 200 105155 "-" "Mozilla/5.0 (iPhone; CPU iPhone OS 17_0 like Mac OS X) AppleWebKit/605.1.15 (KHTML, like Gecko) Version/17.0 Mobile/15E148 Safari/604.1"
45.79.238.235 - - [31/Mar/2026:15:01:01 +0000] "POST /wp-cron.php?doing_wp_cron=1774969261.6866760253906250000000 HTTP/1.1" 200 - "-" "WordPress/6.9.4; https://brailsfords.co.nz"
40.77.167.35 - - [31/Mar/2026:15:01:00 +0000] "GET /?p=7093 HTTP/1.1" 301 - "-" "Mozilla/5.0 AppleWebKit/537.36 (KHTML, like Gecko; compatible; bingbot/2.0; +http://www.bing.com/bingbot.htm) Chrome/116.0.1938.76 Safari/537.36"
45.79.238.235 - - [31/Mar/2026:15:04:16 +0000] "POST /wp-cron.php?doing_wp_cron=1774969456.3340198993682861328125 HTTP/1.1" 200 - "-" "WordPress/6.9.4; https://brailsfords.co.nz"
203.211.78.135 - - [31/Mar/2026:15:04:14 +0000] "GET /5094/ HTTP/1.1" 200 104690 "https://www.google.com/" "Mozilla/5.0 (Linux; Android 10; K) AppleWebKit/537.36 (KHTML, like Gecko) Chrome/146.0.0.0 Mobile Safari/537.36"
52.167.144.215 - - [31/Mar/2026:15:04:20 +0000] "GET /5393/ HTTP/1.1" 200 105074 "-" "Mozilla/5.0 AppleWebKit/537.36 (KHTML, like Gecko; compatible; bingbot/2.0; +http://www.bing.com/bingbot.htm) Chrome/116.0.1938.76 Safari/537.36"
45.79.238.235 - - [31/Mar/2026:15:06:48 +0000] "POST /wp-cron.php?doing_wp_cron=1774969607.9530100822448730468750 HTTP/1.1" 200 - "-" "WordPress/6.9.4; https://brailsfords.co.nz"
195.164.49.144 - - [31/Mar/2026:15:06:47 +0000] "GET / HTTP/1.1" 200 131925 "-" "Mozilla/5.0 (iPhone; CPU iPhone OS 18_7 like Mac OS X) AppleWebKit/605.1.15 (KHTML, like Gecko) Version/26.2 Mobile/15E148 Safari/604.1"
45.91.250.107 - - [31/Mar/2026:15:06:50 +0000] "GET /en/ HTTP/1.1" 301 - "-" "Mozilla/5.0 (iPhone; CPU iPhone OS 18_7 like Mac OS X) AppleWebKit/605.1.15 (KHTML, like Gecko) Version/26.2 Mobile/15E148 Safari/604.1"
45.79.238.235 - - [31/Mar/2026:15:07:12 +0000] "POST /wp-cron.php?doing_wp_cron=1774969631.9945011138916015625000 HTTP/1.1" 200 - "-" "WordPress/6.9.4; https://brailsfords.co.nz"
122.56.202.60 - - [31/Mar/2026:15:07:11 +0000] "GET /1280/ HTTP/1.1" 200 104835 "https://www.google.com/" "Mozilla/5.0 (iPhone; CPU iPhone OS 26_3_1 like Mac OS X) AppleWebKit/605.1.15 (KHTML, like Gecko) CriOS/146.0.7680.151 Mobile/15E148 Safari/604.1"
45.79.238.235 - - [31/Mar/2026:15:09:28 +0000] "POST /wp-cron.php?doing_wp_cron=1774969768.0145850181579589843750 HTTP/1.1" 200 - "-" "WordPress/6.9.4; https://brailsfords.co.nz"
40.77.167.3 - - [31/Mar/2026:15:09:27 +0000] "GET /4245/ HTTP/1.1" 200 104818 "-" "Mozilla/5.0 AppleWebKit/537.36 (KHTML, like Gecko; compatible; bingbot/2.0; +http://www.bing.com/bingbot.htm) Chrome/116.0.1938.76 Safari/537.36"
45.79.238.235 - - [31/Mar/2026:15:13:45 +0000] "POST /wp-cron.php?doing_wp_cron=1774970025.5144360065460205078125 HTTP/1.1" 200 - "-" "WordPress/6.9.4; https://brailsfords.co.nz"
2a0b:cf47:0:21::1 - - [31/Mar/2026:15:13:44 +0000] "GET /?p=1101 HTTP/1.1" 301 - "https://multi-links-kappa.vercel.app/" "Mozilla/5.0 (Windows NT 10.0; Win64; x64; rv:149.0) Gecko/20100101 Firefox/149.0"
2a0b:cf47:0:21::1 - - [31/Mar/2026:15:13:46 +0000] "GET /1101/ HTTP/1.1" 200 104701 "https://multi-links-kappa.vercel.app/" "Mozilla/5.0 (Windows NT 10.0; Win64; x64; rv:149.0) Gecko/20100101 Firefox/149.0"
2a0b:cf47:0:21::1 - - [31/Mar/2026:15:13:47 +0000] "GET /wp-content/uploads/elementor/css/post-320.css?ver=1679606730 HTTP/1.1" 404 81250 "https://brailsfords.co.nz/1101/" "Mozilla/5.0 (Windows NT 10.0; Win64; x64; rv:149.0) Gecko/20100101 Firefox/149.0"
45.79.238.235 - - [31/Mar/2026:15:16:40 +0000] "POST /wp-cron.php?doing_wp_cron=1774970200.5979280471801757812500 HTTP/1.1" 200 - "-" "WordPress/6.9.4; https://brailsfords.co.nz"
45.79.238.235 - - [31/Mar/2026:15:16:40 +0000] "POST /wp-cron.php?doing_wp_cron=1774970200.6538119316101074218750 HTTP/1.1" 200 - "-" "WordPress/6.9.4; https://brailsfords.co.nz"
40.77.167.3 - - [31/Mar/2026:15:16:39 +0000] "GET /?p=8784 HTTP/1.1" 301 - "-" "Mozilla/5.0 AppleWebKit/537.36 (KHTML, like Gecko; compatible; bingbot/2.0; +http://www.bing.com/bingbot.htm) Chrome/116.0.1938.76 Safari/537.36"
141.98.11.44 - - [31/Mar/2026:15:22:15 +0000] "GET /wp-includes/sodium_compat/src/Core/SecretStream/State.php HTTP/1.1" 200 - "-" "Mozilla/5.0 (Windows NT 10.0; Win64; x64) AppleWebKit/537.36"
45.79.238.235 - - [31/Mar/2026:15:23:41 +0000] "POST /wp-cron.php?doing_wp_cron=1774970620.9093039035797119140625 HTTP/1.1" 200 - "-" "WordPress/6.9.4; https://brailsfords.co.nz"
122.63.118.24 - - [31/Mar/2026:15:23:40 +0000] "GET /?p=1869 HTTP/1.1" 301 - "https://www.google.com/" "Mozilla/5.0 (Linux; Android 10; K) AppleWebKit/537.36 (KHTML, like Gecko) Chrome/146.0.0.0 Mobile Safari/537.36"
122.63.118.24 - - [31/Mar/2026:15:23:41 +0000] "GET /1869/ HTTP/1.1" 200 105079 "https://www.google.com/" "Mozilla/5.0 (Linux; Android 10; K) AppleWebKit/537.36 (KHTML, like Gecko) Chrome/146.0.0.0 Mobile Safari/537.36"
45.79.238.235 - - [31/Mar/2026:15:28:37 +0000] "POST /wp-cron.php?doing_wp_cron=1774970917.1056110858917236328125 HTTP/1.1" 200 - "-" "WordPress/6.9.4; https://brailsfords.co.nz"
52.167.144.24 - - [31/Mar/2026:15:28:36 +0000] "GET /4251/ HTTP/1.1" 200 105386 "-" "Mozilla/5.0 AppleWebKit/537.36 (KHTML, like Gecko; compatible; bingbot/2.0; +http://www.bing.com/bingbot.htm) Chrome/116.0.1938.76 Safari/537.36"
45.79.238.235 - - [31/Mar/2026:15:30:22 +0000] "POST /wp-cron.php?doing_wp_cron=1774971022.1643810272216796875000 HTTP/1.1" 200 - "-" "WordPress/6.9.4; https://brailsfords.co.nz"
198.235.24.126 - - [31/Mar/2026:15:30:20 +0000] "GET / HTTP/1.1" 200 131914 "-" "Hello from Palo Alto Networks, find out more about our scans in https://docs-cortex.paloaltonetworks.com/r/1/Cortex-Xpanse/Scanning-activity"
47.82.10.141 - - [31/Mar/2026:15:30:31 +0000] "GET /1147/ HTTP/1.1" 200 104632 "https://brailsfords.co.nz/" "Mozilla/5.0 (Macintosh; Intel Mac OS X 10.15; rv:135.0) Gecko/20100101 Firefox/135.0"
45.79.238.235 - - [31/Mar/2026:15:33:53 +0000] "POST /wp-cron.php?doing_wp_cron=1774971233.0120038986206054687500 HTTP/1.1" 200 - "-" "WordPress/6.9.4; https://brailsfords.co.nz"
200.123.46.113 - - [31/Mar/2026:15:33:52 +0000] "GET /?p=1104 HTTP/1.1" 301 - "https://brailsfords.co.nz/" "Mozilla/5.0 (X11; Linux x86_64) AppleWebKit/537.36 (KHTML, like Gecko) Chrome/135.0.0.0 Safari/537.36"
45.79.238.235 - - [31/Mar/2026:15:38:10 +0000] "POST /wp-cron.php?doing_wp_cron=1774971489.9855079650878906250000 HTTP/1.1" 200 - "-" "WordPress/6.9.4; https://brailsfords.co.nz"
52.167.144.137 - - [31/Mar/2026:15:38:09 +0000] "GET /?p=8884 HTTP/1.1" 301 - "-" "Mozilla/5.0 AppleWebKit/537.36 (KHTML, like Gecko; compatible; bingbot/2.0; +http://www.bing.com/bingbot.htm) Chrome/116.0.1938.76 Safari/537.36"
151.80.133.55 - - [31/Mar/2026:15:38:30 +0000] "GET /1109/ HTTP/1.1" 200 104674 "-" "Mozilla/5.0 (Windows NT 10.0; Win64; x64) AppleWebKit/537.36 (KHTML, like Gecko) Chrome/139.0.0.0 Safari/537.36"
