45.79.238.235 - - [31/Mar/2026:16:37:00 +0000] "POST /wp-cron.php?doing_wp_cron=1774975020.8004300594329833984375 HTTP/1.1" 200 - "-" "WordPress/6.8.5; http://chargedev.co.nz"
2a03:2880:f806:3c:: - - [31/Mar/2026:16:37:00 +0000] "GET /products/detail/17468349 HTTP/1.1" 404 146693 "-" "meta-webindexer/1.1 (+https://developers.facebook.com/docs/sharing/webmasters/crawler)"
45.79.238.235 - - [31/Mar/2026:16:37:56 +0000] "POST /wp-cron.php?doing_wp_cron=1774975076.8612279891967773437500 HTTP/1.1" 200 - "-" "WordPress/6.8.5; http://chargedev.co.nz"
2a03:2880:f806:12:: - - [31/Mar/2026:16:37:56 +0000] "GET /products/detail/26993046 HTTP/1.1" 404 146693 "-" "meta-webindexer/1.1 (+https://developers.facebook.com/docs/sharing/webmasters/crawler)"
2a03:2880:f806:2d:: - - [31/Mar/2026:16:38:36 +0000] "GET /products/detail/222214288 HTTP/1.1" 404 146693 "-" "meta-webindexer/1.1 (+https://developers.facebook.com/docs/sharing/webmasters/crawler)"
45.79.238.235 - - [31/Mar/2026:16:40:05 +0000] "POST /wp-cron.php?doing_wp_cron=1774975205.3577380180358886718750 HTTP/1.1" 200 - "-" "WordPress/6.8.5; http://chargedev.co.nz"
2a03:2880:f806:49:: - - [31/Mar/2026:16:40:04 +0000] "GET /products/detail/128513945 HTTP/1.1" 404 146693 "-" "meta-webindexer/1.1 (+https://developers.facebook.com/docs/sharing/webmasters/crawler)"
2a03:2880:f806:c:: - - [31/Mar/2026:16:40:04 +0000] "GET /products/detail/233977066 HTTP/1.1" 404 146693 "-" "meta-webindexer/1.1 (+https://developers.facebook.com/docs/sharing/webmasters/crawler)"
2a03:2880:f806:4:: - - [31/Mar/2026:16:40:09 +0000] "GET /virtual-pokies-games-that-pay-real-money/ HTTP/1.1" 200 149888 "-" "meta-webindexer/1.1 (+https://developers.facebook.com/docs/sharing/webmasters/crawler)"
2a03:2880:f806:28:: - - [31/Mar/2026:16:40:13 +0000] "GET /products/detail/91172723 HTTP/1.1" 404 146693 "-" "meta-webindexer/1.1 (+https://developers.facebook.com/docs/sharing/webmasters/crawler)"
2a03:2880:f806:10:: - - [31/Mar/2026:16:40:34 +0000] "GET /products/detail/197334814 HTTP/1.1" 404 146693 "-" "meta-webindexer/1.1 (+https://developers.facebook.com/docs/sharing/webmasters/crawler)"
45.79.238.235 - - [31/Mar/2026:16:41:04 +0000] "POST /wp-cron.php?doing_wp_cron=1774975264.7085011005401611328125 HTTP/1.1" 200 - "-" "WordPress/6.8.5; http://chargedev.co.nz"
2a03:2880:f806:41:: - - [31/Mar/2026:16:41:04 +0000] "GET /products/detail/40771581 HTTP/1.1" 404 146693 "-" "meta-webindexer/1.1 (+https://developers.facebook.com/docs/sharing/webmasters/crawler)"
2a03:2880:f806:1e:: - - [31/Mar/2026:16:41:18 +0000] "GET /products/detail/288017450 HTTP/1.1" 404 146693 "-" "meta-webindexer/1.1 (+https://developers.facebook.com/docs/sharing/webmasters/crawler)"
45.79.238.235 - - [31/Mar/2026:16:44:26 +0000] "POST /wp-cron.php?doing_wp_cron=1774975466.0109150409698486328125 HTTP/1.1" 200 - "-" "WordPress/6.8.5; http://chargedev.co.nz"
2a03:2880:f806:31:: - - [31/Mar/2026:16:44:25 +0000] "GET /products/detail/182397733 HTTP/1.1" 404 146693 "-" "meta-webindexer/1.1 (+https://developers.facebook.com/docs/sharing/webmasters/crawler)"
2a03:2880:f806:30:: - - [31/Mar/2026:16:44:26 +0000] "GET /products/detail/109087551 HTTP/1.1" 404 146693 "-" "meta-webindexer/1.1 (+https://developers.facebook.com/docs/sharing/webmasters/crawler)"
45.79.238.235 - - [31/Mar/2026:16:45:17 +0000] "POST /wp-cron.php?doing_wp_cron=1774975517.3215119838714599609375 HTTP/1.1" 200 - "-" "WordPress/6.8.5; http://chargedev.co.nz"
2a03:2880:f806:2e:: - - [31/Mar/2026:16:45:16 +0000] "GET /products/detail/115723147 HTTP/1.1" 404 146693 "-" "meta-webindexer/1.1 (+https://developers.facebook.com/docs/sharing/webmasters/crawler)"
2a03:2880:f806:11:: - - [31/Mar/2026:16:45:16 +0000] "GET /products/detail/135732511 HTTP/1.1" 404 146693 "-" "meta-webindexer/1.1 (+https://developers.facebook.com/docs/sharing/webmasters/crawler)"
2a03:2880:f806:29:: - - [31/Mar/2026:16:45:19 +0000] "GET /products/detail/235097450 HTTP/1.1" 404 146693 "-" "meta-webindexer/1.1 (+https://developers.facebook.com/docs/sharing/webmasters/crawler)"
2a03:2880:f806:24:: - - [31/Mar/2026:16:45:20 +0000] "GET /products/detail/265543905 HTTP/1.1" 404 146693 "-" "meta-webindexer/1.1 (+https://developers.facebook.com/docs/sharing/webmasters/crawler)"
2a03:2880:f806:40:: - - [31/Mar/2026:16:45:49 +0000] "GET /products/detail/104646278 HTTP/1.1" 404 146693 "-" "meta-webindexer/1.1 (+https://developers.facebook.com/docs/sharing/webmasters/crawler)"
45.79.238.235 - - [31/Mar/2026:16:46:18 +0000] "POST /wp-cron.php?doing_wp_cron=1774975578.7437920570373535156250 HTTP/1.1" 200 - "-" "WordPress/6.8.5; http://chargedev.co.nz"
2a03:2880:f806:2a:: - - [31/Mar/2026:16:46:17 +0000] "GET /products/detail/259675339 HTTP/1.1" 404 146693 "-" "meta-webindexer/1.1 (+https://developers.facebook.com/docs/sharing/webmasters/crawler)"
2a03:2880:f806:45:: - - [31/Mar/2026:16:46:31 +0000] "GET /products/detail/286857248 HTTP/1.1" 404 146693 "-" "meta-webindexer/1.1 (+https://developers.facebook.com/docs/sharing/webmasters/crawler)"
45.79.238.235 - - [31/Mar/2026:16:46:51 +0000] "POST /wp-cron.php?doing_wp_cron=1774975611.4402151107788085937500 HTTP/1.1" 200 - "-" "WordPress/6.8.5; http://chargedev.co.nz"
2a03:2880:f806:19:: - - [31/Mar/2026:16:46:50 +0000] "GET /products/detail/308415955 HTTP/1.1" 404 146693 "-" "meta-webindexer/1.1 (+https://developers.facebook.com/docs/sharing/webmasters/crawler)"
2a03:2880:f806:20:: - - [31/Mar/2026:16:46:51 +0000] "GET /products/detail/207040066 HTTP/1.1" 404 146693 "-" "meta-webindexer/1.1 (+https://developers.facebook.com/docs/sharing/webmasters/crawler)"
2a03:2880:f806:10:: - - [31/Mar/2026:16:46:51 +0000] "GET /products/detail/145082612 HTTP/1.1" 404 146693 "-" "meta-webindexer/1.1 (+https://developers.facebook.com/docs/sharing/webmasters/crawler)"
2a03:2880:f806:2e:: - - [31/Mar/2026:16:46:53 +0000] "GET /products/detail/76860248 HTTP/1.1" 404 146693 "-" "meta-webindexer/1.1 (+https://developers.facebook.com/docs/sharing/webmasters/crawler)"
4.205.39.97 - - [31/Mar/2026:16:47:23 +0000] "GET / HTTP/1.1" 200 201096 "-" "Mozlila/5.0 (Linux; Android 7.0; SM-G892A Bulid/NRD90M; wv) AppleWebKit/537.36 (KHTML, like Gecko) Version/4.0 Chrome/60.0.3112.107 Moblie Safari/537.36"
4.205.39.97 - - [31/Mar/2026:16:47:23 +0000] "GET /wp-content/themes/seotheme/db.php?u HTTP/1.1" 404 146704 "www.google.com" "Mozlila/5.0 (Linux; Android 7.0; SM-G892A Bulid/NRD90M; wv) AppleWebKit/537.36 (KHTML, like Gecko) Version/4.0 Chrome/60.0.3112.107 Moblie Safari/537.36"
4.205.39.97 - - [31/Mar/2026:16:47:24 +0000] "GET /wp-content/plugins/apikey/apikey.php?test=hello HTTP/1.1" 403 4170 "-" "Mozlila/5.0 (Linux; Android 7.0; SM-G892A Bulid/NRD90M; wv) AppleWebKit/537.36 (KHTML, like Gecko) Version/4.0 Chrome/60.0.3112.107 Moblie Safari/537.36"
4.205.39.97 - - [31/Mar/2026:16:47:25 +0000] "GET /plugins/content/apismtp/apismtp.php?test=hello HTTP/1.1" 404 146704 "-" "Mozlila/5.0 (Linux; Android 7.0; SM-G892A Bulid/NRD90M; wv) AppleWebKit/537.36 (KHTML, like Gecko) Version/4.0 Chrome/60.0.3112.107 Moblie Safari/537.36"
4.205.39.97 - - [31/Mar/2026:16:47:26 +0000] "GET /wp-content/plugins/apikey/apikey.php.suspected?test=hello HTTP/1.1" 403 4170 "-" "Mozlila/5.0 (Linux; Android 7.0; SM-G892A Bulid/NRD90M; wv) AppleWebKit/537.36 (KHTML, like Gecko) Version/4.0 Chrome/60.0.3112.107 Moblie Safari/537.36"
4.205.39.97 - - [31/Mar/2026:16:47:27 +0000] "GET /plugins/content/apismtp/apismtp.php.suspected?test=hello HTTP/1.1" 404 146704 "-" "Mozlila/5.0 (Linux; Android 7.0; SM-G892A Bulid/NRD90M; wv) AppleWebKit/537.36 (KHTML, like Gecko) Version/4.0 Chrome/60.0.3112.107 Moblie Safari/537.36"
2a03:2880:f806:34:: - - [31/Mar/2026:16:47:32 +0000] "GET /products/detail/262453632 HTTP/1.1" 404 146693 "-" "meta-webindexer/1.1 (+https://developers.facebook.com/docs/sharing/webmasters/crawler)"
2a03:2880:f806:40:: - - [31/Mar/2026:16:47:33 +0000] "GET /products/detail/316924773 HTTP/1.1" 404 146693 "-" "meta-webindexer/1.1 (+https://developers.facebook.com/docs/sharing/webmasters/crawler)"
2a03:2880:f806:48:: - - [31/Mar/2026:16:47:33 +0000] "GET /products/detail/161836884 HTTP/1.1" 404 146693 "-" "meta-webindexer/1.1 (+https://developers.facebook.com/docs/sharing/webmasters/crawler)"
2a03:2880:f806:12:: - - [31/Mar/2026:16:48:39 +0000] "GET /products/detail/205121612 HTTP/1.1" 404 146693 "-" "meta-webindexer/1.1 (+https://developers.facebook.com/docs/sharing/webmasters/crawler)"
2a03:2880:f806:9:: - - [31/Mar/2026:16:48:40 +0000] "GET /products/detail/197711915 HTTP/1.1" 404 146693 "-" "meta-webindexer/1.1 (+https://developers.facebook.com/docs/sharing/webmasters/crawler)"
52.167.144.220 - - [31/Mar/2026:16:49:22 +0000] "GET /how-to-win-new-pokies-online-games/ HTTP/1.1" 200 185860 "-" "Mozilla/5.0 AppleWebKit/537.36 (KHTML, like Gecko; compatible; bingbot/2.0; +http://www.bing.com/bingbot.htm) Chrome/116.0.1938.76 Safari/537.36"
2a03:2880:f806:1:: - - [31/Mar/2026:16:49:30 +0000] "GET /products/detail/58331834 HTTP/1.1" 404 146693 "-" "meta-webindexer/1.1 (+https://developers.facebook.com/docs/sharing/webmasters/crawler)"
45.79.238.235 - - [31/Mar/2026:16:49:31 +0000] "POST /wp-cron.php?doing_wp_cron=1774975770.4585270881652832031250 HTTP/1.1" 200 - "-" "WordPress/6.8.5; http://chargedev.co.nz"
2a03:2880:f806:2b:: - - [31/Mar/2026:16:49:29 +0000] "GET /products/detail/105053975 HTTP/1.1" 404 146693 "-" "meta-webindexer/1.1 (+https://developers.facebook.com/docs/sharing/webmasters/crawler)"
45.79.238.235 - - [31/Mar/2026:16:49:54 +0000] "POST /wp-cron.php?doing_wp_cron=1774975794.5769770145416259765625 HTTP/1.1" 200 - "-" "WordPress/6.8.5; http://chargedev.co.nz"
2a03:2880:f806:2c:: - - [31/Mar/2026:16:49:54 +0000] "GET /products/detail/188176632 HTTP/1.1" 404 146693 "-" "meta-webindexer/1.1 (+https://developers.facebook.com/docs/sharing/webmasters/crawler)"
2a03:2880:f806:a:: - - [31/Mar/2026:16:50:35 +0000] "GET /products/detail/45213763 HTTP/1.1" 404 146693 "-" "meta-webindexer/1.1 (+https://developers.facebook.com/docs/sharing/webmasters/crawler)"
2a03:2880:f806:1c:: - - [31/Mar/2026:16:50:36 +0000] "GET /products/detail/223920460 HTTP/1.1" 404 146693 "-" "meta-webindexer/1.1 (+https://developers.facebook.com/docs/sharing/webmasters/crawler)"
2a03:2880:f806:19:: - - [31/Mar/2026:16:50:36 +0000] "GET /products/detail/68055430 HTTP/1.1" 404 146693 "-" "meta-webindexer/1.1 (+https://developers.facebook.com/docs/sharing/webmasters/crawler)"
45.79.238.235 - - [31/Mar/2026:16:51:03 +0000] "POST /wp-cron.php?doing_wp_cron=1774975863.2367999553680419921875 HTTP/1.1" 200 - "-" "WordPress/6.8.5; http://chargedev.co.nz"
2a03:2880:f806:3c:: - - [31/Mar/2026:16:51:02 +0000] "GET /products/detail/18329531 HTTP/1.1" 404 146693 "-" "meta-webindexer/1.1 (+https://developers.facebook.com/docs/sharing/webmasters/crawler)"
2a03:2880:f806:2c:: - - [31/Mar/2026:16:51:20 +0000] "GET /products/detail/194308006 HTTP/1.1" 404 146693 "-" "meta-webindexer/1.1 (+https://developers.facebook.com/docs/sharing/webmasters/crawler)"
2a03:2880:f806:35:: - - [31/Mar/2026:16:52:47 +0000] "GET /products/detail/80640703 HTTP/1.1" 404 146693 "-" "meta-webindexer/1.1 (+https://developers.facebook.com/docs/sharing/webmasters/crawler)"
2a03:2880:f806:2c:: - - [31/Mar/2026:16:52:47 +0000] "GET /products/detail/194427137 HTTP/1.1" 404 146693 "-" "meta-webindexer/1.1 (+https://developers.facebook.com/docs/sharing/webmasters/crawler)"
2a03:2880:f806:30:: - - [31/Mar/2026:16:53:02 +0000] "GET /products/detail/109000258 HTTP/1.1" 404 146693 "-" "meta-webindexer/1.1 (+https://developers.facebook.com/docs/sharing/webmasters/crawler)"
2a03:2880:f806:a:: - - [31/Mar/2026:16:53:07 +0000] "GET /products/detail/130932359 HTTP/1.1" 404 146693 "-" "meta-webindexer/1.1 (+https://developers.facebook.com/docs/sharing/webmasters/crawler)"
2a03:2880:f806:c:: - - [31/Mar/2026:16:53:20 +0000] "GET /products/detail/281272066 HTTP/1.1" 404 146693 "-" "meta-webindexer/1.1 (+https://developers.facebook.com/docs/sharing/webmasters/crawler)"
2a03:2880:f806:40:: - - [31/Mar/2026:16:53:39 +0000] "GET /products/detail/240623238 HTTP/1.1" 404 146693 "-" "meta-webindexer/1.1 (+https://developers.facebook.com/docs/sharing/webmasters/crawler)"
45.79.238.235 - - [31/Mar/2026:16:54:04 +0000] "POST /wp-cron.php?doing_wp_cron=1774976044.9159729480743408203125 HTTP/1.1" 200 - "-" "WordPress/6.8.5; http://chargedev.co.nz"
2a03:2880:f806:3e:: - - [31/Mar/2026:16:54:04 +0000] "GET /products/detail/263204016 HTTP/1.1" 404 146693 "-" "meta-webindexer/1.1 (+https://developers.facebook.com/docs/sharing/webmasters/crawler)"
2a03:2880:f806:7:: - - [31/Mar/2026:16:54:14 +0000] "GET /products/detail/254691026 HTTP/1.1" 404 146693 "-" "meta-webindexer/1.1 (+https://developers.facebook.com/docs/sharing/webmasters/crawler)"
2a03:2880:f806:3d:: - - [31/Mar/2026:16:54:19 +0000] "GET /products/detail/204494076 HTTP/1.1" 404 146693 "-" "meta-webindexer/1.1 (+https://developers.facebook.com/docs/sharing/webmasters/crawler)"
45.79.238.235 - - [31/Mar/2026:16:55:07 +0000] "POST /wp-cron.php?doing_wp_cron=1774976107.9317600727081298828125 HTTP/1.1" 200 - "-" "WordPress/6.8.5; http://chargedev.co.nz"
2a03:2880:f806:23:: - - [31/Mar/2026:16:55:07 +0000] "GET /products/detail/260384187 HTTP/1.1" 404 146693 "-" "meta-webindexer/1.1 (+https://developers.facebook.com/docs/sharing/webmasters/crawler)"
45.79.238.235 - - [31/Mar/2026:16:56:02 +0000] "POST /wp-cron.php?doing_wp_cron=1774976161.9063889980316162109375 HTTP/1.1" 200 - "-" "WordPress/6.8.5; http://chargedev.co.nz"
2a03:2880:f806:33:: - - [31/Mar/2026:16:56:01 +0000] "GET /products/detail/132159400 HTTP/1.1" 404 146693 "-" "meta-webindexer/1.1 (+https://developers.facebook.com/docs/sharing/webmasters/crawler)"
2a03:2880:f806:7:: - - [31/Mar/2026:16:56:27 +0000] "GET /products/detail/220683733 HTTP/1.1" 404 146693 "-" "meta-webindexer/1.1 (+https://developers.facebook.com/docs/sharing/webmasters/crawler)"
2a03:2880:f806:1:: - - [31/Mar/2026:16:56:27 +0000] "GET /products/detail/314607622 HTTP/1.1" 404 146693 "-" "meta-webindexer/1.1 (+https://developers.facebook.com/docs/sharing/webmasters/crawler)"
2a03:2880:f806:11:: - - [31/Mar/2026:16:56:30 +0000] "GET /products/detail/277441228 HTTP/1.1" 404 146693 "-" "meta-webindexer/1.1 (+https://developers.facebook.com/docs/sharing/webmasters/crawler)"
2a03:2880:f806:11:: - - [31/Mar/2026:16:56:34 +0000] "GET /products/detail/36829258 HTTP/1.1" 404 146693 "-" "meta-webindexer/1.1 (+https://developers.facebook.com/docs/sharing/webmasters/crawler)"
2a03:2880:f806:12:: - - [31/Mar/2026:16:56:34 +0000] "GET /products/detail/180903622 HTTP/1.1" 404 146693 "-" "meta-webindexer/1.1 (+https://developers.facebook.com/docs/sharing/webmasters/crawler)"
2a03:2880:f806:1f:: - - [31/Mar/2026:16:56:34 +0000] "GET /products/detail/109016561 HTTP/1.1" 404 146693 "-" "meta-webindexer/1.1 (+https://developers.facebook.com/docs/sharing/webmasters/crawler)"
2a03:2880:f806:16:: - - [31/Mar/2026:16:56:47 +0000] "GET /products/detail/119537127 HTTP/1.1" 404 146693 "-" "meta-webindexer/1.1 (+https://developers.facebook.com/docs/sharing/webmasters/crawler)"
2a03:2880:f806:1b:: - - [31/Mar/2026:16:56:47 +0000] "GET /products/detail/301101086 HTTP/1.1" 404 146693 "-" "meta-webindexer/1.1 (+https://developers.facebook.com/docs/sharing/webmasters/crawler)"
2a03:2880:f806:45:: - - [31/Mar/2026:16:56:48 +0000] "GET /products/detail/256907945 HTTP/1.1" 404 146693 "-" "meta-webindexer/1.1 (+https://developers.facebook.com/docs/sharing/webmasters/crawler)"
45.79.238.235 - - [31/Mar/2026:16:57:00 +0000] "POST /wp-cron.php?doing_wp_cron=1774976220.7525439262390136718750 HTTP/1.1" 200 - "-" "WordPress/6.8.5; http://chargedev.co.nz"
2a03:2880:f806:33:: - - [31/Mar/2026:16:57:00 +0000] "GET /products/detail/288682884 HTTP/1.1" 404 146693 "-" "meta-webindexer/1.1 (+https://developers.facebook.com/docs/sharing/webmasters/crawler)"
2a03:2880:f806:35:: - - [31/Mar/2026:16:57:00 +0000] "GET /products/detail/115730672 HTTP/1.1" 404 146693 "-" "meta-webindexer/1.1 (+https://developers.facebook.com/docs/sharing/webmasters/crawler)"
2a03:2880:f806:: - - [31/Mar/2026:16:57:01 +0000] "GET /products/detail/93166551 HTTP/1.1" 404 146693 "-" "meta-webindexer/1.1 (+https://developers.facebook.com/docs/sharing/webmasters/crawler)"
45.79.238.235 - - [31/Mar/2026:16:58:03 +0000] "POST /wp-cron.php?doing_wp_cron=1774976283.1401009559631347656250 HTTP/1.1" 200 - "-" "WordPress/6.8.5; http://chargedev.co.nz"
2a03:2880:f806:45:: - - [31/Mar/2026:16:58:02 +0000] "GET /products/detail/200741319 HTTP/1.1" 404 146693 "-" "meta-webindexer/1.1 (+https://developers.facebook.com/docs/sharing/webmasters/crawler)"
2a03:2880:f806:2b:: - - [31/Mar/2026:16:58:10 +0000] "GET /products/detail/53520652 HTTP/1.1" 404 146693 "-" "meta-webindexer/1.1 (+https://developers.facebook.com/docs/sharing/webmasters/crawler)"
2a03:2880:f806:29:: - - [31/Mar/2026:16:58:20 +0000] "GET /products/detail/265912228 HTTP/1.1" 404 146693 "-" "meta-webindexer/1.1 (+https://developers.facebook.com/docs/sharing/webmasters/crawler)"
2a03:2880:f806:20:: - - [31/Mar/2026:16:58:44 +0000] "GET /products/detail/68308339 HTTP/1.1" 404 146693 "-" "meta-webindexer/1.1 (+https://developers.facebook.com/docs/sharing/webmasters/crawler)"
2a03:2880:f806:5:: - - [31/Mar/2026:16:58:45 +0000] "GET /products/detail/310006824 HTTP/1.1" 404 146693 "-" "meta-webindexer/1.1 (+https://developers.facebook.com/docs/sharing/webmasters/crawler)"
2a03:2880:f806:32:: - - [31/Mar/2026:16:58:46 +0000] "GET /products/detail/278236147 HTTP/1.1" 404 146693 "-" "meta-webindexer/1.1 (+https://developers.facebook.com/docs/sharing/webmasters/crawler)"
45.79.238.235 - - [31/Mar/2026:16:58:58 +0000] "POST /wp-cron.php?doing_wp_cron=1774976338.5302040576934814453125 HTTP/1.1" 200 - "-" "WordPress/6.8.5; http://chargedev.co.nz"
2a03:2880:f806:46:: - - [31/Mar/2026:16:58:57 +0000] "GET /products/detail/121083874 HTTP/1.1" 404 146693 "-" "meta-webindexer/1.1 (+https://developers.facebook.com/docs/sharing/webmasters/crawler)"
2a03:2880:f806:42:: - - [31/Mar/2026:16:58:58 +0000] "GET /products/detail/276936107 HTTP/1.1" 404 146693 "-" "meta-webindexer/1.1 (+https://developers.facebook.com/docs/sharing/webmasters/crawler)"
45.79.238.235 - - [31/Mar/2026:17:00:14 +0000] "POST /wp-cron.php?doing_wp_cron=1774976414.2363209724426269531250 HTTP/1.1" 200 - "-" "WordPress/6.8.5; http://chargedev.co.nz"
2a03:2880:f806:2b:: - - [31/Mar/2026:17:00:13 +0000] "GET /products/detail/71852975 HTTP/1.1" 404 146693 "-" "meta-webindexer/1.1 (+https://developers.facebook.com/docs/sharing/webmasters/crawler)"
45.79.238.235 - - [31/Mar/2026:17:00:58 +0000] "POST /wp-cron.php?doing_wp_cron=1774976458.2071309089660644531250 HTTP/1.1" 200 - "-" "WordPress/6.8.5; http://chargedev.co.nz"
2a03:2880:f806:1f:: - - [31/Mar/2026:17:00:57 +0000] "GET /products/detail/103871834 HTTP/1.1" 404 146693 "-" "meta-webindexer/1.1 (+https://developers.facebook.com/docs/sharing/webmasters/crawler)"
2a03:2880:f806:29:: - - [31/Mar/2026:17:01:18 +0000] "GET /products/detail/36311187 HTTP/1.1" 404 146693 "-" "meta-webindexer/1.1 (+https://developers.facebook.com/docs/sharing/webmasters/crawler)"
2a03:2880:f806:19:: - - [31/Mar/2026:17:01:26 +0000] "GET /products/detail/40925379 HTTP/1.1" 404 146693 "-" "meta-webindexer/1.1 (+https://developers.facebook.com/docs/sharing/webmasters/crawler)"
2a03:2880:f806:40:: - - [31/Mar/2026:17:01:49 +0000] "GET /products/detail/286270006 HTTP/1.1" 404 146693 "-" "meta-webindexer/1.1 (+https://developers.facebook.com/docs/sharing/webmasters/crawler)"
2a03:2880:f806:28:: - - [31/Mar/2026:17:01:49 +0000] "GET /products/detail/148565612 HTTP/1.1" 404 146693 "-" "meta-webindexer/1.1 (+https://developers.facebook.com/docs/sharing/webmasters/crawler)"
45.79.238.235 - - [31/Mar/2026:17:01:59 +0000] "POST /wp-cron.php?doing_wp_cron=1774976519.4407200813293457031250 HTTP/1.1" 200 - "-" "WordPress/6.8.5; http://chargedev.co.nz"
2a03:2880:f806:49:: - - [31/Mar/2026:17:01:58 +0000] "GET /products/detail/39623420 HTTP/1.1" 404 146693 "-" "meta-webindexer/1.1 (+https://developers.facebook.com/docs/sharing/webmasters/crawler)"
2a03:2880:f806:40:: - - [31/Mar/2026:17:02:44 +0000] "GET /products/detail/218153723 HTTP/1.1" 404 146693 "-" "meta-webindexer/1.1 (+https://developers.facebook.com/docs/sharing/webmasters/crawler)"
2a03:2880:f806:d:: - - [31/Mar/2026:17:02:45 +0000] "GET /products/detail/44499622 HTTP/1.1" 404 146693 "-" "meta-webindexer/1.1 (+https://developers.facebook.com/docs/sharing/webmasters/crawler)"
45.79.238.235 - - [31/Mar/2026:17:02:59 +0000] "POST /wp-cron.php?doing_wp_cron=1774976579.2099430561065673828125 HTTP/1.1" 200 - "-" "WordPress/6.8.5; http://chargedev.co.nz"
2a03:2880:f806:31:: - - [31/Mar/2026:17:02:58 +0000] "GET /products/detail/303096733 HTTP/1.1" 404 146693 "-" "meta-webindexer/1.1 (+https://developers.facebook.com/docs/sharing/webmasters/crawler)"
2a03:2880:f806:40:: - - [31/Mar/2026:17:03:24 +0000] "GET /products/detail/265883531 HTTP/1.1" 404 146693 "-" "meta-webindexer/1.1 (+https://developers.facebook.com/docs/sharing/webmasters/crawler)"
2a03:2880:f806:6:: - - [31/Mar/2026:17:03:29 +0000] "GET /products/detail/127482218 HTTP/1.1" 404 146693 "-" "meta-webindexer/1.1 (+https://developers.facebook.com/docs/sharing/webmasters/crawler)"
2a03:2880:f806:10:: - - [31/Mar/2026:17:03:29 +0000] "GET /products/detail/48862470 HTTP/1.1" 404 146693 "-" "meta-webindexer/1.1 (+https://developers.facebook.com/docs/sharing/webmasters/crawler)"
2a03:2880:f806:16:: - - [31/Mar/2026:17:03:38 +0000] "GET /products/detail/287890773 HTTP/1.1" 404 146693 "-" "meta-webindexer/1.1 (+https://developers.facebook.com/docs/sharing/webmasters/crawler)"
45.79.238.235 - - [31/Mar/2026:17:04:14 +0000] "POST /wp-cron.php?doing_wp_cron=1774976654.5519180297851562500000 HTTP/1.1" 200 - "-" "WordPress/6.8.5; http://chargedev.co.nz"
2a03:2880:f806:1f:: - - [31/Mar/2026:17:04:13 +0000] "GET /products/detail/33702107 HTTP/1.1" 404 146693 "-" "meta-webindexer/1.1 (+https://developers.facebook.com/docs/sharing/webmasters/crawler)"
2a03:2880:f806:3a:: - - [31/Mar/2026:17:04:25 +0000] "GET /products/detail/169029925 HTTP/1.1" 404 146693 "-" "meta-webindexer/1.1 (+https://developers.facebook.com/docs/sharing/webmasters/crawler)"
2a03:2880:f806:22:: - - [31/Mar/2026:17:04:31 +0000] "GET /products/detail/238524107 HTTP/1.1" 404 146693 "-" "meta-webindexer/1.1 (+https://developers.facebook.com/docs/sharing/webmasters/crawler)"
45.79.238.235 - - [31/Mar/2026:17:05:26 +0000] "POST /wp-cron.php?doing_wp_cron=1774976726.9610719680786132812500 HTTP/1.1" 200 - "-" "WordPress/6.8.5; http://chargedev.co.nz"
2a03:2880:f806:1d:: - - [31/Mar/2026:17:05:26 +0000] "GET /products/detail/77526359 HTTP/1.1" 404 146693 "-" "meta-webindexer/1.1 (+https://developers.facebook.com/docs/sharing/webmasters/crawler)"
2a03:2880:f806:2c:: - - [31/Mar/2026:17:05:26 +0000] "GET /products/detail/275273016 HTTP/1.1" 404 146693 "-" "meta-webindexer/1.1 (+https://developers.facebook.com/docs/sharing/webmasters/crawler)"
2a03:2880:f806:a:: - - [31/Mar/2026:17:05:37 +0000] "GET /products/detail/298167763 HTTP/1.1" 404 146693 "-" "meta-webindexer/1.1 (+https://developers.facebook.com/docs/sharing/webmasters/crawler)"
2a03:2880:f806:23:: - - [31/Mar/2026:17:05:43 +0000] "GET /products/detail/72766935 HTTP/1.1" 404 146693 "-" "meta-webindexer/1.1 (+https://developers.facebook.com/docs/sharing/webmasters/crawler)"
2a03:2880:f806:21:: - - [31/Mar/2026:17:05:44 +0000] "GET /products/detail/200279379 HTTP/1.1" 404 146693 "-" "meta-webindexer/1.1 (+https://developers.facebook.com/docs/sharing/webmasters/crawler)"
2a03:2880:f806:7:: - - [31/Mar/2026:17:05:44 +0000] "GET /products/detail/124716278 HTTP/1.1" 404 146693 "-" "meta-webindexer/1.1 (+https://developers.facebook.com/docs/sharing/webmasters/crawler)"
45.79.238.235 - - [31/Mar/2026:17:07:00 +0000] "POST /wp-cron.php?doing_wp_cron=1774976820.4801619052886962890625 HTTP/1.1" 200 - "-" "WordPress/6.8.5; http://chargedev.co.nz"
2a03:2880:f806:15:: - - [31/Mar/2026:17:06:59 +0000] "GET /products/detail/306478470 HTTP/1.1" 404 146693 "-" "meta-webindexer/1.1 (+https://developers.facebook.com/docs/sharing/webmasters/crawler)"
2a03:2880:f806:39:: - - [31/Mar/2026:17:07:11 +0000] "GET /products/detail/231280551 HTTP/1.1" 404 146693 "-" "meta-webindexer/1.1 (+https://developers.facebook.com/docs/sharing/webmasters/crawler)"
2a03:2880:f806:3d:: - - [31/Mar/2026:17:07:12 +0000] "GET /products/detail/196331642 HTTP/1.1" 404 146693 "-" "meta-webindexer/1.1 (+https://developers.facebook.com/docs/sharing/webmasters/crawler)"
2a03:2880:f806:27:: - - [31/Mar/2026:17:07:13 +0000] "GET /products/detail/185905036 HTTP/1.1" 404 146693 "-" "meta-webindexer/1.1 (+https://developers.facebook.com/docs/sharing/webmasters/crawler)"
2a03:2880:f806:44:: - - [31/Mar/2026:17:07:24 +0000] "GET /products/detail/237730521 HTTP/1.1" 404 146693 "-" "meta-webindexer/1.1 (+https://developers.facebook.com/docs/sharing/webmasters/crawler)"
2a03:2880:f806:3a:: - - [31/Mar/2026:17:07:24 +0000] "GET /products/detail/200516319 HTTP/1.1" 404 146693 "-" "meta-webindexer/1.1 (+https://developers.facebook.com/docs/sharing/webmasters/crawler)"
2a03:2880:f806:30:: - - [31/Mar/2026:17:07:24 +0000] "GET /products/detail/280770985 HTTP/1.1" 404 146693 "-" "meta-webindexer/1.1 (+https://developers.facebook.com/docs/sharing/webmasters/crawler)"
45.79.238.235 - - [31/Mar/2026:17:07:52 +0000] "POST /wp-cron.php?doing_wp_cron=1774976872.1544909477233886718750 HTTP/1.1" 200 - "-" "WordPress/6.8.5; http://chargedev.co.nz"
2a03:2880:f806:1e:: - - [31/Mar/2026:17:07:51 +0000] "GET /products/detail/19289157 HTTP/1.1" 404 146693 "-" "meta-webindexer/1.1 (+https://developers.facebook.com/docs/sharing/webmasters/crawler)"
2a03:2880:f806:5:: - - [31/Mar/2026:17:08:48 +0000] "GET /products/detail/204970854 HTTP/1.1" 404 146693 "-" "meta-webindexer/1.1 (+https://developers.facebook.com/docs/sharing/webmasters/crawler)"
45.79.238.235 - - [31/Mar/2026:17:08:54 +0000] "POST /wp-cron.php?doing_wp_cron=1774976934.0863080024719238281250 HTTP/1.1" 200 - "-" "WordPress/6.8.5; http://chargedev.co.nz"
2a03:2880:f806:3d:: - - [31/Mar/2026:17:08:53 +0000] "GET /products/detail/176409248 HTTP/1.1" 404 146693 "-" "meta-webindexer/1.1 (+https://developers.facebook.com/docs/sharing/webmasters/crawler)"
2a03:2880:f806:7:: - - [31/Mar/2026:17:08:55 +0000] "GET /products/detail/105607036 HTTP/1.1" 404 146693 "-" "meta-webindexer/1.1 (+https://developers.facebook.com/docs/sharing/webmasters/crawler)"
2a03:2880:f806:29:: - - [31/Mar/2026:17:08:56 +0000] "GET /products/detail/296716965 HTTP/1.1" 404 146693 "-" "meta-webindexer/1.1 (+https://developers.facebook.com/docs/sharing/webmasters/crawler)"
45.79.238.235 - - [31/Mar/2026:17:09:18 +0000] "GET /.well-known/acme-challenge/MMCRW5M2DD2Y_41ULB-KSAKZFTBYG72F HTTP/1.1" 200 64 "-" "Cpanel-HTTP-Client/1.0"
45.79.238.235 - - [31/Mar/2026:17:09:23 +0000] "GET /.well-known/acme-challenge/MLJ5304EOV789M_PO9CJLN30HU7YC95E HTTP/1.1" 200 64 "-" "Cpanel-HTTP-Client/1.0"
2a03:2880:f806:19:: - - [31/Mar/2026:17:09:27 +0000] "GET /products/detail/264960137 HTTP/1.1" 404 146693 "-" "meta-webindexer/1.1 (+https://developers.facebook.com/docs/sharing/webmasters/crawler)"
2a03:2880:f806:49:: - - [31/Mar/2026:17:09:28 +0000] "GET /products/detail/223573066 HTTP/1.1" 404 146693 "-" "meta-webindexer/1.1 (+https://developers.facebook.com/docs/sharing/webmasters/crawler)"
2a03:2880:f806:44:: - - [31/Mar/2026:17:09:28 +0000] "GET /products/detail/244006884 HTTP/1.1" 404 146693 "-" "meta-webindexer/1.1 (+https://developers.facebook.com/docs/sharing/webmasters/crawler)"
45.79.238.235 - - [31/Mar/2026:17:10:10 +0000] "POST /wp-cron.php?doing_wp_cron=1774977010.0173120498657226562500 HTTP/1.1" 200 - "-" "WordPress/6.8.5; http://chargedev.co.nz"
2a03:2880:f806:46:: - - [31/Mar/2026:17:10:09 +0000] "GET /products/detail/82312884 HTTP/1.1" 404 146693 "-" "meta-webindexer/1.1 (+https://developers.facebook.com/docs/sharing/webmasters/crawler)"
2a03:2880:f806:15:: - - [31/Mar/2026:17:10:30 +0000] "GET /products/detail/189603460 HTTP/1.1" 404 146693 "-" "meta-webindexer/1.1 (+https://developers.facebook.com/docs/sharing/webmasters/crawler)"
2a03:2880:f806:11:: - - [31/Mar/2026:17:10:31 +0000] "GET /products/detail/128442844 HTTP/1.1" 404 146693 "-" "meta-webindexer/1.1 (+https://developers.facebook.com/docs/sharing/webmasters/crawler)"
2a03:2880:f806:1c:: - - [31/Mar/2026:17:10:36 +0000] "GET /products/detail/100982945 HTTP/1.1" 404 146693 "-" "meta-webindexer/1.1 (+https://developers.facebook.com/docs/sharing/webmasters/crawler)"
45.79.238.235 - - [31/Mar/2026:17:10:51 +0000] "POST /wp-cron.php?doing_wp_cron=1774977051.6241610050201416015625 HTTP/1.1" 200 - "-" "WordPress/6.8.5; http://chargedev.co.nz"
2a03:2880:f806:10:: - - [31/Mar/2026:17:10:50 +0000] "GET /products/detail/183699248 HTTP/1.1" 404 146693 "-" "meta-webindexer/1.1 (+https://developers.facebook.com/docs/sharing/webmasters/crawler)"
2a03:2880:f806:3a:: - - [31/Mar/2026:17:11:09 +0000] "GET /products/detail/62924753 HTTP/1.1" 404 146693 "-" "meta-webindexer/1.1 (+https://developers.facebook.com/docs/sharing/webmasters/crawler)"
34.19.63.207 - - [31/Mar/2026:17:11:23 +0000] "GET /blog/ HTTP/1.1" 404 90104 "-" "Mozilla/5.0 (Windows NT 11.0; Win64; x64) AppleWebKit/537.36 (KHTML, like Gecko) Chrome/128.0.6540.18 Safari/537.36"
34.19.63.207 - - [31/Mar/2026:17:11:24 +0000] "GET /backup/ HTTP/1.1" 404 65528 "-" "Mozilla/5.0 (Linux; Android 11; RMX2195) AppleWebKit/537.36 (KHTML, like Gecko) Chrome/120.0.6099.210 Mobile Safari/537.36 OPR/75.2.3995.72468"
34.19.63.207 - - [31/Mar/2026:17:11:25 +0000] "GET /wp/ HTTP/1.1" 404 73720 "-" "Mozilla/5.0 (Linux; Android 13; Infinix X688B) AppleWebKit/537.36 (KHTML, like Gecko) Chrome/124.0.6367.48 Mobile Safari/537.36"
34.19.63.207 - - [31/Mar/2026:17:11:26 +0000] "GET /wordpress/ HTTP/1.1" 404 81912 "-" "Mozilla/5.0 (Macintosh; Intel Mac OS X 13_5) AppleWebKit/605.1.15 (KHTML, like Gecko) Version/16.5 Safari/605.1.15"
34.19.63.207 - - [31/Mar/2026:17:11:26 +0000] "GET /old/ HTTP/1.1" 301 - "-" "Mozilla/5.0 (Windows NT 10.0; Win64; x64) AppleWebKit/537.36 (KHTML, like Gecko) Chrome/125.0.6422.112 Safari/537.36 Brave/1.63.120"
34.19.63.207 - - [31/Mar/2026:17:11:27 +0000] "GET /old-slot-machines-australia/ HTTP/1.1" 200 149342 "http://chargedev.co.nz/old/" "Mozilla/5.0 (Windows NT 10.0; Win64; x64) AppleWebKit/537.36 (KHTML, like Gecko) Chrome/125.0.6422.112 Safari/537.36 Brave/1.63.120"
34.19.63.207 - - [31/Mar/2026:17:11:28 +0000] "GET /new/ HTTP/1.1" 301 - "-" "Mozilla/5.0 (Linux; Android 14; OnePlus 12) AppleWebKit/537.36 (KHTML, like Gecko) Chrome/125.0.6422.102 Mobile Safari/537.36"
34.19.63.207 - - [31/Mar/2026:17:11:29 +0000] "GET /new-au-based-online-casino/ HTTP/1.1" 200 149398 "http://chargedev.co.nz/new/" "Mozilla/5.0 (Linux; Android 14; OnePlus 12) AppleWebKit/537.36 (KHTML, like Gecko) Chrome/125.0.6422.102 Mobile Safari/537.36"
34.19.63.207 - - [31/Mar/2026:17:11:30 +0000] "GET / HTTP/1.1" 200 201085 "-" "Mozilla/5.0 (X11; Fedora; Linux x86_64; rv:125.0) Gecko/20100101 Firefox/125.0"
2a03:2880:f806:33:: - - [31/Mar/2026:17:11:33 +0000] "GET /products/detail/188555531 HTTP/1.1" 404 146693 "-" "meta-webindexer/1.1 (+https://developers.facebook.com/docs/sharing/webmasters/crawler)"
2a03:2880:f806:12:: - - [31/Mar/2026:17:11:46 +0000] "GET /products/detail/296421985 HTTP/1.1" 404 146693 "-" "meta-webindexer/1.1 (+https://developers.facebook.com/docs/sharing/webmasters/crawler)"
2a03:2880:f806:21:: - - [31/Mar/2026:17:11:47 +0000] "GET /products/detail/182938066 HTTP/1.1" 404 146693 "-" "meta-webindexer/1.1 (+https://developers.facebook.com/docs/sharing/webmasters/crawler)"
2a03:2880:f806:26:: - - [31/Mar/2026:17:11:47 +0000] "GET /products/detail/212056773 HTTP/1.1" 404 146693 "-" "meta-webindexer/1.1 (+https://developers.facebook.com/docs/sharing/webmasters/crawler)"
45.79.238.235 - - [31/Mar/2026:17:12:05 +0000] "POST /wp-cron.php?doing_wp_cron=1774977125.9260370731353759765625 HTTP/1.1" 200 - "-" "WordPress/6.8.5; http://chargedev.co.nz"
2a03:2880:f806:1c:: - - [31/Mar/2026:17:12:05 +0000] "GET /products/detail/182359036 HTTP/1.1" 404 146693 "-" "meta-webindexer/1.1 (+https://developers.facebook.com/docs/sharing/webmasters/crawler)"
45.79.238.235 - - [31/Mar/2026:17:12:42 +0000] "POST /wp-cron.php?doing_wp_cron=1774977162.2298870086669921875000 HTTP/1.1" 200 - "-" "WordPress/6.8.5; http://chargedev.co.nz"
45.79.238.235 - - [31/Mar/2026:17:12:42 +0000] "POST /wp-cron.php?doing_wp_cron=1774977162.3781409263610839843750 HTTP/1.1" 200 - "-" "WordPress/6.8.5; http://chargedev.co.nz"
2a03:2880:f806:10:: - - [31/Mar/2026:17:12:41 +0000] "GET /products/detail/70305086 HTTP/1.1" 404 146693 "-" "meta-webindexer/1.1 (+https://developers.facebook.com/docs/sharing/webmasters/crawler)"
2a03:2880:f806:3:: - - [31/Mar/2026:17:12:42 +0000] "GET /products/detail/156045389 HTTP/1.1" 404 146693 "-" "meta-webindexer/1.1 (+https://developers.facebook.com/docs/sharing/webmasters/crawler)"
2a03:2880:f806:f:: - - [31/Mar/2026:17:12:55 +0000] "GET /?p=9018 HTTP/1.1" 301 - "-" "meta-webindexer/1.1 (+https://developers.facebook.com/docs/sharing/webmasters/crawler)"
2a03:2880:f806:2a:: - - [31/Mar/2026:17:13:02 +0000] "GET /products/detail/73761430 HTTP/1.1" 404 146693 "-" "meta-webindexer/1.1 (+https://developers.facebook.com/docs/sharing/webmasters/crawler)"
45.79.238.235 - - [31/Mar/2026:17:13:46 +0000] "POST /wp-cron.php?doing_wp_cron=1774977226.0771648883819580078125 HTTP/1.1" 200 - "-" "WordPress/6.8.5; http://chargedev.co.nz"
35.227.39.53 - - [31/Mar/2026:17:13:45 +0000] "GET /backup/ HTTP/1.1" 301 - "-" "Mozilla/5.0 (Linux; Android 14; RMX3842) AppleWebKit/537.36 (KHTML, like Gecko) Chrome/126.0.6478.44 Mobile Safari/537.36"
35.227.39.53 - - [31/Mar/2026:17:13:46 +0000] "GET /backup/ HTTP/1.1" 404 65528 "http://www.chargedev.co.nz/backup/" "Mozilla/5.0 (Linux; Android 14; RMX3842) AppleWebKit/537.36 (KHTML, like Gecko) Chrome/126.0.6478.44 Mobile Safari/537.36"
35.227.39.53 - - [31/Mar/2026:17:13:47 +0000] "GET /wp/ HTTP/1.1" 301 - "-" "Mozilla/5.0 (Linux; U; Android 10; en-US; CPH2015) AppleWebKit/537.36 (KHTML, like Gecko) UCBrowser/13.5.8.1311 Mobile Safari/537.36"
2a03:2880:f806:42:: - - [31/Mar/2026:17:13:47 +0000] "GET /products/detail/101793511 HTTP/1.1" 404 146693 "-" "meta-webindexer/1.1 (+https://developers.facebook.com/docs/sharing/webmasters/crawler)"
2a03:2880:f806:48:: - - [31/Mar/2026:17:13:48 +0000] "GET /products/detail/95951945 HTTP/1.1" 404 146693 "-" "meta-webindexer/1.1 (+https://developers.facebook.com/docs/sharing/webmasters/crawler)"
35.227.39.53 - - [31/Mar/2026:17:13:48 +0000] "GET /wp/ HTTP/1.1" 404 81912 "http://www.chargedev.co.nz/wp/" "Mozilla/5.0 (Linux; U; Android 10; en-US; CPH2015) AppleWebKit/537.36 (KHTML, like Gecko) UCBrowser/13.5.8.1311 Mobile Safari/537.36"
2a03:2880:f806:31:: - - [31/Mar/2026:17:13:48 +0000] "GET /products/detail/221507349 HTTP/1.1" 404 146693 "-" "meta-webindexer/1.1 (+https://developers.facebook.com/docs/sharing/webmasters/crawler)"
35.227.39.53 - - [31/Mar/2026:17:13:49 +0000] "GET /new/ HTTP/1.1" 301 - "-" "Mozilla/5.0 (iPhone; CPU iPhone OS 16_7 like Mac OS X) AppleWebKit/605.1.15 (KHTML, like Gecko) Version/16.7 Mobile/15E148 Safari/604.1"
35.227.39.53 - - [31/Mar/2026:17:13:50 +0000] "GET /new-au-based-online-casino/ HTTP/1.1" 200 149398 "http://www.chargedev.co.nz/new/" "Mozilla/5.0 (iPhone; CPU iPhone OS 16_7 like Mac OS X) AppleWebKit/605.1.15 (KHTML, like Gecko) Version/16.7 Mobile/15E148 Safari/604.1"
45.79.238.235 - - [31/Mar/2026:17:13:51 +0000] "POST /wp-cron.php?doing_wp_cron=1774977231.9546890258789062500000 HTTP/1.1" 200 - "-" "WordPress/6.8.5; http://chargedev.co.nz"
35.227.39.53 - - [31/Mar/2026:17:13:51 +0000] "GET / HTTP/1.1" 301 - "-" "Mozilla/5.0 (iPhone; CPU iPhone OS 17_5 like Mac OS X) AppleWebKit/605.1.15 (KHTML, like Gecko) Version/17.5 Mobile/15E148 Safari/604.1"
35.227.39.53 - - [31/Mar/2026:17:13:52 +0000] "GET / HTTP/1.1" 200 201096 "http://www.chargedev.co.nz/" "Mozilla/5.0 (iPhone; CPU iPhone OS 17_5 like Mac OS X) AppleWebKit/605.1.15 (KHTML, like Gecko) Version/17.5 Mobile/15E148 Safari/604.1"
35.227.39.53 - - [31/Mar/2026:17:13:53 +0000] "GET /old/ HTTP/1.1" 301 - "-" "Mozilla/5.0 (Linux; Android 14; Xiaomi 14 Pro) AppleWebKit/537.36 (KHTML, like Gecko) Chrome/126.0.6478.33 Mobile Safari/537.36"
2a03:2880:f806:25:: - - [31/Mar/2026:17:13:53 +0000] "GET /products/detail/106882006 HTTP/1.1" 404 146693 "-" "meta-webindexer/1.1 (+https://developers.facebook.com/docs/sharing/webmasters/crawler)"
35.227.39.53 - - [31/Mar/2026:17:13:54 +0000] "GET /old-slot-machines-australia/ HTTP/1.1" 200 149353 "http://www.chargedev.co.nz/old/" "Mozilla/5.0 (Linux; Android 14; Xiaomi 14 Pro) AppleWebKit/537.36 (KHTML, like Gecko) Chrome/126.0.6478.33 Mobile Safari/537.36"
2a03:2880:f806:e:: - - [31/Mar/2026:17:13:54 +0000] "GET /products/detail/300957218 HTTP/1.1" 404 146693 "-" "meta-webindexer/1.1 (+https://developers.facebook.com/docs/sharing/webmasters/crawler)"
35.227.39.53 - - [31/Mar/2026:17:13:55 +0000] "GET /wordpress/ HTTP/1.1" 301 - "-" "Mozilla/5.0 (Windows NT 10.0; Win64; x64; rv:127.0) Gecko/20100101 Firefox/127.0"
2a03:2880:f806:1d:: - - [31/Mar/2026:17:13:55 +0000] "GET /products/detail/110672783 HTTP/1.1" 404 146693 "-" "meta-webindexer/1.1 (+https://developers.facebook.com/docs/sharing/webmasters/crawler)"
35.227.39.53 - - [31/Mar/2026:17:13:55 +0000] "GET /wordpress/ HTTP/1.1" 404 143521 "http://www.chargedev.co.nz/wordpress/" "Mozilla/5.0 (Windows NT 10.0; Win64; x64; rv:127.0) Gecko/20100101 Firefox/127.0"
35.227.39.53 - - [31/Mar/2026:17:13:56 +0000] "GET /blog/ HTTP/1.1" 301 - "-" "Mozilla/5.0 (Windows NT 10.0; Win64; x64) AppleWebKit/537.36 (KHTML, like Gecko) Chrome/125.0.6422.112 Safari/537.36 Brave/1.63.120"
35.227.39.53 - - [31/Mar/2026:17:13:57 +0000] "GET /blog/ HTTP/1.1" 404 49152 "http://www.chargedev.co.nz/blog/" "Mozilla/5.0 (Windows NT 10.0; Win64; x64) AppleWebKit/537.36 (KHTML, like Gecko) Chrome/125.0.6422.112 Safari/537.36 Brave/1.63.120"
2a03:2880:f806:2d:: - - [31/Mar/2026:17:14:26 +0000] "GET /products/detail/91896329 HTTP/1.1" 404 146693 "-" "meta-webindexer/1.1 (+https://developers.facebook.com/docs/sharing/webmasters/crawler)"
2a03:2880:f806:40:: - - [31/Mar/2026:17:14:26 +0000] "GET /products/detail/102972955 HTTP/1.1" 404 146693 "-" "meta-webindexer/1.1 (+https://developers.facebook.com/docs/sharing/webmasters/crawler)"
45.79.238.235 - - [31/Mar/2026:17:15:34 +0000] "POST /wp-cron.php?doing_wp_cron=1774977334.9463629722595214843750 HTTP/1.1" 200 - "-" "WordPress/6.8.5; http://chargedev.co.nz"
2a03:2880:f806:2b:: - - [31/Mar/2026:17:15:33 +0000] "GET /products/detail/164169026 HTTP/1.1" 404 146693 "-" "meta-webindexer/1.1 (+https://developers.facebook.com/docs/sharing/webmasters/crawler)"
2a03:2880:f806:2d:: - - [31/Mar/2026:17:15:34 +0000] "GET /products/detail/220091642 HTTP/1.1" 404 146693 "-" "meta-webindexer/1.1 (+https://developers.facebook.com/docs/sharing/webmasters/crawler)"
2a03:2880:f806:34:: - - [31/Mar/2026:17:16:46 +0000] "GET /products/detail/160578359 HTTP/1.1" 404 146693 "-" "meta-webindexer/1.1 (+https://developers.facebook.com/docs/sharing/webmasters/crawler)"
2a03:2880:f806:2c:: - - [31/Mar/2026:17:16:47 +0000] "GET /products/detail/179316026 HTTP/1.1" 404 146693 "-" "meta-webindexer/1.1 (+https://developers.facebook.com/docs/sharing/webmasters/crawler)"
45.79.238.235 - - [31/Mar/2026:17:16:55 +0000] "POST /wp-cron.php?doing_wp_cron=1774977415.4838070869445800781250 HTTP/1.1" 200 - "-" "WordPress/6.8.5; http://chargedev.co.nz"
2a03:2880:f806:13:: - - [31/Mar/2026:17:16:54 +0000] "GET /products/detail/72972460 HTTP/1.1" 404 146693 "-" "meta-webindexer/1.1 (+https://developers.facebook.com/docs/sharing/webmasters/crawler)"
2a03:2880:f806:33:: - - [31/Mar/2026:17:17:07 +0000] "GET /products/detail/62190026 HTTP/1.1" 404 146693 "-" "meta-webindexer/1.1 (+https://developers.facebook.com/docs/sharing/webmasters/crawler)"
2a03:2880:f806:39:: - - [31/Mar/2026:17:17:13 +0000] "GET /products/detail/301744581 HTTP/1.1" 404 146693 "-" "meta-webindexer/1.1 (+https://developers.facebook.com/docs/sharing/webmasters/crawler)"
45.79.238.235 - - [31/Mar/2026:17:18:08 +0000] "POST /wp-cron.php?doing_wp_cron=1774977488.7695639133453369140625 HTTP/1.1" 200 - "-" "WordPress/6.8.5; http://chargedev.co.nz"
2a03:2880:f806:20:: - - [31/Mar/2026:17:18:07 +0000] "GET /products/detail/27615733 HTTP/1.1" 404 146693 "-" "meta-webindexer/1.1 (+https://developers.facebook.com/docs/sharing/webmasters/crawler)"
2a03:2880:f806:3f:: - - [31/Mar/2026:17:18:07 +0000] "GET /products/detail/238243309 HTTP/1.1" 404 146693 "-" "meta-webindexer/1.1 (+https://developers.facebook.com/docs/sharing/webmasters/crawler)"
2a03:2880:f806:31:: - - [31/Mar/2026:17:18:10 +0000] "GET /products/detail/258998753 HTTP/1.1" 404 146693 "-" "meta-webindexer/1.1 (+https://developers.facebook.com/docs/sharing/webmasters/crawler)"
2a03:2880:f806:1b:: - - [31/Mar/2026:17:18:16 +0000] "GET /products/detail/131469107 HTTP/1.1" 404 146693 "-" "meta-webindexer/1.1 (+https://developers.facebook.com/docs/sharing/webmasters/crawler)"
2a03:2880:f806:5:: - - [31/Mar/2026:17:18:28 +0000] "GET /products/detail/151158278 HTTP/1.1" 404 146693 "-" "meta-webindexer/1.1 (+https://developers.facebook.com/docs/sharing/webmasters/crawler)"
2a03:2880:f806:13:: - - [31/Mar/2026:17:18:37 +0000] "GET /products/detail/277901672 HTTP/1.1" 404 146693 "-" "meta-webindexer/1.1 (+https://developers.facebook.com/docs/sharing/webmasters/crawler)"
45.113.8.89 - - [31/Mar/2026:17:19:49 +0000] "GET /.well-known/acme-challenge/T012L1AKUMHODU4L71R62UA9CSGELCYK HTTP/1.1" 404 - "-" "Cpanel-HTTP-Client/1.0"
45.113.8.89 - - [31/Mar/2026:17:19:49 +0000] "GET /.well-known/acme-challenge/NALB3RDZ_FA4B0ZIK3XCDKD8Y9D5C6KC HTTP/1.1" 404 - "-" "Cpanel-HTTP-Client/1.0"
45.79.238.235 - - [31/Mar/2026:17:20:02 +0000] "POST /wp-cron.php?doing_wp_cron=1774977602.1380779743194580078125 HTTP/1.1" 200 - "-" "WordPress/6.8.5; http://chargedev.co.nz"
2a03:2880:f806:49:: - - [31/Mar/2026:17:20:01 +0000] "GET /products/detail/278466107 HTTP/1.1" 404 146693 "-" "meta-webindexer/1.1 (+https://developers.facebook.com/docs/sharing/webmasters/crawler)"
2a03:2880:f806:34:: - - [31/Mar/2026:17:20:01 +0000] "GET /products/detail/107074824 HTTP/1.1" 404 146693 "-" "meta-webindexer/1.1 (+https://developers.facebook.com/docs/sharing/webmasters/crawler)"
2a03:2880:f806:3a:: - - [31/Mar/2026:17:20:02 +0000] "GET /products/detail/180343470 HTTP/1.1" 404 146693 "-" "meta-webindexer/1.1 (+https://developers.facebook.com/docs/sharing/webmasters/crawler)"
2a03:2880:f806:13:: - - [31/Mar/2026:17:20:26 +0000] "GET /products/detail/176860824 HTTP/1.1" 404 146693 "-" "meta-webindexer/1.1 (+https://developers.facebook.com/docs/sharing/webmasters/crawler)"
2a03:2880:f806:8:: - - [31/Mar/2026:17:20:26 +0000] "GET /products/detail/259045440 HTTP/1.1" 404 146693 "-" "meta-webindexer/1.1 (+https://developers.facebook.com/docs/sharing/webmasters/crawler)"
45.79.238.235 - - [31/Mar/2026:17:20:56 +0000] "POST /wp-cron.php?doing_wp_cron=1774977656.7807819843292236328125 HTTP/1.1" 200 - "-" "WordPress/6.8.5; http://chargedev.co.nz"
2a03:2880:f806:30:: - - [31/Mar/2026:17:20:55 +0000] "GET /products/detail/160307804 HTTP/1.1" 404 146693 "-" "meta-webindexer/1.1 (+https://developers.facebook.com/docs/sharing/webmasters/crawler)"
2a03:2880:f806:21:: - - [31/Mar/2026:17:21:03 +0000] "GET /products/detail/247980400 HTTP/1.1" 404 146693 "-" "meta-webindexer/1.1 (+https://developers.facebook.com/docs/sharing/webmasters/crawler)"
2a03:2880:f806:33:: - - [31/Mar/2026:17:21:10 +0000] "GET /products/detail/65823086 HTTP/1.1" 404 146693 "-" "meta-webindexer/1.1 (+https://developers.facebook.com/docs/sharing/webmasters/crawler)"
2a03:2880:f806:2d:: - - [31/Mar/2026:17:21:12 +0000] "GET /products/detail/261935238 HTTP/1.1" 404 146693 "-" "meta-webindexer/1.1 (+https://developers.facebook.com/docs/sharing/webmasters/crawler)"
2a03:2880:f806:45:: - - [31/Mar/2026:17:21:26 +0000] "GET /products/detail/91655915 HTTP/1.1" 404 146693 "-" "meta-webindexer/1.1 (+https://developers.facebook.com/docs/sharing/webmasters/crawler)"
45.79.238.235 - - [31/Mar/2026:17:22:04 +0000] "POST /wp-cron.php?doing_wp_cron=1774977724.7107779979705810546875 HTTP/1.1" 200 - "-" "WordPress/6.8.5; http://chargedev.co.nz"
2a03:2880:f806:24:: - - [31/Mar/2026:17:22:04 +0000] "GET /products/detail/201333844 HTTP/1.1" 404 146693 "-" "meta-webindexer/1.1 (+https://developers.facebook.com/docs/sharing/webmasters/crawler)"
2a03:2880:f806:12:: - - [31/Mar/2026:17:22:31 +0000] "GET /products/detail/209783480 HTTP/1.1" 404 146693 "-" "meta-webindexer/1.1 (+https://developers.facebook.com/docs/sharing/webmasters/crawler)"
2a03:2880:f806:41:: - - [31/Mar/2026:17:22:47 +0000] "GET /products/detail/170281824 HTTP/1.1" 404 146693 "-" "meta-webindexer/1.1 (+https://developers.facebook.com/docs/sharing/webmasters/crawler)"
2a03:2880:f806:16:: - - [31/Mar/2026:17:22:48 +0000] "GET /products/detail/192585056 HTTP/1.1" 404 146693 "-" "meta-webindexer/1.1 (+https://developers.facebook.com/docs/sharing/webmasters/crawler)"
45.79.238.235 - - [31/Mar/2026:17:23:49 +0000] "POST /wp-cron.php?doing_wp_cron=1774977829.6669840812683105468750 HTTP/1.1" 200 - "-" "WordPress/6.8.5; http://chargedev.co.nz"
2a03:2880:f806:f:: - - [31/Mar/2026:17:23:48 +0000] "GET /products/detail/306508177 HTTP/1.1" 404 146693 "-" "meta-webindexer/1.1 (+https://developers.facebook.com/docs/sharing/webmasters/crawler)"
45.79.238.235 - - [31/Mar/2026:17:25:22 +0000] "POST /wp-cron.php?doing_wp_cron=1774977922.8455300331115722656250 HTTP/1.1" 200 - "-" "WordPress/6.8.5; http://chargedev.co.nz"
2a03:2880:f806:44:: - - [31/Mar/2026:17:25:22 +0000] "GET /products/detail/141689046 HTTP/1.1" 404 146693 "-" "meta-webindexer/1.1 (+https://developers.facebook.com/docs/sharing/webmasters/crawler)"
2a03:2880:f806:48:: - - [31/Mar/2026:17:25:38 +0000] "GET /products/detail/208632278 HTTP/1.1" 404 146693 "-" "meta-webindexer/1.1 (+https://developers.facebook.com/docs/sharing/webmasters/crawler)"
45.79.238.235 - - [31/Mar/2026:17:26:05 +0000] "POST /wp-cron.php?doing_wp_cron=1774977965.8868770599365234375000 HTTP/1.1" 200 - "-" "WordPress/6.8.5; http://chargedev.co.nz"
2a03:2880:f806:7:: - - [31/Mar/2026:17:26:03 +0000] "GET /products/detail/134346733 HTTP/1.1" 404 146693 "-" "meta-webindexer/1.1 (+https://developers.facebook.com/docs/sharing/webmasters/crawler)"
2a03:2880:f806:b:: - - [31/Mar/2026:17:26:10 +0000] "GET /products/detail/31306743 HTTP/1.1" 404 146693 "-" "meta-webindexer/1.1 (+https://developers.facebook.com/docs/sharing/webmasters/crawler)"
45.79.238.235 - - [31/Mar/2026:17:27:16 +0000] "POST /wp-cron.php?doing_wp_cron=1774978036.3123629093170166015625 HTTP/1.1" 200 - "-" "WordPress/6.8.5; http://chargedev.co.nz"
2a03:2880:f806:2b:: - - [31/Mar/2026:17:27:15 +0000] "GET /products/detail/89250763 HTTP/1.1" 404 146693 "-" "meta-webindexer/1.1 (+https://developers.facebook.com/docs/sharing/webmasters/crawler)"
2a03:2880:f806:e:: - - [31/Mar/2026:17:27:15 +0000] "GET /products/detail/233287773 HTTP/1.1" 404 146693 "-" "meta-webindexer/1.1 (+https://developers.facebook.com/docs/sharing/webmasters/crawler)"
2a03:2880:f806:19:: - - [31/Mar/2026:17:27:16 +0000] "GET /products/detail/110756723 HTTP/1.1" 404 146693 "-" "meta-webindexer/1.1 (+https://developers.facebook.com/docs/sharing/webmasters/crawler)"
45.79.238.235 - - [31/Mar/2026:17:28:25 +0000] "POST /wp-cron.php?doing_wp_cron=1774978105.7372028827667236328125 HTTP/1.1" 200 - "-" "WordPress/6.8.5; http://chargedev.co.nz"
45.79.238.235 - - [31/Mar/2026:17:28:25 +0000] "POST /wp-cron.php?doing_wp_cron=1774978105.7381799221038818359375 HTTP/1.1" 200 - "-" "WordPress/6.8.5; http://chargedev.co.nz"
2a03:2880:f806:3f:: - - [31/Mar/2026:17:28:22 +0000] "GET /products/detail/256379864 HTTP/1.1" 404 146693 "-" "meta-webindexer/1.1 (+https://developers.facebook.com/docs/sharing/webmasters/crawler)"
2a03:2880:f806:7:: - - [31/Mar/2026:17:28:23 +0000] "GET /products/detail/238570006 HTTP/1.1" 404 146693 "-" "meta-webindexer/1.1 (+https://developers.facebook.com/docs/sharing/webmasters/crawler)"
45.79.238.235 - - [31/Mar/2026:17:29:07 +0000] "POST /wp-cron.php?doing_wp_cron=1774978147.2216129302978515625000 HTTP/1.1" 200 - "-" "WordPress/6.8.5; http://chargedev.co.nz"
2a03:2880:f806:35:: - - [31/Mar/2026:17:29:05 +0000] "GET /products/detail/23283925 HTTP/1.1" 404 146693 "-" "meta-webindexer/1.1 (+https://developers.facebook.com/docs/sharing/webmasters/crawler)"
2a03:2880:f806:45:: - - [31/Mar/2026:17:29:33 +0000] "GET /products/detail/177121036 HTTP/1.1" 404 146693 "-" "meta-webindexer/1.1 (+https://developers.facebook.com/docs/sharing/webmasters/crawler)"
2a03:2880:f806:b:: - - [31/Mar/2026:17:30:33 +0000] "GET /products/detail/287188773 HTTP/1.1" 404 146693 "-" "meta-webindexer/1.1 (+https://developers.facebook.com/docs/sharing/webmasters/crawler)"
45.79.238.235 - - [31/Mar/2026:17:34:17 +0000] "POST /wp-cron.php?doing_wp_cron=1774978457.8115839958190917968750 HTTP/1.1" 200 - "-" "WordPress/6.8.5; http://chargedev.co.nz"
2a03:2880:f806:1f:: - - [31/Mar/2026:17:34:16 +0000] "GET /products/detail/216396925 HTTP/1.1" 404 146693 "-" "meta-webindexer/1.1 (+https://developers.facebook.com/docs/sharing/webmasters/crawler)"
2a03:2880:f806:2e:: - - [31/Mar/2026:17:34:19 +0000] "GET /products/detail/121505076 HTTP/1.1" 404 146693 "-" "meta-webindexer/1.1 (+https://developers.facebook.com/docs/sharing/webmasters/crawler)"
45.79.238.235 - - [31/Mar/2026:17:35:28 +0000] "POST /wp-cron.php?doing_wp_cron=1774978528.0678939819335937500000 HTTP/1.1" 200 - "-" "WordPress/6.8.5; http://chargedev.co.nz"
