2a03:2880:f806:3b:: - - [31/Mar/2026:15:28:04 +0000] "GET /products/detail/127895642 HTTP/1.1" 404 146693 "-" "meta-webindexer/1.1 (+https://developers.facebook.com/docs/sharing/webmasters/crawler)"
52.167.144.25 - - [31/Mar/2026:15:28:34 +0000] "GET /casinos-in-south-melbourne-au/ HTTP/1.1" 200 196174 "-" "Mozilla/5.0 AppleWebKit/537.36 (KHTML, like Gecko; compatible; bingbot/2.0; +http://www.bing.com/bingbot.htm) Chrome/116.0.1938.76 Safari/537.36"
2a03:2880:f806:2b:: - - [31/Mar/2026:15:28:40 +0000] "GET /products/detail/108817228 HTTP/1.1" 404 146693 "-" "meta-webindexer/1.1 (+https://developers.facebook.com/docs/sharing/webmasters/crawler)"
2a03:2880:f806:2b:: - - [31/Mar/2026:15:28:40 +0000] "GET /products/detail/197462834 HTTP/1.1" 404 146693 "-" "meta-webindexer/1.1 (+https://developers.facebook.com/docs/sharing/webmasters/crawler)"
2a03:2880:f806:43:: - - [31/Mar/2026:15:29:03 +0000] "GET /products/detail/210461187 HTTP/1.1" 404 146693 "-" "meta-webindexer/1.1 (+https://developers.facebook.com/docs/sharing/webmasters/crawler)"
2a03:2880:f806:c:: - - [31/Mar/2026:15:29:04 +0000] "GET /products/detail/47212440 HTTP/1.1" 404 146693 "-" "meta-webindexer/1.1 (+https://developers.facebook.com/docs/sharing/webmasters/crawler)"
2a03:2880:f806:34:: - - [31/Mar/2026:15:29:05 +0000] "GET /products/detail/290747046 HTTP/1.1" 404 146693 "-" "meta-webindexer/1.1 (+https://developers.facebook.com/docs/sharing/webmasters/crawler)"
2a03:2880:f806:3d:: - - [31/Mar/2026:15:29:22 +0000] "GET /products/detail/81059864 HTTP/1.1" 404 146693 "-" "meta-webindexer/1.1 (+https://developers.facebook.com/docs/sharing/webmasters/crawler)"
45.79.238.235 - - [31/Mar/2026:15:29:56 +0000] "POST /wp-cron.php?doing_wp_cron=1774970996.4943490028381347656250 HTTP/1.1" 200 - "-" "WordPress/6.8.5; http://chargedev.co.nz"
2a03:2880:f806:29:: - - [31/Mar/2026:15:29:55 +0000] "GET /products/detail/231108874 HTTP/1.1" 404 146693 "-" "meta-webindexer/1.1 (+https://developers.facebook.com/docs/sharing/webmasters/crawler)"
2a03:2880:f806:4:: - - [31/Mar/2026:15:30:42 +0000] "GET /casino-sign-up-free-spins-new-zealand/ HTTP/1.1" 200 150055 "-" "meta-webindexer/1.1 (+https://developers.facebook.com/docs/sharing/webmasters/crawler)"
45.79.238.235 - - [31/Mar/2026:15:30:57 +0000] "POST /wp-cron.php?doing_wp_cron=1774971057.8132629394531250000000 HTTP/1.1" 200 - "-" "WordPress/6.8.5; http://chargedev.co.nz"
2a03:2880:f806:b:: - - [31/Mar/2026:15:30:56 +0000] "GET /products/detail/81391177 HTTP/1.1" 404 146693 "-" "meta-webindexer/1.1 (+https://developers.facebook.com/docs/sharing/webmasters/crawler)"
2a03:2880:f806:1b:: - - [31/Mar/2026:15:31:04 +0000] "GET /products/detail/206548884 HTTP/1.1" 404 146693 "-" "meta-webindexer/1.1 (+https://developers.facebook.com/docs/sharing/webmasters/crawler)"
45.79.238.235 - - [31/Mar/2026:15:31:52 +0000] "POST /wp-cron.php?doing_wp_cron=1774971112.3992879390716552734375 HTTP/1.1" 200 - "-" "WordPress/6.8.5; http://chargedev.co.nz"
2a03:2880:f806:30:: - - [31/Mar/2026:15:31:51 +0000] "GET /products/detail/33044531 HTTP/1.1" 404 146693 "-" "meta-webindexer/1.1 (+https://developers.facebook.com/docs/sharing/webmasters/crawler)"
2a03:2880:f806:40:: - - [31/Mar/2026:15:31:51 +0000] "GET /products/detail/226309632 HTTP/1.1" 404 146693 "-" "meta-webindexer/1.1 (+https://developers.facebook.com/docs/sharing/webmasters/crawler)"
198.235.24.249 - - [31/Mar/2026:15:32:11 +0000] "GET / HTTP/1.1" 403 - "-" "Hello from Palo Alto Networks, find out more about our scans in https://docs-cortex.paloaltonetworks.com/r/1/Cortex-Xpanse/Scanning-activity"
2a03:2880:f806:14:: - - [31/Mar/2026:15:32:16 +0000] "GET /products/detail/47220874 HTTP/1.1" 404 146693 "-" "meta-webindexer/1.1 (+https://developers.facebook.com/docs/sharing/webmasters/crawler)"
2a03:2880:f806:3:: - - [31/Mar/2026:15:33:28 +0000] "GET /products/detail/80394985 HTTP/1.1" 404 146693 "-" "meta-webindexer/1.1 (+https://developers.facebook.com/docs/sharing/webmasters/crawler)"
2a03:2880:f806:3d:: - - [31/Mar/2026:15:33:29 +0000] "GET /products/detail/230006612 HTTP/1.1" 404 146693 "-" "meta-webindexer/1.1 (+https://developers.facebook.com/docs/sharing/webmasters/crawler)"
2a03:2880:f806:11:: - - [31/Mar/2026:15:33:29 +0000] "GET /products/detail/246087682 HTTP/1.1" 404 146693 "-" "meta-webindexer/1.1 (+https://developers.facebook.com/docs/sharing/webmasters/crawler)"
2a03:2880:f806:3:: - - [31/Mar/2026:15:33:30 +0000] "GET /products/detail/254174864 HTTP/1.1" 404 146693 "-" "meta-webindexer/1.1 (+https://developers.facebook.com/docs/sharing/webmasters/crawler)"
2a03:2880:f806:9:: - - [31/Mar/2026:15:33:30 +0000] "GET /products/detail/179683006 HTTP/1.1" 404 146693 "-" "meta-webindexer/1.1 (+https://developers.facebook.com/docs/sharing/webmasters/crawler)"
2a03:2880:f806:4:: - - [31/Mar/2026:15:33:32 +0000] "GET /products/detail/108504137 HTTP/1.1" 404 146693 "-" "meta-webindexer/1.1 (+https://developers.facebook.com/docs/sharing/webmasters/crawler)"
2a03:2880:f806:8:: - - [31/Mar/2026:15:33:50 +0000] "GET /products/detail/39152157 HTTP/1.1" 404 146693 "-" "meta-webindexer/1.1 (+https://developers.facebook.com/docs/sharing/webmasters/crawler)"
45.79.238.235 - - [31/Mar/2026:15:34:04 +0000] "POST /wp-cron.php?doing_wp_cron=1774971244.3508660793304443359375 HTTP/1.1" 200 - "-" "WordPress/6.8.5; http://chargedev.co.nz"
2a03:2880:f806:28:: - - [31/Mar/2026:15:34:03 +0000] "GET /products/detail/56051450 HTTP/1.1" 404 146693 "-" "meta-webindexer/1.1 (+https://developers.facebook.com/docs/sharing/webmasters/crawler)"
2a03:2880:f806:43:: - - [31/Mar/2026:15:34:05 +0000] "GET /products/detail/202387288 HTTP/1.1" 404 146693 "-" "meta-webindexer/1.1 (+https://developers.facebook.com/docs/sharing/webmasters/crawler)"
77.90.185.48 - - [31/Mar/2026:15:35:07 +0000] "GET /.env HTTP/1.1" 403 4170 "-" "Go-http-client/1.1"
77.90.185.48 - - [31/Mar/2026:15:35:07 +0000] "GET /api/.env HTTP/1.1" 403 4170 "-" "Go-http-client/1.1"
45.79.238.235 - - [31/Mar/2026:15:35:22 +0000] "POST /wp-cron.php?doing_wp_cron=1774971322.0759630203247070312500 HTTP/1.1" 200 - "-" "WordPress/6.8.5; http://chargedev.co.nz"
2a03:2880:f806:2f:: - - [31/Mar/2026:15:35:21 +0000] "GET /products/detail/307362733 HTTP/1.1" 404 146693 "-" "meta-webindexer/1.1 (+https://developers.facebook.com/docs/sharing/webmasters/crawler)"
2a03:2880:f806:14:: - - [31/Mar/2026:15:35:37 +0000] "GET /products/detail/50504319 HTTP/1.1" 404 146693 "-" "meta-webindexer/1.1 (+https://developers.facebook.com/docs/sharing/webmasters/crawler)"
2a03:2880:f806:33:: - - [31/Mar/2026:15:35:47 +0000] "GET /products/detail/276892551 HTTP/1.1" 404 146693 "-" "meta-webindexer/1.1 (+https://developers.facebook.com/docs/sharing/webmasters/crawler)"
45.79.238.235 - - [31/Mar/2026:15:36:05 +0000] "POST /wp-cron.php?doing_wp_cron=1774971365.8813459873199462890625 HTTP/1.1" 200 - "-" "WordPress/6.8.5; http://chargedev.co.nz"
2a03:2880:f806:20:: - - [31/Mar/2026:15:36:05 +0000] "GET /products/detail/172794167 HTTP/1.1" 404 146693 "-" "meta-webindexer/1.1 (+https://developers.facebook.com/docs/sharing/webmasters/crawler)"
2a03:2880:f806:1f:: - - [31/Mar/2026:15:36:18 +0000] "GET /products/detail/219574713 HTTP/1.1" 404 146693 "-" "meta-webindexer/1.1 (+https://developers.facebook.com/docs/sharing/webmasters/crawler)"
2a03:2880:f806:17:: - - [31/Mar/2026:15:36:38 +0000] "GET /products/detail/303793339 HTTP/1.1" 404 146693 "-" "meta-webindexer/1.1 (+https://developers.facebook.com/docs/sharing/webmasters/crawler)"
2a03:2880:f806:34:: - - [31/Mar/2026:15:36:43 +0000] "GET /products/detail/257779935 HTTP/1.1" 404 146693 "-" "meta-webindexer/1.1 (+https://developers.facebook.com/docs/sharing/webmasters/crawler)"
45.79.238.235 - - [31/Mar/2026:15:37:16 +0000] "POST /wp-cron.php?doing_wp_cron=1774971436.5952110290527343750000 HTTP/1.1" 200 - "-" "WordPress/6.8.5; http://chargedev.co.nz"
2a03:2880:f806:3b:: - - [31/Mar/2026:15:37:15 +0000] "GET /products/detail/223362248 HTTP/1.1" 404 146693 "-" "meta-webindexer/1.1 (+https://developers.facebook.com/docs/sharing/webmasters/crawler)"
2a03:2880:f806:3b:: - - [31/Mar/2026:15:37:16 +0000] "GET /products/detail/74549945 HTTP/1.1" 404 146693 "-" "meta-webindexer/1.1 (+https://developers.facebook.com/docs/sharing/webmasters/crawler)"
45.79.238.235 - - [31/Mar/2026:15:38:12 +0000] "POST /wp-cron.php?doing_wp_cron=1774971492.3797481060028076171875 HTTP/1.1" 200 - "-" "WordPress/6.8.5; http://chargedev.co.nz"
2a03:2880:f806:1b:: - - [31/Mar/2026:15:38:11 +0000] "GET /products/detail/91065955 HTTP/1.1" 404 146693 "-" "meta-webindexer/1.1 (+https://developers.facebook.com/docs/sharing/webmasters/crawler)"
2a03:2880:f806:1:: - - [31/Mar/2026:15:38:17 +0000] "GET /products/detail/310812086 HTTP/1.1" 404 146693 "-" "meta-webindexer/1.1 (+https://developers.facebook.com/docs/sharing/webmasters/crawler)"
2a03:2880:f806:6:: - - [31/Mar/2026:15:38:17 +0000] "GET /products/detail/178595127 HTTP/1.1" 404 146693 "-" "meta-webindexer/1.1 (+https://developers.facebook.com/docs/sharing/webmasters/crawler)"
45.79.238.235 - - [31/Mar/2026:15:38:52 +0000] "POST /wp-cron.php?doing_wp_cron=1774971532.0391030311584472656250 HTTP/1.1" 200 - "-" "WordPress/6.8.5; http://chargedev.co.nz"
2a03:2880:f806:23:: - - [31/Mar/2026:15:38:51 +0000] "GET /products/detail/33201814 HTTP/1.1" 404 146693 "-" "meta-webindexer/1.1 (+https://developers.facebook.com/docs/sharing/webmasters/crawler)"
2a03:2880:f806:41:: - - [31/Mar/2026:15:38:59 +0000] "GET /products/detail/120182076 HTTP/1.1" 404 146693 "-" "meta-webindexer/1.1 (+https://developers.facebook.com/docs/sharing/webmasters/crawler)"
2a03:2880:f806:27:: - - [31/Mar/2026:15:39:00 +0000] "GET /products/detail/36039844 HTTP/1.1" 404 146693 "-" "meta-webindexer/1.1 (+https://developers.facebook.com/docs/sharing/webmasters/crawler)"
2a03:2880:f806:b:: - - [31/Mar/2026:15:39:01 +0000] "GET /products/detail/255814440 HTTP/1.1" 404 146693 "-" "meta-webindexer/1.1 (+https://developers.facebook.com/docs/sharing/webmasters/crawler)"
2a03:2880:f806:34:: - - [31/Mar/2026:15:39:31 +0000] "GET /products/detail/315722379 HTTP/1.1" 404 146693 "-" "meta-webindexer/1.1 (+https://developers.facebook.com/docs/sharing/webmasters/crawler)"
2a03:2880:f806:7:: - - [31/Mar/2026:15:39:31 +0000] "GET /products/detail/74674147 HTTP/1.1" 404 146693 "-" "meta-webindexer/1.1 (+https://developers.facebook.com/docs/sharing/webmasters/crawler)"
45.79.238.235 - - [31/Mar/2026:15:40:07 +0000] "POST /wp-cron.php?doing_wp_cron=1774971607.8316650390625000000000 HTTP/1.1" 200 - "-" "WordPress/6.8.5; http://chargedev.co.nz"
2a03:2880:f806:19:: - - [31/Mar/2026:15:40:07 +0000] "GET /products/detail/19418208 HTTP/1.1" 404 146693 "-" "meta-webindexer/1.1 (+https://developers.facebook.com/docs/sharing/webmasters/crawler)"
45.79.238.235 - - [31/Mar/2026:15:40:59 +0000] "POST /wp-cron.php?doing_wp_cron=1774971659.8897490501403808593750 HTTP/1.1" 200 - "-" "WordPress/6.8.5; http://chargedev.co.nz"
43.159.144.16 - - [31/Mar/2026:15:40:59 +0000] "GET / HTTP/1.1" 200 201096 "-" "Mozilla/5.0 (iPhone; CPU iPhone OS 13_2_3 like Mac OS X) AppleWebKit/605.1.15 (KHTML, like Gecko) Version/13.0.3 Mobile/15E148 Safari/604.1"
45.79.238.235 - - [31/Mar/2026:15:42:11 +0000] "POST /wp-cron.php?doing_wp_cron=1774971731.1260659694671630859375 HTTP/1.1" 200 - "-" "WordPress/6.8.5; http://chargedev.co.nz"
2a03:2880:f806:17:: - - [31/Mar/2026:15:42:10 +0000] "GET /products/detail/32008288 HTTP/1.1" 404 146693 "-" "meta-webindexer/1.1 (+https://developers.facebook.com/docs/sharing/webmasters/crawler)"
2a03:2880:f806:48:: - - [31/Mar/2026:15:42:19 +0000] "GET /products/detail/238552551 HTTP/1.1" 404 146693 "-" "meta-webindexer/1.1 (+https://developers.facebook.com/docs/sharing/webmasters/crawler)"
2a03:2880:f806:: - - [31/Mar/2026:15:42:19 +0000] "GET /products/detail/280568046 HTTP/1.1" 404 146693 "-" "meta-webindexer/1.1 (+https://developers.facebook.com/docs/sharing/webmasters/crawler)"
45.79.238.235 - - [31/Mar/2026:15:42:51 +0000] "POST /wp-cron.php?doing_wp_cron=1774971771.8173921108245849609375 HTTP/1.1" 200 - "-" "WordPress/6.8.5; http://chargedev.co.nz"
2a03:2880:f806:c:: - - [31/Mar/2026:15:42:51 +0000] "GET /products/detail/151257167 HTTP/1.1" 404 146693 "-" "meta-webindexer/1.1 (+https://developers.facebook.com/docs/sharing/webmasters/crawler)"
2a03:2880:f806:45:: - - [31/Mar/2026:15:42:51 +0000] "GET /products/detail/239961955 HTTP/1.1" 404 146693 "-" "meta-webindexer/1.1 (+https://developers.facebook.com/docs/sharing/webmasters/crawler)"
2a03:2880:f806:10:: - - [31/Mar/2026:15:42:51 +0000] "GET /products/detail/51769147 HTTP/1.1" 404 146693 "-" "meta-webindexer/1.1 (+https://developers.facebook.com/docs/sharing/webmasters/crawler)"
40.77.167.76 - - [31/Mar/2026:15:43:02 +0000] "GET /tax-free-pokies-no-deposit-welcome-bonus-australia/ HTTP/1.1" 200 190726 "-" "Mozilla/5.0 AppleWebKit/537.36 (KHTML, like Gecko; compatible; bingbot/2.0; +http://www.bing.com/bingbot.htm) Chrome/116.0.1938.76 Safari/537.36"
52.167.144.233 - - [31/Mar/2026:15:43:10 +0000] "GET /playing-blackjack-in-new-zealand/ HTTP/1.1" 200 188526 "-" "Mozilla/5.0 AppleWebKit/537.36 (KHTML, like Gecko; compatible; bingbot/2.0; +http://www.bing.com/bingbot.htm) Chrome/116.0.1938.76 Safari/537.36"
2a03:2880:f806:46:: - - [31/Mar/2026:15:43:22 +0000] "GET /products/detail/130057773 HTTP/1.1" 404 146693 "-" "meta-webindexer/1.1 (+https://developers.facebook.com/docs/sharing/webmasters/crawler)"
2a03:2880:f806:17:: - - [31/Mar/2026:15:43:24 +0000] "GET /products/detail/78169288 HTTP/1.1" 404 146693 "-" "meta-webindexer/1.1 (+https://developers.facebook.com/docs/sharing/webmasters/crawler)"
2a03:2880:f806:1:: - - [31/Mar/2026:15:43:38 +0000] "GET /products/detail/199426288 HTTP/1.1" 404 146693 "-" "meta-webindexer/1.1 (+https://developers.facebook.com/docs/sharing/webmasters/crawler)"
45.79.238.235 - - [31/Mar/2026:15:44:01 +0000] "POST /wp-cron.php?doing_wp_cron=1774971841.4540600776672363281250 HTTP/1.1" 200 - "-" "WordPress/6.8.5; http://chargedev.co.nz"
2a03:2880:f806:27:: - - [31/Mar/2026:15:44:00 +0000] "GET /products/detail/264884975 HTTP/1.1" 404 146693 "-" "meta-webindexer/1.1 (+https://developers.facebook.com/docs/sharing/webmasters/crawler)"
2a03:2880:f806:4:: - - [31/Mar/2026:15:44:10 +0000] "GET /products/detail/240288086 HTTP/1.1" 404 146693 "-" "meta-webindexer/1.1 (+https://developers.facebook.com/docs/sharing/webmasters/crawler)"
2a03:2880:f806:41:: - - [31/Mar/2026:15:44:16 +0000] "GET /products/detail/132322309 HTTP/1.1" 404 146693 "-" "meta-webindexer/1.1 (+https://developers.facebook.com/docs/sharing/webmasters/crawler)"
2a03:2880:f806:22:: - - [31/Mar/2026:15:44:29 +0000] "GET /products/detail/145945258 HTTP/1.1" 404 146693 "-" "meta-webindexer/1.1 (+https://developers.facebook.com/docs/sharing/webmasters/crawler)"
2a03:2880:f806:12:: - - [31/Mar/2026:15:44:39 +0000] "GET /products/detail/261303652 HTTP/1.1" 404 146693 "-" "meta-webindexer/1.1 (+https://developers.facebook.com/docs/sharing/webmasters/crawler)"
52.167.144.233 - - [31/Mar/2026:15:44:51 +0000] "GET /pokies-with-bonus-no-wagering-requirements/ HTTP/1.1" 200 199256 "-" "Mozilla/5.0 AppleWebKit/537.36 (KHTML, like Gecko; compatible; bingbot/2.0; +http://www.bing.com/bingbot.htm) Chrome/116.0.1938.76 Safari/537.36"
45.79.238.235 - - [31/Mar/2026:15:45:02 +0000] "POST /wp-cron.php?doing_wp_cron=1774971902.9518849849700927734375 HTTP/1.1" 200 - "-" "WordPress/6.8.5; http://chargedev.co.nz"
2a03:2880:f806:2:: - - [31/Mar/2026:15:45:02 +0000] "GET /products/detail/69880743 HTTP/1.1" 404 146693 "-" "meta-webindexer/1.1 (+https://developers.facebook.com/docs/sharing/webmasters/crawler)"
2a03:2880:f806:1f:: - - [31/Mar/2026:15:45:10 +0000] "GET /products/detail/303047238 HTTP/1.1" 404 146693 "-" "meta-webindexer/1.1 (+https://developers.facebook.com/docs/sharing/webmasters/crawler)"
2a03:2880:f806:2a:: - - [31/Mar/2026:15:45:29 +0000] "GET /products/detail/54850309 HTTP/1.1" 404 146693 "-" "meta-webindexer/1.1 (+https://developers.facebook.com/docs/sharing/webmasters/crawler)"
2a03:2880:f806:25:: - - [31/Mar/2026:15:45:30 +0000] "GET /products/detail/123694551 HTTP/1.1" 404 146693 "-" "meta-webindexer/1.1 (+https://developers.facebook.com/docs/sharing/webmasters/crawler)"
2a03:2880:f806:26:: - - [31/Mar/2026:15:45:42 +0000] "GET /products/detail/168503076 HTTP/1.1" 404 146693 "-" "meta-webindexer/1.1 (+https://developers.facebook.com/docs/sharing/webmasters/crawler)"
45.79.238.235 - - [31/Mar/2026:15:47:15 +0000] "POST /wp-cron.php?doing_wp_cron=1774972035.4772989749908447265625 HTTP/1.1" 200 - "-" "WordPress/6.8.5; http://chargedev.co.nz"
2a03:2880:f806:1d:: - - [31/Mar/2026:15:47:15 +0000] "GET /products/detail/172144581 HTTP/1.1" 404 146693 "-" "meta-webindexer/1.1 (+https://developers.facebook.com/docs/sharing/webmasters/crawler)"
2a03:2880:f806:23:: - - [31/Mar/2026:15:47:14 +0000] "GET /products/detail/296386773 HTTP/1.1" 404 146693 "-" "meta-webindexer/1.1 (+https://developers.facebook.com/docs/sharing/webmasters/crawler)"
2a03:2880:f806:48:: - - [31/Mar/2026:15:47:25 +0000] "GET /products/detail/80394985 HTTP/1.1" 404 146693 "-" "meta-webindexer/1.1 (+https://developers.facebook.com/docs/sharing/webmasters/crawler)"
2a03:2880:f806:17:: - - [31/Mar/2026:15:47:26 +0000] "GET /products/detail/230006612 HTTP/1.1" 404 146693 "-" "meta-webindexer/1.1 (+https://developers.facebook.com/docs/sharing/webmasters/crawler)"
2a03:2880:f806:1:: - - [31/Mar/2026:15:47:26 +0000] "GET /products/detail/246087682 HTTP/1.1" 404 146693 "-" "meta-webindexer/1.1 (+https://developers.facebook.com/docs/sharing/webmasters/crawler)"
52.167.144.233 - - [31/Mar/2026:15:47:41 +0000] "GET /money-pokies-play-for-free/ HTTP/1.1" 200 199918 "-" "Mozilla/5.0 AppleWebKit/537.36 (KHTML, like Gecko; compatible; bingbot/2.0; +http://www.bing.com/bingbot.htm) Chrome/116.0.1938.76 Safari/537.36"
2a03:2880:f806:2:: - - [31/Mar/2026:15:47:44 +0000] "GET /marysville-casino-au/ HTTP/1.1" 200 149110 "-" "meta-webindexer/1.1 (+https://developers.facebook.com/docs/sharing/webmasters/crawler)"
45.79.238.235 - - [31/Mar/2026:15:47:55 +0000] "POST /wp-cron.php?doing_wp_cron=1774972075.8696959018707275390625 HTTP/1.1" 200 - "-" "WordPress/6.8.5; http://chargedev.co.nz"
2a03:2880:f806:1:: - - [31/Mar/2026:15:47:55 +0000] "GET /products/detail/260069864 HTTP/1.1" 404 146693 "-" "meta-webindexer/1.1 (+https://developers.facebook.com/docs/sharing/webmasters/crawler)"
2a03:2880:f806:33:: - - [31/Mar/2026:15:48:04 +0000] "GET /products/detail/124899329 HTTP/1.1" 404 146693 "-" "meta-webindexer/1.1 (+https://developers.facebook.com/docs/sharing/webmasters/crawler)"
2a03:2880:f806:33:: - - [31/Mar/2026:15:48:05 +0000] "GET /products/detail/226769753 HTTP/1.1" 404 146693 "-" "meta-webindexer/1.1 (+https://developers.facebook.com/docs/sharing/webmasters/crawler)"
2a03:2880:f806:13:: - - [31/Mar/2026:15:48:05 +0000] "GET /products/detail/162678056 HTTP/1.1" 404 146693 "-" "meta-webindexer/1.1 (+https://developers.facebook.com/docs/sharing/webmasters/crawler)"
2a03:2880:f806:32:: - - [31/Mar/2026:15:48:12 +0000] "GET /products/detail/312936430 HTTP/1.1" 404 146693 "-" "meta-webindexer/1.1 (+https://developers.facebook.com/docs/sharing/webmasters/crawler)"
45.79.238.235 - - [31/Mar/2026:15:50:11 +0000] "POST /wp-cron.php?doing_wp_cron=1774972211.0975320339202880859375 HTTP/1.1" 200 - "-" "WordPress/6.8.5; http://chargedev.co.nz"
2a03:2880:f806:3e:: - - [31/Mar/2026:15:50:10 +0000] "GET /products/detail/183967339 HTTP/1.1" 404 146693 "-" "meta-webindexer/1.1 (+https://developers.facebook.com/docs/sharing/webmasters/crawler)"
45.79.238.235 - - [31/Mar/2026:15:51:53 +0000] "POST /wp-cron.php?doing_wp_cron=1774972312.9936029911041259765625 HTTP/1.1" 200 - "-" "WordPress/6.8.5; http://chargedev.co.nz"
2a03:2880:f806:3:: - - [31/Mar/2026:15:51:52 +0000] "GET /products/detail/54891359 HTTP/1.1" 404 146693 "-" "meta-webindexer/1.1 (+https://developers.facebook.com/docs/sharing/webmasters/crawler)"
2a03:2880:f806:3d:: - - [31/Mar/2026:15:51:53 +0000] "GET /products/detail/174781258 HTTP/1.1" 404 146693 "-" "meta-webindexer/1.1 (+https://developers.facebook.com/docs/sharing/webmasters/crawler)"
2a03:2880:f806:2c:: - - [31/Mar/2026:15:51:56 +0000] "GET /products/detail/236870127 HTTP/1.1" 404 146693 "-" "meta-webindexer/1.1 (+https://developers.facebook.com/docs/sharing/webmasters/crawler)"
13.223.163.204 - - [31/Mar/2026:15:52:34 +0000] "GET /checkout/ HTTP/1.1" 302 - "-" "Mozilla/5.0 AppleWebKit/537.36 (KHTML, like Gecko; compatible; Amzn-SearchBot/0.1) Chrome/119.0.6045.214 Safari/537.36"
98.83.194.21 - - [31/Mar/2026:15:52:35 +0000] "GET /cart/ HTTP/1.1" 200 147283 "-" "Mozilla/5.0 AppleWebKit/537.36 (KHTML, like Gecko; compatible; Amzn-SearchBot/0.1) Chrome/119.0.6045.214 Safari/537.36"
52.73.35.133 - - [31/Mar/2026:15:52:44 +0000] "GET /product/wallbox-commander-type-1/ HTTP/1.1" 200 163764 "-" "Mozilla/5.0 AppleWebKit/537.36 (KHTML, like Gecko; compatible; Amzn-SearchBot/0.1) Chrome/119.0.6045.214 Safari/537.36"
2a03:2880:f806:10:: - - [31/Mar/2026:15:53:15 +0000] "GET /products/detail/179178086 HTTP/1.1" 404 146693 "-" "meta-webindexer/1.1 (+https://developers.facebook.com/docs/sharing/webmasters/crawler)"
2a03:2880:f806:49:: - - [31/Mar/2026:15:53:15 +0000] "GET /products/detail/285409713 HTTP/1.1" 404 146693 "-" "meta-webindexer/1.1 (+https://developers.facebook.com/docs/sharing/webmasters/crawler)"
2a03:2880:f806:1:: - - [31/Mar/2026:15:53:16 +0000] "GET /products/detail/51259521 HTTP/1.1" 404 146693 "-" "meta-webindexer/1.1 (+https://developers.facebook.com/docs/sharing/webmasters/crawler)"
2a03:2880:f806:b:: - - [31/Mar/2026:15:53:23 +0000] "GET /products/detail/22683511 HTTP/1.1" 404 146693 "-" "meta-webindexer/1.1 (+https://developers.facebook.com/docs/sharing/webmasters/crawler)"
2a03:2880:f806:20:: - - [31/Mar/2026:15:53:49 +0000] "GET /products/detail/48869349 HTTP/1.1" 404 146693 "-" "meta-webindexer/1.1 (+https://developers.facebook.com/docs/sharing/webmasters/crawler)"
20.15.133.184 - - [31/Mar/2026:15:56:59 +0000] "GET /products/detail/106244915 HTTP/1.1" 200 199710 "-" "Mozilla/5.0 AppleWebKit/537.36 (KHTML, like Gecko; compatible; bingbot/2.0; +http://www.bing.com/bingbot.htm) Chrome/116.0.1938.76 Safari/537.36"
45.79.238.235 - - [31/Mar/2026:15:57:14 +0000] "POST /wp-cron.php?doing_wp_cron=1774972634.0464320182800292968750 HTTP/1.1" 200 - "-" "WordPress/6.8.5; http://chargedev.co.nz"
2a03:2880:f806:17:: - - [31/Mar/2026:15:57:13 +0000] "GET /products/detail/161956470 HTTP/1.1" 404 146693 "-" "meta-webindexer/1.1 (+https://developers.facebook.com/docs/sharing/webmasters/crawler)"
2a03:2880:f806:8:: - - [31/Mar/2026:15:57:13 +0000] "GET /products/detail/220481561 HTTP/1.1" 404 146693 "-" "meta-webindexer/1.1 (+https://developers.facebook.com/docs/sharing/webmasters/crawler)"
2a03:2880:f806:43:: - - [31/Mar/2026:15:57:13 +0000] "GET /products/detail/156403258 HTTP/1.1" 404 146693 "-" "meta-webindexer/1.1 (+https://developers.facebook.com/docs/sharing/webmasters/crawler)"
52.167.144.211 - - [31/Mar/2026:16:00:29 +0000] "GET /high-roller-pokies-sign-up-chip-australia/ HTTP/1.1" 200 195330 "-" "Mozilla/5.0 AppleWebKit/537.36 (KHTML, like Gecko; compatible; bingbot/2.0; +http://www.bing.com/bingbot.htm) Chrome/116.0.1938.76 Safari/537.36"
45.79.238.235 - - [31/Mar/2026:16:00:59 +0000] "POST /wp-cron.php?doing_wp_cron=1774972859.0273280143737792968750 HTTP/1.1" 200 - "-" "WordPress/6.8.5; http://chargedev.co.nz"
2a03:2880:f806:1a:: - - [31/Mar/2026:16:00:58 +0000] "GET /products/detail/168567985 HTTP/1.1" 404 146693 "-" "meta-webindexer/1.1 (+https://developers.facebook.com/docs/sharing/webmasters/crawler)"
2a03:2880:f806:3a:: - - [31/Mar/2026:16:00:58 +0000] "GET /products/detail/300873622 HTTP/1.1" 404 146693 "-" "meta-webindexer/1.1 (+https://developers.facebook.com/docs/sharing/webmasters/crawler)"
2a03:2880:f806:32:: - - [31/Mar/2026:16:01:28 +0000] "GET /products/detail/303806834 HTTP/1.1" 404 146693 "-" "meta-webindexer/1.1 (+https://developers.facebook.com/docs/sharing/webmasters/crawler)"
2a03:2880:f806:46:: - - [31/Mar/2026:16:01:31 +0000] "GET /products/detail/130547046 HTTP/1.1" 404 146693 "-" "meta-webindexer/1.1 (+https://developers.facebook.com/docs/sharing/webmasters/crawler)"
45.79.238.235 - - [31/Mar/2026:16:02:25 +0000] "POST /wp-cron.php?doing_wp_cron=1774972945.9329390525817871093750 HTTP/1.1" 200 - "-" "WordPress/6.8.5; http://chargedev.co.nz"
2a03:2880:f806:1b:: - - [31/Mar/2026:16:02:25 +0000] "GET /products/detail/310329460 HTTP/1.1" 404 146693 "-" "meta-webindexer/1.1 (+https://developers.facebook.com/docs/sharing/webmasters/crawler)"
2a03:2880:f806:10:: - - [31/Mar/2026:16:02:33 +0000] "GET /products/detail/256600581 HTTP/1.1" 404 146693 "-" "meta-webindexer/1.1 (+https://developers.facebook.com/docs/sharing/webmasters/crawler)"
45.79.238.235 - - [31/Mar/2026:16:03:36 +0000] "POST /wp-cron.php?doing_wp_cron=1774973016.2005269527435302734375 HTTP/1.1" 200 - "-" "WordPress/6.8.5; http://chargedev.co.nz"
2a03:2880:f806:13:: - - [31/Mar/2026:16:03:35 +0000] "GET /products/detail/266122147 HTTP/1.1" 404 146693 "-" "meta-webindexer/1.1 (+https://developers.facebook.com/docs/sharing/webmasters/crawler)"
45.79.238.235 - - [31/Mar/2026:16:04:20 +0000] "POST /wp-cron.php?doing_wp_cron=1774973060.0653629302978515625000 HTTP/1.1" 200 - "-" "WordPress/6.8.5; http://chargedev.co.nz"
2a03:2880:f806:45:: - - [31/Mar/2026:16:04:19 +0000] "GET /products/detail/262671329 HTTP/1.1" 404 146693 "-" "meta-webindexer/1.1 (+https://developers.facebook.com/docs/sharing/webmasters/crawler)"
2a03:2880:f806:19:: - - [31/Mar/2026:16:04:40 +0000] "GET /products/detail/168915389 HTTP/1.1" 404 146693 "-" "meta-webindexer/1.1 (+https://developers.facebook.com/docs/sharing/webmasters/crawler)"
2a03:2880:f806:c:: - - [31/Mar/2026:16:04:40 +0000] "GET /products/detail/42712662 HTTP/1.1" 404 146693 "-" "meta-webindexer/1.1 (+https://developers.facebook.com/docs/sharing/webmasters/crawler)"
45.79.238.235 - - [31/Mar/2026:16:04:54 +0000] "POST /wp-cron.php?doing_wp_cron=1774973094.8202579021453857421875 HTTP/1.1" 200 - "-" "WordPress/6.8.5; http://chargedev.co.nz"
2a03:2880:f806:3b:: - - [31/Mar/2026:16:04:54 +0000] "GET /products/detail/90493551 HTTP/1.1" 404 146693 "-" "meta-webindexer/1.1 (+https://developers.facebook.com/docs/sharing/webmasters/crawler)"
2a03:2880:f806:11:: - - [31/Mar/2026:16:04:54 +0000] "GET /products/detail/253809137 HTTP/1.1" 404 146693 "-" "meta-webindexer/1.1 (+https://developers.facebook.com/docs/sharing/webmasters/crawler)"
2a03:2880:f806:9:: - - [31/Mar/2026:16:04:55 +0000] "GET /products/detail/219784177 HTTP/1.1" 404 146693 "-" "meta-webindexer/1.1 (+https://developers.facebook.com/docs/sharing/webmasters/crawler)"
2a03:2880:f806:: - - [31/Mar/2026:16:05:04 +0000] "GET /products/detail/109414581 HTTP/1.1" 404 146693 "-" "meta-webindexer/1.1 (+https://developers.facebook.com/docs/sharing/webmasters/crawler)"
2a03:2880:f806:25:: - - [31/Mar/2026:16:05:41 +0000] "GET /products/detail/217905985 HTTP/1.1" 404 146693 "-" "meta-webindexer/1.1 (+https://developers.facebook.com/docs/sharing/webmasters/crawler)"
45.79.238.235 - - [31/Mar/2026:16:06:03 +0000] "POST /wp-cron.php?doing_wp_cron=1774973163.2176969051361083984375 HTTP/1.1" 200 - "-" "WordPress/6.8.5; http://chargedev.co.nz"
2a03:2880:f806:28:: - - [31/Mar/2026:16:06:02 +0000] "GET /products/detail/101270379 HTTP/1.1" 404 146693 "-" "meta-webindexer/1.1 (+https://developers.facebook.com/docs/sharing/webmasters/crawler)"
2a03:2880:f806:1b:: - - [31/Mar/2026:16:06:08 +0000] "GET /products/detail/155013086 HTTP/1.1" 404 146693 "-" "meta-webindexer/1.1 (+https://developers.facebook.com/docs/sharing/webmasters/crawler)"
2a03:2880:f806:2d:: - - [31/Mar/2026:16:06:13 +0000] "GET /products/detail/23228238 HTTP/1.1" 404 146693 "-" "meta-webindexer/1.1 (+https://developers.facebook.com/docs/sharing/webmasters/crawler)"
2a03:2880:f806:14:: - - [31/Mar/2026:16:06:14 +0000] "GET /products/detail/188233662 HTTP/1.1" 404 146693 "-" "meta-webindexer/1.1 (+https://developers.facebook.com/docs/sharing/webmasters/crawler)"
2a03:2880:f806:44:: - - [31/Mar/2026:16:06:15 +0000] "GET /products/detail/85264440 HTTP/1.1" 404 146693 "-" "meta-webindexer/1.1 (+https://developers.facebook.com/docs/sharing/webmasters/crawler)"
2a03:2880:f806:3b:: - - [31/Mar/2026:16:06:16 +0000] "GET /products/detail/28866844 HTTP/1.1" 404 146693 "-" "meta-webindexer/1.1 (+https://developers.facebook.com/docs/sharing/webmasters/crawler)"
2a03:2880:f806:12:: - - [31/Mar/2026:16:06:27 +0000] "GET /products/detail/260289814 HTTP/1.1" 404 146693 "-" "meta-webindexer/1.1 (+https://developers.facebook.com/docs/sharing/webmasters/crawler)"
2a03:2880:f806:3a:: - - [31/Mar/2026:16:06:28 +0000] "GET /products/detail/134677824 HTTP/1.1" 404 146693 "-" "meta-webindexer/1.1 (+https://developers.facebook.com/docs/sharing/webmasters/crawler)"
2a03:2880:f806:1e:: - - [31/Mar/2026:16:06:30 +0000] "GET /products/detail/68895137 HTTP/1.1" 404 146693 "-" "meta-webindexer/1.1 (+https://developers.facebook.com/docs/sharing/webmasters/crawler)"
45.79.238.235 - - [31/Mar/2026:16:07:26 +0000] "POST /wp-cron.php?doing_wp_cron=1774973246.7158179283142089843750 HTTP/1.1" 200 - "-" "WordPress/6.8.5; http://chargedev.co.nz"
20.191.45.212 - - [31/Mar/2026:16:07:26 +0000] "GET / HTTP/1.1" 200 201085 "-" "DuckDuckBot/1.1; (+http://duckduckgo.com/duckduckbot.html)"
45.79.238.235 - - [31/Mar/2026:16:08:05 +0000] "POST /wp-cron.php?doing_wp_cron=1774973285.6144669055938720703125 HTTP/1.1" 200 - "-" "WordPress/6.8.5; http://chargedev.co.nz"
2a03:2880:f806:a:: - - [31/Mar/2026:16:08:04 +0000] "GET /products/detail/76510602 HTTP/1.1" 404 146693 "-" "meta-webindexer/1.1 (+https://developers.facebook.com/docs/sharing/webmasters/crawler)"
2a03:2880:f806:1b:: - - [31/Mar/2026:16:08:13 +0000] "GET /products/detail/164877874 HTTP/1.1" 404 146693 "-" "meta-webindexer/1.1 (+https://developers.facebook.com/docs/sharing/webmasters/crawler)"
2a03:2880:f806:11:: - - [31/Mar/2026:16:08:14 +0000] "GET /products/detail/82198036 HTTP/1.1" 404 146693 "-" "meta-webindexer/1.1 (+https://developers.facebook.com/docs/sharing/webmasters/crawler)"
2a03:2880:f806:44:: - - [31/Mar/2026:16:08:16 +0000] "GET /products/detail/78526602 HTTP/1.1" 404 146693 "-" "meta-webindexer/1.1 (+https://developers.facebook.com/docs/sharing/webmasters/crawler)"
52.167.144.19 - - [31/Mar/2026:16:08:52 +0000] "GET /try-pokies-in-new-zealand-for-fun-no-download/ HTTP/1.1" 200 185434 "-" "Mozilla/5.0 AppleWebKit/537.36 (KHTML, like Gecko; compatible; bingbot/2.0; +http://www.bing.com/bingbot.htm) Chrome/116.0.1938.76 Safari/537.36"
45.79.238.235 - - [31/Mar/2026:16:09:03 +0000] "POST /wp-cron.php?doing_wp_cron=1774973343.4169700145721435546875 HTTP/1.1" 200 - "-" "WordPress/6.8.5; http://chargedev.co.nz"
2a03:2880:f806:46:: - - [31/Mar/2026:16:09:02 +0000] "GET /products/detail/312249389 HTTP/1.1" 404 146693 "-" "meta-webindexer/1.1 (+https://developers.facebook.com/docs/sharing/webmasters/crawler)"
2a03:2880:f806:21:: - - [31/Mar/2026:16:09:09 +0000] "GET /products/detail/44182713 HTTP/1.1" 404 146693 "-" "meta-webindexer/1.1 (+https://developers.facebook.com/docs/sharing/webmasters/crawler)"
2a03:2880:f806:44:: - - [31/Mar/2026:16:09:21 +0000] "GET /products/detail/41547167 HTTP/1.1" 404 146693 "-" "meta-webindexer/1.1 (+https://developers.facebook.com/docs/sharing/webmasters/crawler)"
2a03:2880:f806:30:: - - [31/Mar/2026:16:09:21 +0000] "GET /products/detail/130556612 HTTP/1.1" 404 146693 "-" "meta-webindexer/1.1 (+https://developers.facebook.com/docs/sharing/webmasters/crawler)"
2a03:2880:f806:1a:: - - [31/Mar/2026:16:09:27 +0000] "GET /products/detail/120515319 HTTP/1.1" 404 146693 "-" "meta-webindexer/1.1 (+https://developers.facebook.com/docs/sharing/webmasters/crawler)"
2a03:2880:f806:3d:: - - [31/Mar/2026:16:09:33 +0000] "GET /products/detail/27068187 HTTP/1.1" 404 146693 "-" "meta-webindexer/1.1 (+https://developers.facebook.com/docs/sharing/webmasters/crawler)"
2a03:2880:f806:2d:: - - [31/Mar/2026:16:09:33 +0000] "GET /products/detail/149537480 HTTP/1.1" 404 146693 "-" "meta-webindexer/1.1 (+https://developers.facebook.com/docs/sharing/webmasters/crawler)"
45.79.238.235 - - [31/Mar/2026:16:09:53 +0000] "POST /wp-cron.php?doing_wp_cron=1774973393.5201070308685302734375 HTTP/1.1" 200 - "-" "WordPress/6.8.5; http://chargedev.co.nz"
2a03:2880:f806:16:: - - [31/Mar/2026:16:09:52 +0000] "GET /products/detail/204688581 HTTP/1.1" 404 146693 "-" "meta-webindexer/1.1 (+https://developers.facebook.com/docs/sharing/webmasters/crawler)"
45.79.238.235 - - [31/Mar/2026:16:10:33 +0000] "POST /wp-cron.php?doing_wp_cron=1774973433.7922461032867431640625 HTTP/1.1" 200 - "-" "WordPress/6.8.5; http://chargedev.co.nz"
2a03:2880:f806:7:: - - [31/Mar/2026:16:10:32 +0000] "GET /products/detail/244338430 HTTP/1.1" 404 146693 "-" "meta-webindexer/1.1 (+https://developers.facebook.com/docs/sharing/webmasters/crawler)"
2a03:2880:f806:1c:: - - [31/Mar/2026:16:10:32 +0000] "GET /products/detail/307045602 HTTP/1.1" 404 146693 "-" "meta-webindexer/1.1 (+https://developers.facebook.com/docs/sharing/webmasters/crawler)"
45.79.238.235 - - [31/Mar/2026:16:11:12 +0000] "POST /wp-cron.php?doing_wp_cron=1774973472.5138089656829833984375 HTTP/1.1" 200 - "-" "WordPress/6.8.5; http://chargedev.co.nz"
2a03:2880:f806:e:: - - [31/Mar/2026:16:11:11 +0000] "GET /products/detail/49253187 HTTP/1.1" 404 146693 "-" "meta-webindexer/1.1 (+https://developers.facebook.com/docs/sharing/webmasters/crawler)"
45.79.238.235 - - [31/Mar/2026:16:12:10 +0000] "POST /wp-cron.php?doing_wp_cron=1774973530.2681829929351806640625 HTTP/1.1" 200 - "-" "WordPress/6.8.5; http://chargedev.co.nz"
45.79.238.235 - - [31/Mar/2026:16:12:10 +0000] "POST /wp-cron.php?doing_wp_cron=1774973530.3571779727935791015625 HTTP/1.1" 200 - "-" "WordPress/6.8.5; http://chargedev.co.nz"
45.79.238.235 - - [31/Mar/2026:16:12:10 +0000] "POST /wp-cron.php?doing_wp_cron=1774973530.3991088867187500000000 HTTP/1.1" 200 - "-" "WordPress/6.8.5; http://chargedev.co.nz"
2a03:2880:f806:c:: - - [31/Mar/2026:16:12:09 +0000] "GET /products/detail/106663743 HTTP/1.1" 404 146693 "-" "meta-webindexer/1.1 (+https://developers.facebook.com/docs/sharing/webmasters/crawler)"
2a03:2880:f806:3c:: - - [31/Mar/2026:16:12:11 +0000] "GET /products/detail/159534026 HTTP/1.1" 404 146693 "-" "meta-webindexer/1.1 (+https://developers.facebook.com/docs/sharing/webmasters/crawler)"
2a03:2880:f806:2e:: - - [31/Mar/2026:16:12:12 +0000] "GET /products/detail/244205450 HTTP/1.1" 404 146693 "-" "meta-webindexer/1.1 (+https://developers.facebook.com/docs/sharing/webmasters/crawler)"
2a03:2880:f806:5:: - - [31/Mar/2026:16:12:24 +0000] "GET /products/detail/240536480 HTTP/1.1" 404 146693 "-" "meta-webindexer/1.1 (+https://developers.facebook.com/docs/sharing/webmasters/crawler)"
2a03:2880:f806:29:: - - [31/Mar/2026:16:12:25 +0000] "GET /products/detail/141481713 HTTP/1.1" 404 146693 "-" "meta-webindexer/1.1 (+https://developers.facebook.com/docs/sharing/webmasters/crawler)"
2a03:2880:f806:b:: - - [31/Mar/2026:16:12:25 +0000] "GET /products/detail/165862470 HTTP/1.1" 404 146693 "-" "meta-webindexer/1.1 (+https://developers.facebook.com/docs/sharing/webmasters/crawler)"
2a03:2880:f806:42:: - - [31/Mar/2026:16:12:26 +0000] "GET /products/detail/102787884 HTTP/1.1" 404 146693 "-" "meta-webindexer/1.1 (+https://developers.facebook.com/docs/sharing/webmasters/crawler)"
2a03:2880:f806:9:: - - [31/Mar/2026:16:12:25 +0000] "GET /products/detail/70084036 HTTP/1.1" 404 146693 "-" "meta-webindexer/1.1 (+https://developers.facebook.com/docs/sharing/webmasters/crawler)"
2a03:2880:f806:26:: - - [31/Mar/2026:16:12:26 +0000] "GET /products/detail/24265824 HTTP/1.1" 404 146693 "-" "meta-webindexer/1.1 (+https://developers.facebook.com/docs/sharing/webmasters/crawler)"
2a03:2880:f806:2e:: - - [31/Mar/2026:16:12:28 +0000] "GET /products/detail/47785965 HTTP/1.1" 404 146693 "-" "meta-webindexer/1.1 (+https://developers.facebook.com/docs/sharing/webmasters/crawler)"
2a03:2880:f806:27:: - - [31/Mar/2026:16:12:46 +0000] "GET /products/detail/193717470 HTTP/1.1" 404 146693 "-" "meta-webindexer/1.1 (+https://developers.facebook.com/docs/sharing/webmasters/crawler)"
45.79.238.235 - - [31/Mar/2026:16:13:23 +0000] "POST /wp-cron.php?doing_wp_cron=1774973603.0229799747467041015625 HTTP/1.1" 200 - "-" "WordPress/6.8.5; http://chargedev.co.nz"
2a03:2880:f806:3e:: - - [31/Mar/2026:16:13:22 +0000] "GET /products/detail/87146238 HTTP/1.1" 404 146693 "-" "meta-webindexer/1.1 (+https://developers.facebook.com/docs/sharing/webmasters/crawler)"
2a03:2880:f806:11:: - - [31/Mar/2026:16:13:36 +0000] "GET /products/detail/19174410 HTTP/1.1" 404 146693 "-" "meta-webindexer/1.1 (+https://developers.facebook.com/docs/sharing/webmasters/crawler)"
45.79.238.235 - - [31/Mar/2026:16:14:03 +0000] "POST /wp-cron.php?doing_wp_cron=1774973643.2386989593505859375000 HTTP/1.1" 200 - "-" "WordPress/6.8.5; http://chargedev.co.nz"
2a03:2880:f806:49:: - - [31/Mar/2026:16:14:02 +0000] "GET /products/detail/283996713 HTTP/1.1" 404 146693 "-" "meta-webindexer/1.1 (+https://developers.facebook.com/docs/sharing/webmasters/crawler)"
45.79.238.235 - - [31/Mar/2026:16:15:35 +0000] "POST /wp-cron.php?doing_wp_cron=1774973735.0711688995361328125000 HTTP/1.1" 200 - "-" "WordPress/6.8.5; http://chargedev.co.nz"
2a03:2880:f806:12:: - - [31/Mar/2026:16:15:34 +0000] "GET /products/detail/239999420 HTTP/1.1" 404 146693 "-" "meta-webindexer/1.1 (+https://developers.facebook.com/docs/sharing/webmasters/crawler)"
66.249.69.33 - - [31/Mar/2026:16:15:53 +0000] "GET / HTTP/1.1" 200 183762 "-" "Mozilla/5.0 (Linux; Android 6.0.1; Nexus 5X Build/MMB29P) AppleWebKit/537.36 (KHTML, like Gecko) Chrome/146.0.7680.153 Mobile Safari/537.36 (compatible; Googlebot/2.1; +http://www.google.com/bot.html)"
45.79.238.235 - - [31/Mar/2026:16:16:15 +0000] "POST /wp-cron.php?doing_wp_cron=1774973775.2869629859924316406250 HTTP/1.1" 200 - "-" "WordPress/6.8.5; http://chargedev.co.nz"
2a03:2880:f806:3d:: - - [31/Mar/2026:16:16:14 +0000] "GET /products/detail/258019006 HTTP/1.1" 404 146693 "-" "meta-webindexer/1.1 (+https://developers.facebook.com/docs/sharing/webmasters/crawler)"
40.77.167.27 - - [31/Mar/2026:16:16:35 +0000] "GET /highest-payout-top-australian-pokies/ HTTP/1.1" 200 200517 "-" "Mozilla/5.0 AppleWebKit/537.36 (KHTML, like Gecko; compatible; bingbot/2.0; +http://www.bing.com/bingbot.htm) Chrome/116.0.1938.76 Safari/537.36"
45.79.238.235 - - [31/Mar/2026:16:17:48 +0000] "POST /wp-cron.php?doing_wp_cron=1774973868.7474770545959472656250 HTTP/1.1" 200 - "-" "WordPress/6.8.5; http://chargedev.co.nz"
2a03:2880:f806:3d:: - - [31/Mar/2026:16:17:48 +0000] "GET /products/detail/234255955 HTTP/1.1" 404 146693 "-" "meta-webindexer/1.1 (+https://developers.facebook.com/docs/sharing/webmasters/crawler)"
40.77.167.27 - - [31/Mar/2026:16:18:06 +0000] "GET /free-australian-online-casino/ HTTP/1.1" 200 187731 "-" "Mozilla/5.0 AppleWebKit/537.36 (KHTML, like Gecko; compatible; bingbot/2.0; +http://www.bing.com/bingbot.htm) Chrome/116.0.1938.76 Safari/537.36"
45.79.238.235 - - [31/Mar/2026:16:18:19 +0000] "POST /wp-cron.php?doing_wp_cron=1774973899.6295189857482910156250 HTTP/1.1" 200 - "-" "WordPress/6.8.5; http://chargedev.co.nz"
2a03:2880:f806:2b:: - - [31/Mar/2026:16:18:18 +0000] "GET /products/detail/43354581 HTTP/1.1" 404 146693 "-" "meta-webindexer/1.1 (+https://developers.facebook.com/docs/sharing/webmasters/crawler)"
52.167.144.169 - - [31/Mar/2026:16:19:03 +0000] "GET /casino-pokies-pay-by-phone/ HTTP/1.1" 200 202186 "-" "Mozilla/5.0 AppleWebKit/537.36 (KHTML, like Gecko; compatible; bingbot/2.0; +http://www.bing.com/bingbot.htm) Chrome/116.0.1938.76 Safari/537.36"
52.167.144.232 - - [31/Mar/2026:16:19:27 +0000] "GET /new-top-australian-pokies/ HTTP/1.1" 200 200747 "-" "Mozilla/5.0 AppleWebKit/537.36 (KHTML, like Gecko; compatible; bingbot/2.0; +http://www.bing.com/bingbot.htm) Chrome/116.0.1938.76 Safari/537.36"
45.79.238.235 - - [31/Mar/2026:16:19:39 +0000] "POST /wp-cron.php?doing_wp_cron=1774973979.8144838809967041015625 HTTP/1.1" 200 - "-" "WordPress/6.8.5; http://chargedev.co.nz"
2a03:2880:f806:3a:: - - [31/Mar/2026:16:19:39 +0000] "GET /products/detail/275645612 HTTP/1.1" 404 146693 "-" "meta-webindexer/1.1 (+https://developers.facebook.com/docs/sharing/webmasters/crawler)"
2a03:2880:f806:d:: - - [31/Mar/2026:16:19:41 +0000] "GET /products/detail/105949824 HTTP/1.1" 404 146693 "-" "meta-webindexer/1.1 (+https://developers.facebook.com/docs/sharing/webmasters/crawler)"
2a03:2880:f806:c:: - - [31/Mar/2026:16:19:44 +0000] "GET /products/detail/82087440 HTTP/1.1" 404 146693 "-" "meta-webindexer/1.1 (+https://developers.facebook.com/docs/sharing/webmasters/crawler)"
45.79.238.235 - - [31/Mar/2026:16:20:15 +0000] "POST /wp-cron.php?doing_wp_cron=1774974015.8592131137847900390625 HTTP/1.1" 200 - "-" "WordPress/6.8.5; http://chargedev.co.nz"
2a03:2880:f806:1:: - - [31/Mar/2026:16:20:15 +0000] "GET /products/detail/115981339 HTTP/1.1" 404 146693 "-" "meta-webindexer/1.1 (+https://developers.facebook.com/docs/sharing/webmasters/crawler)"
45.79.238.235 - - [31/Mar/2026:16:21:25 +0000] "POST /wp-cron.php?doing_wp_cron=1774974084.7401430606842041015625 HTTP/1.1" 200 - "-" "WordPress/6.8.5; http://chargedev.co.nz"
2a03:2880:f806:5:: - - [31/Mar/2026:16:21:24 +0000] "GET /products/detail/285750137 HTTP/1.1" 404 146693 "-" "meta-webindexer/1.1 (+https://developers.facebook.com/docs/sharing/webmasters/crawler)"
2a03:2880:f806:1d:: - - [31/Mar/2026:16:21:33 +0000] "GET /products/detail/88257622 HTTP/1.1" 404 146693 "-" "meta-webindexer/1.1 (+https://developers.facebook.com/docs/sharing/webmasters/crawler)"
2a03:2880:f806:1e:: - - [31/Mar/2026:16:21:39 +0000] "GET /products/detail/66436006 HTTP/1.1" 404 146693 "-" "meta-webindexer/1.1 (+https://developers.facebook.com/docs/sharing/webmasters/crawler)"
45.79.238.235 - - [31/Mar/2026:16:21:48 +0000] "POST /wp-cron.php?doing_wp_cron=1774974108.5108819007873535156250 HTTP/1.1" 200 - "-" "WordPress/6.8.5; http://chargedev.co.nz"
2a03:2880:f806:34:: - - [31/Mar/2026:16:21:47 +0000] "GET /products/detail/147164642 HTTP/1.1" 404 146693 "-" "meta-webindexer/1.1 (+https://developers.facebook.com/docs/sharing/webmasters/crawler)"
45.79.238.235 - - [31/Mar/2026:16:22:07 +0000] "POST /wp-cron.php?doing_wp_cron=1774974127.6723411083221435546875 HTTP/1.1" 200 - "-" "WordPress/6.8.5; http://chargedev.co.nz"
2a03:2880:f806:2:: - - [31/Mar/2026:16:22:07 +0000] "GET /products/detail/211695763 HTTP/1.1" 404 146693 "-" "meta-webindexer/1.1 (+https://developers.facebook.com/docs/sharing/webmasters/crawler)"
2a03:2880:f806:25:: - - [31/Mar/2026:16:22:26 +0000] "GET /products/detail/30020864 HTTP/1.1" 404 146693 "-" "meta-webindexer/1.1 (+https://developers.facebook.com/docs/sharing/webmasters/crawler)"
2a03:2880:f806:4:: - - [31/Mar/2026:16:22:27 +0000] "GET /products/detail/67455137 HTTP/1.1" 404 146693 "-" "meta-webindexer/1.1 (+https://developers.facebook.com/docs/sharing/webmasters/crawler)"
2a03:2880:f806:2:: - - [31/Mar/2026:16:22:30 +0000] "GET /products/detail/253211420 HTTP/1.1" 404 146693 "-" "meta-webindexer/1.1 (+https://developers.facebook.com/docs/sharing/webmasters/crawler)"
2a03:2880:f806:32:: - - [31/Mar/2026:16:22:30 +0000] "GET /products/detail/106543602 HTTP/1.1" 404 146693 "-" "meta-webindexer/1.1 (+https://developers.facebook.com/docs/sharing/webmasters/crawler)"
45.79.238.235 - - [31/Mar/2026:16:23:06 +0000] "POST /wp-cron.php?doing_wp_cron=1774974186.0709969997406005859375 HTTP/1.1" 200 - "-" "WordPress/6.8.5; http://chargedev.co.nz"
2a03:2880:f806:9:: - - [31/Mar/2026:16:23:05 +0000] "GET /products/detail/302238248 HTTP/1.1" 404 146693 "-" "meta-webindexer/1.1 (+https://developers.facebook.com/docs/sharing/webmasters/crawler)"
2a03:2880:f806:2d:: - - [31/Mar/2026:16:23:10 +0000] "GET /products/detail/158146228 HTTP/1.1" 404 146693 "-" "meta-webindexer/1.1 (+https://developers.facebook.com/docs/sharing/webmasters/crawler)"
2a03:2880:f806:3e:: - - [31/Mar/2026:16:23:19 +0000] "GET /products/detail/104576642 HTTP/1.1" 404 146693 "-" "meta-webindexer/1.1 (+https://developers.facebook.com/docs/sharing/webmasters/crawler)"
2a03:2880:f806:33:: - - [31/Mar/2026:16:23:20 +0000] "GET /products/detail/74473339 HTTP/1.1" 404 146693 "-" "meta-webindexer/1.1 (+https://developers.facebook.com/docs/sharing/webmasters/crawler)"
2a03:2880:f806:f:: - - [31/Mar/2026:16:23:33 +0000] "GET /products/detail/112364450 HTTP/1.1" 404 146693 "-" "meta-webindexer/1.1 (+https://developers.facebook.com/docs/sharing/webmasters/crawler)"
2a03:2880:f806:26:: - - [31/Mar/2026:16:23:36 +0000] "GET /products/detail/16011682 HTTP/1.1" 404 146693 "-" "meta-webindexer/1.1 (+https://developers.facebook.com/docs/sharing/webmasters/crawler)"
2a03:2880:f806:48:: - - [31/Mar/2026:16:23:46 +0000] "GET /products/detail/231255571 HTTP/1.1" 404 146693 "-" "meta-webindexer/1.1 (+https://developers.facebook.com/docs/sharing/webmasters/crawler)"
2a03:2880:f806:17:: - - [31/Mar/2026:16:23:47 +0000] "GET /products/detail/88088531 HTTP/1.1" 404 146693 "-" "meta-webindexer/1.1 (+https://developers.facebook.com/docs/sharing/webmasters/crawler)"
52.167.144.232 - - [31/Mar/2026:16:24:17 +0000] "GET /gambling-pokies-no-deposit-keep-winnings/ HTTP/1.1" 200 185666 "-" "Mozilla/5.0 AppleWebKit/537.36 (KHTML, like Gecko; compatible; bingbot/2.0; +http://www.bing.com/bingbot.htm) Chrome/116.0.1938.76 Safari/537.36"
45.79.238.235 - - [31/Mar/2026:16:24:46 +0000] "POST /wp-cron.php?doing_wp_cron=1774974286.8301820755004882812500 HTTP/1.1" 200 - "-" "WordPress/6.8.5; http://chargedev.co.nz"
2a03:2880:f806:1d:: - - [31/Mar/2026:16:24:46 +0000] "GET /products/detail/274822228 HTTP/1.1" 404 146693 "-" "meta-webindexer/1.1 (+https://developers.facebook.com/docs/sharing/webmasters/crawler)"
2a03:2880:f806:34:: - - [31/Mar/2026:16:25:21 +0000] "GET /products/detail/48045278 HTTP/1.1" 404 146693 "-" "meta-webindexer/1.1 (+https://developers.facebook.com/docs/sharing/webmasters/crawler)"
2a03:2880:f806:c:: - - [31/Mar/2026:16:25:23 +0000] "GET /products/detail/150342430 HTTP/1.1" 404 146693 "-" "meta-webindexer/1.1 (+https://developers.facebook.com/docs/sharing/webmasters/crawler)"
2a03:2880:f806:15:: - - [31/Mar/2026:16:25:46 +0000] "GET /products/detail/116902036 HTTP/1.1" 404 146693 "-" "meta-webindexer/1.1 (+https://developers.facebook.com/docs/sharing/webmasters/crawler)"
2a03:2880:f806:3d:: - - [31/Mar/2026:16:26:10 +0000] "GET /products/detail/189109935 HTTP/1.1" 404 146693 "-" "meta-webindexer/1.1 (+https://developers.facebook.com/docs/sharing/webmasters/crawler)"
45.79.238.235 - - [31/Mar/2026:16:29:38 +0000] "POST /wp-cron.php?doing_wp_cron=1774974578.3493819236755371093750 HTTP/1.1" 200 - "-" "WordPress/6.8.5; http://chargedev.co.nz"
2a03:2880:f806:9:: - - [31/Mar/2026:16:29:37 +0000] "GET /products/detail/308327420 HTTP/1.1" 404 146693 "-" "meta-webindexer/1.1 (+https://developers.facebook.com/docs/sharing/webmasters/crawler)"
45.79.238.235 - - [31/Mar/2026:16:30:31 +0000] "POST /wp-cron.php?doing_wp_cron=1774974631.1750719547271728515625 HTTP/1.1" 200 - "-" "WordPress/6.8.5; http://chargedev.co.nz"
2a03:2880:f806:1e:: - - [31/Mar/2026:16:30:30 +0000] "GET /products/detail/283114581 HTTP/1.1" 404 146693 "-" "meta-webindexer/1.1 (+https://developers.facebook.com/docs/sharing/webmasters/crawler)"
2a03:2880:f806:10:: - - [31/Mar/2026:16:30:41 +0000] "GET /products/detail/242721682 HTTP/1.1" 404 146693 "-" "meta-webindexer/1.1 (+https://developers.facebook.com/docs/sharing/webmasters/crawler)"
45.79.238.235 - - [31/Mar/2026:16:31:01 +0000] "POST /wp-cron.php?doing_wp_cron=1774974661.1085870265960693359375 HTTP/1.1" 200 - "-" "WordPress/6.8.5; http://chargedev.co.nz"
2a03:2880:f806:8:: - - [31/Mar/2026:16:31:00 +0000] "GET /products/detail/88976612 HTTP/1.1" 404 146693 "-" "meta-webindexer/1.1 (+https://developers.facebook.com/docs/sharing/webmasters/crawler)"
2a03:2880:f806:2:: - - [31/Mar/2026:16:31:17 +0000] "GET /products/detail/268076723 HTTP/1.1" 404 146693 "-" "meta-webindexer/1.1 (+https://developers.facebook.com/docs/sharing/webmasters/crawler)"
2a03:2880:f806:34:: - - [31/Mar/2026:16:31:42 +0000] "GET /products/detail/231366622 HTTP/1.1" 404 146693 "-" "meta-webindexer/1.1 (+https://developers.facebook.com/docs/sharing/webmasters/crawler)"
2a03:2880:f806:a:: - - [31/Mar/2026:16:33:11 +0000] "GET /products/detail/98877733 HTTP/1.1" 404 146693 "-" "meta-webindexer/1.1 (+https://developers.facebook.com/docs/sharing/webmasters/crawler)"
45.79.238.235 - - [31/Mar/2026:16:35:13 +0000] "POST /wp-cron.php?doing_wp_cron=1774974913.8531649112701416015625 HTTP/1.1" 200 - "-" "WordPress/6.8.5; http://chargedev.co.nz"
2a03:2880:f806:44:: - - [31/Mar/2026:16:35:12 +0000] "GET /products/detail/295500278 HTTP/1.1" 404 146693 "-" "meta-webindexer/1.1 (+https://developers.facebook.com/docs/sharing/webmasters/crawler)"
2a03:2880:f806:b:: - - [31/Mar/2026:16:35:33 +0000] "GET /products/detail/89562955 HTTP/1.1" 404 146693 "-" "meta-webindexer/1.1 (+https://developers.facebook.com/docs/sharing/webmasters/crawler)"
2a03:2880:f806:d:: - - [31/Mar/2026:16:35:37 +0000] "GET /products/detail/202357147 HTTP/1.1" 404 146693 "-" "meta-webindexer/1.1 (+https://developers.facebook.com/docs/sharing/webmasters/crawler)"
2a03:2880:f806:2b:: - - [31/Mar/2026:16:35:44 +0000] "GET /products/detail/314195319 HTTP/1.1" 404 146693 "-" "meta-webindexer/1.1 (+https://developers.facebook.com/docs/sharing/webmasters/crawler)"
2a03:2880:f806:28:: - - [31/Mar/2026:16:35:45 +0000] "GET /products/detail/243174844 HTTP/1.1" 404 146693 "-" "meta-webindexer/1.1 (+https://developers.facebook.com/docs/sharing/webmasters/crawler)"
2a03:2880:f806:15:: - - [31/Mar/2026:16:35:45 +0000] "GET /products/detail/49698703 HTTP/1.1" 404 146693 "-" "meta-webindexer/1.1 (+https://developers.facebook.com/docs/sharing/webmasters/crawler)"
