2a03:2880:f806:20:: - - [31/Mar/2026:13:19:39 +0000] "GET /products/detail/241890541 HTTP/1.1" 404 146693 "-" "meta-webindexer/1.1 (+https://developers.facebook.com/docs/sharing/webmasters/crawler)"
2a03:2880:f806:10:: - - [31/Mar/2026:13:19:41 +0000] "GET /products/detail/81739581 HTTP/1.1" 404 146693 "-" "meta-webindexer/1.1 (+https://developers.facebook.com/docs/sharing/webmasters/crawler)"
2a03:2880:f806:2b:: - - [31/Mar/2026:13:19:47 +0000] "GET /pokies-sites-in-australia-like-a-pro/ HTTP/1.1" 200 148992 "-" "meta-webindexer/1.1 (+https://developers.facebook.com/docs/sharing/webmasters/crawler)"
45.79.238.235 - - [31/Mar/2026:13:20:05 +0000] "POST /wp-cron.php?doing_wp_cron=1774963205.9403998851776123046875 HTTP/1.1" 200 - "-" "WordPress/6.8.5; http://chargedev.co.nz"
2a03:2880:f806:16:: - - [31/Mar/2026:13:20:05 +0000] "GET /owning-personal-slot-machines-in-new-zealand/ HTTP/1.1" 200 151122 "-" "meta-webindexer/1.1 (+https://developers.facebook.com/docs/sharing/webmasters/crawler)"
2a03:2880:f806:1b:: - - [31/Mar/2026:13:20:16 +0000] "GET /free-50-pokies-new-zealand/ HTTP/1.1" 200 149281 "-" "meta-webindexer/1.1 (+https://developers.facebook.com/docs/sharing/webmasters/crawler)"
2a03:2880:f806:16:: - - [31/Mar/2026:13:20:18 +0000] "GET /products/detail/148342410 HTTP/1.1" 404 146693 "-" "meta-webindexer/1.1 (+https://developers.facebook.com/docs/sharing/webmasters/crawler)"
52.167.144.159 - - [31/Mar/2026:13:21:08 +0000] "GET /benefits-of-no-deposit-pokies/ HTTP/1.1" 200 191110 "-" "Mozilla/5.0 AppleWebKit/537.36 (KHTML, like Gecko; compatible; bingbot/2.0; +http://www.bing.com/bingbot.htm) Chrome/116.0.1938.76 Safari/537.36"
45.79.238.235 - - [31/Mar/2026:13:21:35 +0000] "POST /wp-cron.php?doing_wp_cron=1774963294.9000840187072753906250 HTTP/1.1" 200 - "-" "WordPress/6.8.5; http://chargedev.co.nz"
2a03:2880:f806:d:: - - [31/Mar/2026:13:21:34 +0000] "GET /pokies-with-bonus-best/ HTTP/1.1" 200 149857 "-" "meta-webindexer/1.1 (+https://developers.facebook.com/docs/sharing/webmasters/crawler)"
45.79.238.235 - - [31/Mar/2026:13:22:05 +0000] "POST /wp-cron.php?doing_wp_cron=1774963325.3267879486083984375000 HTTP/1.1" 200 - "-" "WordPress/6.8.5; http://chargedev.co.nz"
2a03:2880:f806:27:: - - [31/Mar/2026:13:22:04 +0000] "GET /virtual-pokies-australia-10-deposit/ HTTP/1.1" 200 150070 "-" "meta-webindexer/1.1 (+https://developers.facebook.com/docs/sharing/webmasters/crawler)"
2a03:2880:f806:28:: - - [31/Mar/2026:13:22:16 +0000] "GET /products/detail/52614682 HTTP/1.1" 404 146693 "-" "meta-webindexer/1.1 (+https://developers.facebook.com/docs/sharing/webmasters/crawler)"
2a03:2880:f806:46:: - - [31/Mar/2026:13:22:19 +0000] "GET /best-place-to-play-pokies-in-melbourne/ HTTP/1.1" 200 150300 "-" "meta-webindexer/1.1 (+https://developers.facebook.com/docs/sharing/webmasters/crawler)"
2a03:2880:f806:26:: - - [31/Mar/2026:13:22:29 +0000] "GET /products/detail/130125167 HTTP/1.1" 404 146693 "-" "meta-webindexer/1.1 (+https://developers.facebook.com/docs/sharing/webmasters/crawler)"
2a03:2880:f806:1f:: - - [31/Mar/2026:13:22:56 +0000] "GET /products/detail/254037955 HTTP/1.1" 404 146693 "-" "meta-webindexer/1.1 (+https://developers.facebook.com/docs/sharing/webmasters/crawler)"
2a03:2880:f806:28:: - - [31/Mar/2026:13:23:11 +0000] "GET /real-payout-no-registration-pokies/ HTTP/1.1" 200 150612 "-" "meta-webindexer/1.1 (+https://developers.facebook.com/docs/sharing/webmasters/crawler)"
2a03:2880:f806:f:: - - [31/Mar/2026:13:23:14 +0000] "GET /products/detail/157880945 HTTP/1.1" 404 146693 "-" "meta-webindexer/1.1 (+https://developers.facebook.com/docs/sharing/webmasters/crawler)"
52.167.144.196 - - [31/Mar/2026:13:23:29 +0000] "GET /australia-pokies-apps/ HTTP/1.1" 200 190348 "-" "Mozilla/5.0 AppleWebKit/537.36 (KHTML, like Gecko; compatible; bingbot/2.0; +http://www.bing.com/bingbot.htm) Chrome/116.0.1938.76 Safari/537.36"
52.167.144.196 - - [31/Mar/2026:13:23:38 +0000] "GET /recent-slot-winners-in-new-zealand-casino/ HTTP/1.1" 200 185705 "-" "Mozilla/5.0 AppleWebKit/537.36 (KHTML, like Gecko; compatible; bingbot/2.0; +http://www.bing.com/bingbot.htm) Chrome/116.0.1938.76 Safari/537.36"
2a03:2880:f806:1c:: - - [31/Mar/2026:13:24:26 +0000] "GET /the-best-paying-online-pokies/ HTTP/1.1" 200 149500 "-" "meta-webindexer/1.1 (+https://developers.facebook.com/docs/sharing/webmasters/crawler)"
2a03:2880:f806:2d:: - - [31/Mar/2026:13:24:34 +0000] "GET /play-australian-pokies-online-real-money/ HTTP/1.1" 200 151208 "-" "meta-webindexer/1.1 (+https://developers.facebook.com/docs/sharing/webmasters/crawler)"
45.79.238.235 - - [31/Mar/2026:13:24:54 +0000] "POST /wp-cron.php?doing_wp_cron=1774963493.9838919639587402343750 HTTP/1.1" 200 - "-" "WordPress/6.8.5; http://chargedev.co.nz"
2a03:2880:f806:31:: - - [31/Mar/2026:13:24:53 +0000] "GET /new-pokies-in-new-zealand-machines/ HTTP/1.1" 200 149840 "-" "meta-webindexer/1.1 (+https://developers.facebook.com/docs/sharing/webmasters/crawler)"
2a03:2880:f806:1b:: - - [31/Mar/2026:13:24:54 +0000] "GET /free-online-pokies-win/ HTTP/1.1" 200 149276 "-" "meta-webindexer/1.1 (+https://developers.facebook.com/docs/sharing/webmasters/crawler)"
2a03:2880:f806:48:: - - [31/Mar/2026:13:24:55 +0000] "GET /products/detail/83486157 HTTP/1.1" 404 146693 "-" "meta-webindexer/1.1 (+https://developers.facebook.com/docs/sharing/webmasters/crawler)"
45.79.238.235 - - [31/Mar/2026:13:25:08 +0000] "POST /wp-cron.php?doing_wp_cron=1774963508.3496050834655761718750 HTTP/1.1" 200 - "-" "WordPress/6.8.5; http://chargedev.co.nz"
2a03:2880:f806:1f:: - - [31/Mar/2026:13:25:07 +0000] "GET /the-australia-casino-everett/ HTTP/1.1" 200 149267 "-" "meta-webindexer/1.1 (+https://developers.facebook.com/docs/sharing/webmasters/crawler)"
2a03:2880:f806:1a:: - - [31/Mar/2026:13:25:32 +0000] "GET /products/detail/246652551 HTTP/1.1" 404 146693 "-" "meta-webindexer/1.1 (+https://developers.facebook.com/docs/sharing/webmasters/crawler)"
2a03:2880:f806:2d:: - - [31/Mar/2026:13:25:40 +0000] "GET /casino-pokies-australia-no-deposit-signup-bonus/ HTTP/1.1" 200 150333 "-" "meta-webindexer/1.1 (+https://developers.facebook.com/docs/sharing/webmasters/crawler)"
156.146.63.208 - - [31/Mar/2026:13:25:49 +0000] "GET / HTTP/1.1" 403 - "-" "python-requests/2.32.4"
2a03:2880:f806:2:: - - [31/Mar/2026:13:26:08 +0000] "GET /products/detail/271186662 HTTP/1.1" 404 146693 "-" "meta-webindexer/1.1 (+https://developers.facebook.com/docs/sharing/webmasters/crawler)"
2a03:2880:f806:c:: - - [31/Mar/2026:13:26:28 +0000] "GET /deposit-casino-pokies-play-for-real-money/ HTTP/1.1" 200 150481 "-" "meta-webindexer/1.1 (+https://developers.facebook.com/docs/sharing/webmasters/crawler)"
52.167.144.196 - - [31/Mar/2026:13:26:39 +0000] "GET /on-new-zealand-online-slot-games-whats-the-difference-to-free-spins-and-free-games/ HTTP/1.1" 200 190269 "-" "Mozilla/5.0 AppleWebKit/537.36 (KHTML, like Gecko; compatible; bingbot/2.0; +http://www.bing.com/bingbot.htm) Chrome/116.0.1938.76 Safari/537.36"
2a03:2880:f806:16:: - - [31/Mar/2026:13:26:42 +0000] "GET /products/detail/140904137 HTTP/1.1" 404 146693 "-" "meta-webindexer/1.1 (+https://developers.facebook.com/docs/sharing/webmasters/crawler)"
2a03:2880:f806:4:: - - [31/Mar/2026:13:26:42 +0000] "GET /products/detail/170463844 HTTP/1.1" 404 146693 "-" "meta-webindexer/1.1 (+https://developers.facebook.com/docs/sharing/webmasters/crawler)"
45.79.238.235 - - [31/Mar/2026:13:26:54 +0000] "POST /wp-cron.php?doing_wp_cron=1774963614.4259810447692871093750 HTTP/1.1" 200 - "-" "WordPress/6.8.5; http://chargedev.co.nz"
2a03:2880:f806:1e:: - - [31/Mar/2026:13:26:53 +0000] "GET /products/detail/309273652 HTTP/1.1" 404 146693 "-" "meta-webindexer/1.1 (+https://developers.facebook.com/docs/sharing/webmasters/crawler)"
2a03:2880:f806:2e:: - - [31/Mar/2026:13:26:57 +0000] "GET /safe-pokies-free-download/ HTTP/1.1" 200 149600 "-" "meta-webindexer/1.1 (+https://developers.facebook.com/docs/sharing/webmasters/crawler)"
2a03:2880:f806:2b:: - - [31/Mar/2026:13:27:28 +0000] "GET /virtual-pokies-same-day-payout/ HTTP/1.1" 200 150286 "-" "meta-webindexer/1.1 (+https://developers.facebook.com/docs/sharing/webmasters/crawler)"
45.79.238.235 - - [31/Mar/2026:13:27:53 +0000] "POST /wp-cron.php?doing_wp_cron=1774963673.1367399692535400390625 HTTP/1.1" 200 - "-" "WordPress/6.8.5; http://chargedev.co.nz"
2a03:2880:f806:20:: - - [31/Mar/2026:13:27:52 +0000] "GET /can-top-online-pokies-and-casinos-australia-pokies/ HTTP/1.1" 200 150899 "-" "meta-webindexer/1.1 (+https://developers.facebook.com/docs/sharing/webmasters/crawler)"
2a03:2880:f806:1d:: - - [31/Mar/2026:13:27:57 +0000] "GET /products/detail/47817703 HTTP/1.1" 404 146693 "-" "meta-webindexer/1.1 (+https://developers.facebook.com/docs/sharing/webmasters/crawler)"
2a03:2880:f806:2e:: - - [31/Mar/2026:13:27:57 +0000] "GET /products/detail/306694036 HTTP/1.1" 404 146693 "-" "meta-webindexer/1.1 (+https://developers.facebook.com/docs/sharing/webmasters/crawler)"
2a03:2880:f806:3f:: - - [31/Mar/2026:13:27:59 +0000] "GET /win-real-money-slots-au/ HTTP/1.1" 200 150312 "-" "meta-webindexer/1.1 (+https://developers.facebook.com/docs/sharing/webmasters/crawler)"
2a03:2880:f806:46:: - - [31/Mar/2026:13:28:03 +0000] "GET /products/detail/295490046 HTTP/1.1" 404 146693 "-" "meta-webindexer/1.1 (+https://developers.facebook.com/docs/sharing/webmasters/crawler)"
2a03:2880:f806:35:: - - [31/Mar/2026:13:28:03 +0000] "GET /products/detail/184051036 HTTP/1.1" 404 146693 "-" "meta-webindexer/1.1 (+https://developers.facebook.com/docs/sharing/webmasters/crawler)"
2a03:2880:f806:a:: - - [31/Mar/2026:13:28:04 +0000] "GET /gardnerville-nz-casinos/ HTTP/1.1" 200 149679 "-" "meta-webindexer/1.1 (+https://developers.facebook.com/docs/sharing/webmasters/crawler)"
2a03:2880:f806:14:: - - [31/Mar/2026:13:28:11 +0000] "GET /products/detail/194257147 HTTP/1.1" 404 146693 "-" "meta-webindexer/1.1 (+https://developers.facebook.com/docs/sharing/webmasters/crawler)"
2a03:2880:f806:29:: - - [31/Mar/2026:13:28:11 +0000] "GET /products/detail/167341854 HTTP/1.1" 404 146693 "-" "meta-webindexer/1.1 (+https://developers.facebook.com/docs/sharing/webmasters/crawler)"
2a03:2880:f806:1d:: - - [31/Mar/2026:13:28:23 +0000] "GET /new-pokies-online-machine-no-download/ HTTP/1.1" 200 151315 "-" "meta-webindexer/1.1 (+https://developers.facebook.com/docs/sharing/webmasters/crawler)"
45.79.238.235 - - [31/Mar/2026:13:29:10 +0000] "POST /wp-cron.php?doing_wp_cron=1774963749.9802789688110351562500 HTTP/1.1" 200 - "-" "WordPress/6.8.5; http://chargedev.co.nz"
2a03:2880:f806:d:: - - [31/Mar/2026:13:29:09 +0000] "GET /secure-pokies-for-fun/ HTTP/1.1" 200 149675 "-" "meta-webindexer/1.1 (+https://developers.facebook.com/docs/sharing/webmasters/crawler)"
2a03:2880:f806:34:: - - [31/Mar/2026:13:29:18 +0000] "GET /practice-pokies-online-for-free/ HTTP/1.1" 200 150619 "-" "meta-webindexer/1.1 (+https://developers.facebook.com/docs/sharing/webmasters/crawler)"
2a03:2880:f806:9:: - - [31/Mar/2026:13:29:26 +0000] "GET /free-spins-keep-what-you-win-no-deposit-au/ HTTP/1.1" 200 149658 "-" "meta-webindexer/1.1 (+https://developers.facebook.com/docs/sharing/webmasters/crawler)"
2a03:2880:f806:2f:: - - [31/Mar/2026:13:29:31 +0000] "GET /new-online-casinos-for-au-players/ HTTP/1.1" 200 150781 "-" "meta-webindexer/1.1 (+https://developers.facebook.com/docs/sharing/webmasters/crawler)"
2a03:2880:f806:25:: - - [31/Mar/2026:13:29:39 +0000] "GET /products/detail/34705602 HTTP/1.1" 404 146693 "-" "meta-webindexer/1.1 (+https://developers.facebook.com/docs/sharing/webmasters/crawler)"
2a03:2880:f806:3:: - - [31/Mar/2026:13:29:47 +0000] "GET /australian-roulette-probability-calculator/ HTTP/1.1" 200 150090 "-" "meta-webindexer/1.1 (+https://developers.facebook.com/docs/sharing/webmasters/crawler)"
45.79.238.235 - - [31/Mar/2026:13:30:06 +0000] "POST /wp-cron.php?doing_wp_cron=1774963806.2203679084777832031250 HTTP/1.1" 200 - "-" "WordPress/6.8.5; http://chargedev.co.nz"
2a03:2880:f806:1d:: - - [31/Mar/2026:13:30:05 +0000] "GET /deposit-casino-free-game-no-registration-pokies/ HTTP/1.1" 200 150347 "-" "meta-webindexer/1.1 (+https://developers.facebook.com/docs/sharing/webmasters/crawler)"
2a03:2880:f806:1a:: - - [31/Mar/2026:13:30:07 +0000] "GET /products/detail/130987602 HTTP/1.1" 404 146693 "-" "meta-webindexer/1.1 (+https://developers.facebook.com/docs/sharing/webmasters/crawler)"
2a03:2880:f806:2d:: - - [31/Mar/2026:13:30:07 +0000] "GET /products/detail/60846218 HTTP/1.1" 404 146693 "-" "meta-webindexer/1.1 (+https://developers.facebook.com/docs/sharing/webmasters/crawler)"
2a03:2880:f806:24:: - - [31/Mar/2026:13:30:25 +0000] "GET /products/detail/314451925 HTTP/1.1" 404 146693 "-" "meta-webindexer/1.1 (+https://developers.facebook.com/docs/sharing/webmasters/crawler)"
2a03:2880:f806:3f:: - - [31/Mar/2026:13:30:46 +0000] "GET /products/detail/91992511 HTTP/1.1" 404 146693 "-" "meta-webindexer/1.1 (+https://developers.facebook.com/docs/sharing/webmasters/crawler)"
2a03:2880:f806:a:: - - [31/Mar/2026:13:30:49 +0000] "GET /online-casino-slots-real-money-new-zealand/ HTTP/1.1" 200 149886 "-" "meta-webindexer/1.1 (+https://developers.facebook.com/docs/sharing/webmasters/crawler)"
2a03:2880:f806:26:: - - [31/Mar/2026:13:30:50 +0000] "GET /top-10-au-online-casino/ HTTP/1.1" 200 149729 "-" "meta-webindexer/1.1 (+https://developers.facebook.com/docs/sharing/webmasters/crawler)"
45.79.238.235 - - [31/Mar/2026:13:30:57 +0000] "POST /wp-cron.php?doing_wp_cron=1774963857.7483448982238769531250 HTTP/1.1" 200 - "-" "WordPress/6.8.5; http://chargedev.co.nz"
2a03:2880:f806:44:: - - [31/Mar/2026:13:30:57 +0000] "GET /products/detail/130189288 HTTP/1.1" 404 146693 "-" "meta-webindexer/1.1 (+https://developers.facebook.com/docs/sharing/webmasters/crawler)"
2a03:2880:f806:17:: - - [31/Mar/2026:13:31:43 +0000] "GET /products/detail/81549460 HTTP/1.1" 404 146693 "-" "meta-webindexer/1.1 (+https://developers.facebook.com/docs/sharing/webmasters/crawler)"
45.79.238.235 - - [31/Mar/2026:13:31:52 +0000] "POST /wp-cron.php?doing_wp_cron=1774963912.4225990772247314453125 HTTP/1.1" 200 - "-" "WordPress/6.8.5; http://chargedev.co.nz"
2a03:2880:f806:5:: - - [31/Mar/2026:13:31:51 +0000] "GET /tips-to-au-pokies/ HTTP/1.1" 200 149574 "-" "meta-webindexer/1.1 (+https://developers.facebook.com/docs/sharing/webmasters/crawler)"
2a03:2880:f806:1a:: - - [31/Mar/2026:13:32:22 +0000] "GET /products/detail/219961602 HTTP/1.1" 404 146693 "-" "meta-webindexer/1.1 (+https://developers.facebook.com/docs/sharing/webmasters/crawler)"
2a03:2880:f806:c:: - - [31/Mar/2026:13:32:43 +0000] "GET /products/detail/176311036 HTTP/1.1" 404 146693 "-" "meta-webindexer/1.1 (+https://developers.facebook.com/docs/sharing/webmasters/crawler)"
2a03:2880:f806:1f:: - - [31/Mar/2026:13:33:34 +0000] "GET /products/detail/280806329 HTTP/1.1" 404 146693 "-" "meta-webindexer/1.1 (+https://developers.facebook.com/docs/sharing/webmasters/crawler)"
2a03:2880:f806:: - - [31/Mar/2026:13:34:25 +0000] "GET /uptown-pokies-mobile/ HTTP/1.1" 200 149579 "-" "meta-webindexer/1.1 (+https://developers.facebook.com/docs/sharing/webmasters/crawler)"
45.79.238.235 - - [31/Mar/2026:13:34:53 +0000] "POST /wp-cron.php?doing_wp_cron=1774964093.0444250106811523437500 HTTP/1.1" 200 - "-" "WordPress/6.8.5; http://chargedev.co.nz"
2a03:2880:f806:1a:: - - [31/Mar/2026:13:34:52 +0000] "GET /virtual-pokies-free-real-money/ HTTP/1.1" 200 150526 "-" "meta-webindexer/1.1 (+https://developers.facebook.com/docs/sharing/webmasters/crawler)"
2a03:2880:f806:1c:: - - [31/Mar/2026:13:34:56 +0000] "GET /new-casino-in-ridgefield-nz/ HTTP/1.1" 200 149973 "-" "meta-webindexer/1.1 (+https://developers.facebook.com/docs/sharing/webmasters/crawler)"
2a03:2880:f806:f:: - - [31/Mar/2026:13:35:03 +0000] "GET /products/detail/19801602 HTTP/1.1" 404 146693 "-" "meta-webindexer/1.1 (+https://developers.facebook.com/docs/sharing/webmasters/crawler)"
2a03:2880:f806:28:: - - [31/Mar/2026:13:35:22 +0000] "GET /products/detail/16654521 HTTP/1.1" 404 146693 "-" "meta-webindexer/1.1 (+https://developers.facebook.com/docs/sharing/webmasters/crawler)"
2a03:2880:f806:b:: - - [31/Mar/2026:13:35:28 +0000] "GET /products/detail/110893854 HTTP/1.1" 404 146693 "-" "meta-webindexer/1.1 (+https://developers.facebook.com/docs/sharing/webmasters/crawler)"
2a03:2880:f806:17:: - - [31/Mar/2026:13:35:43 +0000] "GET /products/detail/286967501 HTTP/1.1" 404 146693 "-" "meta-webindexer/1.1 (+https://developers.facebook.com/docs/sharing/webmasters/crawler)"
2a03:2880:f806:2d:: - - [31/Mar/2026:13:36:05 +0000] "GET /products/detail/215171016 HTTP/1.1" 404 146693 "-" "meta-webindexer/1.1 (+https://developers.facebook.com/docs/sharing/webmasters/crawler)"
2a03:2880:f806:3a:: - - [31/Mar/2026:13:36:06 +0000] "GET /products/detail/302243864 HTTP/1.1" 404 146693 "-" "meta-webindexer/1.1 (+https://developers.facebook.com/docs/sharing/webmasters/crawler)"
2a03:2880:f806:2e:: - - [31/Mar/2026:13:36:09 +0000] "GET /game-casino-popular-pokies/ HTTP/1.1" 200 149808 "-" "meta-webindexer/1.1 (+https://developers.facebook.com/docs/sharing/webmasters/crawler)"
2a03:2880:f806:9:: - - [31/Mar/2026:13:36:49 +0000] "GET /play-the-top-online-pokies-games-for/ HTTP/1.1" 200 150205 "-" "meta-webindexer/1.1 (+https://developers.facebook.com/docs/sharing/webmasters/crawler)"
2a03:2880:f806:2c:: - - [31/Mar/2026:13:36:59 +0000] "GET /products/detail/104189420 HTTP/1.1" 404 146693 "-" "meta-webindexer/1.1 (+https://developers.facebook.com/docs/sharing/webmasters/crawler)"
2a03:2880:f806:11:: - - [31/Mar/2026:13:37:21 +0000] "GET /products/detail/47031107 HTTP/1.1" 404 146693 "-" "meta-webindexer/1.1 (+https://developers.facebook.com/docs/sharing/webmasters/crawler)"
2a03:2880:f806:3a:: - - [31/Mar/2026:13:37:31 +0000] "GET /casinos-in-victoria-bc-australia/ HTTP/1.1" 200 149843 "-" "meta-webindexer/1.1 (+https://developers.facebook.com/docs/sharing/webmasters/crawler)"
2a03:2880:f806:e:: - - [31/Mar/2026:13:37:36 +0000] "GET /products/detail/111886006 HTTP/1.1" 404 146693 "-" "meta-webindexer/1.1 (+https://developers.facebook.com/docs/sharing/webmasters/crawler)"
45.79.238.235 - - [31/Mar/2026:13:37:53 +0000] "POST /wp-cron.php?doing_wp_cron=1774964273.2655169963836669921875 HTTP/1.1" 200 - "-" "WordPress/6.8.5; http://chargedev.co.nz"
2a03:2880:f806:11:: - - [31/Mar/2026:13:37:52 +0000] "GET /best-slots-app-nz/ HTTP/1.1" 200 149340 "-" "meta-webindexer/1.1 (+https://developers.facebook.com/docs/sharing/webmasters/crawler)"
2a03:2880:f806:48:: - - [31/Mar/2026:13:37:55 +0000] "GET /products/detail/85708036 HTTP/1.1" 404 146693 "-" "meta-webindexer/1.1 (+https://developers.facebook.com/docs/sharing/webmasters/crawler)"
52.167.144.157 - - [31/Mar/2026:13:37:58 +0000] "GET /100-free-spins-no-wagering-nz/ HTTP/1.1" 200 193635 "-" "Mozilla/5.0 AppleWebKit/537.36 (KHTML, like Gecko; compatible; bingbot/2.0; +http://www.bing.com/bingbot.htm) Chrome/116.0.1938.76 Safari/537.36"
2a03:2880:f806:7:: - - [31/Mar/2026:13:38:03 +0000] "GET /new-zealand-casino-download-free-game/ HTTP/1.1" 200 149818 "-" "meta-webindexer/1.1 (+https://developers.facebook.com/docs/sharing/webmasters/crawler)"
2a03:2880:f806:2:: - - [31/Mar/2026:13:38:07 +0000] "GET /australia-online-blackjack-real-money/ HTTP/1.1" 200 150013 "-" "meta-webindexer/1.1 (+https://developers.facebook.com/docs/sharing/webmasters/crawler)"
2a03:2880:f806:a:: - - [31/Mar/2026:13:38:17 +0000] "GET /products/detail/28774581 HTTP/1.1" 404 146693 "-" "meta-webindexer/1.1 (+https://developers.facebook.com/docs/sharing/webmasters/crawler)"
2a03:2880:f806:23:: - - [31/Mar/2026:13:38:20 +0000] "GET /fastest-paying-casino-nz/ HTTP/1.1" 200 149569 "-" "meta-webindexer/1.1 (+https://developers.facebook.com/docs/sharing/webmasters/crawler)"
2a03:2880:f806:29:: - - [31/Mar/2026:13:38:41 +0000] "GET /play-pokies-online-australia-real-money/ HTTP/1.1" 200 149853 "-" "meta-webindexer/1.1 (+https://developers.facebook.com/docs/sharing/webmasters/crawler)"
2a03:2880:f806:20:: - - [31/Mar/2026:13:38:44 +0000] "GET /best-payout-pokies-for-real-money/ HTTP/1.1" 200 150184 "-" "meta-webindexer/1.1 (+https://developers.facebook.com/docs/sharing/webmasters/crawler)"
45.79.238.235 - - [31/Mar/2026:13:39:01 +0000] "POST /wp-cron.php?doing_wp_cron=1774964341.8156189918518066406250 HTTP/1.1" 200 - "-" "WordPress/6.8.5; http://chargedev.co.nz"
2a03:2880:f806:28:: - - [31/Mar/2026:13:39:01 +0000] "GET /deposit-5-casino-au/ HTTP/1.1" 200 149564 "-" "meta-webindexer/1.1 (+https://developers.facebook.com/docs/sharing/webmasters/crawler)"
2a03:2880:f806:16:: - - [31/Mar/2026:13:39:24 +0000] "GET /products/detail/60005157 HTTP/1.1" 404 146693 "-" "meta-webindexer/1.1 (+https://developers.facebook.com/docs/sharing/webmasters/crawler)"
2a03:2880:f806:32:: - - [31/Mar/2026:13:39:24 +0000] "GET /products/detail/55968874 HTTP/1.1" 404 146693 "-" "meta-webindexer/1.1 (+https://developers.facebook.com/docs/sharing/webmasters/crawler)"
2a03:2880:f806:28:: - - [31/Mar/2026:13:39:24 +0000] "GET /products/detail/63925006 HTTP/1.1" 404 146693 "-" "meta-webindexer/1.1 (+https://developers.facebook.com/docs/sharing/webmasters/crawler)"
2a03:2880:f806:30:: - - [31/Mar/2026:13:39:29 +0000] "GET /products/detail/102819844 HTTP/1.1" 404 146693 "-" "meta-webindexer/1.1 (+https://developers.facebook.com/docs/sharing/webmasters/crawler)"
2a03:2880:f806:4:: - - [31/Mar/2026:13:39:30 +0000] "GET /products/detail/86964218 HTTP/1.1" 404 146693 "-" "meta-webindexer/1.1 (+https://developers.facebook.com/docs/sharing/webmasters/crawler)"
45.79.238.235 - - [31/Mar/2026:13:40:07 +0000] "POST /wp-cron.php?doing_wp_cron=1774964407.2042980194091796875000 HTTP/1.1" 200 - "-" "WordPress/6.8.5; http://chargedev.co.nz"
2a03:2880:f806:48:: - - [31/Mar/2026:13:40:06 +0000] "GET /best-online-pokies-australia-app/ HTTP/1.1" 200 149769 "-" "meta-webindexer/1.1 (+https://developers.facebook.com/docs/sharing/webmasters/crawler)"
2a03:2880:f806:3f:: - - [31/Mar/2026:13:40:14 +0000] "GET /free-chips-casino-australia/ HTTP/1.1" 200 149888 "-" "meta-webindexer/1.1 (+https://developers.facebook.com/docs/sharing/webmasters/crawler)"
2a03:2880:f806:15:: - - [31/Mar/2026:13:40:20 +0000] "GET /good-pokies-machines-games/ HTTP/1.1" 200 148925 "-" "meta-webindexer/1.1 (+https://developers.facebook.com/docs/sharing/webmasters/crawler)"
2a03:2880:f806:e:: - - [31/Mar/2026:13:40:41 +0000] "GET /products/detail/18241440 HTTP/1.1" 404 146693 "-" "meta-webindexer/1.1 (+https://developers.facebook.com/docs/sharing/webmasters/crawler)"
2a03:2880:f806:42:: - - [31/Mar/2026:13:40:47 +0000] "GET /pokies-in-new-zealand-cheats/ HTTP/1.1" 200 150485 "-" "meta-webindexer/1.1 (+https://developers.facebook.com/docs/sharing/webmasters/crawler)"
2a03:2880:f806:2d:: - - [31/Mar/2026:13:41:27 +0000] "GET /play-free-safe-casino-pokies-games/ HTTP/1.1" 200 149825 "-" "meta-webindexer/1.1 (+https://developers.facebook.com/docs/sharing/webmasters/crawler)"
216.244.66.200 - - [31/Mar/2026:13:42:15 +0000] "GET /2019chargedev/shop/?orderby=price-desc&number=10&number=12 HTTP/1.1" 403 - "-" "Mozilla/5.0 (compatible; DotBot/1.2; +https://opensiteexplorer.org/dotbot; help@moz.com)"
216.244.66.200 - - [31/Mar/2026:13:42:26 +0000] "GET /2019chargedev/shop/?orderby=price-desc&number=20&number=20 HTTP/1.1" 403 - "-" "Mozilla/5.0 (compatible; DotBot/1.2; +https://opensiteexplorer.org/dotbot; help@moz.com)"
2a03:2880:f806:44:: - - [31/Mar/2026:13:42:45 +0000] "GET /pokies-in-australia-strategies-and-tips/ HTTP/1.1" 200 149912 "-" "meta-webindexer/1.1 (+https://developers.facebook.com/docs/sharing/webmasters/crawler)"
2a03:2880:f806:1a:: - - [31/Mar/2026:13:43:32 +0000] "GET /24-pokies-casino-review/ HTTP/1.1" 200 150493 "-" "meta-webindexer/1.1 (+https://developers.facebook.com/docs/sharing/webmasters/crawler)"
2a03:2880:f806:3e:: - - [31/Mar/2026:13:43:39 +0000] "GET /pay-by-mobile-casino-sites-au/ HTTP/1.1" 200 150472 "-" "meta-webindexer/1.1 (+https://developers.facebook.com/docs/sharing/webmasters/crawler)"
45.79.238.235 - - [31/Mar/2026:13:43:51 +0000] "POST /wp-cron.php?doing_wp_cron=1774964631.7439920902252197265625 HTTP/1.1" 200 - "-" "WordPress/6.8.5; http://chargedev.co.nz"
2a03:2880:f806:19:: - - [31/Mar/2026:13:43:51 +0000] "GET /gambling-website-license-au/ HTTP/1.1" 200 149997 "-" "meta-webindexer/1.1 (+https://developers.facebook.com/docs/sharing/webmasters/crawler)"
2a03:2880:f806:b:: - - [31/Mar/2026:13:43:51 +0000] "GET /products/detail/209711157 HTTP/1.1" 404 146693 "-" "meta-webindexer/1.1 (+https://developers.facebook.com/docs/sharing/webmasters/crawler)"
2a03:2880:f806:4:: - - [31/Mar/2026:13:43:59 +0000] "GET /land-casinos-nz/ HTTP/1.1" 200 149548 "-" "meta-webindexer/1.1 (+https://developers.facebook.com/docs/sharing/webmasters/crawler)"
2a03:2880:f806:20:: - - [31/Mar/2026:13:44:05 +0000] "GET /products/detail/210787228 HTTP/1.1" 404 146693 "-" "meta-webindexer/1.1 (+https://developers.facebook.com/docs/sharing/webmasters/crawler)"
2a03:2880:f806:b:: - - [31/Mar/2026:13:44:24 +0000] "GET /products/detail/258071420 HTTP/1.1" 404 146693 "-" "meta-webindexer/1.1 (+https://developers.facebook.com/docs/sharing/webmasters/crawler)"
2a03:2880:f806:43:: - - [31/Mar/2026:13:44:28 +0000] "GET /online-casino-free-spins-sign-up-au/ HTTP/1.1" 200 150706 "-" "meta-webindexer/1.1 (+https://developers.facebook.com/docs/sharing/webmasters/crawler)"
2a03:2880:f806:7:: - - [31/Mar/2026:13:44:59 +0000] "GET /casino-in-mephis-nz/ HTTP/1.1" 200 149557 "-" "meta-webindexer/1.1 (+https://developers.facebook.com/docs/sharing/webmasters/crawler)"
2a03:2880:f806:5:: - - [31/Mar/2026:13:46:32 +0000] "GET /pet-friendly-casinos-in-australia/ HTTP/1.1" 200 149638 "-" "meta-webindexer/1.1 (+https://developers.facebook.com/docs/sharing/webmasters/crawler)"
2a03:2880:f806:12:: - - [31/Mar/2026:13:46:35 +0000] "GET /pioneer-casino-fernley-nz/ HTTP/1.1" 200 150597 "-" "meta-webindexer/1.1 (+https://developers.facebook.com/docs/sharing/webmasters/crawler)"
2a03:2880:f806:b:: - - [31/Mar/2026:13:46:46 +0000] "GET /best-casino-pokies-with-bonus/ HTTP/1.1" 200 149641 "-" "meta-webindexer/1.1 (+https://developers.facebook.com/docs/sharing/webmasters/crawler)"
45.79.238.235 - - [31/Mar/2026:13:47:51 +0000] "POST /wp-cron.php?doing_wp_cron=1774964871.4657349586486816406250 HTTP/1.1" 200 - "-" "WordPress/6.8.5; http://chargedev.co.nz"
2a03:2880:f806:1c:: - - [31/Mar/2026:13:47:50 +0000] "GET /products/detail/222082905 HTTP/1.1" 404 146693 "-" "meta-webindexer/1.1 (+https://developers.facebook.com/docs/sharing/webmasters/crawler)"
2a03:2880:f806:42:: - - [31/Mar/2026:13:48:00 +0000] "GET /free-333-online-pokies/ HTTP/1.1" 200 150555 "-" "meta-webindexer/1.1 (+https://developers.facebook.com/docs/sharing/webmasters/crawler)"
2a03:2880:f806:34:: - - [31/Mar/2026:13:48:02 +0000] "GET /red-kangaroo-pokie-machine/ HTTP/1.1" 200 150564 "-" "meta-webindexer/1.1 (+https://developers.facebook.com/docs/sharing/webmasters/crawler)"
2a03:2880:f806:16:: - - [31/Mar/2026:13:48:22 +0000] "GET /free-deposit-casino-pokies-with/ HTTP/1.1" 200 149791 "-" "meta-webindexer/1.1 (+https://developers.facebook.com/docs/sharing/webmasters/crawler)"
2a03:2880:f806:: - - [31/Mar/2026:13:48:32 +0000] "GET /new-zealand-slots-free-spins/ HTTP/1.1" 200 150660 "-" "meta-webindexer/1.1 (+https://developers.facebook.com/docs/sharing/webmasters/crawler)"
2a03:2880:f806:2d:: - - [31/Mar/2026:13:48:48 +0000] "GET /play-australian-pokies-online/ HTTP/1.1" 200 149847 "-" "meta-webindexer/1.1 (+https://developers.facebook.com/docs/sharing/webmasters/crawler)"
2a03:2880:f806:26:: - - [31/Mar/2026:13:48:49 +0000] "GET /products/detail/127405581 HTTP/1.1" 404 146693 "-" "meta-webindexer/1.1 (+https://developers.facebook.com/docs/sharing/webmasters/crawler)"
45.79.238.235 - - [31/Mar/2026:13:49:16 +0000] "POST /wp-cron.php?doing_wp_cron=1774964956.1977729797363281250000 HTTP/1.1" 200 - "-" "WordPress/6.8.5; http://chargedev.co.nz"
2a03:2880:f806:8:: - - [31/Mar/2026:13:49:15 +0000] "GET /best-rated-online-casino-australia/ HTTP/1.1" 200 149596 "-" "meta-webindexer/1.1 (+https://developers.facebook.com/docs/sharing/webmasters/crawler)"
2a03:2880:f806:44:: - - [31/Mar/2026:13:49:27 +0000] "GET /live-pokies-bonus-registration/ HTTP/1.1" 200 149808 "-" "meta-webindexer/1.1 (+https://developers.facebook.com/docs/sharing/webmasters/crawler)"
2a03:2880:f806:33:: - - [31/Mar/2026:13:50:31 +0000] "GET /how-you-win-at-online-pokies/ HTTP/1.1" 200 149867 "-" "meta-webindexer/1.1 (+https://developers.facebook.com/docs/sharing/webmasters/crawler)"
2a03:2880:f806:: - - [31/Mar/2026:13:50:44 +0000] "GET /top-australian-online-pokies/ HTTP/1.1" 200 149811 "-" "meta-webindexer/1.1 (+https://developers.facebook.com/docs/sharing/webmasters/crawler)"
2a03:2880:f806:2f:: - - [31/Mar/2026:13:50:48 +0000] "GET /best-payout-casino-pokies-australia/ HTTP/1.1" 200 150012 "-" "meta-webindexer/1.1 (+https://developers.facebook.com/docs/sharing/webmasters/crawler)"
45.79.238.235 - - [31/Mar/2026:13:50:53 +0000] "POST /wp-cron.php?doing_wp_cron=1774965053.1191329956054687500000 HTTP/1.1" 200 - "-" "WordPress/6.8.5; http://chargedev.co.nz"
2a03:2880:f806:9:: - - [31/Mar/2026:13:50:52 +0000] "GET /new-zealand-online-pokies-bonus/ HTTP/1.1" 200 150170 "-" "meta-webindexer/1.1 (+https://developers.facebook.com/docs/sharing/webmasters/crawler)"
2a03:2880:f806:45:: - - [31/Mar/2026:13:51:17 +0000] "GET /real-money-new-zealand-slots/ HTTP/1.1" 200 149354 "-" "meta-webindexer/1.1 (+https://developers.facebook.com/docs/sharing/webmasters/crawler)"
2a03:2880:f806:30:: - - [31/Mar/2026:13:51:29 +0000] "GET /products/detail/97017107 HTTP/1.1" 404 146693 "-" "meta-webindexer/1.1 (+https://developers.facebook.com/docs/sharing/webmasters/crawler)"
2a03:2880:f806:44:: - - [31/Mar/2026:13:51:31 +0000] "GET /products/detail/205051177 HTTP/1.1" 404 146693 "-" "meta-webindexer/1.1 (+https://developers.facebook.com/docs/sharing/webmasters/crawler)"
2a03:2880:f806:41:: - - [31/Mar/2026:13:51:33 +0000] "GET /products/detail/97867713 HTTP/1.1" 404 146693 "-" "meta-webindexer/1.1 (+https://developers.facebook.com/docs/sharing/webmasters/crawler)"
2a03:2880:f806:15:: - - [31/Mar/2026:13:51:38 +0000] "GET /australia-gambling-statistics/ HTTP/1.1" 200 150249 "-" "meta-webindexer/1.1 (+https://developers.facebook.com/docs/sharing/webmasters/crawler)"
2a03:2880:f806:44:: - - [31/Mar/2026:13:51:48 +0000] "GET /free-winning-pokies-no-sign-up/ HTTP/1.1" 200 150363 "-" "meta-webindexer/1.1 (+https://developers.facebook.com/docs/sharing/webmasters/crawler)"
45.79.238.235 - - [31/Mar/2026:13:52:13 +0000] "POST /wp-cron.php?doing_wp_cron=1774965133.3743588924407958984375 HTTP/1.1" 200 - "-" "WordPress/6.8.5; http://chargedev.co.nz"
2a03:2880:f806:33:: - - [31/Mar/2026:13:52:12 +0000] "GET /no-deposit-free-bonus-new-zealand-casinos/ HTTP/1.1" 200 150651 "-" "meta-webindexer/1.1 (+https://developers.facebook.com/docs/sharing/webmasters/crawler)"
2a03:2880:f806:45:: - - [31/Mar/2026:13:52:49 +0000] "GET /the-top-casino-pokies-in-australia-now/ HTTP/1.1" 200 149688 "-" "meta-webindexer/1.1 (+https://developers.facebook.com/docs/sharing/webmasters/crawler)"
2a03:2880:f806:16:: - - [31/Mar/2026:13:53:20 +0000] "GET /free-popular-pokies-with-welcome-bonus-games/ HTTP/1.1" 200 150406 "-" "meta-webindexer/1.1 (+https://developers.facebook.com/docs/sharing/webmasters/crawler)"
2a03:2880:f806:24:: - - [31/Mar/2026:13:53:33 +0000] "GET /products/detail/55277127 HTTP/1.1" 404 146693 "-" "meta-webindexer/1.1 (+https://developers.facebook.com/docs/sharing/webmasters/crawler)"
2a03:2880:f806:33:: - - [31/Mar/2026:13:53:35 +0000] "GET /products/detail/46084066 HTTP/1.1" 404 146693 "-" "meta-webindexer/1.1 (+https://developers.facebook.com/docs/sharing/webmasters/crawler)"
2a03:2880:f806:40:: - - [31/Mar/2026:13:53:35 +0000] "GET /products/detail/129398420 HTTP/1.1" 404 146693 "-" "meta-webindexer/1.1 (+https://developers.facebook.com/docs/sharing/webmasters/crawler)"
2a03:2880:f806:44:: - - [31/Mar/2026:13:53:59 +0000] "GET /real-deposit-casino-pokies-in-new-zealand/ HTTP/1.1" 200 149081 "-" "meta-webindexer/1.1 (+https://developers.facebook.com/docs/sharing/webmasters/crawler)"
2a03:2880:f806:43:: - - [31/Mar/2026:13:54:01 +0000] "GET /profitable-pokies-deposit-casino-sites/ HTTP/1.1" 200 150296 "-" "meta-webindexer/1.1 (+https://developers.facebook.com/docs/sharing/webmasters/crawler)"
40.77.167.6 - - [31/Mar/2026:13:54:11 +0000] "GET /products/detail/124895268 HTTP/1.1" 200 187208 "-" "Mozilla/5.0 AppleWebKit/537.36 (KHTML, like Gecko; compatible; bingbot/2.0; +http://www.bing.com/bingbot.htm) Chrome/116.0.1938.76 Safari/537.36"
2a03:2880:f806:41:: - - [31/Mar/2026:13:54:17 +0000] "GET /most-likely-to-win-pokies-in-new-zealand/ HTTP/1.1" 200 150467 "-" "meta-webindexer/1.1 (+https://developers.facebook.com/docs/sharing/webmasters/crawler)"
2a03:2880:f806:26:: - - [31/Mar/2026:13:54:20 +0000] "GET /best-paying-online-casino-australia/ HTTP/1.1" 200 150193 "-" "meta-webindexer/1.1 (+https://developers.facebook.com/docs/sharing/webmasters/crawler)"
2a03:2880:f806:a:: - - [31/Mar/2026:13:54:22 +0000] "GET /brisbane-casino-au/ HTTP/1.1" 200 149522 "-" "meta-webindexer/1.1 (+https://developers.facebook.com/docs/sharing/webmasters/crawler)"
2a03:2880:f806:35:: - - [31/Mar/2026:13:54:33 +0000] "GET /products/detail/238247127 HTTP/1.1" 404 146693 "-" "meta-webindexer/1.1 (+https://developers.facebook.com/docs/sharing/webmasters/crawler)"
2a03:2880:f806:3c:: - - [31/Mar/2026:13:54:36 +0000] "GET /best-popular-pokies/ HTTP/1.1" 200 149881 "-" "meta-webindexer/1.1 (+https://developers.facebook.com/docs/sharing/webmasters/crawler)"
45.79.238.235 - - [31/Mar/2026:13:55:24 +0000] "POST /wp-cron.php?doing_wp_cron=1774965324.1145420074462890625000 HTTP/1.1" 200 - "-" "WordPress/6.8.5; http://chargedev.co.nz"
2a03:2880:f806:30:: - - [31/Mar/2026:13:55:23 +0000] "GET /products/detail/251942319 HTTP/1.1" 404 146693 "-" "meta-webindexer/1.1 (+https://developers.facebook.com/docs/sharing/webmasters/crawler)"
2a03:2880:f806:1d:: - - [31/Mar/2026:13:55:23 +0000] "GET /products/detail/158867783 HTTP/1.1" 404 146693 "-" "meta-webindexer/1.1 (+https://developers.facebook.com/docs/sharing/webmasters/crawler)"
2a03:2880:f806:2f:: - - [31/Mar/2026:13:55:23 +0000] "GET /products/detail/275336561 HTTP/1.1" 404 146693 "-" "meta-webindexer/1.1 (+https://developers.facebook.com/docs/sharing/webmasters/crawler)"
2a03:2880:f806:1:: - - [31/Mar/2026:13:55:25 +0000] "GET /tax-free-pokies-odds/ HTTP/1.1" 200 149490 "-" "meta-webindexer/1.1 (+https://developers.facebook.com/docs/sharing/webmasters/crawler)"
2a03:2880:f806:31:: - - [31/Mar/2026:13:56:44 +0000] "GET /free-pokies-android-app/ HTTP/1.1" 200 149132 "-" "meta-webindexer/1.1 (+https://developers.facebook.com/docs/sharing/webmasters/crawler)"
45.79.238.235 - - [31/Mar/2026:13:56:53 +0000] "POST /wp-cron.php?doing_wp_cron=1774965413.3320970535278320312500 HTTP/1.1" 200 - "-" "WordPress/6.8.5; http://chargedev.co.nz"
2a03:2880:f806:19:: - - [31/Mar/2026:13:56:52 +0000] "GET /no-deposit-sign-up-bonus-au/ HTTP/1.1" 200 149663 "-" "meta-webindexer/1.1 (+https://developers.facebook.com/docs/sharing/webmasters/crawler)"
2a03:2880:f806:f:: - - [31/Mar/2026:13:57:09 +0000] "GET /products/detail/231970177 HTTP/1.1" 404 146693 "-" "meta-webindexer/1.1 (+https://developers.facebook.com/docs/sharing/webmasters/crawler)"
2a03:2880:f806:2d:: - - [31/Mar/2026:13:57:41 +0000] "GET /products/detail/124151187 HTTP/1.1" 404 146693 "-" "meta-webindexer/1.1 (+https://developers.facebook.com/docs/sharing/webmasters/crawler)"
40.77.167.6 - - [31/Mar/2026:13:57:51 +0000] "GET /free-pokies-queen-of-the-nile/ HTTP/1.1" 200 194276 "-" "Mozilla/5.0 AppleWebKit/537.36 (KHTML, like Gecko; compatible; bingbot/2.0; +http://www.bing.com/bingbot.htm) Chrome/116.0.1938.76 Safari/537.36"
40.77.167.16 - - [31/Mar/2026:13:58:00 +0000] "GET /best-australian-pokies-best-payout-ratio/ HTTP/1.1" 200 201987 "-" "Mozilla/5.0 AppleWebKit/537.36 (KHTML, like Gecko; compatible; bingbot/2.0; +http://www.bing.com/bingbot.htm) Chrome/116.0.1938.76 Safari/537.36"
45.79.238.235 - - [31/Mar/2026:13:58:01 +0000] "POST /wp-cron.php?doing_wp_cron=1774965481.5894970893859863281250 HTTP/1.1" 200 - "-" "WordPress/6.8.5; http://chargedev.co.nz"
2a03:2880:f806:1a:: - - [31/Mar/2026:13:58:00 +0000] "GET /try-new-winning-pokies-free/ HTTP/1.1" 200 149418 "-" "meta-webindexer/1.1 (+https://developers.facebook.com/docs/sharing/webmasters/crawler)"
2a03:2880:f806:3b:: - - [31/Mar/2026:13:58:33 +0000] "GET /you-can-win-at-no-deposit-pokies/ HTTP/1.1" 200 150517 "-" "meta-webindexer/1.1 (+https://developers.facebook.com/docs/sharing/webmasters/crawler)"
2a03:2880:f806:11:: - - [31/Mar/2026:13:58:40 +0000] "GET /how-to-play-online-casino-australia/ HTTP/1.1" 200 150452 "-" "meta-webindexer/1.1 (+https://developers.facebook.com/docs/sharing/webmasters/crawler)"
45.79.238.235 - - [31/Mar/2026:13:58:58 +0000] "POST /wp-cron.php?doing_wp_cron=1774965538.3843080997467041015625 HTTP/1.1" 200 - "-" "WordPress/6.8.5; http://chargedev.co.nz"
2a03:2880:f806:d:: - - [31/Mar/2026:13:58:57 +0000] "GET /products/detail/272536440 HTTP/1.1" 404 146693 "-" "meta-webindexer/1.1 (+https://developers.facebook.com/docs/sharing/webmasters/crawler)"
2a03:2880:f806:f:: - - [31/Mar/2026:13:59:15 +0000] "GET /deposit-casino-pokies-win-real-money/ HTTP/1.1" 200 149702 "-" "meta-webindexer/1.1 (+https://developers.facebook.com/docs/sharing/webmasters/crawler)"
2a03:2880:f806:32:: - - [31/Mar/2026:13:59:45 +0000] "GET /products/detail/140114834 HTTP/1.1" 404 146693 "-" "meta-webindexer/1.1 (+https://developers.facebook.com/docs/sharing/webmasters/crawler)"
45.79.238.235 - - [31/Mar/2026:14:00:03 +0000] "POST /wp-cron.php?doing_wp_cron=1774965603.6527879238128662109375 HTTP/1.1" 200 - "-" "WordPress/6.8.5; http://chargedev.co.nz"
2a03:2880:f806:2c:: - - [31/Mar/2026:14:00:03 +0000] "GET /casino-games-online-nz-to-play-from-the-nz/ HTTP/1.1" 200 149510 "-" "meta-webindexer/1.1 (+https://developers.facebook.com/docs/sharing/webmasters/crawler)"
2a03:2880:f806:26:: - - [31/Mar/2026:14:00:06 +0000] "GET /video-pokies-online-free/ HTTP/1.1" 200 149528 "-" "meta-webindexer/1.1 (+https://developers.facebook.com/docs/sharing/webmasters/crawler)"
2a03:2880:f806:11:: - - [31/Mar/2026:14:00:15 +0000] "GET /personal-gambling-licence-nz/ HTTP/1.1" 200 150589 "-" "meta-webindexer/1.1 (+https://developers.facebook.com/docs/sharing/webmasters/crawler)"
2a03:2880:f806:46:: - - [31/Mar/2026:14:00:57 +0000] "GET /online-pokies-game/ HTTP/1.1" 200 149656 "-" "meta-webindexer/1.1 (+https://developers.facebook.com/docs/sharing/webmasters/crawler)"
45.79.238.235 - - [31/Mar/2026:14:01:01 +0000] "GET /.well-known/acme-challenge/AJYYK3U3BK3ZOTEV65TEH43Q2L3DBFKO HTTP/1.1" 200 64 "-" "Cpanel-HTTP-Client/1.0"
45.79.238.235 - - [31/Mar/2026:14:01:06 +0000] "GET /.well-known/acme-challenge/42KUSE9C_HCJYX_6CZ9OBABALQDNRUT2 HTTP/1.1" 200 64 "-" "Cpanel-HTTP-Client/1.0"
2a03:2880:f806:3f:: - - [31/Mar/2026:14:01:32 +0000] "GET /how-to-win-at-slots-in-new-zealand/ HTTP/1.1" 200 150858 "-" "meta-webindexer/1.1 (+https://developers.facebook.com/docs/sharing/webmasters/crawler)"
2a03:2880:f806:10:: - - [31/Mar/2026:14:01:58 +0000] "GET /win-real-money-at-best-australian-pokies/ HTTP/1.1" 200 149582 "-" "meta-webindexer/1.1 (+https://developers.facebook.com/docs/sharing/webmasters/crawler)"
2a03:2880:f806:11:: - - [31/Mar/2026:14:02:01 +0000] "GET /free-spins-pokies-no-deposit/ HTTP/1.1" 200 149186 "-" "meta-webindexer/1.1 (+https://developers.facebook.com/docs/sharing/webmasters/crawler)"
2a03:2880:f806:31:: - - [31/Mar/2026:14:02:19 +0000] "GET /q-casino-in-winterhaven-au/ HTTP/1.1" 200 150305 "-" "meta-webindexer/1.1 (+https://developers.facebook.com/docs/sharing/webmasters/crawler)"
2a03:2880:f806:48:: - - [31/Mar/2026:14:02:19 +0000] "GET /free-australian-pokies-casino-games-no-downloads/ HTTP/1.1" 200 150287 "-" "meta-webindexer/1.1 (+https://developers.facebook.com/docs/sharing/webmasters/crawler)"
2a03:2880:f806:4:: - - [31/Mar/2026:14:02:39 +0000] "GET /south-australia-and-pokies/ HTTP/1.1" 200 150071 "-" "meta-webindexer/1.1 (+https://developers.facebook.com/docs/sharing/webmasters/crawler)"
2a03:2880:f806:33:: - - [31/Mar/2026:14:02:44 +0000] "GET /pokies-in-australia-bonus-no-deposit/ HTTP/1.1" 200 149995 "-" "meta-webindexer/1.1 (+https://developers.facebook.com/docs/sharing/webmasters/crawler)"
45.79.238.235 - - [31/Mar/2026:14:02:51 +0000] "POST /wp-cron.php?doing_wp_cron=1774965771.2399649620056152343750 HTTP/1.1" 200 - "-" "WordPress/6.8.5; http://chargedev.co.nz"
2a03:2880:f806:10:: - - [31/Mar/2026:14:02:50 +0000] "GET /best-offers-of-pokies-deals/ HTTP/1.1" 200 150093 "-" "meta-webindexer/1.1 (+https://developers.facebook.com/docs/sharing/webmasters/crawler)"
2a03:2880:f806:26:: - - [31/Mar/2026:14:02:52 +0000] "GET /where-can-i-play-popular-pokies/ HTTP/1.1" 200 149754 "-" "meta-webindexer/1.1 (+https://developers.facebook.com/docs/sharing/webmasters/crawler)"
2a03:2880:f806:a:: - - [31/Mar/2026:14:02:57 +0000] "GET /products/detail/218421460 HTTP/1.1" 404 146693 "-" "meta-webindexer/1.1 (+https://developers.facebook.com/docs/sharing/webmasters/crawler)"
2a03:2880:f806:a:: - - [31/Mar/2026:14:03:18 +0000] "GET /free-online-pokies-games-no-download-or-registration/ HTTP/1.1" 200 150553 "-" "meta-webindexer/1.1 (+https://developers.facebook.com/docs/sharing/webmasters/crawler)"
2a03:2880:f806:5:: - - [31/Mar/2026:14:03:27 +0000] "GET /new-pokies-online-free-pokies-machines/ HTTP/1.1" 200 149963 "-" "meta-webindexer/1.1 (+https://developers.facebook.com/docs/sharing/webmasters/crawler)"
2a03:2880:f806:28:: - - [31/Mar/2026:14:03:32 +0000] "GET /best-deals-on-pokies-in-new-zealand/ HTTP/1.1" 200 150257 "-" "meta-webindexer/1.1 (+https://developers.facebook.com/docs/sharing/webmasters/crawler)"
2a03:2880:f806:39:: - - [31/Mar/2026:14:03:39 +0000] "GET /bonus-codes-for-ace-pokies/ HTTP/1.1" 200 150114 "-" "meta-webindexer/1.1 (+https://developers.facebook.com/docs/sharing/webmasters/crawler)"
45.79.238.235 - - [31/Mar/2026:14:03:52 +0000] "POST /wp-cron.php?doing_wp_cron=1774965832.0144000053405761718750 HTTP/1.1" 200 - "-" "WordPress/6.8.5; http://chargedev.co.nz"
2a03:2880:f806:7:: - - [31/Mar/2026:14:03:51 +0000] "GET /products/detail/147613521 HTTP/1.1" 404 146693 "-" "meta-webindexer/1.1 (+https://developers.facebook.com/docs/sharing/webmasters/crawler)"
2a03:2880:f806:8:: - - [31/Mar/2026:14:04:12 +0000] "GET /no-registration-pokies-sg/ HTTP/1.1" 200 149898 "-" "meta-webindexer/1.1 (+https://developers.facebook.com/docs/sharing/webmasters/crawler)"
2a03:2880:f806:d:: - - [31/Mar/2026:14:04:34 +0000] "GET /win-top-australian-pokies-casino/ HTTP/1.1" 200 149529 "-" "meta-webindexer/1.1 (+https://developers.facebook.com/docs/sharing/webmasters/crawler)"
2a03:2880:f806:24:: - - [31/Mar/2026:14:04:38 +0000] "GET /pokies-online-in/ HTTP/1.1" 200 149481 "-" "meta-webindexer/1.1 (+https://developers.facebook.com/docs/sharing/webmasters/crawler)"
2a03:2880:f806:3c:: - - [31/Mar/2026:14:04:50 +0000] "GET /virtual-pokies-real-cash/ HTTP/1.1" 200 150152 "-" "meta-webindexer/1.1 (+https://developers.facebook.com/docs/sharing/webmasters/crawler)"
45.79.238.235 - - [31/Mar/2026:14:05:34 +0000] "POST /wp-cron.php?doing_wp_cron=1774965934.2737948894500732421875 HTTP/1.1" 200 - "-" "WordPress/6.8.5; http://chargedev.co.nz"
2a03:2880:f806:3c:: - - [31/Mar/2026:14:05:33 +0000] "GET /casino-pokies-australia-welcome-bonus/ HTTP/1.1" 200 149999 "-" "meta-webindexer/1.1 (+https://developers.facebook.com/docs/sharing/webmasters/crawler)"
2a03:2880:f806:9:: - - [31/Mar/2026:14:05:41 +0000] "GET /play-best-australian-pokies-with-the-best-online-casinos/ HTTP/1.1" 200 150194 "-" "meta-webindexer/1.1 (+https://developers.facebook.com/docs/sharing/webmasters/crawler)"
2a03:2880:f806:14:: - - [31/Mar/2026:14:06:05 +0000] "GET /best-casino-pokies-to-win-big/ HTTP/1.1" 200 149858 "-" "meta-webindexer/1.1 (+https://developers.facebook.com/docs/sharing/webmasters/crawler)"
2a03:2880:f806:f:: - - [31/Mar/2026:14:06:27 +0000] "GET /gambling-in-australia/ HTTP/1.1" 200 149291 "-" "meta-webindexer/1.1 (+https://developers.facebook.com/docs/sharing/webmasters/crawler)"
2a03:2880:f806:1f:: - - [31/Mar/2026:14:06:38 +0000] "GET /products/detail/130348036 HTTP/1.1" 404 146693 "-" "meta-webindexer/1.1 (+https://developers.facebook.com/docs/sharing/webmasters/crawler)"
2a03:2880:f806:1f:: - - [31/Mar/2026:14:06:46 +0000] "GET /products/detail/66904551 HTTP/1.1" 404 146693 "-" "meta-webindexer/1.1 (+https://developers.facebook.com/docs/sharing/webmasters/crawler)"
45.79.238.235 - - [31/Mar/2026:14:06:51 +0000] "POST /wp-cron.php?doing_wp_cron=1774966011.1083259582519531250000 HTTP/1.1" 200 - "-" "WordPress/6.8.5; http://chargedev.co.nz"
2a03:2880:f806:32:: - - [31/Mar/2026:14:06:50 +0000] "GET /mobile-pokies-cheats/ HTTP/1.1" 200 149288 "-" "meta-webindexer/1.1 (+https://developers.facebook.com/docs/sharing/webmasters/crawler)"
2a03:2880:f806:c:: - - [31/Mar/2026:14:06:54 +0000] "GET /buying-pokie-machines-new-zealand/ HTTP/1.1" 200 149572 "-" "meta-webindexer/1.1 (+https://developers.facebook.com/docs/sharing/webmasters/crawler)"
2a03:2880:f806:10:: - - [31/Mar/2026:14:07:14 +0000] "GET /online-pokies-deposit-casino-free/ HTTP/1.1" 200 149712 "-" "meta-webindexer/1.1 (+https://developers.facebook.com/docs/sharing/webmasters/crawler)"
2a03:2880:f806:39:: - - [31/Mar/2026:14:07:43 +0000] "GET /why-is-casino-not-on-itunes-nz/ HTTP/1.1" 200 149042 "-" "meta-webindexer/1.1 (+https://developers.facebook.com/docs/sharing/webmasters/crawler)"
2a03:2880:f806:43:: - - [31/Mar/2026:14:08:03 +0000] "GET /products/detail/260203177 HTTP/1.1" 404 146693 "-" "meta-webindexer/1.1 (+https://developers.facebook.com/docs/sharing/webmasters/crawler)"
2a03:2880:f806:3d:: - - [31/Mar/2026:14:08:33 +0000] "GET /products/detail/144910369 HTTP/1.1" 404 146693 "-" "meta-webindexer/1.1 (+https://developers.facebook.com/docs/sharing/webmasters/crawler)"
2a03:2880:f806:3f:: - - [31/Mar/2026:14:08:35 +0000] "GET /online-australian-casinos-that-offer-no-deposit-free-bonus/ HTTP/1.1" 200 149511 "-" "meta-webindexer/1.1 (+https://developers.facebook.com/docs/sharing/webmasters/crawler)"
45.79.238.235 - - [31/Mar/2026:14:09:16 +0000] "GET /.well-known/acme-challenge/0PIZQZ8PEMNXP6VAIEF-ASG049GTXPK4 HTTP/1.1" 200 64 "-" "Cpanel-HTTP-Client/1.0"
45.79.238.235 - - [31/Mar/2026:14:09:21 +0000] "GET /.well-known/acme-challenge/K5P9HTRZZLPXNGS740983BB8IXK-0ML3 HTTP/1.1" 200 64 "-" "Cpanel-HTTP-Client/1.0"
2a03:2880:f806:7:: - - [31/Mar/2026:14:09:30 +0000] "GET /game-casino-new-pokies-online/ HTTP/1.1" 200 149643 "-" "meta-webindexer/1.1 (+https://developers.facebook.com/docs/sharing/webmasters/crawler)"
2a03:2880:f806:1f:: - - [31/Mar/2026:14:09:42 +0000] "GET /live-pokies-with-bonus-strategy/ HTTP/1.1" 200 150730 "-" "meta-webindexer/1.1 (+https://developers.facebook.com/docs/sharing/webmasters/crawler)"
45.79.238.235 - - [31/Mar/2026:14:10:08 +0000] "POST /wp-cron.php?doing_wp_cron=1774966208.7944209575653076171875 HTTP/1.1" 200 - "-" "WordPress/6.8.5; http://chargedev.co.nz"
2a03:2880:f806:34:: - - [31/Mar/2026:14:10:08 +0000] "GET /can-you-win-at-best-australian-pokies/ HTTP/1.1" 200 150693 "-" "meta-webindexer/1.1 (+https://developers.facebook.com/docs/sharing/webmasters/crawler)"
2a03:2880:f806:2f:: - - [31/Mar/2026:14:11:13 +0000] "GET /blackjack-city-hall-florissant-au/ HTTP/1.1" 200 150072 "-" "meta-webindexer/1.1 (+https://developers.facebook.com/docs/sharing/webmasters/crawler)"
2a03:2880:f806:24:: - - [31/Mar/2026:14:11:37 +0000] "GET /australian-casino-entertainment-properties/ HTTP/1.1" 200 150093 "-" "meta-webindexer/1.1 (+https://developers.facebook.com/docs/sharing/webmasters/crawler)"
52.167.144.193 - - [31/Mar/2026:14:11:51 +0000] "GET /mobile-online-casino-new-zealand/ HTTP/1.1" 200 189059 "-" "Mozilla/5.0 AppleWebKit/537.36 (KHTML, like Gecko; compatible; bingbot/2.0; +http://www.bing.com/bingbot.htm) Chrome/116.0.1938.76 Safari/537.36"
2a03:2880:f806:4:: - - [31/Mar/2026:14:12:27 +0000] "GET /products/detail/287426268 HTTP/1.1" 404 146693 "-" "meta-webindexer/1.1 (+https://developers.facebook.com/docs/sharing/webmasters/crawler)"
2a03:2880:f806:3c:: - - [31/Mar/2026:14:12:44 +0000] "GET /top-100-safe-pokies/ HTTP/1.1" 200 149956 "-" "meta-webindexer/1.1 (+https://developers.facebook.com/docs/sharing/webmasters/crawler)"
2a03:2880:f806:43:: - - [31/Mar/2026:14:12:48 +0000] "GET /vee-quiva-casino-laveen-nz/ HTTP/1.1" 200 149877 "-" "meta-webindexer/1.1 (+https://developers.facebook.com/docs/sharing/webmasters/crawler)"
2a03:2880:f806:b:: - - [31/Mar/2026:14:12:49 +0000] "GET /online-casino-nz-apps/ HTTP/1.1" 200 150230 "-" "meta-webindexer/1.1 (+https://developers.facebook.com/docs/sharing/webmasters/crawler)"
45.79.238.235 - - [31/Mar/2026:14:12:53 +0000] "POST /wp-cron.php?doing_wp_cron=1774966373.9798820018768310546875 HTTP/1.1" 200 - "-" "WordPress/6.8.5; http://chargedev.co.nz"
2a03:2880:f806:6:: - - [31/Mar/2026:14:12:53 +0000] "GET /casino-in-au-au/ HTTP/1.1" 200 149379 "-" "meta-webindexer/1.1 (+https://developers.facebook.com/docs/sharing/webmasters/crawler)"
2a03:2880:f806:2:: - - [31/Mar/2026:14:12:58 +0000] "GET /pokies-in-australia-for-free-with-bonus-rounds/ HTTP/1.1" 200 150291 "-" "meta-webindexer/1.1 (+https://developers.facebook.com/docs/sharing/webmasters/crawler)"
2a03:2880:f806:3:: - - [31/Mar/2026:14:13:06 +0000] "GET /products/detail/46918470 HTTP/1.1" 404 146693 "-" "meta-webindexer/1.1 (+https://developers.facebook.com/docs/sharing/webmasters/crawler)"
2a03:2880:f806:3e:: - - [31/Mar/2026:14:13:09 +0000] "GET /play-free-safe-popular-pokies-games/ HTTP/1.1" 200 149448 "-" "meta-webindexer/1.1 (+https://developers.facebook.com/docs/sharing/webmasters/crawler)"
