2a03:2880:f806:41:: - - [31/Mar/2026:17:35:27 +0000] "GET /products/detail/317150349 HTTP/1.1" 404 146693 "-" "meta-webindexer/1.1 (+https://developers.facebook.com/docs/sharing/webmasters/crawler)"
2a03:2880:f806:10:: - - [31/Mar/2026:17:35:39 +0000] "GET /products/detail/22050703 HTTP/1.1" 404 146693 "-" "meta-webindexer/1.1 (+https://developers.facebook.com/docs/sharing/webmasters/crawler)"
45.79.238.235 - - [31/Mar/2026:17:36:17 +0000] "POST /wp-cron.php?doing_wp_cron=1774978577.9490768909454345703125 HTTP/1.1" 200 - "-" "WordPress/6.8.5; http://chargedev.co.nz"
2a03:2880:f806:3f:: - - [31/Mar/2026:17:36:17 +0000] "GET /products/detail/238884329 HTTP/1.1" 404 146693 "-" "meta-webindexer/1.1 (+https://developers.facebook.com/docs/sharing/webmasters/crawler)"
2a03:2880:f806:2d:: - - [31/Mar/2026:17:36:17 +0000] "GET /products/detail/183694743 HTTP/1.1" 404 146693 "-" "meta-webindexer/1.1 (+https://developers.facebook.com/docs/sharing/webmasters/crawler)"
2a03:2880:f806:40:: - - [31/Mar/2026:17:36:17 +0000] "GET /products/detail/289156854 HTTP/1.1" 404 146693 "-" "meta-webindexer/1.1 (+https://developers.facebook.com/docs/sharing/webmasters/crawler)"
45.79.238.235 - - [31/Mar/2026:17:37:09 +0000] "POST /wp-cron.php?doing_wp_cron=1774978629.6625819206237792968750 HTTP/1.1" 200 - "-" "WordPress/6.8.5; http://chargedev.co.nz"
2a03:2880:f806:3a:: - - [31/Mar/2026:17:37:08 +0000] "GET / HTTP/1.1" 200 201085 "-" "meta-webindexer/1.1 (+https://developers.facebook.com/docs/sharing/webmasters/crawler)"
45.79.238.235 - - [31/Mar/2026:17:37:55 +0000] "POST /wp-cron.php?doing_wp_cron=1774978675.1091709136962890625000 HTTP/1.1" 200 - "-" "WordPress/6.8.5; http://chargedev.co.nz"
2a03:2880:f806:48:: - - [31/Mar/2026:17:37:54 +0000] "GET /products/detail/254472086 HTTP/1.1" 404 146693 "-" "meta-webindexer/1.1 (+https://developers.facebook.com/docs/sharing/webmasters/crawler)"
2a03:2880:f806:49:: - - [31/Mar/2026:17:38:15 +0000] "GET /products/detail/18916662 HTTP/1.1" 404 146693 "-" "meta-webindexer/1.1 (+https://developers.facebook.com/docs/sharing/webmasters/crawler)"
2a03:2880:f806:45:: - - [31/Mar/2026:17:38:15 +0000] "GET /products/detail/54605480 HTTP/1.1" 404 146693 "-" "meta-webindexer/1.1 (+https://developers.facebook.com/docs/sharing/webmasters/crawler)"
2a03:2880:f806:17:: - - [31/Mar/2026:17:38:34 +0000] "GET /products/detail/288173157 HTTP/1.1" 404 146693 "-" "meta-webindexer/1.1 (+https://developers.facebook.com/docs/sharing/webmasters/crawler)"
2a03:2880:f806:14:: - - [31/Mar/2026:17:38:35 +0000] "GET /products/detail/86002228 HTTP/1.1" 404 146693 "-" "meta-webindexer/1.1 (+https://developers.facebook.com/docs/sharing/webmasters/crawler)"
2a03:2880:f806:1e:: - - [31/Mar/2026:17:38:35 +0000] "GET /products/detail/208757157 HTTP/1.1" 404 146693 "-" "meta-webindexer/1.1 (+https://developers.facebook.com/docs/sharing/webmasters/crawler)"
45.79.238.235 - - [31/Mar/2026:17:38:58 +0000] "POST /wp-cron.php?doing_wp_cron=1774978738.5318810939788818359375 HTTP/1.1" 200 - "-" "WordPress/6.8.5; http://chargedev.co.nz"
2a03:2880:f806:16:: - - [31/Mar/2026:17:38:57 +0000] "GET /products/detail/58500026 HTTP/1.1" 404 146693 "-" "meta-webindexer/1.1 (+https://developers.facebook.com/docs/sharing/webmasters/crawler)"
2a03:2880:f806:7:: - - [31/Mar/2026:17:39:27 +0000] "GET /secure-pokies-legal-in-australia/ HTTP/1.1" 200 149178 "-" "meta-webindexer/1.1 (+https://developers.facebook.com/docs/sharing/webmasters/crawler)"
45.79.238.235 - - [31/Mar/2026:17:40:12 +0000] "POST /wp-cron.php?doing_wp_cron=1774978812.2812840938568115234375 HTTP/1.1" 200 - "-" "WordPress/6.8.5; http://chargedev.co.nz"
2a03:2880:f806:2a:: - - [31/Mar/2026:17:40:11 +0000] "GET /products/detail/194372450 HTTP/1.1" 404 146693 "-" "meta-webindexer/1.1 (+https://developers.facebook.com/docs/sharing/webmasters/crawler)"
2a03:2880:f806:10:: - - [31/Mar/2026:17:40:22 +0000] "GET /products/detail/144534056 HTTP/1.1" 404 146693 "-" "meta-webindexer/1.1 (+https://developers.facebook.com/docs/sharing/webmasters/crawler)"
2a03:2880:f806:3f:: - - [31/Mar/2026:17:40:22 +0000] "GET /products/detail/231497349 HTTP/1.1" 404 146693 "-" "meta-webindexer/1.1 (+https://developers.facebook.com/docs/sharing/webmasters/crawler)"
45.79.238.235 - - [31/Mar/2026:17:41:10 +0000] "POST /wp-cron.php?doing_wp_cron=1774978870.2458930015563964843750 HTTP/1.1" 200 - "-" "WordPress/6.8.5; http://chargedev.co.nz"
2a03:2880:f806:30:: - - [31/Mar/2026:17:41:09 +0000] "GET /products/detail/196152107 HTTP/1.1" 404 146693 "-" "meta-webindexer/1.1 (+https://developers.facebook.com/docs/sharing/webmasters/crawler)"
45.79.238.235 - - [31/Mar/2026:17:41:56 +0000] "POST /wp-cron.php?doing_wp_cron=1774978915.6166920661926269531250 HTTP/1.1" 200 - "-" "WordPress/6.8.5; http://chargedev.co.nz"
2a03:2880:f806:34:: - - [31/Mar/2026:17:41:54 +0000] "GET /products/detail/46030410 HTTP/1.1" 404 146693 "-" "meta-webindexer/1.1 (+https://developers.facebook.com/docs/sharing/webmasters/crawler)"
2a03:2880:f806:43:: - - [31/Mar/2026:17:42:17 +0000] "GET /products/detail/81150985 HTTP/1.1" 404 146693 "-" "meta-webindexer/1.1 (+https://developers.facebook.com/docs/sharing/webmasters/crawler)"
45.79.238.235 - - [31/Mar/2026:17:42:56 +0000] "POST /wp-cron.php?doing_wp_cron=1774978976.0805370807647705078125 HTTP/1.1" 200 - "-" "WordPress/6.8.5; http://chargedev.co.nz"
34.66.7.109 - - [31/Mar/2026:17:42:55 +0000] "GET / HTTP/1.1" 200 201085 "-" "Mozilla/5.0 (compatible; CMS-Checker/1.0; +https://example.com)"
2a03:2880:f806:40:: - - [31/Mar/2026:17:43:07 +0000] "GET /products/detail/214145127 HTTP/1.1" 404 146693 "-" "meta-webindexer/1.1 (+https://developers.facebook.com/docs/sharing/webmasters/crawler)"
2a03:2880:f806:2c:: - - [31/Mar/2026:17:43:38 +0000] "GET /products/detail/53715733 HTTP/1.1" 404 146693 "-" "meta-webindexer/1.1 (+https://developers.facebook.com/docs/sharing/webmasters/crawler)"
2a03:2880:f806:15:: - - [31/Mar/2026:17:43:39 +0000] "GET /products/detail/170204975 HTTP/1.1" 404 146693 "-" "meta-webindexer/1.1 (+https://developers.facebook.com/docs/sharing/webmasters/crawler)"
45.79.238.235 - - [31/Mar/2026:17:44:48 +0000] "POST /wp-cron.php?doing_wp_cron=1774979088.5175080299377441406250 HTTP/1.1" 200 - "-" "WordPress/6.8.5; http://chargedev.co.nz"
2a03:2880:f806:f:: - - [31/Mar/2026:17:44:47 +0000] "GET /products/detail/67317329 HTTP/1.1" 404 146693 "-" "meta-webindexer/1.1 (+https://developers.facebook.com/docs/sharing/webmasters/crawler)"
2a03:2880:f806:23:: - - [31/Mar/2026:17:44:47 +0000] "GET /products/detail/168371804 HTTP/1.1" 404 146693 "-" "meta-webindexer/1.1 (+https://developers.facebook.com/docs/sharing/webmasters/crawler)"
45.79.238.235 - - [31/Mar/2026:17:45:11 +0000] "POST /wp-cron.php?doing_wp_cron=1774979111.6217598915100097656250 HTTP/1.1" 200 - "-" "WordPress/6.8.5; http://chargedev.co.nz"
2a03:2880:f806:34:: - - [31/Mar/2026:17:45:11 +0000] "GET /products/detail/35131288 HTTP/1.1" 404 146693 "-" "meta-webindexer/1.1 (+https://developers.facebook.com/docs/sharing/webmasters/crawler)"
2a03:2880:f806:3f:: - - [31/Mar/2026:17:45:19 +0000] "GET /products/detail/260320632 HTTP/1.1" 404 146693 "-" "meta-webindexer/1.1 (+https://developers.facebook.com/docs/sharing/webmasters/crawler)"
45.79.238.235 - - [31/Mar/2026:17:45:53 +0000] "POST /wp-cron.php?doing_wp_cron=1774979153.1021349430084228515625 HTTP/1.1" 200 - "-" "WordPress/6.8.5; http://chargedev.co.nz"
2a03:2880:f806:12:: - - [31/Mar/2026:17:45:52 +0000] "GET /products/detail/21275016 HTTP/1.1" 404 146693 "-" "meta-webindexer/1.1 (+https://developers.facebook.com/docs/sharing/webmasters/crawler)"
2a03:2880:f806:25:: - - [31/Mar/2026:17:45:52 +0000] "GET /products/detail/139489006 HTTP/1.1" 404 146693 "-" "meta-webindexer/1.1 (+https://developers.facebook.com/docs/sharing/webmasters/crawler)"
2a03:2880:f806:2:: - - [31/Mar/2026:17:45:53 +0000] "GET /products/detail/220523187 HTTP/1.1" 404 146693 "-" "meta-webindexer/1.1 (+https://developers.facebook.com/docs/sharing/webmasters/crawler)"
2a03:2880:f806:f:: - - [31/Mar/2026:17:46:02 +0000] "GET /products/detail/100291632 HTTP/1.1" 404 146693 "-" "meta-webindexer/1.1 (+https://developers.facebook.com/docs/sharing/webmasters/crawler)"
2a03:2880:f806:16:: - - [31/Mar/2026:17:46:07 +0000] "GET /products/detail/128954945 HTTP/1.1" 404 146693 "-" "meta-webindexer/1.1 (+https://developers.facebook.com/docs/sharing/webmasters/crawler)"
2a03:2880:f806:1:: - - [31/Mar/2026:17:46:18 +0000] "GET /products/detail/86931703 HTTP/1.1" 404 146693 "-" "meta-webindexer/1.1 (+https://developers.facebook.com/docs/sharing/webmasters/crawler)"
2a03:2880:f806:32:: - - [31/Mar/2026:17:46:18 +0000] "GET /products/detail/23862733 HTTP/1.1" 404 146693 "-" "meta-webindexer/1.1 (+https://developers.facebook.com/docs/sharing/webmasters/crawler)"
2a03:2880:f806:33:: - - [31/Mar/2026:17:46:35 +0000] "GET /products/detail/288500531 HTTP/1.1" 404 146693 "-" "meta-webindexer/1.1 (+https://developers.facebook.com/docs/sharing/webmasters/crawler)"
2a03:2880:f806:d:: - - [31/Mar/2026:17:46:36 +0000] "GET /products/detail/126198248 HTTP/1.1" 404 146693 "-" "meta-webindexer/1.1 (+https://developers.facebook.com/docs/sharing/webmasters/crawler)"
2a03:2880:f806:22:: - - [31/Mar/2026:17:46:36 +0000] "GET /products/detail/265935511 HTTP/1.1" 404 146693 "-" "meta-webindexer/1.1 (+https://developers.facebook.com/docs/sharing/webmasters/crawler)"
45.79.238.235 - - [31/Mar/2026:17:50:01 +0000] "POST /wp-cron.php?doing_wp_cron=1774979400.8726460933685302734375 HTTP/1.1" 200 - "-" "WordPress/6.8.5; http://chargedev.co.nz"
2a03:2880:f806:26:: - - [31/Mar/2026:17:50:00 +0000] "GET /products/detail/273655369 HTTP/1.1" 404 146693 "-" "meta-webindexer/1.1 (+https://developers.facebook.com/docs/sharing/webmasters/crawler)"
2a03:2880:f806:31:: - - [31/Mar/2026:17:50:00 +0000] "GET /products/detail/200790814 HTTP/1.1" 404 146693 "-" "meta-webindexer/1.1 (+https://developers.facebook.com/docs/sharing/webmasters/crawler)"
2a03:2880:f806:b:: - - [31/Mar/2026:17:50:00 +0000] "GET /products/detail/143824066 HTTP/1.1" 404 146693 "-" "meta-webindexer/1.1 (+https://developers.facebook.com/docs/sharing/webmasters/crawler)"
2a03:2880:f806:32:: - - [31/Mar/2026:17:50:41 +0000] "GET /products/detail/64290844 HTTP/1.1" 404 146693 "-" "meta-webindexer/1.1 (+https://developers.facebook.com/docs/sharing/webmasters/crawler)"
2a03:2880:f806:2d:: - - [31/Mar/2026:17:51:47 +0000] "GET /products/detail/114848127 HTTP/1.1" 404 146693 "-" "meta-webindexer/1.1 (+https://developers.facebook.com/docs/sharing/webmasters/crawler)"
45.79.238.235 - - [31/Mar/2026:17:54:23 +0000] "POST /wp-cron.php?doing_wp_cron=1774979663.8235199451446533203125 HTTP/1.1" 200 - "-" "WordPress/6.8.5; http://chargedev.co.nz"
2a03:2880:f806:2:: - - [31/Mar/2026:17:54:23 +0000] "GET /products/detail/205320400 HTTP/1.1" 404 146693 "-" "meta-webindexer/1.1 (+https://developers.facebook.com/docs/sharing/webmasters/crawler)"
2a03:2880:f806:2:: - - [31/Mar/2026:17:59:27 +0000] "GET /products/detail/133982804 HTTP/1.1" 404 146693 "-" "meta-webindexer/1.1 (+https://developers.facebook.com/docs/sharing/webmasters/crawler)"
45.79.238.235 - - [31/Mar/2026:18:00:13 +0000] "POST /wp-cron.php?doing_wp_cron=1774980013.1719319820404052734375 HTTP/1.1" 200 - "-" "WordPress/6.8.5; http://chargedev.co.nz"
2a03:2880:f806:2:: - - [31/Mar/2026:18:00:12 +0000] "GET /products/detail/133589480 HTTP/1.1" 404 146693 "-" "meta-webindexer/1.1 (+https://developers.facebook.com/docs/sharing/webmasters/crawler)"
45.79.238.235 - - [31/Mar/2026:18:01:58 +0000] "POST /wp-cron.php?doing_wp_cron=1774980118.0397059917449951171875 HTTP/1.1" 200 - "-" "WordPress/6.8.5; http://chargedev.co.nz"
2a03:2880:f806:e:: - - [31/Mar/2026:18:01:57 +0000] "GET /products/detail/286389682 HTTP/1.1" 404 146693 "-" "meta-webindexer/1.1 (+https://developers.facebook.com/docs/sharing/webmasters/crawler)"
2a03:2880:f806:15:: - - [31/Mar/2026:18:01:57 +0000] "GET /products/detail/231967602 HTTP/1.1" 404 146693 "-" "meta-webindexer/1.1 (+https://developers.facebook.com/docs/sharing/webmasters/crawler)"
2a03:2880:f806:a:: - - [31/Mar/2026:18:02:20 +0000] "GET /products/detail/75785753 HTTP/1.1" 404 146693 "-" "meta-webindexer/1.1 (+https://developers.facebook.com/docs/sharing/webmasters/crawler)"
45.79.238.235 - - [31/Mar/2026:18:03:44 +0000] "POST /wp-cron.php?doing_wp_cron=1774980224.3946630954742431640625 HTTP/1.1" 200 - "-" "WordPress/6.8.5; http://chargedev.co.nz"
2a03:2880:f806:12:: - - [31/Mar/2026:18:03:43 +0000] "GET /products/detail/235310187 HTTP/1.1" 404 146693 "-" "meta-webindexer/1.1 (+https://developers.facebook.com/docs/sharing/webmasters/crawler)"
2a03:2880:f806:24:: - - [31/Mar/2026:18:03:43 +0000] "GET /products/detail/131233965 HTTP/1.1" 404 146693 "-" "meta-webindexer/1.1 (+https://developers.facebook.com/docs/sharing/webmasters/crawler)"
2a03:2880:f806:40:: - - [31/Mar/2026:18:03:46 +0000] "GET /products/detail/97858824 HTTP/1.1" 404 146693 "-" "meta-webindexer/1.1 (+https://developers.facebook.com/docs/sharing/webmasters/crawler)"
2a03:2880:f806:26:: - - [31/Mar/2026:18:03:46 +0000] "GET /products/detail/70284389 HTTP/1.1" 404 146693 "-" "meta-webindexer/1.1 (+https://developers.facebook.com/docs/sharing/webmasters/crawler)"
45.79.238.235 - - [31/Mar/2026:18:04:56 +0000] "POST /wp-cron.php?doing_wp_cron=1774980296.1403219699859619140625 HTTP/1.1" 200 - "-" "WordPress/6.8.5; http://chargedev.co.nz"
34.61.30.127 - - [31/Mar/2026:18:04:55 +0000] "GET / HTTP/1.1" 301 - "-" "Mozilla/5.0 (compatible; CMS-Checker/1.0; +https://example.com)"
34.61.30.127 - - [31/Mar/2026:18:04:57 +0000] "GET / HTTP/1.1" 200 201085 "http://www.chargedev.co.nz" "Mozilla/5.0 (compatible; CMS-Checker/1.0; +https://example.com)"
45.79.238.235 - - [31/Mar/2026:18:10:34 +0000] "POST /wp-cron.php?doing_wp_cron=1774980634.4059970378875732421875 HTTP/1.1" 200 - "-" "WordPress/6.8.5; http://chargedev.co.nz"
2a03:2880:f806:d:: - - [31/Mar/2026:18:10:33 +0000] "GET /products/detail/68809177 HTTP/1.1" 404 146693 "-" "meta-webindexer/1.1 (+https://developers.facebook.com/docs/sharing/webmasters/crawler)"
2a03:2880:f806:e:: - - [31/Mar/2026:18:10:34 +0000] "GET /products/detail/308060783 HTTP/1.1" 404 146693 "-" "meta-webindexer/1.1 (+https://developers.facebook.com/docs/sharing/webmasters/crawler)"
2a03:2880:f806:20:: - - [31/Mar/2026:18:10:34 +0000] "GET /products/detail/40475046 HTTP/1.1" 404 146693 "-" "meta-webindexer/1.1 (+https://developers.facebook.com/docs/sharing/webmasters/crawler)"
45.79.238.235 - - [31/Mar/2026:18:13:25 +0000] "POST /wp-cron.php?doing_wp_cron=1774980805.6504800319671630859375 HTTP/1.1" 200 - "-" "WordPress/6.8.5; http://chargedev.co.nz"
45.79.238.235 - - [31/Mar/2026:18:13:25 +0000] "POST /wp-cron.php?doing_wp_cron=1774980805.7263619899749755859375 HTTP/1.1" 200 - "-" "WordPress/6.8.5; http://chargedev.co.nz"
45.79.238.235 - - [31/Mar/2026:18:13:25 +0000] "POST /wp-cron.php?doing_wp_cron=1774980805.7672970294952392578125 HTTP/1.1" 200 - "-" "WordPress/6.8.5; http://chargedev.co.nz"
45.79.238.235 - - [31/Mar/2026:18:13:25 +0000] "POST /wp-cron.php?doing_wp_cron=1774980805.7666370868682861328125 HTTP/1.1" 200 - "-" "WordPress/6.8.5; http://chargedev.co.nz"
2a03:2880:f806:28:: - - [31/Mar/2026:18:13:24 +0000] "GET /products/detail/210345874 HTTP/1.1" 404 146693 "-" "meta-webindexer/1.1 (+https://developers.facebook.com/docs/sharing/webmasters/crawler)"
2a03:2880:f806:25:: - - [31/Mar/2026:18:13:24 +0000] "GET /products/detail/44327480 HTTP/1.1" 404 146693 "-" "meta-webindexer/1.1 (+https://developers.facebook.com/docs/sharing/webmasters/crawler)"
45.79.238.235 - - [31/Mar/2026:18:13:56 +0000] "POST /wp-cron.php?doing_wp_cron=1774980836.4363269805908203125000 HTTP/1.1" 200 - "-" "WordPress/6.8.5; http://chargedev.co.nz"
2a03:2880:f806:9:: - - [31/Mar/2026:18:13:55 +0000] "GET /products/detail/31048662 HTTP/1.1" 404 146693 "-" "meta-webindexer/1.1 (+https://developers.facebook.com/docs/sharing/webmasters/crawler)"
2a03:2880:f806:9:: - - [31/Mar/2026:18:14:18 +0000] "GET /products/detail/284632905 HTTP/1.1" 404 146693 "-" "meta-webindexer/1.1 (+https://developers.facebook.com/docs/sharing/webmasters/crawler)"
45.79.238.235 - - [31/Mar/2026:18:16:08 +0000] "POST /wp-cron.php?doing_wp_cron=1774980967.8426909446716308593750 HTTP/1.1" 200 - "-" "WordPress/6.8.5; http://chargedev.co.nz"
2a03:2880:f806:13:: - - [31/Mar/2026:18:16:07 +0000] "GET /products/detail/243826551 HTTP/1.1" 404 146693 "-" "meta-webindexer/1.1 (+https://developers.facebook.com/docs/sharing/webmasters/crawler)"
2a03:2880:f806:3:: - - [31/Mar/2026:18:16:07 +0000] "GET /products/detail/38445763 HTTP/1.1" 404 146693 "-" "meta-webindexer/1.1 (+https://developers.facebook.com/docs/sharing/webmasters/crawler)"
45.79.238.235 - - [31/Mar/2026:18:17:25 +0000] "POST /wp-cron.php?doing_wp_cron=1774981045.5952000617980957031250 HTTP/1.1" 200 - "-" "WordPress/6.8.5; http://chargedev.co.nz"
2a03:2880:f806:1e:: - - [31/Mar/2026:18:17:24 +0000] "GET /products/detail/118095086 HTTP/1.1" 404 146693 "-" "meta-webindexer/1.1 (+https://developers.facebook.com/docs/sharing/webmasters/crawler)"
2a03:2880:f806:46:: - - [31/Mar/2026:18:17:25 +0000] "GET /products/detail/192121006 HTTP/1.1" 404 146693 "-" "meta-webindexer/1.1 (+https://developers.facebook.com/docs/sharing/webmasters/crawler)"
45.79.238.235 - - [31/Mar/2026:18:18:01 +0000] "POST /wp-cron.php?doing_wp_cron=1774981081.3853120803833007812500 HTTP/1.1" 200 - "-" "WordPress/6.8.5; http://chargedev.co.nz"
2a03:2880:f806:3b:: - - [31/Mar/2026:18:18:00 +0000] "GET /products/detail/141185612 HTTP/1.1" 404 146693 "-" "meta-webindexer/1.1 (+https://developers.facebook.com/docs/sharing/webmasters/crawler)"
2a03:2880:f806:1:: - - [31/Mar/2026:18:18:24 +0000] "GET /products/detail/93300086 HTTP/1.1" 404 146693 "-" "meta-webindexer/1.1 (+https://developers.facebook.com/docs/sharing/webmasters/crawler)"
45.79.238.235 - - [31/Mar/2026:18:18:55 +0000] "POST /wp-cron.php?doing_wp_cron=1774981135.7115609645843505859375 HTTP/1.1" 200 - "-" "WordPress/6.8.5; http://chargedev.co.nz"
2a03:2880:f806:21:: - - [31/Mar/2026:18:18:54 +0000] "GET /products/detail/131929551 HTTP/1.1" 404 146693 "-" "meta-webindexer/1.1 (+https://developers.facebook.com/docs/sharing/webmasters/crawler)"
2a03:2880:f806:1b:: - - [31/Mar/2026:18:19:42 +0000] "GET /products/detail/161461824 HTTP/1.1" 404 146693 "-" "meta-webindexer/1.1 (+https://developers.facebook.com/docs/sharing/webmasters/crawler)"
45.79.238.235 - - [31/Mar/2026:18:20:23 +0000] "POST /wp-cron.php?doing_wp_cron=1774981223.8994739055633544921875 HTTP/1.1" 200 - "-" "WordPress/6.8.5; http://chargedev.co.nz"
2a03:2880:f806:20:: - - [31/Mar/2026:18:20:23 +0000] "GET /products/detail/272852349 HTTP/1.1" 404 146693 "-" "meta-webindexer/1.1 (+https://developers.facebook.com/docs/sharing/webmasters/crawler)"
45.79.238.235 - - [31/Mar/2026:18:21:11 +0000] "POST /wp-cron.php?doing_wp_cron=1774981270.9693078994750976562500 HTTP/1.1" 200 - "-" "WordPress/6.8.5; http://chargedev.co.nz"
2a03:2880:f806:41:: - - [31/Mar/2026:18:21:10 +0000] "GET /products/detail/205889420 HTTP/1.1" 404 146693 "-" "meta-webindexer/1.1 (+https://developers.facebook.com/docs/sharing/webmasters/crawler)"
45.79.238.235 - - [31/Mar/2026:18:22:55 +0000] "POST /wp-cron.php?doing_wp_cron=1774981374.9948179721832275390625 HTTP/1.1" 200 - "-" "WordPress/6.8.5; http://chargedev.co.nz"
2a03:2880:f806:28:: - - [31/Mar/2026:18:22:54 +0000] "GET /vip-casino-new-zealand-review/ HTTP/1.1" 200 149426 "-" "meta-webindexer/1.1 (+https://developers.facebook.com/docs/sharing/webmasters/crawler)"
43.157.52.37 - - [31/Mar/2026:18:23:03 +0000] "GET / HTTP/1.1" 301 - "-" "Mozilla/5.0 (iPhone; CPU iPhone OS 13_2_3 like Mac OS X) AppleWebKit/605.1.15 (KHTML, like Gecko) Version/13.0.3 Mobile/15E148 Safari/604.1"
43.157.52.37 - - [31/Mar/2026:18:23:05 +0000] "GET / HTTP/1.1" 200 201096 "http://www.chargedev.co.nz" "Mozilla/5.0 (iPhone; CPU iPhone OS 13_2_3 like Mac OS X) AppleWebKit/605.1.15 (KHTML, like Gecko) Version/13.0.3 Mobile/15E148 Safari/604.1"
2a03:2880:f806:c:: - - [31/Mar/2026:18:23:22 +0000] "GET /products/detail/150057026 HTTP/1.1" 404 146693 "-" "meta-webindexer/1.1 (+https://developers.facebook.com/docs/sharing/webmasters/crawler)"
2a03:2880:f806:3:: - - [31/Mar/2026:18:23:35 +0000] "GET /products/detail/153042874 HTTP/1.1" 404 146693 "-" "meta-webindexer/1.1 (+https://developers.facebook.com/docs/sharing/webmasters/crawler)"
45.79.238.235 - - [31/Mar/2026:18:24:27 +0000] "POST /wp-cron.php?doing_wp_cron=1774981467.3831670284271240234375 HTTP/1.1" 200 - "-" "WordPress/6.8.5; http://chargedev.co.nz"
2a03:2880:f806:2b:: - - [31/Mar/2026:18:24:26 +0000] "GET /products/detail/302247925 HTTP/1.1" 404 146693 "-" "meta-webindexer/1.1 (+https://developers.facebook.com/docs/sharing/webmasters/crawler)"
45.79.238.235 - - [31/Mar/2026:18:24:58 +0000] "POST /wp-cron.php?doing_wp_cron=1774981498.0360689163208007812500 HTTP/1.1" 200 - "-" "WordPress/6.8.5; http://chargedev.co.nz"
54.250.53.16 - - [31/Mar/2026:18:24:54 +0000] "GET / HTTP/1.1" 200 201085 "-" "Mozilla/5.0 (Windows NT 10.0; Win64; x64) AppleWebKit/537.36 (KHTML, like Gecko) Chrome/120.0.0.0 Safari/537.36"
2a03:2880:f806:d:: - - [31/Mar/2026:18:25:20 +0000] "GET /products/detail/172638682 HTTP/1.1" 404 146693 "-" "meta-webindexer/1.1 (+https://developers.facebook.com/docs/sharing/webmasters/crawler)"
2a03:2880:f806:19:: - - [31/Mar/2026:18:25:20 +0000] "GET /products/detail/61595238 HTTP/1.1" 404 146693 "-" "meta-webindexer/1.1 (+https://developers.facebook.com/docs/sharing/webmasters/crawler)"
2a03:2880:f806:3e:: - - [31/Mar/2026:18:25:20 +0000] "GET /products/detail/105741460 HTTP/1.1" 404 146693 "-" "meta-webindexer/1.1 (+https://developers.facebook.com/docs/sharing/webmasters/crawler)"
45.79.238.235 - - [31/Mar/2026:18:26:59 +0000] "POST /wp-cron.php?doing_wp_cron=1774981619.5068991184234619140625 HTTP/1.1" 200 - "-" "WordPress/6.8.5; http://chargedev.co.nz"
2a03:2880:f806:30:: - - [31/Mar/2026:18:26:57 +0000] "GET /playing-slots-in-australia/ HTTP/1.1" 200 149607 "-" "meta-webindexer/1.1 (+https://developers.facebook.com/docs/sharing/webmasters/crawler)"
45.79.238.235 - - [31/Mar/2026:18:31:04 +0000] "POST /wp-cron.php?doing_wp_cron=1774981864.2050321102142333984375 HTTP/1.1" 200 - "-" "WordPress/6.8.5; http://chargedev.co.nz"
2a03:2880:f806:17:: - - [31/Mar/2026:18:31:03 +0000] "GET /products/detail/160671167 HTTP/1.1" 404 146693 "-" "meta-webindexer/1.1 (+https://developers.facebook.com/docs/sharing/webmasters/crawler)"
2a03:2880:f806:27:: - - [31/Mar/2026:18:31:02 +0000] "GET /products/detail/53450238 HTTP/1.1" 404 146693 "-" "meta-webindexer/1.1 (+https://developers.facebook.com/docs/sharing/webmasters/crawler)"
20.220.146.203 - - [31/Mar/2026:18:31:18 +0000] "GET /wp-content/plugins/hellopress/wp_filemanager.php HTTP/1.1" 403 4170 "-" "-"
20.220.146.203 - - [31/Mar/2026:18:31:18 +0000] "GET /wp-cron.php HTTP/1.1" 200 - "-" "-"
20.220.146.203 - - [31/Mar/2026:18:31:19 +0000] "GET /wp-admin/post.php HTTP/1.1" 302 - "-" "-"
20.220.146.203 - - [31/Mar/2026:18:31:22 +0000] "GET /wp-admin/index.php HTTP/1.1" 302 - "-" "-"
20.220.146.203 - - [31/Mar/2026:18:31:24 +0000] "GET /wp-admin/post-new.php HTTP/1.1" 302 - "-" "-"
20.220.146.203 - - [31/Mar/2026:18:31:26 +0000] "GET /public/wp-includes/functions.php HTTP/1.1" 301 - "-" "-"
20.220.146.203 - - [31/Mar/2026:18:31:30 +0000] "GET /themes/focusblog/category.php HTTP/1.1" 301 - "-" "-"
20.220.146.203 - - [31/Mar/2026:18:31:31 +0000] "GET /themes/focusblog/content-masonry.php HTTP/1.1" 301 - "-" "-"
20.220.146.203 - - [31/Mar/2026:18:31:32 +0000] "GET /wp-content/plugins/wordfence/wordfence.php HTTP/1.1" 301 - "-" "-"
20.220.146.203 - - [31/Mar/2026:18:31:33 +0000] "GET /info.php HTTP/1.1" 301 - "-" "-"
40.77.167.57 - - [31/Mar/2026:18:31:37 +0000] "GET /blackjack-au-mardi-gras/ HTTP/1.1" 200 193526 "-" "Mozilla/5.0 AppleWebKit/537.36 (KHTML, like Gecko; compatible; bingbot/2.0; +http://www.bing.com/bingbot.htm) Chrome/116.0.1938.76 Safari/537.36"
20.220.146.203 - - [31/Mar/2026:18:31:48 +0000] "GET /lib/functions.php HTTP/1.1" 301 - "-" "-"
52.167.144.216 - - [31/Mar/2026:18:32:02 +0000] "GET /hard-rock-casino-gold-coast-au/ HTTP/1.1" 200 188995 "-" "Mozilla/5.0 AppleWebKit/537.36 (KHTML, like Gecko; compatible; bingbot/2.0; +http://www.bing.com/bingbot.htm) Chrome/116.0.1938.76 Safari/537.36"
45.79.238.235 - - [31/Mar/2026:18:32:04 +0000] "POST /wp-cron.php?doing_wp_cron=1774981924.4651849269866943359375 HTTP/1.1" 200 - "-" "WordPress/6.8.5; http://chargedev.co.nz"
20.220.146.203 - - [31/Mar/2026:18:32:03 +0000] "GET /w/vendor/autoload.php HTTP/1.1" 301 - "-" "-"
20.220.146.203 - - [31/Mar/2026:18:32:18 +0000] "GET /w/setup.php HTTP/1.1" 301 - "-" "-"
20.220.146.203 - - [31/Mar/2026:18:32:33 +0000] "GET /w/contact.php HTTP/1.1" 301 - "-" "-"
20.220.146.203 - - [31/Mar/2026:18:32:45 +0000] "GET /w/kill.php HTTP/1.1" 301 - "-" "-"
45.79.238.235 - - [31/Mar/2026:18:33:01 +0000] "POST /wp-cron.php?doing_wp_cron=1774981981.6902959346771240234375 HTTP/1.1" 200 - "-" "WordPress/6.8.5; http://chargedev.co.nz"
20.220.146.203 - - [31/Mar/2026:18:33:00 +0000] "GET /w/template/frames/header.php HTTP/1.1" 301 - "-" "-"
20.220.146.203 - - [31/Mar/2026:18:33:04 +0000] "GET /w/template/frames/footer.php HTTP/1.1" 301 - "-" "-"
20.220.146.203 - - [31/Mar/2026:18:33:06 +0000] "GET /w/app/tools/functions.php HTTP/1.1" 301 - "-" "-"
2a03:2880:f806:c:: - - [31/Mar/2026:18:33:12 +0000] "GET /products/detail/53738915 HTTP/1.1" 404 146693 "-" "meta-webindexer/1.1 (+https://developers.facebook.com/docs/sharing/webmasters/crawler)"
20.220.146.203 - - [31/Mar/2026:18:33:15 +0000] "GET /w/app/database/basic.php HTTP/1.1" 301 - "-" "-"
20.220.146.203 - - [31/Mar/2026:18:33:30 +0000] "GET /w/template/views/.php HTTP/1.1" 301 - "-" "-"
20.220.146.203 - - [31/Mar/2026:18:33:35 +0000] "GET /admin-ajax.php HTTP/1.1" 301 - "-" "-"
20.220.146.203 - - [31/Mar/2026:18:33:37 +0000] "GET /themes.php HTTP/1.1" 301 - "-" "-"
45.79.238.235 - - [31/Mar/2026:18:33:52 +0000] "POST /wp-cron.php?doing_wp_cron=1774982032.8296639919281005859375 HTTP/1.1" 200 - "-" "WordPress/6.8.5; http://chargedev.co.nz"
20.220.146.203 - - [31/Mar/2026:18:33:52 +0000] "GET /profile.php HTTP/1.1" 301 - "-" "-"
20.220.146.203 - - [31/Mar/2026:18:33:54 +0000] "GET /wer.php HTTP/1.1" 301 - "-" "-"
20.220.146.203 - - [31/Mar/2026:18:34:02 +0000] "GET /crouter.php HTTP/1.1" 301 - "-" "-"
20.220.146.203 - - [31/Mar/2026:18:34:18 +0000] "GET /sites/default/composer.php HTTP/1.1" 301 - "-" "-"
20.220.146.203 - - [31/Mar/2026:18:34:33 +0000] "GET /COPYRIGHT.php HTTP/1.1" 301 - "-" "-"
20.220.146.203 - - [31/Mar/2026:18:34:48 +0000] "GET /assets/images/hehe.php HTTP/1.1" 301 - "-" "-"
45.79.238.235 - - [31/Mar/2026:18:34:55 +0000] "POST /wp-cron.php?doing_wp_cron=1774982095.3582680225372314453125 HTTP/1.1" 200 - "-" "WordPress/6.8.5; http://chargedev.co.nz"
20.220.146.203 - - [31/Mar/2026:18:34:53 +0000] "GET /wp-conter.php HTTP/1.1" 301 - "-" "-"
20.220.146.203 - - [31/Mar/2026:18:34:55 +0000] "GET /ua/index_old.php HTTP/1.1" 301 - "-" "-"
20.220.146.203 - - [31/Mar/2026:18:35:10 +0000] "GET /wp-content/themes/seotheme/radio.php HTTP/1.1" 403 4170 "-" "-"
20.220.146.203 - - [31/Mar/2026:18:35:11 +0000] "GET /wp-admin/js/upgrade.php HTTP/1.1" 301 - "-" "-"
20.220.146.203 - - [31/Mar/2026:18:35:26 +0000] "GET /wp-adminmaintmailer.php HTTP/1.1" 301 - "-" "-"
20.220.146.203 - - [31/Mar/2026:18:35:31 +0000] "GET /en/wp-login.php HTTP/1.1" 301 - "-" "-"
20.220.146.203 - - [31/Mar/2026:18:35:46 +0000] "GET /ru/adminer-4.2.4.php HTTP/1.1" 301 - "-" "-"
20.220.146.203 - - [31/Mar/2026:18:35:55 +0000] "GET /assets/uploads/alfacgiapi/404.php HTTP/1.1" 403 4170 "-" "-"
45.79.238.235 - - [31/Mar/2026:18:35:55 +0000] "POST /wp-cron.php?doing_wp_cron=1774982155.9692950248718261718750 HTTP/1.1" 200 - "-" "WordPress/6.8.5; http://chargedev.co.nz"
20.220.146.203 - - [31/Mar/2026:18:35:55 +0000] "GET /test/adminer-4.6.1-mysql-en.php HTTP/1.1" 301 - "-" "-"
20.220.146.203 - - [31/Mar/2026:18:36:07 +0000] "GET /hvoxejcn.php HTTP/1.1" 301 - "-" "-"
34.66.7.109 - - [31/Mar/2026:18:36:20 +0000] "GET / HTTP/1.1" 200 201085 "-" "Mozilla/5.0 (Windows NT 10.0; Win64; x64) AppleWebKit/537.36 (KHTML, like Gecko) Chrome/78.0.3904.108 Safari/537.36"
34.66.7.109 - - [31/Mar/2026:18:36:21 +0000] "GET /?author=1 HTTP/1.1" 301 - "-" "Mozilla/5.0 (Windows NT 10.0; Win64; x64) AppleWebKit/537.36 (KHTML, like Gecko) Chrome/78.0.3904.108 Safari/537.36"
20.220.146.203 - - [31/Mar/2026:18:36:22 +0000] "GET /rasp.php HTTP/1.1" 301 - "-" "-"
34.66.7.109 - - [31/Mar/2026:18:36:22 +0000] "GET /?author=2 HTTP/1.1" 200 144261 "-" "Mozilla/5.0 (Windows NT 10.0; Win64; x64) AppleWebKit/537.36 (KHTML, like Gecko) Chrome/78.0.3904.108 Safari/537.36"
20.220.146.203 - - [31/Mar/2026:18:36:30 +0000] "GET /sk-park.php HTTP/1.1" 301 - "-" "-"
20.220.146.203 - - [31/Mar/2026:18:36:45 +0000] "GET /wp-includes/functions.php HTTP/1.1" 200 2 "-" "-"
20.220.146.203 - - [31/Mar/2026:18:36:46 +0000] "GET /wp-content/plugins/convertplug/convertplug.php HTTP/1.1" 301 - "-" "-"
20.220.146.203 - - [31/Mar/2026:18:36:48 +0000] "GET /wp-content/plugins/cdekdelivery/cdek.php HTTP/1.1" 301 - "-" "-"
45.79.238.235 - - [31/Mar/2026:18:36:52 +0000] "POST /wp-cron.php?doing_wp_cron=1774982212.6750719547271728515625 HTTP/1.1" 200 - "-" "WordPress/6.8.5; http://chargedev.co.nz"
2a03:2880:f806:41:: - - [31/Mar/2026:18:36:50 +0000] "GET /products/detail/234341672 HTTP/1.1" 404 146693 "-" "meta-webindexer/1.1 (+https://developers.facebook.com/docs/sharing/webmasters/crawler)"
20.220.146.203 - - [31/Mar/2026:18:37:03 +0000] "GET /wp-settings.php HTTP/1.1" 500 - "-" "-"
20.220.146.203 - - [31/Mar/2026:18:37:03 +0000] "GET /wp-includes/pluggable.php HTTP/1.1" 200 - "-" "-"
20.220.146.203 - - [31/Mar/2026:18:37:03 +0000] "GET /flexoacademy.com/wp-includes/class-wp-hook.php HTTP/1.1" 301 - "-" "-"
20.220.146.203 - - [31/Mar/2026:18:37:13 +0000] "GET /app/Http/Controllers/ContactController.php HTTP/1.1" 301 - "-" "-"
20.220.146.203 - - [31/Mar/2026:18:37:21 +0000] "GET /index.php HTTP/1.1" 301 - "-" "-"
20.220.146.203 - - [31/Mar/2026:18:37:36 +0000] "GET /image/cache/catalog/t-shirts/mugs/g5fs83xgcbb6.php HTTP/1.1" 301 - "-" "-"
45.79.238.235 - - [31/Mar/2026:18:37:53 +0000] "POST /wp-cron.php?doing_wp_cron=1774982273.0399489402770996093750 HTTP/1.1" 200 - "-" "WordPress/6.8.5; http://chargedev.co.nz"
20.220.146.203 - - [31/Mar/2026:18:37:51 +0000] "GET /wp-includes/fonts/13.php HTTP/1.1" 301 - "-" "-"
20.220.146.203 - - [31/Mar/2026:18:37:58 +0000] "GET /wp-content/plugins/php-shell/cmd.php HTTP/1.1" 301 - "-" "-"
20.220.146.203 - - [31/Mar/2026:18:38:00 +0000] "GET /uctshcum.php HTTP/1.1" 301 - "-" "-"
20.220.146.203 - - [31/Mar/2026:18:38:09 +0000] "GET /old/wp-admin/setup-config.php HTTP/1.1" 301 - "-" "-"
20.220.146.203 - - [31/Mar/2026:18:38:10 +0000] "GET /wp-content/themes/twenty/index.php HTTP/1.1" 301 - "-" "-"
20.220.146.203 - - [31/Mar/2026:18:38:25 +0000] "GET /admin/language/us/extension/extension/Not_Found.php HTTP/1.1" 301 - "-" "-"
20.220.146.203 - - [31/Mar/2026:18:38:40 +0000] "GET /wp-content/uploads/2023/10/autoload_classmap.php HTTP/1.1" 403 4170 "-" "-"
20.220.146.203 - - [31/Mar/2026:18:38:40 +0000] "GET /expect.php HTTP/1.1" 301 - "-" "-"
52.167.144.192 - - [31/Mar/2026:18:38:48 +0000] "GET /victorious-pokies-in-australia-no-minimum-deposit/ HTTP/1.1" 200 186656 "-" "Mozilla/5.0 AppleWebKit/537.36 (KHTML, like Gecko; compatible; bingbot/2.0; +http://www.bing.com/bingbot.htm) Chrome/116.0.1938.76 Safari/537.36"
45.79.238.235 - - [31/Mar/2026:18:38:53 +0000] "POST /wp-cron.php?doing_wp_cron=1774982333.2468159198760986328125 HTTP/1.1" 200 - "-" "WordPress/6.8.5; http://chargedev.co.nz"
20.220.146.203 - - [31/Mar/2026:18:38:52 +0000] "GET /wp-content/uploads/json.php HTTP/1.1" 301 - "-" "-"
40.77.167.78 - - [31/Mar/2026:18:38:54 +0000] "GET /play-casino-winning-pokies-for-free/ HTTP/1.1" 200 191390 "-" "Mozilla/5.0 AppleWebKit/537.36 (KHTML, like Gecko; compatible; bingbot/2.0; +http://www.bing.com/bingbot.htm) Chrome/116.0.1938.76 Safari/537.36"
20.220.146.203 - - [31/Mar/2026:18:39:07 +0000] "GET /admin/uploads/lv.php HTTP/1.1" 301 - "-" "-"
20.220.146.203 - - [31/Mar/2026:18:39:21 +0000] "GET /wp-includes/wp-includes/about.php HTTP/1.1" 403 4170 "-" "-"
20.220.146.203 - - [31/Mar/2026:18:39:21 +0000] "GET /wp-content/themes/wp-pridmag/lock.php HTTP/1.1" 301 - "-" "-"
20.220.146.203 - - [31/Mar/2026:18:39:36 +0000] "GET /wp-admin/js/about.php HTTP/1.1" 301 - "-" "-"
45.79.238.235 - - [31/Mar/2026:18:39:52 +0000] "POST /wp-cron.php?doing_wp_cron=1774982391.9949491024017333984375 HTTP/1.1" 200 - "-" "WordPress/6.8.5; http://chargedev.co.nz"
20.220.146.203 - - [31/Mar/2026:18:39:51 +0000] "GET /admin/uploads/media.php HTTP/1.1" 301 - "-" "-"
20.220.146.203 - - [31/Mar/2026:18:40:06 +0000] "GET /wp-admin/images/index.php HTTP/1.1" 301 - "-" "-"
20.220.146.203 - - [31/Mar/2026:18:40:21 +0000] "GET /wp-admin/css/colors/coffee/about.php HTTP/1.1" 403 4170 "-" "-"
20.220.146.203 - - [31/Mar/2026:18:40:21 +0000] "GET /browse.php HTTP/1.1" 301 - "-" "-"
40.77.167.78 - - [31/Mar/2026:18:40:25 +0000] "GET /lightning-link-pokies-free-download/ HTTP/1.1" 200 185165 "-" "Mozilla/5.0 AppleWebKit/537.36 (KHTML, like Gecko; compatible; bingbot/2.0; +http://www.bing.com/bingbot.htm) Chrome/116.0.1938.76 Safari/537.36"
20.220.146.203 - - [31/Mar/2026:18:40:26 +0000] "GET /shell20211028.php HTTP/1.1" 403 4170 "-" "-"
40.77.167.78 - - [31/Mar/2026:18:40:26 +0000] "GET /deposit-casino-pokies-and-free/ HTTP/1.1" 200 187184 "-" "Mozilla/5.0 AppleWebKit/537.36 (KHTML, like Gecko; compatible; bingbot/2.0; +http://www.bing.com/bingbot.htm) Chrome/116.0.1938.76 Safari/537.36"
20.220.146.203 - - [31/Mar/2026:18:40:26 +0000] "GET /wp-content/themes/twenty/twenty.php HTTP/1.1" 301 - "-" "-"
52.167.144.192 - - [31/Mar/2026:18:40:30 +0000] "GET /casino-birmingham-nz/ HTTP/1.1" 200 194878 "-" "Mozilla/5.0 AppleWebKit/537.36 (KHTML, like Gecko; compatible; bingbot/2.0; +http://www.bing.com/bingbot.htm) Chrome/116.0.1938.76 Safari/537.36"
20.220.146.203 - - [31/Mar/2026:18:40:41 +0000] "GET /wp-content/themes/twentytwentytwo/alfa-rex.php HTTP/1.1" 403 4170 "-" "-"
20.220.146.203 - - [31/Mar/2026:18:40:42 +0000] "GET /index/lock.php HTTP/1.1" 301 - "-" "-"
20.220.146.203 - - [31/Mar/2026:18:40:51 +0000] "GET /wp-includes/style-engine/about.php HTTP/1.1" 403 4170 "-" "-"
45.79.238.235 - - [31/Mar/2026:18:40:52 +0000] "POST /wp-cron.php?doing_wp_cron=1774982452.4176130294799804687500 HTTP/1.1" 200 - "-" "WordPress/6.8.5; http://chargedev.co.nz"
20.220.146.203 - - [31/Mar/2026:18:40:51 +0000] "GET /wp-includes/theme-compat/chosen.php HTTP/1.1" 301 - "-" "-"
20.220.146.203 - - [31/Mar/2026:18:40:54 +0000] "GET /wp-content/config.php HTTP/1.1" 301 - "-" "-"
20.220.146.203 - - [31/Mar/2026:18:40:54 +0000] "GET /moon.php HTTP/1.1" 403 4170 "-" "-"
20.220.146.203 - - [31/Mar/2026:18:40:55 +0000] "GET /wp-includes/ID3/index.php HTTP/1.1" 301 - "-" "-"
20.220.146.203 - - [31/Mar/2026:18:41:10 +0000] "GET /wp-admin/css/wp-conflg.php HTTP/1.1" 301 - "-" "-"
20.220.146.203 - - [31/Mar/2026:18:41:25 +0000] "GET /wp-admin/css/colors/index.php HTTP/1.1" 301 - "-" "-"
20.220.146.203 - - [31/Mar/2026:18:41:32 +0000] "GET /css/chosen.php HTTP/1.1" 403 4170 "-" "-"
20.220.146.203 - - [31/Mar/2026:18:41:32 +0000] "GET /wp-includes/Requests/Utility/cc.php HTTP/1.1" 301 - "-" "-"
20.220.146.203 - - [31/Mar/2026:18:41:47 +0000] "GET /wp-includes/Text/index.php HTTP/1.1" 301 - "-" "-"
45.79.238.235 - - [31/Mar/2026:18:42:03 +0000] "POST /wp-cron.php?doing_wp_cron=1774982523.0118000507354736328125 HTTP/1.1" 200 - "-" "WordPress/6.8.5; http://chargedev.co.nz"
20.220.146.203 - - [31/Mar/2026:18:42:02 +0000] "GET /packed.php HTTP/1.1" 301 - "-" "-"
20.220.146.203 - - [31/Mar/2026:18:42:07 +0000] "GET /wp-admin/update.php HTTP/1.1" 302 - "-" "-"
20.220.146.203 - - [31/Mar/2026:18:42:17 +0000] "GET /wp-content/themes/astra/inc/fm.php HTTP/1.1" 403 4170 "-" "-"
20.220.146.203 - - [31/Mar/2026:18:42:17 +0000] "GET /link.php HTTP/1.1" 301 - "-" "-"
20.220.146.203 - - [31/Mar/2026:18:42:31 +0000] "GET /wp-content/mu-plugins/gecko.php HTTP/1.1" 403 4170 "-" "-"
20.220.146.203 - - [31/Mar/2026:18:42:31 +0000] "GET /footer.php HTTP/1.1" 301 - "-" "-"
20.220.146.203 - - [31/Mar/2026:18:42:47 +0000] "GET /wp-includes/js/codemirror/index.php HTTP/1.1" 301 - "-" "-"
45.79.238.235 - - [31/Mar/2026:18:43:02 +0000] "POST /wp-cron.php?doing_wp_cron=1774982582.8030889034271240234375 HTTP/1.1" 200 - "-" "WordPress/6.8.5; http://chargedev.co.nz"
20.220.146.203 - - [31/Mar/2026:18:43:02 +0000] "GET /config.php HTTP/1.1" 301 - "-" "-"
20.220.146.203 - - [31/Mar/2026:18:43:05 +0000] "GET /fw.php HTTP/1.1" 301 - "-" "-"
20.220.146.203 - - [31/Mar/2026:18:43:06 +0000] "GET /post.php HTTP/1.1" 301 - "-" "-"
20.220.146.203 - - [31/Mar/2026:18:43:22 +0000] "GET /ALFA_DATA/index.php HTTP/1.1" 403 4170 "-" "-"
20.220.146.203 - - [31/Mar/2026:18:43:22 +0000] "GET /wp-admin/css/colors/blue/moon.php HTTP/1.1" 403 4170 "-" "-"
20.220.146.203 - - [31/Mar/2026:18:43:22 +0000] "GET /wp-content/themes/wp-pridmag/up.php HTTP/1.1" 403 4170 "-" "-"
20.220.146.203 - - [31/Mar/2026:18:43:22 +0000] "GET /wp-includes/html-api/alfa-rex.php HTTP/1.1" 301 - "-" "-"
20.220.146.203 - - [31/Mar/2026:18:43:34 +0000] "GET /wp-content/upgrade-temp-backup/about.php HTTP/1.1" 301 - "-" "-"
20.220.146.203 - - [31/Mar/2026:18:43:35 +0000] "GET /wp-admin/includes/m.php HTTP/1.1" 301 - "-" "-"
45.79.238.235 - - [31/Mar/2026:18:43:51 +0000] "POST /wp-cron.php?doing_wp_cron=1774982631.6685149669647216796875 HTTP/1.1" 200 - "-" "WordPress/6.8.5; http://chargedev.co.nz"
20.220.146.203 - - [31/Mar/2026:18:43:50 +0000] "GET /images/admin.php HTTP/1.1" 301 - "-" "-"
2a03:2880:f806:2:: - - [31/Mar/2026:18:44:01 +0000] "GET /products/detail/80433814 HTTP/1.1" 404 146693 "-" "meta-webindexer/1.1 (+https://developers.facebook.com/docs/sharing/webmasters/crawler)"
20.220.146.203 - - [31/Mar/2026:18:44:05 +0000] "GET /admin/fckeditor/editor/filemanager/alfanew.php HTTP/1.1" 403 4170 "-" "-"
20.220.146.203 - - [31/Mar/2026:18:44:06 +0000] "GET /wp-admin/user/admin.php HTTP/1.1" 302 - "-" "-"
20.220.146.203 - - [31/Mar/2026:18:44:20 +0000] "GET /wp-includes/IXR/shell.php HTTP/1.1" 403 4170 "-" "-"
20.220.146.203 - - [31/Mar/2026:18:44:20 +0000] "GET /wp-trackback.php HTTP/1.1" 404 135 "-" "-"
20.220.146.203 - - [31/Mar/2026:18:44:21 +0000] "GET /wp-content/content.php/wp-admin/js/index.php HTTP/1.1" 301 - "-" "-"
20.220.146.203 - - [31/Mar/2026:18:44:37 +0000] "GET /admin/upload/themes-install.php HTTP/1.1" 301 - "-" "-"
20.220.146.203 - - [31/Mar/2026:18:44:41 +0000] "GET /0x.php HTTP/1.1" 403 4170 "-" "-"
20.220.146.203 - - [31/Mar/2026:18:44:41 +0000] "GET /wp-admin/js/alfa-rex.php HTTP/1.1" 403 4170 "-" "-"
20.220.146.203 - - [31/Mar/2026:18:44:41 +0000] "GET /include/mail.php HTTP/1.1" 301 - "-" "-"
52.167.144.25 - - [31/Mar/2026:18:44:57 +0000] "GET /is-online-gambling-legal-in-new-australia/ HTTP/1.1" 200 205093 "-" "Mozilla/5.0 AppleWebKit/537.36 (KHTML, like Gecko; compatible; bingbot/2.0; +http://www.bing.com/bingbot.htm) Chrome/116.0.1938.76 Safari/537.36"
45.79.238.235 - - [31/Mar/2026:18:44:58 +0000] "POST /wp-cron.php?doing_wp_cron=1774982698.2605168819427490234375 HTTP/1.1" 200 - "-" "WordPress/6.8.5; http://chargedev.co.nz"
20.220.146.203 - - [31/Mar/2026:18:44:57 +0000] "GET /.well-known/admin.php HTTP/1.1" 301 - "-" "-"
20.220.146.203 - - [31/Mar/2026:18:45:12 +0000] "GET /bs1.php HTTP/1.1" 301 - "-" "-"
20.220.146.203 - - [31/Mar/2026:18:45:17 +0000] "GET /wp-admin/images/about.php HTTP/1.1" 403 4170 "-" "-"
20.220.146.203 - - [31/Mar/2026:18:45:17 +0000] "GET /wp-admin/log.php HTTP/1.1" 301 - "-" "-"
20.220.146.203 - - [31/Mar/2026:18:45:33 +0000] "GET /wp-content/plugins/xmrlpc.php HTTP/1.1" 301 - "-" "-"
20.220.146.203 - - [31/Mar/2026:18:45:44 +0000] "GET /wp-admin/images/alfa-rex.php HTTP/1.1" 403 4170 "-" "-"
20.220.146.203 - - [31/Mar/2026:18:45:45 +0000] "GET /.well-known/acme-challenge/about.php HTTP/1.1" 301 - "-" "-"
20.220.146.203 - - [31/Mar/2026:18:45:46 +0000] "GET /.well-known/acme-challenge/about.php HTTP/1.1" 404 146693 "-" "-"
20.220.146.203 - - [31/Mar/2026:18:45:47 +0000] "GET /wp-includes/js/tinymce/skins/wordpress/images/wp-login.php HTTP/1.1" 301 - "-" "-"
20.220.146.203 - - [31/Mar/2026:18:45:48 +0000] "GET /wp-admin/maint/wp-login.php HTTP/1.1" 301 - "-" "-"
20.220.146.203 - - [31/Mar/2026:18:45:49 +0000] "GET /wp-includes/SimplePie/Decode/wp-login.php HTTP/1.1" 301 - "-" "-"
45.79.238.235 - - [31/Mar/2026:18:46:05 +0000] "POST /wp-cron.php?doing_wp_cron=1774982765.0739490985870361328125 HTTP/1.1" 200 - "-" "WordPress/6.8.5; http://chargedev.co.nz"
20.220.146.203 - - [31/Mar/2026:18:46:04 +0000] "GET /uploads/test.php HTTP/1.1" 301 - "-" "-"
20.220.146.203 - - [31/Mar/2026:18:46:19 +0000] "GET /wp-admin/upgrade.php HTTP/1.1" 200 1277 "-" "-"
20.220.146.203 - - [31/Mar/2026:18:46:20 +0000] "GET /max.php HTTP/1.1" 301 - "-" "-"
20.220.146.203 - - [31/Mar/2026:18:46:31 +0000] "GET /plugins/phpThumb/404.php HTTP/1.1" 301 - "-" "-"
20.220.146.203 - - [31/Mar/2026:18:46:46 +0000] "GET /wp-includes/html-api/wp-conflg.php HTTP/1.1" 301 - "-" "-"
20.220.146.203 - - [31/Mar/2026:18:46:50 +0000] "GET /wp-content/plugins/elementor/about.php HTTP/1.1" 301 - "-" "-"
20.220.146.203 - - [31/Mar/2026:18:46:54 +0000] "GET /wp-content/plugins/wp-help/index.php HTTP/1.1" 403 4170 "-" "-"
45.79.238.235 - - [31/Mar/2026:18:46:55 +0000] "POST /wp-cron.php?doing_wp_cron=1774982815.5939500331878662109375 HTTP/1.1" 200 - "-" "WordPress/6.8.5; http://chargedev.co.nz"
20.220.146.203 - - [31/Mar/2026:18:46:54 +0000] "GET /wp-admin/media.php HTTP/1.1" 302 - "-" "-"
20.220.146.203 - - [31/Mar/2026:18:46:56 +0000] "GET /1.php HTTP/1.1" 301 - "-" "-"
20.220.146.203 - - [31/Mar/2026:18:47:11 +0000] "GET /install.php HTTP/1.1" 301 - "-" "-"
20.220.146.203 - - [31/Mar/2026:18:47:14 +0000] "GET /wp-includes/autoload_classmap.php HTTP/1.1" 403 4170 "-" "-"
20.220.146.203 - - [31/Mar/2026:18:47:14 +0000] "GET /include/wp-configs.php HTTP/1.1" 301 - "-" "-"
20.220.146.203 - - [31/Mar/2026:18:47:30 +0000] "GET /wp-admin/js/chosen.php HTTP/1.1" 301 - "-" "-"
20.220.146.203 - - [31/Mar/2026:18:47:31 +0000] "GET /wp-admin/maint/about.php HTTP/1.1" 301 - "-" "-"
20.220.146.203 - - [31/Mar/2026:18:47:47 +0000] "GET /wp-includes/sodium_compat/alfa-rex.php HTTP/1.1" 403 4170 "-" "-"
20.220.146.203 - - [31/Mar/2026:18:47:47 +0000] "GET /bg/xmrlpc.php HTTP/1.1" 301 - "-" "-"
45.79.238.235 - - [31/Mar/2026:18:48:04 +0000] "POST /wp-cron.php?doing_wp_cron=1774982883.9827079772949218750000 HTTP/1.1" 200 - "-" "WordPress/6.8.5; http://chargedev.co.nz"
20.220.146.203 - - [31/Mar/2026:18:48:02 +0000] "GET /wp-content/plugins/core-plugin/file-manager.php HTTP/1.1" 301 - "-" "-"
20.220.146.203 - - [31/Mar/2026:18:48:07 +0000] "GET /wp-content/uploads/423_index.php HTTP/1.1" 301 - "-" "-"
20.220.146.203 - - [31/Mar/2026:18:48:10 +0000] "GET /wp-admin/network/wp-conflg.php HTTP/1.1" 301 - "-" "-"
20.220.146.203 - - [31/Mar/2026:18:48:25 +0000] "GET /wp-admin/css/colors/blue/atomlib.php HTTP/1.1" 301 - "-" "-"
20.220.146.203 - - [31/Mar/2026:18:48:36 +0000] "GET /wp-admin/byp.php HTTP/1.1" 301 - "-" "-"
40.77.167.3 - - [31/Mar/2026:18:48:41 +0000] "GET /how-to-win-on-pokies-machines/ HTTP/1.1" 200 184373 "-" "Mozilla/5.0 AppleWebKit/537.36 (KHTML, like Gecko; compatible; bingbot/2.0; +http://www.bing.com/bingbot.htm) Chrome/116.0.1938.76 Safari/537.36"
45.79.238.235 - - [31/Mar/2026:18:48:52 +0000] "POST /wp-cron.php?doing_wp_cron=1774982932.6031510829925537109375 HTTP/1.1" 200 - "-" "WordPress/6.8.5; http://chargedev.co.nz"
20.220.146.203 - - [31/Mar/2026:18:48:51 +0000] "GET /wp-includes/theme-compat/index.php HTTP/1.1" 301 - "-" "-"
20.220.146.203 - - [31/Mar/2026:18:48:53 +0000] "GET /wp-content/wp-login.php HTTP/1.1" 301 - "-" "-"
45.79.238.235 - - [31/Mar/2026:18:49:09 +0000] "POST /wp-cron.php?doing_wp_cron=1774982949.7667150497436523437500 HTTP/1.1" 200 - "-" "WordPress/6.8.5; http://chargedev.co.nz"
20.220.146.203 - - [31/Mar/2026:18:49:08 +0000] "GET /admin/editor/engine.php HTTP/1.1" 301 - "-" "-"
20.220.146.203 - - [31/Mar/2026:18:49:23 +0000] "GET /chosen.php HTTP/1.1" 301 - "-" "-"
20.220.146.203 - - [31/Mar/2026:18:49:28 +0000] "GET /wp-content/themes/aahana/json.php HTTP/1.1" 301 - "-" "-"
20.220.146.203 - - [31/Mar/2026:18:49:33 +0000] "GET /wp-includes/html-api/about.php HTTP/1.1" 301 - "-" "-"
52.167.144.25 - - [31/Mar/2026:18:49:36 +0000] "GET /tropicana-casino-nz-online/ HTTP/1.1" 200 191094 "-" "Mozilla/5.0 AppleWebKit/537.36 (KHTML, like Gecko; compatible; bingbot/2.0; +http://www.bing.com/bingbot.htm) Chrome/116.0.1938.76 Safari/537.36"
20.220.146.203 - - [31/Mar/2026:18:49:36 +0000] "GET /wp-content/uploads/index.php HTTP/1.1" 301 - "-" "-"
45.79.238.235 - - [31/Mar/2026:18:49:52 +0000] "POST /wp-cron.php?doing_wp_cron=1774982992.2966051101684570312500 HTTP/1.1" 200 - "-" "WordPress/6.8.5; http://chargedev.co.nz"
20.220.146.203 - - [31/Mar/2026:18:49:51 +0000] "GET /wp-includes/images/smilies/about.php HTTP/1.1" 301 - "-" "-"
20.220.146.203 - - [31/Mar/2026:18:49:57 +0000] "GET /assets/plugins/jquery-file-upload/server/php/include.php HTTP/1.1" 301 - "-" "-"
20.220.146.203 - - [31/Mar/2026:18:50:11 +0000] "GET /images/lmfi2.php HTTP/1.1" 301 - "-" "-"
20.220.146.203 - - [31/Mar/2026:18:50:27 +0000] "GET /wp-admin/function.php HTTP/1.1" 301 - "-" "-"
20.220.146.203 - - [31/Mar/2026:18:50:42 +0000] "GET /wp-includes/Text/Diff/alfa-rex.php HTTP/1.1" 403 4170 "-" "-"
20.220.146.203 - - [31/Mar/2026:18:50:42 +0000] "GET /images/chosen.php HTTP/1.1" 301 - "-" "-"
20.220.146.203 - - [31/Mar/2026:18:50:49 +0000] "GET /mah.php HTTP/1.1" 403 4170 "-" "-"
40.77.167.25 - - [31/Mar/2026:18:51:49 +0000] "GET /free-online-pokies-cleopatra/ HTTP/1.1" 200 191958 "-" "Mozilla/5.0 AppleWebKit/537.36 (KHTML, like Gecko; compatible; bingbot/2.0; +http://www.bing.com/bingbot.htm) Chrome/116.0.1938.76 Safari/537.36"
45.79.238.235 - - [31/Mar/2026:18:52:19 +0000] "POST /wp-cron.php?doing_wp_cron=1774983139.4156889915466308593750 HTTP/1.1" 200 - "-" "WordPress/6.8.5; http://chargedev.co.nz"
34.61.30.127 - - [31/Mar/2026:18:52:16 +0000] "GET / HTTP/1.1" 200 201085 "-" "Mozilla/5.0 (Windows NT 10.0; Win64; x64) AppleWebKit/537.36 (KHTML, like Gecko) Chrome/78.0.3904.108 Safari/537.36"
34.61.30.127 - - [31/Mar/2026:18:52:21 +0000] "GET /?author=1 HTTP/1.1" 301 - "-" "Mozilla/5.0 (Windows NT 10.0; Win64; x64) AppleWebKit/537.36 (KHTML, like Gecko) Chrome/78.0.3904.108 Safari/537.36"
34.61.30.127 - - [31/Mar/2026:18:52:23 +0000] "GET /?author=2 HTTP/1.1" 200 144261 "-" "Mozilla/5.0 (Windows NT 10.0; Win64; x64) AppleWebKit/537.36 (KHTML, like Gecko) Chrome/78.0.3904.108 Safari/537.36"
40.77.167.25 - - [31/Mar/2026:18:54:09 +0000] "GET /aristocrate-safe-fun-free-pokies/ HTTP/1.1" 200 189678 "-" "Mozilla/5.0 AppleWebKit/537.36 (KHTML, like Gecko; compatible; bingbot/2.0; +http://www.bing.com/bingbot.htm) Chrome/116.0.1938.76 Safari/537.36"
40.77.167.143 - - [31/Mar/2026:18:55:17 +0000] "GET /are-pokies-open-now-in-melbourne/ HTTP/1.1" 200 203579 "-" "Mozilla/5.0 AppleWebKit/537.36 (KHTML, like Gecko; compatible; bingbot/2.0; +http://www.bing.com/bingbot.htm) Chrome/116.0.1938.76 Safari/537.36"
40.77.167.25 - - [31/Mar/2026:18:57:40 +0000] "GET /list-of-best-australian-pokies/ HTTP/1.1" 200 189772 "-" "Mozilla/5.0 AppleWebKit/537.36 (KHTML, like Gecko; compatible; bingbot/2.0; +http://www.bing.com/bingbot.htm) Chrome/116.0.1938.76 Safari/537.36"
40.77.167.143 - - [31/Mar/2026:19:02:39 +0000] "GET /australian-casino-bonus/ HTTP/1.1" 200 200585 "-" "Mozilla/5.0 AppleWebKit/537.36 (KHTML, like Gecko; compatible; bingbot/2.0; +http://www.bing.com/bingbot.htm) Chrome/116.0.1938.76 Safari/537.36"
180.110.203.108 - - [31/Mar/2026:19:24:25 +0000] "GET / HTTP/1.1" 301 - "-" "Mozilla/5.0 (iPhone; CPU iPhone OS 13_2_3 like Mac OS X) AppleWebKit/605.1.15 (KHTML, like Gecko) Version/13.0.3 Mobile/15E148 Safari/604.1"
180.110.203.108 - - [31/Mar/2026:19:24:27 +0000] "GET / HTTP/1.1" 200 201498 "http://www.chargedev.co.nz" "Mozilla/5.0 (iPhone; CPU iPhone OS 13_2_3 like Mac OS X) AppleWebKit/605.1.15 (KHTML, like Gecko) Version/13.0.3 Mobile/15E148 Safari/604.1"
45.79.238.235 - - [31/Mar/2026:19:27:09 +0000] "GET /wp-content/uploads/woocommerce_uploads/ HTTP/1.1" 404 25478 "-" "WordPress/6.9.4; https://chargedev.co.nz"
45.79.238.235 - - [31/Mar/2026:19:34:25 +0000] "POST /wp-cron.php?doing_wp_cron=1774985665.1016769409179687500000 HTTP/1.1" 200 - "-" "WordPress/6.9.4; http://chargedev.co.nz"
2a03:2880:f806:26:: - - [31/Mar/2026:19:34:24 +0000] "GET /bozeman-au-gambling/ HTTP/1.1" 200 122494 "-" "meta-webindexer/1.1 (+https://developers.facebook.com/docs/sharing/webmasters/crawler)"
45.79.238.235 - - [31/Mar/2026:19:47:36 +0000] "POST /wp-cron.php?doing_wp_cron=1774986456.9219260215759277343750 HTTP/1.1" 200 - "-" "WordPress/6.9.4; http://chargedev.co.nz"
2a03:2880:f806:41:: - - [31/Mar/2026:19:47:35 +0000] "GET /products/detail/261865258 HTTP/1.1" 404 112446 "-" "meta-webindexer/1.1 (+https://developers.facebook.com/docs/sharing/webmasters/crawler)"
2a03:2880:f806:42:: - - [31/Mar/2026:19:47:38 +0000] "GET /products/detail/57605420 HTTP/1.1" 404 112440 "-" "meta-webindexer/1.1 (+https://developers.facebook.com/docs/sharing/webmasters/crawler)"
40.77.167.52 - - [31/Mar/2026:19:53:50 +0000] "GET /free-bonus-no-deposit-no-wagering-au/ HTTP/1.1" 200 198800 "-" "Mozilla/5.0 AppleWebKit/537.36 (KHTML, like Gecko; compatible; bingbot/2.0; +http://www.bing.com/bingbot.htm) Chrome/116.0.1938.76 Safari/537.36"
45.79.238.235 - - [31/Mar/2026:19:54:41 +0000] "POST /wp-cron.php?doing_wp_cron=1774986881.4461379051208496093750 HTTP/1.1" 200 - "-" "WordPress/6.9.4; http://chargedev.co.nz"
