2a03:2880:f806:20:: - - [31/Mar/2026:14:42:24 +0000] "GET /products/detail/83955389 HTTP/1.1" 404 146693 "-" "meta-webindexer/1.1 (+https://developers.facebook.com/docs/sharing/webmasters/crawler)"
2a03:2880:f806:2b:: - - [31/Mar/2026:14:42:38 +0000] "GET /dollar-5-deposit-bonus-casino-new-zealand/ HTTP/1.1" 200 150968 "-" "meta-webindexer/1.1 (+https://developers.facebook.com/docs/sharing/webmasters/crawler)"
2a03:2880:f806:1c:: - - [31/Mar/2026:14:42:48 +0000] "GET /winning-pokies-australia-real-money/ HTTP/1.1" 200 149489 "-" "meta-webindexer/1.1 (+https://developers.facebook.com/docs/sharing/webmasters/crawler)"
2a03:2880:f806:a:: - - [31/Mar/2026:14:42:48 +0000] "GET /new-zealand-pokies-history/ HTTP/1.1" 200 150258 "-" "meta-webindexer/1.1 (+https://developers.facebook.com/docs/sharing/webmasters/crawler)"
2a03:2880:f806:42:: - - [31/Mar/2026:14:43:01 +0000] "GET /products/detail/306460470 HTTP/1.1" 404 146693 "-" "meta-webindexer/1.1 (+https://developers.facebook.com/docs/sharing/webmasters/crawler)"
40.77.167.57 - - [31/Mar/2026:14:43:25 +0000] "GET /is-gambling-at-home-illegal-in-australia/ HTTP/1.1" 200 184774 "-" "Mozilla/5.0 AppleWebKit/537.36 (KHTML, like Gecko; compatible; bingbot/2.0; +http://www.bing.com/bingbot.htm) Chrome/116.0.1938.76 Safari/537.36"
2a03:2880:f806:10:: - - [31/Mar/2026:14:43:31 +0000] "GET /online-casino-au-no-wagering-requirements/ HTTP/1.1" 200 150327 "-" "meta-webindexer/1.1 (+https://developers.facebook.com/docs/sharing/webmasters/crawler)"
45.79.238.235 - - [31/Mar/2026:14:44:04 +0000] "POST /wp-cron.php?doing_wp_cron=1774968244.8076930046081542968750 HTTP/1.1" 200 - "-" "WordPress/6.8.5; http://chargedev.co.nz"
2a03:2880:f806:40:: - - [31/Mar/2026:14:44:04 +0000] "GET /products/detail/22169480 HTTP/1.1" 404 146693 "-" "meta-webindexer/1.1 (+https://developers.facebook.com/docs/sharing/webmasters/crawler)"
2a03:2880:f806:42:: - - [31/Mar/2026:14:44:22 +0000] "GET /free-pokies-lets-go-fishin/ HTTP/1.1" 200 149617 "-" "meta-webindexer/1.1 (+https://developers.facebook.com/docs/sharing/webmasters/crawler)"
2a03:2880:f806:9:: - - [31/Mar/2026:14:44:26 +0000] "GET /list-of-australian-popular-pokies/ HTTP/1.1" 200 149603 "-" "meta-webindexer/1.1 (+https://developers.facebook.com/docs/sharing/webmasters/crawler)"
2a03:2880:f806:44:: - - [31/Mar/2026:14:44:35 +0000] "GET /products/detail/294634147 HTTP/1.1" 404 146693 "-" "meta-webindexer/1.1 (+https://developers.facebook.com/docs/sharing/webmasters/crawler)"
45.79.238.235 - - [31/Mar/2026:14:44:53 +0000] "POST /wp-cron.php?doing_wp_cron=1774968293.8081319332122802734375 HTTP/1.1" 200 - "-" "WordPress/6.8.5; http://chargedev.co.nz"
2a03:2880:f806:6:: - - [31/Mar/2026:14:44:53 +0000] "GET /products/detail/249394177 HTTP/1.1" 404 146693 "-" "meta-webindexer/1.1 (+https://developers.facebook.com/docs/sharing/webmasters/crawler)"
2a03:2880:f806:d:: - - [31/Mar/2026:14:45:39 +0000] "GET /products/detail/169870521 HTTP/1.1" 404 146693 "-" "meta-webindexer/1.1 (+https://developers.facebook.com/docs/sharing/webmasters/crawler)"
45.79.238.235 - - [31/Mar/2026:14:45:58 +0000] "POST /wp-cron.php?doing_wp_cron=1774968358.0957350730895996093750 HTTP/1.1" 200 - "-" "WordPress/6.8.5; http://chargedev.co.nz"
2a03:2880:f806:6:: - - [31/Mar/2026:14:45:57 +0000] "GET /play-pokies-online-with-friends/ HTTP/1.1" 200 150369 "-" "meta-webindexer/1.1 (+https://developers.facebook.com/docs/sharing/webmasters/crawler)"
2a03:2880:f806:3d:: - - [31/Mar/2026:14:46:09 +0000] "GET /profitable-pokies-with-bonus-au-tips/ HTTP/1.1" 200 150841 "-" "meta-webindexer/1.1 (+https://developers.facebook.com/docs/sharing/webmasters/crawler)"
2a03:2880:f806:11:: - - [31/Mar/2026:14:46:12 +0000] "GET /products/detail/116406359 HTTP/1.1" 404 146693 "-" "meta-webindexer/1.1 (+https://developers.facebook.com/docs/sharing/webmasters/crawler)"
2a03:2880:f806:2a:: - - [31/Mar/2026:14:46:39 +0000] "GET /products/detail/86045076 HTTP/1.1" 404 146693 "-" "meta-webindexer/1.1 (+https://developers.facebook.com/docs/sharing/webmasters/crawler)"
2a03:2880:f806:2:: - - [31/Mar/2026:14:46:49 +0000] "GET /products/detail/232246824 HTTP/1.1" 404 146693 "-" "meta-webindexer/1.1 (+https://developers.facebook.com/docs/sharing/webmasters/crawler)"
45.79.238.235 - - [31/Mar/2026:14:46:51 +0000] "POST /wp-cron.php?doing_wp_cron=1774968411.1735920906066894531250 HTTP/1.1" 200 - "-" "WordPress/6.8.5; http://chargedev.co.nz"
2a03:2880:f806:42:: - - [31/Mar/2026:14:46:50 +0000] "GET /products/detail/275205167 HTTP/1.1" 404 146693 "-" "meta-webindexer/1.1 (+https://developers.facebook.com/docs/sharing/webmasters/crawler)"
2a03:2880:f806:32:: - - [31/Mar/2026:14:46:50 +0000] "GET /products/detail/45927460 HTTP/1.1" 404 146693 "-" "meta-webindexer/1.1 (+https://developers.facebook.com/docs/sharing/webmasters/crawler)"
2a03:2880:f806:2e:: - - [31/Mar/2026:14:46:59 +0000] "GET /free-money-nz-casino/ HTTP/1.1" 200 149184 "-" "meta-webindexer/1.1 (+https://developers.facebook.com/docs/sharing/webmasters/crawler)"
2a03:2880:f806:2a:: - - [31/Mar/2026:14:47:04 +0000] "GET /products/detail/206677258 HTTP/1.1" 404 146693 "-" "meta-webindexer/1.1 (+https://developers.facebook.com/docs/sharing/webmasters/crawler)"
2a03:2880:f806:: - - [31/Mar/2026:14:47:05 +0000] "GET /products/detail/292209107 HTTP/1.1" 404 146693 "-" "meta-webindexer/1.1 (+https://developers.facebook.com/docs/sharing/webmasters/crawler)"
2a03:2880:f806:c:: - - [31/Mar/2026:14:47:06 +0000] "GET /products/detail/231852733 HTTP/1.1" 404 146693 "-" "meta-webindexer/1.1 (+https://developers.facebook.com/docs/sharing/webmasters/crawler)"
2a03:2880:f806:3f:: - - [31/Mar/2026:14:47:08 +0000] "GET /products/detail/55061672 HTTP/1.1" 404 146693 "-" "meta-webindexer/1.1 (+https://developers.facebook.com/docs/sharing/webmasters/crawler)"
2a03:2880:f806:22:: - - [31/Mar/2026:14:47:50 +0000] "GET /products/detail/192727036 HTTP/1.1" 404 146693 "-" "meta-webindexer/1.1 (+https://developers.facebook.com/docs/sharing/webmasters/crawler)"
45.94.31.119 - - [31/Mar/2026:14:48:12 +0000] "GET / HTTP/1.1" 200 201085 "-" "Mozilla/5.0 (Windows NT 10.0; Win64; x64) AppleWebKit/537.36 (KHTML, like Gecko) Chrome/78.0.3904.108 Safari/537.36"
45.94.31.119 - - [31/Mar/2026:14:48:13 +0000] "GET /?author=1 HTTP/1.1" 301 - "-" "Mozilla/5.0 (Windows NT 10.0; Win64; x64) AppleWebKit/537.36 (KHTML, like Gecko) Chrome/78.0.3904.108 Safari/537.36"
45.94.31.119 - - [31/Mar/2026:14:48:14 +0000] "GET /?author=2 HTTP/1.1" 200 144261 "-" "Mozilla/5.0 (Windows NT 10.0; Win64; x64) AppleWebKit/537.36 (KHTML, like Gecko) Chrome/78.0.3904.108 Safari/537.36"
45.79.238.235 - - [31/Mar/2026:14:48:54 +0000] "POST /wp-cron.php?doing_wp_cron=1774968534.3671419620513916015625 HTTP/1.1" 200 - "-" "WordPress/6.8.5; http://chargedev.co.nz"
2a03:2880:f806:11:: - - [31/Mar/2026:14:48:53 +0000] "GET /free-online-casino-new-zealand/ HTTP/1.1" 200 149680 "-" "meta-webindexer/1.1 (+https://developers.facebook.com/docs/sharing/webmasters/crawler)"
45.79.238.235 - - [31/Mar/2026:14:49:16 +0000] "POST /wp-cron.php?doing_wp_cron=1774968556.8651170730590820312500 HTTP/1.1" 200 - "-" "WordPress/6.8.5; http://chargedev.co.nz"
2a03:2880:f806:35:: - - [31/Mar/2026:14:49:16 +0000] "GET /products/detail/224359006 HTTP/1.1" 404 146693 "-" "meta-webindexer/1.1 (+https://developers.facebook.com/docs/sharing/webmasters/crawler)"
2a03:2880:f806:b:: - - [31/Mar/2026:14:49:22 +0000] "GET /secure-pokies-win-no-deposit/ HTTP/1.1" 200 150341 "-" "meta-webindexer/1.1 (+https://developers.facebook.com/docs/sharing/webmasters/crawler)"
2a03:2880:f806:1f:: - - [31/Mar/2026:14:49:26 +0000] "GET /products/detail/187398814 HTTP/1.1" 404 146693 "-" "meta-webindexer/1.1 (+https://developers.facebook.com/docs/sharing/webmasters/crawler)"
2a03:2880:f806:2b:: - - [31/Mar/2026:14:49:41 +0000] "GET /how-to-gamble-online-in-au/ HTTP/1.1" 200 149119 "-" "meta-webindexer/1.1 (+https://developers.facebook.com/docs/sharing/webmasters/crawler)"
2a03:2880:f806:1d:: - - [31/Mar/2026:14:50:25 +0000] "GET /mobile-pokies-games-for-real-money/ HTTP/1.1" 200 149879 "-" "meta-webindexer/1.1 (+https://developers.facebook.com/docs/sharing/webmasters/crawler)"
2a03:2880:f806:7:: - - [31/Mar/2026:14:50:38 +0000] "GET /products/detail/72901147 HTTP/1.1" 404 146693 "-" "meta-webindexer/1.1 (+https://developers.facebook.com/docs/sharing/webmasters/crawler)"
2a03:2880:f806:13:: - - [31/Mar/2026:14:51:12 +0000] "GET /products/detail/302033379 HTTP/1.1" 404 146693 "-" "meta-webindexer/1.1 (+https://developers.facebook.com/docs/sharing/webmasters/crawler)"
52.167.144.204 - - [31/Mar/2026:14:51:15 +0000] "GET /how-to-win-at-slot-machines-in-australia/ HTTP/1.1" 200 196698 "-" "Mozilla/5.0 AppleWebKit/537.36 (KHTML, like Gecko; compatible; bingbot/2.0; +http://www.bing.com/bingbot.htm) Chrome/116.0.1938.76 Safari/537.36"
2a03:2880:f806:3f:: - - [31/Mar/2026:14:51:17 +0000] "GET /products/detail/263083854 HTTP/1.1" 404 146693 "-" "meta-webindexer/1.1 (+https://developers.facebook.com/docs/sharing/webmasters/crawler)"
2a03:2880:f806:10:: - - [31/Mar/2026:14:51:24 +0000] "GET /products/detail/290936945 HTTP/1.1" 404 146693 "-" "meta-webindexer/1.1 (+https://developers.facebook.com/docs/sharing/webmasters/crawler)"
2a03:2880:f806:48:: - - [31/Mar/2026:14:51:24 +0000] "GET /products/detail/113716470 HTTP/1.1" 404 146693 "-" "meta-webindexer/1.1 (+https://developers.facebook.com/docs/sharing/webmasters/crawler)"
2a03:2880:f806:2e:: - - [31/Mar/2026:14:51:24 +0000] "GET /products/detail/212858672 HTTP/1.1" 404 146693 "-" "meta-webindexer/1.1 (+https://developers.facebook.com/docs/sharing/webmasters/crawler)"
52.167.144.204 - - [31/Mar/2026:14:51:35 +0000] "GET /how-to-win-at-slot-machines-in-australia/ HTTP/1.1" 200 196698 "-" "Mozilla/5.0 AppleWebKit/537.36 (KHTML, like Gecko; compatible; bingbot/2.0; +http://www.bing.com/bingbot.htm) Chrome/116.0.1938.76 Safari/537.36"
2a03:2880:f806:a:: - - [31/Mar/2026:14:51:42 +0000] "GET /gambling-pokies-for-free/ HTTP/1.1" 200 148934 "-" "meta-webindexer/1.1 (+https://developers.facebook.com/docs/sharing/webmasters/crawler)"
2a03:2880:f806:: - - [31/Mar/2026:14:51:43 +0000] "GET /trick-pokies-with-welcome-bonus/ HTTP/1.1" 200 149670 "-" "meta-webindexer/1.1 (+https://developers.facebook.com/docs/sharing/webmasters/crawler)"
45.79.238.235 - - [31/Mar/2026:14:51:58 +0000] "POST /wp-cron.php?doing_wp_cron=1774968718.4281110763549804687500 HTTP/1.1" 200 - "-" "WordPress/6.8.5; http://chargedev.co.nz"
2a03:2880:f806:39:: - - [31/Mar/2026:14:51:57 +0000] "GET /products/detail/196179218 HTTP/1.1" 404 146693 "-" "meta-webindexer/1.1 (+https://developers.facebook.com/docs/sharing/webmasters/crawler)"
2a03:2880:f806:33:: - - [31/Mar/2026:14:52:18 +0000] "GET /products/detail/260388026 HTTP/1.1" 404 146693 "-" "meta-webindexer/1.1 (+https://developers.facebook.com/docs/sharing/webmasters/crawler)"
2a03:2880:f806:22:: - - [31/Mar/2026:14:52:35 +0000] "GET /pokies-sites-online-win-real-money/ HTTP/1.1" 200 150174 "-" "meta-webindexer/1.1 (+https://developers.facebook.com/docs/sharing/webmasters/crawler)"
2a03:2880:f806:25:: - - [31/Mar/2026:14:53:12 +0000] "GET /products/detail/75533208 HTTP/1.1" 404 146693 "-" "meta-webindexer/1.1 (+https://developers.facebook.com/docs/sharing/webmasters/crawler)"
2a03:2880:f806:32:: - - [31/Mar/2026:14:53:18 +0000] "GET /top-australian-online-casino/ HTTP/1.1" 200 150307 "-" "meta-webindexer/1.1 (+https://developers.facebook.com/docs/sharing/webmasters/crawler)"
2a03:2880:f806:32:: - - [31/Mar/2026:14:53:41 +0000] "GET /live-casino-nz/ HTTP/1.1" 200 150140 "-" "meta-webindexer/1.1 (+https://developers.facebook.com/docs/sharing/webmasters/crawler)"
45.79.238.235 - - [31/Mar/2026:14:54:11 +0000] "POST /wp-cron.php?doing_wp_cron=1774968851.4471480846405029296875 HTTP/1.1" 200 - "-" "WordPress/6.8.5; http://chargedev.co.nz"
2a03:2880:f806:43:: - - [31/Mar/2026:14:54:10 +0000] "GET /nz-slots-no-wager/ HTTP/1.1" 200 149498 "-" "meta-webindexer/1.1 (+https://developers.facebook.com/docs/sharing/webmasters/crawler)"
2a03:2880:f806:3c:: - - [31/Mar/2026:14:54:23 +0000] "GET /products/detail/159583743 HTTP/1.1" 404 146693 "-" "meta-webindexer/1.1 (+https://developers.facebook.com/docs/sharing/webmasters/crawler)"
2a03:2880:f806:1e:: - - [31/Mar/2026:14:54:26 +0000] "GET /products/detail/130140460 HTTP/1.1" 404 146693 "-" "meta-webindexer/1.1 (+https://developers.facebook.com/docs/sharing/webmasters/crawler)"
2a03:2880:f806:26:: - - [31/Mar/2026:14:54:30 +0000] "GET /aristocrat-pokies-download-for-iphone/ HTTP/1.1" 200 149930 "-" "meta-webindexer/1.1 (+https://developers.facebook.com/docs/sharing/webmasters/crawler)"
45.79.238.235 - - [31/Mar/2026:14:55:09 +0000] "POST /wp-cron.php?doing_wp_cron=1774968909.9499399662017822265625 HTTP/1.1" 200 - "-" "WordPress/6.8.5; http://chargedev.co.nz"
2a03:2880:f806:b:: - - [31/Mar/2026:14:55:09 +0000] "GET /products/detail/246694632 HTTP/1.1" 404 146693 "-" "meta-webindexer/1.1 (+https://developers.facebook.com/docs/sharing/webmasters/crawler)"
2a03:2880:f806:21:: - - [31/Mar/2026:14:55:30 +0000] "GET /products/detail/205637753 HTTP/1.1" 404 146693 "-" "meta-webindexer/1.1 (+https://developers.facebook.com/docs/sharing/webmasters/crawler)"
2a03:2880:f806:1:: - - [31/Mar/2026:14:55:31 +0000] "GET /products/detail/113780501 HTTP/1.1" 404 146693 "-" "meta-webindexer/1.1 (+https://developers.facebook.com/docs/sharing/webmasters/crawler)"
45.79.238.235 - - [31/Mar/2026:14:56:24 +0000] "POST /wp-cron.php?doing_wp_cron=1774968984.4181339740753173828125 HTTP/1.1" 200 - "-" "WordPress/6.8.5; http://chargedev.co.nz"
2a03:2880:f806:3b:: - - [31/Mar/2026:14:56:23 +0000] "GET /australian-pokie-machines-online/ HTTP/1.1" 200 149727 "-" "meta-webindexer/1.1 (+https://developers.facebook.com/docs/sharing/webmasters/crawler)"
2a03:2880:f806:35:: - - [31/Mar/2026:14:56:30 +0000] "GET /aus-online-pokies-that-accept-commonwealth/ HTTP/1.1" 200 149966 "-" "meta-webindexer/1.1 (+https://developers.facebook.com/docs/sharing/webmasters/crawler)"
2a03:2880:f806:3b:: - - [31/Mar/2026:14:56:37 +0000] "GET /products/detail/66623642 HTTP/1.1" 404 146693 "-" "meta-webindexer/1.1 (+https://developers.facebook.com/docs/sharing/webmasters/crawler)"
2a03:2880:f806:43:: - - [31/Mar/2026:14:56:40 +0000] "GET /products/detail/93557268 HTTP/1.1" 404 146693 "-" "meta-webindexer/1.1 (+https://developers.facebook.com/docs/sharing/webmasters/crawler)"
2a03:2880:f806:32:: - - [31/Mar/2026:14:56:48 +0000] "GET /real-money-online-casinos-new-zealand/ HTTP/1.1" 200 149349 "-" "meta-webindexer/1.1 (+https://developers.facebook.com/docs/sharing/webmasters/crawler)"
2a03:2880:f806:1c:: - - [31/Mar/2026:14:56:48 +0000] "GET /new-zealand-gambling-statistics/ HTTP/1.1" 200 149687 "-" "meta-webindexer/1.1 (+https://developers.facebook.com/docs/sharing/webmasters/crawler)"
2a03:2880:f806:c:: - - [31/Mar/2026:14:57:17 +0000] "GET /products/detail/215323006 HTTP/1.1" 404 146693 "-" "meta-webindexer/1.1 (+https://developers.facebook.com/docs/sharing/webmasters/crawler)"
2a03:2880:f806:2c:: - - [31/Mar/2026:14:57:21 +0000] "GET /casino-harrisburg-nz/ HTTP/1.1" 200 149921 "-" "meta-webindexer/1.1 (+https://developers.facebook.com/docs/sharing/webmasters/crawler)"
2a03:2880:f806:12:: - - [31/Mar/2026:14:57:22 +0000] "GET /products/detail/227270268 HTTP/1.1" 404 146693 "-" "meta-webindexer/1.1 (+https://developers.facebook.com/docs/sharing/webmasters/crawler)"
2a03:2880:f806:31:: - - [31/Mar/2026:14:57:40 +0000] "GET /100-free-spins-no-wagering-nz/ HTTP/1.1" 200 149848 "-" "meta-webindexer/1.1 (+https://developers.facebook.com/docs/sharing/webmasters/crawler)"
2a03:2880:f806:13:: - - [31/Mar/2026:14:57:47 +0000] "GET /real-cash-no-deposit-casino-nz/ HTTP/1.1" 200 149790 "-" "meta-webindexer/1.1 (+https://developers.facebook.com/docs/sharing/webmasters/crawler)"
2a03:2880:f806:1e:: - - [31/Mar/2026:14:57:49 +0000] "GET /products/detail/99593561 HTTP/1.1" 404 146693 "-" "meta-webindexer/1.1 (+https://developers.facebook.com/docs/sharing/webmasters/crawler)"
45.79.238.235 - - [31/Mar/2026:14:57:51 +0000] "POST /wp-cron.php?doing_wp_cron=1774969071.3980929851531982421875 HTTP/1.1" 200 - "-" "WordPress/6.8.5; http://chargedev.co.nz"
2a03:2880:f806:10:: - - [31/Mar/2026:14:57:50 +0000] "GET /products/detail/175187945 HTTP/1.1" 404 146693 "-" "meta-webindexer/1.1 (+https://developers.facebook.com/docs/sharing/webmasters/crawler)"
2a03:2880:f806:e:: - - [31/Mar/2026:14:57:54 +0000] "GET /products/detail/177926319 HTTP/1.1" 404 146693 "-" "meta-webindexer/1.1 (+https://developers.facebook.com/docs/sharing/webmasters/crawler)"
2a03:2880:f806:1f:: - - [31/Mar/2026:14:57:54 +0000] "GET /products/detail/115307016 HTTP/1.1" 404 146693 "-" "meta-webindexer/1.1 (+https://developers.facebook.com/docs/sharing/webmasters/crawler)"
2a03:2880:f806:1e:: - - [31/Mar/2026:14:57:55 +0000] "GET /products/detail/81306026 HTTP/1.1" 404 146693 "-" "meta-webindexer/1.1 (+https://developers.facebook.com/docs/sharing/webmasters/crawler)"
2a03:2880:f806:6:: - - [31/Mar/2026:14:57:57 +0000] "GET /products/detail/223848026 HTTP/1.1" 404 146693 "-" "meta-webindexer/1.1 (+https://developers.facebook.com/docs/sharing/webmasters/crawler)"
2a03:2880:f806:e:: - - [31/Mar/2026:14:58:03 +0000] "GET /products/detail/256738177 HTTP/1.1" 404 146693 "-" "meta-webindexer/1.1 (+https://developers.facebook.com/docs/sharing/webmasters/crawler)"
2a03:2880:f806:7:: - - [31/Mar/2026:14:58:33 +0000] "GET /products/detail/139496642 HTTP/1.1" 404 146693 "-" "meta-webindexer/1.1 (+https://developers.facebook.com/docs/sharing/webmasters/crawler)"
2a03:2880:f806:3e:: - - [31/Mar/2026:14:58:39 +0000] "GET /products/detail/262452389 HTTP/1.1" 404 146693 "-" "meta-webindexer/1.1 (+https://developers.facebook.com/docs/sharing/webmasters/crawler)"
2a03:2880:f806:2a:: - - [31/Mar/2026:14:58:47 +0000] "GET /secure-pokies-with-bonus-machine-games/ HTTP/1.1" 200 150022 "-" "meta-webindexer/1.1 (+https://developers.facebook.com/docs/sharing/webmasters/crawler)"
2a03:2880:f806:28:: - - [31/Mar/2026:14:58:56 +0000] "GET /products/detail/296219501 HTTP/1.1" 404 146693 "-" "meta-webindexer/1.1 (+https://developers.facebook.com/docs/sharing/webmasters/crawler)"
2a03:2880:f806:41:: - - [31/Mar/2026:14:58:56 +0000] "GET /products/detail/188972349 HTTP/1.1" 404 146693 "-" "meta-webindexer/1.1 (+https://developers.facebook.com/docs/sharing/webmasters/crawler)"
2a03:2880:f806:2e:: - - [31/Mar/2026:14:59:10 +0000] "GET /products/detail/33280440 HTTP/1.1" 404 146693 "-" "meta-webindexer/1.1 (+https://developers.facebook.com/docs/sharing/webmasters/crawler)"
2a03:2880:f806:10:: - - [31/Mar/2026:14:59:17 +0000] "GET /products/detail/163999935 HTTP/1.1" 404 146693 "-" "meta-webindexer/1.1 (+https://developers.facebook.com/docs/sharing/webmasters/crawler)"
2a03:2880:f806:40:: - - [31/Mar/2026:14:59:30 +0000] "GET /ruby-fortune-online-pokies/ HTTP/1.1" 200 150290 "-" "meta-webindexer/1.1 (+https://developers.facebook.com/docs/sharing/webmasters/crawler)"
2a03:2880:f806:29:: - - [31/Mar/2026:14:59:37 +0000] "GET /products/detail/244414602 HTTP/1.1" 404 146693 "-" "meta-webindexer/1.1 (+https://developers.facebook.com/docs/sharing/webmasters/crawler)"
2a03:2880:f806:20:: - - [31/Mar/2026:14:59:38 +0000] "GET /products/detail/207817228 HTTP/1.1" 404 146693 "-" "meta-webindexer/1.1 (+https://developers.facebook.com/docs/sharing/webmasters/crawler)"
45.79.238.235 - - [31/Mar/2026:14:59:51 +0000] "POST /wp-cron.php?doing_wp_cron=1774969191.1110870838165283203125 HTTP/1.1" 200 - "-" "WordPress/6.8.5; http://chargedev.co.nz"
2a03:2880:f806:3e:: - - [31/Mar/2026:14:59:50 +0000] "GET /money-pokies-without-registration/ HTTP/1.1" 200 149530 "-" "meta-webindexer/1.1 (+https://developers.facebook.com/docs/sharing/webmasters/crawler)"
2a03:2880:f806:1e:: - - [31/Mar/2026:14:59:53 +0000] "GET /products/detail/297809016 HTTP/1.1" 404 146693 "-" "meta-webindexer/1.1 (+https://developers.facebook.com/docs/sharing/webmasters/crawler)"
2a03:2880:f806:39:: - - [31/Mar/2026:14:59:55 +0000] "GET /products/detail/124352450 HTTP/1.1" 404 146693 "-" "meta-webindexer/1.1 (+https://developers.facebook.com/docs/sharing/webmasters/crawler)"
2a03:2880:f806:44:: - - [31/Mar/2026:15:00:05 +0000] "GET /products/detail/89968965 HTTP/1.1" 404 146693 "-" "meta-webindexer/1.1 (+https://developers.facebook.com/docs/sharing/webmasters/crawler)"
2a03:2880:f806:27:: - - [31/Mar/2026:15:00:06 +0000] "GET /products/detail/196767026 HTTP/1.1" 404 146693 "-" "meta-webindexer/1.1 (+https://developers.facebook.com/docs/sharing/webmasters/crawler)"
2a03:2880:f806:3f:: - - [31/Mar/2026:15:00:06 +0000] "GET /best-online-real-money-casinos-nz/ HTTP/1.1" 200 150376 "-" "meta-webindexer/1.1 (+https://developers.facebook.com/docs/sharing/webmasters/crawler)"
2a03:2880:f806:8:: - - [31/Mar/2026:15:00:10 +0000] "GET /products/detail/134855804 HTTP/1.1" 404 146693 "-" "meta-webindexer/1.1 (+https://developers.facebook.com/docs/sharing/webmasters/crawler)"
2a03:2880:f806:35:: - - [31/Mar/2026:15:00:25 +0000] "GET /products/detail/34500622 HTTP/1.1" 404 146693 "-" "meta-webindexer/1.1 (+https://developers.facebook.com/docs/sharing/webmasters/crawler)"
2a03:2880:f806:d:: - - [31/Mar/2026:15:00:42 +0000] "GET /products/detail/175597884 HTTP/1.1" 404 146693 "-" "meta-webindexer/1.1 (+https://developers.facebook.com/docs/sharing/webmasters/crawler)"
2a03:2880:f806:7:: - - [31/Mar/2026:15:00:45 +0000] "GET /products/detail/111869349 HTTP/1.1" 404 146693 "-" "meta-webindexer/1.1 (+https://developers.facebook.com/docs/sharing/webmasters/crawler)"
45.79.238.235 - - [31/Mar/2026:15:00:55 +0000] "POST /wp-cron.php?doing_wp_cron=1774969255.8686559200286865234375 HTTP/1.1" 200 - "-" "WordPress/6.8.5; http://chargedev.co.nz"
2a03:2880:f806:1f:: - - [31/Mar/2026:15:00:55 +0000] "GET /play-new-au-pokies-free/ HTTP/1.1" 200 150067 "-" "meta-webindexer/1.1 (+https://developers.facebook.com/docs/sharing/webmasters/crawler)"
2a03:2880:f806:11:: - - [31/Mar/2026:15:01:08 +0000] "GET /products/detail/75947864 HTTP/1.1" 404 146693 "-" "meta-webindexer/1.1 (+https://developers.facebook.com/docs/sharing/webmasters/crawler)"
20.15.133.162 - - [31/Mar/2026:15:01:13 +0000] "GET /products/detail/74644905 HTTP/1.1" 200 201580 "-" "Mozilla/5.0 AppleWebKit/537.36 (KHTML, like Gecko; compatible; bingbot/2.0; +http://www.bing.com/bingbot.htm) Chrome/116.0.1938.76 Safari/537.36"
2a03:2880:f806:2a:: - - [31/Mar/2026:15:01:19 +0000] "GET /products/detail/280135369 HTTP/1.1" 404 146693 "-" "meta-webindexer/1.1 (+https://developers.facebook.com/docs/sharing/webmasters/crawler)"
2a03:2880:f806:1e:: - - [31/Mar/2026:15:01:19 +0000] "GET /products/detail/17651157 HTTP/1.1" 404 146693 "-" "meta-webindexer/1.1 (+https://developers.facebook.com/docs/sharing/webmasters/crawler)"
2a03:2880:f806:46:: - - [31/Mar/2026:15:01:33 +0000] "GET /casino-in-livermore-au/ HTTP/1.1" 200 149861 "-" "meta-webindexer/1.1 (+https://developers.facebook.com/docs/sharing/webmasters/crawler)"
2a03:2880:f806:10:: - - [31/Mar/2026:15:01:46 +0000] "GET /top-winning-pokies-in-australia/ HTTP/1.1" 200 149468 "-" "meta-webindexer/1.1 (+https://developers.facebook.com/docs/sharing/webmasters/crawler)"
2a03:2880:f806:1:: - - [31/Mar/2026:15:01:49 +0000] "GET /products/detail/189044561 HTTP/1.1" 404 146693 "-" "meta-webindexer/1.1 (+https://developers.facebook.com/docs/sharing/webmasters/crawler)"
2a03:2880:f806:c:: - - [31/Mar/2026:15:01:50 +0000] "GET /casino-in-launceston-tasmania-new-zealand/ HTTP/1.1" 200 150297 "-" "meta-webindexer/1.1 (+https://developers.facebook.com/docs/sharing/webmasters/crawler)"
45.79.238.235 - - [31/Mar/2026:15:01:51 +0000] "POST /wp-cron.php?doing_wp_cron=1774969311.3003261089324951171875 HTTP/1.1" 200 - "-" "WordPress/6.8.5; http://chargedev.co.nz"
2a03:2880:f806:e:: - - [31/Mar/2026:15:01:50 +0000] "GET /products/detail/191255076 HTTP/1.1" 404 146693 "-" "meta-webindexer/1.1 (+https://developers.facebook.com/docs/sharing/webmasters/crawler)"
2a03:2880:f806:43:: - - [31/Mar/2026:15:01:51 +0000] "GET /products/detail/255820965 HTTP/1.1" 404 146693 "-" "meta-webindexer/1.1 (+https://developers.facebook.com/docs/sharing/webmasters/crawler)"
2a03:2880:f806:22:: - - [31/Mar/2026:15:02:12 +0000] "GET /products/detail/175805804 HTTP/1.1" 404 146693 "-" "meta-webindexer/1.1 (+https://developers.facebook.com/docs/sharing/webmasters/crawler)"
2a03:2880:f806:1:: - - [31/Mar/2026:15:02:37 +0000] "GET /products/detail/31926844 HTTP/1.1" 404 146693 "-" "meta-webindexer/1.1 (+https://developers.facebook.com/docs/sharing/webmasters/crawler)"
45.79.238.235 - - [31/Mar/2026:15:02:59 +0000] "POST /wp-cron.php?doing_wp_cron=1774969379.9407260417938232421875 HTTP/1.1" 200 - "-" "WordPress/6.8.5; http://chargedev.co.nz"
2a03:2880:f806:3f:: - - [31/Mar/2026:15:02:59 +0000] "GET /products/detail/88505238 HTTP/1.1" 404 146693 "-" "meta-webindexer/1.1 (+https://developers.facebook.com/docs/sharing/webmasters/crawler)"
2a03:2880:f806:3b:: - - [31/Mar/2026:15:03:05 +0000] "GET /can-i-win-money-on-deposit-casino-pokies/ HTTP/1.1" 200 149859 "-" "meta-webindexer/1.1 (+https://developers.facebook.com/docs/sharing/webmasters/crawler)"
2a03:2880:f806:7:: - - [31/Mar/2026:15:03:09 +0000] "GET /ensure-a-win-on-pokies/ HTTP/1.1" 200 150140 "-" "meta-webindexer/1.1 (+https://developers.facebook.com/docs/sharing/webmasters/crawler)"
2a03:2880:f806:31:: - - [31/Mar/2026:15:03:15 +0000] "GET /products/detail/60314319 HTTP/1.1" 404 146693 "-" "meta-webindexer/1.1 (+https://developers.facebook.com/docs/sharing/webmasters/crawler)"
2a03:2880:f806:40:: - - [31/Mar/2026:15:03:16 +0000] "GET /products/detail/42697258 HTTP/1.1" 404 146693 "-" "meta-webindexer/1.1 (+https://developers.facebook.com/docs/sharing/webmasters/crawler)"
2a03:2880:f806:41:: - - [31/Mar/2026:15:03:28 +0000] "GET /products/detail/93965975 HTTP/1.1" 404 146693 "-" "meta-webindexer/1.1 (+https://developers.facebook.com/docs/sharing/webmasters/crawler)"
2a03:2880:f806:16:: - - [31/Mar/2026:15:03:34 +0000] "GET /products/detail/311579783 HTTP/1.1" 404 146693 "-" "meta-webindexer/1.1 (+https://developers.facebook.com/docs/sharing/webmasters/crawler)"
2a03:2880:f806:46:: - - [31/Mar/2026:15:03:37 +0000] "GET /products/detail/301263985 HTTP/1.1" 404 146693 "-" "meta-webindexer/1.1 (+https://developers.facebook.com/docs/sharing/webmasters/crawler)"
2a03:2880:f806:42:: - - [31/Mar/2026:15:03:44 +0000] "GET /real-life-pokies-online-australia/ HTTP/1.1" 200 150727 "-" "meta-webindexer/1.1 (+https://developers.facebook.com/docs/sharing/webmasters/crawler)"
45.79.238.235 - - [31/Mar/2026:15:04:00 +0000] "POST /wp-cron.php?doing_wp_cron=1774969440.5579240322113037109375 HTTP/1.1" 200 - "-" "WordPress/6.8.5; http://chargedev.co.nz"
2a03:2880:f806:5:: - - [31/Mar/2026:15:03:59 +0000] "GET /products/detail/283795440 HTTP/1.1" 404 146693 "-" "meta-webindexer/1.1 (+https://developers.facebook.com/docs/sharing/webmasters/crawler)"
2a03:2880:f806:1b:: - - [31/Mar/2026:15:04:25 +0000] "GET /blackjack-strategy-new-zealand-casinos/ HTTP/1.1" 200 149840 "-" "meta-webindexer/1.1 (+https://developers.facebook.com/docs/sharing/webmasters/crawler)"
45.79.238.235 - - [31/Mar/2026:15:05:01 +0000] "POST /wp-cron.php?doing_wp_cron=1774969501.1072349548339843750000 HTTP/1.1" 200 - "-" "WordPress/6.8.5; http://chargedev.co.nz"
2a03:2880:f806:11:: - - [31/Mar/2026:15:05:00 +0000] "GET /products/detail/110896440 HTTP/1.1" 404 146693 "-" "meta-webindexer/1.1 (+https://developers.facebook.com/docs/sharing/webmasters/crawler)"
2a03:2880:f806:e:: - - [31/Mar/2026:15:05:29 +0000] "GET /products/detail/134729238 HTTP/1.1" 404 146693 "-" "meta-webindexer/1.1 (+https://developers.facebook.com/docs/sharing/webmasters/crawler)"
2a03:2880:f806:: - - [31/Mar/2026:15:05:39 +0000] "GET /products/detail/82250238 HTTP/1.1" 404 146693 "-" "meta-webindexer/1.1 (+https://developers.facebook.com/docs/sharing/webmasters/crawler)"
2a03:2880:f806:14:: - - [31/Mar/2026:15:05:44 +0000] "GET /harrahs-casino-cherokee-nz/ HTTP/1.1" 200 149679 "-" "meta-webindexer/1.1 (+https://developers.facebook.com/docs/sharing/webmasters/crawler)"
2a03:2880:f806:f:: - - [31/Mar/2026:15:06:05 +0000] "GET /products/detail/312768137 HTTP/1.1" 404 146693 "-" "meta-webindexer/1.1 (+https://developers.facebook.com/docs/sharing/webmasters/crawler)"
2a03:2880:f806:23:: - - [31/Mar/2026:15:06:09 +0000] "GET /products/detail/188215905 HTTP/1.1" 404 146693 "-" "meta-webindexer/1.1 (+https://developers.facebook.com/docs/sharing/webmasters/crawler)"
2a03:2880:f806:22:: - - [31/Mar/2026:15:06:10 +0000] "GET /products/detail/211658642 HTTP/1.1" 404 146693 "-" "meta-webindexer/1.1 (+https://developers.facebook.com/docs/sharing/webmasters/crawler)"
2a03:2880:f806:f:: - - [31/Mar/2026:15:06:11 +0000] "GET /products/detail/274551763 HTTP/1.1" 404 146693 "-" "meta-webindexer/1.1 (+https://developers.facebook.com/docs/sharing/webmasters/crawler)"
2a03:2880:f806:3c:: - - [31/Mar/2026:15:06:22 +0000] "GET /are-drinks-free-in-australia-casinos/ HTTP/1.1" 200 149265 "-" "meta-webindexer/1.1 (+https://developers.facebook.com/docs/sharing/webmasters/crawler)"
2a03:2880:f806:39:: - - [31/Mar/2026:15:06:23 +0000] "GET /products/detail/186735844 HTTP/1.1" 404 146693 "-" "meta-webindexer/1.1 (+https://developers.facebook.com/docs/sharing/webmasters/crawler)"
2a03:2880:f806:15:: - - [31/Mar/2026:15:06:25 +0000] "GET /1-dollar-deposit-casino-nz/ HTTP/1.1" 200 150384 "-" "meta-webindexer/1.1 (+https://developers.facebook.com/docs/sharing/webmasters/crawler)"
2a03:2880:f806:20:: - - [31/Mar/2026:15:06:39 +0000] "GET /products/detail/272466460 HTTP/1.1" 404 146693 "-" "meta-webindexer/1.1 (+https://developers.facebook.com/docs/sharing/webmasters/crawler)"
2a03:2880:f806:f:: - - [31/Mar/2026:15:07:26 +0000] "GET /products/detail/246616339 HTTP/1.1" 404 146693 "-" "meta-webindexer/1.1 (+https://developers.facebook.com/docs/sharing/webmasters/crawler)"
2a03:2880:f806:: - - [31/Mar/2026:15:07:29 +0000] "GET /products/detail/293860470 HTTP/1.1" 404 146693 "-" "meta-webindexer/1.1 (+https://developers.facebook.com/docs/sharing/webmasters/crawler)"
2a03:2880:f806:1a:: - - [31/Mar/2026:15:07:35 +0000] "GET /products/detail/182458470 HTTP/1.1" 404 146693 "-" "meta-webindexer/1.1 (+https://developers.facebook.com/docs/sharing/webmasters/crawler)"
2a03:2880:f806:e:: - - [31/Mar/2026:15:07:46 +0000] "GET /what-online-slots-pay-real-money-nz/ HTTP/1.1" 200 150303 "-" "meta-webindexer/1.1 (+https://developers.facebook.com/docs/sharing/webmasters/crawler)"
45.79.238.235 - - [31/Mar/2026:15:07:59 +0000] "POST /wp-cron.php?doing_wp_cron=1774969679.4221110343933105468750 HTTP/1.1" 200 - "-" "WordPress/6.8.5; http://chargedev.co.nz"
2a03:2880:f806:40:: - - [31/Mar/2026:15:07:58 +0000] "GET /online-roulette-australian/ HTTP/1.1" 200 149580 "-" "meta-webindexer/1.1 (+https://developers.facebook.com/docs/sharing/webmasters/crawler)"
2a03:2880:f806:2d:: - - [31/Mar/2026:15:08:12 +0000] "GET /products/detail/200724329 HTTP/1.1" 404 146693 "-" "meta-webindexer/1.1 (+https://developers.facebook.com/docs/sharing/webmasters/crawler)"
2a03:2880:f806:34:: - - [31/Mar/2026:15:08:13 +0000] "GET /products/detail/87015056 HTTP/1.1" 404 146693 "-" "meta-webindexer/1.1 (+https://developers.facebook.com/docs/sharing/webmasters/crawler)"
2a03:2880:f806:3b:: - - [31/Mar/2026:15:08:22 +0000] "GET /products/detail/21331581 HTTP/1.1" 404 146693 "-" "meta-webindexer/1.1 (+https://developers.facebook.com/docs/sharing/webmasters/crawler)"
2a03:2880:f806:6:: - - [31/Mar/2026:15:08:26 +0000] "GET /products/detail/113169389 HTTP/1.1" 404 146693 "-" "meta-webindexer/1.1 (+https://developers.facebook.com/docs/sharing/webmasters/crawler)"
2a03:2880:f806:21:: - - [31/Mar/2026:15:08:29 +0000] "GET /big-payouts-pokies-with-welcome-bonus/ HTTP/1.1" 200 149676 "-" "meta-webindexer/1.1 (+https://developers.facebook.com/docs/sharing/webmasters/crawler)"
2a03:2880:f806:33:: - - [31/Mar/2026:15:08:29 +0000] "GET /products/detail/160278763 HTTP/1.1" 404 146693 "-" "meta-webindexer/1.1 (+https://developers.facebook.com/docs/sharing/webmasters/crawler)"
2a03:2880:f806:39:: - - [31/Mar/2026:15:08:30 +0000] "GET /products/detail/207380157 HTTP/1.1" 404 146693 "-" "meta-webindexer/1.1 (+https://developers.facebook.com/docs/sharing/webmasters/crawler)"
2a03:2880:f806:30:: - - [31/Mar/2026:15:08:33 +0000] "GET /products/detail/36974945 HTTP/1.1" 404 146693 "-" "meta-webindexer/1.1 (+https://developers.facebook.com/docs/sharing/webmasters/crawler)"
2a03:2880:f806:9:: - - [31/Mar/2026:15:08:39 +0000] "GET /products/detail/73863682 HTTP/1.1" 404 146693 "-" "meta-webindexer/1.1 (+https://developers.facebook.com/docs/sharing/webmasters/crawler)"
2a03:2880:f806:1:: - - [31/Mar/2026:15:09:09 +0000] "GET /play-casino-pokies-and-win-big/ HTTP/1.1" 200 150633 "-" "meta-webindexer/1.1 (+https://developers.facebook.com/docs/sharing/webmasters/crawler)"
2a03:2880:f806:3a:: - - [31/Mar/2026:15:09:14 +0000] "GET /products/detail/140078379 HTTP/1.1" 404 146693 "-" "meta-webindexer/1.1 (+https://developers.facebook.com/docs/sharing/webmasters/crawler)"
2a03:2880:f806:46:: - - [31/Mar/2026:15:09:14 +0000] "GET /products/detail/301990177 HTTP/1.1" 404 146693 "-" "meta-webindexer/1.1 (+https://developers.facebook.com/docs/sharing/webmasters/crawler)"
2a03:2880:f806:1c:: - - [31/Mar/2026:15:09:49 +0000] "GET /products/detail/145068985 HTTP/1.1" 404 146693 "-" "meta-webindexer/1.1 (+https://developers.facebook.com/docs/sharing/webmasters/crawler)"
45.79.238.235 - - [31/Mar/2026:15:10:00 +0000] "POST /wp-cron.php?doing_wp_cron=1774969800.8566849231719970703125 HTTP/1.1" 200 - "-" "WordPress/6.8.5; http://chargedev.co.nz"
2a03:2880:f806:b:: - - [31/Mar/2026:15:10:00 +0000] "GET /products/detail/223394208 HTTP/1.1" 404 146693 "-" "meta-webindexer/1.1 (+https://developers.facebook.com/docs/sharing/webmasters/crawler)"
45.79.238.235 - - [31/Mar/2026:15:10:57 +0000] "POST /wp-cron.php?doing_wp_cron=1774969857.4413380622863769531250 HTTP/1.1" 200 - "-" "WordPress/6.8.5; http://chargedev.co.nz"
2a03:2880:f806:9:: - - [31/Mar/2026:15:10:56 +0000] "GET /products/detail/69914834 HTTP/1.1" 404 146693 "-" "meta-webindexer/1.1 (+https://developers.facebook.com/docs/sharing/webmasters/crawler)"
45.79.238.235 - - [31/Mar/2026:15:11:17 +0000] "POST /wp-cron.php?doing_wp_cron=1774969877.0062060356140136718750 HTTP/1.1" 200 - "-" "WordPress/6.8.5; http://chargedev.co.nz"
45.79.238.235 - - [31/Mar/2026:15:11:17 +0000] "POST /wp-cron.php?doing_wp_cron=1774969877.0676360130310058593750 HTTP/1.1" 200 - "-" "WordPress/6.8.5; http://chargedev.co.nz"
2a03:2880:f806:2f:: - - [31/Mar/2026:15:11:16 +0000] "GET /empress-casino-joliet-au/ HTTP/1.1" 200 150409 "-" "meta-webindexer/1.1 (+https://developers.facebook.com/docs/sharing/webmasters/crawler)"
2a03:2880:f806:45:: - - [31/Mar/2026:15:11:18 +0000] "GET /products/detail/270514470 HTTP/1.1" 404 146693 "-" "meta-webindexer/1.1 (+https://developers.facebook.com/docs/sharing/webmasters/crawler)"
2a03:2880:f806:6:: - - [31/Mar/2026:15:11:31 +0000] "GET /products/detail/159107531 HTTP/1.1" 404 146693 "-" "meta-webindexer/1.1 (+https://developers.facebook.com/docs/sharing/webmasters/crawler)"
45.79.238.235 - - [31/Mar/2026:15:11:58 +0000] "POST /wp-cron.php?doing_wp_cron=1774969918.9520719051361083984375 HTTP/1.1" 200 - "-" "WordPress/6.8.5; http://chargedev.co.nz"
2a03:2880:f806:20:: - - [31/Mar/2026:15:11:58 +0000] "GET /products/detail/212796571 HTTP/1.1" 404 146693 "-" "meta-webindexer/1.1 (+https://developers.facebook.com/docs/sharing/webmasters/crawler)"
2a03:2880:f806:d:: - - [31/Mar/2026:15:11:58 +0000] "GET /products/detail/307636551 HTTP/1.1" 404 146693 "-" "meta-webindexer/1.1 (+https://developers.facebook.com/docs/sharing/webmasters/crawler)"
2a03:2880:f806:9:: - - [31/Mar/2026:15:11:58 +0000] "GET /products/detail/77313844 HTTP/1.1" 404 146693 "-" "meta-webindexer/1.1 (+https://developers.facebook.com/docs/sharing/webmasters/crawler)"
2a03:2880:f806:27:: - - [31/Mar/2026:15:12:23 +0000] "GET /products/detail/31377167 HTTP/1.1" 404 146693 "-" "meta-webindexer/1.1 (+https://developers.facebook.com/docs/sharing/webmasters/crawler)"
2a03:2880:f806:9:: - - [31/Mar/2026:15:12:30 +0000] "GET /products/detail/161619430 HTTP/1.1" 404 146693 "-" "meta-webindexer/1.1 (+https://developers.facebook.com/docs/sharing/webmasters/crawler)"
2a03:2880:f806:10:: - - [31/Mar/2026:15:12:36 +0000] "GET /products/detail/63884945 HTTP/1.1" 404 146693 "-" "meta-webindexer/1.1 (+https://developers.facebook.com/docs/sharing/webmasters/crawler)"
2a03:2880:f806:5:: - - [31/Mar/2026:15:12:47 +0000] "GET /products/detail/14564834 HTTP/1.1" 404 146693 "-" "meta-webindexer/1.1 (+https://developers.facebook.com/docs/sharing/webmasters/crawler)"
45.79.238.235 - - [31/Mar/2026:15:13:04 +0000] "POST /wp-cron.php?doing_wp_cron=1774969984.9559381008148193359375 HTTP/1.1" 200 - "-" "WordPress/6.8.5; http://chargedev.co.nz"
2a03:2880:f806:1c:: - - [31/Mar/2026:15:13:04 +0000] "GET /products/detail/126234248 HTTP/1.1" 404 146693 "-" "meta-webindexer/1.1 (+https://developers.facebook.com/docs/sharing/webmasters/crawler)"
2a03:2880:f806:28:: - - [31/Mar/2026:15:13:36 +0000] "GET /products/detail/30701834 HTTP/1.1" 404 146693 "-" "meta-webindexer/1.1 (+https://developers.facebook.com/docs/sharing/webmasters/crawler)"
45.79.238.235 - - [31/Mar/2026:15:13:52 +0000] "POST /wp-cron.php?doing_wp_cron=1774970032.4946229457855224609375 HTTP/1.1" 200 - "-" "WordPress/6.8.5; http://chargedev.co.nz"
2a03:2880:f806:33:: - - [31/Mar/2026:15:13:51 +0000] "GET /products/detail/123268288 HTTP/1.1" 404 146693 "-" "meta-webindexer/1.1 (+https://developers.facebook.com/docs/sharing/webmasters/crawler)"
2a03:2880:f806:20:: - - [31/Mar/2026:15:14:29 +0000] "GET /products/detail/34927339 HTTP/1.1" 404 146693 "-" "meta-webindexer/1.1 (+https://developers.facebook.com/docs/sharing/webmasters/crawler)"
2a03:2880:f806:a:: - - [31/Mar/2026:15:14:38 +0000] "GET /tips-for-online-pokies/ HTTP/1.1" 200 150316 "-" "meta-webindexer/1.1 (+https://developers.facebook.com/docs/sharing/webmasters/crawler)"
2a03:2880:f806:3b:: - - [31/Mar/2026:15:14:46 +0000] "GET /products/detail/234542723 HTTP/1.1" 404 146693 "-" "meta-webindexer/1.1 (+https://developers.facebook.com/docs/sharing/webmasters/crawler)"
45.79.238.235 - - [31/Mar/2026:15:14:53 +0000] "POST /wp-cron.php?doing_wp_cron=1774970092.8225750923156738281250 HTTP/1.1" 200 - "-" "WordPress/6.8.5; http://chargedev.co.nz"
2a03:2880:f806:12:: - - [31/Mar/2026:15:14:52 +0000] "GET /products/detail/87160288 HTTP/1.1" 404 146693 "-" "meta-webindexer/1.1 (+https://developers.facebook.com/docs/sharing/webmasters/crawler)"
2a03:2880:f806:32:: - - [31/Mar/2026:15:14:52 +0000] "GET /products/detail/32395410 HTTP/1.1" 404 146693 "-" "meta-webindexer/1.1 (+https://developers.facebook.com/docs/sharing/webmasters/crawler)"
2a03:2880:f806:40:: - - [31/Mar/2026:15:15:14 +0000] "GET /products/detail/281094430 HTTP/1.1" 404 146693 "-" "meta-webindexer/1.1 (+https://developers.facebook.com/docs/sharing/webmasters/crawler)"
2a03:2880:f806:30:: - - [31/Mar/2026:15:15:29 +0000] "GET /products/detail/56777531 HTTP/1.1" 404 146693 "-" "meta-webindexer/1.1 (+https://developers.facebook.com/docs/sharing/webmasters/crawler)"
2a03:2880:f806:32:: - - [31/Mar/2026:15:15:33 +0000] "GET /products/detail/50026965 HTTP/1.1" 404 146693 "-" "meta-webindexer/1.1 (+https://developers.facebook.com/docs/sharing/webmasters/crawler)"
2a03:2880:f806:20:: - - [31/Mar/2026:15:15:35 +0000] "GET /products/detail/178433127 HTTP/1.1" 404 146693 "-" "meta-webindexer/1.1 (+https://developers.facebook.com/docs/sharing/webmasters/crawler)"
2a03:2880:f806:6:: - - [31/Mar/2026:15:15:46 +0000] "GET /?p=9475 HTTP/1.1" 301 - "-" "meta-webindexer/1.1 (+https://developers.facebook.com/docs/sharing/webmasters/crawler)"
45.79.238.235 - - [31/Mar/2026:15:16:08 +0000] "POST /wp-cron.php?doing_wp_cron=1774970168.3968040943145751953125 HTTP/1.1" 200 - "-" "WordPress/6.8.5; http://chargedev.co.nz"
2a03:2880:f806:31:: - - [31/Mar/2026:15:16:07 +0000] "GET /products/detail/160533359 HTTP/1.1" 404 146693 "-" "meta-webindexer/1.1 (+https://developers.facebook.com/docs/sharing/webmasters/crawler)"
2a03:2880:f806:24:: - - [31/Mar/2026:15:16:08 +0000] "GET /products/detail/187518733 HTTP/1.1" 404 146693 "-" "meta-webindexer/1.1 (+https://developers.facebook.com/docs/sharing/webmasters/crawler)"
2a03:2880:f806:28:: - - [31/Mar/2026:15:16:08 +0000] "GET /products/detail/250300935 HTTP/1.1" 404 146693 "-" "meta-webindexer/1.1 (+https://developers.facebook.com/docs/sharing/webmasters/crawler)"
2a03:2880:f806:1e:: - - [31/Mar/2026:15:16:09 +0000] "GET /products/detail/183896127 HTTP/1.1" 404 146693 "-" "meta-webindexer/1.1 (+https://developers.facebook.com/docs/sharing/webmasters/crawler)"
2a03:2880:f806:10:: - - [31/Mar/2026:15:16:11 +0000] "GET /products/detail/134402187 HTTP/1.1" 404 146693 "-" "meta-webindexer/1.1 (+https://developers.facebook.com/docs/sharing/webmasters/crawler)"
2a03:2880:f806:32:: - - [31/Mar/2026:15:16:32 +0000] "GET /products/detail/18756925 HTTP/1.1" 404 146693 "-" "meta-webindexer/1.1 (+https://developers.facebook.com/docs/sharing/webmasters/crawler)"
45.79.238.235 - - [31/Mar/2026:15:17:25 +0000] "POST /wp-cron.php?doing_wp_cron=1774970245.4156980514526367187500 HTTP/1.1" 200 - "-" "WordPress/6.8.5; http://chargedev.co.nz"
2a03:2880:f806:44:: - - [31/Mar/2026:15:17:24 +0000] "GET /products/detail/98993157 HTTP/1.1" 404 146693 "-" "meta-webindexer/1.1 (+https://developers.facebook.com/docs/sharing/webmasters/crawler)"
2a03:2880:f806:1c:: - - [31/Mar/2026:15:17:26 +0000] "GET /products/detail/291636137 HTTP/1.1" 404 146693 "-" "meta-webindexer/1.1 (+https://developers.facebook.com/docs/sharing/webmasters/crawler)"
207.180.11.238 - - [31/Mar/2026:15:17:44 +0000] "GET /feed/ HTTP/1.1" 200 49793 "-" "Mozilla/5.0 (Macintosh; Intel Mac OS X 10_15_7) AppleWebKit/537.36 (KHTML, like Gecko) Chrome/135.0.0.0 Safari/537.36"
45.79.238.235 - - [31/Mar/2026:15:18:37 +0000] "POST /wp-cron.php?doing_wp_cron=1774970317.2218980789184570312500 HTTP/1.1" 200 - "-" "WordPress/6.8.5; http://chargedev.co.nz"
2a03:2880:f806:1:: - - [31/Mar/2026:15:18:36 +0000] "GET /products/detail/209712389 HTTP/1.1" 404 146693 "-" "meta-webindexer/1.1 (+https://developers.facebook.com/docs/sharing/webmasters/crawler)"
45.79.238.235 - - [31/Mar/2026:15:19:44 +0000] "POST /wp-cron.php?doing_wp_cron=1774970384.7987771034240722656250 HTTP/1.1" 200 - "-" "WordPress/6.8.5; http://chargedev.co.nz"
2a03:2880:f806:11:: - - [31/Mar/2026:15:19:44 +0000] "GET /products/detail/128141804 HTTP/1.1" 404 146693 "-" "meta-webindexer/1.1 (+https://developers.facebook.com/docs/sharing/webmasters/crawler)"
45.79.238.235 - - [31/Mar/2026:15:19:55 +0000] "POST /wp-cron.php?doing_wp_cron=1774970395.3491098880767822265625 HTTP/1.1" 200 - "-" "WordPress/6.8.5; http://chargedev.co.nz"
2a03:2880:f806:3c:: - - [31/Mar/2026:15:19:54 +0000] "GET /products/detail/98024208 HTTP/1.1" 404 146693 "-" "meta-webindexer/1.1 (+https://developers.facebook.com/docs/sharing/webmasters/crawler)"
2a03:2880:f806:34:: - - [31/Mar/2026:15:20:41 +0000] "GET /products/detail/175845056 HTTP/1.1" 404 146693 "-" "meta-webindexer/1.1 (+https://developers.facebook.com/docs/sharing/webmasters/crawler)"
45.79.238.235 - - [31/Mar/2026:15:21:31 +0000] "POST /wp-cron.php?doing_wp_cron=1774970491.4029669761657714843750 HTTP/1.1" 200 - "-" "WordPress/6.8.5; http://chargedev.co.nz"
2a03:2880:f806:33:: - - [31/Mar/2026:15:21:30 +0000] "GET /products/detail/228328773 HTTP/1.1" 404 146693 "-" "meta-webindexer/1.1 (+https://developers.facebook.com/docs/sharing/webmasters/crawler)"
2a03:2880:f806:1e:: - - [31/Mar/2026:15:21:38 +0000] "GET /products/detail/279166854 HTTP/1.1" 404 146693 "-" "meta-webindexer/1.1 (+https://developers.facebook.com/docs/sharing/webmasters/crawler)"
45.79.238.235 - - [31/Mar/2026:15:21:58 +0000] "POST /wp-cron.php?doing_wp_cron=1774970518.7117450237274169921875 HTTP/1.1" 200 - "-" "WordPress/6.8.5; http://chargedev.co.nz"
2a03:2880:f806:2a:: - - [31/Mar/2026:15:21:58 +0000] "GET /products/detail/25957935 HTTP/1.1" 404 146693 "-" "meta-webindexer/1.1 (+https://developers.facebook.com/docs/sharing/webmasters/crawler)"
2a03:2880:f806:34:: - - [31/Mar/2026:15:21:58 +0000] "GET /products/detail/19923329 HTTP/1.1" 404 146693 "-" "meta-webindexer/1.1 (+https://developers.facebook.com/docs/sharing/webmasters/crawler)"
2a03:2880:f806:a:: - - [31/Mar/2026:15:22:17 +0000] "GET /products/detail/297612682 HTTP/1.1" 404 146693 "-" "meta-webindexer/1.1 (+https://developers.facebook.com/docs/sharing/webmasters/crawler)"
2a03:2880:f806:3c:: - - [31/Mar/2026:15:22:18 +0000] "GET /products/detail/84285137 HTTP/1.1" 404 146693 "-" "meta-webindexer/1.1 (+https://developers.facebook.com/docs/sharing/webmasters/crawler)"
2a03:2880:f806:: - - [31/Mar/2026:15:22:21 +0000] "GET /products/detail/297636430 HTTP/1.1" 404 146693 "-" "meta-webindexer/1.1 (+https://developers.facebook.com/docs/sharing/webmasters/crawler)"
45.79.238.235 - - [31/Mar/2026:15:22:53 +0000] "POST /wp-cron.php?doing_wp_cron=1774970573.2953269481658935546875 HTTP/1.1" 200 - "-" "WordPress/6.8.5; http://chargedev.co.nz"
37.72.140.3 - - [31/Mar/2026:15:22:52 +0000] "GET / HTTP/1.1" 301 - "-" "Mozilla/5.0 (X11; Linux x86_64) AppleWebKit/537.36 (KHTML, like Gecko) Chrome/70.0.3538.102 YaBrowser/18.11.1.715 (beta) Yowser/2.5 Safari/537.36"
2a03:2880:f806:21:: - - [31/Mar/2026:15:23:06 +0000] "GET /products/detail/95815602 HTTP/1.1" 404 146693 "-" "meta-webindexer/1.1 (+https://developers.facebook.com/docs/sharing/webmasters/crawler)"
2a03:2880:f806:17:: - - [31/Mar/2026:15:23:06 +0000] "GET /products/detail/95515551 HTTP/1.1" 404 146693 "-" "meta-webindexer/1.1 (+https://developers.facebook.com/docs/sharing/webmasters/crawler)"
2a03:2880:f806:10:: - - [31/Mar/2026:15:23:29 +0000] "GET /products/detail/78797379 HTTP/1.1" 404 146693 "-" "meta-webindexer/1.1 (+https://developers.facebook.com/docs/sharing/webmasters/crawler)"
2a03:2880:f806:2a:: - - [31/Mar/2026:15:23:30 +0000] "GET /products/detail/300951682 HTTP/1.1" 404 146693 "-" "meta-webindexer/1.1 (+https://developers.facebook.com/docs/sharing/webmasters/crawler)"
2a03:2880:f806:25:: - - [31/Mar/2026:15:23:32 +0000] "GET /products/detail/282818834 HTTP/1.1" 404 146693 "-" "meta-webindexer/1.1 (+https://developers.facebook.com/docs/sharing/webmasters/crawler)"
45.79.238.235 - - [31/Mar/2026:15:24:21 +0000] "POST /wp-cron.php?doing_wp_cron=1774970661.3951930999755859375000 HTTP/1.1" 200 - "-" "WordPress/6.8.5; http://chargedev.co.nz"
2a03:2880:f806:13:: - - [31/Mar/2026:15:24:20 +0000] "GET /products/detail/283472349 HTTP/1.1" 404 146693 "-" "meta-webindexer/1.1 (+https://developers.facebook.com/docs/sharing/webmasters/crawler)"
2a03:2880:f806:3d:: - - [31/Mar/2026:15:24:38 +0000] "GET /products/detail/165783511 HTTP/1.1" 404 146693 "-" "meta-webindexer/1.1 (+https://developers.facebook.com/docs/sharing/webmasters/crawler)"
45.79.238.235 - - [31/Mar/2026:15:25:05 +0000] "POST /wp-cron.php?doing_wp_cron=1774970705.4913170337677001953125 HTTP/1.1" 200 - "-" "WordPress/6.8.5; http://chargedev.co.nz"
2a03:2880:f806:3e:: - - [31/Mar/2026:15:25:04 +0000] "GET /products/detail/277855884 HTTP/1.1" 404 146693 "-" "meta-webindexer/1.1 (+https://developers.facebook.com/docs/sharing/webmasters/crawler)"
2a03:2880:f806:4:: - - [31/Mar/2026:15:25:06 +0000] "GET /products/detail/99800238 HTTP/1.1" 404 146693 "-" "meta-webindexer/1.1 (+https://developers.facebook.com/docs/sharing/webmasters/crawler)"
2a03:2880:f806:3e:: - - [31/Mar/2026:15:25:33 +0000] "GET /products/detail/228031006 HTTP/1.1" 404 146693 "-" "meta-webindexer/1.1 (+https://developers.facebook.com/docs/sharing/webmasters/crawler)"
2a03:2880:f806:27:: - - [31/Mar/2026:15:25:40 +0000] "GET /products/detail/274659329 HTTP/1.1" 404 146693 "-" "meta-webindexer/1.1 (+https://developers.facebook.com/docs/sharing/webmasters/crawler)"
45.79.238.235 - - [31/Mar/2026:15:25:55 +0000] "POST /wp-cron.php?doing_wp_cron=1774970755.2521789073944091796875 HTTP/1.1" 200 - "-" "WordPress/6.8.5; http://chargedev.co.nz"
2a03:2880:f806:19:: - - [31/Mar/2026:15:25:54 +0000] "GET /products/detail/91301319 HTTP/1.1" 404 146693 "-" "meta-webindexer/1.1 (+https://developers.facebook.com/docs/sharing/webmasters/crawler)"
2a03:2880:f806:10:: - - [31/Mar/2026:15:26:27 +0000] "GET /products/detail/213314076 HTTP/1.1" 404 146693 "-" "meta-webindexer/1.1 (+https://developers.facebook.com/docs/sharing/webmasters/crawler)"
2a03:2880:f806:31:: - - [31/Mar/2026:15:26:27 +0000] "GET /products/detail/310473137 HTTP/1.1" 404 146693 "-" "meta-webindexer/1.1 (+https://developers.facebook.com/docs/sharing/webmasters/crawler)"
2a03:2880:f806:4:: - - [31/Mar/2026:15:26:48 +0000] "GET /products/detail/269214218 HTTP/1.1" 404 146693 "-" "meta-webindexer/1.1 (+https://developers.facebook.com/docs/sharing/webmasters/crawler)"
45.79.238.235 - - [31/Mar/2026:15:27:07 +0000] "POST /wp-cron.php?doing_wp_cron=1774970827.3352320194244384765625 HTTP/1.1" 200 - "-" "WordPress/6.8.5; http://chargedev.co.nz"
2a03:2880:f806:25:: - - [31/Mar/2026:15:27:06 +0000] "GET /products/detail/245132349 HTTP/1.1" 404 146693 "-" "meta-webindexer/1.1 (+https://developers.facebook.com/docs/sharing/webmasters/crawler)"
2a03:2880:f806:3d:: - - [31/Mar/2026:15:27:07 +0000] "GET /products/detail/317179602 HTTP/1.1" 404 146693 "-" "meta-webindexer/1.1 (+https://developers.facebook.com/docs/sharing/webmasters/crawler)"
2a03:2880:f806:3a:: - - [31/Mar/2026:15:27:08 +0000] "GET /products/detail/29723420 HTTP/1.1" 404 146693 "-" "meta-webindexer/1.1 (+https://developers.facebook.com/docs/sharing/webmasters/crawler)"
45.79.238.235 - - [31/Mar/2026:15:28:04 +0000] "POST /wp-cron.php?doing_wp_cron=1774970884.9003629684448242187500 HTTP/1.1" 200 - "-" "WordPress/6.8.5; http://chargedev.co.nz"
