45.79.238.235 - - [31/Mar/2026:12:46:52 +0000] "POST /wp-cron.php?doing_wp_cron=1774961212.1264719963073730468750 HTTP/1.1" 200 - "-" "WordPress/6.8.5; http://chargedev.co.nz"
2a03:2880:f806:24:: - - [31/Mar/2026:12:46:51 +0000] "GET /products/detail/111356561 HTTP/1.1" 404 146693 "-" "meta-webindexer/1.1 (+https://developers.facebook.com/docs/sharing/webmasters/crawler)"
2a03:2880:f806:1b:: - - [31/Mar/2026:12:47:06 +0000] "GET /products/detail/71203309 HTTP/1.1" 404 146693 "-" "meta-webindexer/1.1 (+https://developers.facebook.com/docs/sharing/webmasters/crawler)"
2a03:2880:f806:3f:: - - [31/Mar/2026:12:47:09 +0000] "GET /play-online-pokies-that-win-real-money/ HTTP/1.1" 200 149887 "-" "meta-webindexer/1.1 (+https://developers.facebook.com/docs/sharing/webmasters/crawler)"
2a03:2880:f806:29:: - - [31/Mar/2026:12:47:25 +0000] "GET /biggest-winning-no-deposit-pokies/ HTTP/1.1" 200 150438 "-" "meta-webindexer/1.1 (+https://developers.facebook.com/docs/sharing/webmasters/crawler)"
2a03:2880:f806:9:: - - [31/Mar/2026:12:47:31 +0000] "GET /products/detail/30320915 HTTP/1.1" 404 146693 "-" "meta-webindexer/1.1 (+https://developers.facebook.com/docs/sharing/webmasters/crawler)"
2a03:2880:f806:2a:: - - [31/Mar/2026:12:47:42 +0000] "GET /victorious-pokies-in-australia-bonus-codes/ HTTP/1.1" 200 150433 "-" "meta-webindexer/1.1 (+https://developers.facebook.com/docs/sharing/webmasters/crawler)"
2a03:2880:f806:15:: - - [31/Mar/2026:12:47:49 +0000] "GET /best-casino-bonuses-no-deposit-au/ HTTP/1.1" 200 150128 "-" "meta-webindexer/1.1 (+https://developers.facebook.com/docs/sharing/webmasters/crawler)"
52.167.144.195 - - [31/Mar/2026:12:48:05 +0000] "GET /secure-pokies-australia-no-deposit-sign-up-bonus/ HTTP/1.1" 200 201577 "-" "Mozilla/5.0 AppleWebKit/537.36 (KHTML, like Gecko; compatible; bingbot/2.0; +http://www.bing.com/bingbot.htm) Chrome/116.0.1938.76 Safari/537.36"
2a03:2880:f806:2f:: - - [31/Mar/2026:12:48:18 +0000] "GET /products/detail/153557561 HTTP/1.1" 404 146693 "-" "meta-webindexer/1.1 (+https://developers.facebook.com/docs/sharing/webmasters/crawler)"
2a03:2880:f806:2c:: - - [31/Mar/2026:12:48:26 +0000] "GET /products/detail/258392157 HTTP/1.1" 404 146693 "-" "meta-webindexer/1.1 (+https://developers.facebook.com/docs/sharing/webmasters/crawler)"
2a03:2880:f806:44:: - - [31/Mar/2026:12:48:27 +0000] "GET /products/detail/233233339 HTTP/1.1" 404 146693 "-" "meta-webindexer/1.1 (+https://developers.facebook.com/docs/sharing/webmasters/crawler)"
2a03:2880:f806:9:: - - [31/Mar/2026:12:48:28 +0000] "GET /products/detail/82012521 HTTP/1.1" 404 146693 "-" "meta-webindexer/1.1 (+https://developers.facebook.com/docs/sharing/webmasters/crawler)"
2a03:2880:f806:23:: - - [31/Mar/2026:12:48:31 +0000] "GET /products/detail/203310137 HTTP/1.1" 404 146693 "-" "meta-webindexer/1.1 (+https://developers.facebook.com/docs/sharing/webmasters/crawler)"
2a03:2880:f806:2b:: - - [31/Mar/2026:12:48:45 +0000] "GET /products/detail/284731551 HTTP/1.1" 404 146693 "-" "meta-webindexer/1.1 (+https://developers.facebook.com/docs/sharing/webmasters/crawler)"
2a03:2880:f806:15:: - - [31/Mar/2026:12:48:50 +0000] "GET /products/detail/244341460 HTTP/1.1" 404 146693 "-" "meta-webindexer/1.1 (+https://developers.facebook.com/docs/sharing/webmasters/crawler)"
45.79.238.235 - - [31/Mar/2026:12:48:59 +0000] "POST /wp-cron.php?doing_wp_cron=1774961339.0682361125946044921875 HTTP/1.1" 200 - "-" "WordPress/6.8.5; http://chargedev.co.nz"
2a03:2880:f806:17:: - - [31/Mar/2026:12:48:58 +0000] "GET /products/detail/151529975 HTTP/1.1" 404 146693 "-" "meta-webindexer/1.1 (+https://developers.facebook.com/docs/sharing/webmasters/crawler)"
2a03:2880:f806:45:: - - [31/Mar/2026:12:48:58 +0000] "GET /products/detail/151138036 HTTP/1.1" 404 146693 "-" "meta-webindexer/1.1 (+https://developers.facebook.com/docs/sharing/webmasters/crawler)"
2a03:2880:f806:d:: - - [31/Mar/2026:12:49:00 +0000] "GET /very-well-casino-nz/ HTTP/1.1" 200 150298 "-" "meta-webindexer/1.1 (+https://developers.facebook.com/docs/sharing/webmasters/crawler)"
2a03:2880:f806:2e:: - - [31/Mar/2026:12:49:47 +0000] "GET /products/detail/130006369 HTTP/1.1" 404 146693 "-" "meta-webindexer/1.1 (+https://developers.facebook.com/docs/sharing/webmasters/crawler)"
2a03:2880:f806:2b:: - - [31/Mar/2026:12:50:12 +0000] "GET /products/detail/166421379 HTTP/1.1" 404 146693 "-" "meta-webindexer/1.1 (+https://developers.facebook.com/docs/sharing/webmasters/crawler)"
2a03:2880:f806:17:: - - [31/Mar/2026:12:50:20 +0000] "GET /products/detail/266582268 HTTP/1.1" 404 146693 "-" "meta-webindexer/1.1 (+https://developers.facebook.com/docs/sharing/webmasters/crawler)"
2a03:2880:f806:41:: - - [31/Mar/2026:12:50:23 +0000] "GET /products/detail/143541359 HTTP/1.1" 404 146693 "-" "meta-webindexer/1.1 (+https://developers.facebook.com/docs/sharing/webmasters/crawler)"
2a03:2880:f806:34:: - - [31/Mar/2026:12:50:25 +0000] "GET /products/detail/63640036 HTTP/1.1" 404 146693 "-" "meta-webindexer/1.1 (+https://developers.facebook.com/docs/sharing/webmasters/crawler)"
2a03:2880:f806:4:: - - [31/Mar/2026:12:50:45 +0000] "GET /new-pokies-online-payout-percentage/ HTTP/1.1" 200 149653 "-" "meta-webindexer/1.1 (+https://developers.facebook.com/docs/sharing/webmasters/crawler)"
45.79.238.235 - - [31/Mar/2026:12:50:54 +0000] "POST /wp-cron.php?doing_wp_cron=1774961454.1667869091033935546875 HTTP/1.1" 200 - "-" "WordPress/6.8.5; http://chargedev.co.nz"
2a03:2880:f806:2:: - - [31/Mar/2026:12:50:53 +0000] "GET /products/detail/50840127 HTTP/1.1" 404 146693 "-" "meta-webindexer/1.1 (+https://developers.facebook.com/docs/sharing/webmasters/crawler)"
2a03:2880:f806:1f:: - - [31/Mar/2026:12:50:55 +0000] "GET /products/detail/91761086 HTTP/1.1" 404 146693 "-" "meta-webindexer/1.1 (+https://developers.facebook.com/docs/sharing/webmasters/crawler)"
2a03:2880:f806:1f:: - - [31/Mar/2026:12:50:56 +0000] "GET /products/detail/50955430 HTTP/1.1" 404 146693 "-" "meta-webindexer/1.1 (+https://developers.facebook.com/docs/sharing/webmasters/crawler)"
2a03:2880:f806:29:: - - [31/Mar/2026:12:50:58 +0000] "GET /real-money-australia-pokies-online/ HTTP/1.1" 200 149794 "-" "meta-webindexer/1.1 (+https://developers.facebook.com/docs/sharing/webmasters/crawler)"
2a03:2880:f806:f:: - - [31/Mar/2026:12:51:07 +0000] "GET /emerald-princess-casino-brunswick-ontario/ HTTP/1.1" 200 150672 "-" "meta-webindexer/1.1 (+https://developers.facebook.com/docs/sharing/webmasters/crawler)"
2a03:2880:f806:48:: - - [31/Mar/2026:12:51:23 +0000] "GET /safe-pokies-welcome-no-deposit-bonus/ HTTP/1.1" 200 149734 "-" "meta-webindexer/1.1 (+https://developers.facebook.com/docs/sharing/webmasters/crawler)"
2a03:2880:f806:10:: - - [31/Mar/2026:12:51:23 +0000] "GET /tax-free-pokies-machines-free-games/ HTTP/1.1" 200 150017 "-" "meta-webindexer/1.1 (+https://developers.facebook.com/docs/sharing/webmasters/crawler)"
2a03:2880:f806:3:: - - [31/Mar/2026:12:51:33 +0000] "GET /-1-deposit-bonus-casino-new-zealand/ HTTP/1.1" 404 143521 "-" "meta-webindexer/1.1 (+https://developers.facebook.com/docs/sharing/webmasters/crawler)"
2a03:2880:f806:7:: - - [31/Mar/2026:12:51:34 +0000] "GET /casinos-new-zealand-index/ HTTP/1.1" 200 150364 "-" "meta-webindexer/1.1 (+https://developers.facebook.com/docs/sharing/webmasters/crawler)"
2a03:2880:f806:3e:: - - [31/Mar/2026:12:51:37 +0000] "GET /products/detail/205975147 HTTP/1.1" 404 146693 "-" "meta-webindexer/1.1 (+https://developers.facebook.com/docs/sharing/webmasters/crawler)"
2a03:2880:f806:1b:: - - [31/Mar/2026:12:51:39 +0000] "GET /products/detail/52899086 HTTP/1.1" 404 146693 "-" "meta-webindexer/1.1 (+https://developers.facebook.com/docs/sharing/webmasters/crawler)"
2a03:2880:f806:f:: - - [31/Mar/2026:12:51:39 +0000] "GET /products/detail/146847511 HTTP/1.1" 404 146693 "-" "meta-webindexer/1.1 (+https://developers.facebook.com/docs/sharing/webmasters/crawler)"
2a03:2880:f806:2a:: - - [31/Mar/2026:12:51:45 +0000] "GET /free-for-fun-pokies-with-bonus/ HTTP/1.1" 200 150432 "-" "meta-webindexer/1.1 (+https://developers.facebook.com/docs/sharing/webmasters/crawler)"
2a03:2880:f806:48:: - - [31/Mar/2026:12:51:46 +0000] "GET /products/detail/260324450 HTTP/1.1" 404 146693 "-" "meta-webindexer/1.1 (+https://developers.facebook.com/docs/sharing/webmasters/crawler)"
2a03:2880:f806:9:: - - [31/Mar/2026:12:52:12 +0000] "GET /products/detail/157367612 HTTP/1.1" 404 146693 "-" "meta-webindexer/1.1 (+https://developers.facebook.com/docs/sharing/webmasters/crawler)"
2a03:2880:f806:2c:: - - [31/Mar/2026:12:52:16 +0000] "GET /products/detail/24459985 HTTP/1.1" 404 146693 "-" "meta-webindexer/1.1 (+https://developers.facebook.com/docs/sharing/webmasters/crawler)"
2a03:2880:f806:2f:: - - [31/Mar/2026:12:52:30 +0000] "GET /products/detail/244749511 HTTP/1.1" 404 146693 "-" "meta-webindexer/1.1 (+https://developers.facebook.com/docs/sharing/webmasters/crawler)"
2a03:2880:f806:39:: - - [31/Mar/2026:12:52:34 +0000] "GET /products/detail/255974642 HTTP/1.1" 404 146693 "-" "meta-webindexer/1.1 (+https://developers.facebook.com/docs/sharing/webmasters/crawler)"
2a03:2880:f806:16:: - - [31/Mar/2026:12:52:35 +0000] "GET /products/detail/44163460 HTTP/1.1" 404 146693 "-" "meta-webindexer/1.1 (+https://developers.facebook.com/docs/sharing/webmasters/crawler)"
2a03:2880:f806:4a:: - - [31/Mar/2026:12:52:37 +0000] "GET /live-pokies-with-bonus-that-take-paypal/ HTTP/1.1" 200 149658 "-" "meta-webindexer/1.1 (+https://developers.facebook.com/docs/sharing/webmasters/crawler)"
45.79.238.235 - - [31/Mar/2026:12:52:55 +0000] "POST /wp-cron.php?doing_wp_cron=1774961575.0832450389862060546875 HTTP/1.1" 200 - "-" "WordPress/6.8.5; http://chargedev.co.nz"
2a03:2880:f806:2d:: - - [31/Mar/2026:12:52:54 +0000] "GET /products/detail/188549127 HTTP/1.1" 404 146693 "-" "meta-webindexer/1.1 (+https://developers.facebook.com/docs/sharing/webmasters/crawler)"
2a03:2880:f806:8:: - - [31/Mar/2026:12:52:54 +0000] "GET /products/detail/159720329 HTTP/1.1" 404 146693 "-" "meta-webindexer/1.1 (+https://developers.facebook.com/docs/sharing/webmasters/crawler)"
2a03:2880:f806:3b:: - - [31/Mar/2026:12:53:10 +0000] "GET /buy-australian-casino-guide/ HTTP/1.1" 200 149155 "-" "meta-webindexer/1.1 (+https://developers.facebook.com/docs/sharing/webmasters/crawler)"
2a03:2880:f806:33:: - - [31/Mar/2026:12:53:33 +0000] "GET /products/detail/108737016 HTTP/1.1" 404 146693 "-" "meta-webindexer/1.1 (+https://developers.facebook.com/docs/sharing/webmasters/crawler)"
2a03:2880:f806:29:: - - [31/Mar/2026:12:53:37 +0000] "GET /no-deposit-casino-offers-nz/ HTTP/1.1" 200 150126 "-" "meta-webindexer/1.1 (+https://developers.facebook.com/docs/sharing/webmasters/crawler)"
45.79.238.235 - - [31/Mar/2026:12:53:54 +0000] "POST /wp-cron.php?doing_wp_cron=1774961634.2145979404449462890625 HTTP/1.1" 200 - "-" "WordPress/6.8.5; http://chargedev.co.nz"
2a03:2880:f806:3f:: - - [31/Mar/2026:12:53:53 +0000] "GET /secret-to-au-pokies-for-real-money/ HTTP/1.1" 200 150364 "-" "meta-webindexer/1.1 (+https://developers.facebook.com/docs/sharing/webmasters/crawler)"
2a03:2880:f806:b:: - - [31/Mar/2026:12:53:56 +0000] "GET /products/detail/62551258 HTTP/1.1" 404 146693 "-" "meta-webindexer/1.1 (+https://developers.facebook.com/docs/sharing/webmasters/crawler)"
2a03:2880:f806:23:: - - [31/Mar/2026:12:53:59 +0000] "GET /no-deposit-sign-up-bonus-casino-nz/ HTTP/1.1" 200 150199 "-" "meta-webindexer/1.1 (+https://developers.facebook.com/docs/sharing/webmasters/crawler)"
2a03:2880:f806:2f:: - - [31/Mar/2026:12:54:06 +0000] "GET /australia-gambling-facts/ HTTP/1.1" 200 150078 "-" "meta-webindexer/1.1 (+https://developers.facebook.com/docs/sharing/webmasters/crawler)"
2a03:2880:f806:28:: - - [31/Mar/2026:12:54:10 +0000] "GET /jennings-slot-machine-buckaroo-dime-australian/ HTTP/1.1" 200 150111 "-" "meta-webindexer/1.1 (+https://developers.facebook.com/docs/sharing/webmasters/crawler)"
2a03:2880:f806:44:: - - [31/Mar/2026:12:54:23 +0000] "GET /products/detail/34663743 HTTP/1.1" 404 146693 "-" "meta-webindexer/1.1 (+https://developers.facebook.com/docs/sharing/webmasters/crawler)"
2a03:2880:f806:2a:: - - [31/Mar/2026:12:54:27 +0000] "GET /real-money-best-australian-pokies-no-deposit-bonus/ HTTP/1.1" 200 150308 "-" "meta-webindexer/1.1 (+https://developers.facebook.com/docs/sharing/webmasters/crawler)"
2a03:2880:f806:17:: - - [31/Mar/2026:12:54:43 +0000] "GET /products/detail/70550238 HTTP/1.1" 404 146693 "-" "meta-webindexer/1.1 (+https://developers.facebook.com/docs/sharing/webmasters/crawler)"
2a03:2880:f806:d:: - - [31/Mar/2026:12:54:44 +0000] "GET /products/detail/18245612 HTTP/1.1" 404 146693 "-" "meta-webindexer/1.1 (+https://developers.facebook.com/docs/sharing/webmasters/crawler)"
52.167.144.235 - - [31/Mar/2026:12:54:51 +0000] "GET /live-pokies-with-bonus-for-beginners/ HTTP/1.1" 200 187158 "-" "Mozilla/5.0 AppleWebKit/537.36 (KHTML, like Gecko; compatible; bingbot/2.0; +http://www.bing.com/bingbot.htm) Chrome/116.0.1938.76 Safari/537.36"
2a03:2880:f806:4:: - - [31/Mar/2026:12:55:02 +0000] "GET /products/detail/180119480 HTTP/1.1" 404 146693 "-" "meta-webindexer/1.1 (+https://developers.facebook.com/docs/sharing/webmasters/crawler)"
2a03:2880:f806:20:: - - [31/Mar/2026:12:55:11 +0000] "GET /products/detail/165653349 HTTP/1.1" 404 146693 "-" "meta-webindexer/1.1 (+https://developers.facebook.com/docs/sharing/webmasters/crawler)"
216.244.66.200 - - [31/Mar/2026:12:55:14 +0000] "GET /2019chargedev/shop/?orderby=popularity&type=grid&number=10 HTTP/1.1" 403 - "-" "Mozilla/5.0 (compatible; DotBot/1.2; +https://opensiteexplorer.org/dotbot; help@moz.com)"
2a03:2880:f806:20:: - - [31/Mar/2026:12:55:14 +0000] "GET /casino-houghton-nz/ HTTP/1.1" 200 149375 "-" "meta-webindexer/1.1 (+https://developers.facebook.com/docs/sharing/webmasters/crawler)"
2a03:2880:f806:9:: - - [31/Mar/2026:12:55:17 +0000] "GET /products/detail/264709602 HTTP/1.1" 404 146693 "-" "meta-webindexer/1.1 (+https://developers.facebook.com/docs/sharing/webmasters/crawler)"
2a03:2880:f806:42:: - - [31/Mar/2026:12:55:21 +0000] "GET /products/detail/106370915 HTTP/1.1" 404 146693 "-" "meta-webindexer/1.1 (+https://developers.facebook.com/docs/sharing/webmasters/crawler)"
2a03:2880:f806:1a:: - - [31/Mar/2026:12:55:24 +0000] "GET /products/detail/199946723 HTTP/1.1" 404 146693 "-" "meta-webindexer/1.1 (+https://developers.facebook.com/docs/sharing/webmasters/crawler)"
52.167.144.195 - - [31/Mar/2026:12:55:36 +0000] "GET /top-ten-new-au-pokies/ HTTP/1.1" 200 185400 "-" "Mozilla/5.0 AppleWebKit/537.36 (KHTML, like Gecko; compatible; bingbot/2.0; +http://www.bing.com/bingbot.htm) Chrome/116.0.1938.76 Safari/537.36"
2a03:2880:f806:16:: - - [31/Mar/2026:12:55:40 +0000] "GET /products/detail/171436066 HTTP/1.1" 404 146693 "-" "meta-webindexer/1.1 (+https://developers.facebook.com/docs/sharing/webmasters/crawler)"
2a03:2880:f806:1d:: - - [31/Mar/2026:12:55:41 +0000] "GET /instant-au-pokies-free/ HTTP/1.1" 200 150234 "-" "meta-webindexer/1.1 (+https://developers.facebook.com/docs/sharing/webmasters/crawler)"
2a03:2880:f806:14:: - - [31/Mar/2026:12:55:49 +0000] "GET /products/detail/38096016 HTTP/1.1" 404 146693 "-" "meta-webindexer/1.1 (+https://developers.facebook.com/docs/sharing/webmasters/crawler)"
2a03:2880:f806:23:: - - [31/Mar/2026:12:56:01 +0000] "GET /products/detail/37546440 HTTP/1.1" 404 146693 "-" "meta-webindexer/1.1 (+https://developers.facebook.com/docs/sharing/webmasters/crawler)"
2a03:2880:f806:3e:: - - [31/Mar/2026:12:56:02 +0000] "GET /products/detail/51110915 HTTP/1.1" 404 146693 "-" "meta-webindexer/1.1 (+https://developers.facebook.com/docs/sharing/webmasters/crawler)"
2a03:2880:f806:d:: - - [31/Mar/2026:12:56:14 +0000] "GET /products/detail/245128288 HTTP/1.1" 404 146693 "-" "meta-webindexer/1.1 (+https://developers.facebook.com/docs/sharing/webmasters/crawler)"
2a03:2880:f806:22:: - - [31/Mar/2026:12:56:15 +0000] "GET /products/detail/21488642 HTTP/1.1" 404 146693 "-" "meta-webindexer/1.1 (+https://developers.facebook.com/docs/sharing/webmasters/crawler)"
2a03:2880:f806:f:: - - [31/Mar/2026:12:56:26 +0000] "GET /new-au-pokies-best-odds/ HTTP/1.1" 200 150311 "-" "meta-webindexer/1.1 (+https://developers.facebook.com/docs/sharing/webmasters/crawler)"
2a03:2880:f806:48:: - - [31/Mar/2026:12:56:30 +0000] "GET /products/detail/151883915 HTTP/1.1" 404 146693 "-" "meta-webindexer/1.1 (+https://developers.facebook.com/docs/sharing/webmasters/crawler)"
2a03:2880:f806:1f:: - - [31/Mar/2026:12:56:31 +0000] "GET /products/detail/114546278 HTTP/1.1" 404 146693 "-" "meta-webindexer/1.1 (+https://developers.facebook.com/docs/sharing/webmasters/crawler)"
2a03:2880:f806:b:: - - [31/Mar/2026:12:56:33 +0000] "GET /products/detail/81223117 HTTP/1.1" 404 146693 "-" "meta-webindexer/1.1 (+https://developers.facebook.com/docs/sharing/webmasters/crawler)"
2a03:2880:f806:b:: - - [31/Mar/2026:12:56:42 +0000] "GET /products/detail/312029783 HTTP/1.1" 404 146693 "-" "meta-webindexer/1.1 (+https://developers.facebook.com/docs/sharing/webmasters/crawler)"
45.79.238.235 - - [31/Mar/2026:12:56:53 +0000] "POST /wp-cron.php?doing_wp_cron=1774961813.4532399177551269531250 HTTP/1.1" 200 - "-" "WordPress/6.8.5; http://chargedev.co.nz"
2a03:2880:f806:f:: - - [31/Mar/2026:12:56:52 +0000] "GET /online-new-zealand-pokies/ HTTP/1.1" 200 150105 "-" "meta-webindexer/1.1 (+https://developers.facebook.com/docs/sharing/webmasters/crawler)"
2a03:2880:f806:30:: - - [31/Mar/2026:12:57:12 +0000] "GET /products/detail/226794056 HTTP/1.1" 404 146693 "-" "meta-webindexer/1.1 (+https://developers.facebook.com/docs/sharing/webmasters/crawler)"
2a03:2880:f806:2:: - - [31/Mar/2026:12:57:24 +0000] "GET /products/detail/40605541 HTTP/1.1" 404 146693 "-" "meta-webindexer/1.1 (+https://developers.facebook.com/docs/sharing/webmasters/crawler)"
2a03:2880:f806:e:: - - [31/Mar/2026:12:57:25 +0000] "GET /products/detail/275594208 HTTP/1.1" 404 146693 "-" "meta-webindexer/1.1 (+https://developers.facebook.com/docs/sharing/webmasters/crawler)"
2a03:2880:f806:9:: - - [31/Mar/2026:12:57:29 +0000] "GET /kilroys-slot-au/ HTTP/1.1" 200 149419 "-" "meta-webindexer/1.1 (+https://developers.facebook.com/docs/sharing/webmasters/crawler)"
2a03:2880:f806:14:: - - [31/Mar/2026:12:57:33 +0000] "GET /products/detail/265361753 HTTP/1.1" 404 146693 "-" "meta-webindexer/1.1 (+https://developers.facebook.com/docs/sharing/webmasters/crawler)"
2a03:2880:f806:31:: - - [31/Mar/2026:12:57:40 +0000] "GET /products/detail/246256773 HTTP/1.1" 404 146693 "-" "meta-webindexer/1.1 (+https://developers.facebook.com/docs/sharing/webmasters/crawler)"
2a03:2880:f806:20:: - - [31/Mar/2026:12:58:26 +0000] "GET /products/detail/165738278 HTTP/1.1" 404 146693 "-" "meta-webindexer/1.1 (+https://developers.facebook.com/docs/sharing/webmasters/crawler)"
2a03:2880:f806:3a:: - - [31/Mar/2026:12:58:26 +0000] "GET /gsn-casino-casino-games-pokies-slots/ HTTP/1.1" 200 150222 "-" "meta-webindexer/1.1 (+https://developers.facebook.com/docs/sharing/webmasters/crawler)"
2a03:2880:f806:22:: - - [31/Mar/2026:12:58:30 +0000] "GET /casino-online-no-deposit-bonus-nz/ HTTP/1.1" 200 149590 "-" "meta-webindexer/1.1 (+https://developers.facebook.com/docs/sharing/webmasters/crawler)"
2a03:2880:f806:2d:: - - [31/Mar/2026:12:58:35 +0000] "GET /products/detail/49270965 HTTP/1.1" 404 146693 "-" "meta-webindexer/1.1 (+https://developers.facebook.com/docs/sharing/webmasters/crawler)"
2a03:2880:f806:3f:: - - [31/Mar/2026:12:58:40 +0000] "GET /products/detail/267622662 HTTP/1.1" 404 146693 "-" "meta-webindexer/1.1 (+https://developers.facebook.com/docs/sharing/webmasters/crawler)"
45.79.238.235 - - [31/Mar/2026:12:58:53 +0000] "POST /wp-cron.php?doing_wp_cron=1774961933.5176849365234375000000 HTTP/1.1" 200 - "-" "WordPress/6.8.5; http://chargedev.co.nz"
2a03:2880:f806:32:: - - [31/Mar/2026:12:58:52 +0000] "GET /products/detail/218556703 HTTP/1.1" 404 146693 "-" "meta-webindexer/1.1 (+https://developers.facebook.com/docs/sharing/webmasters/crawler)"
40.77.167.255 - - [31/Mar/2026:12:58:56 +0000] "GET /play-free-online-australian-roulette-in-dollars/ HTTP/1.1" 200 187427 "-" "Mozilla/5.0 AppleWebKit/537.36 (KHTML, like Gecko; compatible; bingbot/2.0; +http://www.bing.com/bingbot.htm) Chrome/116.0.1938.76 Safari/537.36"
2a03:2880:f806:3c:: - - [31/Mar/2026:12:59:18 +0000] "GET /products/detail/261396137 HTTP/1.1" 404 146693 "-" "meta-webindexer/1.1 (+https://developers.facebook.com/docs/sharing/webmasters/crawler)"
2a03:2880:f806:23:: - - [31/Mar/2026:12:59:26 +0000] "GET /products/detail/142619864 HTTP/1.1" 404 146693 "-" "meta-webindexer/1.1 (+https://developers.facebook.com/docs/sharing/webmasters/crawler)"
2a03:2880:f806:3d:: - - [31/Mar/2026:12:59:27 +0000] "GET /products/detail/219701480 HTTP/1.1" 404 146693 "-" "meta-webindexer/1.1 (+https://developers.facebook.com/docs/sharing/webmasters/crawler)"
2a03:2880:f806:2e:: - - [31/Mar/2026:12:59:32 +0000] "GET /500-percents-casino-bonus-nz/ HTTP/1.1" 200 149891 "-" "meta-webindexer/1.1 (+https://developers.facebook.com/docs/sharing/webmasters/crawler)"
2a03:2880:f806:f:: - - [31/Mar/2026:12:59:35 +0000] "GET /products/detail/286762410 HTTP/1.1" 404 146693 "-" "meta-webindexer/1.1 (+https://developers.facebook.com/docs/sharing/webmasters/crawler)"
2a03:2880:f806:e:: - - [31/Mar/2026:12:59:36 +0000] "GET /products/detail/297026127 HTTP/1.1" 404 146693 "-" "meta-webindexer/1.1 (+https://developers.facebook.com/docs/sharing/webmasters/crawler)"
2a03:2880:f806:c:: - - [31/Mar/2026:12:59:44 +0000] "GET /online-gambling-au-legal-states/ HTTP/1.1" 200 149736 "-" "meta-webindexer/1.1 (+https://developers.facebook.com/docs/sharing/webmasters/crawler)"
45.79.238.235 - - [31/Mar/2026:12:59:54 +0000] "POST /wp-cron.php?doing_wp_cron=1774961994.1375880241394042968750 HTTP/1.1" 200 - "-" "WordPress/6.8.5; http://chargedev.co.nz"
2a03:2880:f806:33:: - - [31/Mar/2026:12:59:53 +0000] "GET /pokies-city-casino-no-deposit-bonus-code/ HTTP/1.1" 200 149811 "-" "meta-webindexer/1.1 (+https://developers.facebook.com/docs/sharing/webmasters/crawler)"
2a03:2880:f806:34:: - - [31/Mar/2026:13:00:04 +0000] "GET /products/detail/307218955 HTTP/1.1" 404 146693 "-" "meta-webindexer/1.1 (+https://developers.facebook.com/docs/sharing/webmasters/crawler)"
2a03:2880:f806:33:: - - [31/Mar/2026:13:00:33 +0000] "GET /popular-pokies-deposit-casino-euro/ HTTP/1.1" 200 150264 "-" "meta-webindexer/1.1 (+https://developers.facebook.com/docs/sharing/webmasters/crawler)"
2a03:2880:f806:1f:: - - [31/Mar/2026:13:00:39 +0000] "GET /products/detail/41985814 HTTP/1.1" 404 146693 "-" "meta-webindexer/1.1 (+https://developers.facebook.com/docs/sharing/webmasters/crawler)"
2a03:2880:f806:2d:: - - [31/Mar/2026:13:00:40 +0000] "GET /products/detail/245184086 HTTP/1.1" 404 146693 "-" "meta-webindexer/1.1 (+https://developers.facebook.com/docs/sharing/webmasters/crawler)"
45.79.238.235 - - [31/Mar/2026:13:00:59 +0000] "POST /wp-cron.php?doing_wp_cron=1774962059.3236110210418701171875 HTTP/1.1" 200 - "-" "WordPress/6.8.5; http://chargedev.co.nz"
2a03:2880:f806:32:: - - [31/Mar/2026:13:00:58 +0000] "GET /products/detail/250741147 HTTP/1.1" 404 146693 "-" "meta-webindexer/1.1 (+https://developers.facebook.com/docs/sharing/webmasters/crawler)"
2a03:2880:f806:15:: - - [31/Mar/2026:13:01:05 +0000] "GET /casino-in-bellevue-nz/ HTTP/1.1" 200 149610 "-" "meta-webindexer/1.1 (+https://developers.facebook.com/docs/sharing/webmasters/crawler)"
2a03:2880:f806:8:: - - [31/Mar/2026:13:01:12 +0000] "GET /products/detail/296540016 HTTP/1.1" 404 146693 "-" "meta-webindexer/1.1 (+https://developers.facebook.com/docs/sharing/webmasters/crawler)"
2a03:2880:f806:33:: - - [31/Mar/2026:13:01:13 +0000] "GET /products/detail/243717430 HTTP/1.1" 404 146693 "-" "meta-webindexer/1.1 (+https://developers.facebook.com/docs/sharing/webmasters/crawler)"
2a03:2880:f806:34:: - - [31/Mar/2026:13:01:23 +0000] "GET /au-pokies-for-money/ HTTP/1.1" 200 149780 "-" "meta-webindexer/1.1 (+https://developers.facebook.com/docs/sharing/webmasters/crawler)"
40.77.167.255 - - [31/Mar/2026:13:01:26 +0000] "GET /golden-pokies-casino-help/ HTTP/1.1" 200 200252 "-" "Mozilla/5.0 AppleWebKit/537.36 (KHTML, like Gecko; compatible; bingbot/2.0; +http://www.bing.com/bingbot.htm) Chrome/116.0.1938.76 Safari/537.36"
2a03:2880:f806:1b:: - - [31/Mar/2026:13:01:28 +0000] "GET /products/detail/133797511 HTTP/1.1" 404 146693 "-" "meta-webindexer/1.1 (+https://developers.facebook.com/docs/sharing/webmasters/crawler)"
2a03:2880:f806:15:: - - [31/Mar/2026:13:01:39 +0000] "GET /live-pokies-winnings/ HTTP/1.1" 200 148971 "-" "meta-webindexer/1.1 (+https://developers.facebook.com/docs/sharing/webmasters/crawler)"
2a03:2880:f806:1:: - - [31/Mar/2026:13:01:39 +0000] "GET /gambling-pokies-for-money/ HTTP/1.1" 200 150224 "-" "meta-webindexer/1.1 (+https://developers.facebook.com/docs/sharing/webmasters/crawler)"
2a03:2880:f806:48:: - - [31/Mar/2026:13:01:44 +0000] "GET /club-southside-pokies/ HTTP/1.1" 200 149306 "-" "meta-webindexer/1.1 (+https://developers.facebook.com/docs/sharing/webmasters/crawler)"
2a03:2880:f806:16:: - - [31/Mar/2026:13:01:48 +0000] "GET /products/detail/41717157 HTTP/1.1" 404 146693 "-" "meta-webindexer/1.1 (+https://developers.facebook.com/docs/sharing/webmasters/crawler)"
2a03:2880:f806:1d:: - - [31/Mar/2026:13:01:48 +0000] "GET /products/detail/76605652 HTTP/1.1" 404 146693 "-" "meta-webindexer/1.1 (+https://developers.facebook.com/docs/sharing/webmasters/crawler)"
2a03:2880:f806:12:: - - [31/Mar/2026:13:01:50 +0000] "GET /products/detail/83066753 HTTP/1.1" 404 146693 "-" "meta-webindexer/1.1 (+https://developers.facebook.com/docs/sharing/webmasters/crawler)"
45.79.238.235 - - [31/Mar/2026:13:01:51 +0000] "POST /wp-cron.php?doing_wp_cron=1774962111.1656510829925537109375 HTTP/1.1" 200 - "-" "WordPress/6.8.5; http://chargedev.co.nz"
2a03:2880:f806:8:: - - [31/Mar/2026:13:01:50 +0000] "GET /gambling-pokies-game/ HTTP/1.1" 200 149636 "-" "meta-webindexer/1.1 (+https://developers.facebook.com/docs/sharing/webmasters/crawler)"
2a03:2880:f806:1e:: - - [31/Mar/2026:13:01:51 +0000] "GET /products/detail/74986339 HTTP/1.1" 404 146693 "-" "meta-webindexer/1.1 (+https://developers.facebook.com/docs/sharing/webmasters/crawler)"
2a03:2880:f806:6:: - - [31/Mar/2026:13:02:14 +0000] "GET /products/detail/144224561 HTTP/1.1" 404 146693 "-" "meta-webindexer/1.1 (+https://developers.facebook.com/docs/sharing/webmasters/crawler)"
2a03:2880:f806:1:: - - [31/Mar/2026:13:02:24 +0000] "GET /products/detail/65136955 HTTP/1.1" 404 146693 "-" "meta-webindexer/1.1 (+https://developers.facebook.com/docs/sharing/webmasters/crawler)"
2a03:2880:f806:2c:: - - [31/Mar/2026:13:02:26 +0000] "GET /products/detail/167581036 HTTP/1.1" 404 146693 "-" "meta-webindexer/1.1 (+https://developers.facebook.com/docs/sharing/webmasters/crawler)"
2a03:2880:f806:44:: - - [31/Mar/2026:13:02:31 +0000] "GET /products/detail/149627046 HTTP/1.1" 404 146693 "-" "meta-webindexer/1.1 (+https://developers.facebook.com/docs/sharing/webmasters/crawler)"
2a03:2880:f806:43:: - - [31/Mar/2026:13:02:41 +0000] "GET /products/detail/242847571 HTTP/1.1" 404 146693 "-" "meta-webindexer/1.1 (+https://developers.facebook.com/docs/sharing/webmasters/crawler)"
2a03:2880:f806:29:: - - [31/Mar/2026:13:02:46 +0000] "GET /products/detail/122843379 HTTP/1.1" 404 146693 "-" "meta-webindexer/1.1 (+https://developers.facebook.com/docs/sharing/webmasters/crawler)"
2a03:2880:f806:: - - [31/Mar/2026:13:02:48 +0000] "GET /products/detail/33468218 HTTP/1.1" 404 146693 "-" "meta-webindexer/1.1 (+https://developers.facebook.com/docs/sharing/webmasters/crawler)"
45.79.238.235 - - [31/Mar/2026:13:02:52 +0000] "POST /wp-cron.php?doing_wp_cron=1774962172.1213541030883789062500 HTTP/1.1" 200 - "-" "WordPress/6.8.5; http://chargedev.co.nz"
2a03:2880:f806:3d:: - - [31/Mar/2026:13:02:51 +0000] "GET /products/detail/306698864 HTTP/1.1" 404 146693 "-" "meta-webindexer/1.1 (+https://developers.facebook.com/docs/sharing/webmasters/crawler)"
45.79.238.235 - - [31/Mar/2026:13:02:52 +0000] "POST /wp-cron.php?doing_wp_cron=1774962172.8922190666198730468750 HTTP/1.1" 200 - "-" "WordPress/6.8.5; http://chargedev.co.nz"
2a03:2880:f806:28:: - - [31/Mar/2026:13:02:52 +0000] "GET /products/detail/130810632 HTTP/1.1" 404 146693 "-" "meta-webindexer/1.1 (+https://developers.facebook.com/docs/sharing/webmasters/crawler)"
2a03:2880:f806:9:: - - [31/Mar/2026:13:02:52 +0000] "GET /products/detail/89634056 HTTP/1.1" 404 146693 "-" "meta-webindexer/1.1 (+https://developers.facebook.com/docs/sharing/webmasters/crawler)"
2a03:2880:f806:17:: - - [31/Mar/2026:13:03:31 +0000] "GET /products/detail/275515006 HTTP/1.1" 404 146693 "-" "meta-webindexer/1.1 (+https://developers.facebook.com/docs/sharing/webmasters/crawler)"
45.79.238.235 - - [31/Mar/2026:13:03:57 +0000] "POST /wp-cron.php?doing_wp_cron=1774962237.8205831050872802734375 HTTP/1.1" 200 - "-" "WordPress/6.8.5; http://chargedev.co.nz"
2a03:2880:f806:6:: - - [31/Mar/2026:13:03:57 +0000] "GET /casino-ruidoso-nz/ HTTP/1.1" 200 149805 "-" "meta-webindexer/1.1 (+https://developers.facebook.com/docs/sharing/webmasters/crawler)"
2a03:2880:f806:16:: - - [31/Mar/2026:13:04:03 +0000] "GET /products/detail/234242783 HTTP/1.1" 404 146693 "-" "meta-webindexer/1.1 (+https://developers.facebook.com/docs/sharing/webmasters/crawler)"
2a03:2880:f806:24:: - - [31/Mar/2026:13:04:06 +0000] "GET /products/detail/51910884 HTTP/1.1" 404 146693 "-" "meta-webindexer/1.1 (+https://developers.facebook.com/docs/sharing/webmasters/crawler)"
2a03:2880:f806:c:: - - [31/Mar/2026:13:04:11 +0000] "GET /newcastle-casino-lancaster-nz/ HTTP/1.1" 200 150260 "-" "meta-webindexer/1.1 (+https://developers.facebook.com/docs/sharing/webmasters/crawler)"
2a03:2880:f806:f:: - - [31/Mar/2026:13:04:17 +0000] "GET /free-no-deposit-cashable-casino-bonus-codes-au/ HTTP/1.1" 200 149994 "-" "meta-webindexer/1.1 (+https://developers.facebook.com/docs/sharing/webmasters/crawler)"
2a03:2880:f806:19:: - - [31/Mar/2026:13:04:23 +0000] "GET /casino-pokies-in-new-zealand-real-money/ HTTP/1.1" 200 150659 "-" "meta-webindexer/1.1 (+https://developers.facebook.com/docs/sharing/webmasters/crawler)"
2a03:2880:f806:41:: - - [31/Mar/2026:13:04:31 +0000] "GET /products/detail/141522430 HTTP/1.1" 404 146693 "-" "meta-webindexer/1.1 (+https://developers.facebook.com/docs/sharing/webmasters/crawler)"
2a03:2880:f806:8:: - - [31/Mar/2026:13:04:36 +0000] "GET /products/detail/292391783 HTTP/1.1" 404 146693 "-" "meta-webindexer/1.1 (+https://developers.facebook.com/docs/sharing/webmasters/crawler)"
2a03:2880:f806:43:: - - [31/Mar/2026:13:04:39 +0000] "GET /products/detail/176545036 HTTP/1.1" 404 146693 "-" "meta-webindexer/1.1 (+https://developers.facebook.com/docs/sharing/webmasters/crawler)"
2a03:2880:f806:23:: - - [31/Mar/2026:13:04:49 +0000] "GET /products/detail/276110016 HTTP/1.1" 404 146693 "-" "meta-webindexer/1.1 (+https://developers.facebook.com/docs/sharing/webmasters/crawler)"
45.79.238.235 - - [31/Mar/2026:13:05:13 +0000] "POST /wp-cron.php?doing_wp_cron=1774962313.5027079582214355468750 HTTP/1.1" 200 - "-" "WordPress/6.8.5; http://chargedev.co.nz"
2a03:2880:f806:f:: - - [31/Mar/2026:13:05:12 +0000] "GET /products/detail/140575177 HTTP/1.1" 404 146693 "-" "meta-webindexer/1.1 (+https://developers.facebook.com/docs/sharing/webmasters/crawler)"
2a03:2880:f806:40:: - - [31/Mar/2026:13:05:13 +0000] "GET /products/detail/114483844 HTTP/1.1" 404 146693 "-" "meta-webindexer/1.1 (+https://developers.facebook.com/docs/sharing/webmasters/crawler)"
2a03:2880:f806:28:: - - [31/Mar/2026:13:05:14 +0000] "GET /products/detail/14282561 HTTP/1.1" 404 146693 "-" "meta-webindexer/1.1 (+https://developers.facebook.com/docs/sharing/webmasters/crawler)"
2a03:2880:f806:42:: - - [31/Mar/2026:13:05:14 +0000] "GET /products/detail/131722551 HTTP/1.1" 404 146693 "-" "meta-webindexer/1.1 (+https://developers.facebook.com/docs/sharing/webmasters/crawler)"
2a03:2880:f806:c:: - - [31/Mar/2026:13:05:27 +0000] "GET /products/detail/124742480 HTTP/1.1" 404 146693 "-" "meta-webindexer/1.1 (+https://developers.facebook.com/docs/sharing/webmasters/crawler)"
2a03:2880:f806:15:: - - [31/Mar/2026:13:05:29 +0000] "GET /remote-gambling-au/ HTTP/1.1" 200 149935 "-" "meta-webindexer/1.1 (+https://developers.facebook.com/docs/sharing/webmasters/crawler)"
40.77.167.255 - - [31/Mar/2026:13:05:36 +0000] "GET /australia-online-pokies-app/ HTTP/1.1" 200 188645 "-" "Mozilla/5.0 AppleWebKit/537.36 (KHTML, like Gecko; compatible; bingbot/2.0; +http://www.bing.com/bingbot.htm) Chrome/116.0.1938.76 Safari/537.36"
2a03:2880:f806:7:: - - [31/Mar/2026:13:05:44 +0000] "GET /products/detail/159263127 HTTP/1.1" 404 146693 "-" "meta-webindexer/1.1 (+https://developers.facebook.com/docs/sharing/webmasters/crawler)"
2a03:2880:f806:16:: - - [31/Mar/2026:13:05:47 +0000] "GET /products/detail/218507319 HTTP/1.1" 404 146693 "-" "meta-webindexer/1.1 (+https://developers.facebook.com/docs/sharing/webmasters/crawler)"
45.79.238.235 - - [31/Mar/2026:13:06:02 +0000] "POST /wp-cron.php?doing_wp_cron=1774962362.9362900257110595703125 HTTP/1.1" 200 - "-" "WordPress/6.8.5; http://chargedev.co.nz"
2a03:2880:f806:14:: - - [31/Mar/2026:13:06:02 +0000] "GET /products/detail/28542278 HTTP/1.1" 404 146693 "-" "meta-webindexer/1.1 (+https://developers.facebook.com/docs/sharing/webmasters/crawler)"
2a03:2880:f806:27:: - - [31/Mar/2026:13:06:07 +0000] "GET /no-deposit-pokies-usd/ HTTP/1.1" 200 150241 "-" "meta-webindexer/1.1 (+https://developers.facebook.com/docs/sharing/webmasters/crawler)"
45.79.238.235 - - [31/Mar/2026:13:06:58 +0000] "POST /wp-cron.php?doing_wp_cron=1774962418.5387489795684814453125 HTTP/1.1" 200 - "-" "WordPress/6.8.5; http://chargedev.co.nz"
2a03:2880:f806:33:: - - [31/Mar/2026:13:06:57 +0000] "GET /new-winning-pokies-for-australias/ HTTP/1.1" 200 149550 "-" "meta-webindexer/1.1 (+https://developers.facebook.com/docs/sharing/webmasters/crawler)"
2a03:2880:f806:12:: - - [31/Mar/2026:13:07:12 +0000] "GET /where-is-blackjack-au/ HTTP/1.1" 200 148991 "-" "meta-webindexer/1.1 (+https://developers.facebook.com/docs/sharing/webmasters/crawler)"
2a03:2880:f806:e:: - - [31/Mar/2026:13:07:15 +0000] "GET /products/detail/212099975 HTTP/1.1" 404 146693 "-" "meta-webindexer/1.1 (+https://developers.facebook.com/docs/sharing/webmasters/crawler)"
2a03:2880:f806:a:: - - [31/Mar/2026:13:07:37 +0000] "GET /free-spins-on-sign-up-no-deposit-nz/ HTTP/1.1" 200 149626 "-" "meta-webindexer/1.1 (+https://developers.facebook.com/docs/sharing/webmasters/crawler)"
2a03:2880:f806:43:: - - [31/Mar/2026:13:07:47 +0000] "GET /can-you-really-win-money-deposit-casino-pokies/ HTTP/1.1" 200 149928 "-" "meta-webindexer/1.1 (+https://developers.facebook.com/docs/sharing/webmasters/crawler)"
2a03:2880:f806:e:: - - [31/Mar/2026:13:07:47 +0000] "GET /products/detail/215237046 HTTP/1.1" 404 146693 "-" "meta-webindexer/1.1 (+https://developers.facebook.com/docs/sharing/webmasters/crawler)"
2a03:2880:f806:39:: - - [31/Mar/2026:13:07:48 +0000] "GET /products/detail/139085672 HTTP/1.1" 404 146693 "-" "meta-webindexer/1.1 (+https://developers.facebook.com/docs/sharing/webmasters/crawler)"
2a03:2880:f806:31:: - - [31/Mar/2026:13:07:59 +0000] "GET /free-deposit-casino-pokies-no-downloading/ HTTP/1.1" 200 150745 "-" "meta-webindexer/1.1 (+https://developers.facebook.com/docs/sharing/webmasters/crawler)"
2a03:2880:f806:12:: - - [31/Mar/2026:13:08:23 +0000] "GET /products/detail/182754359 HTTP/1.1" 404 146693 "-" "meta-webindexer/1.1 (+https://developers.facebook.com/docs/sharing/webmasters/crawler)"
2a03:2880:f806:d:: - - [31/Mar/2026:13:08:24 +0000] "GET /products/detail/198314783 HTTP/1.1" 404 146693 "-" "meta-webindexer/1.1 (+https://developers.facebook.com/docs/sharing/webmasters/crawler)"
2a03:2880:f806:32:: - - [31/Mar/2026:13:08:30 +0000] "GET /products/detail/272101410 HTTP/1.1" 404 146693 "-" "meta-webindexer/1.1 (+https://developers.facebook.com/docs/sharing/webmasters/crawler)"
2a03:2880:f806:3b:: - - [31/Mar/2026:13:08:38 +0000] "GET /products/detail/122874874 HTTP/1.1" 404 146693 "-" "meta-webindexer/1.1 (+https://developers.facebook.com/docs/sharing/webmasters/crawler)"
2a03:2880:f806:22:: - - [31/Mar/2026:13:08:56 +0000] "GET /how-to-beat-a-pokie-machine/ HTTP/1.1" 200 150292 "-" "meta-webindexer/1.1 (+https://developers.facebook.com/docs/sharing/webmasters/crawler)"
2a03:2880:f806:28:: - - [31/Mar/2026:13:09:37 +0000] "GET /products/detail/212833147 HTTP/1.1" 404 146693 "-" "meta-webindexer/1.1 (+https://developers.facebook.com/docs/sharing/webmasters/crawler)"
45.79.238.235 - - [31/Mar/2026:13:10:06 +0000] "POST /wp-cron.php?doing_wp_cron=1774962606.0940060615539550781250 HTTP/1.1" 200 - "-" "WordPress/6.8.5; http://chargedev.co.nz"
2a03:2880:f806:35:: - - [31/Mar/2026:13:10:05 +0000] "GET /best-australian-online-casino-reviews/ HTTP/1.1" 200 149745 "-" "meta-webindexer/1.1 (+https://developers.facebook.com/docs/sharing/webmasters/crawler)"
2a03:2880:f806:28:: - - [31/Mar/2026:13:10:16 +0000] "GET /products/detail/123782076 HTTP/1.1" 404 146693 "-" "meta-webindexer/1.1 (+https://developers.facebook.com/docs/sharing/webmasters/crawler)"
2a03:2880:f806:28:: - - [31/Mar/2026:13:10:31 +0000] "GET /products/detail/58007501 HTTP/1.1" 404 146693 "-" "meta-webindexer/1.1 (+https://developers.facebook.com/docs/sharing/webmasters/crawler)"
2a03:2880:f806:1f:: - - [31/Mar/2026:13:10:32 +0000] "GET /new-zealand-online-slots-no-deposit-bonus/ HTTP/1.1" 200 150723 "-" "meta-webindexer/1.1 (+https://developers.facebook.com/docs/sharing/webmasters/crawler)"
2a03:2880:f806:11:: - - [31/Mar/2026:13:10:44 +0000] "GET /free-deposit-casino-pokies-to-win/ HTTP/1.1" 200 149262 "-" "meta-webindexer/1.1 (+https://developers.facebook.com/docs/sharing/webmasters/crawler)"
45.79.238.235 - - [31/Mar/2026:13:10:49 +0000] "POST /wp-cron.php?doing_wp_cron=1774962648.5961229801177978515625 HTTP/1.1" 200 - "-" "WordPress/6.8.5; http://chargedev.co.nz"
45.79.238.235 - - [31/Mar/2026:13:10:49 +0000] "POST /wp-cron.php?doing_wp_cron=1774962649.1605269908905029296875 HTTP/1.1" 200 - "-" "WordPress/6.8.5; http://chargedev.co.nz"
2a03:2880:f806:2a:: - - [31/Mar/2026:13:10:48 +0000] "GET /products/detail/195436824 HTTP/1.1" 404 146693 "-" "meta-webindexer/1.1 (+https://developers.facebook.com/docs/sharing/webmasters/crawler)"
2a03:2880:f806:1c:: - - [31/Mar/2026:13:10:47 +0000] "GET /products/detail/122040026 HTTP/1.1" 404 146693 "-" "meta-webindexer/1.1 (+https://developers.facebook.com/docs/sharing/webmasters/crawler)"
45.79.238.235 - - [31/Mar/2026:13:10:53 +0000] "POST /wp-cron.php?doing_wp_cron=1774962653.2020649909973144531250 HTTP/1.1" 200 - "-" "WordPress/6.8.5; http://chargedev.co.nz"
2a03:2880:f806:d:: - - [31/Mar/2026:13:10:52 +0000] "GET /products/detail/227362066 HTTP/1.1" 404 146693 "-" "meta-webindexer/1.1 (+https://developers.facebook.com/docs/sharing/webmasters/crawler)"
2a03:2880:f806:24:: - - [31/Mar/2026:13:11:24 +0000] "GET /products/detail/168203834 HTTP/1.1" 404 146693 "-" "meta-webindexer/1.1 (+https://developers.facebook.com/docs/sharing/webmasters/crawler)"
2a03:2880:f806:42:: - - [31/Mar/2026:13:11:31 +0000] "GET /online-nz-casino-bonus/ HTTP/1.1" 200 149600 "-" "meta-webindexer/1.1 (+https://developers.facebook.com/docs/sharing/webmasters/crawler)"
2a03:2880:f806:30:: - - [31/Mar/2026:13:11:46 +0000] "GET /products/detail/231024955 HTTP/1.1" 404 146693 "-" "meta-webindexer/1.1 (+https://developers.facebook.com/docs/sharing/webmasters/crawler)"
2a03:2880:f806:26:: - - [31/Mar/2026:13:11:46 +0000] "GET /products/detail/86821773 HTTP/1.1" 404 146693 "-" "meta-webindexer/1.1 (+https://developers.facebook.com/docs/sharing/webmasters/crawler)"
45.79.238.235 - - [31/Mar/2026:13:11:55 +0000] "POST /wp-cron.php?doing_wp_cron=1774962715.4460909366607666015625 HTTP/1.1" 200 - "-" "WordPress/6.8.5; http://chargedev.co.nz"
2a03:2880:f806:30:: - - [31/Mar/2026:13:11:54 +0000] "GET /pokies-spins/ HTTP/1.1" 200 149339 "-" "meta-webindexer/1.1 (+https://developers.facebook.com/docs/sharing/webmasters/crawler)"
2a03:2880:f806:2e:: - - [31/Mar/2026:13:11:57 +0000] "GET /dazzle-me-pokies-play-free/ HTTP/1.1" 200 149904 "-" "meta-webindexer/1.1 (+https://developers.facebook.com/docs/sharing/webmasters/crawler)"
45.79.238.235 - - [31/Mar/2026:13:12:56 +0000] "POST /wp-cron.php?doing_wp_cron=1774962776.4908609390258789062500 HTTP/1.1" 200 - "-" "WordPress/6.8.5; http://chargedev.co.nz"
2a03:2880:f806:32:: - - [31/Mar/2026:13:12:55 +0000] "GET /products/detail/40446248 HTTP/1.1" 404 146693 "-" "meta-webindexer/1.1 (+https://developers.facebook.com/docs/sharing/webmasters/crawler)"
45.79.238.235 - - [31/Mar/2026:13:13:11 +0000] "POST /wp-cron.php?doing_wp_cron=1774962791.1688818931579589843750 HTTP/1.1" 200 - "-" "WordPress/6.8.5; http://chargedev.co.nz"
2a03:2880:f806:1:: - - [31/Mar/2026:13:13:10 +0000] "GET /casino-pokies-iphone/ HTTP/1.1" 200 149281 "-" "meta-webindexer/1.1 (+https://developers.facebook.com/docs/sharing/webmasters/crawler)"
2a03:2880:f806:28:: - - [31/Mar/2026:13:13:25 +0000] "GET /products/detail/77671470 HTTP/1.1" 404 146693 "-" "meta-webindexer/1.1 (+https://developers.facebook.com/docs/sharing/webmasters/crawler)"
2a03:2880:f806:14:: - - [31/Mar/2026:13:13:31 +0000] "GET /products/detail/257921238 HTTP/1.1" 404 146693 "-" "meta-webindexer/1.1 (+https://developers.facebook.com/docs/sharing/webmasters/crawler)"
2a03:2880:f806:22:: - - [31/Mar/2026:13:13:33 +0000] "GET /duncan-casino-nz/ HTTP/1.1" 200 148869 "-" "meta-webindexer/1.1 (+https://developers.facebook.com/docs/sharing/webmasters/crawler)"
2a03:2880:f806:10:: - - [31/Mar/2026:13:13:36 +0000] "GET /what-are-the-slot-machines-like-in-australian-casinos-in-perth/ HTTP/1.1" 200 150337 "-" "meta-webindexer/1.1 (+https://developers.facebook.com/docs/sharing/webmasters/crawler)"
2a03:2880:f806:21:: - - [31/Mar/2026:13:13:50 +0000] "GET /the-best-australian-pokies-sign-up-bonus-no-deposit/ HTTP/1.1" 200 149690 "-" "meta-webindexer/1.1 (+https://developers.facebook.com/docs/sharing/webmasters/crawler)"
45.79.238.235 - - [31/Mar/2026:13:13:53 +0000] "POST /wp-cron.php?doing_wp_cron=1774962833.3209259510040283203125 HTTP/1.1" 200 - "-" "WordPress/6.8.5; http://chargedev.co.nz"
2a03:2880:f806:3b:: - - [31/Mar/2026:13:13:52 +0000] "GET /products/detail/226303551 HTTP/1.1" 404 146693 "-" "meta-webindexer/1.1 (+https://developers.facebook.com/docs/sharing/webmasters/crawler)"
2a03:2880:f806:43:: - - [31/Mar/2026:13:13:53 +0000] "GET /products/detail/110369501 HTTP/1.1" 404 146693 "-" "meta-webindexer/1.1 (+https://developers.facebook.com/docs/sharing/webmasters/crawler)"
2a03:2880:f806:3f:: - - [31/Mar/2026:13:14:05 +0000] "GET /best-new-nz-slot-sites/ HTTP/1.1" 200 149157 "-" "meta-webindexer/1.1 (+https://developers.facebook.com/docs/sharing/webmasters/crawler)"
2a03:2880:f806:34:: - - [31/Mar/2026:13:14:06 +0000] "GET /products/detail/54441571 HTTP/1.1" 404 146693 "-" "meta-webindexer/1.1 (+https://developers.facebook.com/docs/sharing/webmasters/crawler)"
45.79.238.235 - - [31/Mar/2026:13:15:04 +0000] "POST /wp-cron.php?doing_wp_cron=1774962904.2589030265808105468750 HTTP/1.1" 200 - "-" "WordPress/6.8.5; http://chargedev.co.nz"
2a03:2880:f806:a:: - - [31/Mar/2026:13:15:03 +0000] "GET /free-popular-pokies-to-win-real-money/ HTTP/1.1" 200 150164 "-" "meta-webindexer/1.1 (+https://developers.facebook.com/docs/sharing/webmasters/crawler)"
2a03:2880:f806:: - - [31/Mar/2026:13:15:12 +0000] "GET /products/detail/169707400 HTTP/1.1" 404 146693 "-" "meta-webindexer/1.1 (+https://developers.facebook.com/docs/sharing/webmasters/crawler)"
45.79.238.235 - - [31/Mar/2026:13:15:54 +0000] "POST /wp-cron.php?doing_wp_cron=1774962954.3457689285278320312500 HTTP/1.1" 200 - "-" "WordPress/6.8.5; http://chargedev.co.nz"
2a03:2880:f806:1e:: - - [31/Mar/2026:13:15:53 +0000] "GET /products/detail/270878420 HTTP/1.1" 404 146693 "-" "meta-webindexer/1.1 (+https://developers.facebook.com/docs/sharing/webmasters/crawler)"
2a03:2880:f806:24:: - - [31/Mar/2026:13:16:03 +0000] "GET /18-and-older-casino-in-australia/ HTTP/1.1" 200 150367 "-" "meta-webindexer/1.1 (+https://developers.facebook.com/docs/sharing/webmasters/crawler)"
2a03:2880:f806:14:: - - [31/Mar/2026:13:16:31 +0000] "GET /online-pokies-machine-no-download/ HTTP/1.1" 200 149638 "-" "meta-webindexer/1.1 (+https://developers.facebook.com/docs/sharing/webmasters/crawler)"
2a03:2880:f806:3:: - - [31/Mar/2026:13:17:10 +0000] "GET /casino-tax-new-zealand/ HTTP/1.1" 200 149080 "-" "meta-webindexer/1.1 (+https://developers.facebook.com/docs/sharing/webmasters/crawler)"
2a03:2880:f806:2f:: - - [31/Mar/2026:13:17:18 +0000] "GET /how-many-slot-machines-in-australia/ HTTP/1.1" 200 149468 "-" "meta-webindexer/1.1 (+https://developers.facebook.com/docs/sharing/webmasters/crawler)"
2a03:2880:f806:15:: - - [31/Mar/2026:13:17:26 +0000] "GET /money-pokies-with-instant-bonus/ HTTP/1.1" 200 150188 "-" "meta-webindexer/1.1 (+https://developers.facebook.com/docs/sharing/webmasters/crawler)"
2a03:2880:f806:45:: - - [31/Mar/2026:13:17:28 +0000] "GET /free-just-for-fun-best-australian-pokies/ HTTP/1.1" 200 150141 "-" "meta-webindexer/1.1 (+https://developers.facebook.com/docs/sharing/webmasters/crawler)"
2a03:2880:f806:20:: - - [31/Mar/2026:13:17:35 +0000] "GET /winstar-nz-casino/ HTTP/1.1" 200 149681 "-" "meta-webindexer/1.1 (+https://developers.facebook.com/docs/sharing/webmasters/crawler)"
2a03:2880:f806:48:: - - [31/Mar/2026:13:17:42 +0000] "GET /nz-bonus-slot-machines/ HTTP/1.1" 200 149924 "-" "meta-webindexer/1.1 (+https://developers.facebook.com/docs/sharing/webmasters/crawler)"
45.79.238.235 - - [31/Mar/2026:13:17:53 +0000] "POST /wp-cron.php?doing_wp_cron=1774963073.6736469268798828125000 HTTP/1.1" 200 - "-" "WordPress/6.8.5; http://chargedev.co.nz"
2a03:2880:f806:1a:: - - [31/Mar/2026:13:17:53 +0000] "GET /products/detail/249891329 HTTP/1.1" 404 146693 "-" "meta-webindexer/1.1 (+https://developers.facebook.com/docs/sharing/webmasters/crawler)"
2a03:2880:f806:3c:: - - [31/Mar/2026:13:18:05 +0000] "GET /casino-in-birmingham-nz/ HTTP/1.1" 200 149863 "-" "meta-webindexer/1.1 (+https://developers.facebook.com/docs/sharing/webmasters/crawler)"
2a03:2880:f806:8:: - - [31/Mar/2026:13:18:06 +0000] "GET /casino-willits-nz/ HTTP/1.1" 200 150329 "-" "meta-webindexer/1.1 (+https://developers.facebook.com/docs/sharing/webmasters/crawler)"
2a03:2880:f806:34:: - - [31/Mar/2026:13:18:13 +0000] "GET /products/detail/113558975 HTTP/1.1" 404 146693 "-" "meta-webindexer/1.1 (+https://developers.facebook.com/docs/sharing/webmasters/crawler)"
2a03:2880:f806:22:: - - [31/Mar/2026:13:18:14 +0000] "GET /casino-age-limit-australia/ HTTP/1.1" 200 148735 "-" "meta-webindexer/1.1 (+https://developers.facebook.com/docs/sharing/webmasters/crawler)"
2a03:2880:f806:2a:: - - [31/Mar/2026:13:18:20 +0000] "GET /products/detail/149133955 HTTP/1.1" 404 146693 "-" "meta-webindexer/1.1 (+https://developers.facebook.com/docs/sharing/webmasters/crawler)"
2a03:2880:f806:46:: - - [31/Mar/2026:13:18:21 +0000] "GET /products/detail/140239147 HTTP/1.1" 404 146693 "-" "meta-webindexer/1.1 (+https://developers.facebook.com/docs/sharing/webmasters/crawler)"
2a03:2880:f806:2a:: - - [31/Mar/2026:13:18:32 +0000] "GET /new-zealand-casinoes/ HTTP/1.1" 200 149813 "-" "meta-webindexer/1.1 (+https://developers.facebook.com/docs/sharing/webmasters/crawler)"
2a03:2880:f806:14:: - - [31/Mar/2026:13:18:42 +0000] "GET /no-credit-card-au-casino-free-spins/ HTTP/1.1" 200 149883 "-" "meta-webindexer/1.1 (+https://developers.facebook.com/docs/sharing/webmasters/crawler)"
45.79.238.235 - - [31/Mar/2026:13:18:52 +0000] "POST /wp-cron.php?doing_wp_cron=1774963132.7281870841979980468750 HTTP/1.1" 200 - "-" "WordPress/6.8.5; http://chargedev.co.nz"
2a03:2880:f806:11:: - - [31/Mar/2026:13:18:52 +0000] "GET /nicest-casino-in-new-zealand/ HTTP/1.1" 200 149664 "-" "meta-webindexer/1.1 (+https://developers.facebook.com/docs/sharing/webmasters/crawler)"
2a03:2880:f806:13:: - - [31/Mar/2026:13:18:53 +0000] "GET /new-australia-online-pokies-real-money/ HTTP/1.1" 200 150022 "-" "meta-webindexer/1.1 (+https://developers.facebook.com/docs/sharing/webmasters/crawler)"
2a03:2880:f806:30:: - - [31/Mar/2026:13:19:09 +0000] "GET /products/detail/32550430 HTTP/1.1" 404 146693 "-" "meta-webindexer/1.1 (+https://developers.facebook.com/docs/sharing/webmasters/crawler)"
2a03:2880:f806:39:: - - [31/Mar/2026:13:19:24 +0000] "GET /top-casino-pokies-australia-euro/ HTTP/1.1" 200 149627 "-" "meta-webindexer/1.1 (+https://developers.facebook.com/docs/sharing/webmasters/crawler)"
2a03:2880:f806:16:: - - [31/Mar/2026:13:19:24 +0000] "GET /gambling-pokies-australia-win-real-money/ HTTP/1.1" 200 149770 "-" "meta-webindexer/1.1 (+https://developers.facebook.com/docs/sharing/webmasters/crawler)"
2a03:2880:f806:35:: - - [31/Mar/2026:13:19:34 +0000] "GET /products/detail/277190672 HTTP/1.1" 404 146693 "-" "meta-webindexer/1.1 (+https://developers.facebook.com/docs/sharing/webmasters/crawler)"
2a03:2880:f806:17:: - - [31/Mar/2026:13:19:34 +0000] "GET /products/detail/78749450 HTTP/1.1" 404 146693 "-" "meta-webindexer/1.1 (+https://developers.facebook.com/docs/sharing/webmasters/crawler)"
2a03:2880:f806:10:: - - [31/Mar/2026:13:19:35 +0000] "GET /new-winning-pokies-for-australian-players/ HTTP/1.1" 200 150120 "-" "meta-webindexer/1.1 (+https://developers.facebook.com/docs/sharing/webmasters/crawler)"
2a03:2880:f806:b:: - - [31/Mar/2026:13:19:38 +0000] "GET /products/detail/43209814 HTTP/1.1" 404 146693 "-" "meta-webindexer/1.1 (+https://developers.facebook.com/docs/sharing/webmasters/crawler)"
2a03:2880:f806:1f:: - - [31/Mar/2026:13:19:38 +0000] "GET /products/detail/87944753 HTTP/1.1" 404 146693 "-" "meta-webindexer/1.1 (+https://developers.facebook.com/docs/sharing/webmasters/crawler)"
2a03:2880:f806:6:: - - [31/Mar/2026:13:19:39 +0000] "GET /products/detail/185317905 HTTP/1.1" 404 146693 "-" "meta-webindexer/1.1 (+https://developers.facebook.com/docs/sharing/webmasters/crawler)"
