45.79.238.235 - - [31/Mar/2026:14:13:12 +0000] "POST /wp-cron.php?doing_wp_cron=1774966392.2699100971221923828125 HTTP/1.1" 200 - "-" "WordPress/6.8.5; http://chargedev.co.nz"
2a03:2880:f806:1:: - - [31/Mar/2026:14:13:11 +0000] "GET /products/detail/181688420 HTTP/1.1" 404 146693 "-" "meta-webindexer/1.1 (+https://developers.facebook.com/docs/sharing/webmasters/crawler)"
2a03:2880:f806:3f:: - - [31/Mar/2026:14:13:11 +0000] "GET /products/detail/299542177 HTTP/1.1" 404 146693 "-" "meta-webindexer/1.1 (+https://developers.facebook.com/docs/sharing/webmasters/crawler)"
2a03:2880:f806:40:: - - [31/Mar/2026:14:13:17 +0000] "GET /products/detail/296489480 HTTP/1.1" 404 146693 "-" "meta-webindexer/1.1 (+https://developers.facebook.com/docs/sharing/webmasters/crawler)"
2a03:2880:f806:2d:: - - [31/Mar/2026:14:13:17 +0000] "GET /products/detail/204371783 HTTP/1.1" 404 146693 "-" "meta-webindexer/1.1 (+https://developers.facebook.com/docs/sharing/webmasters/crawler)"
52.167.144.18 - - [31/Mar/2026:14:15:18 +0000] "GET /tax-free-pokies-with-bonus-for-fun-only/ HTTP/1.1" 200 191012 "-" "Mozilla/5.0 AppleWebKit/537.36 (KHTML, like Gecko; compatible; bingbot/2.0; +http://www.bing.com/bingbot.htm) Chrome/116.0.1938.76 Safari/537.36"
45.79.238.235 - - [31/Mar/2026:14:15:56 +0000] "POST /wp-cron.php?doing_wp_cron=1774966556.2922670841217041015625 HTTP/1.1" 200 - "-" "WordPress/6.8.5; http://chargedev.co.nz"
2a03:2880:f806:17:: - - [31/Mar/2026:14:15:55 +0000] "GET /best-australian-pokies-machines-with-bonus-games/ HTTP/1.1" 200 150386 "-" "meta-webindexer/1.1 (+https://developers.facebook.com/docs/sharing/webmasters/crawler)"
2a03:2880:f806:25:: - - [31/Mar/2026:14:16:09 +0000] "GET /casino-nz-new-years-eve/ HTTP/1.1" 200 151131 "-" "meta-webindexer/1.1 (+https://developers.facebook.com/docs/sharing/webmasters/crawler)"
2a03:2880:f806:2b:: - - [31/Mar/2026:14:16:29 +0000] "GET /age-to-go-to-a-casino-in-new-zealand/ HTTP/1.1" 200 149930 "-" "meta-webindexer/1.1 (+https://developers.facebook.com/docs/sharing/webmasters/crawler)"
45.79.238.235 - - [31/Mar/2026:14:16:54 +0000] "POST /wp-cron.php?doing_wp_cron=1774966614.6251289844512939453125 HTTP/1.1" 200 - "-" "WordPress/6.8.5; http://chargedev.co.nz"
2a03:2880:f806:26:: - - [31/Mar/2026:14:16:54 +0000] "GET /highest-rated-top-australian-pokies/ HTTP/1.1" 200 151071 "-" "meta-webindexer/1.1 (+https://developers.facebook.com/docs/sharing/webmasters/crawler)"
2a03:2880:f806:23:: - - [31/Mar/2026:14:17:00 +0000] "GET /good-online-casino-nz/ HTTP/1.1" 200 149637 "-" "meta-webindexer/1.1 (+https://developers.facebook.com/docs/sharing/webmasters/crawler)"
2a03:2880:f806:10:: - - [31/Mar/2026:14:17:02 +0000] "GET /products/detail/23842147 HTTP/1.1" 404 146693 "-" "meta-webindexer/1.1 (+https://developers.facebook.com/docs/sharing/webmasters/crawler)"
2a03:2880:f806:28:: - - [31/Mar/2026:14:17:10 +0000] "GET /au-accepted-casino/ HTTP/1.1" 200 149443 "-" "meta-webindexer/1.1 (+https://developers.facebook.com/docs/sharing/webmasters/crawler)"
2a03:2880:f806:28:: - - [31/Mar/2026:14:17:20 +0000] "GET /products/detail/51133632 HTTP/1.1" 404 146693 "-" "meta-webindexer/1.1 (+https://developers.facebook.com/docs/sharing/webmasters/crawler)"
2a03:2880:f806:2b:: - - [31/Mar/2026:14:17:29 +0000] "GET /products/detail/138230804 HTTP/1.1" 404 146693 "-" "meta-webindexer/1.1 (+https://developers.facebook.com/docs/sharing/webmasters/crawler)"
45.79.238.235 - - [31/Mar/2026:14:18:00 +0000] "POST /wp-cron.php?doing_wp_cron=1774966680.7895510196685791015625 HTTP/1.1" 200 - "-" "WordPress/6.8.5; http://chargedev.co.nz"
2a03:2880:f806:31:: - - [31/Mar/2026:14:18:00 +0000] "GET /products/detail/97188541 HTTP/1.1" 404 146693 "-" "meta-webindexer/1.1 (+https://developers.facebook.com/docs/sharing/webmasters/crawler)"
52.167.144.18 - - [31/Mar/2026:14:18:05 +0000] "GET /best-apps-to-earn-money-au/ HTTP/1.1" 200 185048 "-" "Mozilla/5.0 AppleWebKit/537.36 (KHTML, like Gecko; compatible; bingbot/2.0; +http://www.bing.com/bingbot.htm) Chrome/116.0.1938.76 Safari/537.36"
2a03:2880:f806:4:: - - [31/Mar/2026:14:18:21 +0000] "GET /products/detail/278499056 HTTP/1.1" 404 146693 "-" "meta-webindexer/1.1 (+https://developers.facebook.com/docs/sharing/webmasters/crawler)"
2a03:2880:f806:1f:: - - [31/Mar/2026:14:18:22 +0000] "GET /free-pokies-with-welcome-bonus-games/ HTTP/1.1" 200 149556 "-" "meta-webindexer/1.1 (+https://developers.facebook.com/docs/sharing/webmasters/crawler)"
2a03:2880:f806:25:: - - [31/Mar/2026:14:18:34 +0000] "GET /products/detail/18749379 HTTP/1.1" 404 146693 "-" "meta-webindexer/1.1 (+https://developers.facebook.com/docs/sharing/webmasters/crawler)"
2a03:2880:f806:1b:: - - [31/Mar/2026:14:18:56 +0000] "GET /free-au-pokies-with-welcome-bonus-games/ HTTP/1.1" 200 149896 "-" "meta-webindexer/1.1 (+https://developers.facebook.com/docs/sharing/webmasters/crawler)"
2a03:2880:f806:1:: - - [31/Mar/2026:14:19:04 +0000] "GET /products/detail/53977177 HTTP/1.1" 404 146693 "-" "meta-webindexer/1.1 (+https://developers.facebook.com/docs/sharing/webmasters/crawler)"
2a03:2880:f806:24:: - - [31/Mar/2026:14:19:31 +0000] "GET /profitable-pokies-in-new-zealand-for-free/ HTTP/1.1" 200 150481 "-" "meta-webindexer/1.1 (+https://developers.facebook.com/docs/sharing/webmasters/crawler)"
2a03:2880:f806:30:: - - [31/Mar/2026:14:19:38 +0000] "GET /mobile-pokies-best-australia/ HTTP/1.1" 200 149797 "-" "meta-webindexer/1.1 (+https://developers.facebook.com/docs/sharing/webmasters/crawler)"
45.113.8.89 - - [31/Mar/2026:14:19:50 +0000] "GET /.well-known/acme-challenge/-SACEHLF0OXLBVCVC1_EVA7PMN53L1UB HTTP/1.1" 404 - "-" "Cpanel-HTTP-Client/1.0"
45.113.8.89 - - [31/Mar/2026:14:19:50 +0000] "GET /.well-known/acme-challenge/5-SRKDB5CX2EO27ECVN843HQ49URFYO7 HTTP/1.1" 404 - "-" "Cpanel-HTTP-Client/1.0"
40.77.167.23 - - [31/Mar/2026:14:20:33 +0000] "GET /australia-casinos-near-detroit/ HTTP/1.1" 200 197484 "-" "Mozilla/5.0 AppleWebKit/537.36 (KHTML, like Gecko; compatible; bingbot/2.0; +http://www.bing.com/bingbot.htm) Chrome/116.0.1938.76 Safari/537.36"
45.79.238.235 - - [31/Mar/2026:14:20:52 +0000] "POST /wp-cron.php?doing_wp_cron=1774966852.7829248905181884765625 HTTP/1.1" 200 - "-" "WordPress/6.8.5; http://chargedev.co.nz"
2a03:2880:f806:2c:: - - [31/Mar/2026:14:20:52 +0000] "GET /online-slots-real-money-nz/ HTTP/1.1" 200 150626 "-" "meta-webindexer/1.1 (+https://developers.facebook.com/docs/sharing/webmasters/crawler)"
2a03:2880:f806:5:: - - [31/Mar/2026:14:21:00 +0000] "GET /mobile-pokies-australia-10-deposit/ HTTP/1.1" 200 150524 "-" "meta-webindexer/1.1 (+https://developers.facebook.com/docs/sharing/webmasters/crawler)"
2a03:2880:f806:2a:: - - [31/Mar/2026:14:21:08 +0000] "GET /products/detail/62037571 HTTP/1.1" 404 146693 "-" "meta-webindexer/1.1 (+https://developers.facebook.com/docs/sharing/webmasters/crawler)"
45.79.238.235 - - [31/Mar/2026:14:21:45 +0000] "POST /wp-cron.php?doing_wp_cron=1774966905.7821979522705078125000 HTTP/1.1" 200 - "-" "WordPress/6.8.5; http://chargedev.co.nz"
2a03:2880:f806:29:: - - [31/Mar/2026:14:21:45 +0000] "GET /free-casino-pokies-no-downloads-or-registrations/ HTTP/1.1" 200 150471 "-" "meta-webindexer/1.1 (+https://developers.facebook.com/docs/sharing/webmasters/crawler)"
2a03:2880:f806:1:: - - [31/Mar/2026:14:22:03 +0000] "GET /free-australian-pokies-with-welcome-bonus-rounds-for-fun/ HTTP/1.1" 200 150612 "-" "meta-webindexer/1.1 (+https://developers.facebook.com/docs/sharing/webmasters/crawler)"
2a03:2880:f806:26:: - - [31/Mar/2026:14:22:04 +0000] "GET /do-pokies-for-real-money-really-pay/ HTTP/1.1" 200 149749 "-" "meta-webindexer/1.1 (+https://developers.facebook.com/docs/sharing/webmasters/crawler)"
2a03:2880:f806:1c:: - - [31/Mar/2026:14:22:18 +0000] "GET /play-popular-pokies-machines/ HTTP/1.1" 200 149643 "-" "meta-webindexer/1.1 (+https://developers.facebook.com/docs/sharing/webmasters/crawler)"
2a03:2880:f806:45:: - - [31/Mar/2026:14:22:19 +0000] "GET /best-slot-machines-at-treasure-island-au/ HTTP/1.1" 200 150392 "-" "meta-webindexer/1.1 (+https://developers.facebook.com/docs/sharing/webmasters/crawler)"
2a03:2880:f806:7:: - - [31/Mar/2026:14:22:27 +0000] "GET /new-pokies-online-to-play/ HTTP/1.1" 200 149458 "-" "meta-webindexer/1.1 (+https://developers.facebook.com/docs/sharing/webmasters/crawler)"
2a03:2880:f806:28:: - - [31/Mar/2026:14:22:33 +0000] "GET /products/detail/184922915 HTTP/1.1" 404 146693 "-" "meta-webindexer/1.1 (+https://developers.facebook.com/docs/sharing/webmasters/crawler)"
2a03:2880:f806:44:: - - [31/Mar/2026:14:22:34 +0000] "GET /products/detail/292595531 HTTP/1.1" 404 146693 "-" "meta-webindexer/1.1 (+https://developers.facebook.com/docs/sharing/webmasters/crawler)"
2a03:2880:f806:35:: - - [31/Mar/2026:14:22:36 +0000] "GET /online-casino-au-no-deposit-free-spins/ HTTP/1.1" 200 150044 "-" "meta-webindexer/1.1 (+https://developers.facebook.com/docs/sharing/webmasters/crawler)"
2a03:2880:f806:35:: - - [31/Mar/2026:14:22:54 +0000] "GET /what-is-the-best-nz-online-casino/ HTTP/1.1" 200 150018 "-" "meta-webindexer/1.1 (+https://developers.facebook.com/docs/sharing/webmasters/crawler)"
2a03:2880:f806:19:: - - [31/Mar/2026:14:23:10 +0000] "GET /products/detail/266703430 HTTP/1.1" 404 146693 "-" "meta-webindexer/1.1 (+https://developers.facebook.com/docs/sharing/webmasters/crawler)"
2a03:2880:f806:27:: - - [31/Mar/2026:14:23:22 +0000] "GET /pokies-fast-payout/ HTTP/1.1" 200 149121 "-" "meta-webindexer/1.1 (+https://developers.facebook.com/docs/sharing/webmasters/crawler)"
52.167.144.18 - - [31/Mar/2026:14:23:23 +0000] "GET /best-paying-online-casino-australia/ HTTP/1.1" 200 187073 "-" "Mozilla/5.0 AppleWebKit/537.36 (KHTML, like Gecko; compatible; bingbot/2.0; +http://www.bing.com/bingbot.htm) Chrome/116.0.1938.76 Safari/537.36"
2a03:2880:f806:b:: - - [31/Mar/2026:14:23:29 +0000] "GET /do-you-have-to-declare-gambling-winnings-in-new-zealand/ HTTP/1.1" 200 150791 "-" "meta-webindexer/1.1 (+https://developers.facebook.com/docs/sharing/webmasters/crawler)"
2a03:2880:f806:2f:: - - [31/Mar/2026:14:23:41 +0000] "GET /products/detail/198632379 HTTP/1.1" 404 146693 "-" "meta-webindexer/1.1 (+https://developers.facebook.com/docs/sharing/webmasters/crawler)"
45.79.238.235 - - [31/Mar/2026:14:23:56 +0000] "POST /wp-cron.php?doing_wp_cron=1774967036.9312529563903808593750 HTTP/1.1" 200 - "-" "WordPress/6.8.5; http://chargedev.co.nz"
2a03:2880:f806:20:: - - [31/Mar/2026:14:23:56 +0000] "GET /australia-pokies-no-deposit-bonus/ HTTP/1.1" 200 149449 "-" "meta-webindexer/1.1 (+https://developers.facebook.com/docs/sharing/webmasters/crawler)"
2a03:2880:f806:2c:: - - [31/Mar/2026:14:23:56 +0000] "GET /products/detail/280977329 HTTP/1.1" 404 146693 "-" "meta-webindexer/1.1 (+https://developers.facebook.com/docs/sharing/webmasters/crawler)"
2a03:2880:f806:15:: - - [31/Mar/2026:14:23:58 +0000] "GET /casino-games-in-new-zealand/ HTTP/1.1" 200 149657 "-" "meta-webindexer/1.1 (+https://developers.facebook.com/docs/sharing/webmasters/crawler)"
2a03:2880:f806:1d:: - - [31/Mar/2026:14:24:05 +0000] "GET /products/detail/180512349 HTTP/1.1" 404 146693 "-" "meta-webindexer/1.1 (+https://developers.facebook.com/docs/sharing/webmasters/crawler)"
2a03:2880:f806:1e:: - - [31/Mar/2026:14:24:25 +0000] "GET /australia-free-online-slots/ HTTP/1.1" 200 150061 "-" "meta-webindexer/1.1 (+https://developers.facebook.com/docs/sharing/webmasters/crawler)"
2a03:2880:f806:d:: - - [31/Mar/2026:14:24:36 +0000] "GET /products/detail/187156470 HTTP/1.1" 404 146693 "-" "meta-webindexer/1.1 (+https://developers.facebook.com/docs/sharing/webmasters/crawler)"
115.70.99.2 - - [31/Mar/2026:14:24:42 +0000] "GET /about-us/ HTTP/1.1" 200 443366 "-" "Mozilla/5.0 (Macintosh; Intel Mac OS X 13_6_3) AppleWebKit/537.36 (KHTML, like Gecko) Chrome/131.0.6778.139 Safari/537.36"
45.79.238.235 - - [31/Mar/2026:14:24:56 +0000] "POST /wp-cron.php?doing_wp_cron=1774967096.5694808959960937500000 HTTP/1.1" 200 - "-" "WordPress/6.8.5; http://chargedev.co.nz"
2a03:2880:f806:1:: - - [31/Mar/2026:14:24:55 +0000] "GET /primm-casinos-au/ HTTP/1.1" 200 150002 "-" "meta-webindexer/1.1 (+https://developers.facebook.com/docs/sharing/webmasters/crawler)"
2a03:2880:f806:17:: - - [31/Mar/2026:14:24:56 +0000] "GET /safe-pokies-no-download-or-registration/ HTTP/1.1" 200 150726 "-" "meta-webindexer/1.1 (+https://developers.facebook.com/docs/sharing/webmasters/crawler)"
2a03:2880:f806:b:: - - [31/Mar/2026:14:25:44 +0000] "GET /rainbow-casino-brisbane-au/ HTTP/1.1" 200 150165 "-" "meta-webindexer/1.1 (+https://developers.facebook.com/docs/sharing/webmasters/crawler)"
2a03:2880:f806:2:: - - [31/Mar/2026:14:25:55 +0000] "GET /products/detail/243997773 HTTP/1.1" 404 146693 "-" "meta-webindexer/1.1 (+https://developers.facebook.com/docs/sharing/webmasters/crawler)"
2a03:2880:f806:e:: - - [31/Mar/2026:14:26:10 +0000] "GET /products/detail/192895117 HTTP/1.1" 404 146693 "-" "meta-webindexer/1.1 (+https://developers.facebook.com/docs/sharing/webmasters/crawler)"
2a03:2880:f806:42:: - - [31/Mar/2026:14:26:11 +0000] "GET /secure-pokies-with-welcome-bonus-biggest-win/ HTTP/1.1" 200 150698 "-" "meta-webindexer/1.1 (+https://developers.facebook.com/docs/sharing/webmasters/crawler)"
2a03:2880:f806:2d:: - - [31/Mar/2026:14:26:17 +0000] "GET /pokies-for-real-money-offer/ HTTP/1.1" 200 149544 "-" "meta-webindexer/1.1 (+https://developers.facebook.com/docs/sharing/webmasters/crawler)"
45.79.238.235 - - [31/Mar/2026:14:27:08 +0000] "POST /wp-cron.php?doing_wp_cron=1774967228.8045520782470703125000 HTTP/1.1" 200 - "-" "WordPress/6.8.5; http://chargedev.co.nz"
2a03:2880:f806:41:: - - [31/Mar/2026:14:27:07 +0000] "GET /nz-online-casino-bonus/ HTTP/1.1" 200 149314 "-" "meta-webindexer/1.1 (+https://developers.facebook.com/docs/sharing/webmasters/crawler)"
2a03:2880:f806:1b:: - - [31/Mar/2026:14:27:09 +0000] "GET /tax-free-pokies-machine-free/ HTTP/1.1" 200 150043 "-" "meta-webindexer/1.1 (+https://developers.facebook.com/docs/sharing/webmasters/crawler)"
2a03:2880:f806:3d:: - - [31/Mar/2026:14:27:10 +0000] "GET /elements-victoria-casino/ HTTP/1.1" 200 149663 "-" "meta-webindexer/1.1 (+https://developers.facebook.com/docs/sharing/webmasters/crawler)"
52.167.144.206 - - [31/Mar/2026:14:27:13 +0000] "GET /deposit-casino-pokies-real-money-no-download/ HTTP/1.1" 200 212875 "-" "Mozilla/5.0 AppleWebKit/537.36 (KHTML, like Gecko; compatible; bingbot/2.0; +http://www.bing.com/bingbot.htm) Chrome/116.0.1938.76 Safari/537.36"
2a03:2880:f806:15:: - - [31/Mar/2026:14:27:15 +0000] "GET /deposit-casino-pokies-machine-games/ HTTP/1.1" 200 150044 "-" "meta-webindexer/1.1 (+https://developers.facebook.com/docs/sharing/webmasters/crawler)"
2a03:2880:f806:20:: - - [31/Mar/2026:14:27:27 +0000] "GET /samuel-australian-casino/ HTTP/1.1" 200 149774 "-" "meta-webindexer/1.1 (+https://developers.facebook.com/docs/sharing/webmasters/crawler)"
2a03:2880:f806:46:: - - [31/Mar/2026:14:27:49 +0000] "GET /products/detail/33124309 HTTP/1.1" 404 146693 "-" "meta-webindexer/1.1 (+https://developers.facebook.com/docs/sharing/webmasters/crawler)"
45.79.238.235 - - [31/Mar/2026:14:27:52 +0000] "POST /wp-cron.php?doing_wp_cron=1774967272.3536090850830078125000 HTTP/1.1" 200 - "-" "WordPress/6.8.5; http://chargedev.co.nz"
2a03:2880:f806:6:: - - [31/Mar/2026:14:27:51 +0000] "GET /products/detail/171061117 HTTP/1.1" 404 146693 "-" "meta-webindexer/1.1 (+https://developers.facebook.com/docs/sharing/webmasters/crawler)"
40.77.167.49 - - [31/Mar/2026:14:28:01 +0000] "GET /win-at-pokies-with-bonus/ HTTP/1.1" 200 186694 "-" "Mozilla/5.0 AppleWebKit/537.36 (KHTML, like Gecko; compatible; bingbot/2.0; +http://www.bing.com/bingbot.htm) Chrome/116.0.1938.76 Safari/537.36"
2a03:2880:f806:40:: - - [31/Mar/2026:14:28:34 +0000] "GET /gambling-pokies-to-win/ HTTP/1.1" 200 150295 "-" "meta-webindexer/1.1 (+https://developers.facebook.com/docs/sharing/webmasters/crawler)"
2a03:2880:f806:b:: - - [31/Mar/2026:14:28:36 +0000] "GET /casinos-au-no-deposit-bonus/ HTTP/1.1" 200 150230 "-" "meta-webindexer/1.1 (+https://developers.facebook.com/docs/sharing/webmasters/crawler)"
2a03:2880:f806:1f:: - - [31/Mar/2026:14:28:39 +0000] "GET /safe-pokies-no-download-no-registration/ HTTP/1.1" 200 150685 "-" "meta-webindexer/1.1 (+https://developers.facebook.com/docs/sharing/webmasters/crawler)"
45.79.238.235 - - [31/Mar/2026:14:29:09 +0000] "POST /wp-cron.php?doing_wp_cron=1774967349.8464279174804687500000 HTTP/1.1" 200 - "-" "WordPress/6.8.5; http://chargedev.co.nz"
2a03:2880:f806:1:: - - [31/Mar/2026:14:29:09 +0000] "GET /best-online-pokie-website/ HTTP/1.1" 200 149155 "-" "meta-webindexer/1.1 (+https://developers.facebook.com/docs/sharing/webmasters/crawler)"
2a03:2880:f806:8:: - - [31/Mar/2026:14:29:23 +0000] "GET /new-pokies-online-for-payout/ HTTP/1.1" 200 149855 "-" "meta-webindexer/1.1 (+https://developers.facebook.com/docs/sharing/webmasters/crawler)"
2a03:2880:f806:e:: - - [31/Mar/2026:14:29:33 +0000] "GET /free-slots-no-deposit-nz/ HTTP/1.1" 200 149479 "-" "meta-webindexer/1.1 (+https://developers.facebook.com/docs/sharing/webmasters/crawler)"
2a03:2880:f806:45:: - - [31/Mar/2026:14:29:38 +0000] "GET /popular-pokies-with-welcome-bonus-best/ HTTP/1.1" 200 149479 "-" "meta-webindexer/1.1 (+https://developers.facebook.com/docs/sharing/webmasters/crawler)"
2a03:2880:f806:2b:: - - [31/Mar/2026:14:30:43 +0000] "GET /popular-pokies-with-welcome-bonus-that-pay-more/ HTTP/1.1" 200 150173 "-" "meta-webindexer/1.1 (+https://developers.facebook.com/docs/sharing/webmasters/crawler)"
2a03:2880:f806:5:: - - [31/Mar/2026:14:30:49 +0000] "GET /post-sitemap3.xml HTTP/1.1" 200 113821 "-" "meta-webindexer/1.1 (+https://developers.facebook.com/docs/sharing/webmasters/crawler)"
45.79.238.235 - - [31/Mar/2026:14:31:05 +0000] "POST /wp-cron.php?doing_wp_cron=1774967465.8329219818115234375000 HTTP/1.1" 200 - "-" "WordPress/6.8.5; http://chargedev.co.nz"
2a03:2880:f806:19:: - - [31/Mar/2026:14:31:05 +0000] "GET /products/detail/28219288 HTTP/1.1" 404 146693 "-" "meta-webindexer/1.1 (+https://developers.facebook.com/docs/sharing/webmasters/crawler)"
2a03:2880:f806:2f:: - - [31/Mar/2026:14:31:06 +0000] "GET /products/detail/111815915 HTTP/1.1" 404 146693 "-" "meta-webindexer/1.1 (+https://developers.facebook.com/docs/sharing/webmasters/crawler)"
2a03:2880:f806:21:: - - [31/Mar/2026:14:31:06 +0000] "GET /products/detail/19158430 HTTP/1.1" 404 146693 "-" "meta-webindexer/1.1 (+https://developers.facebook.com/docs/sharing/webmasters/crawler)"
2a03:2880:f806:2f:: - - [31/Mar/2026:14:31:07 +0000] "GET /products/detail/19878652 HTTP/1.1" 404 146693 "-" "meta-webindexer/1.1 (+https://developers.facebook.com/docs/sharing/webmasters/crawler)"
2a03:2880:f806:b:: - - [31/Mar/2026:14:31:07 +0000] "GET /products/detail/165193773 HTTP/1.1" 404 146693 "-" "meta-webindexer/1.1 (+https://developers.facebook.com/docs/sharing/webmasters/crawler)"
2a03:2880:f806:40:: - - [31/Mar/2026:14:31:08 +0000] "GET /products/detail/74401905 HTTP/1.1" 404 146693 "-" "meta-webindexer/1.1 (+https://developers.facebook.com/docs/sharing/webmasters/crawler)"
2a03:2880:f806:33:: - - [31/Mar/2026:14:31:08 +0000] "GET /products/detail/172832420 HTTP/1.1" 404 146693 "-" "meta-webindexer/1.1 (+https://developers.facebook.com/docs/sharing/webmasters/crawler)"
2a03:2880:f806:4:: - - [31/Mar/2026:14:31:09 +0000] "GET /products/detail/306222086 HTTP/1.1" 404 146693 "-" "meta-webindexer/1.1 (+https://developers.facebook.com/docs/sharing/webmasters/crawler)"
2a03:2880:f806:27:: - - [31/Mar/2026:14:31:09 +0000] "GET /products/detail/262382076 HTTP/1.1" 404 146693 "-" "meta-webindexer/1.1 (+https://developers.facebook.com/docs/sharing/webmasters/crawler)"
2a03:2880:f806:48:: - - [31/Mar/2026:14:31:09 +0000] "GET /products/detail/231606814 HTTP/1.1" 404 146693 "-" "meta-webindexer/1.1 (+https://developers.facebook.com/docs/sharing/webmasters/crawler)"
2a03:2880:f806:3a:: - - [31/Mar/2026:14:31:09 +0000] "GET /products/detail/208195884 HTTP/1.1" 404 146693 "-" "meta-webindexer/1.1 (+https://developers.facebook.com/docs/sharing/webmasters/crawler)"
2a03:2880:f806:2a:: - - [31/Mar/2026:14:31:10 +0000] "GET /products/detail/310021228 HTTP/1.1" 404 146693 "-" "meta-webindexer/1.1 (+https://developers.facebook.com/docs/sharing/webmasters/crawler)"
2a03:2880:f806:11:: - - [31/Mar/2026:14:31:10 +0000] "GET /products/detail/290139329 HTTP/1.1" 404 146693 "-" "meta-webindexer/1.1 (+https://developers.facebook.com/docs/sharing/webmasters/crawler)"
2a03:2880:f806:7:: - - [31/Mar/2026:14:31:11 +0000] "GET /products/detail/280786743 HTTP/1.1" 404 146693 "-" "meta-webindexer/1.1 (+https://developers.facebook.com/docs/sharing/webmasters/crawler)"
2a03:2880:f806:16:: - - [31/Mar/2026:14:31:11 +0000] "GET /products/detail/120659076 HTTP/1.1" 404 146693 "-" "meta-webindexer/1.1 (+https://developers.facebook.com/docs/sharing/webmasters/crawler)"
2a03:2880:f806:e:: - - [31/Mar/2026:14:31:11 +0000] "GET /products/detail/37925349 HTTP/1.1" 404 146693 "-" "meta-webindexer/1.1 (+https://developers.facebook.com/docs/sharing/webmasters/crawler)"
2a03:2880:f806:22:: - - [31/Mar/2026:14:31:11 +0000] "GET /products/detail/131494410 HTTP/1.1" 404 146693 "-" "meta-webindexer/1.1 (+https://developers.facebook.com/docs/sharing/webmasters/crawler)"
2a03:2880:f806:19:: - - [31/Mar/2026:14:31:12 +0000] "GET /products/detail/93159137 HTTP/1.1" 404 146693 "-" "meta-webindexer/1.1 (+https://developers.facebook.com/docs/sharing/webmasters/crawler)"
2a03:2880:f806:34:: - - [31/Mar/2026:14:31:12 +0000] "GET /products/detail/14018975 HTTP/1.1" 404 146693 "-" "meta-webindexer/1.1 (+https://developers.facebook.com/docs/sharing/webmasters/crawler)"
2a03:2880:f806:e:: - - [31/Mar/2026:14:31:14 +0000] "GET /products/detail/66847309 HTTP/1.1" 404 146693 "-" "meta-webindexer/1.1 (+https://developers.facebook.com/docs/sharing/webmasters/crawler)"
2a03:2880:f806:2f:: - - [31/Mar/2026:14:31:13 +0000] "GET /products/detail/231640551 HTTP/1.1" 404 146693 "-" "meta-webindexer/1.1 (+https://developers.facebook.com/docs/sharing/webmasters/crawler)"
2a03:2880:f806:: - - [31/Mar/2026:14:31:13 +0000] "GET /products/detail/170303076 HTTP/1.1" 404 146693 "-" "meta-webindexer/1.1 (+https://developers.facebook.com/docs/sharing/webmasters/crawler)"
2a03:2880:f806:1a:: - - [31/Mar/2026:14:31:14 +0000] "GET /products/detail/152679955 HTTP/1.1" 404 146693 "-" "meta-webindexer/1.1 (+https://developers.facebook.com/docs/sharing/webmasters/crawler)"
2a03:2880:f806:16:: - - [31/Mar/2026:14:31:14 +0000] "GET /products/detail/77198753 HTTP/1.1" 404 146693 "-" "meta-webindexer/1.1 (+https://developers.facebook.com/docs/sharing/webmasters/crawler)"
2a03:2880:f806:35:: - - [31/Mar/2026:14:31:14 +0000] "GET /products/detail/284062854 HTTP/1.1" 404 146693 "-" "meta-webindexer/1.1 (+https://developers.facebook.com/docs/sharing/webmasters/crawler)"
2a03:2880:f806:1a:: - - [31/Mar/2026:14:31:15 +0000] "GET /products/detail/265727723 HTTP/1.1" 404 146693 "-" "meta-webindexer/1.1 (+https://developers.facebook.com/docs/sharing/webmasters/crawler)"
2a03:2880:f806:34:: - - [31/Mar/2026:14:31:15 +0000] "GET /products/detail/58107511 HTTP/1.1" 404 146693 "-" "meta-webindexer/1.1 (+https://developers.facebook.com/docs/sharing/webmasters/crawler)"
2a03:2880:f806:: - - [31/Mar/2026:14:31:16 +0000] "GET /products/detail/57426985 HTTP/1.1" 404 146693 "-" "meta-webindexer/1.1 (+https://developers.facebook.com/docs/sharing/webmasters/crawler)"
2a03:2880:f806:9:: - - [31/Mar/2026:14:31:16 +0000] "GET /products/detail/170940400 HTTP/1.1" 404 146693 "-" "meta-webindexer/1.1 (+https://developers.facebook.com/docs/sharing/webmasters/crawler)"
2a03:2880:f806:39:: - - [31/Mar/2026:14:31:16 +0000] "GET /products/detail/135634177 HTTP/1.1" 404 146693 "-" "meta-webindexer/1.1 (+https://developers.facebook.com/docs/sharing/webmasters/crawler)"
2a03:2880:f806:41:: - - [31/Mar/2026:14:31:16 +0000] "GET /products/detail/70436157 HTTP/1.1" 404 146693 "-" "meta-webindexer/1.1 (+https://developers.facebook.com/docs/sharing/webmasters/crawler)"
2a03:2880:f806:34:: - - [31/Mar/2026:14:31:17 +0000] "GET /products/detail/19732632 HTTP/1.1" 404 146693 "-" "meta-webindexer/1.1 (+https://developers.facebook.com/docs/sharing/webmasters/crawler)"
2a03:2880:f806:22:: - - [31/Mar/2026:14:31:17 +0000] "GET /products/detail/195617268 HTTP/1.1" 404 146693 "-" "meta-webindexer/1.1 (+https://developers.facebook.com/docs/sharing/webmasters/crawler)"
2a03:2880:f806:45:: - - [31/Mar/2026:14:31:17 +0000] "GET /products/detail/302274814 HTTP/1.1" 404 146693 "-" "meta-webindexer/1.1 (+https://developers.facebook.com/docs/sharing/webmasters/crawler)"
2a03:2880:f806:3c:: - - [31/Mar/2026:14:31:18 +0000] "GET /products/detail/274724238 HTTP/1.1" 404 146693 "-" "meta-webindexer/1.1 (+https://developers.facebook.com/docs/sharing/webmasters/crawler)"
2a03:2880:f806:45:: - - [31/Mar/2026:14:31:18 +0000] "GET /products/detail/233727107 HTTP/1.1" 404 146693 "-" "meta-webindexer/1.1 (+https://developers.facebook.com/docs/sharing/webmasters/crawler)"
2a03:2880:f806:17:: - - [31/Mar/2026:14:31:18 +0000] "GET /products/detail/194264450 HTTP/1.1" 404 146693 "-" "meta-webindexer/1.1 (+https://developers.facebook.com/docs/sharing/webmasters/crawler)"
2a03:2880:f806:34:: - - [31/Mar/2026:14:31:19 +0000] "GET /products/detail/295104167 HTTP/1.1" 404 146693 "-" "meta-webindexer/1.1 (+https://developers.facebook.com/docs/sharing/webmasters/crawler)"
2a03:2880:f806:1f:: - - [31/Mar/2026:14:31:19 +0000] "GET /products/detail/17449884 HTTP/1.1" 404 146693 "-" "meta-webindexer/1.1 (+https://developers.facebook.com/docs/sharing/webmasters/crawler)"
2a03:2880:f806:13:: - - [31/Mar/2026:14:31:19 +0000] "GET /products/detail/187255470 HTTP/1.1" 404 146693 "-" "meta-webindexer/1.1 (+https://developers.facebook.com/docs/sharing/webmasters/crawler)"
2a03:2880:f806:b:: - - [31/Mar/2026:14:31:20 +0000] "GET /products/detail/202004238 HTTP/1.1" 404 146693 "-" "meta-webindexer/1.1 (+https://developers.facebook.com/docs/sharing/webmasters/crawler)"
2a03:2880:f806:46:: - - [31/Mar/2026:14:31:20 +0000] "GET /products/detail/37491329 HTTP/1.1" 404 146693 "-" "meta-webindexer/1.1 (+https://developers.facebook.com/docs/sharing/webmasters/crawler)"
2a03:2880:f806:25:: - - [31/Mar/2026:14:31:21 +0000] "GET /products/detail/144296915 HTTP/1.1" 404 146693 "-" "meta-webindexer/1.1 (+https://developers.facebook.com/docs/sharing/webmasters/crawler)"
2a03:2880:f806:15:: - - [31/Mar/2026:14:31:20 +0000] "GET /products/detail/184617359 HTTP/1.1" 404 146693 "-" "meta-webindexer/1.1 (+https://developers.facebook.com/docs/sharing/webmasters/crawler)"
2a03:2880:f806:40:: - - [31/Mar/2026:14:31:21 +0000] "GET /products/detail/31211783 HTTP/1.1" 404 146693 "-" "meta-webindexer/1.1 (+https://developers.facebook.com/docs/sharing/webmasters/crawler)"
2a03:2880:f806:2:: - - [31/Mar/2026:14:31:22 +0000] "GET /products/detail/216831955 HTTP/1.1" 404 146693 "-" "meta-webindexer/1.1 (+https://developers.facebook.com/docs/sharing/webmasters/crawler)"
2a03:2880:f806:13:: - - [31/Mar/2026:14:31:22 +0000] "GET /products/detail/220370975 HTTP/1.1" 404 146693 "-" "meta-webindexer/1.1 (+https://developers.facebook.com/docs/sharing/webmasters/crawler)"
2a03:2880:f806:45:: - - [31/Mar/2026:14:31:22 +0000] "GET /products/detail/34411743 HTTP/1.1" 404 146693 "-" "meta-webindexer/1.1 (+https://developers.facebook.com/docs/sharing/webmasters/crawler)"
2a03:2880:f806:1b:: - - [31/Mar/2026:14:31:22 +0000] "GET /products/detail/54009026 HTTP/1.1" 404 146693 "-" "meta-webindexer/1.1 (+https://developers.facebook.com/docs/sharing/webmasters/crawler)"
2a03:2880:f806:20:: - - [31/Mar/2026:14:31:23 +0000] "GET /products/detail/221520622 HTTP/1.1" 404 146693 "-" "meta-webindexer/1.1 (+https://developers.facebook.com/docs/sharing/webmasters/crawler)"
2a03:2880:f806:1:: - - [31/Mar/2026:14:31:22 +0000] "GET /products/detail/271651066 HTTP/1.1" 404 146693 "-" "meta-webindexer/1.1 (+https://developers.facebook.com/docs/sharing/webmasters/crawler)"
2a03:2880:f806:19:: - - [31/Mar/2026:14:31:25 +0000] "GET /products/detail/18810026 HTTP/1.1" 404 146693 "-" "meta-webindexer/1.1 (+https://developers.facebook.com/docs/sharing/webmasters/crawler)"
2a03:2880:f806:15:: - - [31/Mar/2026:14:31:24 +0000] "GET /products/detail/112569541 HTTP/1.1" 404 146693 "-" "meta-webindexer/1.1 (+https://developers.facebook.com/docs/sharing/webmasters/crawler)"
2a03:2880:f806:27:: - - [31/Mar/2026:14:31:25 +0000] "GET /products/detail/289389056 HTTP/1.1" 404 146693 "-" "meta-webindexer/1.1 (+https://developers.facebook.com/docs/sharing/webmasters/crawler)"
2a03:2880:f806:5:: - - [31/Mar/2026:14:31:23 +0000] "GET /products/detail/94065329 HTTP/1.1" 404 146693 "-" "meta-webindexer/1.1 (+https://developers.facebook.com/docs/sharing/webmasters/crawler)"
2a03:2880:f806:28:: - - [31/Mar/2026:14:31:25 +0000] "GET /products/detail/200268026 HTTP/1.1" 404 146693 "-" "meta-webindexer/1.1 (+https://developers.facebook.com/docs/sharing/webmasters/crawler)"
2a03:2880:f806:3:: - - [31/Mar/2026:14:31:25 +0000] "GET /products/detail/282939107 HTTP/1.1" 404 146693 "-" "meta-webindexer/1.1 (+https://developers.facebook.com/docs/sharing/webmasters/crawler)"
2a03:2880:f806:3e:: - - [31/Mar/2026:14:31:26 +0000] "GET /products/detail/48955066 HTTP/1.1" 404 146693 "-" "meta-webindexer/1.1 (+https://developers.facebook.com/docs/sharing/webmasters/crawler)"
2a03:2880:f806:8:: - - [31/Mar/2026:14:31:25 +0000] "GET /products/detail/82561410 HTTP/1.1" 404 146693 "-" "meta-webindexer/1.1 (+https://developers.facebook.com/docs/sharing/webmasters/crawler)"
2a03:2880:f806:20:: - - [31/Mar/2026:14:31:26 +0000] "GET /products/detail/296913511 HTTP/1.1" 404 146693 "-" "meta-webindexer/1.1 (+https://developers.facebook.com/docs/sharing/webmasters/crawler)"
2a03:2880:f806:10:: - - [31/Mar/2026:14:31:27 +0000] "GET /products/detail/208650167 HTTP/1.1" 404 146693 "-" "meta-webindexer/1.1 (+https://developers.facebook.com/docs/sharing/webmasters/crawler)"
2a03:2880:f806:33:: - - [31/Mar/2026:14:31:28 +0000] "GET /products/detail/134048612 HTTP/1.1" 404 146693 "-" "meta-webindexer/1.1 (+https://developers.facebook.com/docs/sharing/webmasters/crawler)"
2a03:2880:f806:f:: - - [31/Mar/2026:14:31:28 +0000] "GET /products/detail/231920450 HTTP/1.1" 404 146693 "-" "meta-webindexer/1.1 (+https://developers.facebook.com/docs/sharing/webmasters/crawler)"
2a03:2880:f806:16:: - - [31/Mar/2026:14:31:28 +0000] "GET /products/detail/246715006 HTTP/1.1" 404 146693 "-" "meta-webindexer/1.1 (+https://developers.facebook.com/docs/sharing/webmasters/crawler)"
2a03:2880:f806:19:: - - [31/Mar/2026:14:31:27 +0000] "GET /products/detail/185301925 HTTP/1.1" 404 146693 "-" "meta-webindexer/1.1 (+https://developers.facebook.com/docs/sharing/webmasters/crawler)"
2a03:2880:f806:1b:: - - [31/Mar/2026:14:31:28 +0000] "GET /free-casino-pokies-cash-prizes/ HTTP/1.1" 200 149256 "-" "meta-webindexer/1.1 (+https://developers.facebook.com/docs/sharing/webmasters/crawler)"
2a03:2880:f806:34:: - - [31/Mar/2026:14:31:28 +0000] "GET /products/detail/134283844 HTTP/1.1" 404 146693 "-" "meta-webindexer/1.1 (+https://developers.facebook.com/docs/sharing/webmasters/crawler)"
2a03:2880:f806:2a:: - - [31/Mar/2026:14:31:28 +0000] "GET /products/detail/117126925 HTTP/1.1" 404 146693 "-" "meta-webindexer/1.1 (+https://developers.facebook.com/docs/sharing/webmasters/crawler)"
2a03:2880:f806:2e:: - - [31/Mar/2026:14:31:29 +0000] "GET /products/detail/99637551 HTTP/1.1" 404 146693 "-" "meta-webindexer/1.1 (+https://developers.facebook.com/docs/sharing/webmasters/crawler)"
2a03:2880:f806:15:: - - [31/Mar/2026:14:31:29 +0000] "GET /products/detail/119609127 HTTP/1.1" 404 146693 "-" "meta-webindexer/1.1 (+https://developers.facebook.com/docs/sharing/webmasters/crawler)"
2a03:2880:f806:17:: - - [31/Mar/2026:14:31:30 +0000] "GET /products/detail/129965420 HTTP/1.1" 404 146693 "-" "meta-webindexer/1.1 (+https://developers.facebook.com/docs/sharing/webmasters/crawler)"
2a03:2880:f806:31:: - - [31/Mar/2026:14:31:31 +0000] "GET /products/detail/82073834 HTTP/1.1" 404 146693 "-" "meta-webindexer/1.1 (+https://developers.facebook.com/docs/sharing/webmasters/crawler)"
2a03:2880:f806:35:: - - [31/Mar/2026:14:31:30 +0000] "GET /products/detail/222517470 HTTP/1.1" 404 146693 "-" "meta-webindexer/1.1 (+https://developers.facebook.com/docs/sharing/webmasters/crawler)"
2a03:2880:f806:1d:: - - [31/Mar/2026:14:31:31 +0000] "GET /products/detail/288927703 HTTP/1.1" 404 146693 "-" "meta-webindexer/1.1 (+https://developers.facebook.com/docs/sharing/webmasters/crawler)"
2a03:2880:f806:42:: - - [31/Mar/2026:14:31:32 +0000] "GET /products/detail/94166238 HTTP/1.1" 404 146693 "-" "meta-webindexer/1.1 (+https://developers.facebook.com/docs/sharing/webmasters/crawler)"
2a03:2880:f806:26:: - - [31/Mar/2026:14:31:31 +0000] "GET /products/detail/315880662 HTTP/1.1" 404 146693 "-" "meta-webindexer/1.1 (+https://developers.facebook.com/docs/sharing/webmasters/crawler)"
2a03:2880:f806:3b:: - - [31/Mar/2026:14:31:32 +0000] "GET /products/detail/91263511 HTTP/1.1" 404 146693 "-" "meta-webindexer/1.1 (+https://developers.facebook.com/docs/sharing/webmasters/crawler)"
2a03:2880:f806:43:: - - [31/Mar/2026:14:31:32 +0000] "GET /products/detail/274092652 HTTP/1.1" 404 146693 "-" "meta-webindexer/1.1 (+https://developers.facebook.com/docs/sharing/webmasters/crawler)"
2a03:2880:f806:2f:: - - [31/Mar/2026:14:31:33 +0000] "GET /products/detail/96855652 HTTP/1.1" 404 146693 "-" "meta-webindexer/1.1 (+https://developers.facebook.com/docs/sharing/webmasters/crawler)"
2a03:2880:f806:2c:: - - [31/Mar/2026:14:31:33 +0000] "GET /products/detail/56642753 HTTP/1.1" 404 146693 "-" "meta-webindexer/1.1 (+https://developers.facebook.com/docs/sharing/webmasters/crawler)"
2a03:2880:f806:22:: - - [31/Mar/2026:14:31:33 +0000] "GET /products/detail/279408278 HTTP/1.1" 404 146693 "-" "meta-webindexer/1.1 (+https://developers.facebook.com/docs/sharing/webmasters/crawler)"
2a03:2880:f806:12:: - - [31/Mar/2026:14:31:33 +0000] "GET /products/detail/254046400 HTTP/1.1" 404 146693 "-" "meta-webindexer/1.1 (+https://developers.facebook.com/docs/sharing/webmasters/crawler)"
2a03:2880:f806:27:: - - [31/Mar/2026:14:31:33 +0000] "GET /products/detail/160649127 HTTP/1.1" 404 146693 "-" "meta-webindexer/1.1 (+https://developers.facebook.com/docs/sharing/webmasters/crawler)"
2a03:2880:f806:21:: - - [31/Mar/2026:14:31:34 +0000] "GET /products/detail/23063187 HTTP/1.1" 404 146693 "-" "meta-webindexer/1.1 (+https://developers.facebook.com/docs/sharing/webmasters/crawler)"
2a03:2880:f806:e:: - - [31/Mar/2026:14:31:34 +0000] "GET /products/detail/151877480 HTTP/1.1" 404 146693 "-" "meta-webindexer/1.1 (+https://developers.facebook.com/docs/sharing/webmasters/crawler)"
2a03:2880:f806:39:: - - [31/Mar/2026:14:31:35 +0000] "GET /products/detail/272697218 HTTP/1.1" 404 146693 "-" "meta-webindexer/1.1 (+https://developers.facebook.com/docs/sharing/webmasters/crawler)"
2a03:2880:f806:3a:: - - [31/Mar/2026:14:31:48 +0000] "GET /products/detail/134839713 HTTP/1.1" 404 146693 "-" "meta-webindexer/1.1 (+https://developers.facebook.com/docs/sharing/webmasters/crawler)"
45.79.238.235 - - [31/Mar/2026:14:31:51 +0000] "POST /wp-cron.php?doing_wp_cron=1774967511.0898749828338623046875 HTTP/1.1" 200 - "-" "WordPress/6.8.5; http://chargedev.co.nz"
2a03:2880:f806:f:: - - [31/Mar/2026:14:31:50 +0000] "GET /products/detail/161260339 HTTP/1.1" 404 146693 "-" "meta-webindexer/1.1 (+https://developers.facebook.com/docs/sharing/webmasters/crawler)"
2a03:2880:f806:12:: - - [31/Mar/2026:14:31:50 +0000] "GET /products/detail/15699622 HTTP/1.1" 404 146693 "-" "meta-webindexer/1.1 (+https://developers.facebook.com/docs/sharing/webmasters/crawler)"
2a03:2880:f806:1e:: - - [31/Mar/2026:14:31:51 +0000] "GET /products/detail/168184581 HTTP/1.1" 404 146693 "-" "meta-webindexer/1.1 (+https://developers.facebook.com/docs/sharing/webmasters/crawler)"
2a03:2880:f806:4:: - - [31/Mar/2026:14:31:52 +0000] "GET /products/detail/252533945 HTTP/1.1" 404 146693 "-" "meta-webindexer/1.1 (+https://developers.facebook.com/docs/sharing/webmasters/crawler)"
2a03:2880:f806:1a:: - - [31/Mar/2026:14:31:55 +0000] "GET /products/detail/246633107 HTTP/1.1" 404 146693 "-" "meta-webindexer/1.1 (+https://developers.facebook.com/docs/sharing/webmasters/crawler)"
2a03:2880:f806:43:: - - [31/Mar/2026:14:31:55 +0000] "GET /products/detail/158774319 HTTP/1.1" 404 146693 "-" "meta-webindexer/1.1 (+https://developers.facebook.com/docs/sharing/webmasters/crawler)"
2a03:2880:f806:30:: - - [31/Mar/2026:14:31:56 +0000] "GET /products/detail/291542531 HTTP/1.1" 404 146693 "-" "meta-webindexer/1.1 (+https://developers.facebook.com/docs/sharing/webmasters/crawler)"
2a03:2880:f806:15:: - - [31/Mar/2026:14:31:57 +0000] "GET /victorious-pokies-in-australia-that-accept-paypal/ HTTP/1.1" 200 149744 "-" "meta-webindexer/1.1 (+https://developers.facebook.com/docs/sharing/webmasters/crawler)"
2a03:2880:f806:33:: - - [31/Mar/2026:14:32:12 +0000] "GET /products/detail/204495218 HTTP/1.1" 404 146693 "-" "meta-webindexer/1.1 (+https://developers.facebook.com/docs/sharing/webmasters/crawler)"
2a03:2880:f806:40:: - - [31/Mar/2026:14:32:13 +0000] "GET /products/detail/222871521 HTTP/1.1" 404 146693 "-" "meta-webindexer/1.1 (+https://developers.facebook.com/docs/sharing/webmasters/crawler)"
2a03:2880:f806:31:: - - [31/Mar/2026:14:32:13 +0000] "GET /products/detail/249466521 HTTP/1.1" 404 146693 "-" "meta-webindexer/1.1 (+https://developers.facebook.com/docs/sharing/webmasters/crawler)"
2a03:2880:f806:13:: - - [31/Mar/2026:14:32:20 +0000] "GET /list-all-casinos-in-western-new-zealand/ HTTP/1.1" 200 149511 "-" "meta-webindexer/1.1 (+https://developers.facebook.com/docs/sharing/webmasters/crawler)"
2a03:2880:f806:26:: - - [31/Mar/2026:14:32:29 +0000] "GET /products/detail/61169753 HTTP/1.1" 404 146693 "-" "meta-webindexer/1.1 (+https://developers.facebook.com/docs/sharing/webmasters/crawler)"
2a03:2880:f806:b:: - - [31/Mar/2026:14:32:30 +0000] "GET /products/detail/165906682 HTTP/1.1" 404 146693 "-" "meta-webindexer/1.1 (+https://developers.facebook.com/docs/sharing/webmasters/crawler)"
2a03:2880:f806:2a:: - - [31/Mar/2026:14:32:30 +0000] "GET /products/detail/208493783 HTTP/1.1" 404 146693 "-" "meta-webindexer/1.1 (+https://developers.facebook.com/docs/sharing/webmasters/crawler)"
2a03:2880:f806:33:: - - [31/Mar/2026:14:32:33 +0000] "GET /products/detail/56377147 HTTP/1.1" 404 146693 "-" "meta-webindexer/1.1 (+https://developers.facebook.com/docs/sharing/webmasters/crawler)"
2a03:2880:f806:1:: - - [31/Mar/2026:14:32:44 +0000] "GET /products/detail/109428430 HTTP/1.1" 404 146693 "-" "meta-webindexer/1.1 (+https://developers.facebook.com/docs/sharing/webmasters/crawler)"
2a03:2880:f806:14:: - - [31/Mar/2026:14:32:48 +0000] "GET /20-free-spins-on-registration-nz/ HTTP/1.1" 200 149701 "-" "meta-webindexer/1.1 (+https://developers.facebook.com/docs/sharing/webmasters/crawler)"
45.79.238.235 - - [31/Mar/2026:14:32:52 +0000] "POST /wp-cron.php?doing_wp_cron=1774967572.7589509487152099609375 HTTP/1.1" 200 - "-" "WordPress/6.8.5; http://chargedev.co.nz"
2a03:2880:f806:20:: - - [31/Mar/2026:14:32:52 +0000] "GET /products/detail/222329834 HTTP/1.1" 404 146693 "-" "meta-webindexer/1.1 (+https://developers.facebook.com/docs/sharing/webmasters/crawler)"
2a03:2880:f806:19:: - - [31/Mar/2026:14:32:58 +0000] "GET /products/detail/162378682 HTTP/1.1" 404 146693 "-" "meta-webindexer/1.1 (+https://developers.facebook.com/docs/sharing/webmasters/crawler)"
2a03:2880:f806:13:: - - [31/Mar/2026:14:33:23 +0000] "GET /au-online-pokies-free/ HTTP/1.1" 200 149608 "-" "meta-webindexer/1.1 (+https://developers.facebook.com/docs/sharing/webmasters/crawler)"
2a03:2880:f806:34:: - - [31/Mar/2026:14:33:37 +0000] "GET /popular-pokies-with-welcome-bonus-for-fun/ HTTP/1.1" 200 149889 "-" "meta-webindexer/1.1 (+https://developers.facebook.com/docs/sharing/webmasters/crawler)"
2a03:2880:f806:12:: - - [31/Mar/2026:14:33:42 +0000] "GET /new-casino-tulsa-au/ HTTP/1.1" 200 150564 "-" "meta-webindexer/1.1 (+https://developers.facebook.com/docs/sharing/webmasters/crawler)"
52.167.144.206 - - [31/Mar/2026:14:33:42 +0000] "GET /popular-new-pokies-online-and-other-deposit-casino-games/ HTTP/1.1" 200 190118 "-" "Mozilla/5.0 AppleWebKit/537.36 (KHTML, like Gecko; compatible; bingbot/2.0; +http://www.bing.com/bingbot.htm) Chrome/116.0.1938.76 Safari/537.36"
45.79.238.235 - - [31/Mar/2026:14:33:51 +0000] "POST /wp-cron.php?doing_wp_cron=1774967631.7824280261993408203125 HTTP/1.1" 200 - "-" "WordPress/6.8.5; http://chargedev.co.nz"
2a03:2880:f806:45:: - - [31/Mar/2026:14:33:51 +0000] "GET /mgm-online-casino-au-login/ HTTP/1.1" 200 150033 "-" "meta-webindexer/1.1 (+https://developers.facebook.com/docs/sharing/webmasters/crawler)"
2a03:2880:f806:26:: - - [31/Mar/2026:14:34:09 +0000] "GET /deposit-casino-pokies-best/ HTTP/1.1" 200 149084 "-" "meta-webindexer/1.1 (+https://developers.facebook.com/docs/sharing/webmasters/crawler)"
2a03:2880:f806:3:: - - [31/Mar/2026:14:34:15 +0000] "GET /products/detail/274269389 HTTP/1.1" 404 146693 "-" "meta-webindexer/1.1 (+https://developers.facebook.com/docs/sharing/webmasters/crawler)"
2a03:2880:f806:1f:: - - [31/Mar/2026:14:34:21 +0000] "GET /products/detail/84800268 HTTP/1.1" 404 146693 "-" "meta-webindexer/1.1 (+https://developers.facebook.com/docs/sharing/webmasters/crawler)"
2a03:2880:f806:33:: - - [31/Mar/2026:14:34:41 +0000] "GET /products/detail/89579501 HTTP/1.1" 404 146693 "-" "meta-webindexer/1.1 (+https://developers.facebook.com/docs/sharing/webmasters/crawler)"
2a03:2880:f806:a:: - - [31/Mar/2026:14:34:41 +0000] "GET /gambling-anonymous-au/ HTTP/1.1" 200 149327 "-" "meta-webindexer/1.1 (+https://developers.facebook.com/docs/sharing/webmasters/crawler)"
2a03:2880:f806:13:: - - [31/Mar/2026:14:35:13 +0000] "GET /products/detail/139056874 HTTP/1.1" 404 146693 "-" "meta-webindexer/1.1 (+https://developers.facebook.com/docs/sharing/webmasters/crawler)"
2a03:2880:f806:3d:: - - [31/Mar/2026:14:35:34 +0000] "GET /products/detail/138847309 HTTP/1.1" 404 146693 "-" "meta-webindexer/1.1 (+https://developers.facebook.com/docs/sharing/webmasters/crawler)"
2a03:2880:f806:e:: - - [31/Mar/2026:14:35:41 +0000] "GET /products/detail/156684622 HTTP/1.1" 404 146693 "-" "meta-webindexer/1.1 (+https://developers.facebook.com/docs/sharing/webmasters/crawler)"
2a03:2880:f806:46:: - - [31/Mar/2026:14:35:45 +0000] "GET /casino-in-nothwoods-nz/ HTTP/1.1" 200 150662 "-" "meta-webindexer/1.1 (+https://developers.facebook.com/docs/sharing/webmasters/crawler)"
45.79.238.235 - - [31/Mar/2026:14:36:05 +0000] "POST /wp-cron.php?doing_wp_cron=1774967765.0109090805053710937500 HTTP/1.1" 200 - "-" "WordPress/6.8.5; http://chargedev.co.nz"
2a03:2880:f806:10:: - - [31/Mar/2026:14:36:04 +0000] "GET /walter-staton-slot-machines-vancouver-nz/ HTTP/1.1" 200 150237 "-" "meta-webindexer/1.1 (+https://developers.facebook.com/docs/sharing/webmasters/crawler)"
2a03:2880:f806:42:: - - [31/Mar/2026:14:36:21 +0000] "GET /products/detail/259029137 HTTP/1.1" 404 146693 "-" "meta-webindexer/1.1 (+https://developers.facebook.com/docs/sharing/webmasters/crawler)"
2a03:2880:f806:1:: - - [31/Mar/2026:14:36:44 +0000] "GET /products/detail/282985339 HTTP/1.1" 404 146693 "-" "meta-webindexer/1.1 (+https://developers.facebook.com/docs/sharing/webmasters/crawler)"
40.77.167.57 - - [31/Mar/2026:14:36:55 +0000] "GET /new-au-online-casinos/ HTTP/1.1" 200 189614 "-" "Mozilla/5.0 AppleWebKit/537.36 (KHTML, like Gecko; compatible; bingbot/2.0; +http://www.bing.com/bingbot.htm) Chrome/116.0.1938.76 Safari/537.36"
45.79.238.235 - - [31/Mar/2026:14:37:02 +0000] "POST /wp-cron.php?doing_wp_cron=1774967822.2866630554199218750000 HTTP/1.1" 200 - "-" "WordPress/6.8.5; http://chargedev.co.nz"
2a03:2880:f806:b:: - - [31/Mar/2026:14:37:01 +0000] "GET /pokie-machine-australia/ HTTP/1.1" 200 149911 "-" "meta-webindexer/1.1 (+https://developers.facebook.com/docs/sharing/webmasters/crawler)"
2a03:2880:f806:17:: - - [31/Mar/2026:14:37:03 +0000] "GET /european-roulette-odds-nz/ HTTP/1.1" 200 150340 "-" "meta-webindexer/1.1 (+https://developers.facebook.com/docs/sharing/webmasters/crawler)"
2a03:2880:f806:1e:: - - [31/Mar/2026:14:37:05 +0000] "GET /australian-online-no-deposit-pokies/ HTTP/1.1" 200 150161 "-" "meta-webindexer/1.1 (+https://developers.facebook.com/docs/sharing/webmasters/crawler)"
2a03:2880:f806:44:: - - [31/Mar/2026:14:37:33 +0000] "GET /free-slots-no-deposit-keep-winnings-nz/ HTTP/1.1" 200 150935 "-" "meta-webindexer/1.1 (+https://developers.facebook.com/docs/sharing/webmasters/crawler)"
2a03:2880:f806:1c:: - - [31/Mar/2026:14:37:37 +0000] "GET /products/detail/298056400 HTTP/1.1" 404 146693 "-" "meta-webindexer/1.1 (+https://developers.facebook.com/docs/sharing/webmasters/crawler)"
2a03:2880:f806:3b:: - - [31/Mar/2026:14:37:48 +0000] "GET /kings-mountain-nz-casino/ HTTP/1.1" 200 150212 "-" "meta-webindexer/1.1 (+https://developers.facebook.com/docs/sharing/webmasters/crawler)"
2a03:2880:f806:1f:: - - [31/Mar/2026:14:37:48 +0000] "GET /win-pokies-with-welcome-bonus-machine/ HTTP/1.1" 200 150175 "-" "meta-webindexer/1.1 (+https://developers.facebook.com/docs/sharing/webmasters/crawler)"
45.79.238.235 - - [31/Mar/2026:14:37:52 +0000] "POST /wp-cron.php?doing_wp_cron=1774967872.0462090969085693359375 HTTP/1.1" 200 - "-" "WordPress/6.8.5; http://chargedev.co.nz"
2a03:2880:f806:f:: - - [31/Mar/2026:14:37:51 +0000] "GET /play-free-pokies-machine/ HTTP/1.1" 200 149914 "-" "meta-webindexer/1.1 (+https://developers.facebook.com/docs/sharing/webmasters/crawler)"
2a03:2880:f806:27:: - - [31/Mar/2026:14:38:04 +0000] "GET /products/detail/105950157 HTTP/1.1" 404 146693 "-" "meta-webindexer/1.1 (+https://developers.facebook.com/docs/sharing/webmasters/crawler)"
2a03:2880:f806:1f:: - - [31/Mar/2026:14:38:04 +0000] "GET /products/detail/65390864 HTTP/1.1" 404 146693 "-" "meta-webindexer/1.1 (+https://developers.facebook.com/docs/sharing/webmasters/crawler)"
2a03:2880:f806:29:: - - [31/Mar/2026:14:38:09 +0000] "GET /products/detail/294844066 HTTP/1.1" 404 146693 "-" "meta-webindexer/1.1 (+https://developers.facebook.com/docs/sharing/webmasters/crawler)"
2a03:2880:f806:41:: - - [31/Mar/2026:14:39:37 +0000] "GET /what-casino-pokies-pay/ HTTP/1.1" 200 149871 "-" "meta-webindexer/1.1 (+https://developers.facebook.com/docs/sharing/webmasters/crawler)"
2a03:2880:f806:22:: - - [31/Mar/2026:14:39:42 +0000] "GET /products/detail/116865682 HTTP/1.1" 404 146693 "-" "meta-webindexer/1.1 (+https://developers.facebook.com/docs/sharing/webmasters/crawler)"
45.79.238.235 - - [31/Mar/2026:14:40:03 +0000] "POST /wp-cron.php?doing_wp_cron=1774968003.7599229812622070312500 HTTP/1.1" 200 - "-" "WordPress/6.8.5; http://chargedev.co.nz"
2a03:2880:f806:12:: - - [31/Mar/2026:14:40:03 +0000] "GET /products/detail/309079369 HTTP/1.1" 404 146693 "-" "meta-webindexer/1.1 (+https://developers.facebook.com/docs/sharing/webmasters/crawler)"
2a03:2880:f806:3f:: - - [31/Mar/2026:14:40:16 +0000] "GET /products/detail/245869905 HTTP/1.1" 404 146693 "-" "meta-webindexer/1.1 (+https://developers.facebook.com/docs/sharing/webmasters/crawler)"
2a03:2880:f806:13:: - - [31/Mar/2026:14:40:17 +0000] "GET /products/detail/89289682 HTTP/1.1" 404 146693 "-" "meta-webindexer/1.1 (+https://developers.facebook.com/docs/sharing/webmasters/crawler)"
2a03:2880:f806:31:: - - [31/Mar/2026:14:40:48 +0000] "GET /products/detail/224051187 HTTP/1.1" 404 146693 "-" "meta-webindexer/1.1 (+https://developers.facebook.com/docs/sharing/webmasters/crawler)"
45.79.238.235 - - [31/Mar/2026:14:41:00 +0000] "POST /wp-cron.php?doing_wp_cron=1774968060.3847730159759521484375 HTTP/1.1" 200 - "-" "WordPress/6.8.5; http://chargedev.co.nz"
2a03:2880:f806:22:: - - [31/Mar/2026:14:40:59 +0000] "GET /products/detail/176259622 HTTP/1.1" 404 146693 "-" "meta-webindexer/1.1 (+https://developers.facebook.com/docs/sharing/webmasters/crawler)"
2a03:2880:f806:31:: - - [31/Mar/2026:14:41:08 +0000] "GET /products/detail/139149571 HTTP/1.1" 404 146693 "-" "meta-webindexer/1.1 (+https://developers.facebook.com/docs/sharing/webmasters/crawler)"
2a03:2880:f806:35:: - - [31/Mar/2026:14:41:16 +0000] "GET /products/detail/196283834 HTTP/1.1" 404 146693 "-" "meta-webindexer/1.1 (+https://developers.facebook.com/docs/sharing/webmasters/crawler)"
2a03:2880:f806:48:: - - [31/Mar/2026:14:41:22 +0000] "GET /products/detail/128134258 HTTP/1.1" 404 146693 "-" "meta-webindexer/1.1 (+https://developers.facebook.com/docs/sharing/webmasters/crawler)"
2a03:2880:f806:1f:: - - [31/Mar/2026:14:41:22 +0000] "GET /products/detail/318009511 HTTP/1.1" 404 146693 "-" "meta-webindexer/1.1 (+https://developers.facebook.com/docs/sharing/webmasters/crawler)"
2a03:2880:f806:2f:: - - [31/Mar/2026:14:41:31 +0000] "GET /products/detail/296508511 HTTP/1.1" 404 146693 "-" "meta-webindexer/1.1 (+https://developers.facebook.com/docs/sharing/webmasters/crawler)"
2a03:2880:f806:8:: - - [31/Mar/2026:14:41:44 +0000] "GET /products/detail/104604086 HTTP/1.1" 404 146693 "-" "meta-webindexer/1.1 (+https://developers.facebook.com/docs/sharing/webmasters/crawler)"
52.167.144.235 - - [31/Mar/2026:14:41:50 +0000] "GET /gambling-in-new-zealand-age/ HTTP/1.1" 200 187167 "-" "Mozilla/5.0 AppleWebKit/537.36 (KHTML, like Gecko; compatible; bingbot/2.0; +http://www.bing.com/bingbot.htm) Chrome/116.0.1938.76 Safari/537.36"
45.79.238.235 - - [31/Mar/2026:14:42:25 +0000] "POST /wp-cron.php?doing_wp_cron=1774968145.0942289829254150390625 HTTP/1.1" 200 - "-" "WordPress/6.8.5; http://chargedev.co.nz"
2a03:2880:f806:11:: - - [31/Mar/2026:14:42:24 +0000] "GET /products/detail/172745450 HTTP/1.1" 404 146693 "-" "meta-webindexer/1.1 (+https://developers.facebook.com/docs/sharing/webmasters/crawler)"
2a03:2880:f806:1c:: - - [31/Mar/2026:14:42:24 +0000] "GET /free-spins-on-registration-no-deposit-nz-only/ HTTP/1.1" 200 150476 "-" "meta-webindexer/1.1 (+https://developers.facebook.com/docs/sharing/webmasters/crawler)"
