154.209.193.240 - - [31/Mar/2026:18:59:08 +0000] "GET /wp-includes/js/media-audiovideo.min.js?ver=6.8.5 HTTP/1.1" 200 12052 "https://chargedev.co.nz/wp-admin/?admin_email_remind_later=1" "Mozilla/5.0 (Windows NT 10.0; Win64; x64) AppleWebKit/537.36 (KHTML, like Gecko) Chrome/144.0.0.0 Safari/537.36"
154.209.193.240 - - [31/Mar/2026:18:59:08 +0000] "GET /wp-includes/js/dist/vendor/lodash.min.js?ver=4.17.21 HTTP/1.1" 200 70707 "https://chargedev.co.nz/wp-admin/?admin_email_remind_later=1" "Mozilla/5.0 (Windows NT 10.0; Win64; x64) AppleWebKit/537.36 (KHTML, like Gecko) Chrome/144.0.0.0 Safari/537.36"
154.209.193.240 - - [31/Mar/2026:18:59:08 +0000] "GET /wp-content/plugins/wordpress-seo/js/dist/externals/propTypes.js?ver=4c546a0c9e97b70d3fe0 HTTP/1.1" 200 967 "https://chargedev.co.nz/wp-admin/?admin_email_remind_later=1" "Mozilla/5.0 (Windows NT 10.0; Win64; x64) AppleWebKit/537.36 (KHTML, like Gecko) Chrome/144.0.0.0 Safari/537.36"
154.209.193.240 - - [31/Mar/2026:18:59:08 +0000] "GET /wp-includes/js/wplink.min.js?ver=6.8.5 HTTP/1.1" 200 11317 "https://chargedev.co.nz/wp-admin/?admin_email_remind_later=1" "Mozilla/5.0 (Windows NT 10.0; Win64; x64) AppleWebKit/537.36 (KHTML, like Gecko) Chrome/144.0.0.0 Safari/537.36"
154.209.193.240 - - [31/Mar/2026:18:59:08 +0000] "GET /wp-admin/js/common.min.js?ver=6.8.5 HTTP/1.1" 200 23676 "https://chargedev.co.nz/wp-admin/?admin_email_remind_later=1" "Mozilla/5.0 (Windows NT 10.0; Win64; x64) AppleWebKit/537.36 (KHTML, like Gecko) Chrome/144.0.0.0 Safari/537.36"
154.209.193.240 - - [31/Mar/2026:18:59:08 +0000] "GET /wp-content/plugins/elementor/assets/js/packages/icons/icons.min.js?ver=3.23.4 HTTP/1.1" 200 76147 "https://chargedev.co.nz/wp-admin/?admin_email_remind_later=1" "Mozilla/5.0 (Windows NT 10.0; Win64; x64) AppleWebKit/537.36 (KHTML, like Gecko) Chrome/144.0.0.0 Safari/537.36"
154.209.193.240 - - [31/Mar/2026:18:59:08 +0000] "GET /wp-admin/js/edit-comments.min.js?ver=6.8.5 HTTP/1.1" 200 15488 "https://chargedev.co.nz/wp-admin/?admin_email_remind_later=1" "Mozilla/5.0 (Windows NT 10.0; Win64; x64) AppleWebKit/537.36 (KHTML, like Gecko) Chrome/144.0.0.0 Safari/537.36"
154.209.193.240 - - [31/Mar/2026:18:59:08 +0000] "GET /wp-content/plugins/elementor/assets/lib/eicons/fonts/eicons.woff2?5.30.0 HTTP/1.1" 200 97132 "https://chargedev.co.nz/wp-content/plugins/elementor/assets/lib/eicons/css/elementor-icons.min.css?ver=5.30.0" "Mozilla/5.0 (Windows NT 10.0; Win64; x64) AppleWebKit/537.36 (KHTML, like Gecko) Chrome/144.0.0.0 Safari/537.36"
154.209.193.240 - - [31/Mar/2026:18:59:08 +0000] "GET /wp-includes/js/dist/url.min.js?ver=c2964167dfe2477c14ea HTTP/1.1" 200 8523 "https://chargedev.co.nz/wp-admin/?admin_email_remind_later=1" "Mozilla/5.0 (Windows NT 10.0; Win64; x64) AppleWebKit/537.36 (KHTML, like Gecko) Chrome/144.0.0.0 Safari/537.36"
154.209.193.240 - - [31/Mar/2026:18:59:08 +0000] "GET /wp-content/plugins/woocommerce/assets/fonts/WooCommerce.woff HTTP/1.1" 200 14176 "https://chargedev.co.nz/wp-content/plugins/woocommerce/assets/css/menu.css?ver=5.9.2" "Mozilla/5.0 (Windows NT 10.0; Win64; x64) AppleWebKit/537.36 (KHTML, like Gecko) Chrome/144.0.0.0 Safari/537.36"
154.209.193.240 - - [31/Mar/2026:18:59:08 +0000] "GET /wp-includes/js/wp-auth-check.min.js?ver=6.8.5 HTTP/1.1" 200 1658 "https://chargedev.co.nz/wp-admin/?admin_email_remind_later=1" "Mozilla/5.0 (Windows NT 10.0; Win64; x64) AppleWebKit/537.36 (KHTML, like Gecko) Chrome/144.0.0.0 Safari/537.36"
154.209.193.240 - - [31/Mar/2026:18:59:08 +0000] "GET /wp-content/plugins/elementor/assets/js/import-export-admin.min.js?ver=3.23.4 HTTP/1.1" 200 6317 "https://chargedev.co.nz/wp-admin/?admin_email_remind_later=1" "Mozilla/5.0 (Windows NT 10.0; Win64; x64) AppleWebKit/537.36 (KHTML, like Gecko) Chrome/144.0.0.0 Safari/537.36"
154.209.193.240 - - [31/Mar/2026:18:59:08 +0000] "GET /wp-admin/js/postbox.min.js?ver=6.8.5 HTTP/1.1" 200 6761 "https://chargedev.co.nz/wp-admin/?admin_email_remind_later=1" "Mozilla/5.0 (Windows NT 10.0; Win64; x64) AppleWebKit/537.36 (KHTML, like Gecko) Chrome/144.0.0.0 Safari/537.36"
154.209.193.240 - - [31/Mar/2026:18:59:08 +0000] "GET /wp-includes/js/dist/date.min.js?ver=85ff222add187a4e358f HTTP/1.1" 200 783424 "https://chargedev.co.nz/wp-admin/?admin_email_remind_later=1" "Mozilla/5.0 (Windows NT 10.0; Win64; x64) AppleWebKit/537.36 (KHTML, like Gecko) Chrome/144.0.0.0 Safari/537.36"
154.209.193.240 - - [31/Mar/2026:18:59:08 +0000] "GET /wp-content/plugins/elementor/assets/js/ai-media-library.min.js?ver=3.23.4 HTTP/1.1" 200 617931 "https://chargedev.co.nz/wp-admin/?admin_email_remind_later=1" "Mozilla/5.0 (Windows NT 10.0; Win64; x64) AppleWebKit/537.36 (KHTML, like Gecko) Chrome/144.0.0.0 Safari/537.36"
154.209.193.240 - - [31/Mar/2026:18:59:08 +0000] "GET /wp-admin/js/svg-painter.js?ver=6.8.5 HTTP/1.1" 200 3280 "https://chargedev.co.nz/wp-admin/?admin_email_remind_later=1" "Mozilla/5.0 (Windows NT 10.0; Win64; x64) AppleWebKit/537.36 (KHTML, like Gecko) Chrome/144.0.0.0 Safari/537.36"
154.209.193.240 - - [31/Mar/2026:18:59:08 +0000] "GET /wp-content/plugins/elementor/assets/js/dev-tools.min.js?ver=3.23.4 HTTP/1.1" 200 7678 "https://chargedev.co.nz/wp-admin/?admin_email_remind_later=1" "Mozilla/5.0 (Windows NT 10.0; Win64; x64) AppleWebKit/537.36 (KHTML, like Gecko) Chrome/144.0.0.0 Safari/537.36"
154.209.193.240 - - [31/Mar/2026:18:59:08 +0000] "GET /wp-includes/js/dist/deprecated.min.js?ver=e1f84915c5e8ae38964c HTTP/1.1" 200 684 "https://chargedev.co.nz/wp-admin/?admin_email_remind_later=1" "Mozilla/5.0 (Windows NT 10.0; Win64; x64) AppleWebKit/537.36 (KHTML, like Gecko) Chrome/144.0.0.0 Safari/537.36"
154.209.193.240 - - [31/Mar/2026:18:59:08 +0000] "GET /wp-content/plugins/wordpress-seo/js/dist/externals/helpers.js?ver=9621691b4c958e4df201 HTTP/1.1" 200 54925 "https://chargedev.co.nz/wp-admin/?admin_email_remind_later=1" "Mozilla/5.0 (Windows NT 10.0; Win64; x64) AppleWebKit/537.36 (KHTML, like Gecko) Chrome/144.0.0.0 Safari/537.36"
154.209.193.240 - - [31/Mar/2026:18:59:08 +0000] "GET /wp-includes/js/jquery/ui/draggable.min.js?ver=1.13.3 HTTP/1.1" 200 18420 "https://chargedev.co.nz/wp-admin/?admin_email_remind_later=1" "Mozilla/5.0 (Windows NT 10.0; Win64; x64) AppleWebKit/537.36 (KHTML, like Gecko) Chrome/144.0.0.0 Safari/537.36"
154.209.193.240 - - [31/Mar/2026:18:59:08 +0000] "GET /wp-includes/js/quicktags.min.js?ver=6.8.5 HTTP/1.1" 200 11132 "https://chargedev.co.nz/wp-admin/?admin_email_remind_later=1" "Mozilla/5.0 (Windows NT 10.0; Win64; x64) AppleWebKit/537.36 (KHTML, like Gecko) Chrome/144.0.0.0 Safari/537.36"
154.209.193.240 - - [31/Mar/2026:18:59:08 +0000] "GET /wp-includes/js/wp-sanitize.min.js?ver=6.8.5 HTTP/1.1" 200 458 "https://chargedev.co.nz/wp-admin/?admin_email_remind_later=1" "Mozilla/5.0 (Windows NT 10.0; Win64; x64) AppleWebKit/537.36 (KHTML, like Gecko) Chrome/144.0.0.0 Safari/537.36"
154.209.193.240 - - [31/Mar/2026:18:59:08 +0000] "GET /wp-admin/js/updates.min.js?ver=6.8.5 HTTP/1.1" 200 48407 "https://chargedev.co.nz/wp-admin/?admin_email_remind_later=1" "Mozilla/5.0 (Windows NT 10.0; Win64; x64) AppleWebKit/537.36 (KHTML, like Gecko) Chrome/144.0.0.0 Safari/537.36"
154.209.193.240 - - [31/Mar/2026:18:59:08 +0000] "GET /wp-includes/js/jquery/ui/mouse.min.js?ver=1.13.3 HTTP/1.1" 200 3428 "https://chargedev.co.nz/wp-admin/?admin_email_remind_later=1" "Mozilla/5.0 (Windows NT 10.0; Win64; x64) AppleWebKit/537.36 (KHTML, like Gecko) Chrome/144.0.0.0 Safari/537.36"
154.209.193.240 - - [31/Mar/2026:18:59:08 +0000] "GET /wp-includes/js/jquery/ui/sortable.min.js?ver=1.13.3 HTTP/1.1" 200 25504 "https://chargedev.co.nz/wp-admin/?admin_email_remind_later=1" "Mozilla/5.0 (Windows NT 10.0; Win64; x64) AppleWebKit/537.36 (KHTML, like Gecko) Chrome/144.0.0.0 Safari/537.36"
154.209.193.240 - - [31/Mar/2026:18:59:08 +0000] "GET /wp-includes/js/admin-bar.min.js?ver=6.8.5 HTTP/1.1" 200 3487 "https://chargedev.co.nz/wp-admin/?admin_email_remind_later=1" "Mozilla/5.0 (Windows NT 10.0; Win64; x64) AppleWebKit/537.36 (KHTML, like Gecko) Chrome/144.0.0.0 Safari/537.36"
154.209.193.240 - - [31/Mar/2026:18:59:08 +0000] "GET /wp-includes/js/dist/vendor/react-dom.min.js?ver=18.3.1.1 HTTP/1.1" 200 128946 "https://chargedev.co.nz/wp-admin/?admin_email_remind_later=1" "Mozilla/5.0 (Windows NT 10.0; Win64; x64) AppleWebKit/537.36 (KHTML, like Gecko) Chrome/144.0.0.0 Safari/537.36"
154.209.193.240 - - [31/Mar/2026:18:59:08 +0000] "GET /wp-content/plugins/wordpress-seo/js/dist/externals/analysisReport.js?ver=34eef771ba6c89d4477c HTTP/1.1" 200 9373 "https://chargedev.co.nz/wp-admin/?admin_email_remind_later=1" "Mozilla/5.0 (Windows NT 10.0; Win64; x64) AppleWebKit/537.36 (KHTML, like Gecko) Chrome/144.0.0.0 Safari/537.36"
154.209.193.240 - - [31/Mar/2026:18:59:08 +0000] "GET /wp-content/plugins/elementor/assets/js/admin.min.js?ver=3.23.4 HTTP/1.1" 200 56323 "https://chargedev.co.nz/wp-admin/?admin_email_remind_later=1" "Mozilla/5.0 (Windows NT 10.0; Win64; x64) AppleWebKit/537.36 (KHTML, like Gecko) Chrome/144.0.0.0 Safari/537.36"
154.209.193.240 - - [31/Mar/2026:18:59:08 +0000] "GET /wp-includes/js/mce-view.min.js?ver=6.8.5 HTTP/1.1" 200 9770 "https://chargedev.co.nz/wp-admin/?admin_email_remind_later=1" "Mozilla/5.0 (Windows NT 10.0; Win64; x64) AppleWebKit/537.36 (KHTML, like Gecko) Chrome/144.0.0.0 Safari/537.36"
154.209.193.240 - - [31/Mar/2026:18:59:08 +0000] "GET /wp-content/plugins/elementor/assets/lib/backbone/backbone.marionette.min.js?ver=2.4.5.e1 HTTP/1.1" 200 45156 "https://chargedev.co.nz/wp-admin/?admin_email_remind_later=1" "Mozilla/5.0 (Windows NT 10.0; Win64; x64) AppleWebKit/537.36 (KHTML, like Gecko) Chrome/144.0.0.0 Safari/537.36"
154.209.193.240 - - [31/Mar/2026:18:59:08 +0000] "GET /wp-includes/js/dist/element.min.js?ver=a4eeeadd23c0d7ab1d2d HTTP/1.1" 200 11968 "https://chargedev.co.nz/wp-admin/?admin_email_remind_later=1" "Mozilla/5.0 (Windows NT 10.0; Win64; x64) AppleWebKit/537.36 (KHTML, like Gecko) Chrome/144.0.0.0 Safari/537.36"
154.209.193.240 - - [31/Mar/2026:18:59:08 +0000] "GET /wp-includes/js/wp-ajax-response.min.js?ver=6.8.5 HTTP/1.1" 200 2571 "https://chargedev.co.nz/wp-admin/?admin_email_remind_later=1" "Mozilla/5.0 (Windows NT 10.0; Win64; x64) AppleWebKit/537.36 (KHTML, like Gecko) Chrome/144.0.0.0 Safari/537.36"
154.209.193.240 - - [31/Mar/2026:18:59:08 +0000] "GET /wp-includes/js/plupload/wp-plupload.min.js?ver=6.8.5 HTTP/1.1" 200 6036 "https://chargedev.co.nz/wp-admin/?admin_email_remind_later=1" "Mozilla/5.0 (Windows NT 10.0; Win64; x64) AppleWebKit/537.36 (KHTML, like Gecko) Chrome/144.0.0.0 Safari/537.36"
154.209.193.240 - - [31/Mar/2026:18:59:08 +0000] "GET /wp-content/plugins/elementor/assets/js/admin-modules.min.js?ver=3.23.4 HTTP/1.1" 200 17895 "https://chargedev.co.nz/wp-admin/?admin_email_remind_later=1" "Mozilla/5.0 (Windows NT 10.0; Win64; x64) AppleWebKit/537.36 (KHTML, like Gecko) Chrome/144.0.0.0 Safari/537.36"
154.209.193.240 - - [31/Mar/2026:18:59:08 +0000] "GET /wp-content/plugins/woocommerce/assets/js/admin/wc-status-widget.min.js?ver=5.9.2 HTTP/1.1" 200 511 "https://chargedev.co.nz/wp-admin/?admin_email_remind_later=1" "Mozilla/5.0 (Windows NT 10.0; Win64; x64) AppleWebKit/537.36 (KHTML, like Gecko) Chrome/144.0.0.0 Safari/537.36"
154.209.193.240 - - [31/Mar/2026:18:59:08 +0000] "GET /wp-admin/js/image-edit.min.js?ver=6.8.5 HTTP/1.1" 200 15515 "https://chargedev.co.nz/wp-admin/?admin_email_remind_later=1" "Mozilla/5.0 (Windows NT 10.0; Win64; x64) AppleWebKit/537.36 (KHTML, like Gecko) Chrome/144.0.0.0 Safari/537.36"
154.209.193.240 - - [31/Mar/2026:18:59:08 +0000] "GET /wp-includes/js/jquery/ui/menu.min.js?ver=1.13.3 HTTP/1.1" 200 10199 "https://chargedev.co.nz/wp-admin/?admin_email_remind_later=1" "Mozilla/5.0 (Windows NT 10.0; Win64; x64) AppleWebKit/537.36 (KHTML, like Gecko) Chrome/144.0.0.0 Safari/537.36"
154.209.193.240 - - [31/Mar/2026:18:59:08 +0000] "GET /wp-content/themes/astra/inc/lib/astra-notices/notices.js?ver=1.1.9 HTTP/1.1" 200 2159 "https://chargedev.co.nz/wp-admin/?admin_email_remind_later=1" "Mozilla/5.0 (Windows NT 10.0; Win64; x64) AppleWebKit/537.36 (KHTML, like Gecko) Chrome/144.0.0.0 Safari/537.36"
154.209.193.240 - - [31/Mar/2026:18:59:08 +0000] "GET /wp-includes/js/imgareaselect/jquery.imgareaselect.min.js?ver=6.8.5 HTTP/1.1" 200 9770 "https://chargedev.co.nz/wp-admin/?admin_email_remind_later=1" "Mozilla/5.0 (Windows NT 10.0; Win64; x64) AppleWebKit/537.36 (KHTML, like Gecko) Chrome/144.0.0.0 Safari/537.36"
154.209.193.240 - - [31/Mar/2026:18:59:08 +0000] "GET /wp-content/plugins/wordpress-seo/js/dist/externals/styleGuide.js?ver=a65ddb8de826da5fea4d HTTP/1.1" 200 6982 "https://chargedev.co.nz/wp-admin/?admin_email_remind_later=1" "Mozilla/5.0 (Windows NT 10.0; Win64; x64) AppleWebKit/537.36 (KHTML, like Gecko) Chrome/144.0.0.0 Safari/537.36"
154.209.193.240 - - [31/Mar/2026:18:59:08 +0000] "GET /wp-includes/js/media-editor.min.js?ver=6.8.5 HTTP/1.1" 200 10885 "https://chargedev.co.nz/wp-admin/?admin_email_remind_later=1" "Mozilla/5.0 (Windows NT 10.0; Win64; x64) AppleWebKit/537.36 (KHTML, like Gecko) Chrome/144.0.0.0 Safari/537.36"
154.209.193.240 - - [31/Mar/2026:18:59:08 +0000] "GET /wp-includes/js/backbone.min.js?ver=1.6.0 HTTP/1.1" 200 24301 "https://chargedev.co.nz/wp-admin/?admin_email_remind_later=1" "Mozilla/5.0 (Windows NT 10.0; Win64; x64) AppleWebKit/537.36 (KHTML, like Gecko) Chrome/144.0.0.0 Safari/537.36"
154.209.193.240 - - [31/Mar/2026:18:59:08 +0000] "GET /wp-content/plugins/elementor-pro/assets/js/admin.min.js?ver=3.24.0 HTTP/1.1" 200 28017 "https://chargedev.co.nz/wp-admin/?admin_email_remind_later=1" "Mozilla/5.0 (Windows NT 10.0; Win64; x64) AppleWebKit/537.36 (KHTML, like Gecko) Chrome/144.0.0.0 Safari/537.36"
154.209.193.240 - - [31/Mar/2026:18:59:08 +0000] "GET /wp-includes/js/dist/escape-html.min.js?ver=6561a406d2d232a6fbd2 HTTP/1.1" 200 1000 "https://chargedev.co.nz/wp-admin/?admin_email_remind_later=1" "Mozilla/5.0 (Windows NT 10.0; Win64; x64) AppleWebKit/537.36 (KHTML, like Gecko) Chrome/144.0.0.0 Safari/537.36"
154.209.193.240 - - [31/Mar/2026:18:59:08 +0000] "GET /wp-content/plugins/wordpress-seo/js/dist/externals/styledComponents.js?ver=3c7b466139e7508cd799 HTTP/1.1" 200 36338 "https://chargedev.co.nz/wp-admin/?admin_email_remind_later=1" "Mozilla/5.0 (Windows NT 10.0; Win64; x64) AppleWebKit/537.36 (KHTML, like Gecko) Chrome/144.0.0.0 Safari/537.36"
154.209.193.240 - - [31/Mar/2026:18:59:08 +0000] "GET /wp-includes/js/media-views.min.js?ver=6.8.5 HTTP/1.1" 200 110712 "https://chargedev.co.nz/wp-admin/?admin_email_remind_later=1" "Mozilla/5.0 (Windows NT 10.0; Win64; x64) AppleWebKit/537.36 (KHTML, like Gecko) Chrome/144.0.0.0 Safari/537.36"
154.209.193.240 - - [31/Mar/2026:18:59:08 +0000] "GET /wp-includes/js/mediaelement/wp-mediaelement.min.js?ver=6.8.5 HTTP/1.1" 200 1107 "https://chargedev.co.nz/wp-admin/?admin_email_remind_later=1" "Mozilla/5.0 (Windows NT 10.0; Win64; x64) AppleWebKit/537.36 (KHTML, like Gecko) Chrome/144.0.0.0 Safari/537.36"
154.209.193.240 - - [31/Mar/2026:18:59:08 +0000] "GET /wp-includes/js/mediaelement/mediaelement-migrate.min.js?ver=6.8.5 HTTP/1.1" 200 1191 "https://chargedev.co.nz/wp-admin/?admin_email_remind_later=1" "Mozilla/5.0 (Windows NT 10.0; Win64; x64) AppleWebKit/537.36 (KHTML, like Gecko) Chrome/144.0.0.0 Safari/537.36"
154.209.193.240 - - [31/Mar/2026:18:59:08 +0000] "GET /wp-content/plugins/wordpress-seo/js/dist/wincher-dashboard-widget.js?ver=63d0a790229681c72b7e HTTP/1.1" 200 19620 "https://chargedev.co.nz/wp-admin/?admin_email_remind_later=1" "Mozilla/5.0 (Windows NT 10.0; Win64; x64) AppleWebKit/537.36 (KHTML, like Gecko) Chrome/144.0.0.0 Safari/537.36"
154.209.193.240 - - [31/Mar/2026:18:59:08 +0000] "GET /wp-includes/js/dist/vendor/react.min.js?ver=18.3.1.1 HTTP/1.1" 200 10628 "https://chargedev.co.nz/wp-admin/?admin_email_remind_later=1" "Mozilla/5.0 (Windows NT 10.0; Win64; x64) AppleWebKit/537.36 (KHTML, like Gecko) Chrome/144.0.0.0 Safari/537.36"
154.209.193.240 - - [31/Mar/2026:18:59:08 +0000] "GET /wp-includes/js/dist/vendor/react-jsx-runtime.min.js?ver=18.3.1 HTTP/1.1" 200 900 "https://chargedev.co.nz/wp-admin/?admin_email_remind_later=1" "Mozilla/5.0 (Windows NT 10.0; Win64; x64) AppleWebKit/537.36 (KHTML, like Gecko) Chrome/144.0.0.0 Safari/537.36"
154.209.193.240 - - [31/Mar/2026:18:59:08 +0000] "GET /wp-content/plugins/elementor/assets/js/common.min.js?ver=3.23.4 HTTP/1.1" 200 160783 "https://chargedev.co.nz/wp-admin/?admin_email_remind_later=1" "Mozilla/5.0 (Windows NT 10.0; Win64; x64) AppleWebKit/537.36 (KHTML, like Gecko) Chrome/144.0.0.0 Safari/537.36"
154.209.193.240 - - [31/Mar/2026:18:59:08 +0000] "GET /wp-content/plugins/wordpress-seo/js/dist/externals/componentsNew.js?ver=dc4603eb5d8a68dce425 HTTP/1.1" 200 262786 "https://chargedev.co.nz/wp-admin/?admin_email_remind_later=1" "Mozilla/5.0 (Windows NT 10.0; Win64; x64) AppleWebKit/537.36 (KHTML, like Gecko) Chrome/144.0.0.0 Safari/537.36"
154.209.193.240 - - [31/Mar/2026:18:59:08 +0000] "GET /wp-includes/js/dist/api-fetch.min.js?ver=3623a576c78df404ff20 HTTP/1.1" 200 5838 "https://chargedev.co.nz/wp-admin/?admin_email_remind_later=1" "Mozilla/5.0 (Windows NT 10.0; Win64; x64) AppleWebKit/537.36 (KHTML, like Gecko) Chrome/144.0.0.0 Safari/537.36"
154.209.193.240 - - [31/Mar/2026:18:59:08 +0000] "GET /wp-content/plugins/elementor/assets/js/app-loader.min.js?ver=3.23.4 HTTP/1.1" 200 92582 "https://chargedev.co.nz/wp-admin/?admin_email_remind_later=1" "Mozilla/5.0 (Windows NT 10.0; Win64; x64) AppleWebKit/537.36 (KHTML, like Gecko) Chrome/144.0.0.0 Safari/537.36"
154.209.193.240 - - [31/Mar/2026:18:59:08 +0000] "GET /wp-content/plugins/elementor/assets/js/media-hints.min.js?ver=3.23.4 HTTP/1.1" 200 6217 "https://chargedev.co.nz/wp-admin/?admin_email_remind_later=1" "Mozilla/5.0 (Windows NT 10.0; Win64; x64) AppleWebKit/537.36 (KHTML, like Gecko) Chrome/144.0.0.0 Safari/537.36"
154.209.193.240 - - [31/Mar/2026:18:59:08 +0000] "GET /wp-includes/js/wp-api.min.js?ver=6.8.5 HTTP/1.1" 200 14682 "https://chargedev.co.nz/wp-admin/?admin_email_remind_later=1" "Mozilla/5.0 (Windows NT 10.0; Win64; x64) AppleWebKit/537.36 (KHTML, like Gecko) Chrome/144.0.0.0 Safari/537.36"
154.209.193.240 - - [31/Mar/2026:18:59:08 +0000] "GET /wp-content/plugins/wordpress-seo/js/dist/api-client.js?ver=f56d7de163fa219c67e2 HTTP/1.1" 200 579 "https://chargedev.co.nz/wp-admin/?admin_email_remind_later=1" "Mozilla/5.0 (Windows NT 10.0; Win64; x64) AppleWebKit/537.36 (KHTML, like Gecko) Chrome/144.0.0.0 Safari/537.36"
154.209.193.240 - - [31/Mar/2026:18:59:08 +0000] "GET /wp-includes/js/mediaelement/mediaelement-and-player.min.js?ver=4.2.17 HTTP/1.1" 200 158005 "https://chargedev.co.nz/wp-admin/?admin_email_remind_later=1" "Mozilla/5.0 (Windows NT 10.0; Win64; x64) AppleWebKit/537.36 (KHTML, like Gecko) Chrome/144.0.0.0 Safari/537.36"
154.209.193.240 - - [31/Mar/2026:18:59:08 +0000] "GET /wp-content/plugins/wordpress-seo/js/dist/dashboard-widget.js?ver=751474c1233a3eb40fcd HTTP/1.1" 200 2047 "https://chargedev.co.nz/wp-admin/?admin_email_remind_later=1" "Mozilla/5.0 (Windows NT 10.0; Win64; x64) AppleWebKit/537.36 (KHTML, like Gecko) Chrome/144.0.0.0 Safari/537.36"
154.209.193.240 - - [31/Mar/2026:18:59:08 +0000] "GET /wp-content/plugins/elementor/assets/lib/dialog/dialog.min.js?ver=4.9.0 HTTP/1.1" 200 10777 "https://chargedev.co.nz/wp-admin/?admin_email_remind_later=1" "Mozilla/5.0 (Windows NT 10.0; Win64; x64) AppleWebKit/537.36 (KHTML, like Gecko) Chrome/144.0.0.0 Safari/537.36"
154.209.193.240 - - [31/Mar/2026:18:59:08 +0000] "GET /wp-content/plugins/elementor/assets/js/packages/ui/ui.min.js?ver=3.23.4 HTTP/1.1" 200 785424 "https://chargedev.co.nz/wp-admin/?admin_email_remind_later=1" "Mozilla/5.0 (Windows NT 10.0; Win64; x64) AppleWebKit/537.36 (KHTML, like Gecko) Chrome/144.0.0.0 Safari/537.36"
154.209.193.240 - - [31/Mar/2026:18:59:08 +0000] "GET /wp-includes/js/wp-backbone.min.js?ver=6.8.5 HTTP/1.1" 200 3039 "https://chargedev.co.nz/wp-admin/?admin_email_remind_later=1" "Mozilla/5.0 (Windows NT 10.0; Win64; x64) AppleWebKit/537.36 (KHTML, like Gecko) Chrome/144.0.0.0 Safari/537.36"
154.209.193.240 - - [31/Mar/2026:18:59:08 +0000] "GET /wp-content/plugins/wordpress-seo/packages/js/images/Yoast_SEO_Icon.svg HTTP/1.1" 200 1051 "https://chargedev.co.nz/wp-content/plugins/wordpress-seo/css/dist/dashboard-2711.css" "Mozilla/5.0 (Windows NT 10.0; Win64; x64) AppleWebKit/537.36 (KHTML, like Gecko) Chrome/144.0.0.0 Safari/537.36"
154.209.193.240 - - [31/Mar/2026:18:59:08 +0000] "GET /wp-admin/js/media-upload.min.js?ver=6.8.5 HTTP/1.1" 200 1152 "https://chargedev.co.nz/wp-admin/?admin_email_remind_later=1" "Mozilla/5.0 (Windows NT 10.0; Win64; x64) AppleWebKit/537.36 (KHTML, like Gecko) Chrome/144.0.0.0 Safari/537.36"
154.209.193.240 - - [31/Mar/2026:18:59:08 +0000] "GET /wp-includes/js/wp-lists.min.js?ver=6.8.5 HTTP/1.1" 200 7521 "https://chargedev.co.nz/wp-admin/?admin_email_remind_later=1" "Mozilla/5.0 (Windows NT 10.0; Win64; x64) AppleWebKit/537.36 (KHTML, like Gecko) Chrome/144.0.0.0 Safari/537.36"
154.209.193.240 - - [31/Mar/2026:18:59:08 +0000] "GET /wp-includes/js/media-grid.min.js?ver=6.8.5 HTTP/1.1" 200 13258 "https://chargedev.co.nz/wp-admin/?admin_email_remind_later=1" "Mozilla/5.0 (Windows NT 10.0; Win64; x64) AppleWebKit/537.36 (KHTML, like Gecko) Chrome/144.0.0.0 Safari/537.36"
154.209.193.240 - - [31/Mar/2026:18:59:08 +0000] "GET /wp-includes/js/jquery/ui/autocomplete.min.js?ver=1.13.3 HTTP/1.1" 200 8536 "https://chargedev.co.nz/wp-admin/?admin_email_remind_later=1" "Mozilla/5.0 (Windows NT 10.0; Win64; x64) AppleWebKit/537.36 (KHTML, like Gecko) Chrome/144.0.0.0 Safari/537.36"
154.209.193.240 - - [31/Mar/2026:18:59:08 +0000] "GET /wp-includes/js/media-models.min.js?ver=6.8.5 HTTP/1.1" 200 13284 "https://chargedev.co.nz/wp-admin/?admin_email_remind_later=1" "Mozilla/5.0 (Windows NT 10.0; Win64; x64) AppleWebKit/537.36 (KHTML, like Gecko) Chrome/144.0.0.0 Safari/537.36"
154.209.193.240 - - [31/Mar/2026:18:59:08 +0000] "GET /wp-content/plugins/wordpress-seo/images/mirrored_fit_bubble_woman_1_optim.svg HTTP/1.1" 200 6808 "https://chargedev.co.nz/wp-admin/?admin_email_remind_later=1" "Mozilla/5.0 (Windows NT 10.0; Win64; x64) AppleWebKit/537.36 (KHTML, like Gecko) Chrome/144.0.0.0 Safari/537.36"
154.209.193.240 - - [31/Mar/2026:18:59:09 +0000] "GET /wp-includes/js/thickbox/loadingAnimation.gif HTTP/1.1" 200 15238 "https://chargedev.co.nz/wp-admin/" "Mozilla/5.0 (Windows NT 10.0; Win64; x64) AppleWebKit/537.36 (KHTML, like Gecko) Chrome/144.0.0.0 Safari/537.36"
154.209.193.240 - - [31/Mar/2026:18:59:09 +0000] "GET /wp-json/wp/v2/ HTTP/1.1" 200 230878 "https://chargedev.co.nz/wp-admin/" "Mozilla/5.0 (Windows NT 10.0; Win64; x64) AppleWebKit/537.36 (KHTML, like Gecko) Chrome/144.0.0.0 Safari/537.36"
154.209.193.240 - - [31/Mar/2026:18:59:09 +0000] "GET /wp-json/yoast/v1/statistics HTTP/1.1" 200 344 "https://chargedev.co.nz/wp-admin/" "Mozilla/5.0 (Windows NT 10.0; Win64; x64) AppleWebKit/537.36 (KHTML, like Gecko) Chrome/144.0.0.0 Safari/537.36"
154.209.193.240 - - [31/Mar/2026:18:59:09 +0000] "POST /wp-admin/admin-ajax.php HTTP/1.1" 200 1849 "https://chargedev.co.nz/wp-admin/" "Mozilla/5.0 (Windows NT 10.0; Win64; x64) AppleWebKit/537.36 (KHTML, like Gecko) Chrome/144.0.0.0 Safari/537.36"
154.209.193.240 - - [31/Mar/2026:18:59:11 +0000] "GET /wp-admin/admin.php?page=wp-php-console HTTP/1.1" 200 166602 "https://chargedev.co.nz/wp-admin/" "Mozilla/5.0 (Windows NT 10.0; Win64; x64) AppleWebKit/537.36 (KHTML, like Gecko) Chrome/144.0.0.0 Safari/537.36"
154.209.193.240 - - [31/Mar/2026:18:59:14 +0000] "GET /wp-admin/load-styles.php?c=0&dir=ltr&load%5Bchunk_0%5D=dashicons,admin-bar,common,forms,admin-menu,dashboard,list-tables,edit,revisions,media,themes,about,nav-menus,wp-pointer,widgets&load%5Bchunk_1%5D=,site-icon,l10n,buttons,wp-auth-check,media-views&ver=6.8.5 HTTP/1.1" 200 448689 "https://chargedev.co.nz/wp-admin/admin.php?page=wp-php-console" "Mozilla/5.0 (Windows NT 10.0; Win64; x64) AppleWebKit/537.36 (KHTML, like Gecko) Chrome/144.0.0.0 Safari/537.36"
154.209.193.240 - - [31/Mar/2026:18:59:14 +0000] "GET /wp-admin/load-scripts.php?c=0&load%5Bchunk_0%5D=jquery-core,jquery-migrate,utils,wp-polyfill,moxiejs,plupload&ver=6.8.5 HTTP/1.1" 200 247246 "https://chargedev.co.nz/wp-admin/admin.php?page=wp-php-console" "Mozilla/5.0 (Windows NT 10.0; Win64; x64) AppleWebKit/537.36 (KHTML, like Gecko) Chrome/144.0.0.0 Safari/537.36"
154.209.193.240 - - [31/Mar/2026:18:59:14 +0000] "GET /wp-includes/js/jquery/ui/core.min.js?ver=1.13.3 HTTP/1.1" 304 - "https://chargedev.co.nz/wp-admin/admin.php?page=wp-php-console" "Mozilla/5.0 (Windows NT 10.0; Win64; x64) AppleWebKit/537.36 (KHTML, like Gecko) Chrome/144.0.0.0 Safari/537.36"
154.209.193.240 - - [31/Mar/2026:18:59:09 +0000] "GET /wp-admin/admin-ajax.php?action=dashboard-widgets&widget=dashboard_primary&pagenow=dashboard HTTP/1.1" 200 915 "https://chargedev.co.nz/wp-admin/" "Mozilla/5.0 (Windows NT 10.0; Win64; x64) AppleWebKit/537.36 (KHTML, like Gecko) Chrome/144.0.0.0 Safari/537.36"
40.77.167.143 - - [31/Mar/2026:19:00:09 +0000] "GET /?p=6144 HTTP/1.1" 200 190861 "-" "Mozilla/5.0 AppleWebKit/537.36 (KHTML, like Gecko; compatible; bingbot/2.0; +http://www.bing.com/bingbot.htm) Chrome/116.0.1938.76 Safari/537.36"
45.79.238.235 - - [31/Mar/2026:19:00:16 +0000] "POST /wp-cron.php?doing_wp_cron=1774983616.9281740188598632812500 HTTP/1.1" 200 - "-" "WordPress/6.8.5; https://chargedev.co.nz"
154.209.193.240 - - [31/Mar/2026:19:00:16 +0000] "POST /wp-admin/admin-ajax.php HTTP/1.1" 200 47 "https://chargedev.co.nz/wp-admin/admin.php?page=wp-php-console" "Mozilla/5.0 (Windows NT 10.0; Win64; x64) AppleWebKit/537.36 (KHTML, like Gecko) Chrome/144.0.0.0 Safari/537.36"
45.79.238.235 - - [31/Mar/2026:19:00:17 +0000] "POST /wp-admin/admin-ajax.php?action=as_async_request_queue_runner&nonce=7ab8605838 HTTP/1.1" 200 - "-" "WordPress/6.8.5; https://chargedev.co.nz"
40.77.167.143 - - [31/Mar/2026:19:00:48 +0000] "GET /pokies-in-new-zealand-cheats/ HTTP/1.1" 200 187772 "-" "Mozilla/5.0 AppleWebKit/537.36 (KHTML, like Gecko; compatible; bingbot/2.0; +http://www.bing.com/bingbot.htm) Chrome/116.0.1938.76 Safari/537.36"
185.191.171.18 - - [31/Mar/2026:19:01:04 +0000] "GET /shop/?action=yith-woocompare-add-product&id=2878&number=24&orderby=date HTTP/1.1" 403 - "-" "Mozilla/5.0 (compatible; SemrushBot/7~bl; +http://www.semrush.com/bot.html)"
45.79.238.235 - - [31/Mar/2026:19:01:17 +0000] "POST /wp-cron.php?doing_wp_cron=1774983677.8882749080657958984375 HTTP/1.1" 200 - "-" "WordPress/6.8.5; https://chargedev.co.nz"
154.209.193.240 - - [31/Mar/2026:19:01:17 +0000] "POST /wp-admin/admin-ajax.php HTTP/1.1" 200 47 "https://chargedev.co.nz/wp-admin/admin.php?page=wp-php-console" "Mozilla/5.0 (Windows NT 10.0; Win64; x64) AppleWebKit/537.36 (KHTML, like Gecko) Chrome/144.0.0.0 Safari/537.36"
52.167.144.17 - - [31/Mar/2026:19:01:41 +0000] "GET /australian-popular-pokies-free-chip/ HTTP/1.1" 200 190664 "-" "Mozilla/5.0 AppleWebKit/537.36 (KHTML, like Gecko; compatible; bingbot/2.0; +http://www.bing.com/bingbot.htm) Chrome/116.0.1938.76 Safari/537.36"
52.167.144.17 - - [31/Mar/2026:19:01:43 +0000] "GET /best-pokies-online-play/ HTTP/1.1" 200 192495 "-" "Mozilla/5.0 AppleWebKit/537.36 (KHTML, like Gecko; compatible; bingbot/2.0; +http://www.bing.com/bingbot.htm) Chrome/116.0.1938.76 Safari/537.36"
45.79.238.235 - - [31/Mar/2026:19:02:21 +0000] "POST /wp-cron.php?doing_wp_cron=1774983741.0427830219268798828125 HTTP/1.1" 200 - "-" "WordPress/6.8.5; https://chargedev.co.nz"
154.209.193.240 - - [31/Mar/2026:19:02:18 +0000] "POST /wp-admin/admin-ajax.php HTTP/1.1" 200 47 "https://chargedev.co.nz/wp-admin/admin.php?page=wp-php-console" "Mozilla/5.0 (Windows NT 10.0; Win64; x64) AppleWebKit/537.36 (KHTML, like Gecko) Chrome/144.0.0.0 Safari/537.36"
40.77.167.143 - - [31/Mar/2026:19:02:38 +0000] "GET /free-deposit-casino-pokies-games-no-download-no-registration/ HTTP/1.1" 200 190772 "-" "Mozilla/5.0 AppleWebKit/537.36 (KHTML, like Gecko; compatible; bingbot/2.0; +http://www.bing.com/bingbot.htm) Chrome/116.0.1938.76 Safari/537.36"
40.77.167.55 - - [31/Mar/2026:19:02:56 +0000] "GET /rtg-casinos-australia/ HTTP/1.1" 200 185156 "-" "Mozilla/5.0 AppleWebKit/537.36 (KHTML, like Gecko; compatible; bingbot/2.0; +http://www.bing.com/bingbot.htm) Chrome/116.0.1938.76 Safari/537.36"
45.79.238.235 - - [31/Mar/2026:19:03:28 +0000] "POST /wp-cron.php?doing_wp_cron=1774983808.5908870697021484375000 HTTP/1.1" 200 - "-" "WordPress/6.8.5; https://chargedev.co.nz"
154.209.193.240 - - [31/Mar/2026:19:01:26 +0000] "POST /wp-admin/admin.php?page=wp-php-console HTTP/1.1" 404 182009 "https://chargedev.co.nz/wp-admin/admin.php?page=wp-php-console" "Mozilla/5.0 (Windows NT 10.0; Win64; x64) AppleWebKit/537.36 (KHTML, like Gecko) Chrome/144.0.0.0 Safari/537.36"
154.209.193.240 - - [31/Mar/2026:19:03:30 +0000] "GET /wp-includes/css/admin-bar.min.css?ver=6.8.5 HTTP/1.1" 200 20128 "https://chargedev.co.nz/wp-admin/admin.php?page=wp-php-console" "Mozilla/5.0 (Windows NT 10.0; Win64; x64) AppleWebKit/537.36 (KHTML, like Gecko) Chrome/144.0.0.0 Safari/537.36"
154.209.193.240 - - [31/Mar/2026:19:03:30 +0000] "GET /wp-content/plugins/elementor-pro/assets/js/notes/notes.min.js?ver=3.24.0 HTTP/1.1" 200 13347 "https://chargedev.co.nz/wp-admin/admin.php?page=wp-php-console" "Mozilla/5.0 (Windows NT 10.0; Win64; x64) AppleWebKit/537.36 (KHTML, like Gecko) Chrome/144.0.0.0 Safari/537.36"
154.209.193.240 - - [31/Mar/2026:19:03:30 +0000] "GET /wp-content/plugins/elementor-pro/assets/js/notes/notes-app-initiator.min.js?ver=3.24.0 HTTP/1.1" 200 3508 "https://chargedev.co.nz/wp-admin/admin.php?page=wp-php-console" "Mozilla/5.0 (Windows NT 10.0; Win64; x64) AppleWebKit/537.36 (KHTML, like Gecko) Chrome/144.0.0.0 Safari/537.36"
45.79.238.235 - - [31/Mar/2026:19:03:42 +0000] "GET /index.php?feed=xmlsitemap26 HTTP/1.1" 301 - "-" "-"
45.79.238.235 - - [31/Mar/2026:19:03:44 +0000] "GET /?feed=xmlsitemap26 HTTP/1.1" 404 259 "-" "-"
45.79.238.235 - - [31/Mar/2026:19:03:47 +0000] "GET /sitemap26.xml HTTP/1.1" 200 114523 "-" "-"
66.249.69.38 - - [31/Mar/2026:19:03:53 +0000] "GET /new-zealand-casino-bonuses/ HTTP/1.1" 200 190893 "-" "Mozilla/5.0 (Linux; Android 6.0.1; Nexus 5X Build/MMB29P) AppleWebKit/537.36 (KHTML, like Gecko) Chrome/146.0.7680.164 Mobile Safari/537.36 (compatible; Googlebot/2.1; +http://www.google.com/bot.html)"
40.77.167.55 - - [31/Mar/2026:19:04:33 +0000] "POST /?wc-ajax=get_refreshed_fragments HTTP/1.1" 200 188163 "-" "Mozilla/5.0 AppleWebKit/537.36 (KHTML, like Gecko; compatible; bingbot/2.0; +http://www.bing.com/bingbot.htm) Chrome/116.0.1938.76 Safari/537.36"
45.79.238.235 - - [31/Mar/2026:19:06:05 +0000] "POST /wp-cron.php?doing_wp_cron=1774983965.5692729949951171875000 HTTP/1.1" 200 - "-" "WordPress/6.8.5; https://chargedev.co.nz"
3.85.141.163 - - [31/Mar/2026:19:06:03 +0000] "GET /high-paying-pokies-with-welcome-bonus/ HTTP/1.1" 200 151314 "-" "Mozilla/5.0 AppleWebKit/537.36 (KHTML, like Gecko; compatible; Amzn-SearchBot/0.1) Chrome/119.0.6045.214 Safari/537.36"
3.224.73.194 - - [31/Mar/2026:19:06:13 +0000] "GET /new-zealand-online-casino-laws/ HTTP/1.1" 200 151315 "-" "Mozilla/5.0 AppleWebKit/537.36 (KHTML, like Gecko; compatible; Amzn-SearchBot/0.1) Chrome/119.0.6045.214 Safari/537.36"
41.254.107.158 - - [31/Mar/2026:19:06:12 +0000] "GET /feed/ HTTP/1.1" 200 47908 "-" "Mozilla/5.0 (Macintosh; PPC Mac OS X 10_12_0) AppleWebKit/532.2 (KHTML, like Gecko) Chrome/32.0.810.0 Safari/532.2"
98.91.160.54 - - [31/Mar/2026:19:06:23 +0000] "GET /?p=2941 HTTP/1.1" 301 - "-" "Mozilla/5.0 AppleWebKit/537.36 (KHTML, like Gecko; compatible; Amzn-SearchBot/0.1) Chrome/119.0.6045.214 Safari/537.36"
34.239.253.240 - - [31/Mar/2026:19:06:25 +0000] "GET /old-slot-machines-australia/ HTTP/1.1" 200 149813 "-" "Mozilla/5.0 AppleWebKit/537.36 (KHTML, like Gecko; compatible; Amzn-SearchBot/0.1) Chrome/119.0.6045.214 Safari/537.36"
98.89.191.68 - - [31/Mar/2026:19:06:33 +0000] "GET /?p=1402 HTTP/1.1" 301 - "-" "Mozilla/5.0 AppleWebKit/537.36 (KHTML, like Gecko; compatible; Amzn-SearchBot/0.1) Chrome/119.0.6045.214 Safari/537.36"
34.198.223.196 - - [31/Mar/2026:19:06:34 +0000] "GET /casino-in-nothwoods-au/ HTTP/1.1" 200 150088 "-" "Mozilla/5.0 AppleWebKit/537.36 (KHTML, like Gecko; compatible; Amzn-SearchBot/0.1) Chrome/119.0.6045.214 Safari/537.36"
3.217.34.58 - - [31/Mar/2026:19:06:43 +0000] "GET /?p=2902 HTTP/1.1" 301 - "-" "Mozilla/5.0 AppleWebKit/537.36 (KHTML, like Gecko; compatible; Amzn-SearchBot/0.1) Chrome/119.0.6045.214 Safari/537.36"
34.203.29.230 - - [31/Mar/2026:19:06:44 +0000] "GET /closest-casino-with-slot-machines-in-new-zealand/ HTTP/1.1" 200 151535 "-" "Mozilla/5.0 AppleWebKit/537.36 (KHTML, like Gecko; compatible; Amzn-SearchBot/0.1) Chrome/119.0.6045.214 Safari/537.36"
45.79.238.235 - - [31/Mar/2026:19:06:53 +0000] "POST /wp-cron.php?doing_wp_cron=1774984013.7083818912506103515625 HTTP/1.1" 200 - "-" "WordPress/6.8.5; https://chargedev.co.nz"
98.95.56.98 - - [31/Mar/2026:19:06:53 +0000] "GET /?p=2498 HTTP/1.1" 301 - "-" "Mozilla/5.0 AppleWebKit/537.36 (KHTML, like Gecko; compatible; Amzn-SearchBot/0.1) Chrome/119.0.6045.214 Safari/537.36"
98.88.114.29 - - [31/Mar/2026:19:06:54 +0000] "GET /big-wins-on-au-slots/ HTTP/1.1" 200 150099 "-" "Mozilla/5.0 AppleWebKit/537.36 (KHTML, like Gecko; compatible; Amzn-SearchBot/0.1) Chrome/119.0.6045.214 Safari/537.36"
98.94.174.228 - - [31/Mar/2026:19:07:03 +0000] "GET /free-casino-pokies-no-download-no-registration-888/ HTTP/1.1" 200 150943 "-" "Mozilla/5.0 AppleWebKit/537.36 (KHTML, like Gecko; compatible; Amzn-SearchBot/0.1) Chrome/119.0.6045.214 Safari/537.36"
52.187.249.150 - - [31/Mar/2026:19:09:48 +0000] "GET /wp-admin/css/ HTTP/1.1" 200 19369 "-" "Mozilla/5.0 (Windows NT 10.0; Win64; x64) AppleWebKit/537.36 (KHTML, like Gecko) Chrome/120.0.0.0 Safari/537.36"
52.187.249.150 - - [31/Mar/2026:19:09:48 +0000] "GET /wp-includes/widgets/ HTTP/1.1" 200 4621 "-" "Mozilla/5.0 (Windows NT 10.0; Win64; x64) AppleWebKit/537.36 (KHTML, like Gecko) Chrome/120.0.0.0 Safari/537.36"
45.79.238.235 - - [31/Mar/2026:19:09:49 +0000] "POST /wp-cron.php?doing_wp_cron=1774984189.4176380634307861328125 HTTP/1.1" 200 - "-" "WordPress/6.8.5; https://chargedev.co.nz"
52.187.249.150 - - [31/Mar/2026:19:09:48 +0000] "GET /1.php HTTP/1.1" 301 - "-" "Mozilla/5.0 (Windows NT 10.0; Win64; x64) AppleWebKit/537.36 (KHTML, like Gecko) Chrome/120.0.0.0 Safari/537.36"
52.187.249.150 - - [31/Mar/2026:19:09:49 +0000] "GET /403.php HTTP/1.1" 301 - "-" "Mozilla/5.0 (Windows NT 10.0; Win64; x64) AppleWebKit/537.36 (KHTML, like Gecko) Chrome/120.0.0.0 Safari/537.36"
52.187.249.150 - - [31/Mar/2026:19:09:50 +0000] "GET /wp-includes/assets/autoload_classmap.php HTTP/1.1" 403 4170 "-" "Mozilla/5.0 (Windows NT 10.0; Win64; x64) AppleWebKit/537.36 (KHTML, like Gecko) Chrome/120.0.0.0 Safari/537.36"
52.187.249.150 - - [31/Mar/2026:19:09:50 +0000] "GET /wp-includes/rest-api/endpoints/ HTTP/1.1" 200 9337 "-" "Mozilla/5.0 (Windows NT 10.0; Win64; x64) AppleWebKit/537.36 (KHTML, like Gecko) Chrome/120.0.0.0 Safari/537.36"
52.187.249.150 - - [31/Mar/2026:19:09:50 +0000] "GET /xmrlpc.php HTTP/1.1" 301 - "-" "Mozilla/5.0 (Windows NT 10.0; Win64; x64) AppleWebKit/537.36 (KHTML, like Gecko) Chrome/120.0.0.0 Safari/537.36"
45.79.238.235 - - [31/Mar/2026:19:09:51 +0000] "POST /wp-cron.php?doing_wp_cron=1774984191.4429740905761718750000 HTTP/1.1" 200 - "-" "WordPress/6.8.5; https://chargedev.co.nz"
52.187.249.150 - - [31/Mar/2026:19:09:50 +0000] "GET /13.php HTTP/1.1" 301 - "-" "Mozilla/5.0 (Windows NT 10.0; Win64; x64) AppleWebKit/537.36 (KHTML, like Gecko) Chrome/120.0.0.0 Safari/537.36"
52.187.249.150 - - [31/Mar/2026:19:09:51 +0000] "GET /wp-content/themes/about.php HTTP/1.1" 301 - "-" "Mozilla/5.0 (Windows NT 10.0; Win64; x64) AppleWebKit/537.36 (KHTML, like Gecko) Chrome/120.0.0.0 Safari/537.36"
52.187.249.150 - - [31/Mar/2026:19:09:52 +0000] "GET /wp-includes/fonts/about.php HTTP/1.1" 301 - "-" "Mozilla/5.0 (Windows NT 10.0; Win64; x64) AppleWebKit/537.36 (KHTML, like Gecko) Chrome/120.0.0.0 Safari/537.36"
52.187.249.150 - - [31/Mar/2026:19:09:52 +0000] "GET /wp-includes/sodium_compat/src/ HTTP/1.1" 200 2095 "-" "Mozilla/5.0 (Windows NT 10.0; Win64; x64) AppleWebKit/537.36 (KHTML, like Gecko) Chrome/120.0.0.0 Safari/537.36"
52.187.249.150 - - [31/Mar/2026:19:09:52 +0000] "GET /adminfuns.php HTTP/1.1" 301 - "-" "Mozilla/5.0 (Windows NT 10.0; Win64; x64) AppleWebKit/537.36 (KHTML, like Gecko) Chrome/120.0.0.0 Safari/537.36"
52.187.249.150 - - [31/Mar/2026:19:09:53 +0000] "GET /wp-includes/ID3/index.php HTTP/1.1" 301 - "-" "Mozilla/5.0 (Windows NT 10.0; Win64; x64) AppleWebKit/537.36 (KHTML, like Gecko) Chrome/120.0.0.0 Safari/537.36"
52.187.249.150 - - [31/Mar/2026:19:09:54 +0000] "GET /wp-admin/function.php HTTP/1.1" 301 - "-" "Mozilla/5.0 (Windows NT 10.0; Win64; x64) AppleWebKit/537.36 (KHTML, like Gecko) Chrome/120.0.0.0 Safari/537.36"
52.187.249.150 - - [31/Mar/2026:19:09:54 +0000] "GET /wp-includes/Requests/Cookie/ HTTP/1.1" 301 - "-" "Mozilla/5.0 (Windows NT 10.0; Win64; x64) AppleWebKit/537.36 (KHTML, like Gecko) Chrome/120.0.0.0 Safari/537.36"
52.187.249.150 - - [31/Mar/2026:19:09:55 +0000] "GET /wp-cron.php HTTP/1.1" 200 - "-" "Mozilla/5.0 (Windows NT 10.0; Win64; x64) AppleWebKit/537.36 (KHTML, like Gecko) Chrome/120.0.0.0 Safari/537.36"
52.187.249.150 - - [31/Mar/2026:19:09:55 +0000] "GET /go.php HTTP/1.1" 301 - "-" "Mozilla/5.0 (Windows NT 10.0; Win64; x64) AppleWebKit/537.36 (KHTML, like Gecko) Chrome/120.0.0.0 Safari/537.36"
52.187.249.150 - - [31/Mar/2026:19:09:56 +0000] "GET /classsmtps.php HTTP/1.1" 301 - "-" "Mozilla/5.0 (Windows NT 10.0; Win64; x64) AppleWebKit/537.36 (KHTML, like Gecko) Chrome/120.0.0.0 Safari/537.36"
52.187.249.150 - - [31/Mar/2026:19:09:56 +0000] "GET /gebase.php HTTP/1.1" 301 - "-" "Mozilla/5.0 (Windows NT 10.0; Win64; x64) AppleWebKit/537.36 (KHTML, like Gecko) Chrome/120.0.0.0 Safari/537.36"
52.187.249.150 - - [31/Mar/2026:19:09:57 +0000] "GET /wp-includes/style-engine/about.php HTTP/1.1" 301 - "-" "Mozilla/5.0 (Windows NT 10.0; Win64; x64) AppleWebKit/537.36 (KHTML, like Gecko) Chrome/120.0.0.0 Safari/537.36"
52.187.249.150 - - [31/Mar/2026:19:09:58 +0000] "GET /wp-includes/sitemaps/autoload_classmap.php HTTP/1.1" 403 4170 "-" "Mozilla/5.0 (Windows NT 10.0; Win64; x64) AppleWebKit/537.36 (KHTML, like Gecko) Chrome/120.0.0.0 Safari/537.36"
52.187.249.150 - - [31/Mar/2026:19:09:58 +0000] "GET /wp-content/uploads/de_fb_uploads/b.php HTTP/1.1" 301 - "-" "Mozilla/5.0 (Windows NT 10.0; Win64; x64) AppleWebKit/537.36 (KHTML, like Gecko) Chrome/120.0.0.0 Safari/537.36"
45.79.238.235 - - [31/Mar/2026:19:09:59 +0000] "POST /wp-cron.php?doing_wp_cron=1774984199.4188039302825927734375 HTTP/1.1" 200 - "-" "WordPress/6.8.5; https://chargedev.co.nz"
52.187.249.150 - - [31/Mar/2026:19:09:58 +0000] "GET /wp-admin/ HTTP/1.1" 302 - "-" "Mozilla/5.0 (Windows NT 10.0; Win64; x64) AppleWebKit/537.36 (KHTML, like Gecko) Chrome/120.0.0.0 Safari/537.36"
52.187.249.150 - - [31/Mar/2026:19:09:59 +0000] "GET /as.php HTTP/1.1" 301 - "-" "Mozilla/5.0 (Windows NT 10.0; Win64; x64) AppleWebKit/537.36 (KHTML, like Gecko) Chrome/120.0.0.0 Safari/537.36"
52.187.249.150 - - [31/Mar/2026:19:10:00 +0000] "GET /wp-includes/IXR/ HTTP/1.1" 200 2538 "-" "Mozilla/5.0 (Windows NT 10.0; Win64; x64) AppleWebKit/537.36 (KHTML, like Gecko) Chrome/120.0.0.0 Safari/537.36"
52.187.249.150 - - [31/Mar/2026:19:10:00 +0000] "GET /wp-content/nz.php HTTP/1.1" 301 - "-" "Mozilla/5.0 (Windows NT 10.0; Win64; x64) AppleWebKit/537.36 (KHTML, like Gecko) Chrome/120.0.0.0 Safari/537.36"
52.187.249.150 - - [31/Mar/2026:19:10:00 +0000] "GET /wp-includes/output.php HTTP/1.1" 301 - "-" "Mozilla/5.0 (Windows NT 10.0; Win64; x64) AppleWebKit/537.36 (KHTML, like Gecko) Chrome/120.0.0.0 Safari/537.36"
52.187.249.150 - - [31/Mar/2026:19:10:01 +0000] "GET /wp-content/mu-plugins-old/ HTTP/1.1" 301 - "-" "Mozilla/5.0 (Windows NT 10.0; Win64; x64) AppleWebKit/537.36 (KHTML, like Gecko) Chrome/120.0.0.0 Safari/537.36"
52.187.249.150 - - [31/Mar/2026:19:10:02 +0000] "GET /wp-content/plugins/WordPressCore/cong.php HTTP/1.1" 403 4170 "-" "Mozilla/5.0 (Windows NT 10.0; Win64; x64) AppleWebKit/537.36 (KHTML, like Gecko) Chrome/120.0.0.0 Safari/537.36"
52.187.249.150 - - [31/Mar/2026:19:10:02 +0000] "GET /wp-content/admin.php HTTP/1.1" 301 - "-" "Mozilla/5.0 (Windows NT 10.0; Win64; x64) AppleWebKit/537.36 (KHTML, like Gecko) Chrome/120.0.0.0 Safari/537.36"
52.187.249.150 - - [31/Mar/2026:19:10:02 +0000] "GET /wp-includes/assets/ HTTP/1.1" 200 2280 "-" "Mozilla/5.0 (Windows NT 10.0; Win64; x64) AppleWebKit/537.36 (KHTML, like Gecko) Chrome/120.0.0.0 Safari/537.36"
52.187.249.150 - - [31/Mar/2026:19:10:02 +0000] "GET /wp-admin/maint/index.php HTTP/1.1" 301 - "-" "Mozilla/5.0 (Windows NT 10.0; Win64; x64) AppleWebKit/537.36 (KHTML, like Gecko) Chrome/120.0.0.0 Safari/537.36"
52.187.249.150 - - [31/Mar/2026:19:10:03 +0000] "GET /cache.php HTTP/1.1" 301 - "-" "Mozilla/5.0 (Windows NT 10.0; Win64; x64) AppleWebKit/537.36 (KHTML, like Gecko) Chrome/120.0.0.0 Safari/537.36"
52.187.249.150 - - [31/Mar/2026:19:10:04 +0000] "GET /past.php HTTP/1.1" 301 - "-" "Mozilla/5.0 (Windows NT 10.0; Win64; x64) AppleWebKit/537.36 (KHTML, like Gecko) Chrome/120.0.0.0 Safari/537.36"
52.187.249.150 - - [31/Mar/2026:19:10:04 +0000] "GET /f35.php HTTP/1.1" 301 - "-" "Mozilla/5.0 (Windows NT 10.0; Win64; x64) AppleWebKit/537.36 (KHTML, like Gecko) Chrome/120.0.0.0 Safari/537.36"
52.187.249.150 - - [31/Mar/2026:19:10:05 +0000] "GET /autoload_classmap/function.php HTTP/1.1" 301 - "-" "Mozilla/5.0 (Windows NT 10.0; Win64; x64) AppleWebKit/537.36 (KHTML, like Gecko) Chrome/120.0.0.0 Safari/537.36"
52.187.249.150 - - [31/Mar/2026:19:10:06 +0000] "GET /jp.php HTTP/1.1" 301 - "-" "Mozilla/5.0 (Windows NT 10.0; Win64; x64) AppleWebKit/537.36 (KHTML, like Gecko) Chrome/120.0.0.0 Safari/537.36"
52.187.249.150 - - [31/Mar/2026:19:10:06 +0000] "GET /wp-includes/assets/index.php HTTP/1.1" 301 - "-" "Mozilla/5.0 (Windows NT 10.0; Win64; x64) AppleWebKit/537.36 (KHTML, like Gecko) Chrome/120.0.0.0 Safari/537.36"
52.187.249.150 - - [31/Mar/2026:19:10:07 +0000] "GET /wp-admin/js/index.php HTTP/1.1" 301 - "-" "Mozilla/5.0 (Windows NT 10.0; Win64; x64) AppleWebKit/537.36 (KHTML, like Gecko) Chrome/120.0.0.0 Safari/537.36"
52.187.249.150 - - [31/Mar/2026:19:10:08 +0000] "GET /aa.php HTTP/1.1" 301 - "-" "Mozilla/5.0 (Windows NT 10.0; Win64; x64) AppleWebKit/537.36 (KHTML, like Gecko) Chrome/120.0.0.0 Safari/537.36"
52.167.144.166 - - [31/Mar/2026:19:10:40 +0000] "GET /slot-machines-in-niles-au/ HTTP/1.1" 200 199369 "-" "Mozilla/5.0 AppleWebKit/537.36 (KHTML, like Gecko; compatible; bingbot/2.0; +http://www.bing.com/bingbot.htm) Chrome/116.0.1938.76 Safari/537.36"
66.249.69.35 - - [31/Mar/2026:19:12:15 +0000] "GET /sands-casino-in-bethlem-au/ HTTP/1.1" 200 200282 "-" "Mozilla/5.0 (Linux; Android 6.0.1; Nexus 5X Build/MMB29P) AppleWebKit/537.36 (KHTML, like Gecko) Chrome/146.0.7680.164 Mobile Safari/537.36 (compatible; Googlebot/2.1; +http://www.google.com/bot.html)"
66.249.69.35 - - [31/Mar/2026:19:12:41 +0000] "GET /this-connecticut-casino-is-one-of-the-two-largest-in-new-zealand/ HTTP/1.1" 200 184279 "-" "Mozilla/5.0 (Linux; Android 6.0.1; Nexus 5X Build/MMB29P) AppleWebKit/537.36 (KHTML, like Gecko) Chrome/146.0.7680.164 Mobile Safari/537.36 (compatible; Googlebot/2.1; +http://www.google.com/bot.html)"
66.249.69.35 - - [31/Mar/2026:19:12:41 +0000] "GET /best-online-pokie-site/ HTTP/1.1" 200 203467 "-" "Mozilla/5.0 (Linux; Android 6.0.1; Nexus 5X Build/MMB29P) AppleWebKit/537.36 (KHTML, like Gecko) Chrome/146.0.7680.164 Mobile Safari/537.36 (compatible; Googlebot/2.1; +http://www.google.com/bot.html)"
66.249.69.34 - - [31/Mar/2026:19:12:55 +0000] "GET /free-no-deposit-new-au-pokies/ HTTP/1.1" 200 187565 "-" "Mozilla/5.0 (Linux; Android 6.0.1; Nexus 5X Build/MMB29P) AppleWebKit/537.36 (KHTML, like Gecko) Chrome/146.0.7680.164 Mobile Safari/537.36 (compatible; Googlebot/2.1; +http://www.google.com/bot.html)"
40.77.167.50 - - [31/Mar/2026:19:15:24 +0000] "GET /best-online-casino-site-nz/ HTTP/1.1" 200 200969 "-" "Mozilla/5.0 AppleWebKit/537.36 (KHTML, like Gecko; compatible; bingbot/2.0; +http://www.bing.com/bingbot.htm) Chrome/116.0.1938.76 Safari/537.36"
141.98.11.44 - - [31/Mar/2026:19:16:18 +0000] "GET /wp-includes/sodium_compat/src/Core/SecretStream/State.php HTTP/1.1" 403 4170 "-" "Mozilla/5.0 (Windows NT 10.0; Win64; x64) AppleWebKit/537.36"
52.167.144.166 - - [31/Mar/2026:19:16:50 +0000] "GET /slot-machines-in-niles-au/ HTTP/1.1" 200 199369 "-" "Mozilla/5.0 AppleWebKit/537.36 (KHTML, like Gecko; compatible; bingbot/2.0; +http://www.bing.com/bingbot.htm) Chrome/116.0.1938.76 Safari/537.36"
45.79.238.235 - - [31/Mar/2026:19:18:37 +0000] "POST /wp-cron.php?doing_wp_cron=1774984717.7042179107666015625000 HTTP/1.1" 200 - "-" "WordPress/6.8.5; https://chargedev.co.nz"
45.79.238.235 - - [31/Mar/2026:19:18:37 +0000] "POST /wp-cron.php?doing_wp_cron=1774984717.8790450096130371093750 HTTP/1.1" 200 - "-" "WordPress/6.8.5; https://chargedev.co.nz"
45.79.238.235 - - [31/Mar/2026:19:18:37 +0000] "POST /wp-cron.php?doing_wp_cron=1774984717.9269471168518066406250 HTTP/1.1" 200 - "-" "WordPress/6.8.5; https://chargedev.co.nz"
185.136.148.67 - - [31/Mar/2026:19:18:36 +0000] "GET / HTTP/1.1" 200 201245 "-" "Opera/9.25.(Windows NT 5.0; pap-CW) Presto/2.9.185 Version/12.00"
45.79.238.235 - - [31/Mar/2026:19:19:04 +0000] "POST /wp-cron.php?doing_wp_cron=1774984744.2923650741577148437500 HTTP/1.1" 200 - "-" "WordPress/6.8.5; https://chargedev.co.nz"
45.113.8.89 - - [31/Mar/2026:19:19:03 +0000] "GET / HTTP/1.1" 200 201245 "https://chargedev.co.nz/" "WordPress/6.0.11; https://chargedev.co.nz"
66.249.69.36 - - [31/Mar/2026:19:21:38 +0000] "GET /?p=8257 HTTP/1.1" 200 185162 "-" "Mozilla/5.0 (Linux; Android 6.0.1; Nexus 5X Build/MMB29P) AppleWebKit/537.36 (KHTML, like Gecko) Chrome/146.0.7680.164 Mobile Safari/537.36 (compatible; Googlebot/2.1; +http://www.google.com/bot.html)"
45.79.238.235 - - [31/Mar/2026:19:22:21 +0000] "POST /wp-cron.php?doing_wp_cron=1774984941.1642310619354248046875 HTTP/1.1" 200 - "-" "WordPress/6.8.5; https://chargedev.co.nz"
154.209.193.240 - - [31/Mar/2026:19:22:20 +0000] "GET /wp-admin/plugins.php HTTP/1.1" 200 222062 "https://chargedev.co.nz/wp-admin/admin.php?page=wp-php-console" "Mozilla/5.0 (Windows NT 10.0; Win64; x64) AppleWebKit/537.36 (KHTML, like Gecko) Chrome/144.0.0.0 Safari/537.36"
154.209.193.240 - - [31/Mar/2026:19:22:25 +0000] "GET /wp-content/plugins/astra-addon/admin/bsf-core/assets/css/style.css?ver=1.27.15 HTTP/1.1" 200 25306 "https://chargedev.co.nz/wp-admin/plugins.php" "Mozilla/5.0 (Windows NT 10.0; Win64; x64) AppleWebKit/537.36 (KHTML, like Gecko) Chrome/144.0.0.0 Safari/537.36"
154.209.193.240 - - [31/Mar/2026:19:22:25 +0000] "GET /wp-admin/load-styles.php?c=0&dir=ltr&load%5Bchunk_0%5D=dashicons,admin-bar,common,forms,admin-menu,dashboard,list-tables,edit,revisions,media,themes,about,nav-menus,wp-pointer,widgets&load%5Bchunk_1%5D=,site-icon,l10n,buttons,wp-auth-check,media-views&ver=6.8.5 HTTP/1.1" 200 448689 "https://chargedev.co.nz/wp-admin/plugins.php" "Mozilla/5.0 (Windows NT 10.0; Win64; x64) AppleWebKit/537.36 (KHTML, like Gecko) Chrome/144.0.0.0 Safari/537.36"
154.209.193.240 - - [31/Mar/2026:19:22:25 +0000] "GET /wp-content/plugins/astra-addon/admin/bsf-core/assets/css/switch.css?ver=1.27.15 HTTP/1.1" 200 3964 "https://chargedev.co.nz/wp-admin/plugins.php" "Mozilla/5.0 (Windows NT 10.0; Win64; x64) AppleWebKit/537.36 (KHTML, like Gecko) Chrome/144.0.0.0 Safari/537.36"
154.209.193.240 - - [31/Mar/2026:19:22:26 +0000] "GET /wp-content/plugins/astra-addon/admin/bsf-core/assets/css/license-form-popup.css?ver=1.27.15 HTTP/1.1" 200 3000 "https://chargedev.co.nz/wp-admin/plugins.php" "Mozilla/5.0 (Windows NT 10.0; Win64; x64) AppleWebKit/537.36 (KHTML, like Gecko) Chrome/144.0.0.0 Safari/537.36"
154.209.193.240 - - [31/Mar/2026:19:22:26 +0000] "GET /wp-admin/load-scripts.php?c=0&load%5Bchunk_0%5D=jquery-core,jquery-migrate,utils,wp-polyfill,moxiejs,plupload&ver=6.8.5 HTTP/1.1" 200 247246 "https://chargedev.co.nz/wp-admin/plugins.php" "Mozilla/5.0 (Windows NT 10.0; Win64; x64) AppleWebKit/537.36 (KHTML, like Gecko) Chrome/144.0.0.0 Safari/537.36"
154.209.193.240 - - [31/Mar/2026:19:22:26 +0000] "GET /wp-admin/load-scripts.php?c=0&load%5Bchunk_0%5D=hoverIntent,wp-dom-ready,wp-hooks&ver=6.8.5 HTTP/1.1" 200 6735 "https://chargedev.co.nz/wp-admin/plugins.php" "Mozilla/5.0 (Windows NT 10.0; Win64; x64) AppleWebKit/537.36 (KHTML, like Gecko) Chrome/144.0.0.0 Safari/537.36"
154.209.193.240 - - [31/Mar/2026:19:22:27 +0000] "GET /wp-content/plugins/astra-addon/admin/bsf-core/assets/js/switch.js?ver=1.27.15 HTTP/1.1" 200 570 "https://chargedev.co.nz/wp-admin/plugins.php" "Mozilla/5.0 (Windows NT 10.0; Win64; x64) AppleWebKit/537.36 (KHTML, like Gecko) Chrome/144.0.0.0 Safari/537.36"
154.209.193.240 - - [31/Mar/2026:19:22:27 +0000] "GET /wp-content/plugins/astra-addon/admin/bsf-core/assets/js/bsf-core.js?ver=1.27.15 HTTP/1.1" 200 1146 "https://chargedev.co.nz/wp-admin/plugins.php" "Mozilla/5.0 (Windows NT 10.0; Win64; x64) AppleWebKit/537.36 (KHTML, like Gecko) Chrome/144.0.0.0 Safari/537.36"
154.209.193.240 - - [31/Mar/2026:19:22:29 +0000] "GET /wp-content/plugins/astra-addon/admin/bsf-core/assets/js/jquery-history.js?ver=1.27.15 HTTP/1.1" 200 15523 "https://chargedev.co.nz/wp-admin/plugins.php" "Mozilla/5.0 (Windows NT 10.0; Win64; x64) AppleWebKit/537.36 (KHTML, like Gecko) Chrome/144.0.0.0 Safari/537.36"
154.209.193.240 - - [31/Mar/2026:19:22:29 +0000] "GET /wp-content/plugins/astra-addon/admin/bsf-core/assets/js/license-form-popup.js?ver=1.27.15 HTTP/1.1" 200 4216 "https://chargedev.co.nz/wp-admin/plugins.php" "Mozilla/5.0 (Windows NT 10.0; Win64; x64) AppleWebKit/537.36 (KHTML, like Gecko) Chrome/144.0.0.0 Safari/537.36"
