154.209.193.240 - - [31/Mar/2026:19:37:30 +0000] "GET /wp-includes/css/dashicons.min.css?ver=6.9.4 HTTP/1.1" 200 59004 "https://chargedev.co.nz/2026/04/01/divaspin-casino-honest-review-au/" "Mozilla/5.0 (Windows NT 10.0; Win64; x64) AppleWebKit/537.36 (KHTML, like Gecko) Chrome/144.0.0.0 Safari/537.36"
154.209.193.240 - - [31/Mar/2026:19:37:30 +0000] "GET /wp-includes/css/admin-bar.min.css?ver=6.9.4 HTTP/1.1" 200 20365 "https://chargedev.co.nz/2026/04/01/divaspin-casino-honest-review-au/" "Mozilla/5.0 (Windows NT 10.0; Win64; x64) AppleWebKit/537.36 (KHTML, like Gecko) Chrome/144.0.0.0 Safari/537.36"
154.209.193.240 - - [31/Mar/2026:19:37:30 +0000] "GET /wp-content/themes/astra/assets/css/minified/menu-animation.min.css?ver=3.8.5 HTTP/1.1" 200 3412 "https://chargedev.co.nz/2026/04/01/divaspin-casino-honest-review-au/" "Mozilla/5.0 (Windows NT 10.0; Win64; x64) AppleWebKit/537.36 (KHTML, like Gecko) Chrome/144.0.0.0 Safari/537.36"
154.209.193.240 - - [31/Mar/2026:19:37:30 +0000] "GET /wp-content/plugins/all-in-one-seo-pack/dist/Lite/assets/css/GoogleSearchPreview.d92e1b45.css?ver=4.9.5.1 HTTP/1.1" 200 5893 "https://chargedev.co.nz/2026/04/01/divaspin-casino-honest-review-au/" "Mozilla/5.0 (Windows NT 10.0; Win64; x64) AppleWebKit/537.36 (KHTML, like Gecko) Chrome/144.0.0.0 Safari/537.36"
154.209.193.240 - - [31/Mar/2026:19:37:30 +0000] "GET /wp-content/plugins/all-in-one-seo-pack/dist/Lite/assets/css/admin-bar.6dafa82a.css?ver=4.9.5.1 HTTP/1.1" 200 9074 "https://chargedev.co.nz/2026/04/01/divaspin-casino-honest-review-au/" "Mozilla/5.0 (Windows NT 10.0; Win64; x64) AppleWebKit/537.36 (KHTML, like Gecko) Chrome/144.0.0.0 Safari/537.36"
154.209.193.240 - - [31/Mar/2026:19:37:30 +0000] "GET /wp-content/plugins/all-in-one-seo-pack/dist/Lite/assets/css/TwitterPreview.171ce642.css?ver=4.9.5.1 HTTP/1.1" 200 4846 "https://chargedev.co.nz/2026/04/01/divaspin-casino-honest-review-au/" "Mozilla/5.0 (Windows NT 10.0; Win64; x64) AppleWebKit/537.36 (KHTML, like Gecko) Chrome/144.0.0.0 Safari/537.36"
154.209.193.240 - - [31/Mar/2026:19:37:30 +0000] "GET /wp-content/plugins/all-in-one-seo-pack/dist/Lite/assets/css/Tabs.388067a4.css?ver=4.9.5.1 HTTP/1.1" 200 8043 "https://chargedev.co.nz/2026/04/01/divaspin-casino-honest-review-au/" "Mozilla/5.0 (Windows NT 10.0; Win64; x64) AppleWebKit/537.36 (KHTML, like Gecko) Chrome/144.0.0.0 Safari/537.36"
154.209.193.240 - - [31/Mar/2026:19:37:30 +0000] "GET /wp-content/plugins/all-in-one-seo-pack/dist/Lite/assets/css/Index.e8525456.css?ver=4.9.5.1 HTTP/1.1" 200 4737 "https://chargedev.co.nz/2026/04/01/divaspin-casino-honest-review-au/" "Mozilla/5.0 (Windows NT 10.0; Win64; x64) AppleWebKit/537.36 (KHTML, like Gecko) Chrome/144.0.0.0 Safari/537.36"
154.209.193.240 - - [31/Mar/2026:19:37:30 +0000] "GET /wp-content/plugins/all-in-one-seo-pack/dist/Lite/assets/css/FacebookPreview.5eceea33.css?ver=4.9.5.1 HTTP/1.1" 200 4066 "https://chargedev.co.nz/2026/04/01/divaspin-casino-honest-review-au/" "Mozilla/5.0 (Windows NT 10.0; Win64; x64) AppleWebKit/537.36 (KHTML, like Gecko) Chrome/144.0.0.0 Safari/537.36"
154.209.193.240 - - [31/Mar/2026:19:37:30 +0000] "GET /wp-content/plugins/all-in-one-seo-pack/dist/Lite/assets/seo-preview.8f853864.js?ver=4.9.5.1 HTTP/1.1" 200 21791 "https://chargedev.co.nz/2026/04/01/divaspin-casino-honest-review-au/" "Mozilla/5.0 (Windows NT 10.0; Win64; x64) AppleWebKit/537.36 (KHTML, like Gecko) Chrome/144.0.0.0 Safari/537.36"
154.209.193.240 - - [31/Mar/2026:19:37:30 +0000] "GET /wp-content/plugins/all-in-one-seo-pack/dist/Lite/assets/css/ProBadge.6500bcec.css?ver=4.9.5.1 HTTP/1.1" 200 183 "https://chargedev.co.nz/2026/04/01/divaspin-casino-honest-review-au/" "Mozilla/5.0 (Windows NT 10.0; Win64; x64) AppleWebKit/537.36 (KHTML, like Gecko) Chrome/144.0.0.0 Safari/537.36"
154.209.193.240 - - [31/Mar/2026:19:37:30 +0000] "GET /wp-content/plugins/all-in-one-seo-pack/dist/Lite/assets/css/seo-preview.900b96de.css?ver=4.9.5.1 HTTP/1.1" 200 16468 "https://chargedev.co.nz/2026/04/01/divaspin-casino-honest-review-au/" "Mozilla/5.0 (Windows NT 10.0; Win64; x64) AppleWebKit/537.36 (KHTML, like Gecko) Chrome/144.0.0.0 Safari/537.36"
154.209.193.240 - - [31/Mar/2026:19:37:31 +0000] "GET /wp-content/plugins/all-in-one-seo-pack/dist/Lite/assets/js/Profile.7e558019.js HTTP/1.1" 200 18855 "https://chargedev.co.nz/wp-content/plugins/all-in-one-seo-pack/dist/Lite/assets/seo-preview.8f853864.js?ver=4.9.5.1" "Mozilla/5.0 (Windows NT 10.0; Win64; x64) AppleWebKit/537.36 (KHTML, like Gecko) Chrome/144.0.0.0 Safari/537.36"
154.209.193.240 - - [31/Mar/2026:19:37:31 +0000] "GET /wp-content/plugins/all-in-one-seo-pack/dist/Lite/assets/js/Mobile.5775b6c3.js HTTP/1.1" 200 1400 "https://chargedev.co.nz/wp-content/plugins/all-in-one-seo-pack/dist/Lite/assets/seo-preview.8f853864.js?ver=4.9.5.1" "Mozilla/5.0 (Windows NT 10.0; Win64; x64) AppleWebKit/537.36 (KHTML, like Gecko) Chrome/144.0.0.0 Safari/537.36"
154.209.193.240 - - [31/Mar/2026:19:37:31 +0000] "GET /wp-content/plugins/all-in-one-seo-pack/dist/Lite/assets/js/Settings.a6fe5e74.js HTTP/1.1" 200 3269 "https://chargedev.co.nz/wp-content/plugins/all-in-one-seo-pack/dist/Lite/assets/seo-preview.8f853864.js?ver=4.9.5.1" "Mozilla/5.0 (Windows NT 10.0; Win64; x64) AppleWebKit/537.36 (KHTML, like Gecko) Chrome/144.0.0.0 Safari/537.36"
154.209.193.240 - - [31/Mar/2026:19:37:31 +0000] "GET /wp-content/plugins/all-in-one-seo-pack/dist/Lite/assets/js/Google.9202283e.js HTTP/1.1" 200 2493 "https://chargedev.co.nz/wp-content/plugins/all-in-one-seo-pack/dist/Lite/assets/seo-preview.8f853864.js?ver=4.9.5.1" "Mozilla/5.0 (Windows NT 10.0; Win64; x64) AppleWebKit/537.36 (KHTML, like Gecko) Chrome/144.0.0.0 Safari/537.36"
154.209.193.240 - - [31/Mar/2026:19:37:31 +0000] "GET /wp-content/plugins/all-in-one-seo-pack/dist/Lite/assets/js/FacebookPreview.228c8d04.js HTTP/1.1" 200 1987 "https://chargedev.co.nz/wp-content/plugins/all-in-one-seo-pack/dist/Lite/assets/seo-preview.8f853864.js?ver=4.9.5.1" "Mozilla/5.0 (Windows NT 10.0; Win64; x64) AppleWebKit/537.36 (KHTML, like Gecko) Chrome/144.0.0.0 Safari/537.36"
154.209.193.240 - - [31/Mar/2026:19:37:31 +0000] "GET /wp-content/plugins/all-in-one-seo-pack/dist/Lite/assets/js/Tabs.8e508d9e.js HTTP/1.1" 200 6782 "https://chargedev.co.nz/wp-content/plugins/all-in-one-seo-pack/dist/Lite/assets/seo-preview.8f853864.js?ver=4.9.5.1" "Mozilla/5.0 (Windows NT 10.0; Win64; x64) AppleWebKit/537.36 (KHTML, like Gecko) Chrome/144.0.0.0 Safari/537.36"
154.209.193.240 - - [31/Mar/2026:19:37:31 +0000] "GET /wp-content/plugins/all-in-one-seo-pack/dist/Lite/assets/js/TwitterPreview.9bc35db8.js HTTP/1.1" 200 2237 "https://chargedev.co.nz/wp-content/plugins/all-in-one-seo-pack/dist/Lite/assets/seo-preview.8f853864.js?ver=4.9.5.1" "Mozilla/5.0 (Windows NT 10.0; Win64; x64) AppleWebKit/537.36 (KHTML, like Gecko) Chrome/144.0.0.0 Safari/537.36"
154.209.193.240 - - [31/Mar/2026:19:37:31 +0000] "GET /wp-content/plugins/all-in-one-seo-pack/dist/Lite/assets/js/Information.994a9b26.js HTTP/1.1" 200 648 "https://chargedev.co.nz/wp-content/plugins/all-in-one-seo-pack/dist/Lite/assets/seo-preview.8f853864.js?ver=4.9.5.1" "Mozilla/5.0 (Windows NT 10.0; Win64; x64) AppleWebKit/537.36 (KHTML, like Gecko) Chrome/144.0.0.0 Safari/537.36"
154.209.193.240 - - [31/Mar/2026:19:37:31 +0000] "GET /wp-content/plugins/all-in-one-seo-pack/dist/Lite/assets/js/TruSeoScore.8cda3e8e.js HTTP/1.1" 200 606 "https://chargedev.co.nz/wp-content/plugins/all-in-one-seo-pack/dist/Lite/assets/seo-preview.8f853864.js?ver=4.9.5.1" "Mozilla/5.0 (Windows NT 10.0; Win64; x64) AppleWebKit/537.36 (KHTML, like Gecko) Chrome/144.0.0.0 Safari/537.36"
154.209.193.240 - - [31/Mar/2026:19:37:31 +0000] "GET /wp-content/plugins/all-in-one-seo-pack/dist/Lite/assets/js/Book.764f61e7.js HTTP/1.1" 200 2314 "https://chargedev.co.nz/wp-content/plugins/all-in-one-seo-pack/dist/Lite/assets/seo-preview.8f853864.js?ver=4.9.5.1" "Mozilla/5.0 (Windows NT 10.0; Win64; x64) AppleWebKit/537.36 (KHTML, like Gecko) Chrome/144.0.0.0 Safari/537.36"
154.209.193.240 - - [31/Mar/2026:19:37:31 +0000] "GET /wp-content/plugins/all-in-one-seo-pack/dist/Lite/assets/js/Slide.59825bf3.js HTTP/1.1" 200 1632 "https://chargedev.co.nz/wp-content/plugins/all-in-one-seo-pack/dist/Lite/assets/seo-preview.8f853864.js?ver=4.9.5.1" "Mozilla/5.0 (Windows NT 10.0; Win64; x64) AppleWebKit/537.36 (KHTML, like Gecko) Chrome/144.0.0.0 Safari/537.36"
154.209.193.240 - - [31/Mar/2026:19:37:31 +0000] "GET /wp-content/plugins/all-in-one-seo-pack/dist/Lite/assets/css/seo-preview.900b96de.css HTTP/1.1" 200 16468 "https://chargedev.co.nz/2026/04/01/divaspin-casino-honest-review-au/" "Mozilla/5.0 (Windows NT 10.0; Win64; x64) AppleWebKit/537.36 (KHTML, like Gecko) Chrome/144.0.0.0 Safari/537.36"
154.209.193.240 - - [31/Mar/2026:19:37:31 +0000] "GET /wp-content/plugins/all-in-one-seo-pack/dist/Lite/assets/css/Tabs.388067a4.css HTTP/1.1" 200 8043 "https://chargedev.co.nz/2026/04/01/divaspin-casino-honest-review-au/" "Mozilla/5.0 (Windows NT 10.0; Win64; x64) AppleWebKit/537.36 (KHTML, like Gecko) Chrome/144.0.0.0 Safari/537.36"
154.209.193.240 - - [31/Mar/2026:19:37:31 +0000] "GET /wp-content/plugins/all-in-one-seo-pack/dist/Lite/assets/css/FacebookPreview.5eceea33.css HTTP/1.1" 200 4066 "https://chargedev.co.nz/2026/04/01/divaspin-casino-honest-review-au/" "Mozilla/5.0 (Windows NT 10.0; Win64; x64) AppleWebKit/537.36 (KHTML, like Gecko) Chrome/144.0.0.0 Safari/537.36"
154.209.193.240 - - [31/Mar/2026:19:37:31 +0000] "GET /wp-content/plugins/all-in-one-seo-pack/dist/Lite/assets/css/TwitterPreview.171ce642.css HTTP/1.1" 200 4846 "https://chargedev.co.nz/2026/04/01/divaspin-casino-honest-review-au/" "Mozilla/5.0 (Windows NT 10.0; Win64; x64) AppleWebKit/537.36 (KHTML, like Gecko) Chrome/144.0.0.0 Safari/537.36"
45.79.238.235 - - [31/Mar/2026:19:37:47 +0000] "POST /wp-cron.php?doing_wp_cron=1774985867.7290489673614501953125 HTTP/1.1" 200 - "-" "WordPress/6.9.4; https://chargedev.co.nz"
154.209.193.240 - - [31/Mar/2026:19:37:45 +0000] "GET /wp-admin/plugin-install.php HTTP/1.1" 200 187471 "https://chargedev.co.nz/wp-admin/options-permalink.php" "Mozilla/5.0 (Windows NT 10.0; Win64; x64) AppleWebKit/537.36 (KHTML, like Gecko) Chrome/144.0.0.0 Safari/537.36"
154.209.193.240 - - [31/Mar/2026:19:38:04 +0000] "POST /wp-admin/admin-ajax.php HTTP/1.1" 200 108327 "https://chargedev.co.nz/wp-admin/plugin-install.php?s=wp%2520code&tab=search&type=term" "Mozilla/5.0 (Windows NT 10.0; Win64; x64) AppleWebKit/537.36 (KHTML, like Gecko) Chrome/144.0.0.0 Safari/537.36"
45.79.238.235 - - [31/Mar/2026:19:38:09 +0000] "POST /wp-admin/admin-ajax.php?action=as_async_request_queue_runner&nonce=7ab8605838 HTTP/1.1" 200 - "-" "WordPress/6.9.4; https://chargedev.co.nz"
154.209.193.240 - - [31/Mar/2026:19:38:15 +0000] "POST /wp-admin/admin-ajax.php HTTP/1.1" 200 336 "https://chargedev.co.nz/wp-admin/plugin-install.php?s=wp%2520code&tab=search&type=term" "Mozilla/5.0 (Windows NT 10.0; Win64; x64) AppleWebKit/537.36 (KHTML, like Gecko) Chrome/144.0.0.0 Safari/537.36"
154.209.193.240 - - [31/Mar/2026:19:38:32 +0000] "POST /wp-admin/admin-ajax.php HTTP/1.1" 200 329 "https://chargedev.co.nz/wp-admin/plugin-install.php?s=wp%2520code&tab=search&type=term" "Mozilla/5.0 (Windows NT 10.0; Win64; x64) AppleWebKit/537.36 (KHTML, like Gecko) Chrome/144.0.0.0 Safari/537.36"
154.209.193.240 - - [31/Mar/2026:19:38:35 +0000] "GET /wp-admin/plugins.php?_wpnonce=5ae4eb803b&action=activate&plugin=insert-headers-and-footers/ihaf.php HTTP/1.1" 302 - "https://chargedev.co.nz/wp-admin/plugin-install.php?s=wp%2520code&tab=search&type=term" "Mozilla/5.0 (Windows NT 10.0; Win64; x64) AppleWebKit/537.36 (KHTML, like Gecko) Chrome/144.0.0.0 Safari/537.36"
154.209.193.240 - - [31/Mar/2026:19:38:38 +0000] "GET /wp-admin/plugins.php?activate=true&plugin_status=all&paged=1&s= HTTP/1.1" 200 193064 "https://chargedev.co.nz/wp-admin/plugin-install.php?s=wp%2520code&tab=search&type=term" "Mozilla/5.0 (Windows NT 10.0; Win64; x64) AppleWebKit/537.36 (KHTML, like Gecko) Chrome/144.0.0.0 Safari/537.36"
154.209.193.240 - - [31/Mar/2026:19:38:39 +0000] "GET /wp-content/plugins/insert-headers-and-footers/build/admin-bar.css?ver=c95624a69c80301272a0 HTTP/1.1" 200 1946 "https://chargedev.co.nz/wp-admin/plugins.php?activate=true&plugin_status=all&paged=1&s=" "Mozilla/5.0 (Windows NT 10.0; Win64; x64) AppleWebKit/537.36 (KHTML, like Gecko) Chrome/144.0.0.0 Safari/537.36"
154.209.193.240 - - [31/Mar/2026:19:38:39 +0000] "GET /wp-content/plugins/insert-headers-and-footers/build/admin-bar.js?ver=c95624a69c80301272a0 HTTP/1.1" 200 1301 "https://chargedev.co.nz/wp-admin/plugins.php?activate=true&plugin_status=all&paged=1&s=" "Mozilla/5.0 (Windows NT 10.0; Win64; x64) AppleWebKit/537.36 (KHTML, like Gecko) Chrome/144.0.0.0 Safari/537.36"
45.79.238.235 - - [31/Mar/2026:19:39:05 +0000] "POST /wp-cron.php?doing_wp_cron=1774985945.3294250965118408203125 HTTP/1.1" 200 - "-" "WordPress/6.9.4; https://chargedev.co.nz"
154.209.193.240 - - [31/Mar/2026:19:39:04 +0000] "GET /2026/04/01/divaspin-casino-honest-review-au/ HTTP/1.1" 200 165027 "-" "Mozilla/5.0 (Windows NT 10.0; Win64; x64) AppleWebKit/537.36 (KHTML, like Gecko) Chrome/144.0.0.0 Safari/537.36"
154.209.193.240 - - [31/Mar/2026:19:39:05 +0000] "GET /wp-admin/admin.php?page=wpcode HTTP/1.1" 200 231123 "https://chargedev.co.nz/wp-admin/plugins.php?plugin_status=all&paged=1&s" "Mozilla/5.0 (Windows NT 10.0; Win64; x64) AppleWebKit/537.36 (KHTML, like Gecko) Chrome/144.0.0.0 Safari/537.36"
154.209.193.240 - - [31/Mar/2026:19:39:07 +0000] "GET /wp-content/plugins/insert-headers-and-footers/build/admin.css?ver=aa8a4764901e3316500d HTTP/1.1" 200 175252 "https://chargedev.co.nz/wp-admin/admin.php?page=wpcode" "Mozilla/5.0 (Windows NT 10.0; Win64; x64) AppleWebKit/537.36 (KHTML, like Gecko) Chrome/144.0.0.0 Safari/537.36"
154.209.193.240 - - [31/Mar/2026:19:39:07 +0000] "GET /wp-content/plugins/insert-headers-and-footers/admin/images/spinner.svg HTTP/1.1" 200 444 "https://chargedev.co.nz/wp-admin/admin.php?page=wpcode" "Mozilla/5.0 (Windows NT 10.0; Win64; x64) AppleWebKit/537.36 (KHTML, like Gecko) Chrome/144.0.0.0 Safari/537.36"
154.209.193.240 - - [31/Mar/2026:19:39:07 +0000] "GET /wp-content/plugins/insert-headers-and-footers/build/admin.js?ver=aa8a4764901e3316500d HTTP/1.1" 200 223024 "https://chargedev.co.nz/wp-admin/admin.php?page=wpcode" "Mozilla/5.0 (Windows NT 10.0; Win64; x64) AppleWebKit/537.36 (KHTML, like Gecko) Chrome/144.0.0.0 Safari/537.36"
154.209.193.240 - - [31/Mar/2026:19:39:08 +0000] "GET /wp-content/plugins/insert-headers-and-footers/build/notices.js?ver=2.3.5 HTTP/1.1" 200 617 "https://chargedev.co.nz/wp-admin/admin.php?page=wpcode" "Mozilla/5.0 (Windows NT 10.0; Win64; x64) AppleWebKit/537.36 (KHTML, like Gecko) Chrome/144.0.0.0 Safari/537.36"
45.79.238.235 - - [31/Mar/2026:19:39:09 +0000] "POST /wp-cron.php?doing_wp_cron=1774985949.6212890148162841796875 HTTP/1.1" 200 - "-" "WordPress/6.9.4; https://chargedev.co.nz"
154.209.193.240 - - [31/Mar/2026:19:39:09 +0000] "GET /wp-admin/admin.php?page=wpcode-snippet-manager HTTP/1.1" 200 773378 "https://chargedev.co.nz/wp-admin/admin.php?page=wpcode" "Mozilla/5.0 (Windows NT 10.0; Win64; x64) AppleWebKit/537.36 (KHTML, like Gecko) Chrome/144.0.0.0 Safari/537.36"
154.209.193.240 - - [31/Mar/2026:19:39:10 +0000] "GET /wp-admin/load-styles.php?c=0&dir=ltr&load%5Bchunk_0%5D=code-editor&ver=6.9.4 HTTP/1.1" 200 1436 "https://chargedev.co.nz/wp-admin/admin.php?page=wpcode-snippet-manager" "Mozilla/5.0 (Windows NT 10.0; Win64; x64) AppleWebKit/537.36 (KHTML, like Gecko) Chrome/144.0.0.0 Safari/537.36"
154.209.193.240 - - [31/Mar/2026:19:39:10 +0000] "GET /wp-includes/js/codemirror/codemirror.min.css?ver=5.29.1-alpha-ee20357 HTTP/1.1" 200 15899 "https://chargedev.co.nz/wp-admin/admin.php?page=wpcode-snippet-manager" "Mozilla/5.0 (Windows NT 10.0; Win64; x64) AppleWebKit/537.36 (KHTML, like Gecko) Chrome/144.0.0.0 Safari/537.36"
154.209.193.240 - - [31/Mar/2026:19:39:10 +0000] "GET /wp-admin/js/code-editor.min.js?ver=6.9.4 HTTP/1.1" 200 3083 "https://chargedev.co.nz/wp-admin/admin.php?page=wpcode-snippet-manager" "Mozilla/5.0 (Windows NT 10.0; Win64; x64) AppleWebKit/537.36 (KHTML, like Gecko) Chrome/144.0.0.0 Safari/537.36"
154.209.193.240 - - [31/Mar/2026:19:39:10 +0000] "GET /wp-includes/js/codemirror/codemirror.min.js?ver=5.29.1-alpha-ee20357 HTTP/1.1" 200 585414 "https://chargedev.co.nz/wp-admin/admin.php?page=wpcode-snippet-manager" "Mozilla/5.0 (Windows NT 10.0; Win64; x64) AppleWebKit/537.36 (KHTML, like Gecko) Chrome/144.0.0.0 Safari/537.36"
154.209.193.240 - - [31/Mar/2026:19:39:12 +0000] "GET /wp-admin/admin.php?page=wpcode-snippet-manager&custom=1 HTTP/1.1" 200 489501 "https://chargedev.co.nz/wp-admin/admin.php?page=wpcode-snippet-manager" "Mozilla/5.0 (Windows NT 10.0; Win64; x64) AppleWebKit/537.36 (KHTML, like Gecko) Chrome/144.0.0.0 Safari/537.36"
154.209.193.240 - - [31/Mar/2026:19:39:13 +0000] "GET /wp-includes/js/codemirror/csslint.js?ver=1.0.5 HTTP/1.1" 200 366769 "https://chargedev.co.nz/wp-admin/admin.php?page=wpcode-snippet-manager&custom=1" "Mozilla/5.0 (Windows NT 10.0; Win64; x64) AppleWebKit/537.36 (KHTML, like Gecko) Chrome/144.0.0.0 Safari/537.36"
154.209.193.240 - - [31/Mar/2026:19:39:13 +0000] "GET /wp-includes/js/codemirror/esprima.js?ver=4.0.0 HTTP/1.1" 200 283149 "https://chargedev.co.nz/wp-admin/admin.php?page=wpcode-snippet-manager&custom=1" "Mozilla/5.0 (Windows NT 10.0; Win64; x64) AppleWebKit/537.36 (KHTML, like Gecko) Chrome/144.0.0.0 Safari/537.36"
154.209.193.240 - - [31/Mar/2026:19:39:13 +0000] "GET /wp-admin/load-scripts.php?c=0&load%5Bchunk_0%5D=jquery-core,jquery-migrate,utils,wp-polyfill,wp-codemirror,underscore&ver=6.9.4 HTTP/1.1" 200 740867 "https://chargedev.co.nz/wp-admin/admin.php?page=wpcode-snippet-manager&custom=1" "Mozilla/5.0 (Windows NT 10.0; Win64; x64) AppleWebKit/537.36 (KHTML, like Gecko) Chrome/144.0.0.0 Safari/537.36"
154.209.193.240 - - [31/Mar/2026:19:39:13 +0000] "GET /wp-includes/js/codemirror/htmlhint.js?ver=0.9.14-xwp HTTP/1.1" 200 17735 "https://chargedev.co.nz/wp-admin/admin.php?page=wpcode-snippet-manager&custom=1" "Mozilla/5.0 (Windows NT 10.0; Win64; x64) AppleWebKit/537.36 (KHTML, like Gecko) Chrome/144.0.0.0 Safari/537.36"
154.209.193.240 - - [31/Mar/2026:19:39:13 +0000] "GET /wp-includes/js/codemirror/fakejshint.js?ver=2.9.5 HTTP/1.1" 200 1002 "https://chargedev.co.nz/wp-admin/admin.php?page=wpcode-snippet-manager&custom=1" "Mozilla/5.0 (Windows NT 10.0; Win64; x64) AppleWebKit/537.36 (KHTML, like Gecko) Chrome/144.0.0.0 Safari/537.36"
154.209.193.240 - - [31/Mar/2026:19:39:13 +0000] "GET /wp-admin/js/editor.min.js?ver=6.9.4 HTTP/1.1" 200 13085 "https://chargedev.co.nz/wp-admin/admin.php?page=wpcode-snippet-manager&custom=1" "Mozilla/5.0 (Windows NT 10.0; Win64; x64) AppleWebKit/537.36 (KHTML, like Gecko) Chrome/144.0.0.0 Safari/537.36"
154.209.193.240 - - [31/Mar/2026:19:39:14 +0000] "GET /wp-admin/load-styles.php?c=0&dir=ltr&load%5Bchunk_0%5D=dashicons,admin-bar,common,forms,admin-menu,dashboard,list-tables,edit,revisions,media,themes,about,nav-menus,wp-pointer,widgets&load%5Bchunk_1%5D=,site-icon,l10n,buttons,wp-auth-check,wp-components,wp-commands,code-editor&ver=6.9.4 HTTP/1.1" 200 527340 "https://chargedev.co.nz/wp-admin/admin.php?page=wpcode-snippet-manager&custom=1" "Mozilla/5.0 (Windows NT 10.0; Win64; x64) AppleWebKit/537.36 (KHTML, like Gecko) Chrome/144.0.0.0 Safari/537.36"
154.209.193.240 - - [31/Mar/2026:19:39:14 +0000] "GET /wp-admin/load-styles.php?c=0&dir=ltr&load%5Bchunk_0%5D=media-views&ver=6.9.4 HTTP/1.1" 200 46755 "https://chargedev.co.nz/wp-admin/admin.php?page=wpcode-snippet-manager&custom=1" "Mozilla/5.0 (Windows NT 10.0; Win64; x64) AppleWebKit/537.36 (KHTML, like Gecko) Chrome/144.0.0.0 Safari/537.36"
154.209.193.240 - - [31/Mar/2026:19:39:14 +0000] "GET /wp-includes/js/tinymce/tinymce.min.js?ver=49110-20250317 HTTP/1.1" 200 365570 "https://chargedev.co.nz/wp-admin/admin.php?page=wpcode-snippet-manager&custom=1" "Mozilla/5.0 (Windows NT 10.0; Win64; x64) AppleWebKit/537.36 (KHTML, like Gecko) Chrome/144.0.0.0 Safari/537.36"
154.209.193.240 - - [31/Mar/2026:19:39:14 +0000] "GET /wp-includes/js/tinymce/plugins/compat3x/plugin.min.js?ver=49110-20250317 HTTP/1.1" 200 4129 "https://chargedev.co.nz/wp-admin/admin.php?page=wpcode-snippet-manager&custom=1" "Mozilla/5.0 (Windows NT 10.0; Win64; x64) AppleWebKit/537.36 (KHTML, like Gecko) Chrome/144.0.0.0 Safari/537.36"
154.209.193.240 - - [31/Mar/2026:19:39:15 +0000] "GET /wp-content/plugins/insert-headers-and-footers/admin/images/default-user-icon.png HTTP/1.1" 200 2940 "https://chargedev.co.nz/wp-admin/admin.php?page=wpcode-snippet-manager&custom=1" "Mozilla/5.0 (Windows NT 10.0; Win64; x64) AppleWebKit/537.36 (KHTML, like Gecko) Chrome/144.0.0.0 Safari/537.36"
154.209.193.240 - - [31/Mar/2026:19:39:15 +0000] "GET /wp-includes/js/wp-embed.min.js?ver=6.9.4 HTTP/1.1" 200 1251 "https://chargedev.co.nz/wp-admin/admin.php?page=wpcode-snippet-manager&custom=1" "Mozilla/5.0 (Windows NT 10.0; Win64; x64) AppleWebKit/537.36 (KHTML, like Gecko) Chrome/144.0.0.0 Safari/537.36"
154.209.193.240 - - [31/Mar/2026:19:39:15 +0000] "GET /wp-includes/js/tinymce/themes/modern/theme.min.js?wp-mce-49110-20250317 HTTP/1.1" 200 130746 "https://chargedev.co.nz/wp-admin/admin.php?page=wpcode-snippet-manager&custom=1" "Mozilla/5.0 (Windows NT 10.0; Win64; x64) AppleWebKit/537.36 (KHTML, like Gecko) Chrome/144.0.0.0 Safari/537.36"
154.209.193.240 - - [31/Mar/2026:19:39:15 +0000] "GET /wp-includes/js/tinymce/plugins/charmap/plugin.min.js?wp-mce-49110-20250317 HTTP/1.1" 200 8601 "https://chargedev.co.nz/wp-admin/admin.php?page=wpcode-snippet-manager&custom=1" "Mozilla/5.0 (Windows NT 10.0; Win64; x64) AppleWebKit/537.36 (KHTML, like Gecko) Chrome/144.0.0.0 Safari/537.36"
154.209.193.240 - - [31/Mar/2026:19:39:15 +0000] "GET /wp-includes/js/tinymce/plugins/hr/plugin.min.js?wp-mce-49110-20250317 HTTP/1.1" 200 428 "https://chargedev.co.nz/wp-admin/admin.php?page=wpcode-snippet-manager&custom=1" "Mozilla/5.0 (Windows NT 10.0; Win64; x64) AppleWebKit/537.36 (KHTML, like Gecko) Chrome/144.0.0.0 Safari/537.36"
154.209.193.240 - - [31/Mar/2026:19:39:15 +0000] "GET /wp-includes/js/tinymce/plugins/media/plugin.min.js?wp-mce-49110-20250317 HTTP/1.1" 200 16576 "https://chargedev.co.nz/wp-admin/admin.php?page=wpcode-snippet-manager&custom=1" "Mozilla/5.0 (Windows NT 10.0; Win64; x64) AppleWebKit/537.36 (KHTML, like Gecko) Chrome/144.0.0.0 Safari/537.36"
154.209.193.240 - - [31/Mar/2026:19:39:15 +0000] "GET /wp-includes/js/tinymce/plugins/fullscreen/plugin.min.js?wp-mce-49110-20250317 HTTP/1.1" 200 2184 "https://chargedev.co.nz/wp-admin/admin.php?page=wpcode-snippet-manager&custom=1" "Mozilla/5.0 (Windows NT 10.0; Win64; x64) AppleWebKit/537.36 (KHTML, like Gecko) Chrome/144.0.0.0 Safari/537.36"
154.209.193.240 - - [31/Mar/2026:19:39:15 +0000] "GET /wp-includes/js/tinymce/plugins/colorpicker/plugin.min.js?wp-mce-49110-20250317 HTTP/1.1" 200 1349 "https://chargedev.co.nz/wp-admin/admin.php?page=wpcode-snippet-manager&custom=1" "Mozilla/5.0 (Windows NT 10.0; Win64; x64) AppleWebKit/537.36 (KHTML, like Gecko) Chrome/144.0.0.0 Safari/537.36"
154.209.193.240 - - [31/Mar/2026:19:39:15 +0000] "GET /wp-includes/js/tinymce/plugins/tabfocus/plugin.min.js?wp-mce-49110-20250317 HTTP/1.1" 200 1614 "https://chargedev.co.nz/wp-admin/admin.php?page=wpcode-snippet-manager&custom=1" "Mozilla/5.0 (Windows NT 10.0; Win64; x64) AppleWebKit/537.36 (KHTML, like Gecko) Chrome/144.0.0.0 Safari/537.36"
154.209.193.240 - - [31/Mar/2026:19:39:15 +0000] "GET /wp-includes/js/tinymce/plugins/paste/plugin.min.js?wp-mce-49110-20250317 HTTP/1.1" 200 30837 "https://chargedev.co.nz/wp-admin/admin.php?page=wpcode-snippet-manager&custom=1" "Mozilla/5.0 (Windows NT 10.0; Win64; x64) AppleWebKit/537.36 (KHTML, like Gecko) Chrome/144.0.0.0 Safari/537.36"
154.209.193.240 - - [31/Mar/2026:19:39:15 +0000] "GET /wp-includes/js/tinymce/plugins/textcolor/plugin.min.js?wp-mce-49110-20250317 HTTP/1.1" 200 4927 "https://chargedev.co.nz/wp-admin/admin.php?page=wpcode-snippet-manager&custom=1" "Mozilla/5.0 (Windows NT 10.0; Win64; x64) AppleWebKit/537.36 (KHTML, like Gecko) Chrome/144.0.0.0 Safari/537.36"
154.209.193.240 - - [31/Mar/2026:19:39:15 +0000] "GET /wp-includes/js/tinymce/plugins/wpeditimage/plugin.min.js?wp-mce-49110-20250317 HTTP/1.1" 200 12067 "https://chargedev.co.nz/wp-admin/admin.php?page=wpcode-snippet-manager&custom=1" "Mozilla/5.0 (Windows NT 10.0; Win64; x64) AppleWebKit/537.36 (KHTML, like Gecko) Chrome/144.0.0.0 Safari/537.36"
154.209.193.240 - - [31/Mar/2026:19:39:15 +0000] "GET /wp-includes/js/tinymce/plugins/wpemoji/plugin.min.js?wp-mce-49110-20250317 HTTP/1.1" 200 1519 "https://chargedev.co.nz/wp-admin/admin.php?page=wpcode-snippet-manager&custom=1" "Mozilla/5.0 (Windows NT 10.0; Win64; x64) AppleWebKit/537.36 (KHTML, like Gecko) Chrome/144.0.0.0 Safari/537.36"
154.209.193.240 - - [31/Mar/2026:19:39:15 +0000] "GET /wp-includes/js/tinymce/plugins/wpautoresize/plugin.min.js?wp-mce-49110-20250317 HTTP/1.1" 200 2344 "https://chargedev.co.nz/wp-admin/admin.php?page=wpcode-snippet-manager&custom=1" "Mozilla/5.0 (Windows NT 10.0; Win64; x64) AppleWebKit/537.36 (KHTML, like Gecko) Chrome/144.0.0.0 Safari/537.36"
154.209.193.240 - - [31/Mar/2026:19:39:15 +0000] "GET /wp-includes/js/tinymce/plugins/lists/plugin.min.js?wp-mce-49110-20250317 HTTP/1.1" 200 26968 "https://chargedev.co.nz/wp-admin/admin.php?page=wpcode-snippet-manager&custom=1" "Mozilla/5.0 (Windows NT 10.0; Win64; x64) AppleWebKit/537.36 (KHTML, like Gecko) Chrome/144.0.0.0 Safari/537.36"
154.209.193.240 - - [31/Mar/2026:19:39:15 +0000] "GET /wp-includes/js/tinymce/plugins/wpview/plugin.min.js?wp-mce-49110-20250317 HTTP/1.1" 200 2902 "https://chargedev.co.nz/wp-admin/admin.php?page=wpcode-snippet-manager&custom=1" "Mozilla/5.0 (Windows NT 10.0; Win64; x64) AppleWebKit/537.36 (KHTML, like Gecko) Chrome/144.0.0.0 Safari/537.36"
154.209.193.240 - - [31/Mar/2026:19:39:15 +0000] "GET /wp-includes/js/tinymce/plugins/wpdialogs/plugin.min.js?wp-mce-49110-20250317 HTTP/1.1" 200 1322 "https://chargedev.co.nz/wp-admin/admin.php?page=wpcode-snippet-manager&custom=1" "Mozilla/5.0 (Windows NT 10.0; Win64; x64) AppleWebKit/537.36 (KHTML, like Gecko) Chrome/144.0.0.0 Safari/537.36"
154.209.193.240 - - [31/Mar/2026:19:39:15 +0000] "GET /wp-includes/js/tinymce/plugins/wplink/plugin.min.js?wp-mce-49110-20250317 HTTP/1.1" 200 8988 "https://chargedev.co.nz/wp-admin/admin.php?page=wpcode-snippet-manager&custom=1" "Mozilla/5.0 (Windows NT 10.0; Win64; x64) AppleWebKit/537.36 (KHTML, like Gecko) Chrome/144.0.0.0 Safari/537.36"
154.209.193.240 - - [31/Mar/2026:19:39:15 +0000] "GET /wp-includes/js/tinymce/plugins/wpgallery/plugin.min.js?wp-mce-49110-20250317 HTTP/1.1" 200 1623 "https://chargedev.co.nz/wp-admin/admin.php?page=wpcode-snippet-manager&custom=1" "Mozilla/5.0 (Windows NT 10.0; Win64; x64) AppleWebKit/537.36 (KHTML, like Gecko) Chrome/144.0.0.0 Safari/537.36"
154.209.193.240 - - [31/Mar/2026:19:39:16 +0000] "GET /wp-includes/js/tinymce/plugins/wordpress/plugin.min.js?wp-mce-49110-20250317 HTTP/1.1" 200 16407 "https://chargedev.co.nz/wp-admin/admin.php?page=wpcode-snippet-manager&custom=1" "Mozilla/5.0 (Windows NT 10.0; Win64; x64) AppleWebKit/537.36 (KHTML, like Gecko) Chrome/144.0.0.0 Safari/537.36"
154.209.193.240 - - [31/Mar/2026:19:39:16 +0000] "GET /wp-includes/js/tinymce/plugins/wptextpattern/plugin.min.js?wp-mce-49110-20250317 HTTP/1.1" 200 3121 "https://chargedev.co.nz/wp-admin/admin.php?page=wpcode-snippet-manager&custom=1" "Mozilla/5.0 (Windows NT 10.0; Win64; x64) AppleWebKit/537.36 (KHTML, like Gecko) Chrome/144.0.0.0 Safari/537.36"
154.209.193.240 - - [31/Mar/2026:19:39:16 +0000] "GET /wp-content/themes/astra/assets/css/minified/editor-style.min.css?wp-mce-49110-20250317 HTTP/1.1" 200 22059 "https://chargedev.co.nz/wp-admin/admin.php?page=wpcode-snippet-manager&custom=1" "Mozilla/5.0 (Windows NT 10.0; Win64; x64) AppleWebKit/537.36 (KHTML, like Gecko) Chrome/144.0.0.0 Safari/537.36"
154.209.193.240 - - [31/Mar/2026:19:39:16 +0000] "GET /wp-includes/css/dashicons.min.css?ver=6.9.4&wp-mce-49110-20250317 HTTP/1.1" 200 59004 "https://chargedev.co.nz/wp-admin/admin.php?page=wpcode-snippet-manager&custom=1" "Mozilla/5.0 (Windows NT 10.0; Win64; x64) AppleWebKit/537.36 (KHTML, like Gecko) Chrome/144.0.0.0 Safari/537.36"
154.209.193.240 - - [31/Mar/2026:19:39:16 +0000] "GET /wp-includes/js/tinymce/skins/lightgray/skin.min.css?wp-mce-49110-20250317 HTTP/1.1" 200 44010 "https://chargedev.co.nz/wp-admin/admin.php?page=wpcode-snippet-manager&custom=1" "Mozilla/5.0 (Windows NT 10.0; Win64; x64) AppleWebKit/537.36 (KHTML, like Gecko) Chrome/144.0.0.0 Safari/537.36"
154.209.193.240 - - [31/Mar/2026:19:39:16 +0000] "GET /wp-includes/js/tinymce/skins/wordpress/wp-content.css?ver=6.9.4&wp-mce-49110-20250317 HTTP/1.1" 200 8760 "https://chargedev.co.nz/wp-admin/admin.php?page=wpcode-snippet-manager&custom=1" "Mozilla/5.0 (Windows NT 10.0; Win64; x64) AppleWebKit/537.36 (KHTML, like Gecko) Chrome/144.0.0.0 Safari/537.36"
154.209.193.240 - - [31/Mar/2026:19:39:16 +0000] "GET /wp-includes/js/tinymce/skins/lightgray/content.min.css?wp-mce-49110-20250317 HTTP/1.1" 200 4017 "https://chargedev.co.nz/wp-admin/admin.php?page=wpcode-snippet-manager&custom=1" "Mozilla/5.0 (Windows NT 10.0; Win64; x64) AppleWebKit/537.36 (KHTML, like Gecko) Chrome/144.0.0.0 Safari/537.36"
154.209.193.240 - - [31/Mar/2026:19:39:17 +0000] "GET /wp-includes/js/tinymce/skins/lightgray/fonts/tinymce.woff HTTP/1.1" 200 18824 "https://chargedev.co.nz/wp-includes/js/tinymce/skins/lightgray/skin.min.css?wp-mce-49110-20250317" "Mozilla/5.0 (Windows NT 10.0; Win64; x64) AppleWebKit/537.36 (KHTML, like Gecko) Chrome/144.0.0.0 Safari/537.36"
154.209.193.240 - - [31/Mar/2026:19:39:17 +0000] "POST /wp-admin/admin.php?page=wpcode-snippet-manager HTTP/1.1" 302 - "https://chargedev.co.nz/wp-admin/admin.php?page=wpcode-snippet-manager&custom=1" "Mozilla/5.0 (Windows NT 10.0; Win64; x64) AppleWebKit/537.36 (KHTML, like Gecko) Chrome/144.0.0.0 Safari/537.36"
154.209.193.240 - - [31/Mar/2026:19:39:18 +0000] "GET /wp-admin/admin.php?page=wpcode-snippet-manager&snippet_id=27911&message=2&error HTTP/1.1" 200 533822 "https://chargedev.co.nz/wp-admin/admin.php?page=wpcode-snippet-manager&custom=1" "Mozilla/5.0 (Windows NT 10.0; Win64; x64) AppleWebKit/537.36 (KHTML, like Gecko) Chrome/144.0.0.0 Safari/537.36"
154.209.193.240 - - [31/Mar/2026:19:39:21 +0000] "GET /2026/04/01/divaspin-casino-honest-review-au/ HTTP/1.1" 200 166508 "-" "Mozilla/5.0 (Windows NT 10.0; Win64; x64) AppleWebKit/537.36 (KHTML, like Gecko) Chrome/144.0.0.0 Safari/537.36"
45.79.238.235 - - [31/Mar/2026:19:41:42 +0000] "POST /wp-cron.php?doing_wp_cron=1774986101.9861559867858886718750 HTTP/1.1" 200 - "-" "WordPress/6.9.4; https://chargedev.co.nz"
2a02:26f7:f400:5301:0:4000:0:6 - - [31/Mar/2026:19:41:41 +0000] "GET / HTTP/1.1" 200 129259 "-" "Mozilla/5.0 (Macintosh; Intel Mac OS X 10_15_7) AppleWebKit/605.1.15 (KHTML, like Gecko) Version/18.6 Safari/605.1.15"
66.249.69.38 - - [31/Mar/2026:19:42:23 +0000] "GET /new-au-pokies-machines-for-free/ HTTP/1.1" 200 189647 "-" "Mozilla/5.0 (Linux; Android 6.0.1; Nexus 5X Build/MMB29P) AppleWebKit/537.36 (KHTML, like Gecko) Chrome/146.0.7680.164 Mobile Safari/537.36 (compatible; Googlebot/2.1; +http://www.google.com/bot.html)"
45.79.238.235 - - [31/Mar/2026:19:44:33 +0000] "POST /wp-cron.php?doing_wp_cron=1774986273.5056478977203369140625 HTTP/1.1" 200 - "-" "WordPress/6.9.4; https://chargedev.co.nz"
52.3.30.234 - - [31/Mar/2026:19:44:33 +0000] "GET /monopoly-pokies-win/ HTTP/1.1" 301 - "-" "Mozilla/5.0 AppleWebKit/537.36 (KHTML, like Gecko; compatible; Amzn-SearchBot/0.1) Chrome/119.0.6045.214 Safari/537.36"
52.21.93.114 - - [31/Mar/2026:19:44:33 +0000] "GET /2026/02/26/monopoly-pokies-win/ HTTP/1.1" 200 124569 "-" "Mozilla/5.0 AppleWebKit/537.36 (KHTML, like Gecko; compatible; Amzn-SearchBot/0.1) Chrome/119.0.6045.214 Safari/537.36"
45.79.238.235 - - [31/Mar/2026:19:44:43 +0000] "POST /wp-cron.php?doing_wp_cron=1774986283.7043418884277343750000 HTTP/1.1" 200 - "-" "WordPress/6.9.4; https://chargedev.co.nz"
3.226.3.62 - - [31/Mar/2026:19:44:43 +0000] "GET /aristocrat-pokies-iphone-app/ HTTP/1.1" 301 - "-" "Mozilla/5.0 AppleWebKit/537.36 (KHTML, like Gecko; compatible; Amzn-SearchBot/0.1) Chrome/119.0.6045.214 Safari/537.36"
52.7.227.80 - - [31/Mar/2026:19:44:44 +0000] "GET /2026/02/26/aristocrat-pokies-iphone-app/ HTTP/1.1" 200 124706 "-" "Mozilla/5.0 AppleWebKit/537.36 (KHTML, like Gecko; compatible; Amzn-SearchBot/0.1) Chrome/119.0.6045.214 Safari/537.36"
107.23.25.176 - - [31/Mar/2026:19:44:54 +0000] "GET /no-download-free-pokies-online/ HTTP/1.1" 301 - "-" "Mozilla/5.0 AppleWebKit/537.36 (KHTML, like Gecko; compatible; Amzn-SearchBot/0.1) Chrome/119.0.6045.214 Safari/537.36"
98.95.161.103 - - [31/Mar/2026:19:44:54 +0000] "GET /2026/02/26/no-download-free-pokies-online/ HTTP/1.1" 200 125600 "-" "Mozilla/5.0 AppleWebKit/537.36 (KHTML, like Gecko; compatible; Amzn-SearchBot/0.1) Chrome/119.0.6045.214 Safari/537.36"
54.234.109.91 - - [31/Mar/2026:19:45:03 +0000] "GET /best-free-spins-no-deposit-au/ HTTP/1.1" 301 - "-" "Mozilla/5.0 AppleWebKit/537.36 (KHTML, like Gecko; compatible; Amzn-SearchBot/0.1) Chrome/119.0.6045.214 Safari/537.36"
3.226.139.230 - - [31/Mar/2026:19:45:03 +0000] "GET /2026/02/26/best-free-spins-no-deposit-au/ HTTP/1.1" 200 124747 "-" "Mozilla/5.0 AppleWebKit/537.36 (KHTML, like Gecko; compatible; Amzn-SearchBot/0.1) Chrome/119.0.6045.214 Safari/537.36"
98.95.89.44 - - [31/Mar/2026:19:45:13 +0000] "GET /casino-perth-new-zealand/ HTTP/1.1" 301 - "-" "Mozilla/5.0 AppleWebKit/537.36 (KHTML, like Gecko; compatible; Amzn-SearchBot/0.1) Chrome/119.0.6045.214 Safari/537.36"
34.198.117.140 - - [31/Mar/2026:19:45:14 +0000] "GET /2026/02/26/casino-perth-new-zealand/ HTTP/1.1" 200 124302 "-" "Mozilla/5.0 AppleWebKit/537.36 (KHTML, like Gecko; compatible; Amzn-SearchBot/0.1) Chrome/119.0.6045.214 Safari/537.36"
54.157.138.252 - - [31/Mar/2026:19:45:23 +0000] "GET /issues-on-online-gambling-au/ HTTP/1.1" 301 - "-" "Mozilla/5.0 AppleWebKit/537.36 (KHTML, like Gecko; compatible; Amzn-SearchBot/0.1) Chrome/119.0.6045.214 Safari/537.36"
18.214.124.101 - - [31/Mar/2026:19:45:23 +0000] "GET /2026/02/26/issues-on-online-gambling-au/ HTTP/1.1" 200 124840 "-" "Mozilla/5.0 AppleWebKit/537.36 (KHTML, like Gecko; compatible; Amzn-SearchBot/0.1) Chrome/119.0.6045.214 Safari/537.36"
98.95.56.98 - - [31/Mar/2026:19:45:33 +0000] "GET /wild-horse-casino-nz/ HTTP/1.1" 301 - "-" "Mozilla/5.0 AppleWebKit/537.36 (KHTML, like Gecko; compatible; Amzn-SearchBot/0.1) Chrome/119.0.6045.214 Safari/537.36"
52.71.205.86 - - [31/Mar/2026:19:45:34 +0000] "GET /2026/02/26/wild-horse-casino-nz/ HTTP/1.1" 200 124513 "-" "Mozilla/5.0 AppleWebKit/537.36 (KHTML, like Gecko; compatible; Amzn-SearchBot/0.1) Chrome/119.0.6045.214 Safari/537.36"
185.191.171.5 - - [31/Mar/2026:19:47:37 +0000] "GET /shop/?action=yith-woocompare-add-product&id=2850&number=24&orderby=date&type=grid HTTP/1.1" 403 - "-" "Mozilla/5.0 (compatible; SemrushBot/7~bl; +http://www.semrush.com/bot.html)"
141.98.11.44 - - [31/Mar/2026:19:48:20 +0000] "GET /wp-includes/sodium_compat/src/Core/SecretStream/State.php HTTP/1.1" 403 4170 "-" "Mozilla/5.0 (Windows NT 10.0; Win64; x64) AppleWebKit/537.36"
66.249.69.37 - - [31/Mar/2026:19:49:45 +0000] "GET /you-can-win-real-money-when-you-play-top-australian-pokies/ HTTP/1.1" 200 184613 "-" "Mozilla/5.0 (Linux; Android 6.0.1; Nexus 5X Build/MMB29P) AppleWebKit/537.36 (KHTML, like Gecko) Chrome/146.0.7680.164 Mobile Safari/537.36 (compatible; Googlebot/2.1; +http://www.google.com/bot.html)"
40.77.167.52 - - [31/Mar/2026:19:55:02 +0000] "GET /australian-pokies-with-bonus-rounds-no-downloads-games/ HTTP/1.1" 200 188442 "-" "Mozilla/5.0 AppleWebKit/537.36 (KHTML, like Gecko; compatible; bingbot/2.0; +http://www.bing.com/bingbot.htm) Chrome/116.0.1938.76 Safari/537.36"
66.249.69.36 - - [31/Mar/2026:19:56:46 +0000] "GET /online-casino-games-real-money-au/ HTTP/1.1" 200 190623 "-" "Mozilla/5.0 (Linux; Android 6.0.1; Nexus 5X Build/MMB29P) AppleWebKit/537.36 (KHTML, like Gecko) Chrome/146.0.7680.164 Mobile Safari/537.36 (compatible; Googlebot/2.1; +http://www.google.com/bot.html)"
66.249.69.36 - - [31/Mar/2026:19:56:46 +0000] "GET /?p=3041 HTTP/1.1" 200 191547 "-" "Mozilla/5.0 (Linux; Android 6.0.1; Nexus 5X Build/MMB29P) AppleWebKit/537.36 (KHTML, like Gecko) Chrome/146.0.7680.164 Mobile Safari/537.36 (compatible; Googlebot/2.1; +http://www.google.com/bot.html)"
52.167.144.18 - - [31/Mar/2026:19:58:34 +0000] "GET /new-zealand-man-drowns-in-harbor-after-gambling-crisis/ HTTP/1.1" 200 202711 "-" "Mozilla/5.0 AppleWebKit/537.36 (KHTML, like Gecko; compatible; bingbot/2.0; +http://www.bing.com/bingbot.htm) Chrome/116.0.1938.76 Safari/537.36"
40.77.167.40 - - [31/Mar/2026:19:59:10 +0000] "GET /safe-pokies-no-download-or-registration/ HTTP/1.1" 200 187130 "-" "Mozilla/5.0 AppleWebKit/537.36 (KHTML, like Gecko; compatible; bingbot/2.0; +http://www.bing.com/bingbot.htm) Chrome/116.0.1938.76 Safari/537.36"
40.77.167.44 - - [31/Mar/2026:19:59:50 +0000] "GET /famous-casinos-in-new-zealand/ HTTP/1.1" 200 195182 "-" "Mozilla/5.0 AppleWebKit/537.36 (KHTML, like Gecko; compatible; bingbot/2.0; +http://www.bing.com/bingbot.htm) Chrome/116.0.1938.76 Safari/537.36"
40.77.167.44 - - [31/Mar/2026:20:00:18 +0000] "GET /australia-roulette-machine/ HTTP/1.1" 200 187558 "-" "Mozilla/5.0 AppleWebKit/537.36 (KHTML, like Gecko; compatible; bingbot/2.0; +http://www.bing.com/bingbot.htm) Chrome/116.0.1938.76 Safari/537.36"
40.77.167.44 - - [31/Mar/2026:20:01:00 +0000] "GET /top-10-pokies-online/ HTTP/1.1" 200 187068 "-" "Mozilla/5.0 AppleWebKit/537.36 (KHTML, like Gecko; compatible; bingbot/2.0; +http://www.bing.com/bingbot.htm) Chrome/116.0.1938.76 Safari/537.36"
85.208.96.206 - - [31/Mar/2026:20:01:10 +0000] "GET /shop/?action=yith-woocompare-add-product&id=2854&number=10&orderby=date&type=list HTTP/1.1" 403 - "-" "Mozilla/5.0 (compatible; SemrushBot/7~bl; +http://www.semrush.com/bot.html)"
66.249.69.36 - - [31/Mar/2026:20:02:41 +0000] "GET /best-australian-pokies-with-free-money/ HTTP/1.1" 200 204677 "-" "Mozilla/5.0 (Linux; Android 6.0.1; Nexus 5X Build/MMB29P) AppleWebKit/537.36 (KHTML, like Gecko) Chrome/146.0.7680.164 Mobile Safari/537.36 (compatible; Googlebot/2.1; +http://www.google.com/bot.html)"
66.249.69.34 - - [31/Mar/2026:20:02:48 +0000] "GET /is-online-gambling-legal-in-new-australia/ HTTP/1.1" 200 205418 "-" "Mozilla/5.0 (Linux; Android 6.0.1; Nexus 5X Build/MMB29P) AppleWebKit/537.36 (KHTML, like Gecko) Chrome/146.0.7680.164 Mobile Safari/537.36 (compatible; Googlebot/2.1; +http://www.google.com/bot.html)"
66.249.69.38 - - [31/Mar/2026:20:09:19 +0000] "GET /?p=3597 HTTP/1.1" 200 195718 "-" "Mozilla/5.0 (Linux; Android 6.0.1; Nexus 5X Build/MMB29P) AppleWebKit/537.36 (KHTML, like Gecko) Chrome/146.0.7680.164 Mobile Safari/537.36 (compatible; Googlebot/2.1; +http://www.google.com/bot.html)"
45.79.238.235 - - [31/Mar/2026:20:10:22 +0000] "POST /wp-cron.php?doing_wp_cron=1774987822.6090469360351562500000 HTTP/1.1" 200 - "-" "WordPress/6.9.4; https://chargedev.co.nz"
114.10.103.164 - - [31/Mar/2026:20:10:20 +0000] "GET /about-us/ HTTP/1.1" 200 127591 "https://www.google.com/" "Mozilla/5.0 (Linux; Android 10; K) AppleWebKit/537.36 (KHTML, like Gecko) Chrome/145.0.0.0 Mobile Safari/537.36"
114.10.103.164 - - [31/Mar/2026:20:10:23 +0000] "GET /wp-includes/js/wp-emoji-release.min.js?ver=6.9.4 HTTP/1.1" 304 - "https://chargedev.co.nz/about-us/" "Mozilla/5.0 (Linux; Android 10; K) AppleWebKit/537.36 (KHTML, like Gecko) Chrome/145.0.0.0 Mobile Safari/537.36"
45.79.238.235 - - [31/Mar/2026:20:13:54 +0000] "POST /wp-cron.php?doing_wp_cron=1774988034.0933179855346679687500 HTTP/1.1" 200 - "-" "WordPress/6.9.4; https://chargedev.co.nz"
2a03:2880:f806:29:: - - [31/Mar/2026:20:13:52 +0000] "GET /new-zealand-roulette-wheel-odds/ HTTP/1.1" 301 - "-" "meta-webindexer/1.1 (+https://developers.facebook.com/docs/sharing/webmasters/crawler)"
2a03:2880:f806:45:: - - [31/Mar/2026:20:14:13 +0000] "GET /2026/02/26/new-zealand-roulette-wheel-odds/ HTTP/1.1" 200 125296 "-" "meta-webindexer/1.1 (+https://developers.facebook.com/docs/sharing/webmasters/crawler)"
45.79.238.235 - - [31/Mar/2026:20:15:19 +0000] "POST /wp-cron.php?doing_wp_cron=1774988119.1112680435180664062500 HTTP/1.1" 200 - "-" "WordPress/6.9.4; https://chargedev.co.nz"
140.213.45.60 - - [31/Mar/2026:20:15:17 +0000] "GET /about-us/ HTTP/1.1" 200 127591 "https://www.google.com/" "Mozilla/5.0 (Linux; Android 10; K) AppleWebKit/537.36 (KHTML, like Gecko) Chrome/138.0.0.0 Mobile Safari/537.36"
52.167.144.184 - - [31/Mar/2026:20:15:38 +0000] "GET /best-deposit-casino-pokies-australia-app-store/ HTTP/1.1" 200 189993 "-" "Mozilla/5.0 AppleWebKit/537.36 (KHTML, like Gecko; compatible; bingbot/2.0; +http://www.bing.com/bingbot.htm) Chrome/116.0.1938.76 Safari/537.36"
66.249.69.34 - - [31/Mar/2026:20:15:50 +0000] "GET /top-australia-casinos-online/ HTTP/1.1" 200 187858 "-" "Mozilla/5.0 (Linux; Android 6.0.1; Nexus 5X Build/MMB29P) AppleWebKit/537.36 (KHTML, like Gecko) Chrome/146.0.7680.164 Mobile Safari/537.36 (compatible; Googlebot/2.1; +http://www.google.com/bot.html)"
45.79.238.235 - - [31/Mar/2026:20:16:05 +0000] "POST /wp-cron.php?doing_wp_cron=1774988165.0377869606018066406250 HTTP/1.1" 200 - "-" "WordPress/6.9.4; https://chargedev.co.nz"
2a03:2880:f806:5:: - - [31/Mar/2026:20:16:04 +0000] "GET /play-winning-pokies-without-registration/ HTTP/1.1" 301 - "-" "meta-webindexer/1.1 (+https://developers.facebook.com/docs/sharing/webmasters/crawler)"
2a03:2880:f806:23:: - - [31/Mar/2026:20:16:27 +0000] "GET /2026/02/26/play-winning-pokies-without-registration/ HTTP/1.1" 200 125213 "-" "meta-webindexer/1.1 (+https://developers.facebook.com/docs/sharing/webmasters/crawler)"
45.79.238.235 - - [31/Mar/2026:20:17:03 +0000] "POST /wp-cron.php?doing_wp_cron=1774988223.5609419345855712890625 HTTP/1.1" 200 - "-" "WordPress/6.9.4; https://chargedev.co.nz"
2a03:2880:f806:42:: - - [31/Mar/2026:20:17:02 +0000] "GET /2026/02/26/lucky-diamond-casino-billings-au/ HTTP/1.1" 200 125530 "-" "meta-webindexer/1.1 (+https://developers.facebook.com/docs/sharing/webmasters/crawler)"
34.193.28.138 - - [31/Mar/2026:20:17:13 +0000] "GET /players-club-pokies/ HTTP/1.1" 301 - "-" "Mozilla/5.0 AppleWebKit/537.36 (KHTML, like Gecko; compatible; Amzn-SearchBot/0.1) Chrome/119.0.6045.214 Safari/537.36"
98.95.156.127 - - [31/Mar/2026:20:17:13 +0000] "GET /2026/02/26/players-club-pokies/ HTTP/1.1" 200 124932 "-" "Mozilla/5.0 AppleWebKit/537.36 (KHTML, like Gecko; compatible; Amzn-SearchBot/0.1) Chrome/119.0.6045.214 Safari/537.36"
52.167.144.169 - - [31/Mar/2026:20:17:33 +0000] "GET /safe-online-pokies/ HTTP/1.1" 200 192109 "-" "Mozilla/5.0 AppleWebKit/537.36 (KHTML, like Gecko; compatible; bingbot/2.0; +http://www.bing.com/bingbot.htm) Chrome/116.0.1938.76 Safari/537.36"
52.167.144.161 - - [31/Mar/2026:20:17:43 +0000] "GET /rochester-casino-au/ HTTP/1.1" 200 189571 "-" "Mozilla/5.0 AppleWebKit/537.36 (KHTML, like Gecko; compatible; bingbot/2.0; +http://www.bing.com/bingbot.htm) Chrome/116.0.1938.76 Safari/537.36"
141.98.11.44 - - [31/Mar/2026:20:21:35 +0000] "GET /wp-includes/sodium_compat/src/Core/SecretStream/State.php HTTP/1.1" 403 4170 "-" "Mozilla/5.0 (Windows NT 10.0; Win64; x64) AppleWebKit/537.36"
52.167.144.184 - - [31/Mar/2026:20:21:37 +0000] "GET /online-pokies-australia-real-money-no-deposit/ HTTP/1.1" 200 188666 "-" "Mozilla/5.0 AppleWebKit/537.36 (KHTML, like Gecko; compatible; bingbot/2.0; +http://www.bing.com/bingbot.htm) Chrome/116.0.1938.76 Safari/537.36"
66.249.69.37 - - [31/Mar/2026:20:22:22 +0000] "GET /european-vs-new-zealand-roulette-wheel/ HTTP/1.1" 200 194834 "-" "Mozilla/5.0 (Linux; Android 6.0.1; Nexus 5X Build/MMB29P) AppleWebKit/537.36 (KHTML, like Gecko) Chrome/146.0.7680.164 Mobile Safari/537.36 (compatible; Googlebot/2.1; +http://www.google.com/bot.html)"
52.167.144.18 - - [31/Mar/2026:20:25:46 +0000] "GET /casino-new-au-pokies-games/ HTTP/1.1" 200 203138 "-" "Mozilla/5.0 AppleWebKit/537.36 (KHTML, like Gecko; compatible; bingbot/2.0; +http://www.bing.com/bingbot.htm) Chrome/116.0.1938.76 Safari/537.36"
52.167.144.169 - - [31/Mar/2026:20:26:14 +0000] "GET /casino-town-in-australia/ HTTP/1.1" 200 199532 "-" "Mozilla/5.0 AppleWebKit/537.36 (KHTML, like Gecko; compatible; bingbot/2.0; +http://www.bing.com/bingbot.htm) Chrome/116.0.1938.76 Safari/537.36"
66.249.69.38 - - [31/Mar/2026:20:27:41 +0000] "GET /new-slot-machines-in-australia/ HTTP/1.1" 200 189649 "-" "Mozilla/5.0 (Linux; Android 6.0.1; Nexus 5X Build/MMB29P) AppleWebKit/537.36 (KHTML, like Gecko) Chrome/146.0.7680.164 Mobile Safari/537.36 (compatible; Googlebot/2.1; +http://www.google.com/bot.html)"
66.249.69.39 - - [31/Mar/2026:20:28:53 +0000] "GET /real-money-pokies-australia-that-takes-neo-neosurf/ HTTP/1.1" 200 191642 "-" "Mozilla/5.0 (Linux; Android 6.0.1; Nexus 5X Build/MMB29P) AppleWebKit/537.36 (KHTML, like Gecko) Chrome/146.0.7680.164 Mobile Safari/537.36 (compatible; Googlebot/2.1; +http://www.google.com/bot.html)"
40.77.167.35 - - [31/Mar/2026:20:29:54 +0000] "GET /popular-pokies-sign-up-bonus-no-deposit/ HTTP/1.1" 200 186570 "-" "Mozilla/5.0 AppleWebKit/537.36 (KHTML, like Gecko; compatible; bingbot/2.0; +http://www.bing.com/bingbot.htm) Chrome/116.0.1938.76 Safari/537.36"
45.79.238.235 - - [31/Mar/2026:20:30:00 +0000] "POST /wp-cron.php?doing_wp_cron=1774989000.8585040569305419921875 HTTP/1.1" 200 - "-" "WordPress/6.9.4; https://chargedev.co.nz"
45.79.238.235 - - [31/Mar/2026:20:30:01 +0000] "POST /wp-cron.php?doing_wp_cron=1774989000.9797580242156982421875 HTTP/1.1" 200 - "-" "WordPress/6.9.4; https://chargedev.co.nz"
2a03:2880:f806:a:: - - [31/Mar/2026:20:29:59 +0000] "GET /popular-pokies-for-free-with-bonus-rounds/ HTTP/1.1" 301 - "-" "meta-webindexer/1.1 (+https://developers.facebook.com/docs/sharing/webmasters/crawler)"
66.249.69.38 - - [31/Mar/2026:20:30:16 +0000] "GET /win-real-money-no-deposit-required-pokies-in-new-zealand/ HTTP/1.1" 200 193789 "-" "Mozilla/5.0 (Linux; Android 6.0.1; Nexus 5X Build/MMB29P) AppleWebKit/537.36 (KHTML, like Gecko) Chrome/146.0.7680.164 Mobile Safari/537.36 (compatible; Googlebot/2.1; +http://www.google.com/bot.html)"
2a03:2880:f806:25:: - - [31/Mar/2026:20:30:22 +0000] "GET /2026/02/26/popular-pokies-for-free-with-bonus-rounds/ HTTP/1.1" 200 124896 "-" "meta-webindexer/1.1 (+https://developers.facebook.com/docs/sharing/webmasters/crawler)"
52.167.144.18 - - [31/Mar/2026:20:32:03 +0000] "GET /online-casinos-nz-no-deposit-bonus-codes/ HTTP/1.1" 200 195869 "-" "Mozilla/5.0 AppleWebKit/537.36 (KHTML, like Gecko; compatible; bingbot/2.0; +http://www.bing.com/bingbot.htm) Chrome/116.0.1938.76 Safari/537.36"
45.79.238.235 - - [31/Mar/2026:20:34:14 +0000] "POST /wp-cron.php?doing_wp_cron=1774989254.4695749282836914062500 HTTP/1.1" 200 - "-" "WordPress/6.9.4; https://chargedev.co.nz"
13.223.163.204 - - [31/Mar/2026:20:34:13 +0000] "GET /24-pokies-no-deposit-sign-up-bonus/ HTTP/1.1" 301 - "-" "Mozilla/5.0 AppleWebKit/537.36 (KHTML, like Gecko; compatible; Amzn-SearchBot/0.1) Chrome/119.0.6045.214 Safari/537.36"
98.83.194.21 - - [31/Mar/2026:20:34:14 +0000] "GET /2026/02/26/24-pokies-no-deposit-sign-up-bonus/ HTTP/1.1" 200 124710 "-" "Mozilla/5.0 AppleWebKit/537.36 (KHTML, like Gecko; compatible; Amzn-SearchBot/0.1) Chrome/119.0.6045.214 Safari/537.36"
100.29.157.182 - - [31/Mar/2026:20:34:33 +0000] "GET /are-slot-machines-legal-now-in-au/ HTTP/1.1" 301 - "-" "Mozilla/5.0 AppleWebKit/537.36 (KHTML, like Gecko; compatible; Amzn-SearchBot/0.1) Chrome/119.0.6045.214 Safari/537.36"
54.166.70.223 - - [31/Mar/2026:20:34:33 +0000] "GET /2026/02/26/are-slot-machines-legal-now-in-au/ HTTP/1.1" 200 125296 "-" "Mozilla/5.0 AppleWebKit/537.36 (KHTML, like Gecko; compatible; Amzn-SearchBot/0.1) Chrome/119.0.6045.214 Safari/537.36"
18.215.99.115 - - [31/Mar/2026:20:34:36 +0000] "GET /online-pokies-with-no-deposit/ HTTP/1.1" 301 - "-" "Mozilla/5.0 AppleWebKit/537.36 (KHTML, like Gecko; compatible; Amzn-SearchBot/0.1) Chrome/119.0.6045.214 Safari/537.36"
45.79.238.235 - - [31/Mar/2026:20:34:43 +0000] "POST /wp-cron.php?doing_wp_cron=1774989283.5533699989318847656250 HTTP/1.1" 200 - "-" "WordPress/6.9.4; https://chargedev.co.nz"
98.90.144.220 - - [31/Mar/2026:20:34:43 +0000] "GET /new-casinos-nz-free-spins/ HTTP/1.1" 301 - "-" "Mozilla/5.0 AppleWebKit/537.36 (KHTML, like Gecko; compatible; Amzn-SearchBot/0.1) Chrome/119.0.6045.214 Safari/537.36"
98.90.144.220 - - [31/Mar/2026:20:34:43 +0000] "GET /2026/02/26/new-casinos-nz-free-spins/ HTTP/1.1" 200 124719 "-" "Mozilla/5.0 AppleWebKit/537.36 (KHTML, like Gecko; compatible; Amzn-SearchBot/0.1) Chrome/119.0.6045.214 Safari/537.36"
3.210.239.195 - - [31/Mar/2026:20:34:53 +0000] "GET /how-to-deposit-cash-into-paypal-australia/ HTTP/1.1" 301 - "-" "Mozilla/5.0 AppleWebKit/537.36 (KHTML, like Gecko; compatible; Amzn-SearchBot/0.1) Chrome/119.0.6045.214 Safari/537.36"
54.159.237.70 - - [31/Mar/2026:20:34:54 +0000] "GET /2026/02/26/how-to-deposit-cash-into-paypal-australia/ HTTP/1.1" 200 126327 "-" "Mozilla/5.0 AppleWebKit/537.36 (KHTML, like Gecko; compatible; Amzn-SearchBot/0.1) Chrome/119.0.6045.214 Safari/537.36"
66.249.69.39 - - [31/Mar/2026:20:35:24 +0000] "GET /slots-of-luck-777-free-pokies/ HTTP/1.1" 200 191450 "-" "Mozilla/5.0 (Linux; Android 6.0.1; Nexus 5X Build/MMB29P) AppleWebKit/537.36 (KHTML, like Gecko) Chrome/146.0.7680.164 Mobile Safari/537.36 (compatible; Googlebot/2.1; +http://www.google.com/bot.html)"
52.167.144.166 - - [31/Mar/2026:20:35:47 +0000] "GET /legalized-slots-in-au/ HTTP/1.1" 200 192289 "-" "Mozilla/5.0 AppleWebKit/537.36 (KHTML, like Gecko; compatible; bingbot/2.0; +http://www.bing.com/bingbot.htm) Chrome/116.0.1938.76 Safari/537.36"
