154.209.193.240 - - [31/Mar/2026:19:22:29 +0000] "GET /wp-content/plugins/elementor/assets/js/admin-feedback.min.js?ver=3.23.4 HTTP/1.1" 200 1976 "https://chargedev.co.nz/wp-admin/plugins.php" "Mozilla/5.0 (Windows NT 10.0; Win64; x64) AppleWebKit/537.36 (KHTML, like Gecko) Chrome/144.0.0.0 Safari/537.36"
154.209.193.240 - - [31/Mar/2026:19:22:30 +0000] "GET /wp-admin/images/spinner-2x.gif HTTP/1.1" 200 7536 "https://chargedev.co.nz/wp-admin/load-styles.php?c=0&dir=ltr&load%5Bchunk_0%5D=dashicons,admin-bar,common,forms,admin-menu,dashboard,list-tables,edit,revisions,media,themes,about,nav-menus,wp-pointer,widgets&load%5Bchunk_1%5D=,site-icon,l10n,buttons,wp-auth-check,media-views&ver=6.8.5" "Mozilla/5.0 (Windows NT 10.0; Win64; x64) AppleWebKit/537.36 (KHTML, like Gecko) Chrome/144.0.0.0 Safari/537.36"
45.79.238.235 - - [31/Mar/2026:19:23:09 +0000] "POST /wp-cron.php?doing_wp_cron=1774984989.1722168922424316406250 HTTP/1.1" 200 - "-" "WordPress/6.8.5; https://chargedev.co.nz"
154.209.193.240 - - [31/Mar/2026:19:23:08 +0000] "GET /wp-admin/update-core.php HTTP/1.1" 200 189908 "https://chargedev.co.nz/wp-admin/plugins.php" "Mozilla/5.0 (Windows NT 10.0; Win64; x64) AppleWebKit/537.36 (KHTML, like Gecko) Chrome/144.0.0.0 Safari/537.36"
154.209.193.240 - - [31/Mar/2026:19:23:12 +0000] "GET /wp-admin/load-styles.php?c=0&dir=ltr&load%5Bchunk_0%5D=dashicons,admin-bar,common,forms,admin-menu,dashboard,list-tables,edit,revisions,media,themes,about,nav-menus,wp-pointer,widgets&load%5Bchunk_1%5D=,site-icon,l10n,buttons,media-views&ver=6.8.5 HTTP/1.1" 200 446786 "https://chargedev.co.nz/wp-admin/update-core.php" "Mozilla/5.0 (Windows NT 10.0; Win64; x64) AppleWebKit/537.36 (KHTML, like Gecko) Chrome/144.0.0.0 Safari/537.36"
154.209.193.240 - - [31/Mar/2026:19:23:12 +0000] "GET /wp-content/plugins/updraftplus/css/updraftplus-notices-1-25-9.min.css?ver=1.25.9 HTTP/1.1" 200 1559 "https://chargedev.co.nz/wp-admin/update-core.php" "Mozilla/5.0 (Windows NT 10.0; Win64; x64) AppleWebKit/537.36 (KHTML, like Gecko) Chrome/144.0.0.0 Safari/537.36"
154.209.193.240 - - [31/Mar/2026:19:23:12 +0000] "GET /wp-content/themes/twentytwentytwo/screenshot.png?ver=1.2 HTTP/1.1" 200 162290 "https://chargedev.co.nz/wp-admin/update-core.php" "Mozilla/5.0 (Windows NT 10.0; Win64; x64) AppleWebKit/537.36 (KHTML, like Gecko) Chrome/144.0.0.0 Safari/537.36"
154.209.193.240 - - [31/Mar/2026:19:23:12 +0000] "GET /wp-content/themes/astra/screenshot.jpg?ver=3.8.5 HTTP/1.1" 200 176026 "https://chargedev.co.nz/wp-admin/update-core.php" "Mozilla/5.0 (Windows NT 10.0; Win64; x64) AppleWebKit/537.36 (KHTML, like Gecko) Chrome/144.0.0.0 Safari/537.36"
154.209.193.240 - - [31/Mar/2026:19:23:12 +0000] "GET /wp-content/plugins/updraftplus/images/notices/updraft_logo.png HTTP/1.1" 200 2453 "https://chargedev.co.nz/wp-admin/update-core.php" "Mozilla/5.0 (Windows NT 10.0; Win64; x64) AppleWebKit/537.36 (KHTML, like Gecko) Chrome/144.0.0.0 Safari/537.36"
45.79.238.235 - - [31/Mar/2026:19:23:29 +0000] "POST /wp-admin/upgrade.php?step=upgrade_db HTTP/1.1" 200 1 "-" "WordPress/6.8.5; https://chargedev.co.nz"
154.209.193.240 - - [31/Mar/2026:19:23:14 +0000] "POST /wp-admin/update-core.php?action=do-core-upgrade HTTP/1.1" 200 175621 "https://chargedev.co.nz/wp-admin/update-core.php" "Mozilla/5.0 (Windows NT 10.0; Win64; x64) AppleWebKit/537.36 (KHTML, like Gecko) Chrome/144.0.0.0 Safari/537.36"
40.77.177.254 - - [31/Mar/2026:19:23:37 +0000] "POST /?wc-ajax=get_refreshed_fragments HTTP/1.1" 200 188163 "https://chargedev.co.nz/product/delta-ac-mini-plus" "Mozilla/5.0 AppleWebKit/537.36 (KHTML, like Gecko; compatible; bingbot/2.0; +http://www.bing.com/bingbot.htm) Chrome/136.0.0.0 Safari/537.36"
154.209.193.240 - - [31/Mar/2026:19:23:36 +0000] "GET /wp-admin/about.php?updated HTTP/1.1" 200 257314 "https://chargedev.co.nz/wp-admin/update-core.php?action=do-core-upgrade" "Mozilla/5.0 (Windows NT 10.0; Win64; x64) AppleWebKit/537.36 (KHTML, like Gecko) Chrome/144.0.0.0 Safari/537.36"
154.209.193.240 - - [31/Mar/2026:19:23:41 +0000] "GET /wp-includes/js/thickbox/thickbox.css?ver=6.9.4 HTTP/1.1" 200 2668 "https://chargedev.co.nz/wp-admin/about.php?updated" "Mozilla/5.0 (Windows NT 10.0; Win64; x64) AppleWebKit/537.36 (KHTML, like Gecko) Chrome/144.0.0.0 Safari/537.36"
154.209.193.240 - - [31/Mar/2026:19:23:41 +0000] "GET /wp-content/plugins/wp-file-manager/css/fm_common.css?ver=6.9.4 HTTP/1.1" 200 307 "https://chargedev.co.nz/wp-admin/about.php?updated" "Mozilla/5.0 (Windows NT 10.0; Win64; x64) AppleWebKit/537.36 (KHTML, like Gecko) Chrome/144.0.0.0 Safari/537.36"
154.209.193.240 - - [31/Mar/2026:19:23:41 +0000] "GET /wp-admin/load-styles.php?c=0&dir=ltr&load%5Bchunk_0%5D=dashicons,admin-bar,common,forms,admin-menu,dashboard,list-tables,edit,revisions,media,themes,about,nav-menus,wp-pointer,widgets&load%5Bchunk_1%5D=,site-icon,l10n,buttons,wp-auth-check,wp-components,wp-commands,media-views&ver=6.9.4 HTTP/1.1" 200 572659 "https://chargedev.co.nz/wp-admin/about.php?updated" "Mozilla/5.0 (Windows NT 10.0; Win64; x64) AppleWebKit/537.36 (KHTML, like Gecko) Chrome/144.0.0.0 Safari/537.36"
154.209.193.240 - - [31/Mar/2026:19:23:41 +0000] "GET /wp-includes/js/mediaelement/wp-mediaelement.min.css?ver=6.9.4 HTTP/1.1" 200 4186 "https://chargedev.co.nz/wp-admin/about.php?updated" "Mozilla/5.0 (Windows NT 10.0; Win64; x64) AppleWebKit/537.36 (KHTML, like Gecko) Chrome/144.0.0.0 Safari/537.36"
154.209.193.240 - - [31/Mar/2026:19:23:41 +0000] "GET /wp-admin/load-scripts.php?c=0&load%5Bchunk_0%5D=jquery-core,jquery-migrate,utils,wp-polyfill,moxiejs,plupload&ver=6.9.4 HTTP/1.1" 200 239547 "https://chargedev.co.nz/wp-admin/about.php?updated" "Mozilla/5.0 (Windows NT 10.0; Win64; x64) AppleWebKit/537.36 (KHTML, like Gecko) Chrome/144.0.0.0 Safari/537.36"
154.209.193.240 - - [31/Mar/2026:19:23:42 +0000] "GET /wp-admin/load-scripts.php?c=0&load%5Bchunk_0%5D=hoverIntent,wp-dom-ready,wp-hooks&ver=6.9.4 HTTP/1.1" 200 7620 "https://chargedev.co.nz/wp-admin/about.php?updated" "Mozilla/5.0 (Windows NT 10.0; Win64; x64) AppleWebKit/537.36 (KHTML, like Gecko) Chrome/144.0.0.0 Safari/537.36"
154.209.193.240 - - [31/Mar/2026:19:23:43 +0000] "GET /wp-includes/js/dist/i18n.min.js?ver=c26c3dc7bed366793375 HTTP/1.1" 200 5314 "https://chargedev.co.nz/wp-admin/about.php?updated" "Mozilla/5.0 (Windows NT 10.0; Win64; x64) AppleWebKit/537.36 (KHTML, like Gecko) Chrome/144.0.0.0 Safari/537.36"
154.209.193.240 - - [31/Mar/2026:19:23:43 +0000] "GET /wp-includes/js/dist/a11y.min.js?ver=cb460b4676c94bd228ed HTTP/1.1" 200 2212 "https://chargedev.co.nz/wp-admin/about.php?updated" "Mozilla/5.0 (Windows NT 10.0; Win64; x64) AppleWebKit/537.36 (KHTML, like Gecko) Chrome/144.0.0.0 Safari/537.36"
154.209.193.240 - - [31/Mar/2026:19:23:43 +0000] "GET /wp-includes/js/admin-bar.min.js?ver=6.9.4 HTTP/1.1" 200 3487 "https://chargedev.co.nz/wp-admin/about.php?updated" "Mozilla/5.0 (Windows NT 10.0; Win64; x64) AppleWebKit/537.36 (KHTML, like Gecko) Chrome/144.0.0.0 Safari/537.36"
154.209.193.240 - - [31/Mar/2026:19:23:43 +0000] "GET /wp-admin/js/common.min.js?ver=6.9.4 HTTP/1.1" 200 23676 "https://chargedev.co.nz/wp-admin/about.php?updated" "Mozilla/5.0 (Windows NT 10.0; Win64; x64) AppleWebKit/537.36 (KHTML, like Gecko) Chrome/144.0.0.0 Safari/537.36"
154.209.193.240 - - [31/Mar/2026:19:23:43 +0000] "GET /wp-admin/js/svg-painter.js?ver=6.9.4 HTTP/1.1" 200 3280 "https://chargedev.co.nz/wp-admin/about.php?updated" "Mozilla/5.0 (Windows NT 10.0; Win64; x64) AppleWebKit/537.36 (KHTML, like Gecko) Chrome/144.0.0.0 Safari/537.36"
154.209.193.240 - - [31/Mar/2026:19:23:44 +0000] "GET /wp-includes/js/heartbeat.min.js?ver=6.9.4 HTTP/1.1" 200 5947 "https://chargedev.co.nz/wp-admin/about.php?updated" "Mozilla/5.0 (Windows NT 10.0; Win64; x64) AppleWebKit/537.36 (KHTML, like Gecko) Chrome/144.0.0.0 Safari/537.36"
154.209.193.240 - - [31/Mar/2026:19:23:44 +0000] "GET /wp-includes/js/wp-auth-check.min.js?ver=6.9.4 HTTP/1.1" 200 1658 "https://chargedev.co.nz/wp-admin/about.php?updated" "Mozilla/5.0 (Windows NT 10.0; Win64; x64) AppleWebKit/537.36 (KHTML, like Gecko) Chrome/144.0.0.0 Safari/537.36"
154.209.193.240 - - [31/Mar/2026:19:23:44 +0000] "GET /wp-includes/js/dist/dom.min.js?ver=26edef3be6483da3de2e HTTP/1.1" 200 12598 "https://chargedev.co.nz/wp-admin/about.php?updated" "Mozilla/5.0 (Windows NT 10.0; Win64; x64) AppleWebKit/537.36 (KHTML, like Gecko) Chrome/144.0.0.0 Safari/537.36"
154.209.193.240 - - [31/Mar/2026:19:23:44 +0000] "GET /wp-includes/js/dist/element.min.js?ver=6a582b0c827fa25df3dd HTTP/1.1" 200 12112 "https://chargedev.co.nz/wp-admin/about.php?updated" "Mozilla/5.0 (Windows NT 10.0; Win64; x64) AppleWebKit/537.36 (KHTML, like Gecko) Chrome/144.0.0.0 Safari/537.36"
154.209.193.240 - - [31/Mar/2026:19:23:44 +0000] "GET /wp-includes/js/dist/is-shallow-equal.min.js?ver=e0f9f1d78d83f5196979 HTTP/1.1" 200 1018 "https://chargedev.co.nz/wp-admin/about.php?updated" "Mozilla/5.0 (Windows NT 10.0; Win64; x64) AppleWebKit/537.36 (KHTML, like Gecko) Chrome/144.0.0.0 Safari/537.36"
154.209.193.240 - - [31/Mar/2026:19:23:44 +0000] "GET /wp-includes/js/dist/keycodes.min.js?ver=34c8fb5e7a594a1c8037 HTTP/1.1" 200 2568 "https://chargedev.co.nz/wp-admin/about.php?updated" "Mozilla/5.0 (Windows NT 10.0; Win64; x64) AppleWebKit/537.36 (KHTML, like Gecko) Chrome/144.0.0.0 Safari/537.36"
154.209.193.240 - - [31/Mar/2026:19:23:45 +0000] "GET /wp-includes/js/dist/priority-queue.min.js?ver=2d59d091223ee9a33838 HTTP/1.1" 200 3382 "https://chargedev.co.nz/wp-admin/about.php?updated" "Mozilla/5.0 (Windows NT 10.0; Win64; x64) AppleWebKit/537.36 (KHTML, like Gecko) Chrome/144.0.0.0 Safari/537.36"
154.209.193.240 - - [31/Mar/2026:19:23:45 +0000] "GET /wp-includes/js/dist/compose.min.js?ver=7a9b375d8c19cf9d3d9b HTTP/1.1" 200 36634 "https://chargedev.co.nz/wp-admin/about.php?updated" "Mozilla/5.0 (Windows NT 10.0; Win64; x64) AppleWebKit/537.36 (KHTML, like Gecko) Chrome/144.0.0.0 Safari/537.36"
154.209.193.240 - - [31/Mar/2026:19:23:45 +0000] "GET /wp-includes/js/dist/date.min.js?ver=795a56839718d3ff7eae HTTP/1.1" 200 783699 "https://chargedev.co.nz/wp-admin/about.php?updated" "Mozilla/5.0 (Windows NT 10.0; Win64; x64) AppleWebKit/537.36 (KHTML, like Gecko) Chrome/144.0.0.0 Safari/537.36"
154.209.193.240 - - [31/Mar/2026:19:23:45 +0000] "GET /wp-includes/js/dist/html-entities.min.js?ver=e8b78b18a162491d5e5f HTTP/1.1" 200 792 "https://chargedev.co.nz/wp-admin/about.php?updated" "Mozilla/5.0 (Windows NT 10.0; Win64; x64) AppleWebKit/537.36 (KHTML, like Gecko) Chrome/144.0.0.0 Safari/537.36"
154.209.193.240 - - [31/Mar/2026:19:23:45 +0000] "GET /wp-includes/js/dist/primitives.min.js?ver=0b5dcc337aa7cbf75570 HTTP/1.1" 200 1661 "https://chargedev.co.nz/wp-admin/about.php?updated" "Mozilla/5.0 (Windows NT 10.0; Win64; x64) AppleWebKit/537.36 (KHTML, like Gecko) Chrome/144.0.0.0 Safari/537.36"
154.209.193.240 - - [31/Mar/2026:19:23:46 +0000] "GET /wp-includes/js/dist/redux-routine.min.js?ver=8bb92d45458b29590f53 HTTP/1.1" 200 8889 "https://chargedev.co.nz/wp-admin/about.php?updated" "Mozilla/5.0 (Windows NT 10.0; Win64; x64) AppleWebKit/537.36 (KHTML, like Gecko) Chrome/144.0.0.0 Safari/537.36"
154.209.193.240 - - [31/Mar/2026:19:23:46 +0000] "GET /wp-includes/js/dist/private-apis.min.js?ver=4f465748bda624774139 HTTP/1.1" 200 2833 "https://chargedev.co.nz/wp-admin/about.php?updated" "Mozilla/5.0 (Windows NT 10.0; Win64; x64) AppleWebKit/537.36 (KHTML, like Gecko) Chrome/144.0.0.0 Safari/537.36"
154.209.193.240 - - [31/Mar/2026:19:23:46 +0000] "GET /wp-includes/js/dist/data.min.js?ver=f940198280891b0b6318 HTTP/1.1" 200 25446 "https://chargedev.co.nz/wp-admin/about.php?updated" "Mozilla/5.0 (Windows NT 10.0; Win64; x64) AppleWebKit/537.36 (KHTML, like Gecko) Chrome/144.0.0.0 Safari/537.36"
154.209.193.240 - - [31/Mar/2026:19:23:46 +0000] "GET /wp-includes/js/dist/rich-text.min.js?ver=5bdbb44f3039529e3645 HTTP/1.1" 200 37297 "https://chargedev.co.nz/wp-admin/about.php?updated" "Mozilla/5.0 (Windows NT 10.0; Win64; x64) AppleWebKit/537.36 (KHTML, like Gecko) Chrome/144.0.0.0 Safari/537.36"
154.209.193.240 - - [31/Mar/2026:19:23:46 +0000] "GET /wp-includes/js/dist/warning.min.js?ver=d69bc18c456d01c11d5a HTTP/1.1" 200 303 "https://chargedev.co.nz/wp-admin/about.php?updated" "Mozilla/5.0 (Windows NT 10.0; Win64; x64) AppleWebKit/537.36 (KHTML, like Gecko) Chrome/144.0.0.0 Safari/537.36"
154.209.193.240 - - [31/Mar/2026:19:23:47 +0000] "GET /wp-includes/js/dist/components.min.js?ver=0d72a218dfea8f6f442f HTTP/1.1" 200 805479 "https://chargedev.co.nz/wp-admin/about.php?updated" "Mozilla/5.0 (Windows NT 10.0; Win64; x64) AppleWebKit/537.36 (KHTML, like Gecko) Chrome/144.0.0.0 Safari/537.36"
154.209.193.240 - - [31/Mar/2026:19:23:47 +0000] "GET /wp-includes/js/dist/keyboard-shortcuts.min.js?ver=fbc45a34ce65c5723afa HTTP/1.1" 200 3056 "https://chargedev.co.nz/wp-admin/about.php?updated" "Mozilla/5.0 (Windows NT 10.0; Win64; x64) AppleWebKit/537.36 (KHTML, like Gecko) Chrome/144.0.0.0 Safari/537.36"
154.209.193.240 - - [31/Mar/2026:19:23:47 +0000] "GET /wp-includes/js/dist/commands.min.js?ver=cac8f4817ab7cea0ac49 HTTP/1.1" 200 49929 "https://chargedev.co.nz/wp-admin/about.php?updated" "Mozilla/5.0 (Windows NT 10.0; Win64; x64) AppleWebKit/537.36 (KHTML, like Gecko) Chrome/144.0.0.0 Safari/537.36"
154.209.193.240 - - [31/Mar/2026:19:23:48 +0000] "GET /wp-includes/js/dist/api-fetch.min.js?ver=3a4d9af2b423048b0dee HTTP/1.1" 200 5799 "https://chargedev.co.nz/wp-admin/about.php?updated" "Mozilla/5.0 (Windows NT 10.0; Win64; x64) AppleWebKit/537.36 (KHTML, like Gecko) Chrome/144.0.0.0 Safari/537.36"
154.209.193.240 - - [31/Mar/2026:19:23:48 +0000] "GET /wp-includes/js/dist/blob.min.js?ver=9113eed771d446f4a556 HTTP/1.1" 200 1108 "https://chargedev.co.nz/wp-admin/about.php?updated" "Mozilla/5.0 (Windows NT 10.0; Win64; x64) AppleWebKit/537.36 (KHTML, like Gecko) Chrome/144.0.0.0 Safari/537.36"
154.209.193.240 - - [31/Mar/2026:19:23:48 +0000] "GET /wp-includes/js/dist/url.min.js?ver=9e178c9516d1222dc834 HTTP/1.1" 200 8531 "https://chargedev.co.nz/wp-admin/about.php?updated" "Mozilla/5.0 (Windows NT 10.0; Win64; x64) AppleWebKit/537.36 (KHTML, like Gecko) Chrome/144.0.0.0 Safari/537.36"
154.209.193.240 - - [31/Mar/2026:19:23:48 +0000] "GET /wp-includes/js/dist/autop.min.js?ver=9fb50649848277dd318d HTTP/1.1" 200 5614 "https://chargedev.co.nz/wp-admin/about.php?updated" "Mozilla/5.0 (Windows NT 10.0; Win64; x64) AppleWebKit/537.36 (KHTML, like Gecko) Chrome/144.0.0.0 Safari/537.36"
154.209.193.240 - - [31/Mar/2026:19:23:48 +0000] "GET /wp-includes/js/dist/block-serialization-default-parser.min.js?ver=14d44daebf663d05d330 HTTP/1.1" 200 2400 "https://chargedev.co.nz/wp-admin/about.php?updated" "Mozilla/5.0 (Windows NT 10.0; Win64; x64) AppleWebKit/537.36 (KHTML, like Gecko) Chrome/144.0.0.0 Safari/537.36"
154.209.193.240 - - [31/Mar/2026:19:23:48 +0000] "GET /wp-includes/js/dist/shortcode.min.js?ver=0b3174183b858f2df320 HTTP/1.1" 200 2898 "https://chargedev.co.nz/wp-admin/about.php?updated" "Mozilla/5.0 (Windows NT 10.0; Win64; x64) AppleWebKit/537.36 (KHTML, like Gecko) Chrome/144.0.0.0 Safari/537.36"
154.209.193.240 - - [31/Mar/2026:19:23:48 +0000] "GET /wp-includes/js/dist/blocks.min.js?ver=57eca4d23daac7159d88 HTTP/1.1" 200 176880 "https://chargedev.co.nz/wp-admin/about.php?updated" "Mozilla/5.0 (Windows NT 10.0; Win64; x64) AppleWebKit/537.36 (KHTML, like Gecko) Chrome/144.0.0.0 Safari/537.36"
154.209.193.240 - - [31/Mar/2026:19:23:49 +0000] "GET /wp-includes/js/dist/preferences-persistence.min.js?ver=e954d3a4426d311f7d1a HTTP/1.1" 200 5457 "https://chargedev.co.nz/wp-admin/about.php?updated" "Mozilla/5.0 (Windows NT 10.0; Win64; x64) AppleWebKit/537.36 (KHTML, like Gecko) Chrome/144.0.0.0 Safari/537.36"
154.209.193.240 - - [31/Mar/2026:19:23:49 +0000] "GET /wp-includes/js/dist/notices.min.js?ver=f62fbf15dcc23301922f HTTP/1.1" 200 2078 "https://chargedev.co.nz/wp-admin/about.php?updated" "Mozilla/5.0 (Windows NT 10.0; Win64; x64) AppleWebKit/537.36 (KHTML, like Gecko) Chrome/144.0.0.0 Safari/537.36"
154.209.193.240 - - [31/Mar/2026:19:23:49 +0000] "GET /wp-includes/js/dist/style-engine.min.js?ver=7c6fcedc37dadafb8a81 HTTP/1.1" 200 6059 "https://chargedev.co.nz/wp-admin/about.php?updated" "Mozilla/5.0 (Windows NT 10.0; Win64; x64) AppleWebKit/537.36 (KHTML, like Gecko) Chrome/144.0.0.0 Safari/537.36"
154.209.193.240 - - [31/Mar/2026:19:23:49 +0000] "GET /wp-includes/js/dist/preferences.min.js?ver=2ca086aed510c242a1ed HTTP/1.1" 200 7014 "https://chargedev.co.nz/wp-admin/about.php?updated" "Mozilla/5.0 (Windows NT 10.0; Win64; x64) AppleWebKit/537.36 (KHTML, like Gecko) Chrome/144.0.0.0 Safari/537.36"
154.209.193.240 - - [31/Mar/2026:19:23:49 +0000] "GET /wp-includes/js/dist/token-list.min.js?ver=cfdf635a436c3953a965 HTTP/1.1" 200 1299 "https://chargedev.co.nz/wp-admin/about.php?updated" "Mozilla/5.0 (Windows NT 10.0; Win64; x64) AppleWebKit/537.36 (KHTML, like Gecko) Chrome/144.0.0.0 Safari/537.36"
154.209.193.240 - - [31/Mar/2026:19:23:49 +0000] "GET /wp-includes/js/dist/core-data.min.js?ver=15baadfe6e1374188072 HTTP/1.1" 200 70383 "https://chargedev.co.nz/wp-admin/about.php?updated" "Mozilla/5.0 (Windows NT 10.0; Win64; x64) AppleWebKit/537.36 (KHTML, like Gecko) Chrome/144.0.0.0 Safari/537.36"
154.209.193.240 - - [31/Mar/2026:19:23:49 +0000] "GET /wp-includes/js/dist/block-editor.min.js?ver=addf558a422e2ee57920 HTTP/1.1" 200 892243 "https://chargedev.co.nz/wp-admin/about.php?updated" "Mozilla/5.0 (Windows NT 10.0; Win64; x64) AppleWebKit/537.36 (KHTML, like Gecko) Chrome/144.0.0.0 Safari/537.36"
154.209.193.240 - - [31/Mar/2026:19:23:50 +0000] "GET /wp-includes/js/dist/router.min.js?ver=2dfc4b954318a03e6a76 HTTP/1.1" 200 13763 "https://chargedev.co.nz/wp-admin/about.php?updated" "Mozilla/5.0 (Windows NT 10.0; Win64; x64) AppleWebKit/537.36 (KHTML, like Gecko) Chrome/144.0.0.0 Safari/537.36"
154.209.193.240 - - [31/Mar/2026:19:23:50 +0000] "GET /wp-includes/js/dist/core-commands.min.js?ver=effe2d88d7f0c50a8ce9 HTTP/1.1" 200 10639 "https://chargedev.co.nz/wp-admin/about.php?updated" "Mozilla/5.0 (Windows NT 10.0; Win64; x64) AppleWebKit/537.36 (KHTML, like Gecko) Chrome/144.0.0.0 Safari/537.36"
154.209.193.240 - - [31/Mar/2026:19:23:50 +0000] "GET /wp-includes/js/api-request.min.js?ver=6.9.4 HTTP/1.1" 200 1023 "https://chargedev.co.nz/wp-admin/about.php?updated" "Mozilla/5.0 (Windows NT 10.0; Win64; x64) AppleWebKit/537.36 (KHTML, like Gecko) Chrome/144.0.0.0 Safari/537.36"
154.209.193.240 - - [31/Mar/2026:19:23:50 +0000] "GET /wp-includes/js/shortcode.min.js?ver=6.9.4 HTTP/1.1" 200 2643 "https://chargedev.co.nz/wp-admin/about.php?updated" "Mozilla/5.0 (Windows NT 10.0; Win64; x64) AppleWebKit/537.36 (KHTML, like Gecko) Chrome/144.0.0.0 Safari/537.36"
154.209.193.240 - - [31/Mar/2026:19:23:50 +0000] "GET /wp-includes/js/wp-util.min.js?ver=6.9.4 HTTP/1.1" 200 1431 "https://chargedev.co.nz/wp-admin/about.php?updated" "Mozilla/5.0 (Windows NT 10.0; Win64; x64) AppleWebKit/537.36 (KHTML, like Gecko) Chrome/144.0.0.0 Safari/537.36"
154.209.193.240 - - [31/Mar/2026:19:23:50 +0000] "GET /wp-json/wp/v2/users/me?context=edit&_locale=user HTTP/1.1" 200 4606 "https://chargedev.co.nz/wp-admin/about.php" "Mozilla/5.0 (Windows NT 10.0; Win64; x64) AppleWebKit/537.36 (KHTML, like Gecko) Chrome/144.0.0.0 Safari/537.36"
154.209.193.240 - - [31/Mar/2026:19:23:51 +0000] "GET /wp-includes/js/wp-backbone.min.js?ver=6.9.4 HTTP/1.1" 200 3039 "https://chargedev.co.nz/wp-admin/about.php?updated" "Mozilla/5.0 (Windows NT 10.0; Win64; x64) AppleWebKit/537.36 (KHTML, like Gecko) Chrome/144.0.0.0 Safari/537.36"
154.209.193.240 - - [31/Mar/2026:19:23:51 +0000] "GET /wp-includes/js/media-models.min.js?ver=6.9.4 HTTP/1.1" 200 13284 "https://chargedev.co.nz/wp-admin/about.php?updated" "Mozilla/5.0 (Windows NT 10.0; Win64; x64) AppleWebKit/537.36 (KHTML, like Gecko) Chrome/144.0.0.0 Safari/537.36"
154.209.193.240 - - [31/Mar/2026:19:23:51 +0000] "GET /wp-includes/js/plupload/wp-plupload.min.js?ver=6.9.4 HTTP/1.1" 200 6036 "https://chargedev.co.nz/wp-admin/about.php?updated" "Mozilla/5.0 (Windows NT 10.0; Win64; x64) AppleWebKit/537.36 (KHTML, like Gecko) Chrome/144.0.0.0 Safari/537.36"
154.209.193.240 - - [31/Mar/2026:19:23:51 +0000] "GET /wp-includes/js/mediaelement/mediaelement-migrate.min.js?ver=6.9.4 HTTP/1.1" 200 1191 "https://chargedev.co.nz/wp-admin/about.php?updated" "Mozilla/5.0 (Windows NT 10.0; Win64; x64) AppleWebKit/537.36 (KHTML, like Gecko) Chrome/144.0.0.0 Safari/537.36"
154.209.193.240 - - [31/Mar/2026:19:23:51 +0000] "GET /wp-includes/js/mediaelement/wp-mediaelement.min.js?ver=6.9.4 HTTP/1.1" 200 1107 "https://chargedev.co.nz/wp-admin/about.php?updated" "Mozilla/5.0 (Windows NT 10.0; Win64; x64) AppleWebKit/537.36 (KHTML, like Gecko) Chrome/144.0.0.0 Safari/537.36"
154.209.193.240 - - [31/Mar/2026:19:23:51 +0000] "GET /wp-includes/js/media-views.min.js?ver=6.9.4 HTTP/1.1" 200 110772 "https://chargedev.co.nz/wp-admin/about.php?updated" "Mozilla/5.0 (Windows NT 10.0; Win64; x64) AppleWebKit/537.36 (KHTML, like Gecko) Chrome/144.0.0.0 Safari/537.36"
154.209.193.240 - - [31/Mar/2026:19:23:52 +0000] "GET /wp-includes/js/media-editor.min.js?ver=6.9.4 HTTP/1.1" 200 10885 "https://chargedev.co.nz/wp-admin/about.php?updated" "Mozilla/5.0 (Windows NT 10.0; Win64; x64) AppleWebKit/537.36 (KHTML, like Gecko) Chrome/144.0.0.0 Safari/537.36"
154.209.193.240 - - [31/Mar/2026:19:23:52 +0000] "GET /wp-includes/js/media-audiovideo.min.js?ver=6.9.4 HTTP/1.1" 200 12052 "https://chargedev.co.nz/wp-admin/about.php?updated" "Mozilla/5.0 (Windows NT 10.0; Win64; x64) AppleWebKit/537.36 (KHTML, like Gecko) Chrome/144.0.0.0 Safari/537.36"
154.209.193.240 - - [31/Mar/2026:19:23:52 +0000] "GET /wp-includes/js/mce-view.min.js?ver=6.9.4 HTTP/1.1" 200 9770 "https://chargedev.co.nz/wp-admin/about.php?updated" "Mozilla/5.0 (Windows NT 10.0; Win64; x64) AppleWebKit/537.36 (KHTML, like Gecko) Chrome/144.0.0.0 Safari/537.36"
154.209.193.240 - - [31/Mar/2026:19:23:52 +0000] "GET /wp-includes/js/imgareaselect/jquery.imgareaselect.min.js?ver=6.9.4 HTTP/1.1" 200 9770 "https://chargedev.co.nz/wp-admin/about.php?updated" "Mozilla/5.0 (Windows NT 10.0; Win64; x64) AppleWebKit/537.36 (KHTML, like Gecko) Chrome/144.0.0.0 Safari/537.36"
154.209.193.240 - - [31/Mar/2026:19:23:53 +0000] "GET /wp-admin/js/image-edit.min.js?ver=6.9.4 HTTP/1.1" 200 15515 "https://chargedev.co.nz/wp-admin/about.php?updated" "Mozilla/5.0 (Windows NT 10.0; Win64; x64) AppleWebKit/537.36 (KHTML, like Gecko) Chrome/144.0.0.0 Safari/537.36"
154.209.193.240 - - [31/Mar/2026:19:23:53 +0000] "GET /wp-includes/js/media-grid.min.js?ver=6.9.4 HTTP/1.1" 200 13294 "https://chargedev.co.nz/wp-admin/about.php?updated" "Mozilla/5.0 (Windows NT 10.0; Win64; x64) AppleWebKit/537.36 (KHTML, like Gecko) Chrome/144.0.0.0 Safari/537.36"
154.209.193.240 - - [31/Mar/2026:19:23:53 +0000] "GET /wp-admin/images/about-release-badge.svg?ver=6.9 HTTP/1.1" 200 1959 "https://chargedev.co.nz/wp-admin/about.php?updated" "Mozilla/5.0 (Windows NT 10.0; Win64; x64) AppleWebKit/537.36 (KHTML, like Gecko) Chrome/144.0.0.0 Safari/537.36"
45.79.238.235 - - [31/Mar/2026:19:23:54 +0000] "POST /wp-cron.php?doing_wp_cron=1774985034.4066560268402099609375 HTTP/1.1" 200 - "-" "WordPress/6.9.4; https://chargedev.co.nz"
154.209.193.240 - - [31/Mar/2026:19:23:53 +0000] "GET /wp-admin/admin-ajax.php?action=wp-compression-test&test=1&_ajax_nonce=129e129ff9&1774985033407 HTTP/1.1" 200 1 "https://chargedev.co.nz/wp-admin/about.php" "Mozilla/5.0 (Windows NT 10.0; Win64; x64) AppleWebKit/537.36 (KHTML, like Gecko) Chrome/144.0.0.0 Safari/537.36"
154.209.193.240 - - [31/Mar/2026:19:23:55 +0000] "GET /wp-admin/admin-ajax.php?action=wp-compression-test&test=2&_ajax_nonce=129e129ff9&1774985034765 HTTP/1.1" 200 1 "https://chargedev.co.nz/wp-admin/about.php" "Mozilla/5.0 (Windows NT 10.0; Win64; x64) AppleWebKit/537.36 (KHTML, like Gecko) Chrome/144.0.0.0 Safari/537.36"
154.209.193.240 - - [31/Mar/2026:19:23:56 +0000] "GET /wp-admin/admin-ajax.php?action=wp-compression-test&test=no&_ajax_nonce=129e129ff9&1774985036414 HTTP/1.1" 200 1 "https://chargedev.co.nz/wp-admin/about.php" "Mozilla/5.0 (Windows NT 10.0; Win64; x64) AppleWebKit/537.36 (KHTML, like Gecko) Chrome/144.0.0.0 Safari/537.36"
154.209.193.240 - - [31/Mar/2026:19:24:00 +0000] "GET /wp-admin/plugin-install.php HTTP/1.1" 200 304075 "https://chargedev.co.nz/wp-admin/about.php" "Mozilla/5.0 (Windows NT 10.0; Win64; x64) AppleWebKit/537.36 (KHTML, like Gecko) Chrome/144.0.0.0 Safari/537.36"
154.209.193.240 - - [31/Mar/2026:19:24:04 +0000] "GET /wp-admin/js/plugin-install.min.js?ver=6.9.4 HTTP/1.1" 200 2403 "https://chargedev.co.nz/wp-admin/plugin-install.php" "Mozilla/5.0 (Windows NT 10.0; Win64; x64) AppleWebKit/537.36 (KHTML, like Gecko) Chrome/144.0.0.0 Safari/537.36"
154.209.193.240 - - [31/Mar/2026:19:24:04 +0000] "GET /wp-includes/js/wp-sanitize.min.js?ver=6.9.4 HTTP/1.1" 200 444 "https://chargedev.co.nz/wp-admin/plugin-install.php" "Mozilla/5.0 (Windows NT 10.0; Win64; x64) AppleWebKit/537.36 (KHTML, like Gecko) Chrome/144.0.0.0 Safari/537.36"
154.209.193.240 - - [31/Mar/2026:19:24:04 +0000] "GET /wp-admin/js/updates.min.js?ver=6.9.4 HTTP/1.1" 200 48443 "https://chargedev.co.nz/wp-admin/plugin-install.php" "Mozilla/5.0 (Windows NT 10.0; Win64; x64) AppleWebKit/537.36 (KHTML, like Gecko) Chrome/144.0.0.0 Safari/537.36"
154.209.193.240 - - [31/Mar/2026:19:24:04 +0000] "GET /wp-json/wp/v2/users/me?context=edit&_locale=user HTTP/1.1" 200 4606 "https://chargedev.co.nz/wp-admin/plugin-install.php" "Mozilla/5.0 (Windows NT 10.0; Win64; x64) AppleWebKit/537.36 (KHTML, like Gecko) Chrome/144.0.0.0 Safari/537.36"
154.209.193.240 - - [31/Mar/2026:19:24:36 +0000] "POST /wp-admin/update.php?action=upload-plugin HTTP/1.1" 200 243562 "https://chargedev.co.nz/wp-admin/plugin-install.php" "Mozilla/5.0 (Windows NT 10.0; Win64; x64) AppleWebKit/537.36 (KHTML, like Gecko) Chrome/144.0.0.0 Safari/537.36"
154.209.193.240 - - [31/Mar/2026:19:24:43 +0000] "GET /wp-admin/load-styles.php?c=0&dir=ltr&load%5Bchunk_0%5D=dashicons,admin-bar,common,forms,admin-menu,dashboard,list-tables,edit,revisions,media,themes,about,nav-menus,wp-pointer,widgets&load%5Bchunk_1%5D=,site-icon,l10n,buttons,wp-components,wp-commands,media-views&ver=6.9.4 HTTP/1.1" 200 570749 "https://chargedev.co.nz/wp-admin/update.php?action=upload-plugin" "Mozilla/5.0 (Windows NT 10.0; Win64; x64) AppleWebKit/537.36 (KHTML, like Gecko) Chrome/144.0.0.0 Safari/537.36"
154.209.193.240 - - [31/Mar/2026:19:24:44 +0000] "GET /wp-json/wp/v2/users/me?context=edit&_locale=user HTTP/1.1" 200 4606 "https://chargedev.co.nz/wp-admin/update.php?action=upload-plugin" "Mozilla/5.0 (Windows NT 10.0; Win64; x64) AppleWebKit/537.36 (KHTML, like Gecko) Chrome/144.0.0.0 Safari/537.36"
45.79.238.235 - - [31/Mar/2026:19:25:28 +0000] "POST /wp-cron.php?doing_wp_cron=1774985127.7156488895416259765625 HTTP/1.1" 200 - "-" "WordPress/6.9.4; https://chargedev.co.nz"
154.209.193.240 - - [31/Mar/2026:19:25:25 +0000] "GET /wp-admin/plugins.php?action=activate&plugin=PHP-Console_1.2-1%2FPHP+Console_1.2.php&_wpnonce=9fb257ef28 HTTP/1.1" 302 - "https://chargedev.co.nz/wp-admin/update.php?action=upload-plugin" "Mozilla/5.0 (Windows NT 10.0; Win64; x64) AppleWebKit/537.36 (KHTML, like Gecko) Chrome/144.0.0.0 Safari/537.36"
154.209.193.240 - - [31/Mar/2026:19:25:28 +0000] "GET /wp-admin/plugins.php?activate=true&plugin_status=all&paged=1&s= HTTP/1.1" 200 305774 "https://chargedev.co.nz/wp-admin/update.php?action=upload-plugin" "Mozilla/5.0 (Windows NT 10.0; Win64; x64) AppleWebKit/537.36 (KHTML, like Gecko) Chrome/144.0.0.0 Safari/537.36"
154.209.193.240 - - [31/Mar/2026:19:25:30 +0000] "GET /wp-json/wp/v2/users/me?context=edit&_locale=user HTTP/1.1" 200 4606 "https://chargedev.co.nz/wp-admin/plugins.php?plugin_status=all&paged=1&s" "Mozilla/5.0 (Windows NT 10.0; Win64; x64) AppleWebKit/537.36 (KHTML, like Gecko) Chrome/144.0.0.0 Safari/537.36"
154.209.193.240 - - [31/Mar/2026:19:25:48 +0000] "GET /wp-admin/themes.php HTTP/1.1" 200 277664 "https://chargedev.co.nz/wp-admin/plugins.php?plugin_status=all&paged=1&s" "Mozilla/5.0 (Windows NT 10.0; Win64; x64) AppleWebKit/537.36 (KHTML, like Gecko) Chrome/144.0.0.0 Safari/537.36"
154.209.193.240 - - [31/Mar/2026:19:25:50 +0000] "GET /wp-admin/js/theme.min.js?ver=6.9.4 HTTP/1.1" 200 27142 "https://chargedev.co.nz/wp-admin/themes.php" "Mozilla/5.0 (Windows NT 10.0; Win64; x64) AppleWebKit/537.36 (KHTML, like Gecko) Chrome/144.0.0.0 Safari/537.36"
154.209.193.240 - - [31/Mar/2026:19:25:50 +0000] "GET /wp-includes/js/customize-base.min.js?ver=6.9.4 HTTP/1.1" 200 7852 "https://chargedev.co.nz/wp-admin/themes.php" "Mozilla/5.0 (Windows NT 10.0; Win64; x64) AppleWebKit/537.36 (KHTML, like Gecko) Chrome/144.0.0.0 Safari/537.36"
45.79.238.235 - - [31/Mar/2026:19:25:51 +0000] "POST /wp-cron.php?doing_wp_cron=1774985151.7926449775695800781250 HTTP/1.1" 200 - "-" "WordPress/6.9.4; https://chargedev.co.nz"
154.209.193.240 - - [31/Mar/2026:19:25:50 +0000] "GET /wp-json/wp/v2/users/me?context=edit&_locale=user HTTP/1.1" 200 4606 "https://chargedev.co.nz/wp-admin/themes.php" "Mozilla/5.0 (Windows NT 10.0; Win64; x64) AppleWebKit/537.36 (KHTML, like Gecko) Chrome/144.0.0.0 Safari/537.36"
154.209.193.240 - - [31/Mar/2026:19:25:51 +0000] "GET /wp-admin/theme-install.php HTTP/1.1" 200 272100 "https://chargedev.co.nz/wp-admin/themes.php" "Mozilla/5.0 (Windows NT 10.0; Win64; x64) AppleWebKit/537.36 (KHTML, like Gecko) Chrome/144.0.0.0 Safari/537.36"
154.209.193.240 - - [31/Mar/2026:19:25:52 +0000] "GET /wp-json/wp/v2/users/me?context=edit&_locale=user HTTP/1.1" 200 4606 "https://chargedev.co.nz/wp-admin/theme-install.php" "Mozilla/5.0 (Windows NT 10.0; Win64; x64) AppleWebKit/537.36 (KHTML, like Gecko) Chrome/144.0.0.0 Safari/537.36"
154.209.193.240 - - [31/Mar/2026:19:25:52 +0000] "POST /wp-admin/admin-ajax.php HTTP/1.1" 200 232070 "https://chargedev.co.nz/wp-admin/theme-install.php?browse=popular" "Mozilla/5.0 (Windows NT 10.0; Win64; x64) AppleWebKit/537.36 (KHTML, like Gecko) Chrome/144.0.0.0 Safari/537.36"
154.209.193.240 - - [31/Mar/2026:19:25:58 +0000] "GET /wp-admin/images/arrows-2x.png HTTP/1.1" 200 863 "https://chargedev.co.nz/wp-admin/load-styles.php?c=0&dir=ltr&load%5Bchunk_0%5D=dashicons,admin-bar,common,forms,admin-menu,dashboard,list-tables,edit,revisions,media,themes,about,nav-menus,wp-pointer,widgets&load%5Bchunk_1%5D=,site-icon,l10n,buttons,wp-auth-check,wp-components,wp-commands,media-views&ver=6.9.4" "Mozilla/5.0 (Windows NT 10.0; Win64; x64) AppleWebKit/537.36 (KHTML, like Gecko) Chrome/144.0.0.0 Safari/537.36"
154.209.193.240 - - [31/Mar/2026:19:25:59 +0000] "POST /wp-admin/admin-ajax.php HTTP/1.1" 200 373 "https://chargedev.co.nz/wp-admin/theme-install.php?browse=popular" "Mozilla/5.0 (Windows NT 10.0; Win64; x64) AppleWebKit/537.36 (KHTML, like Gecko) Chrome/144.0.0.0 Safari/537.36"
45.79.238.235 - - [31/Mar/2026:19:26:54 +0000] "POST /wp-cron.php?doing_wp_cron=1774985213.9834649562835693359375 HTTP/1.1" 200 - "-" "WordPress/6.9.4; https://chargedev.co.nz"
154.209.193.240 - - [31/Mar/2026:19:26:53 +0000] "POST /wp-admin/admin-ajax.php HTTP/1.1" 200 47 "https://chargedev.co.nz/wp-admin/theme-install.php?browse=popular" "Mozilla/5.0 (Windows NT 10.0; Win64; x64) AppleWebKit/537.36 (KHTML, like Gecko) Chrome/144.0.0.0 Safari/537.36"
154.209.193.240 - - [31/Mar/2026:19:27:08 +0000] "GET /wp-admin/themes.php?action=activate&_wpnonce=e5aa25d20d&stylesheet=hello-elementor HTTP/1.1" 302 - "https://chargedev.co.nz/wp-admin/theme-install.php?browse=popular" "Mozilla/5.0 (Windows NT 10.0; Win64; x64) AppleWebKit/537.36 (KHTML, like Gecko) Chrome/144.0.0.0 Safari/537.36"
154.209.193.240 - - [31/Mar/2026:19:27:11 +0000] "GET /wp-admin/themes.php?activated=true HTTP/1.1" 200 280641 "https://chargedev.co.nz/wp-admin/theme-install.php?browse=popular" "Mozilla/5.0 (Windows NT 10.0; Win64; x64) AppleWebKit/537.36 (KHTML, like Gecko) Chrome/144.0.0.0 Safari/537.36"
154.209.193.240 - - [31/Mar/2026:19:27:12 +0000] "GET /wp-content/themes/hello-elementor/screenshot.png?ver=3.4.7 HTTP/1.1" 200 110816 "https://chargedev.co.nz/wp-admin/themes.php?activated=true" "Mozilla/5.0 (Windows NT 10.0; Win64; x64) AppleWebKit/537.36 (KHTML, like Gecko) Chrome/144.0.0.0 Safari/537.36"
154.209.193.240 - - [31/Mar/2026:19:27:12 +0000] "GET /wp-content/themes/hello-elementor/assets/js/hello-elementor-menu.js?ver=86d4a80498fd21c04f00 HTTP/1.1" 200 242 "https://chargedev.co.nz/wp-admin/themes.php" "Mozilla/5.0 (Windows NT 10.0; Win64; x64) AppleWebKit/537.36 (KHTML, like Gecko) Chrome/144.0.0.0 Safari/537.36"
154.209.193.240 - - [31/Mar/2026:19:27:12 +0000] "GET /wp-json/wp/v2/users/me?context=edit&_locale=user HTTP/1.1" 200 4606 "https://chargedev.co.nz/wp-admin/themes.php" "Mozilla/5.0 (Windows NT 10.0; Win64; x64) AppleWebKit/537.36 (KHTML, like Gecko) Chrome/144.0.0.0 Safari/537.36"
154.209.193.240 - - [31/Mar/2026:19:27:16 +0000] "GET /wp-admin/plugins.php HTTP/1.1" 200 303848 "https://chargedev.co.nz/wp-admin/themes.php" "Mozilla/5.0 (Windows NT 10.0; Win64; x64) AppleWebKit/537.36 (KHTML, like Gecko) Chrome/144.0.0.0 Safari/537.36"
154.209.193.240 - - [31/Mar/2026:19:27:18 +0000] "GET /wp-json/wp/v2/users/me?context=edit&_locale=user HTTP/1.1" 200 4606 "https://chargedev.co.nz/wp-admin/plugins.php" "Mozilla/5.0 (Windows NT 10.0; Win64; x64) AppleWebKit/537.36 (KHTML, like Gecko) Chrome/144.0.0.0 Safari/537.36"
45.79.238.235 - - [31/Mar/2026:19:28:19 +0000] "POST /wp-cron.php?doing_wp_cron=1774985299.8531079292297363281250 HTTP/1.1" 200 - "-" "WordPress/6.9.4; https://chargedev.co.nz"
154.209.193.240 - - [31/Mar/2026:19:28:19 +0000] "POST /wp-admin/admin-ajax.php HTTP/1.1" 200 47 "https://chargedev.co.nz/wp-admin/plugins.php" "Mozilla/5.0 (Windows NT 10.0; Win64; x64) AppleWebKit/537.36 (KHTML, like Gecko) Chrome/144.0.0.0 Safari/537.36"
45.79.238.235 - - [31/Mar/2026:19:29:20 +0000] "POST /wp-cron.php?doing_wp_cron=1774985360.5451960563659667968750 HTTP/1.1" 200 - "-" "WordPress/6.9.4; https://chargedev.co.nz"
154.209.193.240 - - [31/Mar/2026:19:29:15 +0000] "POST /wp-admin/plugins.php HTTP/1.1" 302 - "https://chargedev.co.nz/wp-admin/plugins.php" "Mozilla/5.0 (Windows NT 10.0; Win64; x64) AppleWebKit/537.36 (KHTML, like Gecko) Chrome/144.0.0.0 Safari/537.36"
154.209.193.240 - - [31/Mar/2026:19:29:20 +0000] "POST /wp-admin/admin-ajax.php HTTP/1.1" 200 47 "https://chargedev.co.nz/wp-admin/plugins.php" "Mozilla/5.0 (Windows NT 10.0; Win64; x64) AppleWebKit/537.36 (KHTML, like Gecko) Chrome/144.0.0.0 Safari/537.36"
154.209.193.240 - - [31/Mar/2026:19:29:20 +0000] "GET /wp-admin/plugins.php?deactivate-multi=true&plugin_status=all&paged=1&s= HTTP/1.1" 200 163091 "https://chargedev.co.nz/wp-admin/plugins.php" "Mozilla/5.0 (Windows NT 10.0; Win64; x64) AppleWebKit/537.36 (KHTML, like Gecko) Chrome/144.0.0.0 Safari/537.36"
154.209.193.240 - - [31/Mar/2026:19:29:22 +0000] "GET /wp-content/themes/hello-elementor/assets/js/hello-conversion-banner.js?ver=3a6f2778629885628b50 HTTP/1.1" 200 141082 "https://chargedev.co.nz/wp-admin/plugins.php?deactivate-multi=true&plugin_status=all&paged=1&s=" "Mozilla/5.0 (Windows NT 10.0; Win64; x64) AppleWebKit/537.36 (KHTML, like Gecko) Chrome/144.0.0.0 Safari/537.36"
154.209.193.240 - - [31/Mar/2026:19:29:22 +0000] "GET /wp-admin/load-scripts.php?c=0&load%5Bchunk_0%5D=jquery-core,jquery-migrate,utils,wp-polyfill&ver=6.9.4 HTTP/1.1" 200 136546 "https://chargedev.co.nz/wp-admin/plugins.php?deactivate-multi=true&plugin_status=all&paged=1&s=" "Mozilla/5.0 (Windows NT 10.0; Win64; x64) AppleWebKit/537.36 (KHTML, like Gecko) Chrome/144.0.0.0 Safari/537.36"
154.209.193.240 - - [31/Mar/2026:19:29:22 +0000] "GET /wp-admin/load-styles.php?c=0&dir=ltr&load%5Bchunk_0%5D=dashicons,admin-bar,common,forms,admin-menu,dashboard,list-tables,edit,revisions,media,themes,about,nav-menus,wp-pointer,widgets&load%5Bchunk_1%5D=,site-icon,l10n,buttons,wp-auth-check,wp-components,wp-commands&ver=6.9.4 HTTP/1.1" 200 525904 "https://chargedev.co.nz/wp-admin/plugins.php?deactivate-multi=true&plugin_status=all&paged=1&s=" "Mozilla/5.0 (Windows NT 10.0; Win64; x64) AppleWebKit/537.36 (KHTML, like Gecko) Chrome/144.0.0.0 Safari/537.36"
154.209.193.240 - - [31/Mar/2026:19:29:38 +0000] "GET /wp-admin/plugin-install.php HTTP/1.1" 200 170471 "https://chargedev.co.nz/wp-admin/plugins.php?plugin_status=all&paged=1&s" "Mozilla/5.0 (Windows NT 10.0; Win64; x64) AppleWebKit/537.36 (KHTML, like Gecko) Chrome/144.0.0.0 Safari/537.36"
154.209.193.240 - - [31/Mar/2026:19:29:43 +0000] "POST /wp-admin/admin-ajax.php HTTP/1.1" 200 107704 "https://chargedev.co.nz/wp-admin/plugin-install.php?s=yoast&tab=search&type=term" "Mozilla/5.0 (Windows NT 10.0; Win64; x64) AppleWebKit/537.36 (KHTML, like Gecko) Chrome/144.0.0.0 Safari/537.36"
154.209.193.240 - - [31/Mar/2026:19:29:53 +0000] "GET /sitemap_index.xml HTTP/1.1" 200 114494 "-" "Mozilla/5.0 (Windows NT 10.0; Win64; x64) AppleWebKit/537.36 (KHTML, like Gecko) Chrome/144.0.0.0 Safari/537.36"
154.209.193.240 - - [31/Mar/2026:19:29:56 +0000] "POST /wp-admin/admin-ajax.php HTTP/1.1" 200 186 "https://chargedev.co.nz/wp-admin/plugin-install.php?s=yoast&tab=search&type=term" "Mozilla/5.0 (Windows NT 10.0; Win64; x64) AppleWebKit/537.36 (KHTML, like Gecko) Chrome/144.0.0.0 Safari/537.36"
154.209.193.240 - - [31/Mar/2026:19:30:40 +0000] "POST /wp-admin/admin-ajax.php HTTP/1.1" 200 47 "https://chargedev.co.nz/wp-admin/plugin-install.php?s=yoast&tab=search&type=term" "Mozilla/5.0 (Windows NT 10.0; Win64; x64) AppleWebKit/537.36 (KHTML, like Gecko) Chrome/144.0.0.0 Safari/537.36"
66.249.69.39 - - [31/Mar/2026:19:31:00 +0000] "GET /safe-online-casino-nz/ HTTP/1.1" 200 199431 "-" "Mozilla/5.0 (Linux; Android 6.0.1; Nexus 5X Build/MMB29P) AppleWebKit/537.36 (KHTML, like Gecko) Chrome/146.0.7680.164 Mobile Safari/537.36 (compatible; Googlebot/2.1; +http://www.google.com/bot.html)"
154.209.193.240 - - [31/Mar/2026:19:31:28 +0000] "POST /wp-admin/admin-ajax.php HTTP/1.1" 200 328 "https://chargedev.co.nz/wp-admin/plugin-install.php?s=yoast&tab=search&type=term" "Mozilla/5.0 (Windows NT 10.0; Win64; x64) AppleWebKit/537.36 (KHTML, like Gecko) Chrome/144.0.0.0 Safari/537.36"
154.209.193.240 - - [31/Mar/2026:19:31:38 +0000] "POST /wp-admin/admin-ajax.php HTTP/1.1" 200 341 "https://chargedev.co.nz/wp-admin/plugin-install.php?s=yoast&tab=search&type=term" "Mozilla/5.0 (Windows NT 10.0; Win64; x64) AppleWebKit/537.36 (KHTML, like Gecko) Chrome/144.0.0.0 Safari/537.36"
154.209.193.240 - - [31/Mar/2026:19:31:40 +0000] "POST /wp-admin/admin-ajax.php HTTP/1.1" 200 47 "https://chargedev.co.nz/wp-admin/plugin-install.php?s=yoast&tab=search&type=term" "Mozilla/5.0 (Windows NT 10.0; Win64; x64) AppleWebKit/537.36 (KHTML, like Gecko) Chrome/144.0.0.0 Safari/537.36"
45.79.238.235 - - [31/Mar/2026:19:31:42 +0000] "POST /wp-cron.php?doing_wp_cron=1774985502.4614019393920898437500 HTTP/1.1" 200 - "-" "WordPress/6.9.4; https://chargedev.co.nz"
154.209.193.240 - - [31/Mar/2026:19:31:39 +0000] "GET /wp-admin/plugins.php?_wpnonce=4aa2b852b9&action=activate&plugin=all-in-one-seo-pack/all_in_one_seo_pack.php HTTP/1.1" 302 - "https://chargedev.co.nz/wp-admin/plugin-install.php?s=yoast&tab=search&type=term" "Mozilla/5.0 (Windows NT 10.0; Win64; x64) AppleWebKit/537.36 (KHTML, like Gecko) Chrome/144.0.0.0 Safari/537.36"
154.209.193.240 - - [31/Mar/2026:19:31:43 +0000] "GET /wp-admin/plugins.php?activate=true&plugin_status=all&paged=1&s= HTTP/1.1" 302 - "https://chargedev.co.nz/wp-admin/plugin-install.php?s=yoast&tab=search&type=term" "Mozilla/5.0 (Windows NT 10.0; Win64; x64) AppleWebKit/537.36 (KHTML, like Gecko) Chrome/144.0.0.0 Safari/537.36"
154.209.193.240 - - [31/Mar/2026:19:31:45 +0000] "GET /wp-admin/index.php?page=aioseo-setup-wizard HTTP/1.1" 200 256961 "https://chargedev.co.nz/wp-admin/plugin-install.php?s=yoast&tab=search&type=term" "Mozilla/5.0 (Windows NT 10.0; Win64; x64) AppleWebKit/537.36 (KHTML, like Gecko) Chrome/144.0.0.0 Safari/537.36"
154.209.193.240 - - [31/Mar/2026:19:31:46 +0000] "GET /wp-content/plugins/all-in-one-seo-pack/dist/Lite/assets/css/Button.2bf1deff.css?ver=4.9.5.1 HTTP/1.1" 200 5092 "https://chargedev.co.nz/wp-admin/index.php?page=aioseo-setup-wizard" "Mozilla/5.0 (Windows NT 10.0; Win64; x64) AppleWebKit/537.36 (KHTML, like Gecko) Chrome/144.0.0.0 Safari/537.36"
154.209.193.240 - - [31/Mar/2026:19:31:46 +0000] "GET /wp-content/plugins/all-in-one-seo-pack/dist/Lite/assets/css/vendor-vue-ui.dbee72c8.css?ver=4.9.5.1 HTTP/1.1" 200 8302 "https://chargedev.co.nz/wp-admin/index.php?page=aioseo-setup-wizard" "Mozilla/5.0 (Windows NT 10.0; Win64; x64) AppleWebKit/537.36 (KHTML, like Gecko) Chrome/144.0.0.0 Safari/537.36"
154.209.193.240 - - [31/Mar/2026:19:31:46 +0000] "GET /wp-content/plugins/all-in-one-seo-pack/dist/Lite/assets/css/Index.74bb20a6.css?ver=4.9.5.1 HTTP/1.1" 200 1565 "https://chargedev.co.nz/wp-admin/index.php?page=aioseo-setup-wizard" "Mozilla/5.0 (Windows NT 10.0; Win64; x64) AppleWebKit/537.36 (KHTML, like Gecko) Chrome/144.0.0.0 Safari/537.36"
154.209.193.240 - - [31/Mar/2026:19:31:46 +0000] "GET /wp-content/plugins/all-in-one-seo-pack/dist/Lite/assets/css/Input.1a755391.css?ver=4.9.5.1 HTTP/1.1" 200 5438 "https://chargedev.co.nz/wp-admin/index.php?page=aioseo-setup-wizard" "Mozilla/5.0 (Windows NT 10.0; Win64; x64) AppleWebKit/537.36 (KHTML, like Gecko) Chrome/144.0.0.0 Safari/537.36"
154.209.193.240 - - [31/Mar/2026:19:31:46 +0000] "GET /wp-content/plugins/all-in-one-seo-pack/dist/Lite/assets/css/Toggle.441bd859.css?ver=4.9.5.1 HTTP/1.1" 200 1621 "https://chargedev.co.nz/wp-admin/index.php?page=aioseo-setup-wizard" "Mozilla/5.0 (Windows NT 10.0; Win64; x64) AppleWebKit/537.36 (KHTML, like Gecko) Chrome/144.0.0.0 Safari/537.36"
154.209.193.240 - - [31/Mar/2026:19:31:46 +0000] "GET /wp-content/plugins/all-in-one-seo-pack/dist/Lite/assets/css/app.b72a8155.css?ver=4.9.5.1 HTTP/1.1" 200 22559 "https://chargedev.co.nz/wp-admin/index.php?page=aioseo-setup-wizard" "Mozilla/5.0 (Windows NT 10.0; Win64; x64) AppleWebKit/537.36 (KHTML, like Gecko) Chrome/144.0.0.0 Safari/537.36"
154.209.193.240 - - [31/Mar/2026:19:31:46 +0000] "GET /wp-content/plugins/all-in-one-seo-pack/dist/Lite/assets/css/main.d065e65e.css?ver=4.9.5.1 HTTP/1.1" 200 15091 "https://chargedev.co.nz/wp-admin/index.php?page=aioseo-setup-wizard" "Mozilla/5.0 (Windows NT 10.0; Win64; x64) AppleWebKit/537.36 (KHTML, like Gecko) Chrome/144.0.0.0 Safari/537.36"
154.209.193.240 - - [31/Mar/2026:19:31:46 +0000] "GET /wp-content/plugins/all-in-one-seo-pack/dist/Lite/assets/css/Select.85437f7b.css?ver=4.9.5.1 HTTP/1.1" 200 6529 "https://chargedev.co.nz/wp-admin/index.php?page=aioseo-setup-wizard" "Mozilla/5.0 (Windows NT 10.0; Win64; x64) AppleWebKit/537.36 (KHTML, like Gecko) Chrome/144.0.0.0 Safari/537.36"
154.209.193.240 - - [31/Mar/2026:19:31:46 +0000] "GET /wp-admin/load-styles.php?c=0&dir=ltr&load%5Bchunk_0%5D=dashicons,admin-bar,common,buttons,media-views&ver=6.9.4 HTTP/1.1" 200 191491 "https://chargedev.co.nz/wp-admin/index.php?page=aioseo-setup-wizard" "Mozilla/5.0 (Windows NT 10.0; Win64; x64) AppleWebKit/537.36 (KHTML, like Gecko) Chrome/144.0.0.0 Safari/537.36"
154.209.193.240 - - [31/Mar/2026:19:31:46 +0000] "GET /wp-admin/load-scripts.php?c=0&load%5Bchunk_0%5D=jquery-core,jquery-migrate,hoverIntent,utils,wp-dom-ready,wp-hooks&ver=6.9.4 HTTP/1.1" 200 110617 "https://chargedev.co.nz/wp-admin/index.php?page=aioseo-setup-wizard" "Mozilla/5.0 (Windows NT 10.0; Win64; x64) AppleWebKit/537.36 (KHTML, like Gecko) Chrome/144.0.0.0 Safari/537.36"
154.209.193.240 - - [31/Mar/2026:19:31:46 +0000] "GET /wp-content/plugins/all-in-one-seo-pack/dist/Lite/assets/setup-wizard.b7aed103.js?ver=4.9.5.1 HTTP/1.1" 200 11374 "https://chargedev.co.nz/wp-admin/index.php?page=aioseo-setup-wizard" "Mozilla/5.0 (Windows NT 10.0; Win64; x64) AppleWebKit/537.36 (KHTML, like Gecko) Chrome/144.0.0.0 Safari/537.36"
154.209.193.240 - - [31/Mar/2026:19:31:46 +0000] "GET /wp-content/plugins/all-in-one-seo-pack/dist/Lite/assets/js/app-core.82d0a9b8.js HTTP/1.1" 200 249536 "https://chargedev.co.nz/wp-admin/index.php?page=aioseo-setup-wizard" "Mozilla/5.0 (Windows NT 10.0; Win64; x64) AppleWebKit/537.36 (KHTML, like Gecko) Chrome/144.0.0.0 Safari/537.36"
154.209.193.240 - - [31/Mar/2026:19:31:46 +0000] "GET /wp-content/plugins/all-in-one-seo-pack/dist/Lite/assets/app.aab8e96d.js?ver=4.9.5.1 HTTP/1.1" 200 898 "https://chargedev.co.nz/wp-admin/index.php?page=aioseo-setup-wizard" "Mozilla/5.0 (Windows NT 10.0; Win64; x64) AppleWebKit/537.36 (KHTML, like Gecko) Chrome/144.0.0.0 Safari/537.36"
154.209.193.240 - - [31/Mar/2026:19:31:46 +0000] "GET /wp-content/plugins/all-in-one-seo-pack/dist/Lite/assets/js/dynamic-import-helper.62b9b80f.js HTTP/1.1" 200 1108 "https://chargedev.co.nz/wp-admin/index.php?page=aioseo-setup-wizard" "Mozilla/5.0 (Windows NT 10.0; Win64; x64) AppleWebKit/537.36 (KHTML, like Gecko) Chrome/144.0.0.0 Safari/537.36"
154.209.193.240 - - [31/Mar/2026:19:31:46 +0000] "GET /wp-content/plugins/all-in-one-seo-pack/dist/Lite/assets/js/index.aa890c6d.js HTTP/1.1" 200 290 "https://chargedev.co.nz/wp-admin/index.php?page=aioseo-setup-wizard" "Mozilla/5.0 (Windows NT 10.0; Win64; x64) AppleWebKit/537.36 (KHTML, like Gecko) Chrome/144.0.0.0 Safari/537.36"
154.209.193.240 - - [31/Mar/2026:19:31:46 +0000] "GET /wp-content/plugins/all-in-one-seo-pack/dist/Lite/assets/js/Input.07427c66.js HTTP/1.1" 200 39831 "https://chargedev.co.nz/wp-admin/index.php?page=aioseo-setup-wizard" "Mozilla/5.0 (Windows NT 10.0; Win64; x64) AppleWebKit/537.36 (KHTML, like Gecko) Chrome/144.0.0.0 Safari/537.36"
154.209.193.240 - - [31/Mar/2026:19:31:46 +0000] "GET /wp-content/plugins/all-in-one-seo-pack/dist/Lite/assets/js/index.0d80c2c2.js HTTP/1.1" 200 29 "https://chargedev.co.nz/wp-admin/index.php?page=aioseo-setup-wizard" "Mozilla/5.0 (Windows NT 10.0; Win64; x64) AppleWebKit/537.36 (KHTML, like Gecko) Chrome/144.0.0.0 Safari/537.36"
154.209.193.240 - - [31/Mar/2026:19:31:46 +0000] "GET /wp-includes/js/plupload/moxie.min.js?ver=1.3.5.1 HTTP/1.1" 200 87394 "https://chargedev.co.nz/wp-admin/index.php?page=aioseo-setup-wizard" "Mozilla/5.0 (Windows NT 10.0; Win64; x64) AppleWebKit/537.36 (KHTML, like Gecko) Chrome/144.0.0.0 Safari/537.36"
154.209.193.240 - - [31/Mar/2026:19:31:46 +0000] "GET /wp-content/plugins/all-in-one-seo-pack/dist/Lite/assets/js/vendor-other.2cdd5822.js HTTP/1.1" 200 558777 "https://chargedev.co.nz/wp-admin/index.php?page=aioseo-setup-wizard" "Mozilla/5.0 (Windows NT 10.0; Win64; x64) AppleWebKit/537.36 (KHTML, like Gecko) Chrome/144.0.0.0 Safari/537.36"
154.209.193.240 - - [31/Mar/2026:19:31:46 +0000] "GET /wp-includes/js/plupload/plupload.min.js?ver=2.1.9 HTTP/1.1" 200 15605 "https://chargedev.co.nz/wp-admin/index.php?page=aioseo-setup-wizard" "Mozilla/5.0 (Windows NT 10.0; Win64; x64) AppleWebKit/537.36 (KHTML, like Gecko) Chrome/144.0.0.0 Safari/537.36"
154.209.193.240 - - [31/Mar/2026:19:31:46 +0000] "GET /wp-content/plugins/all-in-one-seo-pack/dist/Lite/assets/js/Button.b03184b6.js HTTP/1.1" 200 1936 "https://chargedev.co.nz/wp-admin/index.php?page=aioseo-setup-wizard" "Mozilla/5.0 (Windows NT 10.0; Win64; x64) AppleWebKit/537.36 (KHTML, like Gecko) Chrome/144.0.0.0 Safari/537.36"
154.209.193.240 - - [31/Mar/2026:19:31:46 +0000] "GET /wp-content/plugins/all-in-one-seo-pack/dist/Lite/assets/js/vendor-vue-ui.02763c14.js HTTP/1.1" 200 272144 "https://chargedev.co.nz/wp-admin/index.php?page=aioseo-setup-wizard" "Mozilla/5.0 (Windows NT 10.0; Win64; x64) AppleWebKit/537.36 (KHTML, like Gecko) Chrome/144.0.0.0 Safari/537.36"
154.209.193.240 - - [31/Mar/2026:19:31:46 +0000] "GET /wp-content/plugins/all-in-one-seo-pack/dist/Lite/assets/js/index.01468dbf.js HTTP/1.1" 200 3462 "https://chargedev.co.nz/wp-admin/index.php?page=aioseo-setup-wizard" "Mozilla/5.0 (Windows NT 10.0; Win64; x64) AppleWebKit/537.36 (KHTML, like Gecko) Chrome/144.0.0.0 Safari/537.36"
154.209.193.240 - - [31/Mar/2026:19:31:46 +0000] "GET /wp-content/plugins/all-in-one-seo-pack/dist/Lite/assets/js/vendor-datetime.430013a3.js HTTP/1.1" 200 87670 "https://chargedev.co.nz/wp-admin/index.php?page=aioseo-setup-wizard" "Mozilla/5.0 (Windows NT 10.0; Win64; x64) AppleWebKit/537.36 (KHTML, like Gecko) Chrome/144.0.0.0 Safari/537.36"
154.209.193.240 - - [31/Mar/2026:19:31:46 +0000] "GET /wp-content/plugins/all-in-one-seo-pack/dist/Lite/assets/js/_plugin-vue_export-helper.eefbdd86.js HTTP/1.1" 200 91 "https://chargedev.co.nz/wp-admin/index.php?page=aioseo-setup-wizard" "Mozilla/5.0 (Windows NT 10.0; Win64; x64) AppleWebKit/537.36 (KHTML, like Gecko) Chrome/144.0.0.0 Safari/537.36"
154.209.193.240 - - [31/Mar/2026:19:31:46 +0000] "GET /wp-content/plugins/all-in-one-seo-pack/dist/Lite/assets/js/Caret.1dd03f59.js HTTP/1.1" 200 457 "https://chargedev.co.nz/wp-admin/index.php?page=aioseo-setup-wizard" "Mozilla/5.0 (Windows NT 10.0; Win64; x64) AppleWebKit/537.36 (KHTML, like Gecko) Chrome/144.0.0.0 Safari/537.36"
154.209.193.240 - - [31/Mar/2026:19:31:46 +0000] "GET /wp-content/plugins/all-in-one-seo-pack/dist/Lite/assets/js/Pencil.b091de6b.js HTTP/1.1" 200 2909 "https://chargedev.co.nz/wp-admin/index.php?page=aioseo-setup-wizard" "Mozilla/5.0 (Windows NT 10.0; Win64; x64) AppleWebKit/537.36 (KHTML, like Gecko) Chrome/144.0.0.0 Safari/537.36"
154.209.193.240 - - [31/Mar/2026:19:31:46 +0000] "GET /wp-content/plugins/all-in-one-seo-pack/dist/Lite/assets/js/Toggle.a8bd36f4.js HTTP/1.1" 200 888 "https://chargedev.co.nz/wp-admin/index.php?page=aioseo-setup-wizard" "Mozilla/5.0 (Windows NT 10.0; Win64; x64) AppleWebKit/537.36 (KHTML, like Gecko) Chrome/144.0.0.0 Safari/537.36"
154.209.193.240 - - [31/Mar/2026:19:31:46 +0000] "GET /wp-content/plugins/all-in-one-seo-pack/dist/Lite/assets/js/Close.ed64f0a2.js HTTP/1.1" 200 578 "https://chargedev.co.nz/wp-admin/index.php?page=aioseo-setup-wizard" "Mozilla/5.0 (Windows NT 10.0; Win64; x64) AppleWebKit/537.36 (KHTML, like Gecko) Chrome/144.0.0.0 Safari/537.36"
