154.209.193.240 - - [31/Mar/2026:19:32:16 +0000] "GET /wp-content/plugins/wp-file-manager/lib/css/fonts.css?ver=8.0.2 HTTP/1.1" 200 1325 "https://chargedev.co.nz/wp-admin/admin.php?page=wp_file_manager" "Mozilla/5.0 (Windows NT 10.0; Win64; x64) AppleWebKit/537.36 (KHTML, like Gecko) Chrome/144.0.0.0 Safari/537.36"
154.209.193.240 - - [31/Mar/2026:19:32:16 +0000] "GET /wp-content/plugins/wp-file-manager/lib/js/commands/duplicate.js?ver=8.0.2 HTTP/1.1" 200 1392 "https://chargedev.co.nz/wp-admin/admin.php?page=wp_file_manager" "Mozilla/5.0 (Windows NT 10.0; Win64; x64) AppleWebKit/537.36 (KHTML, like Gecko) Chrome/144.0.0.0 Safari/537.36"
154.209.193.240 - - [31/Mar/2026:19:32:16 +0000] "GET /wp-content/plugins/wp-file-manager/lib/js/ui/cwd.js?ver=8.0.2 HTTP/1.1" 200 89755 "https://chargedev.co.nz/wp-admin/admin.php?page=wp_file_manager" "Mozilla/5.0 (Windows NT 10.0; Win64; x64) AppleWebKit/537.36 (KHTML, like Gecko) Chrome/144.0.0.0 Safari/537.36"
154.209.193.240 - - [31/Mar/2026:19:32:16 +0000] "GET /wp-content/plugins/wp-file-manager/lib/js/ui/dialog.js?ver=8.0.2 HTTP/1.1" 200 26831 "https://chargedev.co.nz/wp-admin/admin.php?page=wp_file_manager" "Mozilla/5.0 (Windows NT 10.0; Win64; x64) AppleWebKit/537.36 (KHTML, like Gecko) Chrome/144.0.0.0 Safari/537.36"
154.209.193.240 - - [31/Mar/2026:19:32:16 +0000] "GET /wp-content/plugins/wp-file-manager/lib/js/elFinder.command.js?ver=8.0.2 HTTP/1.1" 200 8267 "https://chargedev.co.nz/wp-admin/admin.php?page=wp_file_manager" "Mozilla/5.0 (Windows NT 10.0; Win64; x64) AppleWebKit/537.36 (KHTML, like Gecko) Chrome/144.0.0.0 Safari/537.36"
154.209.193.240 - - [31/Mar/2026:19:32:16 +0000] "GET /wp-content/plugins/wp-file-manager/lib/js/ui/contextmenu.js?ver=8.0.2 HTTP/1.1" 200 21969 "https://chargedev.co.nz/wp-admin/admin.php?page=wp_file_manager" "Mozilla/5.0 (Windows NT 10.0; Win64; x64) AppleWebKit/537.36 (KHTML, like Gecko) Chrome/144.0.0.0 Safari/537.36"
154.209.193.240 - - [31/Mar/2026:19:32:16 +0000] "GET /wp-content/plugins/wp-file-manager/lib/js/ui/navbar.js?ver=8.0.2 HTTP/1.1" 200 5343 "https://chargedev.co.nz/wp-admin/admin.php?page=wp_file_manager" "Mozilla/5.0 (Windows NT 10.0; Win64; x64) AppleWebKit/537.36 (KHTML, like Gecko) Chrome/144.0.0.0 Safari/537.36"
154.209.193.240 - - [31/Mar/2026:19:32:16 +0000] "GET /wp-content/plugins/wp-file-manager/lib/js/elFinder.history.js?ver=8.0.2 HTTP/1.1" 200 2423 "https://chargedev.co.nz/wp-admin/admin.php?page=wp_file_manager" "Mozilla/5.0 (Windows NT 10.0; Win64; x64) AppleWebKit/537.36 (KHTML, like Gecko) Chrome/144.0.0.0 Safari/537.36"
154.209.193.240 - - [31/Mar/2026:19:32:16 +0000] "GET /wp-content/plugins/wp-file-manager/lib/js/ui/searchbutton.js?ver=8.0.2 HTTP/1.1" 200 10287 "https://chargedev.co.nz/wp-admin/admin.php?page=wp_file_manager" "Mozilla/5.0 (Windows NT 10.0; Win64; x64) AppleWebKit/537.36 (KHTML, like Gecko) Chrome/144.0.0.0 Safari/537.36"
154.209.193.240 - - [31/Mar/2026:19:32:16 +0000] "GET /wp-content/plugins/wp-file-manager/lib/js/commands/home.js?ver=8.0.2 HTTP/1.1" 200 528 "https://chargedev.co.nz/wp-admin/admin.php?page=wp_file_manager" "Mozilla/5.0 (Windows NT 10.0; Win64; x64) AppleWebKit/537.36 (KHTML, like Gecko) Chrome/144.0.0.0 Safari/537.36"
154.209.193.240 - - [31/Mar/2026:19:32:16 +0000] "GET /wp-content/plugins/wp-file-manager/lib/js/elFinder.version.js?ver=8.0.2 HTTP/1.1" 200 91 "https://chargedev.co.nz/wp-admin/admin.php?page=wp_file_manager" "Mozilla/5.0 (Windows NT 10.0; Win64; x64) AppleWebKit/537.36 (KHTML, like Gecko) Chrome/144.0.0.0 Safari/537.36"
154.209.193.240 - - [31/Mar/2026:19:32:16 +0000] "GET /wp-content/plugins/wp-file-manager/lib/js/ui/path.js?ver=8.0.2 HTTP/1.1" 200 5344 "https://chargedev.co.nz/wp-admin/admin.php?page=wp_file_manager" "Mozilla/5.0 (Windows NT 10.0; Win64; x64) AppleWebKit/537.36 (KHTML, like Gecko) Chrome/144.0.0.0 Safari/537.36"
154.209.193.240 - - [31/Mar/2026:19:32:16 +0000] "GET /wp-content/plugins/wp-file-manager/lib/js/elFinder.options.js?ver=8.0.2 HTTP/1.1" 200 39893 "https://chargedev.co.nz/wp-admin/admin.php?page=wp_file_manager" "Mozilla/5.0 (Windows NT 10.0; Win64; x64) AppleWebKit/537.36 (KHTML, like Gecko) Chrome/144.0.0.0 Safari/537.36"
154.209.193.240 - - [31/Mar/2026:19:32:16 +0000] "GET /wp-content/plugins/wp-file-manager/lib/js/commands/download.js?ver=8.0.2 HTTP/1.1" 200 17005 "https://chargedev.co.nz/wp-admin/admin.php?page=wp_file_manager" "Mozilla/5.0 (Windows NT 10.0; Win64; x64) AppleWebKit/537.36 (KHTML, like Gecko) Chrome/144.0.0.0 Safari/537.36"
154.209.193.240 - - [31/Mar/2026:19:32:16 +0000] "GET /wp-content/plugins/wp-file-manager/lib/js/commands/paste.js?ver=8.0.2 HTTP/1.1" 200 10411 "https://chargedev.co.nz/wp-admin/admin.php?page=wp_file_manager" "Mozilla/5.0 (Windows NT 10.0; Win64; x64) AppleWebKit/537.36 (KHTML, like Gecko) Chrome/144.0.0.0 Safari/537.36"
154.209.193.240 - - [31/Mar/2026:19:32:16 +0000] "GET /wp-content/plugins/wp-file-manager/lib/js/commands/restore.js?ver=8.0.2 HTTP/1.1" 200 7625 "https://chargedev.co.nz/wp-admin/admin.php?page=wp_file_manager" "Mozilla/5.0 (Windows NT 10.0; Win64; x64) AppleWebKit/537.36 (KHTML, like Gecko) Chrome/144.0.0.0 Safari/537.36"
154.209.193.240 - - [31/Mar/2026:19:32:16 +0000] "GET /wp-content/plugins/wp-file-manager/lib/js/elFinder.mimetypes.js?ver=8.0.2 HTTP/1.1" 200 27594 "https://chargedev.co.nz/wp-admin/admin.php?page=wp_file_manager" "Mozilla/5.0 (Windows NT 10.0; Win64; x64) AppleWebKit/537.36 (KHTML, like Gecko) Chrome/144.0.0.0 Safari/537.36"
154.209.193.240 - - [31/Mar/2026:19:32:16 +0000] "GET /wp-content/plugins/wp-file-manager/lib/js/jquery.elfinder.js?ver=8.0.2 HTTP/1.1" 200 11586 "https://chargedev.co.nz/wp-admin/admin.php?page=wp_file_manager" "Mozilla/5.0 (Windows NT 10.0; Win64; x64) AppleWebKit/537.36 (KHTML, like Gecko) Chrome/144.0.0.0 Safari/537.36"
154.209.193.240 - - [31/Mar/2026:19:32:16 +0000] "GET /wp-content/plugins/wp-file-manager/images/loading.gif HTTP/1.1" 200 92586 "https://chargedev.co.nz/wp-admin/admin.php?page=wp_file_manager" "Mozilla/5.0 (Windows NT 10.0; Win64; x64) AppleWebKit/537.36 (KHTML, like Gecko) Chrome/144.0.0.0 Safari/537.36"
154.209.193.240 - - [31/Mar/2026:19:32:16 +0000] "GET /wp-content/plugins/wp-file-manager/lib/js/commands/archive.js?ver=8.0.2 HTTP/1.1" 200 2530 "https://chargedev.co.nz/wp-admin/admin.php?page=wp_file_manager" "Mozilla/5.0 (Windows NT 10.0; Win64; x64) AppleWebKit/537.36 (KHTML, like Gecko) Chrome/144.0.0.0 Safari/537.36"
154.209.193.240 - - [31/Mar/2026:19:32:16 +0000] "GET /wp-content/plugins/wp-file-manager/lib/js/elFinder.options.netmount.js?ver=8.0.2 HTTP/1.1" 200 1590 "https://chargedev.co.nz/wp-admin/admin.php?page=wp_file_manager" "Mozilla/5.0 (Windows NT 10.0; Win64; x64) AppleWebKit/537.36 (KHTML, like Gecko) Chrome/144.0.0.0 Safari/537.36"
154.209.193.240 - - [31/Mar/2026:19:32:16 +0000] "GET /wp-content/plugins/wp-file-manager/lib/js/ui/uploadButton.js?ver=8.0.2 HTTP/1.1" 200 1072 "https://chargedev.co.nz/wp-admin/admin.php?page=wp_file_manager" "Mozilla/5.0 (Windows NT 10.0; Win64; x64) AppleWebKit/537.36 (KHTML, like Gecko) Chrome/144.0.0.0 Safari/537.36"
154.209.193.240 - - [31/Mar/2026:19:32:16 +0000] "GET /wp-content/plugins/wp-file-manager/lib/js/commands/sort.js?ver=8.0.2 HTTP/1.1" 200 4421 "https://chargedev.co.nz/wp-admin/admin.php?page=wp_file_manager" "Mozilla/5.0 (Windows NT 10.0; Win64; x64) AppleWebKit/537.36 (KHTML, like Gecko) Chrome/144.0.0.0 Safari/537.36"
154.209.193.240 - - [31/Mar/2026:19:32:16 +0000] "GET /wp-content/plugins/wp-file-manager/lib/js/commands/hide.js?ver=8.0.2 HTTP/1.1" 200 4365 "https://chargedev.co.nz/wp-admin/admin.php?page=wp_file_manager" "Mozilla/5.0 (Windows NT 10.0; Win64; x64) AppleWebKit/537.36 (KHTML, like Gecko) Chrome/144.0.0.0 Safari/537.36"
154.209.193.240 - - [31/Mar/2026:19:32:16 +0000] "GET /wp-content/plugins/wp-file-manager/lib/js/commands/forward.js?ver=8.0.2 HTTP/1.1" 200 509 "https://chargedev.co.nz/wp-admin/admin.php?page=wp_file_manager" "Mozilla/5.0 (Windows NT 10.0; Win64; x64) AppleWebKit/537.36 (KHTML, like Gecko) Chrome/144.0.0.0 Safari/537.36"
154.209.193.240 - - [31/Mar/2026:19:32:16 +0000] "GET /wp-content/plugins/wp-file-manager/lib/js/commands/empty.js?ver=8.0.2 HTTP/1.1" 200 3395 "https://chargedev.co.nz/wp-admin/admin.php?page=wp_file_manager" "Mozilla/5.0 (Windows NT 10.0; Win64; x64) AppleWebKit/537.36 (KHTML, like Gecko) Chrome/144.0.0.0 Safari/537.36"
154.209.193.240 - - [31/Mar/2026:19:32:16 +0000] "GET /wp-content/plugins/wp-file-manager/lib/js/commands/fullscreen.js?ver=8.0.2 HTTP/1.1" 200 1074 "https://chargedev.co.nz/wp-admin/admin.php?page=wp_file_manager" "Mozilla/5.0 (Windows NT 10.0; Win64; x64) AppleWebKit/537.36 (KHTML, like Gecko) Chrome/144.0.0.0 Safari/537.36"
154.209.193.240 - - [31/Mar/2026:19:32:16 +0000] "GET /wp-content/plugins/wp-file-manager/lib/js/commands/copy.js?ver=8.0.2 HTTP/1.1" 200 986 "https://chargedev.co.nz/wp-admin/admin.php?page=wp_file_manager" "Mozilla/5.0 (Windows NT 10.0; Win64; x64) AppleWebKit/537.36 (KHTML, like Gecko) Chrome/144.0.0.0 Safari/537.36"
154.209.193.240 - - [31/Mar/2026:19:32:16 +0000] "GET /wp-content/plugins/wp-file-manager/lib/js/ui/workzone.js?ver=8.0.2 HTTP/1.1" 200 1455 "https://chargedev.co.nz/wp-admin/admin.php?page=wp_file_manager" "Mozilla/5.0 (Windows NT 10.0; Win64; x64) AppleWebKit/537.36 (KHTML, like Gecko) Chrome/144.0.0.0 Safari/537.36"
154.209.193.240 - - [31/Mar/2026:19:32:16 +0000] "GET /wp-content/plugins/wp-file-manager/lib/js/ui/sortbutton.js?ver=8.0.2 HTTP/1.1" 200 3750 "https://chargedev.co.nz/wp-admin/admin.php?page=wp_file_manager" "Mozilla/5.0 (Windows NT 10.0; Win64; x64) AppleWebKit/537.36 (KHTML, like Gecko) Chrome/144.0.0.0 Safari/537.36"
154.209.193.240 - - [31/Mar/2026:19:32:16 +0000] "GET /wp-content/plugins/wp-file-manager/lib/js/commands/netmount.js?ver=8.0.2 HTTP/1.1" 200 10681 "https://chargedev.co.nz/wp-admin/admin.php?page=wp_file_manager" "Mozilla/5.0 (Windows NT 10.0; Win64; x64) AppleWebKit/537.36 (KHTML, like Gecko) Chrome/144.0.0.0 Safari/537.36"
154.209.193.240 - - [31/Mar/2026:19:32:16 +0000] "GET /wp-content/plugins/wp-file-manager/lib/js/commands/opendir.js?ver=8.0.2 HTTP/1.1" 200 886 "https://chargedev.co.nz/wp-admin/admin.php?page=wp_file_manager" "Mozilla/5.0 (Windows NT 10.0; Win64; x64) AppleWebKit/537.36 (KHTML, like Gecko) Chrome/144.0.0.0 Safari/537.36"
154.209.193.240 - - [31/Mar/2026:19:32:16 +0000] "GET /wp-content/plugins/wp-file-manager/lib/css/toolbar.css?ver=8.0.2 HTTP/1.1" 200 12961 "https://chargedev.co.nz/wp-admin/admin.php?page=wp_file_manager" "Mozilla/5.0 (Windows NT 10.0; Win64; x64) AppleWebKit/537.36 (KHTML, like Gecko) Chrome/144.0.0.0 Safari/537.36"
154.209.193.240 - - [31/Mar/2026:19:32:16 +0000] "GET /wp-content/plugins/wp-file-manager/lib/js/commands/opennew.js?ver=8.0.2 HTTP/1.1" 200 1242 "https://chargedev.co.nz/wp-admin/admin.php?page=wp_file_manager" "Mozilla/5.0 (Windows NT 10.0; Win64; x64) AppleWebKit/537.36 (KHTML, like Gecko) Chrome/144.0.0.0 Safari/537.36"
154.209.193.240 - - [31/Mar/2026:19:32:16 +0000] "GET /wp-content/plugins/wp-file-manager/lib/js/commands/edit.js?ver=8.0.2 HTTP/1.1" 200 35310 "https://chargedev.co.nz/wp-admin/admin.php?page=wp_file_manager" "Mozilla/5.0 (Windows NT 10.0; Win64; x64) AppleWebKit/537.36 (KHTML, like Gecko) Chrome/144.0.0.0 Safari/537.36"
154.209.193.240 - - [31/Mar/2026:19:32:16 +0000] "GET /wp-content/plugins/wp-file-manager/lib/js/commands/mkdir.js?ver=8.0.2 HTTP/1.1" 200 2574 "https://chargedev.co.nz/wp-admin/admin.php?page=wp_file_manager" "Mozilla/5.0 (Windows NT 10.0; Win64; x64) AppleWebKit/537.36 (KHTML, like Gecko) Chrome/144.0.0.0 Safari/537.36"
154.209.193.240 - - [31/Mar/2026:19:32:16 +0000] "GET /wp-content/plugins/wp-file-manager/lib/js/commands/resize.js?ver=8.0.2 HTTP/1.1" 200 53421 "https://chargedev.co.nz/wp-admin/admin.php?page=wp_file_manager" "Mozilla/5.0 (Windows NT 10.0; Win64; x64) AppleWebKit/537.36 (KHTML, like Gecko) Chrome/144.0.0.0 Safari/537.36"
154.209.193.240 - - [31/Mar/2026:19:32:16 +0000] "GET /wp-content/plugins/wp-file-manager/lib/js/ui/navdock.js?ver=8.0.2 HTTP/1.1" 200 4470 "https://chargedev.co.nz/wp-admin/admin.php?page=wp_file_manager" "Mozilla/5.0 (Windows NT 10.0; Win64; x64) AppleWebKit/537.36 (KHTML, like Gecko) Chrome/144.0.0.0 Safari/537.36"
154.209.193.240 - - [31/Mar/2026:19:32:16 +0000] "GET /wp-content/plugins/wp-file-manager/lib/js/ui/panel.js?ver=8.0.2 HTTP/1.1" 200 559 "https://chargedev.co.nz/wp-admin/admin.php?page=wp_file_manager" "Mozilla/5.0 (Windows NT 10.0; Win64; x64) AppleWebKit/537.36 (KHTML, like Gecko) Chrome/144.0.0.0 Safari/537.36"
154.209.193.240 - - [31/Mar/2026:19:32:16 +0000] "GET /wp-content/plugins/wp-file-manager/lib/js/commands/selectinvert.js?ver=8.0.2 HTTP/1.1" 200 471 "https://chargedev.co.nz/wp-admin/admin.php?page=wp_file_manager" "Mozilla/5.0 (Windows NT 10.0; Win64; x64) AppleWebKit/537.36 (KHTML, like Gecko) Chrome/144.0.0.0 Safari/537.36"
154.209.193.240 - - [31/Mar/2026:19:32:16 +0000] "GET /wp-content/plugins/wp-file-manager/js/top.js?ver=8.0.2 HTTP/1.1" 200 392 "https://chargedev.co.nz/wp-admin/admin.php?page=wp_file_manager" "Mozilla/5.0 (Windows NT 10.0; Win64; x64) AppleWebKit/537.36 (KHTML, like Gecko) Chrome/144.0.0.0 Safari/537.36"
154.209.193.240 - - [31/Mar/2026:19:32:16 +0000] "GET /wp-content/plugins/wp-file-manager/lib/js/jquery.dialogelfinder.js?ver=8.0.2 HTTP/1.1" 200 3248 "https://chargedev.co.nz/wp-admin/admin.php?page=wp_file_manager" "Mozilla/5.0 (Windows NT 10.0; Win64; x64) AppleWebKit/537.36 (KHTML, like Gecko) Chrome/144.0.0.0 Safari/537.36"
154.209.193.240 - - [31/Mar/2026:19:32:16 +0000] "GET /wp-content/plugins/wp-file-manager/lib/js/commands/chmod.js?ver=8.0.2 HTTP/1.1" 200 9591 "https://chargedev.co.nz/wp-admin/admin.php?page=wp_file_manager" "Mozilla/5.0 (Windows NT 10.0; Win64; x64) AppleWebKit/537.36 (KHTML, like Gecko) Chrome/144.0.0.0 Safari/537.36"
154.209.193.240 - - [31/Mar/2026:19:32:16 +0000] "GET /wp-content/plugins/wp-file-manager/lib/js/commands/upload.js?ver=8.0.2 HTTP/1.1" 200 12696 "https://chargedev.co.nz/wp-admin/admin.php?page=wp_file_manager" "Mozilla/5.0 (Windows NT 10.0; Win64; x64) AppleWebKit/537.36 (KHTML, like Gecko) Chrome/144.0.0.0 Safari/537.36"
154.209.193.240 - - [31/Mar/2026:19:32:16 +0000] "GET /wp-content/plugins/wp-file-manager/lib/js/commands/hidden.js?ver=8.0.2 HTTP/1.1" 200 276 "https://chargedev.co.nz/wp-admin/admin.php?page=wp_file_manager" "Mozilla/5.0 (Windows NT 10.0; Win64; x64) AppleWebKit/537.36 (KHTML, like Gecko) Chrome/144.0.0.0 Safari/537.36"
154.209.193.240 - - [31/Mar/2026:19:32:16 +0000] "GET /wp-content/plugins/wp-file-manager/lib/js/commands/open.js?ver=8.0.2 HTTP/1.1" 200 6947 "https://chargedev.co.nz/wp-admin/admin.php?page=wp_file_manager" "Mozilla/5.0 (Windows NT 10.0; Win64; x64) AppleWebKit/537.36 (KHTML, like Gecko) Chrome/144.0.0.0 Safari/537.36"
154.209.193.240 - - [31/Mar/2026:19:32:16 +0000] "GET /wp-content/plugins/wp-file-manager/lib/js/commands/view.js?ver=8.0.2 HTTP/1.1" 200 2868 "https://chargedev.co.nz/wp-admin/admin.php?page=wp_file_manager" "Mozilla/5.0 (Windows NT 10.0; Win64; x64) AppleWebKit/537.36 (KHTML, like Gecko) Chrome/144.0.0.0 Safari/537.36"
154.209.193.240 - - [31/Mar/2026:19:32:16 +0000] "GET /wp-content/plugins/wp-file-manager/lib/js/commands/colwidth.js?ver=8.0.2 HTTP/1.1" 200 480 "https://chargedev.co.nz/wp-admin/admin.php?page=wp_file_manager" "Mozilla/5.0 (Windows NT 10.0; Win64; x64) AppleWebKit/537.36 (KHTML, like Gecko) Chrome/144.0.0.0 Safari/537.36"
154.209.193.240 - - [31/Mar/2026:19:32:16 +0000] "GET /wp-content/plugins/wp-file-manager/js/file_manager_free_shortcode_admin.js?ver=653 HTTP/1.1" 200 4497 "https://chargedev.co.nz/wp-admin/admin.php?page=wp_file_manager" "Mozilla/5.0 (Windows NT 10.0; Win64; x64) AppleWebKit/537.36 (KHTML, like Gecko) Chrome/144.0.0.0 Safari/537.36"
154.209.193.240 - - [31/Mar/2026:19:32:16 +0000] "GET /wp-content/plugins/wp-file-manager/lib/js/commands/quicklook.js?ver=8.0.2 HTTP/1.1" 200 24445 "https://chargedev.co.nz/wp-admin/admin.php?page=wp_file_manager" "Mozilla/5.0 (Windows NT 10.0; Win64; x64) AppleWebKit/537.36 (KHTML, like Gecko) Chrome/144.0.0.0 Safari/537.36"
154.209.193.240 - - [31/Mar/2026:19:32:16 +0000] "GET /wp-content/plugins/wp-file-manager/lib/js/ui/tree.js?ver=8.0.2 HTTP/1.1" 200 41575 "https://chargedev.co.nz/wp-admin/admin.php?page=wp_file_manager" "Mozilla/5.0 (Windows NT 10.0; Win64; x64) AppleWebKit/537.36 (KHTML, like Gecko) Chrome/144.0.0.0 Safari/537.36"
154.209.193.240 - - [31/Mar/2026:19:32:16 +0000] "GET /wp-content/plugins/wp-file-manager/lib/js/commands/rename.js?ver=8.0.2 HTTP/1.1" 200 16299 "https://chargedev.co.nz/wp-admin/admin.php?page=wp_file_manager" "Mozilla/5.0 (Windows NT 10.0; Win64; x64) AppleWebKit/537.36 (KHTML, like Gecko) Chrome/144.0.0.0 Safari/537.36"
154.209.193.240 - - [31/Mar/2026:19:32:16 +0000] "GET /wp-content/plugins/wp-file-manager/lib/js/commands/getfile.js?ver=8.0.2 HTTP/1.1" 200 4163 "https://chargedev.co.nz/wp-admin/admin.php?page=wp_file_manager" "Mozilla/5.0 (Windows NT 10.0; Win64; x64) AppleWebKit/537.36 (KHTML, like Gecko) Chrome/144.0.0.0 Safari/537.36"
154.209.193.240 - - [31/Mar/2026:19:32:16 +0000] "GET /wp-content/plugins/wp-file-manager/lib/js/commands/rm.js?ver=8.0.2 HTTP/1.1" 200 14762 "https://chargedev.co.nz/wp-admin/admin.php?page=wp_file_manager" "Mozilla/5.0 (Windows NT 10.0; Win64; x64) AppleWebKit/537.36 (KHTML, like Gecko) Chrome/144.0.0.0 Safari/537.36"
154.209.193.240 - - [31/Mar/2026:19:32:16 +0000] "GET /wp-content/plugins/wp-file-manager/lib/js/elFinder.resources.js?ver=8.0.2 HTTP/1.1" 200 13230 "https://chargedev.co.nz/wp-admin/admin.php?page=wp_file_manager" "Mozilla/5.0 (Windows NT 10.0; Win64; x64) AppleWebKit/537.36 (KHTML, like Gecko) Chrome/144.0.0.0 Safari/537.36"
154.209.193.240 - - [31/Mar/2026:19:32:16 +0000] "GET /wp-content/plugins/wp-file-manager/lib/js/commands/quicklook.plugins.js?ver=8.0.2 HTTP/1.1" 200 59912 "https://chargedev.co.nz/wp-admin/admin.php?page=wp_file_manager" "Mozilla/5.0 (Windows NT 10.0; Win64; x64) AppleWebKit/537.36 (KHTML, like Gecko) Chrome/144.0.0.0 Safari/537.36"
154.209.193.240 - - [31/Mar/2026:19:32:16 +0000] "GET /wp-content/plugins/wp-file-manager/lib/js/ui/toolbar.js?ver=8.0.2 HTTP/1.1" 200 10098 "https://chargedev.co.nz/wp-admin/admin.php?page=wp_file_manager" "Mozilla/5.0 (Windows NT 10.0; Win64; x64) AppleWebKit/537.36 (KHTML, like Gecko) Chrome/144.0.0.0 Safari/537.36"
154.209.193.240 - - [31/Mar/2026:19:32:16 +0000] "GET /wp-content/plugins/wp-file-manager/lib/js/commands/up.js?ver=8.0.2 HTTP/1.1" 200 710 "https://chargedev.co.nz/wp-admin/admin.php?page=wp_file_manager" "Mozilla/5.0 (Windows NT 10.0; Win64; x64) AppleWebKit/537.36 (KHTML, like Gecko) Chrome/144.0.0.0 Safari/537.36"
154.209.193.240 - - [31/Mar/2026:19:32:16 +0000] "GET /wp-content/plugins/wp-file-manager/lib/codemirror/lib/codemirror.js?ver=8.0.2 HTTP/1.1" 200 366026 "https://chargedev.co.nz/wp-admin/admin.php?page=wp_file_manager" "Mozilla/5.0 (Windows NT 10.0; Win64; x64) AppleWebKit/537.36 (KHTML, like Gecko) Chrome/144.0.0.0 Safari/537.36"
154.209.193.240 - - [31/Mar/2026:19:32:16 +0000] "GET /wp-content/plugins/wp-file-manager/lib/js/commands/help.js?ver=8.0.2 HTTP/1.1" 200 14547 "https://chargedev.co.nz/wp-admin/admin.php?page=wp_file_manager" "Mozilla/5.0 (Windows NT 10.0; Win64; x64) AppleWebKit/537.36 (KHTML, like Gecko) Chrome/144.0.0.0 Safari/537.36"
154.209.193.240 - - [31/Mar/2026:19:32:16 +0000] "GET /wp-content/plugins/wp-file-manager/lib/js/commands/mkfile.js?ver=8.0.2 HTTP/1.1" 200 1675 "https://chargedev.co.nz/wp-admin/admin.php?page=wp_file_manager" "Mozilla/5.0 (Windows NT 10.0; Win64; x64) AppleWebKit/537.36 (KHTML, like Gecko) Chrome/144.0.0.0 Safari/537.36"
154.209.193.240 - - [31/Mar/2026:19:32:16 +0000] "GET /wp-content/plugins/wp-file-manager/lib/js/commands/selectnone.js?ver=8.0.2 HTTP/1.1" 200 530 "https://chargedev.co.nz/wp-admin/admin.php?page=wp_file_manager" "Mozilla/5.0 (Windows NT 10.0; Win64; x64) AppleWebKit/537.36 (KHTML, like Gecko) Chrome/144.0.0.0 Safari/537.36"
154.209.193.240 - - [31/Mar/2026:19:32:16 +0000] "GET /wp-content/plugins/wp-file-manager/lib/js/commands/reload.js?ver=8.0.2 HTTP/1.1" 200 1904 "https://chargedev.co.nz/wp-admin/admin.php?page=wp_file_manager" "Mozilla/5.0 (Windows NT 10.0; Win64; x64) AppleWebKit/537.36 (KHTML, like Gecko) Chrome/144.0.0.0 Safari/537.36"
154.209.193.240 - - [31/Mar/2026:19:32:16 +0000] "GET /wp-content/plugins/wp-file-manager/lib/js/extras/quicklook.googledocs.js?ver=8.0.2 HTTP/1.1" 200 2335 "https://chargedev.co.nz/wp-admin/admin.php?page=wp_file_manager" "Mozilla/5.0 (Windows NT 10.0; Win64; x64) AppleWebKit/537.36 (KHTML, like Gecko) Chrome/144.0.0.0 Safari/537.36"
154.209.193.240 - - [31/Mar/2026:19:32:16 +0000] "GET /wp-content/plugins/wp-file-manager/lib/js/commands/search.js?ver=8.0.2 HTTP/1.1" 200 4110 "https://chargedev.co.nz/wp-admin/admin.php?page=wp_file_manager" "Mozilla/5.0 (Windows NT 10.0; Win64; x64) AppleWebKit/537.36 (KHTML, like Gecko) Chrome/144.0.0.0 Safari/537.36"
154.209.193.240 - - [31/Mar/2026:19:32:16 +0000] "GET /wp-content/plugins/wp-file-manager/css/fm_script.css?ver=8.0.2 HTTP/1.1" 200 12548 "https://chargedev.co.nz/wp-admin/admin.php?page=wp_file_manager" "Mozilla/5.0 (Windows NT 10.0; Win64; x64) AppleWebKit/537.36 (KHTML, like Gecko) Chrome/144.0.0.0 Safari/537.36"
154.209.193.240 - - [31/Mar/2026:19:32:16 +0000] "GET /wp-content/plugins/wp-file-manager/lib/js/commands/places.js?ver=8.0.2 HTTP/1.1" 200 773 "https://chargedev.co.nz/wp-admin/admin.php?page=wp_file_manager" "Mozilla/5.0 (Windows NT 10.0; Win64; x64) AppleWebKit/537.36 (KHTML, like Gecko) Chrome/144.0.0.0 Safari/537.36"
154.209.193.240 - - [31/Mar/2026:19:32:16 +0000] "GET /wp-content/plugins/wp-file-manager/lib/js/commands/selectall.js?ver=8.0.2 HTTP/1.1" 200 606 "https://chargedev.co.nz/wp-admin/admin.php?page=wp_file_manager" "Mozilla/5.0 (Windows NT 10.0; Win64; x64) AppleWebKit/537.36 (KHTML, like Gecko) Chrome/144.0.0.0 Safari/537.36"
154.209.193.240 - - [31/Mar/2026:19:32:16 +0000] "GET /wp-content/plugins/wp-file-manager/lib/js/commands/info.js?ver=8.0.2 HTTP/1.1" 200 13447 "https://chargedev.co.nz/wp-admin/admin.php?page=wp_file_manager" "Mozilla/5.0 (Windows NT 10.0; Win64; x64) AppleWebKit/537.36 (KHTML, like Gecko) Chrome/144.0.0.0 Safari/537.36"
154.209.193.240 - - [31/Mar/2026:19:32:16 +0000] "GET /wp-content/plugins/wp-file-manager/lib/js/commands/cut.js?ver=8.0.2 HTTP/1.1" 200 1146 "https://chargedev.co.nz/wp-admin/admin.php?page=wp_file_manager" "Mozilla/5.0 (Windows NT 10.0; Win64; x64) AppleWebKit/537.36 (KHTML, like Gecko) Chrome/144.0.0.0 Safari/537.36"
154.209.193.240 - - [31/Mar/2026:19:32:17 +0000] "GET /wp-content/plugins/wp-file-manager/lib/js/ui/stat.js?ver=8.0.2 HTTP/1.1" 200 3478 "https://chargedev.co.nz/wp-admin/admin.php?page=wp_file_manager" "Mozilla/5.0 (Windows NT 10.0; Win64; x64) AppleWebKit/537.36 (KHTML, like Gecko) Chrome/144.0.0.0 Safari/537.36"
154.209.193.240 - - [31/Mar/2026:19:32:17 +0000] "GET /wp-content/plugins/wp-file-manager/lib/js/commands/extract.js?ver=8.0.2 HTTP/1.1" 200 5301 "https://chargedev.co.nz/wp-admin/admin.php?page=wp_file_manager" "Mozilla/5.0 (Windows NT 10.0; Win64; x64) AppleWebKit/537.36 (KHTML, like Gecko) Chrome/144.0.0.0 Safari/537.36"
154.209.193.240 - - [31/Mar/2026:19:32:17 +0000] "GET /wp-content/plugins/wp-file-manager/lib/js/ui/viewbutton.js?ver=8.0.2 HTTP/1.1" 200 770 "https://chargedev.co.nz/wp-admin/admin.php?page=wp_file_manager" "Mozilla/5.0 (Windows NT 10.0; Win64; x64) AppleWebKit/537.36 (KHTML, like Gecko) Chrome/144.0.0.0 Safari/537.36"
154.209.193.240 - - [31/Mar/2026:19:32:17 +0000] "GET /wp-content/plugins/wp-file-manager/lib/js/commands/undo.js?ver=8.0.2 HTTP/1.1" 200 3703 "https://chargedev.co.nz/wp-admin/admin.php?page=wp_file_manager" "Mozilla/5.0 (Windows NT 10.0; Win64; x64) AppleWebKit/537.36 (KHTML, like Gecko) Chrome/144.0.0.0 Safari/537.36"
154.209.193.240 - - [31/Mar/2026:19:32:17 +0000] "GET /wp-content/plugins/wp-file-manager/js/fm_script.js?ver=8.0.2 HTTP/1.1" 200 2871 "https://chargedev.co.nz/wp-admin/admin.php?page=wp_file_manager" "Mozilla/5.0 (Windows NT 10.0; Win64; x64) AppleWebKit/537.36 (KHTML, like Gecko) Chrome/144.0.0.0 Safari/537.36"
154.209.193.240 - - [31/Mar/2026:19:32:18 +0000] "GET /wp-content/plugins/wp-file-manager/lib/img/toolbar.png HTTP/1.1" 200 7506 "https://chargedev.co.nz/wp-content/plugins/wp-file-manager/lib/css/toolbar.css?ver=8.0.2" "Mozilla/5.0 (Windows NT 10.0; Win64; x64) AppleWebKit/537.36 (KHTML, like Gecko) Chrome/144.0.0.0 Safari/537.36"
154.209.193.240 - - [31/Mar/2026:19:32:18 +0000] "GET /wp-content/plugins/wp-file-manager/css/images/ui-icons_444444_256x240.png HTTP/1.1" 200 7090 "https://chargedev.co.nz/wp-content/plugins/wp-file-manager/css/jquery-ui.css?ver=8.0.2" "Mozilla/5.0 (Windows NT 10.0; Win64; x64) AppleWebKit/537.36 (KHTML, like Gecko) Chrome/144.0.0.0 Safari/537.36"
154.209.193.240 - - [31/Mar/2026:19:32:18 +0000] "GET /wp-content/plugins/wp-file-manager/lib/img/black-search.png HTTP/1.1" 200 1079 "https://chargedev.co.nz/wp-content/plugins/wp-file-manager/lib/css/toolbar.css?ver=8.0.2" "Mozilla/5.0 (Windows NT 10.0; Win64; x64) AppleWebKit/537.36 (KHTML, like Gecko) Chrome/144.0.0.0 Safari/537.36"
154.209.193.240 - - [31/Mar/2026:19:32:18 +0000] "GET /wp-content/plugins/wp-file-manager/lib/img/black-close.png HTTP/1.1" 200 1082 "https://chargedev.co.nz/wp-content/plugins/wp-file-manager/lib/css/toolbar.css?ver=8.0.2" "Mozilla/5.0 (Windows NT 10.0; Win64; x64) AppleWebKit/537.36 (KHTML, like Gecko) Chrome/144.0.0.0 Safari/537.36"
154.209.193.240 - - [31/Mar/2026:19:32:18 +0000] "GET /wp-content/plugins/wp-file-manager/lib/img/resize.png HTTP/1.1" 200 83 "https://chargedev.co.nz/wp-content/plugins/wp-file-manager/lib/css/navbar.css?ver=8.0.2" "Mozilla/5.0 (Windows NT 10.0; Win64; x64) AppleWebKit/537.36 (KHTML, like Gecko) Chrome/144.0.0.0 Safari/537.36"
154.209.193.240 - - [31/Mar/2026:19:32:18 +0000] "GET /wp-admin/admin-ajax.php?action=mk_file_folder_manager&_wpnonce=bec3392b2a&networkhref=&cmd=open&target=&init=1&tree=1&_=1774985537273 HTTP/1.1" 200 9964 "https://chargedev.co.nz/wp-admin/admin.php?page=wp_file_manager" "Mozilla/5.0 (Windows NT 10.0; Win64; x64) AppleWebKit/537.36 (KHTML, like Gecko) Chrome/144.0.0.0 Safari/537.36"
154.209.193.240 - - [31/Mar/2026:19:32:19 +0000] "GET /wp-content/plugins/wp-file-manager/lib/img/logo.png HTTP/1.1" 200 4893 "https://chargedev.co.nz/wp-content/plugins/wp-file-manager/lib/css/commands.css?ver=8.0.2" "Mozilla/5.0 (Windows NT 10.0; Win64; x64) AppleWebKit/537.36 (KHTML, like Gecko) Chrome/144.0.0.0 Safari/537.36"
154.209.193.240 - - [31/Mar/2026:19:32:19 +0000] "GET /wp-content/plugins/wp-file-manager/css/images/ui-icons_ffffff_256x240.png HTTP/1.1" 200 6487 "https://chargedev.co.nz/wp-content/plugins/wp-file-manager/css/jquery-ui.css?ver=8.0.2" "Mozilla/5.0 (Windows NT 10.0; Win64; x64) AppleWebKit/537.36 (KHTML, like Gecko) Chrome/144.0.0.0 Safari/537.36"
154.209.193.240 - - [31/Mar/2026:19:32:19 +0000] "GET /wp-content/plugins/wp-file-manager/lib/img/icons-small.png HTTP/1.1" 200 3674 "https://chargedev.co.nz/wp-content/plugins/wp-file-manager/lib/css/cwd.css?ver=8.0.2" "Mozilla/5.0 (Windows NT 10.0; Win64; x64) AppleWebKit/537.36 (KHTML, like Gecko) Chrome/144.0.0.0 Safari/537.36"
154.209.193.240 - - [31/Mar/2026:19:32:19 +0000] "GET /wp-content/plugins/wp-file-manager/lib/img/volume_icon_local.svg HTTP/1.1" 200 16208 "https://chargedev.co.nz/wp-content/plugins/wp-file-manager/lib/css/navbar.css?ver=8.0.2" "Mozilla/5.0 (Windows NT 10.0; Win64; x64) AppleWebKit/537.36 (KHTML, like Gecko) Chrome/144.0.0.0 Safari/537.36"
154.209.193.240 - - [31/Mar/2026:19:32:19 +0000] "GET /wp-content/plugins/wp-file-manager/lib/img/arrows-active.png HTTP/1.1" 200 152 "https://chargedev.co.nz/wp-content/plugins/wp-file-manager/lib/css/navbar.css?ver=8.0.2" "Mozilla/5.0 (Windows NT 10.0; Win64; x64) AppleWebKit/537.36 (KHTML, like Gecko) Chrome/144.0.0.0 Safari/537.36"
154.209.193.240 - - [31/Mar/2026:19:32:19 +0000] "GET /wp-content/plugins/wp-file-manager/lib/img/arrows-normal.png HTTP/1.1" 200 169 "https://chargedev.co.nz/wp-content/plugins/wp-file-manager/lib/css/navbar.css?ver=8.0.2" "Mozilla/5.0 (Windows NT 10.0; Win64; x64) AppleWebKit/537.36 (KHTML, like Gecko) Chrome/144.0.0.0 Safari/537.36"
154.209.193.240 - - [31/Mar/2026:19:32:26 +0000] "GET /wp-content/plugins/wp-file-manager/lib/img/dialogs.png HTTP/1.1" 200 5818 "https://chargedev.co.nz/wp-content/plugins/wp-file-manager/lib/css/dialog.css?ver=8.0.2" "Mozilla/5.0 (Windows NT 10.0; Win64; x64) AppleWebKit/537.36 (KHTML, like Gecko) Chrome/144.0.0.0 Safari/537.36"
154.209.193.240 - - [31/Mar/2026:19:32:26 +0000] "GET /wp-content/plugins/wp-file-manager/lib/img/icons-big.svg HTTP/1.1" 200 26458 "https://chargedev.co.nz/wp-content/plugins/wp-file-manager/lib/css/cwd.css?ver=8.0.2" "Mozilla/5.0 (Windows NT 10.0; Win64; x64) AppleWebKit/537.36 (KHTML, like Gecko) Chrome/144.0.0.0 Safari/537.36"
154.209.193.240 - - [31/Mar/2026:19:32:26 +0000] "GET /wp-content/plugins/wp-file-manager/lib/img/spinner-mini.gif HTTP/1.1" 200 1434 "https://chargedev.co.nz/wp-content/plugins/wp-file-manager/lib/css/dialog.css?ver=8.0.2" "Mozilla/5.0 (Windows NT 10.0; Win64; x64) AppleWebKit/537.36 (KHTML, like Gecko) Chrome/144.0.0.0 Safari/537.36"
154.209.193.240 - - [31/Mar/2026:19:32:26 +0000] "GET /wp-admin/admin-ajax.php?action=mk_file_folder_manager&_wpnonce=bec3392b2a&networkhref=&cmd=size&targets%5B%5D=l1_cHJvZHVjdA&targets%5B%5D=l1_Y2dpLWJpbg&targets%5B%5D=l1_YWJvdXQtdXM&targets%5B%5D=l1_LndlbGwta25vd24&reqid=19d45620b0630 HTTP/1.1" 200 268 "https://chargedev.co.nz/wp-admin/admin.php?page=wp_file_manager" "Mozilla/5.0 (Windows NT 10.0; Win64; x64) AppleWebKit/537.36 (KHTML, like Gecko) Chrome/144.0.0.0 Safari/537.36"
154.209.193.240 - - [31/Mar/2026:19:32:27 +0000] "GET /wp-content/plugins/wp-file-manager/lib/img/progress.gif HTTP/1.1" 200 667 "https://chargedev.co.nz/wp-content/plugins/wp-file-manager/lib/css/dialog.css?ver=8.0.2" "Mozilla/5.0 (Windows NT 10.0; Win64; x64) AppleWebKit/537.36 (KHTML, like Gecko) Chrome/144.0.0.0 Safari/537.36"
154.209.193.240 - - [31/Mar/2026:19:32:27 +0000] "GET /wp-admin/admin-ajax.php?action=mk_file_folder_manager&_wpnonce=bec3392b2a&networkhref=&cmd=rm&targets%5B%5D=l1_MTQ0LnBocA&targets%5B%5D=l1_MHp6LnBocA&targets%5B%5D=l1_cHJvZHVjdA&targets%5B%5D=l1_Y2dpLWJpbg&targets%5B%5D=l1_YWJvdXQtdXM&targets%5B%5D=l1_LndlbGwta25vd24&targets%5B%5D=l1_LndwLXRvb2xraXQtaWdub3Jl&reqid=19d45620d9f2f HTTP/1.1" 200 1428 "https://chargedev.co.nz/wp-admin/admin.php?page=wp_file_manager" "Mozilla/5.0 (Windows NT 10.0; Win64; x64) AppleWebKit/537.36 (KHTML, like Gecko) Chrome/144.0.0.0 Safari/537.36"
154.209.193.240 - - [31/Mar/2026:19:32:28 +0000] "GET /wp-content/plugins/wp-file-manager/lib/sounds/rm.wav HTTP/1.1" 200 92204 "https://chargedev.co.nz/wp-admin/admin.php?page=wp_file_manager" "Mozilla/5.0 (Windows NT 10.0; Win64; x64) AppleWebKit/537.36 (KHTML, like Gecko) Chrome/144.0.0.0 Safari/537.36"
154.209.193.240 - - [31/Mar/2026:19:32:33 +0000] "GET /wp-admin/admin-ajax.php?action=mk_file_folder_manager&_wpnonce=bec3392b2a&networkhref=&cmd=rm&targets%5B%5D=l1_c3R5bGUucGhw&reqid=19d456224fc1ff HTTP/1.1" 200 1314 "https://chargedev.co.nz/wp-admin/admin.php?page=wp_file_manager" "Mozilla/5.0 (Windows NT 10.0; Win64; x64) AppleWebKit/537.36 (KHTML, like Gecko) Chrome/144.0.0.0 Safari/537.36"
154.209.193.240 - - [31/Mar/2026:19:32:38 +0000] "GET /wp-admin/admin-ajax.php?action=mk_file_folder_manager&_wpnonce=bec3392b2a&networkhref=&cmd=get&target=l1_Lmh0YWNjZXNz&conv=0&_t=1774958460 HTTP/1.1" 200 865 "https://chargedev.co.nz/wp-admin/admin.php?page=wp_file_manager" "Mozilla/5.0 (Windows NT 10.0; Win64; x64) AppleWebKit/537.36 (KHTML, like Gecko) Chrome/144.0.0.0 Safari/537.36"
202.59.194.225 - - [31/Mar/2026:19:32:38 +0000] "GET /about-us/ HTTP/1.1" 200 33743 "https://www.google.com/" "Mozilla/5.0 (Linux; Android 10; K) AppleWebKit/537.36 (KHTML, like Gecko) Chrome/145.0.0.0 Mobile Safari/537.36"
202.59.194.225 - - [31/Mar/2026:19:32:40 +0000] "GET /wp-content/themes/hello-elementor/assets/css/reset.css?ver=3.4.7 HTTP/1.1" 200 5456 "https://chargedev.co.nz/about-us/" "Mozilla/5.0 (Linux; Android 10; K) AppleWebKit/537.36 (KHTML, like Gecko) Chrome/145.0.0.0 Mobile Safari/537.36"
202.59.194.225 - - [31/Mar/2026:19:32:40 +0000] "GET /wp-content/themes/hello-elementor/assets/css/header-footer.css?ver=3.4.7 HTTP/1.1" 200 7182 "https://chargedev.co.nz/about-us/" "Mozilla/5.0 (Linux; Android 10; K) AppleWebKit/537.36 (KHTML, like Gecko) Chrome/145.0.0.0 Mobile Safari/537.36"
202.59.194.225 - - [31/Mar/2026:19:32:40 +0000] "GET /wp-content/themes/hello-elementor/assets/css/theme.css?ver=3.4.7 HTTP/1.1" 200 5097 "https://chargedev.co.nz/about-us/" "Mozilla/5.0 (Linux; Android 10; K) AppleWebKit/537.36 (KHTML, like Gecko) Chrome/145.0.0.0 Mobile Safari/537.36"
202.59.194.225 - - [31/Mar/2026:19:32:40 +0000] "GET /wp-includes/js/wp-emoji-release.min.js?ver=6.9.4 HTTP/1.1" 200 22762 "https://chargedev.co.nz/about-us/" "Mozilla/5.0 (Linux; Android 10; K) AppleWebKit/537.36 (KHTML, like Gecko) Chrome/145.0.0.0 Mobile Safari/537.36"
154.209.193.240 - - [31/Mar/2026:19:32:47 +0000] "GET /wp-content/plugins/wp-file-manager/css/images/ui-icons_555555_256x240.png HTTP/1.1" 200 7074 "https://chargedev.co.nz/wp-content/plugins/wp-file-manager/css/jquery-ui.css?ver=8.0.2" "Mozilla/5.0 (Windows NT 10.0; Win64; x64) AppleWebKit/537.36 (KHTML, like Gecko) Chrome/144.0.0.0 Safari/537.36"
45.79.238.235 - - [31/Mar/2026:19:32:49 +0000] "POST /wp-cron.php?doing_wp_cron=1774985569.1637959480285644531250 HTTP/1.1" 200 - "-" "WordPress/6.9.4; https://chargedev.co.nz"
154.209.193.240 - - [31/Mar/2026:19:32:47 +0000] "POST /wp-admin/admin-ajax.php HTTP/1.1" 200 160 "https://chargedev.co.nz/wp-admin/admin.php?page=wp_file_manager" "Mozilla/5.0 (Windows NT 10.0; Win64; x64) AppleWebKit/537.36 (KHTML, like Gecko) Chrome/144.0.0.0 Safari/537.36"
45.79.238.235 - - [31/Mar/2026:19:32:48 +0000] "POST /wp-admin/admin-ajax.php?action=as_async_request_queue_runner&nonce=7ab8605838 HTTP/1.1" 200 - "-" "WordPress/6.9.4; https://chargedev.co.nz"
154.209.193.240 - - [31/Mar/2026:19:32:54 +0000] "GET /wp-admin/admin-ajax.php?action=mk_file_folder_manager&_wpnonce=bec3392b2a&networkhref=&cmd=open&target=l1_d3AtY29udGVudA&reqid=19d456277c139a HTTP/1.1" 200 4987 "https://chargedev.co.nz/wp-admin/admin.php?page=wp_file_manager" "Mozilla/5.0 (Windows NT 10.0; Win64; x64) AppleWebKit/537.36 (KHTML, like Gecko) Chrome/144.0.0.0 Safari/537.36"
154.209.193.240 - - [31/Mar/2026:19:33:05 +0000] "GET /wp-admin/admin-ajax.php?action=mk_file_folder_manager&_wpnonce=bec3392b2a&networkhref=&cmd=size&targets%5B%5D=l1_d3AtY29udGVudC9sYW5ndWFnZXM&targets%5B%5D=l1_d3AtY29udGVudC9tYWludGVuYW5jZQ&targets%5B%5D=l1_d3AtY29udGVudC9wbHVnaW5zLW9sZA&targets%5B%5D=l1_d3AtY29udGVudC90aGVtZXMtb2xk&targets%5B%5D=l1_d3AtY29udGVudC91cGdyYWRl&targets%5B%5D=l1_d3AtY29udGVudC91cGdyYWRlLXRlbXAtYmFja3Vw&targets%5B%5D=l1_d3AtY29udGVudC91cGxvYWRzLW9sZA&reqid=19d4562a075f5 HTTP/1.1" 200 565 "https://chargedev.co.nz/wp-admin/admin.php?page=wp_file_manager" "Mozilla/5.0 (Windows NT 10.0; Win64; x64) AppleWebKit/537.36 (KHTML, like Gecko) Chrome/144.0.0.0 Safari/537.36"
154.209.193.240 - - [31/Mar/2026:19:33:05 +0000] "GET /wp-admin/admin-ajax.php?action=mk_file_folder_manager&_wpnonce=bec3392b2a&networkhref=&cmd=rm&targets%5B%5D=l1_d3AtY29udGVudC9sYW5ndWFnZXM&targets%5B%5D=l1_d3AtY29udGVudC9tYWludGVuYW5jZQ&targets%5B%5D=l1_d3AtY29udGVudC9wbHVnaW5zLW9sZA&targets%5B%5D=l1_d3AtY29udGVudC90aGVtZXMtb2xk&targets%5B%5D=l1_d3AtY29udGVudC91cGdyYWRl&targets%5B%5D=l1_d3AtY29udGVudC91cGdyYWRlLXRlbXAtYmFja3Vw&targets%5B%5D=l1_d3AtY29udGVudC91cGxvYWRzLW9sZA&targets%5B%5D=l1_d3AtY29udGVudC90ZW1wLXdyaXRlLXRlc3QtNjdlZWZjNjU1MmEwMzktMjUxNTAwMzg&targets%5B%5D=l1_d3AtY29udGVudC90ZW1wLXdyaXRlLXRlc3QtNjdlZWZjYjk4MTJjOTgtNDAwNzU3NTI&targets%5B%5D=l1_d3AtY29udGVudC90ZW1wLXdyaXRlLXRlc3QtNjdlZWZkNWIwOWU0YzUtMzM1MjMxMjg&reqid=19d4562a37e134 HTTP/1.1" 200 665 "https://chargedev.co.nz/wp-admin/admin.php?page=wp_file_manager" "Mozilla/5.0 (Windows NT 10.0; Win64; x64) AppleWebKit/537.36 (KHTML, like Gecko) Chrome/144.0.0.0 Safari/537.36"
154.209.193.240 - - [31/Mar/2026:19:33:11 +0000] "GET /wp-admin/admin-ajax.php?action=mk_file_folder_manager&_wpnonce=bec3392b2a&networkhref=&cmd=rm&targets%5B%5D=l1_d3AtY29udGVudC9pbmRleC5waHAtb2xk&reqid=19d4562b8a4119 HTTP/1.1" 200 233 "https://chargedev.co.nz/wp-admin/admin.php?page=wp_file_manager" "Mozilla/5.0 (Windows NT 10.0; Win64; x64) AppleWebKit/537.36 (KHTML, like Gecko) Chrome/144.0.0.0 Safari/537.36"
154.209.193.240 - - [31/Mar/2026:19:33:13 +0000] "GET /wp-admin/admin-ajax.php?action=mk_file_folder_manager&_wpnonce=bec3392b2a&networkhref=&cmd=size&targets%5B%5D=l1_d3AtY29udGVudC91cGRyYWZ0&reqid=19d4562c2a33cc HTTP/1.1" 200 133 "https://chargedev.co.nz/wp-admin/admin.php?page=wp_file_manager" "Mozilla/5.0 (Windows NT 10.0; Win64; x64) AppleWebKit/537.36 (KHTML, like Gecko) Chrome/144.0.0.0 Safari/537.36"
154.209.193.240 - - [31/Mar/2026:19:33:14 +0000] "GET /wp-admin/admin-ajax.php?action=mk_file_folder_manager&_wpnonce=bec3392b2a&networkhref=&cmd=rm&targets%5B%5D=l1_d3AtY29udGVudC91cGRyYWZ0&reqid=19d4562c6ae343 HTTP/1.1" 200 225 "https://chargedev.co.nz/wp-admin/admin.php?page=wp_file_manager" "Mozilla/5.0 (Windows NT 10.0; Win64; x64) AppleWebKit/537.36 (KHTML, like Gecko) Chrome/144.0.0.0 Safari/537.36"
154.209.193.240 - - [31/Mar/2026:19:33:18 +0000] "POST /wp-admin/admin-ajax.php HTTP/1.1" 200 47 "https://chargedev.co.nz/wp-admin/admin.php?page=wp_file_manager" "Mozilla/5.0 (Windows NT 10.0; Win64; x64) AppleWebKit/537.36 (KHTML, like Gecko) Chrome/144.0.0.0 Safari/537.36"
154.209.193.240 - - [31/Mar/2026:19:33:23 +0000] "GET /wp-admin/admin-ajax.php?action=mk_file_folder_manager&_wpnonce=bec3392b2a&networkhref=&cmd=open&target=l1_d3AtY29udGVudC9wbHVnaW5z&reqid=19d4562e99e2c HTTP/1.1" 200 4361 "https://chargedev.co.nz/wp-admin/admin.php?page=wp_file_manager" "Mozilla/5.0 (Windows NT 10.0; Win64; x64) AppleWebKit/537.36 (KHTML, like Gecko) Chrome/144.0.0.0 Safari/537.36"
154.209.193.240 - - [31/Mar/2026:19:33:34 +0000] "GET /wp-admin/admin-ajax.php?action=mk_file_folder_manager&_wpnonce=bec3392b2a&networkhref=&cmd=size&targets%5B%5D=l1_d3AtY29udGVudC9wbHVnaW5zL2FzdHJhLWFkZG9u&targets%5B%5D=l1_d3AtY29udGVudC9wbHVnaW5zL2VsZW1lbnRvcg&targets%5B%5D=l1_d3AtY29udGVudC9wbHVnaW5zL2VsZW1lbnRvci1wcm8&targets%5B%5D=l1_d3AtY29udGVudC9wbHVnaW5zL21haW53cC1jaGlsZA&targets%5B%5D=l1_d3AtY29udGVudC9wbHVnaW5zL3BocC1jb25zb2xl&targets%5B%5D=l1_d3AtY29udGVudC9wbHVnaW5zL1BIUC1Db25zb2xlXzEuMi0x&reqid=19d456313b723d HTTP/1.1" 200 596 "https://chargedev.co.nz/wp-admin/admin.php?page=wp_file_manager" "Mozilla/5.0 (Windows NT 10.0; Win64; x64) AppleWebKit/537.36 (KHTML, like Gecko) Chrome/144.0.0.0 Safari/537.36"
154.209.193.240 - - [31/Mar/2026:19:33:35 +0000] "GET /wp-admin/admin-ajax.php?action=mk_file_folder_manager&_wpnonce=bec3392b2a&networkhref=&cmd=rm&targets%5B%5D=l1_d3AtY29udGVudC9wbHVnaW5zL2FzdHJhLWFkZG9u&targets%5B%5D=l1_d3AtY29udGVudC9wbHVnaW5zL2VsZW1lbnRvcg&targets%5B%5D=l1_d3AtY29udGVudC9wbHVnaW5zL2VsZW1lbnRvci1wcm8&targets%5B%5D=l1_d3AtY29udGVudC9wbHVnaW5zL21haW53cC1jaGlsZA&targets%5B%5D=l1_d3AtY29udGVudC9wbHVnaW5zL3BocC1jb25zb2xl&targets%5B%5D=l1_d3AtY29udGVudC9wbHVnaW5zL1BIUC1Db25zb2xlXzEuMi0x&reqid=19d45631637b4 HTTP/1.1" 200 501 "https://chargedev.co.nz/wp-admin/admin.php?page=wp_file_manager" "Mozilla/5.0 (Windows NT 10.0; Win64; x64) AppleWebKit/537.36 (KHTML, like Gecko) Chrome/144.0.0.0 Safari/537.36"
45.79.238.235 - - [31/Mar/2026:19:33:45 +0000] "POST /wp-cron.php?doing_wp_cron=1774985625.4123640060424804687500 HTTP/1.1" 200 - "-" "WordPress/6.9.4; https://chargedev.co.nz"
154.209.193.240 - - [31/Mar/2026:19:33:43 +0000] "GET /wp-admin/admin-ajax.php?action=mk_file_folder_manager&_wpnonce=bec3392b2a&networkhref=&cmd=size&targets%5B%5D=l1_d3AtY29udGVudC9wbHVnaW5zL3VwZHJhZnRwbHVz&reqid=19d456337471fe HTTP/1.1" 200 147 "https://chargedev.co.nz/wp-admin/admin.php?page=wp_file_manager" "Mozilla/5.0 (Windows NT 10.0; Win64; x64) AppleWebKit/537.36 (KHTML, like Gecko) Chrome/144.0.0.0 Safari/537.36"
154.209.193.240 - - [31/Mar/2026:19:33:44 +0000] "GET /wp-admin/admin-ajax.php?action=mk_file_folder_manager&_wpnonce=bec3392b2a&networkhref=&cmd=rm&targets%5B%5D=l1_d3AtY29udGVudC9wbHVnaW5zL3VwZHJhZnRwbHVz&reqid=19d456339416a HTTP/1.1" 200 260 "https://chargedev.co.nz/wp-admin/admin.php?page=wp_file_manager" "Mozilla/5.0 (Windows NT 10.0; Win64; x64) AppleWebKit/537.36 (KHTML, like Gecko) Chrome/144.0.0.0 Safari/537.36"
154.209.193.240 - - [31/Mar/2026:19:33:45 +0000] "GET /sitemap_index.xml HTTP/1.1" 200 114333 "-" "Mozilla/5.0 (Windows NT 10.0; Win64; x64) AppleWebKit/537.36 (KHTML, like Gecko) Chrome/144.0.0.0 Safari/537.36"
154.209.193.240 - - [31/Mar/2026:19:33:48 +0000] "GET /sitemap.xml HTTP/1.1" 200 114514 "-" "Mozilla/5.0 (Windows NT 10.0; Win64; x64) AppleWebKit/537.36 (KHTML, like Gecko) Chrome/144.0.0.0 Safari/537.36"
154.209.193.240 - - [31/Mar/2026:19:33:51 +0000] "GET /wp-admin/themes.php HTTP/1.1" 200 98618 "https://chargedev.co.nz/wp-admin/admin.php?page=wp_file_manager" "Mozilla/5.0 (Windows NT 10.0; Win64; x64) AppleWebKit/537.36 (KHTML, like Gecko) Chrome/144.0.0.0 Safari/537.36"
154.209.193.240 - - [31/Mar/2026:19:33:55 +0000] "GET /wp-admin/plugins.php HTTP/1.1" 200 109520 "https://chargedev.co.nz/wp-admin/themes.php" "Mozilla/5.0 (Windows NT 10.0; Win64; x64) AppleWebKit/537.36 (KHTML, like Gecko) Chrome/144.0.0.0 Safari/537.36"
45.79.238.235 - - [31/Mar/2026:19:33:52 +0000] "POST /wp-admin/admin-ajax.php?action=as_async_request_queue_runner&nonce=7ab8605838 HTTP/1.1" 200 - "-" "WordPress/6.9.4; https://chargedev.co.nz"
154.209.193.240 - - [31/Mar/2026:19:34:00 +0000] "GET /wp-admin/plugins.php HTTP/1.1" 200 24052 "https://chargedev.co.nz/wp-admin/plugins.php" "Mozilla/5.0 (Windows NT 10.0; Win64; x64) AppleWebKit/537.36 (KHTML, like Gecko) Chrome/144.0.0.0 Safari/537.36"
154.209.193.240 - - [31/Mar/2026:19:34:01 +0000] "GET /wp-admin/themes.php HTTP/1.1" 200 98618 "https://chargedev.co.nz/wp-admin/plugins.php" "Mozilla/5.0 (Windows NT 10.0; Win64; x64) AppleWebKit/537.36 (KHTML, like Gecko) Chrome/144.0.0.0 Safari/537.36"
154.209.193.240 - - [31/Mar/2026:19:34:03 +0000] "GET /wp-admin/themes.php?action=activate&stylesheet=astra&_wpnonce=7af3a4cff6 HTTP/1.1" 302 - "https://chargedev.co.nz/wp-admin/themes.php" "Mozilla/5.0 (Windows NT 10.0; Win64; x64) AppleWebKit/537.36 (KHTML, like Gecko) Chrome/144.0.0.0 Safari/537.36"
154.209.193.240 - - [31/Mar/2026:19:34:04 +0000] "GET /wp-admin/themes.php?activated=true HTTP/1.1" 200 97643 "https://chargedev.co.nz/wp-admin/themes.php" "Mozilla/5.0 (Windows NT 10.0; Win64; x64) AppleWebKit/537.36 (KHTML, like Gecko) Chrome/144.0.0.0 Safari/537.36"
154.209.193.240 - - [31/Mar/2026:19:34:06 +0000] "GET /sitemap.xml HTTP/1.1" 200 114347 "-" "Mozilla/5.0 (Windows NT 10.0; Win64; x64) AppleWebKit/537.36 (KHTML, like Gecko) Chrome/144.0.0.0 Safari/537.36"
45.79.238.235 - - [31/Mar/2026:19:34:13 +0000] "POST /wp-cron.php?doing_wp_cron=1774985653.4122378826141357421875 HTTP/1.1" 200 - "-" "WordPress/6.9.4; https://chargedev.co.nz"
154.209.193.240 - - [31/Mar/2026:19:34:11 +0000] "GET /wp-admin/plugin-install.php HTTP/1.1" 200 120848 "https://chargedev.co.nz/wp-admin/themes.php" "Mozilla/5.0 (Windows NT 10.0; Win64; x64) AppleWebKit/537.36 (KHTML, like Gecko) Chrome/144.0.0.0 Safari/537.36"
154.209.193.240 - - [31/Mar/2026:19:34:29 +0000] "POST /wp-admin/update.php?action=upload-plugin HTTP/1.1" 200 126555 "https://chargedev.co.nz/wp-admin/plugin-install.php" "Mozilla/5.0 (Windows NT 10.0; Win64; x64) AppleWebKit/537.36 (KHTML, like Gecko) Chrome/144.0.0.0 Safari/537.36"
154.209.193.240 - - [31/Mar/2026:19:34:35 +0000] "GET /wp-admin/load-styles.php?c=0&dir=ltr&load%5Bchunk_0%5D=dashicons,admin-bar,common,forms,admin-menu,dashboard,list-tables,edit,revisions,media,themes,about,nav-menus,wp-pointer,widgets&load%5Bchunk_1%5D=,site-icon,l10n,buttons,wp-components,wp-commands&ver=6.9.4 HTTP/1.1" 200 523994 "https://chargedev.co.nz/wp-admin/update.php?action=upload-plugin" "Mozilla/5.0 (Windows NT 10.0; Win64; x64) AppleWebKit/537.36 (KHTML, like Gecko) Chrome/144.0.0.0 Safari/537.36"
154.209.193.240 - - [31/Mar/2026:19:34:37 +0000] "GET /wp-admin/plugins.php?action=activate&plugin=PHP-Console_1.2-1%2FPHP+Console_1.2.php&_wpnonce=9fb257ef28 HTTP/1.1" 302 - "https://chargedev.co.nz/wp-admin/update.php?action=upload-plugin" "Mozilla/5.0 (Windows NT 10.0; Win64; x64) AppleWebKit/537.36 (KHTML, like Gecko) Chrome/144.0.0.0 Safari/537.36"
154.209.193.240 - - [31/Mar/2026:19:34:40 +0000] "GET /wp-admin/plugins.php?activate=true&plugin_status=all&paged=1&s= HTTP/1.1" 200 177454 "https://chargedev.co.nz/wp-admin/update.php?action=upload-plugin" "Mozilla/5.0 (Windows NT 10.0; Win64; x64) AppleWebKit/537.36 (KHTML, like Gecko) Chrome/144.0.0.0 Safari/537.36"
45.79.238.235 - - [31/Mar/2026:19:34:43 +0000] "POST /wp-cron.php?doing_wp_cron=1774985683.8902320861816406250000 HTTP/1.1" 200 - "-" "WordPress/6.9.4; https://chargedev.co.nz"
154.209.193.240 - - [31/Mar/2026:19:34:43 +0000] "GET /wp-admin/admin.php?page=wp-php-console HTTP/1.1" 200 129680 "https://chargedev.co.nz/wp-admin/plugins.php?plugin_status=all&paged=1&s" "Mozilla/5.0 (Windows NT 10.0; Win64; x64) AppleWebKit/537.36 (KHTML, like Gecko) Chrome/144.0.0.0 Safari/537.36"
45.79.238.235 - - [31/Mar/2026:19:35:46 +0000] "POST /wp-cron.php?doing_wp_cron=1774985746.5250220298767089843750 HTTP/1.1" 200 - "-" "WordPress/6.9.4; https://chargedev.co.nz"
154.209.193.240 - - [31/Mar/2026:19:35:45 +0000] "POST /wp-admin/admin-ajax.php HTTP/1.1" 200 47 "https://chargedev.co.nz/wp-admin/admin.php?page=wp-php-console" "Mozilla/5.0 (Windows NT 10.0; Win64; x64) AppleWebKit/537.36 (KHTML, like Gecko) Chrome/144.0.0.0 Safari/537.36"
45.79.238.235 - - [31/Mar/2026:19:35:50 +0000] "POST /wp-cron.php?doing_wp_cron=1774985750.4033310413360595703125 HTTP/1.1" 200 - "-" "WordPress/6.9.4; https://chargedev.co.nz"
154.209.193.240 - - [31/Mar/2026:19:34:53 +0000] "POST /wp-admin/admin.php?page=wp-php-console HTTP/1.1" 200 45132 "https://chargedev.co.nz/wp-admin/admin.php?page=wp-php-console" "Mozilla/5.0 (Windows NT 10.0; Win64; x64) AppleWebKit/537.36 (KHTML, like Gecko) Chrome/144.0.0.0 Safari/537.36"
45.79.238.235 - - [31/Mar/2026:19:35:45 +0000] "POST /wp-admin/admin-ajax.php?action=as_async_request_queue_runner&nonce=7ab8605838 HTTP/1.1" 200 - "-" "WordPress/6.9.4; https://chargedev.co.nz"
154.209.193.240 - - [31/Mar/2026:19:35:58 +0000] "GET /wp-admin/admin.php?page=wp-php-console HTTP/1.1" 200 129680 "https://chargedev.co.nz/wp-admin/plugins.php?plugin_status=all&paged=1&s" "Mozilla/5.0 (Windows NT 10.0; Win64; x64) AppleWebKit/537.36 (KHTML, like Gecko) Chrome/144.0.0.0 Safari/537.36"
45.79.238.235 - - [31/Mar/2026:19:37:01 +0000] "POST /wp-cron.php?doing_wp_cron=1774985821.1585979461669921875000 HTTP/1.1" 200 - "-" "WordPress/6.9.4; https://chargedev.co.nz"
154.209.193.240 - - [31/Mar/2026:19:36:59 +0000] "POST /wp-admin/admin-ajax.php HTTP/1.1" 200 47 "https://chargedev.co.nz/wp-admin/admin.php?page=wp-php-console" "Mozilla/5.0 (Windows NT 10.0; Win64; x64) AppleWebKit/537.36 (KHTML, like Gecko) Chrome/144.0.0.0 Safari/537.36"
45.79.238.235 - - [31/Mar/2026:19:37:02 +0000] "POST /wp-cron.php?doing_wp_cron=1774985822.8274850845336914062500 HTTP/1.1" 200 - "-" "WordPress/6.9.4; https://chargedev.co.nz"
154.209.193.240 - - [31/Mar/2026:19:36:05 +0000] "POST /wp-admin/admin.php?page=wp-php-console HTTP/1.1" 200 130896 "https://chargedev.co.nz/wp-admin/admin.php?page=wp-php-console" "Mozilla/5.0 (Windows NT 10.0; Win64; x64) AppleWebKit/537.36 (KHTML, like Gecko) Chrome/144.0.0.0 Safari/537.36"
45.79.238.235 - - [31/Mar/2026:19:37:00 +0000] "POST /wp-admin/admin-ajax.php?action=as_async_request_queue_runner&nonce=7ab8605838 HTTP/1.1" 200 - "-" "WordPress/6.9.4; https://chargedev.co.nz"
154.209.193.240 - - [31/Mar/2026:19:37:06 +0000] "GET /sitemap26.xml HTTP/1.1" 200 3556981 "-" "Mozilla/5.0 (Windows NT 10.0; Win64; x64) AppleWebKit/537.36 (KHTML, like Gecko) Chrome/144.0.0.0 Safari/537.36"
154.209.193.240 - - [31/Mar/2026:19:37:12 +0000] "GET /wp-admin/options-permalink.php HTTP/1.1" 200 140313 "https://chargedev.co.nz/wp-admin/admin.php?page=wp-php-console" "Mozilla/5.0 (Windows NT 10.0; Win64; x64) AppleWebKit/537.36 (KHTML, like Gecko) Chrome/144.0.0.0 Safari/537.36"
154.209.193.240 - - [31/Mar/2026:19:37:18 +0000] "POST /wp-admin/options-permalink.php HTTP/1.1" 302 - "https://chargedev.co.nz/wp-admin/options-permalink.php" "Mozilla/5.0 (Windows NT 10.0; Win64; x64) AppleWebKit/537.36 (KHTML, like Gecko) Chrome/144.0.0.0 Safari/537.36"
154.209.193.240 - - [31/Mar/2026:19:37:19 +0000] "GET /wp-admin/options-permalink.php?settings-updated=true HTTP/1.1" 200 140587 "https://chargedev.co.nz/wp-admin/options-permalink.php" "Mozilla/5.0 (Windows NT 10.0; Win64; x64) AppleWebKit/537.36 (KHTML, like Gecko) Chrome/144.0.0.0 Safari/537.36"
154.209.193.240 - - [31/Mar/2026:19:37:21 +0000] "GET /sitemap26.xml HTTP/1.1" 304 - "-" "Mozilla/5.0 (Windows NT 10.0; Win64; x64) AppleWebKit/537.36 (KHTML, like Gecko) Chrome/144.0.0.0 Safari/537.36"
154.209.193.240 - - [31/Mar/2026:19:37:28 +0000] "GET /?p=9573 HTTP/1.1" 301 - "-" "Mozilla/5.0 (Windows NT 10.0; Win64; x64) AppleWebKit/537.36 (KHTML, like Gecko) Chrome/144.0.0.0 Safari/537.36"
154.209.193.240 - - [31/Mar/2026:19:37:29 +0000] "GET /2026/04/01/divaspin-casino-honest-review-au/ HTTP/1.1" 200 153518 "-" "Mozilla/5.0 (Windows NT 10.0; Win64; x64) AppleWebKit/537.36 (KHTML, like Gecko) Chrome/144.0.0.0 Safari/537.36"
