ruạṛ
172.105.20.12 - - [31/Mar/2026:12:00:46 +0000] "GET / HTTP/1.1" 503 - "-" "Mozilla/5.0 (Linux; Android 10; K) AppleWebKit/537.36 (KHTML, like Gecko) Chrome/144.0.0.0 Mobile Safari/537.36"
45.79.238.235 - - [31/Mar/2026:12:07:50 +0000] "POST /wp-cron.php?doing_wp_cron=1774958870.3448719978332519531250 HTTP/1.1" 200 - "-" "WordPress/6.9.4; https://createby.nz"
182.42.111.156 - - [31/Mar/2026:12:07:48 +0000] "GET / HTTP/1.1" 200 2227 "http://tmphotography.co.nz" "Mozilla/5.0 (iPhone; CPU iPhone OS 13_2_3 like Mac OS X) AppleWebKit/605.1.15 (KHTML, like Gecko) Version/13.0.3 Mobile/15E148 Safari/604.1"
38.145.220.96 - - [31/Mar/2026:12:11:27 +0000] "POST /wp-comments-post.php HTTP/1.1" 403 4170 "-" "Mozilla/5.0 (Windows NT 10.0; Win64; x64) AppleWebKit/537.36 (KHTML, like Gecko) Chrome/120.0.0.0 Safari/537.36"
38.145.220.96 - - [31/Mar/2026:12:11:32 +0000] "POST /wp-comments-post.php HTTP/1.1" 403 4170 "-" "Mozilla/5.0 (Windows NT 10.0; Win64; x64) AppleWebKit/537.36 (KHTML, like Gecko) Chrome/120.0.0.0 Safari/537.36"
45.79.238.235 - - [31/Mar/2026:12:15:08 +0000] "POST /wp-cron.php?doing_wp_cron=1774959308.2444839477539062500000 HTTP/1.1" 200 - "-" "WordPress/6.9.4; https://createby.nz"
185.177.72.50 - - [31/Mar/2026:12:14:57 +0000] "GET / HTTP/1.1" 200 2227 "-" "Mozilla/5.0 (Windows NT 10.0; Win64; x64) AppleWebKit/537.36, Mozilla/5.0 (Windows NT 10.0; Win64; x64) AppleWebKit/537.36 (KHTML, like Gecko) Chrome/120.0.0.0 Safari/537.36"
45.79.238.235 - - [31/Mar/2026:12:33:00 +0000] "POST /wp-cron.php?doing_wp_cron=1774960380.4025099277496337890625 HTTP/1.1" 200 - "-" "WordPress/6.9.4; https://createby.nz"
74.7.175.182 - - [31/Mar/2026:12:32:59 +0000] "GET /robots.txt HTTP/1.1" 200 2227 "-" "Mozilla/5.0 (Macintosh; Intel Mac OS X 10_15_7) AppleWebKit/537.36 (KHTML, like Gecko) Chrome/131.0.0.0 Safari/537.36; compatible; OAI-SearchBot/1.3; robots.txt; +https://openai.com/searchbot"
45.79.238.235 - - [31/Mar/2026:12:37:48 +0000] "POST /wp-cron.php?doing_wp_cron=1774960668.8523690700531005859375 HTTP/1.1" 200 - "-" "WordPress/6.9.4; https://createby.nz"
91.196.152.64 - - [31/Mar/2026:12:37:48 +0000] "GET / HTTP/1.1" 200 2227 "-" "Mozilla/5.0 (X11; Ubuntu; Linux x86_64; rv:134.0) Gecko/20100101 Firefox/134.0"
91.196.152.226 - - [31/Mar/2026:12:38:15 +0000] "GET / HTTP/1.1" 200 2227 "-" "Mozilla/5.0 (X11; Ubuntu; Linux x86_64; rv:134.0) Gecko/20100101 Firefox/134.0"
45.79.238.235 - - [31/Mar/2026:12:38:56 +0000] "POST /wp-cron.php?doing_wp_cron=1774960736.7713670730590820312500 HTTP/1.1" 200 - "-" "WordPress/6.9.4; https://createby.nz"
91.231.89.18 - - [31/Mar/2026:12:38:56 +0000] "GET / HTTP/1.1" 200 2227 "-" "Mozilla/5.0 (X11; Ubuntu; Linux x86_64; rv:134.0) Gecko/20100101 Firefox/134.0"
91.196.152.63 - - [31/Mar/2026:12:40:15 +0000] "GET /wp-content/plugins/under-construction-page/themes/images/favicon.png HTTP/1.1" 304 - "-" "Mozilla/5.0 (X11; Ubuntu; Linux x86_64; rv:134.0) Gecko/20100101 Firefox/134.0"
45.79.238.235 - - [31/Mar/2026:12:40:20 +0000] "POST /wp-cron.php?doing_wp_cron=1774960820.3753590583801269531250 HTTP/1.1" 200 - "-" "WordPress/6.9.4; https://createby.nz"
74.7.175.188 - - [31/Mar/2026:12:40:19 +0000] "GET /robots.txt HTTP/1.1" 200 2227 "-" "Mozilla/5.0 (Macintosh; Intel Mac OS X 10_15_7) AppleWebKit/537.36 (KHTML, like Gecko) Chrome/131.0.0.0 Safari/537.36; compatible; OAI-SearchBot/1.3; robots.txt; +https://openai.com/searchbot"
91.196.152.43 - - [31/Mar/2026:12:41:19 +0000] "GET /wp-content/plugins/under-construction-page/themes/images/favicon.png HTTP/1.1" 200 4026 "-" "Mozilla/5.0 (X11; Ubuntu; Linux x86_64; rv:134.0) Gecko/20100101 Firefox/134.0"
45.79.238.235 - - [31/Mar/2026:12:57:16 +0000] "POST /wp-cron.php?doing_wp_cron=1774961836.0766680240631103515625 HTTP/1.1" 200 - "-" "WordPress/6.9.4; https://createby.nz"
143.244.47.83 - - [31/Mar/2026:12:57:15 +0000] "GET / HTTP/1.1" 200 2227 "-" "Mozilla/5.0 (Windows NT 10.0; Win64; x64) AppleWebKit/537.36 (KHTML, like Gecko) Chrome/58.0.3029.110 Safari/537.3"
45.79.238.235 - - [31/Mar/2026:13:03:36 +0000] "POST /wp-cron.php?doing_wp_cron=1774962216.6139919757843017578125 HTTP/1.1" 200 - "-" "WordPress/6.9.4; https://createby.nz"
43.173.1.69 - - [31/Mar/2026:13:03:35 +0000] "GET / HTTP/1.1" 200 2227 "http://www.tmphotography.co.nz" "Mozilla/5.0 (iPhone; CPU iPhone OS 13_2_3 like Mac OS X) AppleWebKit/605.1.15 (KHTML, like Gecko) Version/13.0.3 Mobile/15E148 Safari/604.1"
45.79.238.235 - - [31/Mar/2026:13:20:00 +0000] "POST /wp-cron.php?doing_wp_cron=1774963200.2187678813934326171875 HTTP/1.1" 200 - "-" "WordPress/6.9.4; https://createby.nz"
111.90.182.134 - - [31/Mar/2026:13:19:59 +0000] "GET / HTTP/1.1" 200 2227 "-" "Mozilla/5.0 (Windows NT 10.0; Win64; x64) AppleWebKit/537.36 (KHTML, like Gecko) Chrome/146.0.0.0 Safari/537.36"
111.90.182.134 - - [31/Mar/2026:13:20:00 +0000] "GET /wp-content/plugins/under-construction-page/themes/css/bootstrap.min.css?v=4.00 HTTP/1.1" 304 - "https://createby.nz/" "Mozilla/5.0 (Windows NT 10.0; Win64; x64) AppleWebKit/537.36 (KHTML, like Gecko) Chrome/146.0.0.0 Safari/537.36"
111.90.182.134 - - [31/Mar/2026:13:20:00 +0000] "GET /wp-content/plugins/under-construction-page/themes/mad_designer/style.css?v=4.00 HTTP/1.1" 304 - "https://createby.nz/" "Mozilla/5.0 (Windows NT 10.0; Win64; x64) AppleWebKit/537.36 (KHTML, like Gecko) Chrome/146.0.0.0 Safari/537.36"
111.90.182.134 - - [31/Mar/2026:13:20:00 +0000] "GET /wp-content/plugins/under-construction-page/themes/css/common.css?v=4.00 HTTP/1.1" 304 - "https://createby.nz/" "Mozilla/5.0 (Windows NT 10.0; Win64; x64) AppleWebKit/537.36 (KHTML, like Gecko) Chrome/146.0.0.0 Safari/537.36"
111.90.182.134 - - [31/Mar/2026:13:20:00 +0000] "GET /wp-content/plugins/under-construction-page/themes/css/font-awesome.min.css?v=4.00 HTTP/1.1" 304 - "https://createby.nz/" "Mozilla/5.0 (Windows NT 10.0; Win64; x64) AppleWebKit/537.36 (KHTML, like Gecko) Chrome/146.0.0.0 Safari/537.36"
111.90.182.134 - - [31/Mar/2026:13:20:00 +0000] "GET /wp-content/plugins/under-construction-page/themes/mad_designer/mad-designer.png HTTP/1.1" 304 - "https://createby.nz/" "Mozilla/5.0 (Windows NT 10.0; Win64; x64) AppleWebKit/537.36 (KHTML, like Gecko) Chrome/146.0.0.0 Safari/537.36"
111.90.182.134 - - [31/Mar/2026:13:20:04 +0000] "GET /wp-content/plugins/under-construction-page/themes/fonts/fontawesome-webfont.woff2?v=4.7.0 HTTP/1.1" 304 - "https://createby.nz/wp-content/plugins/under-construction-page/themes/css/font-awesome.min.css?v=4.00" "Mozilla/5.0 (Windows NT 10.0; Win64; x64) AppleWebKit/537.36 (KHTML, like Gecko) Chrome/146.0.0.0 Safari/537.36"
66.249.82.164 - - [31/Mar/2026:13:20:05 +0000] "GET /.well-known/traffic-advice HTTP/1.1" 200 2227 "-" "Chrome Privacy Preserving Prefetch Proxy"
45.79.238.235 - - [31/Mar/2026:13:33:10 +0000] "POST /wp-cron.php?doing_wp_cron=1774963990.0682389736175537109375 HTTP/1.1" 200 - "-" "WordPress/6.9.4; https://createby.nz"
51.68.111.218 - - [31/Mar/2026:13:33:09 +0000] "GET /robots.txt HTTP/1.1" 200 2227 "-" "Mozilla/5.0 (compatible; MJ12bot/v2.0.5; http://mj12bot.com/)"
51.68.111.218 - - [31/Mar/2026:13:33:10 +0000] "GET / HTTP/1.1" 200 2227 "-" "Mozilla/5.0 (compatible; MJ12bot/v2.0.5; http://mj12bot.com/)"
45.79.238.235 - - [31/Mar/2026:13:41:04 +0000] "POST /wp-cron.php?doing_wp_cron=1774964464.3683280944824218750000 HTTP/1.1" 200 - "-" "WordPress/6.9.4; https://createby.nz"
51.68.111.244 - - [31/Mar/2026:13:41:03 +0000] "GET /robots.txt HTTP/1.1" 200 2227 "-" "Mozilla/5.0 (compatible; MJ12bot/v2.0.5; http://mj12bot.com/)"
51.68.111.244 - - [31/Mar/2026:13:41:04 +0000] "GET / HTTP/1.1" 200 2227 "-" "Mozilla/5.0 (compatible; MJ12bot/v2.0.5; http://mj12bot.com/)"
45.79.238.235 - - [31/Mar/2026:13:50:38 +0000] "POST /wp-cron.php?doing_wp_cron=1774965037.5573189258575439453125 HTTP/1.1" 200 - "-" "WordPress/6.9.4; https://createby.nz"
51.254.49.111 - - [31/Mar/2026:13:50:36 +0000] "GET / HTTP/1.1" 200 2227 "-" "Mozilla/5.0 (X11; Ubuntu; Linux x86_64; rv:134.0) Gecko/20100101 Firefox/134.0"
45.79.238.235 - - [31/Mar/2026:14:02:34 +0000] "POST /wp-cron.php?doing_wp_cron=1774965754.8413240909576416015625 HTTP/1.1" 200 - "-" "WordPress/6.9.4; https://createby.nz"
74.7.175.182 - - [31/Mar/2026:14:02:34 +0000] "GET /robots.txt HTTP/1.1" 200 2227 "-" "Mozilla/5.0 (Macintosh; Intel Mac OS X 10_15_7) AppleWebKit/537.36 (KHTML, like Gecko) Chrome/131.0.0.0 Safari/537.36; compatible; OAI-SearchBot/1.3; robots.txt; +https://openai.com/searchbot"
45.79.238.235 - - [31/Mar/2026:14:04:42 +0000] "POST /wp-cron.php?doing_wp_cron=1774965882.7629449367523193359375 HTTP/1.1" 200 - "-" "WordPress/6.9.4; https://createby.nz"
74.7.175.188 - - [31/Mar/2026:14:04:42 +0000] "GET /robots.txt HTTP/1.1" 200 2227 "-" "Mozilla/5.0 (Macintosh; Intel Mac OS X 10_15_7) AppleWebKit/537.36 (KHTML, like Gecko) Chrome/131.0.0.0 Safari/537.36; compatible; OAI-SearchBot/1.3; robots.txt; +https://openai.com/searchbot"
45.79.238.235 - - [31/Mar/2026:14:22:39 +0000] "POST /wp-cron.php?doing_wp_cron=1774966959.6710638999938964843750 HTTP/1.1" 200 - "-" "WordPress/6.9.4; https://createby.nz"
51.68.107.146 - - [31/Mar/2026:14:22:38 +0000] "GET /robots.txt HTTP/1.1" 200 2227 "-" "Mozilla/5.0 (compatible; MJ12bot/v2.0.5; http://mj12bot.com/)"
51.68.107.146 - - [31/Mar/2026:14:22:39 +0000] "GET / HTTP/1.1" 200 2227 "-" "Mozilla/5.0 (compatible; MJ12bot/v2.0.5; http://mj12bot.com/)"
45.79.238.235 - - [31/Mar/2026:14:45:39 +0000] "POST /wp-cron.php?doing_wp_cron=1774968339.1348600387573242187500 HTTP/1.1" 200 - "-" "WordPress/6.9.4; https://createby.nz"
85.11.167.19 - - [31/Mar/2026:14:45:38 +0000] "GET / HTTP/1.1" 200 2227 "-" "python-requests/2.32.4"
45.79.238.235 - - [31/Mar/2026:14:52:12 +0000] "POST /wp-cron.php?doing_wp_cron=1774968732.3225300312042236328125 HTTP/1.1" 200 - "-" "WordPress/6.9.4; https://createby.nz"
170.106.35.187 - - [31/Mar/2026:14:52:11 +0000] "GET / HTTP/1.1" 200 2227 "http://tmphotography.co.nz" "Mozilla/5.0 (iPhone; CPU iPhone OS 13_2_3 like Mac OS X) AppleWebKit/605.1.15 (KHTML, like Gecko) Version/13.0.3 Mobile/15E148 Safari/604.1"
45.79.238.235 - - [31/Mar/2026:15:04:51 +0000] "POST /wp-cron.php?doing_wp_cron=1774969491.3767869472503662109375 HTTP/1.1" 200 - "-" "WordPress/6.9.4; https://createby.nz"
91.231.89.20 - - [31/Mar/2026:15:04:50 +0000] "GET /.well-known/security.txt HTTP/1.1" 200 2227 "-" "Mozilla/5.0 (X11; Ubuntu; Linux x86_64; rv:134.0) Gecko/20100101 Firefox/134.0"
45.79.238.235 - - [31/Mar/2026:15:37:08 +0000] "POST /wp-cron.php?doing_wp_cron=1774971427.9066729545593261718750 HTTP/1.1" 200 - "-" "WordPress/6.9.4; https://createby.nz"
92.222.108.126 - - [31/Mar/2026:15:37:06 +0000] "GET /robots.txt HTTP/1.1" 200 2227 "-" "Mozilla/5.0 (compatible; AhrefsBot/7.0; +http://ahrefs.com/robot/)"
54.38.147.14 - - [31/Mar/2026:15:37:10 +0000] "GET / HTTP/1.1" 200 2227 "-" "Mozilla/5.0 (compatible; AhrefsBot/7.0; +http://ahrefs.com/robot/)"
45.79.238.235 - - [31/Mar/2026:15:54:46 +0000] "POST /wp-cron.php?doing_wp_cron=1774972485.9056560993194580078125 HTTP/1.1" 200 - "-" "WordPress/6.9.4; https://createby.nz"
45.83.104.137 - - [31/Mar/2026:15:54:45 +0000] "GET / HTTP/1.1" 200 2227 "-" "Mozilla/5.0 (Linux; Android 10; K) AppleWebKit/537.36 (KHTML, like Gecko) Chrome/138.0.0.0 Mobile Safari/537.36"
109.70.100.8 - - [31/Mar/2026:15:54:48 +0000] "GET / HTTP/1.1" 200 2227 "-" "Mozilla/5.0 (Linux; Android 10; K) AppleWebKit/537.36 (KHTML, like Gecko) Chrome/138.0.0.0 Mobile Safari/537.36"
45.79.238.235 - - [31/Mar/2026:16:11:14 +0000] "POST /wp-cron.php?doing_wp_cron=1774973474.3868188858032226562500 HTTP/1.1" 200 - "-" "WordPress/6.9.4; https://createby.nz"
74.7.175.188 - - [31/Mar/2026:16:11:13 +0000] "GET /robots.txt HTTP/1.1" 200 2227 "-" "Mozilla/5.0 (Macintosh; Intel Mac OS X 10_15_7) AppleWebKit/537.36 (KHTML, like Gecko) Chrome/131.0.0.0 Safari/537.36; compatible; OAI-SearchBot/1.3; robots.txt; +https://openai.com/searchbot"
45.79.238.235 - - [31/Mar/2026:17:03:18 +0000] "POST /wp-cron.php?doing_wp_cron=1774976597.7926371097564697265625 HTTP/1.1" 200 - "-" "WordPress/6.9.4; https://createby.nz"
62.60.131.158 - - [31/Mar/2026:17:03:16 +0000] "GET / HTTP/1.1" 200 2227 "-" "Go-http-client/1.1"
62.60.131.158 - - [31/Mar/2026:17:03:20 +0000] "GET /author-sitemap.xml HTTP/1.1" 200 2227 "-" "Go-http-client/1.1"
62.60.131.158 - - [31/Mar/2026:17:03:20 +0000] "GET /wp-json/wp/v2/posts?per_page=20&_embed=author&_fields=_embedded HTTP/1.1" 200 7 "-" "Go-http-client/1.1"
62.60.131.158 - - [31/Mar/2026:17:03:20 +0000] "GET /comments/feed/ HTTP/1.1" 200 2227 "-" "Go-http-client/1.1"
62.60.131.158 - - [31/Mar/2026:17:03:20 +0000] "GET /?author=1 HTTP/1.1" 200 2227 "-" "Go-http-client/1.1"
62.60.131.158 - - [31/Mar/2026:17:03:20 +0000] "GET /wp-sitemap-users-1.xml HTTP/1.1" 200 2227 "-" "Go-http-client/1.1"
62.60.131.158 - - [31/Mar/2026:17:03:20 +0000] "GET /wp-json/wp/v2/users?per_page=100&_fields=slug HTTP/1.1" 200 18 "-" "Go-http-client/1.1"
45.79.238.235 - - [31/Mar/2026:17:03:22 +0000] "POST /wp-cron.php?doing_wp_cron=1774976602.1275699138641357421875 HTTP/1.1" 200 - "-" "WordPress/6.9.4; https://createby.nz"
45.79.238.235 - - [31/Mar/2026:17:03:22 +0000] "POST /wp-cron.php?doing_wp_cron=1774976602.0076770782470703125000 HTTP/1.1" 200 - "-" "WordPress/6.9.4; https://createby.nz"
62.60.131.158 - - [31/Mar/2026:17:03:20 +0000] "GET /wp-json/oembed/1.0/embed?url=https%3A%2F%2Fcreateby.nz&format=json HTTP/1.1" 200 2084 "-" "Go-http-client/1.1"
62.60.131.158 - - [31/Mar/2026:17:03:20 +0000] "GET /?rest_route=/wp/v2/users&per_page=100&_fields=slug HTTP/1.1" 200 18 "-" "Go-http-client/1.1"
62.60.131.158 - - [31/Mar/2026:17:03:22 +0000] "POST /graphql HTTP/1.1" 200 2227 "-" "Go-http-client/1.1"
45.79.238.235 - - [31/Mar/2026:17:03:23 +0000] "POST /wp-cron.php?doing_wp_cron=1774976603.3345410823822021484375 HTTP/1.1" 200 - "-" "WordPress/6.9.4; https://createby.nz"
62.60.131.158 - - [31/Mar/2026:17:03:22 +0000] "GET /wp-json/wp/v2/posts?per_page=100&_fields=author HTTP/1.1" 200 27 "-" "Go-http-client/1.1"
45.79.238.235 - - [31/Mar/2026:17:03:24 +0000] "POST /wp-cron.php?doing_wp_cron=1774976604.2982289791107177734375 HTTP/1.1" 200 - "-" "WordPress/6.9.4; https://createby.nz"
62.60.131.158 - - [31/Mar/2026:17:03:20 +0000] "GET /feed/ HTTP/1.1" 200 76 "-" "Go-http-client/1.1"
62.60.131.158 - - [31/Mar/2026:17:03:20 +0000] "GET /feed/atom/ HTTP/1.1" 200 76 "-" "Go-http-client/1.1"
62.60.131.158 - - [31/Mar/2026:17:03:23 +0000] "GET /?author=2 HTTP/1.1" 200 2227 "-" "Go-http-client/1.1"
62.60.131.158 - - [31/Mar/2026:17:03:23 +0000] "GET /wp-json/wp/v2/pages?per_page=100&_fields=author HTTP/1.1" 200 27 "-" "Go-http-client/1.1"
62.60.131.158 - - [31/Mar/2026:17:03:27 +0000] "POST /api/graphql HTTP/1.1" 200 2227 "-" "Go-http-client/1.1"
62.60.131.158 - - [31/Mar/2026:17:03:28 +0000] "GET /?author=3 HTTP/1.1" 200 2227 "-" "Go-http-client/1.1"
161.178.140.192 - - [31/Mar/2026:17:14:33 +0000] "GET /wp-login.php HTTP/1.1" 200 5816 "-" "Mozilla/5.0"
161.178.140.192 - - [31/Mar/2026:17:14:34 +0000] "GET /?author=1 HTTP/1.1" 200 2227 "-" "Mozilla/5.0"
161.178.140.192 - - [31/Mar/2026:17:14:35 +0000] "GET /wp-login.php HTTP/1.1" 200 5816 "-" "Mozilla/5.0"
161.178.140.192 - - [31/Mar/2026:17:14:35 +0000] "GET /?feed=rss2 HTTP/1.1" 200 2227 "-" "Mozilla/5.0"
45.79.238.235 - - [31/Mar/2026:17:26:09 +0000] "POST /wp-cron.php?doing_wp_cron=1774977969.6522018909454345703125 HTTP/1.1" 200 - "-" "WordPress/6.9.4; https://createby.nz"
69.63.184.55 - - [31/Mar/2026:17:26:04 +0000] "GET /robots.txt HTTP/1.1" 200 2227 "-" "facebookexternalhit/1.1 (+http://www.facebook.com/externalhit_uatext.php)"
45.79.238.235 - - [31/Mar/2026:17:29:09 +0000] "POST /wp-cron.php?doing_wp_cron=1774978149.1028449535369873046875 HTTP/1.1" 200 - "-" "WordPress/6.9.4; https://createby.nz"
180.93.232.184 - - [31/Mar/2026:17:29:07 +0000] "GET /.env HTTP/1.1" 200 2227 "-" "Mozilla/5.0 (Windows NT 10.0; Win64; x64) AppleWebKit/537.36"
45.79.238.235 - - [31/Mar/2026:17:49:16 +0000] "POST /wp-cron.php?doing_wp_cron=1774979356.2727069854736328125000 HTTP/1.1" 200 - "-" "WordPress/6.9.4; https://createby.nz"
188.245.210.41 - - [31/Mar/2026:17:49:14 +0000] "GET /meta.json HTTP/1.1" 200 2227 "-" "Mozilla/5.0"
45.79.238.235 - - [31/Mar/2026:17:58:33 +0000] "POST /wp-cron.php?doing_wp_cron=1774979913.1083769798278808593750 HTTP/1.1" 200 - "-" "WordPress/6.9.4; https://createby.nz"
34.28.116.4 - - [31/Mar/2026:17:58:32 +0000] "GET / HTTP/1.1" 200 2227 "http://tmphotography.co.nz" "Mozilla/5.0 (compatible; CMS-Checker/1.0; +https://example.com)"
34.9.102.193 - - [31/Mar/2026:18:09:13 +0000] "GET / HTTP/1.1" 200 2227 "http://www.tmphotography.co.nz" "Mozilla/5.0 (compatible; CMS-Checker/1.0; +https://example.com)"
54.250.53.16 - - [31/Mar/2026:18:24:55 +0000] "GET / HTTP/1.1" 200 2227 "http://tmphotography.co.nz" "Mozilla/5.0 (Windows NT 10.0; Win64; x64) AppleWebKit/537.36 (KHTML, like Gecko) Chrome/120.0.0.0 Safari/537.36"
45.79.238.235 - - [31/Mar/2026:18:39:09 +0000] "POST /wp-cron.php?doing_wp_cron=1774982349.3587889671325683593750 HTTP/1.1" 200 - "-" "WordPress/6.9.4; https://createby.nz"
34.28.116.4 - - [31/Mar/2026:18:39:07 +0000] "GET / HTTP/1.1" 200 2227 "-" "Mozilla/5.0 (Windows NT 10.0; Win64; x64) AppleWebKit/537.36 (KHTML, like Gecko) Chrome/78.0.3904.108 Safari/537.36"
34.28.116.4 - - [31/Mar/2026:18:39:09 +0000] "GET //wp-includes/wlwmanifest.xml HTTP/1.1" 403 4170 "-" "Mozilla/5.0 (Windows NT 10.0; Win64; x64) AppleWebKit/537.36 (KHTML, like Gecko) Chrome/78.0.3904.108 Safari/537.36"
34.28.116.4 - - [31/Mar/2026:18:39:10 +0000] "GET //xmlrpc.php?rsd HTTP/1.1" 200 780 "-" "Mozilla/5.0 (Windows NT 10.0; Win64; x64) AppleWebKit/537.36 (KHTML, like Gecko) Chrome/78.0.3904.108 Safari/537.36"
34.28.116.4 - - [31/Mar/2026:18:39:11 +0000] "GET //?author=1 HTTP/1.1" 200 2227 "-" "Mozilla/5.0 (Windows NT 10.0; Win64; x64) AppleWebKit/537.36 (KHTML, like Gecko) Chrome/78.0.3904.108 Safari/537.36"
34.28.116.4 - - [31/Mar/2026:18:39:12 +0000] "GET //?author=2 HTTP/1.1" 200 2227 "-" "Mozilla/5.0 (Windows NT 10.0; Win64; x64) AppleWebKit/537.36 (KHTML, like Gecko) Chrome/78.0.3904.108 Safari/537.36"
34.28.116.4 - - [31/Mar/2026:18:39:13 +0000] "GET //wp-json/wp/v2/users/ HTTP/1.1" 200 720 "-" "Mozilla/5.0 (Windows NT 10.0; Win64; x64) AppleWebKit/537.36 (KHTML, like Gecko) Chrome/78.0.3904.108 Safari/537.36"
34.28.116.4 - - [31/Mar/2026:18:39:14 +0000] "POST //xmlrpc.php HTTP/1.1" 403 4170 "-" "Mozilla/5.0 (Windows NT 10.0; Win64; x64) AppleWebKit/537.36 (KHTML, like Gecko) Chrome/78.0.3904.108 Safari/537.36"
34.9.102.193 - - [31/Mar/2026:18:41:47 +0000] "GET / HTTP/1.1" 200 2227 "-" "Mozilla/5.0 (Windows NT 10.0; Win64; x64) AppleWebKit/537.36 (KHTML, like Gecko) Chrome/78.0.3904.108 Safari/537.36"
34.9.102.193 - - [31/Mar/2026:18:41:48 +0000] "GET //wp-includes/wlwmanifest.xml HTTP/1.1" 200 2227 "-" "Mozilla/5.0 (Windows NT 10.0; Win64; x64) AppleWebKit/537.36 (KHTML, like Gecko) Chrome/78.0.3904.108 Safari/537.36"
34.9.102.193 - - [31/Mar/2026:18:41:49 +0000] "GET //?author=1 HTTP/1.1" 200 2227 "-" "Mozilla/5.0 (Windows NT 10.0; Win64; x64) AppleWebKit/537.36 (KHTML, like Gecko) Chrome/78.0.3904.108 Safari/537.36"
34.9.102.193 - - [31/Mar/2026:18:41:50 +0000] "GET //?author=2 HTTP/1.1" 200 2227 "-" "Mozilla/5.0 (Windows NT 10.0; Win64; x64) AppleWebKit/537.36 (KHTML, like Gecko) Chrome/78.0.3904.108 Safari/537.36"
34.9.102.193 - - [31/Mar/2026:18:41:51 +0000] "GET //wp-json/wp/v2/users/ HTTP/1.1" 200 720 "-" "Mozilla/5.0 (Windows NT 10.0; Win64; x64) AppleWebKit/537.36 (KHTML, like Gecko) Chrome/78.0.3904.108 Safari/537.36"
34.9.102.193 - - [31/Mar/2026:18:41:52 +0000] "POST //xmlrpc.php HTTP/1.1" 403 4170 "-" "Mozilla/5.0 (Windows NT 10.0; Win64; x64) AppleWebKit/537.36 (KHTML, like Gecko) Chrome/78.0.3904.108 Safari/537.36"
45.79.238.235 - - [31/Mar/2026:18:50:34 +0000] "POST /wp-cron.php?doing_wp_cron=1774983034.7643270492553710937500 HTTP/1.1" 200 - "-" "WordPress/6.9.4; https://createby.nz"
195.178.110.64 - - [31/Mar/2026:18:50:33 +0000] "GET / HTTP/1.1" 200 2227 "-" "Mozilla/5.0 (Windows NT 10.0; Win64; x64) AppleWebKit/537.36 (KHTML, like Gecko) Chrome/120.0.0.0 Safari/537.36"
195.178.110.64 - - [31/Mar/2026:18:50:34 +0000] "GET / HTTP/1.1" 200 2227 "-" "Mozilla/5.0 (Windows NT 10.0; Win64; x64) AppleWebKit/537.36 (KHTML, like Gecko) Chrome/120.0.0.0 Safari/537.36"
45.79.238.235 - - [31/Mar/2026:19:02:36 +0000] "POST /wp-cron.php?doing_wp_cron=1774983756.7165019512176513671875 HTTP/1.1" 200 - "-" "WordPress/6.9.4; https://createby.nz"
71.6.134.233 - - [31/Mar/2026:19:02:35 +0000] "GET / HTTP/1.1" 200 2227 "https://www.tmphotography.co.nz/" "Mozilla/5.0 (Windows NT 10.0; Win64; x64) AppleWebKit/537.36 (KHTML, like Gecko) Chrome/133.0.0.0 Safari/537.36"
45.79.238.235 - - [31/Mar/2026:19:05:58 +0000] "POST /wp-cron.php?doing_wp_cron=1774983958.0657351016998291015625 HTTP/1.1" 200 - "-" "WordPress/6.9.4; https://createby.nz"
204.76.203.25 - - [31/Mar/2026:19:05:56 +0000] "GET /.env HTTP/1.1" 200 2227 "-" "Mozilla/5.0 (Windows NT 10.0; Win64; x64) AppleWebKit/537.36 (KHTML, like Gecko) Chrome/134.0.0.0 Safari/537.3"
45.79.238.235 - - [31/Mar/2026:19:41:45 +0000] "POST /wp-cron.php?doing_wp_cron=1774986104.6723508834838867187500 HTTP/1.1" 200 - "-" "WordPress/6.9.4; https://createby.nz"
172.225.245.97 - - [31/Mar/2026:19:41:43 +0000] "GET / HTTP/1.1" 200 2227 "-" "Mozilla/5.0 (Macintosh; Intel Mac OS X 10_15_7) AppleWebKit/605.1.15 (KHTML, like Gecko) Version/18.6 Safari/605.1.15"
172.225.245.97 - - [31/Mar/2026:19:41:45 +0000] "GET /wp-content/plugins/under-construction-page/themes/css/common.css?v=4.00 HTTP/1.1" 304 - "https://createby.nz/" "Mozilla/5.0 (Macintosh; Intel Mac OS X 10_15_7) AppleWebKit/605.1.15 (KHTML, like Gecko) Version/18.6 Safari/605.1.15"
172.225.245.97 - - [31/Mar/2026:19:41:45 +0000] "GET /wp-content/plugins/under-construction-page/themes/css/bootstrap.min.css?v=4.00 HTTP/1.1" 304 - "https://createby.nz/" "Mozilla/5.0 (Macintosh; Intel Mac OS X 10_15_7) AppleWebKit/605.1.15 (KHTML, like Gecko) Version/18.6 Safari/605.1.15"
172.225.245.97 - - [31/Mar/2026:19:41:45 +0000] "GET /wp-content/plugins/under-construction-page/themes/css/font-awesome.min.css?v=4.00 HTTP/1.1" 304 - "https://createby.nz/" "Mozilla/5.0 (Macintosh; Intel Mac OS X 10_15_7) AppleWebKit/605.1.15 (KHTML, like Gecko) Version/18.6 Safari/605.1.15"
172.225.245.97 - - [31/Mar/2026:19:41:45 +0000] "GET /wp-content/plugins/under-construction-page/themes/mad_designer/style.css?v=4.00 HTTP/1.1" 304 - "https://createby.nz/" "Mozilla/5.0 (Macintosh; Intel Mac OS X 10_15_7) AppleWebKit/605.1.15 (KHTML, like Gecko) Version/18.6 Safari/605.1.15"
172.225.245.97 - - [31/Mar/2026:19:41:45 +0000] "GET /wp-content/plugins/under-construction-page/themes/mad_designer/mad-designer.png HTTP/1.1" 304 - "https://createby.nz/" "Mozilla/5.0 (Macintosh; Intel Mac OS X 10_15_7) AppleWebKit/605.1.15 (KHTML, like Gecko) Version/18.6 Safari/605.1.15"
172.225.245.97 - - [31/Mar/2026:19:41:45 +0000] "GET /wp-content/plugins/under-construction-page/themes/fonts/fontawesome-webfont.woff2?v=4.7.0 HTTP/1.1" 304 - "https://createby.nz/" "Mozilla/5.0 (Macintosh; Intel Mac OS X 10_15_7) AppleWebKit/605.1.15 (KHTML, like Gecko) Version/18.6 Safari/605.1.15"
172.225.245.97 - - [31/Mar/2026:19:41:45 +0000] "GET /wp-content/plugins/under-construction-page/themes/images/favicon.png HTTP/1.1" 304 - "https://createby.nz/" "Mozilla/5.0 (Macintosh; Intel Mac OS X 10_15_7) AppleWebKit/605.1.15 (KHTML, like Gecko) Version/18.6 Safari/605.1.15"
45.79.238.235 - - [31/Mar/2026:19:51:40 +0000] "POST /wp-cron.php?doing_wp_cron=1774986700.2931029796600341796875 HTTP/1.1" 200 - "-" "WordPress/6.9.4; https://createby.nz"
43.133.253.253 - - [31/Mar/2026:19:51:38 +0000] "GET / HTTP/1.1" 200 2227 "http://www.tmphotography.co.nz" "Mozilla/5.0 (iPhone; CPU iPhone OS 13_2_3 like Mac OS X) AppleWebKit/605.1.15 (KHTML, like Gecko) Version/13.0.3 Mobile/15E148 Safari/604.1"
45.79.238.235 - - [31/Mar/2026:20:18:13 +0000] "POST /wp-cron.php?doing_wp_cron=1774988293.2849969863891601562500 HTTP/1.1" 200 - "-" "WordPress/6.9.4; https://createby.nz"
34.162.241.211 - - [31/Mar/2026:20:18:11 +0000] "GET / HTTP/1.1" 200 2227 "http://tmphotography.co.nz/" "Mozilla/5.0 (Linux; Android 11; RMX2195) AppleWebKit/537.36 (KHTML, like Gecko) Chrome/120.0.6099.210 Mobile Safari/537.36 OPR/75.2.3995.72468"
45.79.238.235 - - [31/Mar/2026:20:19:15 +0000] "POST /wp-cron.php?doing_wp_cron=1774988355.2133860588073730468750 HTTP/1.1" 200 - "-" "WordPress/6.9.4; https://createby.nz"
148.113.15.242 - - [31/Mar/2026:20:19:14 +0000] "GET / HTTP/1.1" 200 2227 "-" "Mozilla/5.0 (X11; Linux x86_64) AppleWebKit/537.36 (KHTML, like Gecko) HeadlessChrome/146.0.0.0 Safari/537.36"
148.113.15.242 - - [31/Mar/2026:20:19:15 +0000] "GET /wp-content/plugins/under-construction-page/themes/css/bootstrap.min.css?v=4.00 HTTP/1.1" 304 - "https://createby.nz/" "Mozilla/5.0 (X11; Linux x86_64) AppleWebKit/537.36 (KHTML, like Gecko) HeadlessChrome/146.0.0.0 Safari/537.36"
148.113.15.242 - - [31/Mar/2026:20:19:15 +0000] "GET /wp-content/plugins/under-construction-page/themes/mad_designer/style.css?v=4.00 HTTP/1.1" 304 - "https://createby.nz/" "Mozilla/5.0 (X11; Linux x86_64) AppleWebKit/537.36 (KHTML, like Gecko) HeadlessChrome/146.0.0.0 Safari/537.36"
148.113.15.242 - - [31/Mar/2026:20:19:15 +0000] "GET /wp-content/plugins/under-construction-page/themes/css/common.css?v=4.00 HTTP/1.1" 304 - "https://createby.nz/" "Mozilla/5.0 (X11; Linux x86_64) AppleWebKit/537.36 (KHTML, like Gecko) HeadlessChrome/146.0.0.0 Safari/537.36"
148.113.15.242 - - [31/Mar/2026:20:19:15 +0000] "GET /wp-content/plugins/under-construction-page/themes/css/font-awesome.min.css?v=4.00 HTTP/1.1" 304 - "https://createby.nz/" "Mozilla/5.0 (X11; Linux x86_64) AppleWebKit/537.36 (KHTML, like Gecko) HeadlessChrome/146.0.0.0 Safari/537.36"
148.113.15.242 - - [31/Mar/2026:20:19:15 +0000] "GET /wp-content/plugins/under-construction-page/themes/mad_designer/mad-designer.png HTTP/1.1" 304 - "https://createby.nz/" "Mozilla/5.0 (X11; Linux x86_64) AppleWebKit/537.36 (KHTML, like Gecko) HeadlessChrome/146.0.0.0 Safari/537.36"
148.113.15.242 - - [31/Mar/2026:20:19:16 +0000] "GET /wp-content/plugins/under-construction-page/themes/fonts/fontawesome-webfont.woff2?v=4.7.0 HTTP/1.1" 304 - "https://createby.nz/wp-content/plugins/under-construction-page/themes/css/font-awesome.min.css?v=4.00" "Mozilla/5.0 (X11; Linux x86_64) AppleWebKit/537.36 (KHTML, like Gecko) HeadlessChrome/146.0.0.0 Safari/537.36"
45.79.238.235 - - [31/Mar/2026:20:36:23 +0000] "POST /wp-cron.php?doing_wp_cron=1774989382.6634120941162109375000 HTTP/1.1" 200 - "-" "WordPress/6.9.4; https://createby.nz"
74.7.175.182 - - [31/Mar/2026:20:36:21 +0000] "GET /robots.txt HTTP/1.1" 200 2227 "-" "Mozilla/5.0 (Macintosh; Intel Mac OS X 10_15_7) AppleWebKit/537.36 (KHTML, like Gecko) Chrome/131.0.0.0 Safari/537.36; compatible; OAI-SearchBot/1.3; robots.txt; +https://openai.com/searchbot"
45.79.238.235 - - [31/Mar/2026:20:44:19 +0000] "POST /wp-cron.php?doing_wp_cron=1774989858.5200910568237304687500 HTTP/1.1" 200 - "-" "WordPress/6.9.4; https://createby.nz"
100.26.66.245 - - [31/Mar/2026:20:44:16 +0000] "GET /robots.txt HTTP/1.1" 200 2227 "-" "Mozilla/5.0 (Macintosh; Intel Mac OS X 10_10_1) AppleWebKit/600.2.5 (KHTML, like Gecko) Version/8.0.2 Safari/600.2.5 (Gort)"
45.79.238.235 - - [31/Mar/2026:20:51:19 +0000] "POST /wp-cron.php?doing_wp_cron=1774990279.3276770114898681640625 HTTP/1.1" 200 - "-" "WordPress/6.9.4; https://createby.nz"
195.211.77.141 - - [31/Mar/2026:20:51:17 +0000] "GET / HTTP/1.1" 200 2227 "-" "Mozilla/5.0 (Windows NT 10.0; Win64; x64) AppleWebKit/537.36 (KHTML, like Gecko) Chrome/108.0.0.0 Safari/537.36"
195.211.77.141 - - [31/Mar/2026:20:51:36 +0000] "GET / HTTP/1.1" 200 2227 "-" "Mozilla/5.0 (Windows NT 10.0; Win64; x64) AppleWebKit/537.36 (KHTML, like Gecko) Chrome/108.0.0.0 Safari/537.36"
45.79.238.235 - - [31/Mar/2026:20:56:36 +0000] "POST /wp-cron.php?doing_wp_cron=1774990596.6824860572814941406250 HTTP/1.1" 200 - "-" "WordPress/6.9.4; https://createby.nz"
15.204.12.43 - - [31/Mar/2026:20:56:35 +0000] "GET /blog-verify HTTP/1.1" 200 2227 "-" "Mozilla/5.0 (Windows NT 10.0; Win64; x64) AppleWebKit/537.36 (KHTML, like Gecko) Chrome/127.0.0.0 Safari/537.36"
209.87.169.242 - - [31/Mar/2026:20:57:15 +0000] "GET /wp-login.php HTTP/1.1" 200 5816 "-" "Mozilla/5.0"
209.87.169.242 - - [31/Mar/2026:20:57:17 +0000] "GET /?author=1 HTTP/1.1" 200 2227 "-" "Mozilla/5.0"
45.79.238.235 - - [31/Mar/2026:20:57:18 +0000] "POST /wp-cron.php?doing_wp_cron=1774990638.7635090351104736328125 HTTP/1.1" 200 - "-" "WordPress/6.9.4; https://createby.nz"
209.87.169.242 - - [31/Mar/2026:20:57:18 +0000] "GET /?rest_route=/wp/v2/users HTTP/1.1" 200 720 "-" "Mozilla/5.0"
111.90.182.134 - - [31/Mar/2026:21:33:16 +0000] "GET /wp-content/plugins/under-construction-page/themes/css/common.css?v=4.00 HTTP/1.1" 304 - "https://createby.nz/" "Mozilla/5.0 (Windows NT 10.0; Win64; x64) AppleWebKit/537.36 (KHTML, like Gecko) Chrome/146.0.0.0 Safari/537.36"
111.90.182.134 - - [31/Mar/2026:21:33:16 +0000] "GET /wp-content/plugins/under-construction-page/themes/css/bootstrap.min.css?v=4.00 HTTP/1.1" 304 - "https://createby.nz/" "Mozilla/5.0 (Windows NT 10.0; Win64; x64) AppleWebKit/537.36 (KHTML, like Gecko) Chrome/146.0.0.0 Safari/537.36"
111.90.182.134 - - [31/Mar/2026:21:33:16 +0000] "GET /wp-content/plugins/under-construction-page/themes/mad_designer/mad-designer.png HTTP/1.1" 304 - "https://createby.nz/" "Mozilla/5.0 (Windows NT 10.0; Win64; x64) AppleWebKit/537.36 (KHTML, like Gecko) Chrome/146.0.0.0 Safari/537.36"
111.90.182.134 - - [31/Mar/2026:21:33:16 +0000] "GET /wp-content/plugins/under-construction-page/themes/css/font-awesome.min.css?v=4.00 HTTP/1.1" 304 - "https://createby.nz/" "Mozilla/5.0 (Windows NT 10.0; Win64; x64) AppleWebKit/537.36 (KHTML, like Gecko) Chrome/146.0.0.0 Safari/537.36"
111.90.182.134 - - [31/Mar/2026:21:33:16 +0000] "GET /wp-content/plugins/under-construction-page/themes/mad_designer/style.css?v=4.00 HTTP/1.1" 304 - "https://createby.nz/" "Mozilla/5.0 (Windows NT 10.0; Win64; x64) AppleWebKit/537.36 (KHTML, like Gecko) Chrome/146.0.0.0 Safari/537.36"
45.79.238.235 - - [31/Mar/2026:21:33:16 +0000] "POST /wp-cron.php?doing_wp_cron=1774992796.3045599460601806640625 HTTP/1.1" 200 - "-" "WordPress/6.9.4; https://createby.nz"
111.90.182.134 - - [31/Mar/2026:21:33:14 +0000] "GET / HTTP/1.1" 200 2227 "-" "Mozilla/5.0 (Windows NT 10.0; Win64; x64) AppleWebKit/537.36 (KHTML, like Gecko) Chrome/146.0.0.0 Safari/537.36"
111.90.182.134 - - [31/Mar/2026:21:33:16 +0000] "GET /wp-content/plugins/under-construction-page/themes/fonts/fontawesome-webfont.woff2?v=4.7.0 HTTP/1.1" 304 - "https://createby.nz/wp-content/plugins/under-construction-page/themes/css/font-awesome.min.css?v=4.00" "Mozilla/5.0 (Windows NT 10.0; Win64; x64) AppleWebKit/537.36 (KHTML, like Gecko) Chrome/146.0.0.0 Safari/537.36"
111.90.182.134 - - [31/Mar/2026:21:33:17 +0000] "GET /wp-content/plugins/under-construction-page/themes/images/favicon.png HTTP/1.1" 304 - "https://createby.nz/" "Mozilla/5.0 (Windows NT 10.0; Win64; x64) AppleWebKit/537.36 (KHTML, like Gecko) Chrome/146.0.0.0 Safari/537.36"
45.79.238.235 - - [31/Mar/2026:21:41:05 +0000] "POST /wp-cron.php?doing_wp_cron=1774993265.4701681137084960937500 HTTP/1.1" 200 - "-" "WordPress/6.9.4; https://createby.nz"
209.87.169.222 - - [31/Mar/2026:21:41:04 +0000] "POST /wp-login.php HTTP/1.1" 200 6222 "-" "Mozilla/5.0"
45.79.238.235 - - [31/Mar/2026:21:50:10 +0000] "POST /wp-cron.php?doing_wp_cron=1774993810.3971118927001953125000 HTTP/1.1" 200 - "-" "WordPress/6.9.4; https://createby.nz"
43.157.95.239 - - [31/Mar/2026:21:50:07 +0000] "GET / HTTP/1.1" 200 2227 "http://tmphotography.co.nz" "Mozilla/5.0 (iPhone; CPU iPhone OS 13_2_3 like Mac OS X) AppleWebKit/605.1.15 (KHTML, like Gecko) Version/13.0.3 Mobile/15E148 Safari/604.1"
45.79.238.235 - - [31/Mar/2026:21:53:38 +0000] "POST /wp-cron.php?doing_wp_cron=1774994018.5241110324859619140625 HTTP/1.1" 200 - "-" "WordPress/6.9.4; https://createby.nz"
209.87.169.229 - - [31/Mar/2026:21:53:37 +0000] "POST /wp-login.php HTTP/1.1" 200 6222 "-" "Mozilla/5.0"
45.79.238.235 - - [31/Mar/2026:21:55:14 +0000] "POST /wp-cron.php?doing_wp_cron=1774994114.8548870086669921875000 HTTP/1.1" 200 - "-" "WordPress/6.9.4; https://createby.nz"
111.90.182.134 - - [31/Mar/2026:21:55:13 +0000] "GET / HTTP/1.1" 200 2227 "-" "Mozilla/5.0 (Windows NT 10.0; Win64; x64) AppleWebKit/537.36 (KHTML, like Gecko) Chrome/146.0.0.0 Safari/537.36"
45.79.238.235 - - [31/Mar/2026:21:58:38 +0000] "POST /wp-cron.php?doing_wp_cron=1774994318.0403120517730712890625 HTTP/1.1" 200 - "-" "WordPress/6.9.4; https://createby.nz"
185.165.46.201 - - [31/Mar/2026:21:58:36 +0000] "GET //accesson.php HTTP/1.1" 200 2227 "-" "Mozilla/5.0 (Windows NT 10.0; Win64; x64; rv:81.0) Gecko/20100101 Firefox/81.0"
185.165.46.201 - - [31/Mar/2026:21:58:39 +0000] "GET //assets/images/accesson.php HTTP/1.1" 200 2227 "-" "Mozilla/5.0 (Windows NT 10.0; Win64; x64; rv:81.0) Gecko/20100101 Firefox/81.0"
45.79.238.235 - - [31/Mar/2026:22:06:28 +0000] "POST /wp-cron.php?doing_wp_cron=1774994788.6325929164886474609375 HTTP/1.1" 200 - "-" "WordPress/6.9.4; https://createby.nz"
209.87.169.35 - - [31/Mar/2026:22:06:26 +0000] "POST /wp-login.php HTTP/1.1" 200 6222 "-" "Mozilla/5.0"
45.79.238.235 - - [31/Mar/2026:22:19:29 +0000] "POST /wp-cron.php?doing_wp_cron=1774995569.2752020359039306640625 HTTP/1.1" 200 - "-" "WordPress/6.9.4; https://createby.nz"
209.87.169.43 - - [31/Mar/2026:22:19:28 +0000] "POST /wp-login.php HTTP/1.1" 200 6222 "-" "Mozilla/5.0"
45.79.238.235 - - [31/Mar/2026:22:32:31 +0000] "POST /wp-cron.php?doing_wp_cron=1774996351.3387339115142822265625 HTTP/1.1" 200 - "-" "WordPress/6.9.4; https://createby.nz"
185.198.240.182 - - [31/Mar/2026:22:32:30 +0000] "POST /wp-login.php HTTP/1.1" 200 6222 "-" "Mozilla/5.0"
45.79.238.235 - - [31/Mar/2026:22:45:37 +0000] "POST /wp-cron.php?doing_wp_cron=1774997137.7385070323944091796875 HTTP/1.1" 200 - "-" "WordPress/6.9.4; https://createby.nz"
209.87.169.67 - - [31/Mar/2026:22:45:36 +0000] "POST /wp-login.php HTTP/1.1" 200 6222 "-" "Mozilla/5.0"
45.79.238.235 - - [31/Mar/2026:22:58:35 +0000] "POST /wp-cron.php?doing_wp_cron=1774997914.8440129756927490234375 HTTP/1.1" 200 - "-" "WordPress/6.9.4; https://createby.nz"
209.87.169.47 - - [31/Mar/2026:22:58:33 +0000] "POST /wp-login.php HTTP/1.1" 200 6222 "-" "Mozilla/5.0"
45.79.238.235 - - [31/Mar/2026:23:05:27 +0000] "POST /wp-cron.php?doing_wp_cron=1774998327.6278378963470458984375 HTTP/1.1" 200 - "-" "WordPress/6.9.4; https://createby.nz"
104.28.29.66 - - [31/Mar/2026:23:05:26 +0000] "GET / HTTP/1.1" 200 2227 "-" "Mozilla/5.0 (Macintosh; Intel Mac OS X 10_11_1) AppleWebKit/601.2.4 (KHTML, like Gecko) Version/9.0.1 Safari/601.2.4 facebookexternalhit/1.1 Facebot Twitterbot/1.0"
cải xoăn