ruạṛ
45.79.238.235 - - [31/Mar/2026:12:04:26 +0000] "POST /wp-cron.php?doing_wp_cron=1774958666.4663679599761962890625 HTTP/1.1" 200 - "-" "WordPress/6.9.4; https://earlgate.co.nz"
2a09:bac1:7500:fd0::84:84 - - [31/Mar/2026:12:04:24 +0000] "GET / HTTP/1.1" 200 26487 "-" "Python/3.10 aiohttp/3.11.11"
91.92.241.197 - - [31/Mar/2026:12:04:35 +0000] "GET / HTTP/1.1" 200 26487 "-" "Mozilla/5.0 (Windows NT 10.0; Win64; x64) AppleWebKit/537.36 (KHTML, like Gecko) Chrome/131.0.0.0 Safari/537.36"
91.92.241.197 - - [31/Mar/2026:12:04:38 +0000] "GET /setup/ HTTP/1.1" 404 23708 "-" "Mozilla/5.0 (Windows NT 10.0; Win64; x64) AppleWebKit/537.36 (KHTML, like Gecko) Chrome/131.0.0.0 Safari/537.36"
91.92.241.197 - - [31/Mar/2026:12:04:40 +0000] "POST /_internal/api/setup.php?action=exists HTTP/1.1" 404 23708 "-" "Mozilla/5.0 (Windows NT 10.0; Win64; x64) AppleWebKit/537.36 (KHTML, like Gecko) Chrome/131.0.0.0 Safari/537.36"
91.92.241.197 - - [31/Mar/2026:12:04:42 +0000] "POST /_internal/api/setup.php?action=exists HTTP/1.1" 404 23708 "-" "Mozilla/5.0 (Windows NT 10.0; Win64; x64) AppleWebKit/537.36 (KHTML, like Gecko) Chrome/131.0.0.0 Safari/537.36"
103.4.250.131 - - [31/Mar/2026:12:06:28 +0000] "GET / HTTP/1.1" 500 2431 "-" "Mozilla/5.0 (X11; Linux x86_64) AppleWebKit/537.36 (KHTML, like Gecko) Chrome/116.0.0.0 Safari/537.36"
96.41.38.202 - - [31/Mar/2026:12:06:29 +0000] "GET /@vite/env HTTP/1.1" 403 4170 "-" "Mozilla/5.0 (Macintosh; Intel Mac OS X 10.15; rv:139.0) Gecko/20100101 Firefox/139.0"
96.41.38.202 - - [31/Mar/2026:12:06:30 +0000] "GET /.vscode/sftp.json HTTP/1.1" 403 4170 "-" "Mozilla/5.0 (Macintosh; Intel Mac OS X 10.15; rv:139.0) Gecko/20100101 Firefox/139.0"
96.41.38.202 - - [31/Mar/2026:12:06:30 +0000] "GET /.env HTTP/1.1" 403 4170 "-" "Mozilla/5.0 (Macintosh; Intel Mac OS X 10.15; rv:139.0) Gecko/20100101 Firefox/139.0"
96.41.38.202 - - [31/Mar/2026:12:06:31 +0000] "GET /.git/config HTTP/1.1" 403 4170 "-" "Mozilla/5.0 (Macintosh; Intel Mac OS X 10.15; rv:139.0) Gecko/20100101 Firefox/139.0"
96.41.38.202 - - [31/Mar/2026:12:06:43 +0000] "GET / HTTP/1.1" 403 4170 "-" "Mozilla/5.0 (Macintosh; Intel Mac OS X 10.15; rv:139.0) Gecko/20100101 Firefox/139.0"
96.41.38.202 - - [31/Mar/2026:12:06:44 +0000] "GET /@vite/env HTTP/1.1" 403 4170 "-" "Mozilla/5.0 (Macintosh; Intel Mac OS X 10.15; rv:139.0) Gecko/20100101 Firefox/139.0"
96.41.38.202 - - [31/Mar/2026:12:06:44 +0000] "GET /.vscode/sftp.json HTTP/1.1" 403 4170 "-" "Mozilla/5.0 (Macintosh; Intel Mac OS X 10.15; rv:139.0) Gecko/20100101 Firefox/139.0"
96.41.38.202 - - [31/Mar/2026:12:06:44 +0000] "GET /.env HTTP/1.1" 403 4170 "-" "Mozilla/5.0 (Macintosh; Intel Mac OS X 10.15; rv:139.0) Gecko/20100101 Firefox/139.0"
96.41.38.202 - - [31/Mar/2026:12:06:45 +0000] "GET /.git/config HTTP/1.1" 403 4170 "-" "Mozilla/5.0 (Macintosh; Intel Mac OS X 10.15; rv:139.0) Gecko/20100101 Firefox/139.0"
45.79.238.235 - - [31/Mar/2026:12:07:35 +0000] "POST /wp-cron.php?doing_wp_cron=1774958855.0707600116729736328125 HTTP/1.1" 200 - "-" "WordPress/6.9.4; https://earlgate.co.nz"
172.233.62.72 - - [31/Mar/2026:12:07:33 +0000] "GET / HTTP/1.1" 301 - "-" "Mozilla/5.0 (Windows NT 10.0; Win64; x64) AppleWebKit/537.36 (KHTML, like Gecko) Chrome/146.0.0.0 Safari/537.36 Edg/146.0.3300.0"
2600:3c0e::f03c:95ff:fe6a:55a8 - - [31/Mar/2026:12:07:35 +0000] "GET / HTTP/1.1" 200 26487 "https://www.earlgate.co.nz" "Mozilla/5.0 (Windows NT 10.0; Win64; x64) AppleWebKit/537.36 (KHTML, like Gecko) Chrome/146.0.0.0 Safari/537.36 Edg/146.0.3300.0"
96.41.38.202 - - [31/Mar/2026:12:07:47 +0000] "GET / HTTP/1.1" 403 4170 "-" "Mozilla/5.0 (Macintosh; Intel Mac OS X 10.15; rv:139.0) Gecko/20100101 Firefox/139.0"
96.41.38.202 - - [31/Mar/2026:12:07:47 +0000] "GET /@vite/env HTTP/1.1" 403 4170 "-" "Mozilla/5.0 (Macintosh; Intel Mac OS X 10.15; rv:139.0) Gecko/20100101 Firefox/139.0"
96.41.38.202 - - [31/Mar/2026:12:07:47 +0000] "GET /.vscode/sftp.json HTTP/1.1" 403 4170 "-" "Mozilla/5.0 (Macintosh; Intel Mac OS X 10.15; rv:139.0) Gecko/20100101 Firefox/139.0"
96.41.38.202 - - [31/Mar/2026:12:07:48 +0000] "GET /.env HTTP/1.1" 403 4170 "-" "Mozilla/5.0 (Macintosh; Intel Mac OS X 10.15; rv:139.0) Gecko/20100101 Firefox/139.0"
96.41.38.202 - - [31/Mar/2026:12:07:48 +0000] "GET /.git/config HTTP/1.1" 403 4170 "-" "Mozilla/5.0 (Macintosh; Intel Mac OS X 10.15; rv:139.0) Gecko/20100101 Firefox/139.0"
45.79.238.235 - - [31/Mar/2026:12:07:52 +0000] "POST /wp-cron.php?doing_wp_cron=1774958872.2620930671691894531250 HTTP/1.1" 200 - "-" "WordPress/6.9.4; https://earlgate.co.nz"
188.126.88.7 - - [31/Mar/2026:12:07:51 +0000] "GET / HTTP/1.1" 301 - "-" "Mozilla/5.0 (X11; Linux x86_64) AppleWebKit/537.36 (KHTML, like Gecko) Chrome/137.0.0.0 Safari/537.36"
45.79.238.235 - - [31/Mar/2026:12:09:55 +0000] "POST /wp-cron.php?doing_wp_cron=1774958994.8650629520416259765625 HTTP/1.1" 200 - "-" "WordPress/6.9.4; https://earlgate.co.nz"
195.86.5.85 - - [31/Mar/2026:12:09:48 +0000] "GET / HTTP/1.1" 301 - "-" "Mozilla/5.0 (X11; Linux x86_64) AppleWebKit/537.36 (KHTML, like Gecko) Chrome/137.0.0.0 Safari/537.36"
185.177.72.50 - - [31/Mar/2026:12:14:44 +0000] "GET /new/.env HTTP/1.1" 403 4170 "-" "Mozilla/5.0 (Windows NT 10.0; Win64; x64) AppleWebKit/537.36, Mozilla/5.0 (X11; Linux x86_64) AppleWebKit/537.36 (KHTML, like Gecko) Chrome/120.0.0.0 Safari/537.36"
185.177.72.50 - - [31/Mar/2026:12:14:44 +0000] "GET /app/.env HTTP/1.1" 403 4170 "-" "Mozilla/5.0 (Windows NT 10.0; Win64; x64) AppleWebKit/537.36, Mozilla/5.0 (X11; Linux x86_64) AppleWebKit/537.36 (KHTML, like Gecko) Chrome/120.0.0.0 Safari/537.36"
185.177.72.50 - - [31/Mar/2026:12:14:44 +0000] "GET /server/.env HTTP/1.1" 403 4170 "-" "Mozilla/5.0 (Windows NT 10.0; Win64; x64) AppleWebKit/537.36, Mozilla/5.0 (X11; Linux x86_64) AppleWebKit/537.36 (KHTML, like Gecko) Chrome/120.0.0.0 Safari/537.36"
185.177.72.50 - - [31/Mar/2026:12:14:44 +0000] "GET /local/.env HTTP/1.1" 403 4170 "-" "Mozilla/5.0 (Windows NT 10.0; Win64; x64) AppleWebKit/537.36, Mozilla/5.0 (X11; Linux x86_64) AppleWebKit/537.36 (KHTML, like Gecko) Chrome/120.0.0.0 Safari/537.36"
185.177.72.50 - - [31/Mar/2026:12:14:44 +0000] "GET /docker/app/.env HTTP/1.1" 403 4170 "-" "Mozilla/5.0 (Windows NT 10.0; Win64; x64) AppleWebKit/537.36, Mozilla/5.0 (X11; Linux x86_64) AppleWebKit/537.36 (KHTML, like Gecko) Chrome/120.0.0.0 Safari/537.36"
185.177.72.50 - - [31/Mar/2026:12:14:44 +0000] "GET /config/.env HTTP/1.1" 403 4170 "-" "Mozilla/5.0 (Windows NT 10.0; Win64; x64) AppleWebKit/537.36, Mozilla/5.0 (X11; Linux x86_64) AppleWebKit/537.36 (KHTML, like Gecko) Chrome/120.0.0.0 Safari/537.36"
185.177.72.50 - - [31/Mar/2026:12:14:44 +0000] "GET /stripe/.env HTTP/1.1" 403 4170 "-" "Mozilla/5.0 (Windows NT 10.0; Win64; x64) AppleWebKit/537.36, Mozilla/5.0 (X11; Linux x86_64) AppleWebKit/537.36 (KHTML, like Gecko) Chrome/120.0.0.0 Safari/537.36"
185.177.72.50 - - [31/Mar/2026:12:14:45 +0000] "GET /web/.env HTTP/1.1" 403 4170 "-" "Mozilla/5.0 (Windows NT 10.0; Win64; x64) AppleWebKit/537.36, Mozilla/5.0 (X11; Linux x86_64) AppleWebKit/537.36 (KHTML, like Gecko) Chrome/120.0.0.0 Safari/537.36"
185.177.72.50 - - [31/Mar/2026:12:14:45 +0000] "GET /assets/.env HTTP/1.1" 403 4170 "-" "Mozilla/5.0 (Windows NT 10.0; Win64; x64) AppleWebKit/537.36, Mozilla/5.0 (X11; Linux x86_64) AppleWebKit/537.36 (KHTML, like Gecko) Chrome/120.0.0.0 Safari/537.36"
185.177.72.50 - - [31/Mar/2026:12:14:45 +0000] "GET /conf/.env HTTP/1.1" 403 4170 "-" "Mozilla/5.0 (Windows NT 10.0; Win64; x64) AppleWebKit/537.36, Mozilla/5.0 (X11; Linux x86_64) AppleWebKit/537.36 (KHTML, like Gecko) Chrome/120.0.0.0 Safari/537.36"
185.177.72.50 - - [31/Mar/2026:12:14:45 +0000] "GET /backend/.env HTTP/1.1" 403 4170 "-" "Mozilla/5.0 (Windows NT 10.0; Win64; x64) AppleWebKit/537.36, Mozilla/5.0 (X11; Linux x86_64) AppleWebKit/537.36 (KHTML, like Gecko) Chrome/120.0.0.0 Safari/537.36"
185.177.72.50 - - [31/Mar/2026:12:14:45 +0000] "GET /dev/.env HTTP/1.1" 403 4170 "-" "Mozilla/5.0 (Windows NT 10.0; Win64; x64) AppleWebKit/537.36, Mozilla/5.0 (X11; Linux x86_64) AppleWebKit/537.36 (KHTML, like Gecko) Chrome/120.0.0.0 Safari/537.36"
185.177.72.50 - - [31/Mar/2026:12:14:45 +0000] "GET /application/.env HTTP/1.1" 403 4170 "-" "Mozilla/5.0 (Windows NT 10.0; Win64; x64) AppleWebKit/537.36, Mozilla/5.0 (X11; Linux x86_64) AppleWebKit/537.36 (KHTML, like Gecko) Chrome/120.0.0.0 Safari/537.36"
185.177.72.50 - - [31/Mar/2026:12:14:45 +0000] "GET /crm/.env HTTP/1.1" 403 4170 "-" "Mozilla/5.0 (Windows NT 10.0; Win64; x64) AppleWebKit/537.36, Mozilla/5.0 (X11; Linux x86_64) AppleWebKit/537.36 (KHTML, like Gecko) Chrome/120.0.0.0 Safari/537.36"
185.177.72.50 - - [31/Mar/2026:12:14:45 +0000] "GET /src/.env HTTP/1.1" 403 4170 "-" "Mozilla/5.0 (Windows NT 10.0; Win64; x64) AppleWebKit/537.36, Mozilla/5.0 (X11; Linux x86_64) AppleWebKit/537.36 (KHTML, like Gecko) Chrome/120.0.0.0 Safari/537.36"
185.177.72.50 - - [31/Mar/2026:12:14:45 +0000] "GET /src/config/.env HTTP/1.1" 403 4170 "-" "Mozilla/5.0 (Windows NT 10.0; Win64; x64) AppleWebKit/537.36, Mozilla/5.0 (X11; Linux x86_64) AppleWebKit/537.36 (KHTML, like Gecko) Chrome/120.0.0.0 Safari/537.36"
185.177.72.50 - - [31/Mar/2026:12:14:45 +0000] "GET /env/.env HTTP/1.1" 403 4170 "-" "Mozilla/5.0 (Windows NT 10.0; Win64; x64) AppleWebKit/537.36, Mozilla/5.0 (X11; Linux x86_64) AppleWebKit/537.36 (KHTML, like Gecko) Chrome/120.0.0.0 Safari/537.36"
185.177.72.50 - - [31/Mar/2026:12:14:45 +0000] "GET /prod/.env HTTP/1.1" 403 4170 "-" "Mozilla/5.0 (Windows NT 10.0; Win64; x64) AppleWebKit/537.36, Mozilla/5.0 (X11; Linux x86_64) AppleWebKit/537.36 (KHTML, like Gecko) Chrome/120.0.0.0 Safari/537.36"
185.177.72.50 - - [31/Mar/2026:12:14:45 +0000] "GET /site/.env HTTP/1.1" 403 4170 "-" "Mozilla/5.0 (Windows NT 10.0; Win64; x64) AppleWebKit/537.36, Mozilla/5.0 (X11; Linux x86_64) AppleWebKit/537.36 (KHTML, like Gecko) Chrome/120.0.0.0 Safari/537.36"
185.177.72.50 - - [31/Mar/2026:12:14:45 +0000] "GET /public/.env HTTP/1.1" 403 4170 "-" "Mozilla/5.0 (Windows NT 10.0; Win64; x64) AppleWebKit/537.36, Mozilla/5.0 (X11; Linux x86_64) AppleWebKit/537.36 (KHTML, like Gecko) Chrome/120.0.0.0 Safari/537.36"
185.177.72.50 - - [31/Mar/2026:12:14:45 +0000] "GET /apps/.env HTTP/1.1" 403 4170 "-" "Mozilla/5.0 (Windows NT 10.0; Win64; x64) AppleWebKit/537.36, Mozilla/5.0 (X11; Linux x86_64) AppleWebKit/537.36 (KHTML, like Gecko) Chrome/120.0.0.0 Safari/537.36"
185.177.72.50 - - [31/Mar/2026:12:14:45 +0000] "GET /portal/.env HTTP/1.1" 403 4170 "-" "Mozilla/5.0 (Windows NT 10.0; Win64; x64) AppleWebKit/537.36, Mozilla/5.0 (X11; Linux x86_64) AppleWebKit/537.36 (KHTML, like Gecko) Chrome/120.0.0.0 Safari/537.36"
185.177.72.50 - - [31/Mar/2026:12:14:45 +0000] "GET /core/.env HTTP/1.1" 403 4170 "-" "Mozilla/5.0 (Windows NT 10.0; Win64; x64) AppleWebKit/537.36, Mozilla/5.0 (X11; Linux x86_64) AppleWebKit/537.36 (KHTML, like Gecko) Chrome/120.0.0.0 Safari/537.36"
185.177.72.50 - - [31/Mar/2026:12:14:46 +0000] "GET /api/shared/.env HTTP/1.1" 403 4170 "-" "Mozilla/5.0 (Windows NT 10.0; Win64; x64) AppleWebKit/537.36, Mozilla/5.0 (X11; Linux x86_64) AppleWebKit/537.36 (KHTML, like Gecko) Chrome/120.0.0.0 Safari/537.36"
185.177.72.50 - - [31/Mar/2026:12:14:46 +0000] "GET /docker/.env HTTP/1.1" 403 4170 "-" "Mozilla/5.0 (Windows NT 10.0; Win64; x64) AppleWebKit/537.36, Mozilla/5.0 (X11; Linux x86_64) AppleWebKit/537.36 (KHTML, like Gecko) Chrome/120.0.0.0 Safari/537.36"
185.177.72.50 - - [31/Mar/2026:12:14:46 +0000] "GET /new/.env HTTP/1.1" 403 4170 "-" "Mozilla/5.0 (Windows NT 10.0; Win64; x64) AppleWebKit/537.36, Mozilla/5.0 (X11; Linux x86_64) AppleWebKit/537.36 (KHTML, like Gecko) Chrome/120.0.0.0 Safari/537.36"
185.177.72.50 - - [31/Mar/2026:12:14:46 +0000] "GET /payment/.env HTTP/1.1" 403 4170 "-" "Mozilla/5.0 (Windows NT 10.0; Win64; x64) AppleWebKit/537.36, Mozilla/5.0 (X11; Linux x86_64) AppleWebKit/537.36 (KHTML, like Gecko) Chrome/120.0.0.0 Safari/537.36"
185.177.72.50 - - [31/Mar/2026:12:14:46 +0000] "GET /www/.env HTTP/1.1" 403 4170 "-" "Mozilla/5.0 (Windows NT 10.0; Win64; x64) AppleWebKit/537.36, Mozilla/5.0 (X11; Linux x86_64) AppleWebKit/537.36 (KHTML, like Gecko) Chrome/120.0.0.0 Safari/537.36"
185.177.72.50 - - [31/Mar/2026:12:14:46 +0000] "GET /env.backup HTTP/1.1" 500 2431 "-" "Mozilla/5.0 (Windows NT 10.0; Win64; x64) AppleWebKit/537.36, Mozilla/5.0 (X11; Linux x86_64) AppleWebKit/537.36 (KHTML, like Gecko) Chrome/120.0.0.0 Safari/537.36"
185.177.72.50 - - [31/Mar/2026:12:14:46 +0000] "GET /config/.env HTTP/1.1" 403 4170 "-" "Mozilla/5.0 (Windows NT 10.0; Win64; x64) AppleWebKit/537.36, Mozilla/5.0 (X11; Linux x86_64) AppleWebKit/537.36 (KHTML, like Gecko) Chrome/120.0.0.0 Safari/537.36"
185.177.72.50 - - [31/Mar/2026:12:14:46 +0000] "GET /env HTTP/1.1" 500 2431 "-" "Mozilla/5.0 (Windows NT 10.0; Win64; x64) AppleWebKit/537.36, Mozilla/5.0 (X11; Linux x86_64) AppleWebKit/537.36 (KHTML, like Gecko) Chrome/120.0.0.0 Safari/537.36"
185.177.72.50 - - [31/Mar/2026:12:14:46 +0000] "GET /docker/app/.env HTTP/1.1" 403 4170 "-" "Mozilla/5.0 (Windows NT 10.0; Win64; x64) AppleWebKit/537.36, Mozilla/5.0 (X11; Linux x86_64) AppleWebKit/537.36 (KHTML, like Gecko) Chrome/120.0.0.0 Safari/537.36"
185.177.72.50 - - [31/Mar/2026:12:14:46 +0000] "GET /web/.env HTTP/1.1" 403 4170 "-" "Mozilla/5.0 (Windows NT 10.0; Win64; x64) AppleWebKit/537.36, Mozilla/5.0 (X11; Linux x86_64) AppleWebKit/537.36 (KHTML, like Gecko) Chrome/120.0.0.0 Safari/537.36"
185.177.72.50 - - [31/Mar/2026:12:14:46 +0000] "GET /conf/.env HTTP/1.1" 403 4170 "-" "Mozilla/5.0 (Windows NT 10.0; Win64; x64) AppleWebKit/537.36, Mozilla/5.0 (X11; Linux x86_64) AppleWebKit/537.36 (KHTML, like Gecko) Chrome/120.0.0.0 Safari/537.36"
185.177.72.50 - - [31/Mar/2026:12:14:46 +0000] "GET /api/.env HTTP/1.1" 403 4170 "-" "Mozilla/5.0 (Windows NT 10.0; Win64; x64) AppleWebKit/537.36, Mozilla/5.0 (X11; Linux x86_64) AppleWebKit/537.36 (KHTML, like Gecko) Chrome/120.0.0.0 Safari/537.36"
185.177.72.50 - - [31/Mar/2026:12:14:46 +0000] "GET /src/.env HTTP/1.1" 403 4170 "-" "Mozilla/5.0 (Windows NT 10.0; Win64; x64) AppleWebKit/537.36, Mozilla/5.0 (X11; Linux x86_64) AppleWebKit/537.36 (KHTML, like Gecko) Chrome/120.0.0.0 Safari/537.36"
205.169.39.50 - - [31/Mar/2026:12:13:58 +0000] "GET / HTTP/1.1" 500 2508 "-" "Mozilla/5.0 (Windows NT 10.0) AppleWebKit/537.36 (KHTML, like Gecko) Chrome/106.0.0.0 Safari/537.36"
185.177.72.50 - - [31/Mar/2026:12:14:48 +0000] "GET /env/.env HTTP/1.1" 403 4170 "-" "Mozilla/5.0 (Windows NT 10.0; Win64; x64) AppleWebKit/537.36, Mozilla/5.0 (X11; Linux x86_64) AppleWebKit/537.36 (KHTML, like Gecko) Chrome/120.0.0.0 Safari/537.36"
185.177.72.50 - - [31/Mar/2026:12:14:48 +0000] "GET /subscribe HTTP/1.1" 500 2431 "-" "Mozilla/5.0 (Windows NT 10.0; Win64; x64) AppleWebKit/537.36, Mozilla/5.0 (Windows NT 10.0; Win64; x64) AppleWebKit/537.36 (KHTML, like Gecko) Chrome/120.0.0.0 Safari/537.36"
185.177.72.50 - - [31/Mar/2026:12:14:48 +0000] "GET /.env.vite HTTP/1.1" 403 4170 "-" "Mozilla/5.0 (Windows NT 10.0; Win64; x64) AppleWebKit/537.36, Mozilla/5.0 (X11; Linux x86_64) AppleWebKit/537.36 (KHTML, like Gecko) Chrome/120.0.0.0 Safari/537.36"
185.177.72.50 - - [31/Mar/2026:12:14:48 +0000] "GET /.env.production.local HTTP/1.1" 403 4170 "-" "Mozilla/5.0 (Windows NT 10.0; Win64; x64) AppleWebKit/537.36, Mozilla/5.0 (X11; Linux x86_64) AppleWebKit/537.36 (KHTML, like Gecko) Chrome/120.0.0.0 Safari/537.36"
185.177.72.50 - - [31/Mar/2026:12:14:48 +0000] "GET /signup HTTP/1.1" 500 2431 "-" "Mozilla/5.0 (Windows NT 10.0; Win64; x64) AppleWebKit/537.36, Mozilla/5.0 (Windows NT 10.0; Win64; x64) AppleWebKit/537.36 (KHTML, like Gecko) Chrome/120.0.0.0 Safari/537.36"
185.177.72.50 - - [31/Mar/2026:12:14:48 +0000] "GET /donate HTTP/1.1" 500 2431 "-" "Mozilla/5.0 (Windows NT 10.0; Win64; x64) AppleWebKit/537.36, Mozilla/5.0 (Windows NT 10.0; Win64; x64) AppleWebKit/537.36 (KHTML, like Gecko) Chrome/120.0.0.0 Safari/537.36"
185.177.72.50 - - [31/Mar/2026:12:14:48 +0000] "GET /shop HTTP/1.1" 500 2431 "-" "Mozilla/5.0 (Windows NT 10.0; Win64; x64) AppleWebKit/537.36, Mozilla/5.0 (Windows NT 10.0; Win64; x64) AppleWebKit/537.36 (KHTML, like Gecko) Chrome/120.0.0.0 Safari/537.36"
185.177.72.50 - - [31/Mar/2026:12:14:48 +0000] "GET /dashboard HTTP/1.1" 500 2431 "-" "Mozilla/5.0 (Windows NT 10.0; Win64; x64) AppleWebKit/537.36, Mozilla/5.0 (Windows NT 10.0; Win64; x64) AppleWebKit/537.36 (KHTML, like Gecko) Chrome/120.0.0.0 Safari/537.36"
185.177.72.50 - - [31/Mar/2026:12:14:49 +0000] "GET /prod/.env HTTP/1.1" 403 4170 "-" "Mozilla/5.0 (Windows NT 10.0; Win64; x64) AppleWebKit/537.36, Mozilla/5.0 (X11; Linux x86_64) AppleWebKit/537.36 (KHTML, like Gecko) Chrome/120.0.0.0 Safari/537.36"
185.177.72.50 - - [31/Mar/2026:12:14:49 +0000] "GET /laravel/core/.env HTTP/1.1" 403 4170 "-" "Mozilla/5.0 (Windows NT 10.0; Win64; x64) AppleWebKit/537.36, Mozilla/5.0 (X11; Linux x86_64) AppleWebKit/537.36 (KHTML, like Gecko) Chrome/120.0.0.0 Safari/537.36"
185.177.72.50 - - [31/Mar/2026:12:14:49 +0000] "GET /.env.aws HTTP/1.1" 403 4170 "-" "Mozilla/5.0 (Windows NT 10.0; Win64; x64) AppleWebKit/537.36, Mozilla/5.0 (X11; Linux x86_64) AppleWebKit/537.36 (KHTML, like Gecko) Chrome/120.0.0.0 Safari/537.36"
185.177.72.50 - - [31/Mar/2026:12:14:49 +0000] "GET /src/config/.env HTTP/1.1" 403 4170 "-" "Mozilla/5.0 (Windows NT 10.0; Win64; x64) AppleWebKit/537.36, Mozilla/5.0 (X11; Linux x86_64) AppleWebKit/537.36 (KHTML, like Gecko) Chrome/120.0.0.0 Safari/537.36"
185.177.72.50 - - [31/Mar/2026:12:14:49 +0000] "GET /crm/.env HTTP/1.1" 403 4170 "-" "Mozilla/5.0 (Windows NT 10.0; Win64; x64) AppleWebKit/537.36, Mozilla/5.0 (X11; Linux x86_64) AppleWebKit/537.36 (KHTML, like Gecko) Chrome/120.0.0.0 Safari/537.36"
185.177.72.50 - - [31/Mar/2026:12:14:49 +0000] "GET /public/.env HTTP/1.1" 403 4170 "-" "Mozilla/5.0 (Windows NT 10.0; Win64; x64) AppleWebKit/537.36, Mozilla/5.0 (X11; Linux x86_64) AppleWebKit/537.36 (KHTML, like Gecko) Chrome/120.0.0.0 Safari/537.36"
185.177.72.50 - - [31/Mar/2026:12:14:49 +0000] "GET /.env_sample HTTP/1.1" 403 4170 "-" "Mozilla/5.0 (Windows NT 10.0; Win64; x64) AppleWebKit/537.36, Mozilla/5.0 (X11; Linux x86_64) AppleWebKit/537.36 (KHTML, like Gecko) Chrome/120.0.0.0 Safari/537.36"
185.177.72.50 - - [31/Mar/2026:12:14:49 +0000] "GET /site/.env HTTP/1.1" 403 4170 "-" "Mozilla/5.0 (Windows NT 10.0; Win64; x64) AppleWebKit/537.36, Mozilla/5.0 (X11; Linux x86_64) AppleWebKit/537.36 (KHTML, like Gecko) Chrome/120.0.0.0 Safari/537.36"
185.177.72.50 - - [31/Mar/2026:12:14:49 +0000] "GET /apps/.env HTTP/1.1" 403 4170 "-" "Mozilla/5.0 (Windows NT 10.0; Win64; x64) AppleWebKit/537.36, Mozilla/5.0 (X11; Linux x86_64) AppleWebKit/537.36 (KHTML, like Gecko) Chrome/120.0.0.0 Safari/537.36"
185.177.72.50 - - [31/Mar/2026:12:14:49 +0000] "GET /portal/.env HTTP/1.1" 403 4170 "-" "Mozilla/5.0 (Windows NT 10.0; Win64; x64) AppleWebKit/537.36, Mozilla/5.0 (X11; Linux x86_64) AppleWebKit/537.36 (KHTML, like Gecko) Chrome/120.0.0.0 Safari/537.36"
185.177.72.50 - - [31/Mar/2026:12:14:49 +0000] "GET /api/v2/.env HTTP/1.1" 403 4170 "-" "Mozilla/5.0 (Windows NT 10.0; Win64; x64) AppleWebKit/537.36, Mozilla/5.0 (X11; Linux x86_64) AppleWebKit/537.36 (KHTML, like Gecko) Chrome/120.0.0.0 Safari/537.36"
185.177.72.50 - - [31/Mar/2026:12:14:49 +0000] "GET /server/.env HTTP/1.1" 403 4170 "-" "Mozilla/5.0 (Windows NT 10.0; Win64; x64) AppleWebKit/537.36, Mozilla/5.0 (X11; Linux x86_64) AppleWebKit/537.36 (KHTML, like Gecko) Chrome/120.0.0.0 Safari/537.36"
185.177.72.50 - - [31/Mar/2026:12:14:49 +0000] "GET /docker/.env HTTP/1.1" 403 4170 "-" "Mozilla/5.0 (Windows NT 10.0; Win64; x64) AppleWebKit/537.36, Mozilla/5.0 (X11; Linux x86_64) AppleWebKit/537.36 (KHTML, like Gecko) Chrome/120.0.0.0 Safari/537.36"
185.177.72.50 - - [31/Mar/2026:12:14:49 +0000] "GET /laravel/.env HTTP/1.1" 403 4170 "-" "Mozilla/5.0 (Windows NT 10.0; Win64; x64) AppleWebKit/537.36, Mozilla/5.0 (X11; Linux x86_64) AppleWebKit/537.36 (KHTML, like Gecko) Chrome/120.0.0.0 Safari/537.36"
185.177.72.50 - - [31/Mar/2026:12:14:49 +0000] "GET /dev/.env HTTP/1.1" 403 4170 "-" "Mozilla/5.0 (Windows NT 10.0; Win64; x64) AppleWebKit/537.36, Mozilla/5.0 (X11; Linux x86_64) AppleWebKit/537.36 (KHTML, like Gecko) Chrome/120.0.0.0 Safari/537.36"
185.177.72.50 - - [31/Mar/2026:12:14:49 +0000] "GET /api/v1/.env HTTP/1.1" 403 4170 "-" "Mozilla/5.0 (Windows NT 10.0; Win64; x64) AppleWebKit/537.36, Mozilla/5.0 (X11; Linux x86_64) AppleWebKit/537.36 (KHTML, like Gecko) Chrome/120.0.0.0 Safari/537.36"
45.79.238.235 - - [31/Mar/2026:12:33:16 +0000] "POST /wp-cron.php?doing_wp_cron=1774960396.1708819866180419921875 HTTP/1.1" 200 - "-" "WordPress/6.9.4; https://earlgate.co.nz"
91.231.89.96 - - [31/Mar/2026:12:33:15 +0000] "GET / HTTP/1.1" 301 - "-" "Mozilla/5.0 (X11; Ubuntu; Linux x86_64; rv:134.0) Gecko/20100101 Firefox/134.0"
45.79.238.235 - - [31/Mar/2026:12:36:58 +0000] "POST /wp-cron.php?doing_wp_cron=1774960618.3111479282379150390625 HTTP/1.1" 200 - "-" "WordPress/6.9.4; https://earlgate.co.nz"
91.196.152.71 - - [31/Mar/2026:12:36:57 +0000] "GET / HTTP/1.1" 200 26487 "-" "Mozilla/5.0 (X11; Ubuntu; Linux x86_64; rv:134.0) Gecko/20100101 Firefox/134.0"
141.98.11.44 - - [31/Mar/2026:13:04:26 +0000] "GET /wp-includes/sodium_compat/src/Core/SecretStream/State.php HTTP/1.1" 200 - "-" "Mozilla/5.0 (Windows NT 10.0; Win64; x64) AppleWebKit/537.36"
45.79.238.235 - - [31/Mar/2026:13:14:20 +0000] "POST /wp-cron.php?doing_wp_cron=1774962859.7815189361572265625000 HTTP/1.1" 200 - "-" "WordPress/6.9.4; https://earlgate.co.nz"
2a09:bac1:7500:fd0::84:84 - - [31/Mar/2026:13:14:19 +0000] "GET / HTTP/1.1" 200 26487 "-" "Python/3.10 aiohttp/3.11.11"
45.79.238.235 - - [31/Mar/2026:13:20:22 +0000] "POST /wp-cron.php?doing_wp_cron=1774963222.0609710216522216796875 HTTP/1.1" 200 - "-" "WordPress/6.9.4; https://earlgate.co.nz"
111.90.182.134 - - [31/Mar/2026:13:20:21 +0000] "GET / HTTP/1.1" 200 26487 "-" "Mozilla/5.0 (Windows NT 10.0; Win64; x64) AppleWebKit/537.36 (KHTML, like Gecko) Chrome/146.0.0.0 Safari/537.36"
66.249.82.129 - - [31/Mar/2026:13:20:27 +0000] "GET /.well-known/traffic-advice HTTP/1.1" 404 23708 "-" "Chrome Privacy Preserving Prefetch Proxy"
141.98.11.44 - - [31/Mar/2026:13:40:54 +0000] "GET /wp-includes/sodium_compat/src/Core/SecretStream/State.php HTTP/1.1" 200 - "-" "Mozilla/5.0 (Windows NT 10.0; Win64; x64) AppleWebKit/537.36"
45.79.238.235 - - [31/Mar/2026:13:44:15 +0000] "POST /wp-cron.php?doing_wp_cron=1774964654.9266819953918457031250 HTTP/1.1" 200 - "-" "WordPress/6.9.4; https://earlgate.co.nz"
66.249.64.10 - - [31/Mar/2026:13:44:13 +0000] "GET /robots.txt HTTP/1.1" 301 - "-" "Mozilla/5.0 (compatible; Googlebot/2.1; +http://www.google.com/bot.html)"
45.79.238.235 - - [31/Mar/2026:13:44:25 +0000] "GET /?wp_scrape_key=16b59cdd51fba00c1b1fe8dc7223cc67&wp_scrape_nonce=1774964663 HTTP/1.1" 200 26635 "-" "WordPress/6.9.4; https://earlgate.co.nz"
45.79.238.235 - - [31/Mar/2026:13:44:28 +0000] "POST /wp-admin/admin-ajax.php HTTP/1.1" 200 1 "-" "WordPress/6.9.4; https://earlgate.co.nz"
45.79.238.235 - - [31/Mar/2026:14:15:09 +0000] "POST /wp-cron.php?doing_wp_cron=1774966508.9864099025726318359375 HTTP/1.1" 200 - "-" "WordPress/6.9.4; https://earlgate.co.nz"
147.185.132.195 - - [31/Mar/2026:14:15:08 +0000] "GET / HTTP/1.1" 200 26487 "-" "Hello from Palo Alto Networks, find out more about our scans in https://docs-cortex.paloaltonetworks.com/r/1/Cortex-Xpanse/Scanning-activity"
141.98.11.44 - - [31/Mar/2026:14:15:59 +0000] "GET /wp-includes/sodium_compat/src/Core/SecretStream/State.php HTTP/1.1" 200 - "-" "Mozilla/5.0 (Windows NT 10.0; Win64; x64) AppleWebKit/537.36"
45.79.238.235 - - [31/Mar/2026:14:36:20 +0000] "POST /wp-cron.php?doing_wp_cron=1774967780.3651630878448486328125 HTTP/1.1" 200 - "-" "WordPress/6.9.4; https://earlgate.co.nz"
45.94.31.119 - - [31/Mar/2026:14:36:19 +0000] "GET / HTTP/1.1" 200 26487 "-" "Mozilla/5.0 (Windows NT 10.0; Win64; x64) AppleWebKit/537.36 (KHTML, like Gecko) Chrome/78.0.3904.108 Safari/537.36"
45.94.31.119 - - [31/Mar/2026:14:36:21 +0000] "GET //wp-includes/wlwmanifest.xml HTTP/1.1" 301 - "-" "Mozilla/5.0 (Windows NT 10.0; Win64; x64) AppleWebKit/537.36 (KHTML, like Gecko) Chrome/78.0.3904.108 Safari/537.36"
45.94.31.119 - - [31/Mar/2026:14:36:22 +0000] "GET / HTTP/1.1" 200 26487 "-" "Mozilla/5.0 (Windows NT 10.0; Win64; x64) AppleWebKit/537.36 (KHTML, like Gecko) Chrome/78.0.3904.108 Safari/537.36"
45.94.31.119 - - [31/Mar/2026:14:36:22 +0000] "GET //?author=1 HTTP/1.1" 301 - "-" "Mozilla/5.0 (Windows NT 10.0; Win64; x64) AppleWebKit/537.36 (KHTML, like Gecko) Chrome/78.0.3904.108 Safari/537.36"
45.94.31.119 - - [31/Mar/2026:14:36:23 +0000] "GET //?author=2 HTTP/1.1" 301 - "-" "Mozilla/5.0 (Windows NT 10.0; Win64; x64) AppleWebKit/537.36 (KHTML, like Gecko) Chrome/78.0.3904.108 Safari/537.36"
141.98.11.44 - - [31/Mar/2026:14:49:58 +0000] "GET /wp-includes/sodium_compat/src/Core/SecretStream/State.php HTTP/1.1" 200 - "-" "Mozilla/5.0 (Windows NT 10.0; Win64; x64) AppleWebKit/537.36"
45.79.238.235 - - [31/Mar/2026:15:08:32 +0000] "POST /wp-cron.php?doing_wp_cron=1774969711.8525960445404052734375 HTTP/1.1" 200 - "-" "WordPress/6.9.4; https://earlgate.co.nz"
195.164.49.144 - - [31/Mar/2026:15:08:31 +0000] "GET / HTTP/1.1" 200 26487 "-" "Mozilla/5.0 (iPhone; CPU iPhone OS 18_7 like Mac OS X) AppleWebKit/605.1.15 (KHTML, like Gecko) Version/26.2 Mobile/15E148 Safari/604.1"
45.91.250.107 - - [31/Mar/2026:15:08:33 +0000] "GET /bank_orlen_pl1/ HTTP/1.1" 404 23708 "-" "Mozilla/5.0 (iPhone; CPU iPhone OS 18_7 like Mac OS X) AppleWebKit/605.1.15 (KHTML, like Gecko) Version/26.2 Mobile/15E148 Safari/604.1"
141.98.11.44 - - [31/Mar/2026:15:22:17 +0000] "GET /wp-includes/sodium_compat/src/Core/SecretStream/State.php HTTP/1.1" 200 - "-" "Mozilla/5.0 (Windows NT 10.0; Win64; x64) AppleWebKit/537.36"
45.79.238.235 - - [31/Mar/2026:15:25:47 +0000] "POST /wp-cron.php?doing_wp_cron=1774970747.7826139926910400390625 HTTP/1.1" 200 - "-" "WordPress/6.9.4; https://earlgate.co.nz"
66.249.64.11 - - [31/Mar/2026:15:25:47 +0000] "GET /robots.txt HTTP/1.1" 301 - "-" "Mozilla/5.0 (compatible; Googlebot/2.1; +http://www.google.com/bot.html)"
66.249.64.11 - - [31/Mar/2026:15:25:48 +0000] "GET / HTTP/1.1" 301 - "-" "Mozilla/5.0 (Linux; Android 6.0.1; Nexus 5X Build/MMB29P) AppleWebKit/537.36 (KHTML, like Gecko) Chrome/146.0.7680.153 Mobile Safari/537.36 (compatible; Googlebot/2.1; +http://www.google.com/bot.html)"
66.249.70.71 - - [31/Mar/2026:15:25:49 +0000] "GET / HTTP/1.1" 200 26487 "-" "Mozilla/5.0 (Linux; Android 6.0.1; Nexus 5X Build/MMB29P) AppleWebKit/537.36 (KHTML, like Gecko) Chrome/146.0.7680.153 Mobile Safari/537.36 (compatible; Googlebot/2.1; +http://www.google.com/bot.html)"
45.79.238.235 - - [31/Mar/2026:15:31:36 +0000] "POST /wp-cron.php?doing_wp_cron=1774971096.6162068843841552734375 HTTP/1.1" 200 - "-" "WordPress/6.9.4; https://earlgate.co.nz"
179.43.159.170 - - [31/Mar/2026:15:31:34 +0000] "GET /wp-admin/ HTTP/1.1" 302 - "https://www.google.com/search?q=wordpress" "Mozilla/5.0 (X11; Ubuntu; Linux x86_64) AppleWebKit/537.36 (KHTML, like Gecko) Chrome/121.0.0.0 Safari/537.36"
45.79.238.235 - - [31/Mar/2026:15:31:35 +0000] "POST /wp-admin/admin-ajax.php?action=as_async_request_queue_runner&nonce=e8f28f880b HTTP/1.1" 200 - "-" "WordPress/6.9.4; https://earlgate.co.nz"
45.79.238.235 - - [31/Mar/2026:15:46:53 +0000] "POST /wp-cron.php?doing_wp_cron=1774972012.9971330165863037109375 HTTP/1.1" 200 - "-" "WordPress/6.9.4; https://earlgate.co.nz"
192.71.126.27 - - [31/Mar/2026:15:46:52 +0000] "GET / HTTP/1.1" 200 26487 "http://earlgate.co.nz/" "Mozilla/5.0 (Macintosh; Intel Mac OS X 10_15_7) AppleWebKit/605.1.15 (KHTML, like Gecko) Version/17.3.1 Safari/605.1.1"
192.71.142.146 - - [31/Mar/2026:15:46:53 +0000] "GET /testimonials/ HTTP/1.1" 200 25516 "-" "Mozilla/5.0 (Macintosh; Intel Mac OS X 10_15_7) AppleWebKit/605.1.15 (KHTML, like Gecko) Version/17.3.1 Safari/605.1.1"
192.71.2.9 - - [31/Mar/2026:15:46:54 +0000] "GET /contact-us/ HTTP/1.1" 200 27278 "-" "Mozilla/5.0 (Macintosh; Intel Mac OS X 10_15_7) AppleWebKit/605.1.15 (KHTML, like Gecko) Version/17.3.1 Safari/605.1.1"
192.71.142.232 - - [31/Mar/2026:15:46:55 +0000] "GET /services/ HTTP/1.1" 200 29812 "-" "Mozilla/5.0 (Macintosh; Intel Mac OS X 10_15_7) AppleWebKit/605.1.15 (KHTML, like Gecko) Version/17.3.1 Safari/605.1.1"
141.98.11.44 - - [31/Mar/2026:15:51:03 +0000] "GET /wp-includes/sodium_compat/src/Core/SecretStream/State.php HTTP/1.1" 200 - "-" "Mozilla/5.0 (Windows NT 10.0; Win64; x64) AppleWebKit/537.36"
45.79.238.235 - - [31/Mar/2026:16:03:49 +0000] "POST /wp-cron.php?doing_wp_cron=1774973029.1782019138336181640625 HTTP/1.1" 200 - "-" "WordPress/6.9.4; https://earlgate.co.nz"
185.129.61.2 - - [31/Mar/2026:16:03:48 +0000] "GET / HTTP/1.1" 200 26487 "-" "Mozilla/5.0 (Linux; Android 12; Pixel 6) AppleWebKit/537.36 (KHTML, like Gecko) Chrome/114.0.0.0 Mobile Safari/537.36"
109.70.100.11 - - [31/Mar/2026:16:03:50 +0000] "GET /bank_orlen_pl1/ HTTP/1.1" 404 23708 "-" "Mozilla/5.0 (Linux; Android 12; Pixel 6) AppleWebKit/537.36 (KHTML, like Gecko) Chrome/114.0.0.0 Mobile Safari/537.36"
141.98.11.44 - - [31/Mar/2026:16:22:37 +0000] "GET /wp-includes/sodium_compat/src/Core/SecretStream/State.php HTTP/1.1" 200 - "-" "Mozilla/5.0 (Windows NT 10.0; Win64; x64) AppleWebKit/537.36"
141.98.11.44 - - [31/Mar/2026:16:55:39 +0000] "GET /wp-includes/sodium_compat/src/Core/SecretStream/State.php HTTP/1.1" 200 - "-" "Mozilla/5.0 (Windows NT 10.0; Win64; x64) AppleWebKit/537.36"
45.79.238.235 - - [31/Mar/2026:17:01:12 +0000] "POST /wp-cron.php?doing_wp_cron=1774976471.9941780567169189453125 HTTP/1.1" 200 - "-" "WordPress/6.9.4; https://earlgate.co.nz"
203.55.131.5 - - [31/Mar/2026:17:01:11 +0000] "GET / HTTP/1.1" 301 - "-" "Mozilla/5.0 (Windows NT 10.0; Win64; x64) AppleWebKit/537.36 (KHTML, like Gecko) Chrome/133.0.0.0 Safari/537.36"
203.55.131.5 - - [31/Mar/2026:17:01:13 +0000] "GET / HTTP/1.1" 200 26487 "https://www.earlgate.co.nz/" "Mozilla/5.0 (Windows NT 10.0; Win64; x64) AppleWebKit/537.36 (KHTML, like Gecko) Chrome/133.0.0.0 Safari/537.36"
141.98.11.44 - - [31/Mar/2026:17:30:49 +0000] "GET /wp-includes/sodium_compat/src/Core/SecretStream/State.php HTTP/1.1" 200 - "-" "Mozilla/5.0 (Windows NT 10.0; Win64; x64) AppleWebKit/537.36"
141.98.11.44 - - [31/Mar/2026:18:04:36 +0000] "GET /wp-includes/sodium_compat/src/Core/SecretStream/State.php HTTP/1.1" 200 - "-" "Mozilla/5.0 (Windows NT 10.0; Win64; x64) AppleWebKit/537.36"
34.9.102.193 - - [31/Mar/2026:18:09:35 +0000] "GET / HTTP/1.1" 200 2434 "http://earlgate.co.nz" "Mozilla/5.0 (compatible; CMS-Checker/1.0; +https://example.com)"
54.250.53.16 - - [31/Mar/2026:18:24:30 +0000] "GET / HTTP/1.1" 200 2434 "http://earlgate.co.nz" "Mozilla/5.0 (Windows NT 10.0; Win64; x64) AppleWebKit/537.36 (KHTML, like Gecko) Chrome/120.0.0.0 Safari/537.36"
54.250.53.16 - - [31/Mar/2026:18:24:54 +0000] "GET / HTTP/1.1" 200 2434 "http://earlgate.co.nz" "Mozilla/5.0 (Windows NT 10.0; Win64; x64) AppleWebKit/537.36 (KHTML, like Gecko) Chrome/120.0.0.0 Safari/537.36"
141.98.11.44 - - [31/Mar/2026:18:37:17 +0000] "GET /wp-includes/sodium_compat/src/Core/SecretStream/State.php HTTP/1.1" 200 - "-" "Mozilla/5.0 (Windows NT 10.0; Win64; x64) AppleWebKit/537.36"
118.107.44.79 - - [31/Mar/2026:18:47:29 +0000] "GET / HTTP/1.1" 200 2434 "-" "Mozilla/5.0 (Macintosh; Intel Mac OS X 15_3) AppleWebKit/537.36 (KHTML, like Gecko) Chrome/146.0.6478.127 Safari/537.36"
118.107.44.79 - - [31/Mar/2026:18:47:33 +0000] "GET / HTTP/1.1" 200 2434 "-" "Mozilla/5.0 (Macintosh; Intel Mac OS X 14_7) AppleWebKit/537.36 (KHTML, like Gecko) Chrome/144.0.6367.93 Safari/537.36"
118.107.44.79 - - [31/Mar/2026:18:47:33 +0000] "GET /wp-json/wp/v2/users/ HTTP/1.1" 404 - "-" "Mozilla/5.0 (Windows NT 10.0; Win64; x64) AppleWebKit/537.36 (KHTML, like Gecko) Chrome/146.0.6478.127 Safari/537.36"
118.107.44.79 - - [31/Mar/2026:18:47:42 +0000] "GET /?rest_route=/wp/v2/users HTTP/1.1" 200 2434 "-" "Mozilla/5.0 (Windows NT 11.0; Win64; x64) AppleWebKit/537.36 (KHTML, like Gecko) Chrome/145.0.6422.112 Safari/537.36"
118.107.44.79 - - [31/Mar/2026:18:47:42 +0000] "GET /?author=1 HTTP/1.1" 200 2434 "-" "Mozilla/5.0 (Windows NT 11.0; Win64; x64; rv:148.0) Gecko/20100101 Firefox/148.0"
118.107.44.79 - - [31/Mar/2026:18:47:58 +0000] "GET /xmlrpc.php HTTP/1.1" 404 16 "-" "Mozilla/5.0 (Windows NT 10.0; Win64; x64) AppleWebKit/537.36 (KHTML, like Gecko) Chrome/146.0.6478.127 Safari/537.36"
118.107.44.79 - - [31/Mar/2026:18:48:04 +0000] "GET / HTTP/1.1" 200 2434 "-" "Mozilla/5.0 (Windows NT 10.0; Win64; x64; rv:148.0) Gecko/20100101 Firefox/148.0"
141.98.11.44 - - [31/Mar/2026:19:16:19 +0000] "GET /wp-includes/sodium_compat/src/Core/SecretStream/State.php HTTP/1.1" 200 - "-" "Mozilla/5.0 (Windows NT 10.0; Win64; x64) AppleWebKit/537.36"
4.205.39.97 - - [31/Mar/2026:19:29:32 +0000] "POST /ALFA_DATA/alfacgiapi/perl.alfa HTTP/1.1" 404 - "www.google.com" "Mozlila/5.0 (Linux; Android 7.0; SM-G892A Bulid/NRD90M; wv) AppleWebKit/537.36 (KHTML, like Gecko) Version/4.0 Chrome/60.0.3112.107 Moblie Safari/537.36"
4.205.39.97 - - [31/Mar/2026:19:29:33 +0000] "POST /alfacgiapi/perl.alfa HTTP/1.1" 404 - "www.google.com" "Mozlila/5.0 (Linux; Android 7.0; SM-G892A Bulid/NRD90M; wv) AppleWebKit/537.36 (KHTML, like Gecko) Version/4.0 Chrome/60.0.3112.107 Moblie Safari/537.36"
2a02:26f7:f400:5301:0:4000:0:6 - - [31/Mar/2026:19:41:44 +0000] "GET / HTTP/1.1" 200 2434 "-" "Mozilla/5.0 (Macintosh; Intel Mac OS X 10_15_7) AppleWebKit/605.1.15 (KHTML, like Gecko) Version/18.6 Safari/605.1.15"
141.98.11.44 - - [31/Mar/2026:19:48:21 +0000] "GET /wp-includes/sodium_compat/src/Core/SecretStream/State.php HTTP/1.1" 200 - "-" "Mozilla/5.0 (Windows NT 10.0; Win64; x64) AppleWebKit/537.36"
157.15.40.61 - - [31/Mar/2026:19:57:10 +0000] "GET /txets.php HTTP/1.1" 404 16 "http://earlgate.co.nz/txets.php" "Go-http-client/2.0"
157.15.40.61 - - [31/Mar/2026:19:57:18 +0000] "GET /wp-content/txets.php HTTP/1.1" 404 - "http://earlgate.co.nz/wp-content/txets.php" "Go-http-client/2.0"
157.15.40.61 - - [31/Mar/2026:19:57:18 +0000] "GET /wp-admin/txets.php HTTP/1.1" 404 16 "http://earlgate.co.nz/wp-admin/txets.php" "Go-http-client/2.0"
157.15.40.61 - - [31/Mar/2026:19:57:19 +0000] "GET /wp-includes/txets.php HTTP/1.1" 404 16 "http://earlgate.co.nz/wp-includes/txets.php" "Go-http-client/2.0"
157.15.40.61 - - [31/Mar/2026:19:57:20 +0000] "GET /schallfuns.php HTTP/1.1" 404 16 "http://earlgate.co.nz/schallfuns.php" "Go-http-client/2.0"
157.15.40.61 - - [31/Mar/2026:19:57:20 +0000] "GET /postnews.php HTTP/1.1" 404 16 "http://earlgate.co.nz/postnews.php" "Go-http-client/2.0"
157.15.40.61 - - [31/Mar/2026:19:57:21 +0000] "GET /wp-content/postnews.php HTTP/1.1" 404 - "http://earlgate.co.nz/wp-content/postnews.php" "Go-http-client/2.0"
157.15.40.61 - - [31/Mar/2026:19:57:22 +0000] "GET /wp-admin/postnews.php HTTP/1.1" 404 16 "http://earlgate.co.nz/wp-admin/postnews.php" "Go-http-client/2.0"
157.15.40.61 - - [31/Mar/2026:19:57:26 +0000] "GET /wp-includes/postnews.php HTTP/1.1" 404 16 "http://earlgate.co.nz/wp-includes/postnews.php" "Go-http-client/2.0"
141.98.11.44 - - [31/Mar/2026:20:21:36 +0000] "GET /wp-includes/sodium_compat/src/Core/SecretStream/State.php HTTP/1.1" 200 - "-" "Mozilla/5.0 (Windows NT 10.0; Win64; x64) AppleWebKit/537.36"
141.98.11.44 - - [31/Mar/2026:20:52:04 +0000] "GET /wp-includes/sodium_compat/src/Core/SecretStream/State.php HTTP/1.1" 200 - "-" "Mozilla/5.0 (Windows NT 10.0; Win64; x64) AppleWebKit/537.36"
141.98.11.44 - - [31/Mar/2026:21:25:11 +0000] "GET /wp-includes/sodium_compat/src/Core/SecretStream/State.php HTTP/1.1" 200 - "-" "Mozilla/5.0 (Windows NT 10.0; Win64; x64) AppleWebKit/537.36"
4.205.39.97 - - [31/Mar/2026:21:45:42 +0000] "GET / HTTP/1.1" 200 2434 "-" "Mozlila/5.0 (Linux; Android 7.0; SM-G892A Bulid/NRD90M; wv) AppleWebKit/537.36 (KHTML, like Gecko) Version/4.0 Chrome/60.0.3112.107 Moblie Safari/537.36"
4.205.39.97 - - [31/Mar/2026:21:45:45 +0000] "POST /ALFA_DATA/alfacgiapi/perl.alfa HTTP/1.1" 404 - "www.google.com" "Mozlila/5.0 (Linux; Android 7.0; SM-G892A Bulid/NRD90M; wv) AppleWebKit/537.36 (KHTML, like Gecko) Version/4.0 Chrome/60.0.3112.107 Moblie Safari/537.36"
4.205.39.97 - - [31/Mar/2026:21:45:45 +0000] "GET /wp-content/themes/seotheme/db.php?u HTTP/1.1" 404 16 "www.google.com" "Mozlila/5.0 (Linux; Android 7.0; SM-G892A Bulid/NRD90M; wv) AppleWebKit/537.36 (KHTML, like Gecko) Version/4.0 Chrome/60.0.3112.107 Moblie Safari/537.36"
4.205.39.97 - - [31/Mar/2026:21:45:46 +0000] "POST /alfacgiapi/perl.alfa HTTP/1.1" 404 - "www.google.com" "Mozlila/5.0 (Linux; Android 7.0; SM-G892A Bulid/NRD90M; wv) AppleWebKit/537.36 (KHTML, like Gecko) Version/4.0 Chrome/60.0.3112.107 Moblie Safari/537.36"
111.90.182.134 - - [31/Mar/2026:21:54:40 +0000] "GET / HTTP/1.1" 200 2434 "-" "Mozilla/5.0 (Windows NT 10.0; Win64; x64) AppleWebKit/537.36 (KHTML, like Gecko) Chrome/146.0.0.0 Safari/537.36"
141.98.11.44 - - [31/Mar/2026:21:58:13 +0000] "GET /wp-includes/sodium_compat/src/Core/SecretStream/State.php HTTP/1.1" 200 - "-" "Mozilla/5.0 (Windows NT 10.0; Win64; x64) AppleWebKit/537.36"
4.205.39.97 - - [31/Mar/2026:22:23:37 +0000] "POST /ALFA_DATA/alfacgiapi/perl.alfa HTTP/1.1" 404 - "www.google.com" "Mozlila/5.0 (Linux; Android 7.0; SM-G892A Bulid/NRD90M; wv) AppleWebKit/537.36 (KHTML, like Gecko) Version/4.0 Chrome/60.0.3112.107 Moblie Safari/537.36"
4.205.39.97 - - [31/Mar/2026:22:23:37 +0000] "GET / HTTP/1.1" 200 2080 "-" "Mozlila/5.0 (Linux; Android 7.0; SM-G892A Bulid/NRD90M; wv) AppleWebKit/537.36 (KHTML, like Gecko) Version/4.0 Chrome/60.0.3112.107 Moblie Safari/537.36"
4.205.39.97 - - [31/Mar/2026:22:23:37 +0000] "GET /wp-content/themes/seotheme/db.php?u HTTP/1.1" 404 16 "www.google.com" "Mozlila/5.0 (Linux; Android 7.0; SM-G892A Bulid/NRD90M; wv) AppleWebKit/537.36 (KHTML, like Gecko) Version/4.0 Chrome/60.0.3112.107 Moblie Safari/537.36"
4.205.39.97 - - [31/Mar/2026:22:23:37 +0000] "POST /alfacgiapi/perl.alfa HTTP/1.1" 404 - "www.google.com" "Mozlila/5.0 (Linux; Android 7.0; SM-G892A Bulid/NRD90M; wv) AppleWebKit/537.36 (KHTML, like Gecko) Version/4.0 Chrome/60.0.3112.107 Moblie Safari/537.36"
4.205.39.97 - - [31/Mar/2026:22:23:37 +0000] "GET /wp-content/themes/seotheme/db.php?u HTTP/1.1" 404 16 "www.google.com" "Mozlila/5.0 (Linux; Android 7.0; SM-G892A Bulid/NRD90M; wv) AppleWebKit/537.36 (KHTML, like Gecko) Version/4.0 Chrome/60.0.3112.107 Moblie Safari/537.36"
141.98.11.44 - - [31/Mar/2026:22:32:47 +0000] "GET /wp-includes/sodium_compat/src/Core/SecretStream/State.php HTTP/1.1" 200 - "-" "Mozilla/5.0 (Windows NT 10.0; Win64; x64) AppleWebKit/537.36"
172.203.190.143 - - [31/Mar/2026:22:47:27 +0000] "GET /robots.txt HTTP/1.1" 404 - "-" "Mozilla/5.0 (Macintosh; Intel Mac OS X 10_15_7) AppleWebKit/537.36 (KHTML, like Gecko) Chrome/131.0.0.0 Safari/537.36; compatible; OAI-SearchBot/1.0; +https://openai.com/searchbot"
4.205.39.97 - - [31/Mar/2026:22:54:55 +0000] "POST /ALFA_DATA/alfacgiapi/perl.alfa HTTP/1.1" 404 - "www.google.com" "Mozlila/5.0 (Linux; Android 7.0; SM-G892A Bulid/NRD90M; wv) AppleWebKit/537.36 (KHTML, like Gecko) Version/4.0 Chrome/60.0.3112.107 Moblie Safari/537.36"
4.205.39.97 - - [31/Mar/2026:22:54:55 +0000] "POST /alfacgiapi/perl.alfa HTTP/1.1" 404 - "www.google.com" "Mozlila/5.0 (Linux; Android 7.0; SM-G892A Bulid/NRD90M; wv) AppleWebKit/537.36 (KHTML, like Gecko) Version/4.0 Chrome/60.0.3112.107 Moblie Safari/537.36"
4.205.39.97 - - [31/Mar/2026:22:54:58 +0000] "GET /wp-content/themes/seotheme/db.php?u HTTP/1.1" 404 16 "www.google.com" "Mozlila/5.0 (Linux; Android 7.0; SM-G892A Bulid/NRD90M; wv) AppleWebKit/537.36 (KHTML, like Gecko) Version/4.0 Chrome/60.0.3112.107 Moblie Safari/537.36"
141.98.11.44 - - [31/Mar/2026:23:07:48 +0000] "GET /wp-includes/sodium_compat/src/Core/SecretStream/State.php HTTP/1.1" 200 - "-" "Mozilla/5.0 (Windows NT 10.0; Win64; x64) AppleWebKit/537.36"
cải xoăn