193.142.147.5 - - [31/Mar/2026:18:23:22 +0000] "GET /viewtopic.php?t=200/wp-login.php HTTP/1.1" 200 10965 "-" "Mozilla/5.0 (compatible; MSIE 9.0; Windows NT 6.1; Trident/5.0)"
2001:41d0:303:1eb3::1 - - [31/Mar/2026:18:23:22 +0000] "GET /viewtopic.php?f=3&t=54 HTTP/1.1" 200 25015 "-" "Mozilla/5.0 (compatible; MJ12bot/v1.4.8; http://mj12bot.com/)"
2001:41d0:303:1eb3::1 - - [31/Mar/2026:18:23:24 +0000] "GET /viewtopic.php?f=3&t=682 HTTP/1.1" 200 16337 "-" "Mozilla/5.0 (compatible; MJ12bot/v1.4.8; http://mj12bot.com/)"
66.249.66.13 - - [31/Mar/2026:18:23:24 +0000] "GET /viewtopic.php?p=1071 HTTP/1.1" 200 24487 "-" "Mozilla/5.0 (Linux; Android 6.0.1; Nexus 5X Build/MMB29P) AppleWebKit/537.36 (KHTML, like Gecko) Chrome/146.0.7680.164 Mobile Safari/537.36 (compatible; Googlebot/2.1; +http://www.google.com/bot.html)"
207.46.13.141 - - [31/Mar/2026:18:23:25 +0000] "GET /viewtopic.php?t=612 HTTP/1.1" 200 22366 "-" "Mozilla/5.0 AppleWebKit/537.36 (KHTML, like Gecko; compatible; bingbot/2.0; +http://www.bing.com/bingbot.htm) Chrome/116.0.1938.76 Safari/537.36"
2001:41d0:303:1eb3::1 - - [31/Mar/2026:18:23:25 +0000] "GET /viewtopic.php?f=3&t=88 HTTP/1.1" 200 41346 "-" "Mozilla/5.0 (compatible; MJ12bot/v1.4.8; http://mj12bot.com/)"
2001:41d0:303:1eb3::1 - - [31/Mar/2026:18:23:27 +0000] "GET /viewtopic.php?f=4&t=161 HTTP/1.1" 200 27054 "-" "Mozilla/5.0 (compatible; MJ12bot/v1.4.8; http://mj12bot.com/)"
2001:41d0:303:1eb3::1 - - [31/Mar/2026:18:23:29 +0000] "GET /viewtopic.php?f=4&t=185 HTTP/1.1" 200 33612 "-" "Mozilla/5.0 (compatible; MJ12bot/v1.4.8; http://mj12bot.com/)"
2001:41d0:303:1eb3::1 - - [31/Mar/2026:18:23:30 +0000] "GET /viewtopic.php?f=4&t=307 HTTP/1.1" 200 55684 "-" "Mozilla/5.0 (compatible; MJ12bot/v1.4.8; http://mj12bot.com/)"
2001:41d0:303:1eb3::1 - - [31/Mar/2026:18:23:32 +0000] "GET /viewtopic.php?f=4&t=324 HTTP/1.1" 200 32502 "-" "Mozilla/5.0 (compatible; MJ12bot/v1.4.8; http://mj12bot.com/)"
2001:41d0:303:1eb3::1 - - [31/Mar/2026:18:23:34 +0000] "GET /viewtopic.php?f=4&t=414 HTTP/1.1" 200 28396 "-" "Mozilla/5.0 (compatible; MJ12bot/v1.4.8; http://mj12bot.com/)"
2001:41d0:303:1eb3::1 - - [31/Mar/2026:18:23:35 +0000] "GET /viewtopic.php?f=4&t=428 HTTP/1.1" 200 23992 "-" "Mozilla/5.0 (compatible; MJ12bot/v1.4.8; http://mj12bot.com/)"
2001:41d0:303:1eb3::1 - - [31/Mar/2026:18:23:37 +0000] "GET /viewtopic.php?f=4&t=431 HTTP/1.1" 200 31550 "-" "Mozilla/5.0 (compatible; MJ12bot/v1.4.8; http://mj12bot.com/)"
2001:41d0:303:1eb3::1 - - [31/Mar/2026:18:23:39 +0000] "GET /viewtopic.php?f=4&t=446 HTTP/1.1" 200 30423 "-" "Mozilla/5.0 (compatible; MJ12bot/v1.4.8; http://mj12bot.com/)"
2001:41d0:303:1eb3::1 - - [31/Mar/2026:18:23:40 +0000] "GET /viewtopic.php?f=4&t=456 HTTP/1.1" 200 36036 "-" "Mozilla/5.0 (compatible; MJ12bot/v1.4.8; http://mj12bot.com/)"
2001:41d0:303:1eb3::1 - - [31/Mar/2026:18:23:42 +0000] "GET /viewtopic.php?f=4&t=486 HTTP/1.1" 200 31828 "-" "Mozilla/5.0 (compatible; MJ12bot/v1.4.8; http://mj12bot.com/)"
2001:41d0:303:1eb3::1 - - [31/Mar/2026:18:23:43 +0000] "GET /viewtopic.php?f=4&t=520 HTTP/1.1" 200 27235 "-" "Mozilla/5.0 (compatible; MJ12bot/v1.4.8; http://mj12bot.com/)"
2001:41d0:303:1eb3::1 - - [31/Mar/2026:18:23:45 +0000] "GET /viewtopic.php?f=4&t=542 HTTP/1.1" 200 22309 "-" "Mozilla/5.0 (compatible; MJ12bot/v1.4.8; http://mj12bot.com/)"
2001:41d0:303:1eb3::1 - - [31/Mar/2026:18:23:47 +0000] "GET /viewtopic.php?f=4&t=549 HTTP/1.1" 200 18895 "-" "Mozilla/5.0 (compatible; MJ12bot/v1.4.8; http://mj12bot.com/)"
2001:41d0:303:1eb3::1 - - [31/Mar/2026:18:23:49 +0000] "GET /viewtopic.php?f=4&t=556 HTTP/1.1" 200 27989 "-" "Mozilla/5.0 (compatible; MJ12bot/v1.4.8; http://mj12bot.com/)"
2001:41d0:303:1eb3::1 - - [31/Mar/2026:18:23:50 +0000] "GET /viewtopic.php?f=4&t=577 HTTP/1.1" 200 18151 "-" "Mozilla/5.0 (compatible; MJ12bot/v1.4.8; http://mj12bot.com/)"
2001:41d0:303:1eb3::1 - - [31/Mar/2026:18:23:52 +0000] "GET /viewtopic.php?f=4&t=580 HTTP/1.1" 200 21750 "-" "Mozilla/5.0 (compatible; MJ12bot/v1.4.8; http://mj12bot.com/)"
2001:41d0:303:1eb3::1 - - [31/Mar/2026:18:23:54 +0000] "GET /viewtopic.php?f=4&t=597 HTTP/1.1" 200 21118 "-" "Mozilla/5.0 (compatible; MJ12bot/v1.4.8; http://mj12bot.com/)"
2001:41d0:303:1eb3::1 - - [31/Mar/2026:18:23:55 +0000] "GET /viewtopic.php?f=4&t=652 HTTP/1.1" 200 38970 "-" "Mozilla/5.0 (compatible; MJ12bot/v1.4.8; http://mj12bot.com/)"
2001:41d0:303:1eb3::1 - - [31/Mar/2026:18:23:57 +0000] "GET /viewtopic.php?f=4&t=653 HTTP/1.1" 200 27348 "-" "Mozilla/5.0 (compatible; MJ12bot/v1.4.8; http://mj12bot.com/)"
2001:41d0:303:1eb3::1 - - [31/Mar/2026:18:23:59 +0000] "GET /viewtopic.php?f=4&t=668 HTTP/1.1" 200 39560 "-" "Mozilla/5.0 (compatible; MJ12bot/v1.4.8; http://mj12bot.com/)"
2001:41d0:303:1eb3::1 - - [31/Mar/2026:18:24:01 +0000] "GET /viewtopic.php?f=4&t=676 HTTP/1.1" 200 21032 "-" "Mozilla/5.0 (compatible; MJ12bot/v1.4.8; http://mj12bot.com/)"
2001:41d0:303:1eb3::1 - - [31/Mar/2026:18:24:03 +0000] "GET /viewtopic.php?f=4&t=678 HTTP/1.1" 200 29475 "-" "Mozilla/5.0 (compatible; MJ12bot/v1.4.8; http://mj12bot.com/)"
2001:41d0:303:1eb3::1 - - [31/Mar/2026:18:24:04 +0000] "GET /viewtopic.php?f=4&t=686 HTTP/1.1" 200 22190 "-" "Mozilla/5.0 (compatible; MJ12bot/v1.4.8; http://mj12bot.com/)"
2001:41d0:303:1eb3::1 - - [31/Mar/2026:18:24:06 +0000] "GET /viewtopic.php?f=4&t=687 HTTP/1.1" 200 27916 "-" "Mozilla/5.0 (compatible; MJ12bot/v1.4.8; http://mj12bot.com/)"
2001:41d0:303:1eb3::1 - - [31/Mar/2026:18:24:08 +0000] "GET /viewtopic.php?f=4&t=703 HTTP/1.1" 200 19507 "-" "Mozilla/5.0 (compatible; MJ12bot/v1.4.8; http://mj12bot.com/)"
2001:41d0:303:1eb3::1 - - [31/Mar/2026:18:24:09 +0000] "GET /viewtopic.php?f=5&t=133 HTTP/1.1" 200 48417 "-" "Mozilla/5.0 (compatible; MJ12bot/v1.4.8; http://mj12bot.com/)"
2001:41d0:303:1eb3::1 - - [31/Mar/2026:18:24:11 +0000] "GET /viewtopic.php?f=5&t=219 HTTP/1.1" 200 54702 "-" "Mozilla/5.0 (compatible; MJ12bot/v1.4.8; http://mj12bot.com/)"
2001:41d0:303:1eb3::1 - - [31/Mar/2026:18:24:13 +0000] "GET /viewtopic.php?f=5&t=263 HTTP/1.1" 200 45175 "-" "Mozilla/5.0 (compatible; MJ12bot/v1.4.8; http://mj12bot.com/)"
2001:41d0:303:1eb3::1 - - [31/Mar/2026:18:24:15 +0000] "GET /viewtopic.php?f=5&t=265 HTTP/1.1" 200 25279 "-" "Mozilla/5.0 (compatible; MJ12bot/v1.4.8; http://mj12bot.com/)"
2001:41d0:303:1eb3::1 - - [31/Mar/2026:18:24:16 +0000] "GET /viewtopic.php?f=5&t=269 HTTP/1.1" 200 23917 "-" "Mozilla/5.0 (compatible; MJ12bot/v1.4.8; http://mj12bot.com/)"
2001:41d0:303:1eb3::1 - - [31/Mar/2026:18:24:18 +0000] "GET /viewtopic.php?f=5&t=281 HTTP/1.1" 200 31517 "-" "Mozilla/5.0 (compatible; MJ12bot/v1.4.8; http://mj12bot.com/)"
2001:41d0:303:1eb3::1 - - [31/Mar/2026:18:24:20 +0000] "GET /viewtopic.php?f=5&t=329 HTTP/1.1" 200 26596 "-" "Mozilla/5.0 (compatible; MJ12bot/v1.4.8; http://mj12bot.com/)"
2001:41d0:303:1eb3::1 - - [31/Mar/2026:18:24:22 +0000] "GET /viewtopic.php?f=5&t=344 HTTP/1.1" 200 29189 "-" "Mozilla/5.0 (compatible; MJ12bot/v1.4.8; http://mj12bot.com/)"
2001:41d0:303:1eb3::1 - - [31/Mar/2026:18:24:23 +0000] "GET /viewtopic.php?f=5&t=354 HTTP/1.1" 200 19739 "-" "Mozilla/5.0 (compatible; MJ12bot/v1.4.8; http://mj12bot.com/)"
2001:41d0:303:1eb3::1 - - [31/Mar/2026:18:24:25 +0000] "GET /viewtopic.php?f=5&t=355 HTTP/1.1" 200 40828 "-" "Mozilla/5.0 (compatible; MJ12bot/v1.4.8; http://mj12bot.com/)"
2001:41d0:303:1eb3::1 - - [31/Mar/2026:18:24:27 +0000] "GET /viewtopic.php?f=5&t=363 HTTP/1.1" 200 32738 "-" "Mozilla/5.0 (compatible; MJ12bot/v1.4.8; http://mj12bot.com/)"
2001:41d0:303:1eb3::1 - - [31/Mar/2026:18:24:29 +0000] "GET /viewtopic.php?f=5&t=378 HTTP/1.1" 200 22651 "-" "Mozilla/5.0 (compatible; MJ12bot/v1.4.8; http://mj12bot.com/)"
2001:41d0:303:1eb3::1 - - [31/Mar/2026:18:24:31 +0000] "GET /viewtopic.php?f=5&t=42 HTTP/1.1" 200 71393 "-" "Mozilla/5.0 (compatible; MJ12bot/v1.4.8; http://mj12bot.com/)"
51.77.217.11 - - [31/Mar/2026:18:24:32 +0000] "GET /viewtopic.php?f=6&t=418 HTTP/1.1" 200 34100 "-" "Mozilla/5.0 (compatible; MJ12bot/v1.4.8; http://mj12bot.com/)"
2001:41d0:303:1eb3::1 - - [31/Mar/2026:18:24:33 +0000] "GET /viewtopic.php?f=5&t=481 HTTP/1.1" 200 22059 "-" "Mozilla/5.0 (compatible; MJ12bot/v1.4.8; http://mj12bot.com/)"
51.77.217.11 - - [31/Mar/2026:18:24:33 +0000] "GET /viewtopic.php?f=6&t=439 HTTP/1.1" 200 21688 "-" "Mozilla/5.0 (compatible; MJ12bot/v1.4.8; http://mj12bot.com/)"
2001:41d0:303:1eb3::1 - - [31/Mar/2026:18:24:35 +0000] "GET /viewtopic.php?f=5&t=498 HTTP/1.1" 200 23022 "-" "Mozilla/5.0 (compatible; MJ12bot/v1.4.8; http://mj12bot.com/)"
2001:41d0:303:1eb3::1 - - [31/Mar/2026:18:24:37 +0000] "GET /viewtopic.php?f=5&t=532 HTTP/1.1" 200 19656 "-" "Mozilla/5.0 (compatible; MJ12bot/v1.4.8; http://mj12bot.com/)"
51.77.217.11 - - [31/Mar/2026:18:24:37 +0000] "GET /viewtopic.php?f=6&t=470 HTTP/1.1" 200 26345 "-" "Mozilla/5.0 (compatible; MJ12bot/v1.4.8; http://mj12bot.com/)"
2001:41d0:303:1eb3::1 - - [31/Mar/2026:18:24:38 +0000] "GET /viewtopic.php?f=5&t=539 HTTP/1.1" 200 22310 "-" "Mozilla/5.0 (compatible; MJ12bot/v1.4.8; http://mj12bot.com/)"
2001:41d0:303:1eb3::1 - - [31/Mar/2026:18:24:40 +0000] "GET /viewtopic.php?f=5&t=565 HTTP/1.1" 200 29976 "-" "Mozilla/5.0 (compatible; MJ12bot/v1.4.8; http://mj12bot.com/)"
2001:41d0:303:1eb3::1 - - [31/Mar/2026:18:24:42 +0000] "GET /viewtopic.php?f=5&t=575 HTTP/1.1" 200 35960 "-" "Mozilla/5.0 (compatible; MJ12bot/v1.4.8; http://mj12bot.com/)"
2001:41d0:303:1eb3::1 - - [31/Mar/2026:18:24:44 +0000] "GET /viewtopic.php?f=5&t=644 HTTP/1.1" 200 29746 "-" "Mozilla/5.0 (compatible; MJ12bot/v1.4.8; http://mj12bot.com/)"
2001:41d0:303:1eb3::1 - - [31/Mar/2026:18:24:45 +0000] "GET /viewtopic.php?f=5&t=672 HTTP/1.1" 200 33576 "-" "Mozilla/5.0 (compatible; MJ12bot/v1.4.8; http://mj12bot.com/)"
2001:41d0:303:1eb3::1 - - [31/Mar/2026:18:24:47 +0000] "GET /viewtopic.php?f=5&t=677 HTTP/1.1" 200 22072 "-" "Mozilla/5.0 (compatible; MJ12bot/v1.4.8; http://mj12bot.com/)"
2001:41d0:303:1eb3::1 - - [31/Mar/2026:18:24:49 +0000] "GET /viewtopic.php?f=5&t=690 HTTP/1.1" 200 27759 "-" "Mozilla/5.0 (compatible; MJ12bot/v1.4.8; http://mj12bot.com/)"
2001:41d0:303:1eb3::1 - - [31/Mar/2026:18:24:51 +0000] "GET /viewtopic.php?f=5&t=695 HTTP/1.1" 200 19437 "-" "Mozilla/5.0 (compatible; MJ12bot/v1.4.8; http://mj12bot.com/)"
2001:41d0:303:1eb3::1 - - [31/Mar/2026:18:24:52 +0000] "GET /viewtopic.php?f=5&t=712 HTTP/1.1" 200 25305 "-" "Mozilla/5.0 (compatible; MJ12bot/v1.4.8; http://mj12bot.com/)"
2001:41d0:303:1eb3::1 - - [31/Mar/2026:18:24:54 +0000] "GET /viewtopic.php?f=6&t=145 HTTP/1.1" 200 21941 "-" "Mozilla/5.0 (compatible; MJ12bot/v1.4.8; http://mj12bot.com/)"
2001:41d0:303:1eb3::1 - - [31/Mar/2026:18:24:56 +0000] "GET /viewtopic.php?f=6&t=159 HTTP/1.1" 200 28522 "-" "Mozilla/5.0 (compatible; MJ12bot/v1.4.8; http://mj12bot.com/)"
2001:41d0:303:1eb3::1 - - [31/Mar/2026:18:24:58 +0000] "GET /viewtopic.php?f=6&t=169 HTTP/1.1" 200 27135 "-" "Mozilla/5.0 (compatible; MJ12bot/v1.4.8; http://mj12bot.com/)"
91.246.51.48 - - [31/Mar/2026:18:24:59 +0000] "GET /index.php HTTP/1.1" 200 11316 "https://electricalforum.nz/index.php" "Mozilla/5.0 (Windows NT 10.0; Win64; x64) AppleWebKit/537.36 (KHTML, like Gecko) Chrome/129.0.0.0 Safari/537.36"
2001:41d0:303:1eb3::1 - - [31/Mar/2026:18:24:59 +0000] "GET /viewtopic.php?f=6&t=220 HTTP/1.1" 200 36235 "-" "Mozilla/5.0 (compatible; MJ12bot/v1.4.8; http://mj12bot.com/)"
91.246.51.48 - - [31/Mar/2026:18:25:00 +0000] "GET /rules?sid=49cc882a8508fef96e8d0c78c9d566ac HTTP/1.1" 200 16098 "https://electricalforum.nz/rules?sid=49cc882a8508fef96e8d0c78c9d566ac" "Mozilla/5.0 (Windows NT 10.0; Win64; x64) AppleWebKit/537.36 (KHTML, like Gecko) Chrome/129.0.0.0 Safari/537.36"
103.194.112.129 - - [31/Mar/2026:18:25:00 +0000] "GET / HTTP/1.1" 200 11316 "https://electricalforum.nz/" "Mozilla/5.0 (Linux; Android 8.0.0; SM-J330G) AppleWebKit/537.36 (KHTML, like Gecko) Chrome/114.0.0.0 Mobile Safari/537.36 EdgA/114.0.1823.74"
91.246.51.48 - - [31/Mar/2026:18:25:00 +0000] "GET /index.php HTTP/1.1" 200 10504 "https://electricalforum.nz/index.php" "Mozilla/5.0 (Windows NT 10.0; Win64; x64) AppleWebKit/537.36 (KHTML, like Gecko) Chrome/129.0.0.0 Safari/537.36"
103.194.112.129 - - [31/Mar/2026:18:25:00 +0000] "GET /posting.php?f=4&mode=quote&p=3143 HTTP/1.1" 200 10229 "https://www.electricalforum.nz/" "Mozilla/5.0 (Linux; Android 8.0.0; SM-J330G) AppleWebKit/537.36 (KHTML, like Gecko) Chrome/114.0.0.0 Mobile Safari/537.36 EdgA/114.0.1823.74"
2001:41d0:303:1eb3::1 - - [31/Mar/2026:18:25:01 +0000] "GET /viewtopic.php?f=6&t=235 HTTP/1.1" 200 25550 "-" "Mozilla/5.0 (compatible; MJ12bot/v1.4.8; http://mj12bot.com/)"
2001:41d0:303:1eb3::1 - - [31/Mar/2026:18:25:03 +0000] "GET /viewtopic.php?f=6&t=243 HTTP/1.1" 200 24487 "-" "Mozilla/5.0 (compatible; MJ12bot/v1.4.8; http://mj12bot.com/)"
142.252.209.241 - - [31/Mar/2026:18:25:04 +0000] "GET /cron/cron.task.core.tidy_cache HTTP/1.1" 200 43 "https://electricalforum.nz/posting.php?f=4&mode=quote&p=3143" "Mozilla/5.0 (Linux; Android 6.0; Nexus 5 Build/MRA58N) AppleWebKit/537.36 (KHTML, like Gecko) Chrome/46.0.8132.1881 Mobile Safari/537.36"
2001:41d0:303:1eb3::1 - - [31/Mar/2026:18:25:05 +0000] "GET /viewtopic.php?f=6&t=365 HTTP/1.1" 200 29902 "-" "Mozilla/5.0 (compatible; MJ12bot/v1.4.8; http://mj12bot.com/)"
2001:41d0:303:1eb3::1 - - [31/Mar/2026:18:25:07 +0000] "GET /viewtopic.php?f=6&t=384 HTTP/1.1" 200 26001 "-" "Mozilla/5.0 (compatible; MJ12bot/v1.4.8; http://mj12bot.com/)"
2001:41d0:303:1eb3::1 - - [31/Mar/2026:18:25:08 +0000] "GET /viewtopic.php?f=6&t=39 HTTP/1.1" 200 40872 "-" "Mozilla/5.0 (compatible; MJ12bot/v1.4.8; http://mj12bot.com/)"
51.77.217.11 - - [31/Mar/2026:18:25:22 +0000] "GET /viewtopic.php?f=6&t=471 HTTP/1.1" 200 24026 "-" "Mozilla/5.0 (compatible; MJ12bot/v1.4.8; http://mj12bot.com/)"
51.77.217.11 - - [31/Mar/2026:18:25:36 +0000] "GET /viewtopic.php?f=6&t=53 HTTP/1.1" 200 18169 "-" "Mozilla/5.0 (compatible; MJ12bot/v1.4.8; http://mj12bot.com/)"
51.77.217.11 - - [31/Mar/2026:18:25:38 +0000] "GET /viewtopic.php?f=6&t=541 HTTP/1.1" 200 18893 "-" "Mozilla/5.0 (compatible; MJ12bot/v1.4.8; http://mj12bot.com/)"
51.77.217.11 - - [31/Mar/2026:18:25:40 +0000] "GET /viewtopic.php?f=6&t=605 HTTP/1.1" 200 42350 "-" "Mozilla/5.0 (compatible; MJ12bot/v1.4.8; http://mj12bot.com/)"
51.77.217.11 - - [31/Mar/2026:18:25:43 +0000] "GET /viewtopic.php?f=6&t=621 HTTP/1.1" 200 18374 "-" "Mozilla/5.0 (compatible; MJ12bot/v1.4.8; http://mj12bot.com/)"
51.77.217.11 - - [31/Mar/2026:18:25:46 +0000] "GET /viewtopic.php?f=8&t=587 HTTP/1.1" 200 18830 "-" "Mozilla/5.0 (compatible; MJ12bot/v1.4.8; http://mj12bot.com/)"
51.77.217.11 - - [31/Mar/2026:18:25:48 +0000] "GET /viewtopic.php?f=8&t=606 HTTP/1.1" 200 34992 "-" "Mozilla/5.0 (compatible; MJ12bot/v1.4.8; http://mj12bot.com/)"
51.77.217.11 - - [31/Mar/2026:18:25:58 +0000] "GET /viewtopic.php?f=8&t=614 HTTP/1.1" 200 28432 "-" "Mozilla/5.0 (compatible; MJ12bot/v1.4.8; http://mj12bot.com/)"
51.77.217.11 - - [31/Mar/2026:18:26:01 +0000] "GET /viewtopic.php?f=8&t=628 HTTP/1.1" 200 24124 "-" "Mozilla/5.0 (compatible; MJ12bot/v1.4.8; http://mj12bot.com/)"
51.77.217.11 - - [31/Mar/2026:18:26:02 +0000] "GET /viewtopic.php?f=8&t=639 HTTP/1.1" 200 21505 "-" "Mozilla/5.0 (compatible; MJ12bot/v1.4.8; http://mj12bot.com/)"
51.77.217.11 - - [31/Mar/2026:18:26:04 +0000] "GET /viewtopic.php?p=3266 HTTP/1.1" 200 67497 "-" "Mozilla/5.0 (compatible; MJ12bot/v1.4.8; http://mj12bot.com/)"
51.77.217.11 - - [31/Mar/2026:18:26:07 +0000] "GET /viewtopic.php?p=3268 HTTP/1.1" 200 67497 "-" "Mozilla/5.0 (compatible; MJ12bot/v1.4.8; http://mj12bot.com/)"
51.77.217.11 - - [31/Mar/2026:18:26:11 +0000] "GET /viewtopic.php?p=3270 HTTP/1.1" 200 38731 "-" "Mozilla/5.0 (compatible; MJ12bot/v1.4.8; http://mj12bot.com/)"
43.153.73.200 - - [31/Mar/2026:18:26:17 +0000] "GET /ucp.php?mode=terms&sid=35400b140372ad5e5d262ffb4388fb13 HTTP/1.1" 200 11596 "-" "Mozilla/5.0 (iPhone; CPU iPhone OS 13_2_3 like Mac OS X) AppleWebKit/605.1.15 (KHTML, like Gecko) Version/13.0.3 Mobile/15E148 Safari/604.1"
51.77.217.11 - - [31/Mar/2026:18:26:31 +0000] "GET /viewtopic.php?p=3272 HTTP/1.1" 200 67497 "-" "Mozilla/5.0 (compatible; MJ12bot/v1.4.8; http://mj12bot.com/)"
51.77.217.11 - - [31/Mar/2026:18:26:34 +0000] "GET /viewtopic.php?p=3276 HTTP/1.1" 200 67497 "-" "Mozilla/5.0 (compatible; MJ12bot/v1.4.8; http://mj12bot.com/)"
51.77.217.11 - - [31/Mar/2026:18:26:37 +0000] "GET /viewtopic.php?p=3278 HTTP/1.1" 200 38731 "-" "Mozilla/5.0 (compatible; MJ12bot/v1.4.8; http://mj12bot.com/)"
51.77.217.11 - - [31/Mar/2026:18:26:57 +0000] "GET /viewtopic.php?p=3330 HTTP/1.1" 200 55459 "-" "Mozilla/5.0 (compatible; MJ12bot/v1.4.8; http://mj12bot.com/)"
51.77.217.11 - - [31/Mar/2026:18:26:59 +0000] "GET /viewtopic.php?p=3331 HTTP/1.1" 200 55459 "-" "Mozilla/5.0 (compatible; MJ12bot/v1.4.8; http://mj12bot.com/)"
51.77.217.11 - - [31/Mar/2026:18:27:00 +0000] "GET /viewtopic.php?p=3351 HTTP/1.1" 200 55459 "-" "Mozilla/5.0 (compatible; MJ12bot/v1.4.8; http://mj12bot.com/)"
51.77.217.11 - - [31/Mar/2026:18:27:04 +0000] "GET /viewtopic.php?p=3361 HTTP/1.1" 200 21499 "-" "Mozilla/5.0 (compatible; MJ12bot/v1.4.8; http://mj12bot.com/)"
51.77.217.11 - - [31/Mar/2026:18:27:05 +0000] "GET /viewtopic.php?p=3368 HTTP/1.1" 200 20672 "-" "Mozilla/5.0 (compatible; MJ12bot/v1.4.8; http://mj12bot.com/)"
66.249.66.77 - - [31/Mar/2026:18:27:07 +0000] "GET /viewtopic.php?t=379 HTTP/1.1" 200 43345 "-" "Mozilla/5.0 (Linux; Android 6.0.1; Nexus 5X Build/MMB29P) AppleWebKit/537.36 (KHTML, like Gecko) Chrome/146.0.7680.164 Mobile Safari/537.36 (compatible; Googlebot/2.1; +http://www.google.com/bot.html)"
51.77.217.11 - - [31/Mar/2026:18:27:07 +0000] "GET /viewtopic.php?p=3373 HTTP/1.1" 200 20672 "-" "Mozilla/5.0 (compatible; MJ12bot/v1.4.8; http://mj12bot.com/)"
51.77.217.11 - - [31/Mar/2026:18:27:09 +0000] "GET /viewtopic.php?p=3395 HTTP/1.1" 200 35613 "-" "Mozilla/5.0 (compatible; MJ12bot/v1.4.8; http://mj12bot.com/)"
51.77.217.11 - - [31/Mar/2026:18:27:11 +0000] "GET /viewtopic.php?p=3397 HTTP/1.1" 200 35613 "-" "Mozilla/5.0 (compatible; MJ12bot/v1.4.8; http://mj12bot.com/)"
51.77.217.11 - - [31/Mar/2026:18:27:13 +0000] "GET /viewtopic.php?p=3398 HTTP/1.1" 200 35613 "-" "Mozilla/5.0 (compatible; MJ12bot/v1.4.8; http://mj12bot.com/)"
51.77.217.11 - - [31/Mar/2026:18:27:14 +0000] "GET /viewtopic.php?p=3399 HTTP/1.1" 200 35613 "-" "Mozilla/5.0 (compatible; MJ12bot/v1.4.8; http://mj12bot.com/)"
51.77.217.11 - - [31/Mar/2026:18:27:18 +0000] "GET /viewtopic.php?p=3401 HTTP/1.1" 200 35613 "-" "Mozilla/5.0 (compatible; MJ12bot/v1.4.8; http://mj12bot.com/)"
51.77.217.11 - - [31/Mar/2026:18:27:20 +0000] "GET /viewtopic.php?p=3416 HTTP/1.1" 200 19507 "-" "Mozilla/5.0 (compatible; MJ12bot/v1.4.8; http://mj12bot.com/)"
51.77.217.11 - - [31/Mar/2026:18:27:23 +0000] "GET /viewtopic.php?p=3418 HTTP/1.1" 200 32510 "-" "Mozilla/5.0 (compatible; MJ12bot/v1.4.8; http://mj12bot.com/)"
23.98.142.177 - - [31/Mar/2026:18:27:24 +0000] "GET /viewtopic.php?t=647 HTTP/1.1" 200 10802 "-" "Mozilla/5.0 AppleWebKit/537.36 (KHTML, like Gecko); compatible; ChatGPT-User/1.0; +https://openai.com/bot"
51.77.217.11 - - [31/Mar/2026:18:27:26 +0000] "GET /viewtopic.php?p=3422 HTTP/1.1" 200 32510 "-" "Mozilla/5.0 (compatible; MJ12bot/v1.4.8; http://mj12bot.com/)"
51.77.217.11 - - [31/Mar/2026:18:27:28 +0000] "GET /viewtopic.php?p=3423 HTTP/1.1" 200 32510 "-" "Mozilla/5.0 (compatible; MJ12bot/v1.4.8; http://mj12bot.com/)"
51.77.217.11 - - [31/Mar/2026:18:27:31 +0000] "GET /viewtopic.php?p=3425 HTTP/1.1" 200 19459 "-" "Mozilla/5.0 (compatible; MJ12bot/v1.4.8; http://mj12bot.com/)"
51.77.217.11 - - [31/Mar/2026:18:27:33 +0000] "GET /viewtopic.php?p=3426 HTTP/1.1" 200 19459 "-" "Mozilla/5.0 (compatible; MJ12bot/v1.4.8; http://mj12bot.com/)"
51.77.217.11 - - [31/Mar/2026:18:27:34 +0000] "GET /viewtopic.php?p=3427 HTTP/1.1" 200 28583 "-" "Mozilla/5.0 (compatible; MJ12bot/v1.4.8; http://mj12bot.com/)"
51.77.217.11 - - [31/Mar/2026:18:27:36 +0000] "GET /viewtopic.php?p=3428 HTTP/1.1" 200 28583 "-" "Mozilla/5.0 (compatible; MJ12bot/v1.4.8; http://mj12bot.com/)"
51.77.217.11 - - [31/Mar/2026:18:27:38 +0000] "GET /viewtopic.php?p=3429 HTTP/1.1" 200 28583 "-" "Mozilla/5.0 (compatible; MJ12bot/v1.4.8; http://mj12bot.com/)"
51.77.217.11 - - [31/Mar/2026:18:27:39 +0000] "GET /viewtopic.php?p=3430 HTTP/1.1" 200 28583 "-" "Mozilla/5.0 (compatible; MJ12bot/v1.4.8; http://mj12bot.com/)"
51.77.217.11 - - [31/Mar/2026:18:27:41 +0000] "GET /viewtopic.php?p=3431 HTTP/1.1" 200 28583 "-" "Mozilla/5.0 (compatible; MJ12bot/v1.4.8; http://mj12bot.com/)"
51.77.217.11 - - [31/Mar/2026:18:27:43 +0000] "GET /viewtopic.php?p=3432 HTTP/1.1" 200 28583 "-" "Mozilla/5.0 (compatible; MJ12bot/v1.4.8; http://mj12bot.com/)"
51.77.217.11 - - [31/Mar/2026:18:27:45 +0000] "GET /viewtopic.php?p=3434 HTTP/1.1" 200 20777 "-" "Mozilla/5.0 (compatible; MJ12bot/v1.4.8; http://mj12bot.com/)"
51.77.217.11 - - [31/Mar/2026:18:27:46 +0000] "GET /viewtopic.php?p=3435 HTTP/1.1" 200 20777 "-" "Mozilla/5.0 (compatible; MJ12bot/v1.4.8; http://mj12bot.com/)"
194.180.232.131 - - [31/Mar/2026:18:27:48 +0000] "GET /index.php HTTP/1.1" 200 11203 "https://electricalforum.nz/index.php" "Mozilla/5.0 (Windows NT 10.0; Win64; x64) AppleWebKit/537.36 (KHTML, like Gecko) Chrome/129.0.0.0 Safari/537.36"
51.77.217.11 - - [31/Mar/2026:18:27:48 +0000] "GET /viewtopic.php?p=3436 HTTP/1.1" 200 32510 "-" "Mozilla/5.0 (compatible; MJ12bot/v1.4.8; http://mj12bot.com/)"
51.77.217.11 - - [31/Mar/2026:18:27:50 +0000] "GET /viewtopic.php?p=3437 HTTP/1.1" 200 23706 "-" "Mozilla/5.0 (compatible; MJ12bot/v1.4.8; http://mj12bot.com/)"
194.180.232.131 - - [31/Mar/2026:18:27:50 +0000] "GET /rules?sid=5c9a2920cc1617d864b370fbfe395980 HTTP/1.1" 200 16021 "https://electricalforum.nz/rules?sid=5c9a2920cc1617d864b370fbfe395980" "Mozilla/5.0 (Windows NT 10.0; Win64; x64) AppleWebKit/537.36 (KHTML, like Gecko) Chrome/129.0.0.0 Safari/537.36"
51.77.217.11 - - [31/Mar/2026:18:27:52 +0000] "GET /viewtopic.php?p=3438 HTTP/1.1" 200 23706 "-" "Mozilla/5.0 (compatible; MJ12bot/v1.4.8; http://mj12bot.com/)"
194.180.232.131 - - [31/Mar/2026:18:27:52 +0000] "GET /index.php HTTP/1.1" 200 10428 "https://electricalforum.nz/index.php" "Mozilla/5.0 (Windows NT 10.0; Win64; x64) AppleWebKit/537.36 (KHTML, like Gecko) Chrome/129.0.0.0 Safari/537.36"
51.77.217.11 - - [31/Mar/2026:18:27:54 +0000] "GET /viewtopic.php?p=3439 HTTP/1.1" 200 23706 "-" "Mozilla/5.0 (compatible; MJ12bot/v1.4.8; http://mj12bot.com/)"
51.77.217.11 - - [31/Mar/2026:18:27:55 +0000] "GET /viewtopic.php?p=3440 HTTP/1.1" 200 32510 "-" "Mozilla/5.0 (compatible; MJ12bot/v1.4.8; http://mj12bot.com/)"
51.77.217.11 - - [31/Mar/2026:18:27:57 +0000] "GET /viewtopic.php?p=3441 HTTP/1.1" 200 23706 "-" "Mozilla/5.0 (compatible; MJ12bot/v1.4.8; http://mj12bot.com/)"
51.77.217.11 - - [31/Mar/2026:18:28:02 +0000] "GET /viewtopic.php?p=3444 HTTP/1.1" 200 20173 "-" "Mozilla/5.0 (compatible; MJ12bot/v1.4.8; http://mj12bot.com/)"
23.98.142.187 - - [31/Mar/2026:18:28:03 +0000] "GET /viewtopic.php?t=475 HTTP/1.1" 200 10802 "-" "Mozilla/5.0 AppleWebKit/537.36 (KHTML, like Gecko); compatible; ChatGPT-User/1.0; +https://openai.com/bot"
51.77.217.11 - - [31/Mar/2026:18:28:04 +0000] "GET /viewtopic.php?p=3445 HTTP/1.1" 200 30044 "-" "Mozilla/5.0 (compatible; MJ12bot/v1.4.8; http://mj12bot.com/)"
51.77.217.11 - - [31/Mar/2026:18:28:05 +0000] "GET /viewtopic.php?p=3446 HTTP/1.1" 200 30044 "-" "Mozilla/5.0 (compatible; MJ12bot/v1.4.8; http://mj12bot.com/)"
51.77.217.11 - - [31/Mar/2026:18:28:07 +0000] "GET /viewtopic.php?p=3447 HTTP/1.1" 200 30044 "-" "Mozilla/5.0 (compatible; MJ12bot/v1.4.8; http://mj12bot.com/)"
51.77.217.11 - - [31/Mar/2026:18:28:11 +0000] "GET /viewtopic.php?p=3449 HTTP/1.1" 200 25305 "-" "Mozilla/5.0 (compatible; MJ12bot/v1.4.8; http://mj12bot.com/)"
51.77.217.11 - - [31/Mar/2026:18:28:14 +0000] "GET /viewtopic.php?p=3451 HTTP/1.1" 200 25305 "-" "Mozilla/5.0 (compatible; MJ12bot/v1.4.8; http://mj12bot.com/)"
51.77.217.11 - - [31/Mar/2026:18:28:17 +0000] "GET /viewtopic.php?p=40 HTTP/1.1" 200 46656 "-" "Mozilla/5.0 (compatible; MJ12bot/v1.4.8; http://mj12bot.com/)"
51.77.217.11 - - [31/Mar/2026:18:28:19 +0000] "GET /viewtopic.php?p=41 HTTP/1.1" 200 46656 "-" "Mozilla/5.0 (compatible; MJ12bot/v1.4.8; http://mj12bot.com/)"
51.77.217.11 - - [31/Mar/2026:18:28:21 +0000] "GET /viewtopic.php?p=412 HTTP/1.1" 200 46656 "-" "Mozilla/5.0 (compatible; MJ12bot/v1.4.8; http://mj12bot.com/)"
51.77.217.11 - - [31/Mar/2026:18:28:24 +0000] "GET /viewtopic.php?p=449 HTTP/1.1" 200 23919 "-" "Mozilla/5.0 (compatible; MJ12bot/v1.4.8; http://mj12bot.com/)"
51.77.217.11 - - [31/Mar/2026:18:28:38 +0000] "GET /viewtopic.php?p=498 HTTP/1.1" 200 37141 "-" "Mozilla/5.0 (compatible; MJ12bot/v1.4.8; http://mj12bot.com/)"
51.77.217.11 - - [31/Mar/2026:18:28:40 +0000] "GET /viewtopic.php?p=499 HTTP/1.1" 200 37141 "-" "Mozilla/5.0 (compatible; MJ12bot/v1.4.8; http://mj12bot.com/)"
51.77.217.11 - - [31/Mar/2026:18:28:42 +0000] "GET /viewtopic.php?p=500 HTTP/1.1" 200 37141 "-" "Mozilla/5.0 (compatible; MJ12bot/v1.4.8; http://mj12bot.com/)"
51.77.217.11 - - [31/Mar/2026:18:28:44 +0000] "GET /viewtopic.php?p=502 HTTP/1.1" 200 37141 "-" "Mozilla/5.0 (compatible; MJ12bot/v1.4.8; http://mj12bot.com/)"
51.77.217.11 - - [31/Mar/2026:18:28:46 +0000] "GET /viewtopic.php?p=531 HTTP/1.1" 200 23919 "-" "Mozilla/5.0 (compatible; MJ12bot/v1.4.8; http://mj12bot.com/)"
51.77.217.11 - - [31/Mar/2026:18:28:47 +0000] "GET /viewtopic.php?p=55 HTTP/1.1" 200 46656 "-" "Mozilla/5.0 (compatible; MJ12bot/v1.4.8; http://mj12bot.com/)"
51.77.217.11 - - [31/Mar/2026:18:28:49 +0000] "GET /viewtopic.php?p=594 HTTP/1.1" 200 37141 "-" "Mozilla/5.0 (compatible; MJ12bot/v1.4.8; http://mj12bot.com/)"
51.77.217.11 - - [31/Mar/2026:18:28:51 +0000] "GET /viewtopic.php?f=6&t=461 HTTP/1.1" 200 49018 "-" "Mozilla/5.0 (compatible; MJ12bot/v1.4.8; http://mj12bot.com/)"
51.77.217.11 - - [31/Mar/2026:18:28:55 +0000] "GET /viewtopic.php?f=6&t=511 HTTP/1.1" 200 22383 "-" "Mozilla/5.0 (compatible; MJ12bot/v1.4.8; http://mj12bot.com/)"
142.147.236.83 - - [31/Mar/2026:18:29:01 +0000] "GET /search.php?author_id=67&sid=b6b35a356da636ca53e8dfc35ebda7a9&sr=posts HTTP/1.1" 200 8785 "https://www.electricalforum.nz/" "Mozilla/5.0 (X11; Linux x86_64) AppleWebKit/537.36 (KHTML, like Gecko) Chrome/124.0.0.0 Safari/537.36"
207.46.13.141 - - [31/Mar/2026:18:29:58 +0000] "GET /viewtopic.php?t=121&p=504 HTTP/1.1" 200 34269 "-" "Mozilla/5.0 AppleWebKit/537.36 (KHTML, like Gecko; compatible; bingbot/2.0; +http://www.bing.com/bingbot.htm) Chrome/116.0.1938.76 Safari/537.36"
66.249.66.169 - - [31/Mar/2026:18:30:50 +0000] "GET /viewtopic.php?t=558 HTTP/1.1" 200 23277 "-" "Mozilla/5.0 (Linux; Android 6.0.1; Nexus 5X Build/MMB29P) AppleWebKit/537.36 (KHTML, like Gecko) Chrome/146.0.7680.164 Mobile Safari/537.36 (compatible; Googlebot/2.1; +http://www.google.com/bot.html)"
103.194.112.186 - - [31/Mar/2026:18:31:03 +0000] "GET /viewtopic.php?t=594 HTTP/1.1" 200 10802 "https://electricalforum.nz/" "Mozilla/5.0 (Macintosh; Intel Mac OS X 14_8; rv:130.0) Gecko/20100101 Firefox/130.0"
216.244.66.236 - - [31/Mar/2026:18:31:03 +0000] "GET /robots.txt HTTP/1.1" 404 9317 "-" "Mozilla/5.0 (compatible; DotBot/1.2; +https://opensiteexplorer.org/dotbot; help@moz.com)"
2a09:bac3:4e21:1cd::2e:6e - - [31/Mar/2026:18:31:17 +0000] "GET / HTTP/1.1" 200 10428 "-" "Mozilla/5.0 (iPhone; CPU iPhone OS 18_7 like Mac OS X) AppleWebKit/605.1.15 (KHTML, like Gecko) Version/26.3 Mobile/15E148 Safari/604.1"
23.98.142.176 - - [31/Mar/2026:18:32:49 +0000] "GET /viewtopic.php?t=643 HTTP/1.1" 200 10802 "-" "Mozilla/5.0 AppleWebKit/537.36 (KHTML, like Gecko); compatible; ChatGPT-User/1.0; +https://openai.com/bot"
178.20.212.113 - - [31/Mar/2026:18:32:50 +0000] "GET /index.php HTTP/1.1" 200 11203 "https://electricalforum.nz/index.php" "Mozilla/5.0 (Windows NT 10.0; Win64; x64) AppleWebKit/537.36 (KHTML, like Gecko) Chrome/130.0.0.0 Safari/537.36"
52.167.144.204 - - [31/Mar/2026:18:32:51 +0000] "GET /viewtopic.php?t=643 HTTP/1.1" 200 42952 "-" "Mozilla/5.0 AppleWebKit/537.36 (KHTML, like Gecko; compatible; bingbot/2.0; +http://www.bing.com/bingbot.htm) Chrome/116.0.1938.76 Safari/537.36"
178.20.212.113 - - [31/Mar/2026:18:32:51 +0000] "GET /rules?sid=75427bfc3d134b91e580e5358e8f224f HTTP/1.1" 200 16021 "https://electricalforum.nz/rules?sid=75427bfc3d134b91e580e5358e8f224f" "Mozilla/5.0 (Windows NT 10.0; Win64; x64) AppleWebKit/537.36 (KHTML, like Gecko) Chrome/130.0.0.0 Safari/537.36"
178.20.212.113 - - [31/Mar/2026:18:32:53 +0000] "GET /index.php HTTP/1.1" 200 10428 "https://electricalforum.nz/index.php" "Mozilla/5.0 (Windows NT 10.0; Win64; x64) AppleWebKit/537.36 (KHTML, like Gecko) Chrome/130.0.0.0 Safari/537.36"
14.248.238.118 - - [31/Mar/2026:18:32:53 +0000] "GET /viewtopic.php?f=4&t=577&sid=fa2c395b5927da272111af26528b5d86 HTTP/1.1" 200 10826 "-" "Mozilla/5.0 (Windows NT 10.0; Win64; x64) AppleWebKit/537.36 (KHTML, like Gecko) Chrome/107.0.0.0 Safari/537.36"
170.247.52.136 - - [31/Mar/2026:18:33:01 +0000] "GET /viewtopic.php?f=27&sid=8069ba9fb8890ead0d37f2fa874629bf&t=182 HTTP/1.1" 200 10829 "https://www.google.nz/" "Mozilla/5.0 (X11; Linux x86_64) AppleWebKit/537.36 (KHTML, like Gecko) Chrome/122.0.0.0 Safari/537.36 Edg/122.0.2365.99"
176.39.84.127 - - [31/Mar/2026:18:33:33 +0000] "GET /viewtopic.php?t=10 HTTP/1.1" 200 10799 "-" "Mozilla/5.0 (Macintosh; Intel Mac OS X 10_13_5) AppleWebKit/537.36 (KHTML, like Gecko) Chrome/69.0.3497.100 Safari/537.36"
103.194.112.23 - - [31/Mar/2026:18:33:36 +0000] "GET /viewtopic.php?t=594 HTTP/1.1" 200 10802 "https://electricalforum.nz/" "Mozilla/5.0 (Windows NT 6.3; rv:134.998.671) Gecko/20100101 Firefox/134.998.671"
194.180.236.70 - - [31/Mar/2026:18:33:54 +0000] "GET /index.php HTTP/1.1" 200 11204 "https://electricalforum.nz/index.php" "Mozilla/5.0 (Windows NT 10.0; Win64; x64) AppleWebKit/537.36 (KHTML, like Gecko) Chrome/130.0.0.0 Safari/537.36"
194.180.236.70 - - [31/Mar/2026:18:33:55 +0000] "GET /rules?sid=321b3269c8ea7d2d5205d755fc3a4fce HTTP/1.1" 200 16021 "https://electricalforum.nz/rules?sid=321b3269c8ea7d2d5205d755fc3a4fce" "Mozilla/5.0 (Windows NT 10.0; Win64; x64) AppleWebKit/537.36 (KHTML, like Gecko) Chrome/130.0.0.0 Safari/537.36"
194.180.236.70 - - [31/Mar/2026:18:33:56 +0000] "GET /index.php HTTP/1.1" 200 10429 "https://electricalforum.nz/index.php" "Mozilla/5.0 (Windows NT 10.0; Win64; x64) AppleWebKit/537.36 (KHTML, like Gecko) Chrome/130.0.0.0 Safari/537.36"
66.249.66.76 - - [31/Mar/2026:18:34:33 +0000] "GET /viewtopic.php?t=212 HTTP/1.1" 200 30160 "-" "Mozilla/5.0 (Linux; Android 6.0.1; Nexus 5X Build/MMB29P) AppleWebKit/537.36 (KHTML, like Gecko) Chrome/146.0.7680.164 Mobile Safari/537.36 (compatible; Googlebot/2.1; +http://www.google.com/bot.html)"
52.167.144.204 - - [31/Mar/2026:18:36:01 +0000] "GET /viewtopic.php?t=530 HTTP/1.1" 200 40823 "-" "Mozilla/5.0 AppleWebKit/537.36 (KHTML, like Gecko; compatible; bingbot/2.0; +http://www.bing.com/bingbot.htm) Chrome/116.0.1938.76 Safari/537.36"
122.57.105.174 - - [31/Mar/2026:18:36:42 +0000] "GET /viewtopic.php?t=663 HTTP/1.1" 200 10802 "https://www.google.com/" "Mozilla/5.0 (Windows NT 10.0; Win64; x64) AppleWebKit/537.36 (KHTML, like Gecko) Chrome/145.0.0.0 Safari/537.36 Edg/145.0.0.0"
144.31.35.102 - - [31/Mar/2026:18:36:42 +0000] "GET /feed/topic/69?sid=ad5b820901ec68e6c2635192a1e85069 HTTP/1.1" 403 9485 "-" "Mozilla/5.0 (Macintosh; Intel Mac OS X 10_15_7) AppleWebKit/537.36 (KHTML, like Gecko) Chrome/135.0.0.0 Safari/537.36"
207.180.11.28 - - [31/Mar/2026:18:36:44 +0000] "GET /feed/topic/69?sid=ad5b820901ec68e6c2635192a1e85069 HTTP/1.1" 403 9485 "-" "Mozilla/5.0 (Macintosh; Intel Mac OS X 10_15_7) AppleWebKit/537.36 (KHTML, like Gecko) Chrome/135.0.0.0 Safari/537.36"
207.180.11.39 - - [31/Mar/2026:18:36:45 +0000] "GET /feed/topic/69?sid=ad5b820901ec68e6c2635192a1e85069 HTTP/1.1" 403 9485 "-" "Mozilla/5.0 (Macintosh; Intel Mac OS X 10_15_7) AppleWebKit/537.36 (KHTML, like Gecko) Chrome/135.0.0.0 Safari/537.36"
17.246.23.204 - - [31/Mar/2026:18:37:07 +0000] "GET /ucp.php?mode=terms&sid=705e1af9f38687436f2f296e5c263e3d HTTP/1.1" 200 11596 "-" "Mozilla/5.0 (Macintosh; Intel Mac OS X 10_15_7) AppleWebKit/605.1.15 (KHTML, like Gecko) Version/17.4 Safari/605.1.15 (Applebot/0.1; +http://www.apple.com/go/applebot)"
49.224.198.214 - - [31/Mar/2026:18:37:13 +0000] "GET / HTTP/1.1" 200 11204 "-" "Mozilla/5.0 (Windows NT 10.0; Win64; x64; rv:124.0) Gecko/20100101 Firefox/124.0"
49.224.198.214 - - [31/Mar/2026:18:37:17 +0000] "GET /viewtopic.php?f=25&sid=c1116fcb87da93fe80eecedda5eb6578&t=65 HTTP/1.1" 200 10132 "https://www.electricalforum.nz/" "Mozilla/5.0 (Windows NT 10.0; Win64; x64; rv:124.0) Gecko/20100101 Firefox/124.0"
141.98.11.44 - - [31/Mar/2026:18:37:18 +0000] "GET /adm/images/State.php HTTP/1.1" 403 4170 "-" "Mozilla/5.0 (Windows NT 10.0; Win64; x64) AppleWebKit/537.36"
43.166.242.189 - - [31/Mar/2026:18:37:40 +0000] "GET /rules?sid=35400b140372ad5e5d262ffb4388fb13 HTTP/1.1" 200 16633 "-" "Mozilla/5.0 (iPhone; CPU iPhone OS 13_2_3 like Mac OS X) AppleWebKit/605.1.15 (KHTML, like Gecko) Version/13.0.3 Mobile/15E148 Safari/604.1"
66.249.66.14 - - [31/Mar/2026:18:38:15 +0000] "GET /viewtopic.php?p=2573 HTTP/1.1" 200 28989 "-" "Mozilla/5.0 (Linux; Android 6.0.1; Nexus 5X Build/MMB29P) AppleWebKit/537.36 (KHTML, like Gecko) Chrome/146.0.7680.164 Mobile Safari/537.36 (compatible; Googlebot/2.1; +http://www.google.com/bot.html)"
23.98.142.176 - - [31/Mar/2026:18:39:07 +0000] "GET /viewtopic.php?t=116 HTTP/1.1" 200 10802 "-" "Mozilla/5.0 AppleWebKit/537.36 (KHTML, like Gecko); compatible; ChatGPT-User/1.0; +https://openai.com/bot"
103.194.112.17 - - [31/Mar/2026:18:40:01 +0000] "GET /viewtopic.php?t=415 HTTP/1.1" 200 10802 "https://electricalforum.nz/" "Mozilla/5.0 (X11; Ubuntu; Linux i686; rv:142.0) Gecko/20100101 Firefox/142.0"
101.98.240.162 - - [31/Mar/2026:18:40:02 +0000] "GET /?fbclid=IwAR0A8FSgUwSJNfFgCVKhpPCkaqbIr_RGhHVsIp7f_624ISNUK0NLrEdLqeE HTTP/1.1" 200 11496 "-" "Mozilla/5.0 (Linux; Android 10; K) AppleWebKit/537.36 (KHTML, like Gecko) Chrome/146.0.0.0 Mobile Safari/537.36"
101.98.240.162 - - [31/Mar/2026:18:40:18 +0000] "GET /index.php?sid=de2942d95d95af54b3410cb111fe252d HTTP/1.1" 200 10429 "https://electricalforum.nz/?fbclid=IwAR0A8FSgUwSJNfFgCVKhpPCkaqbIr_RGhHVsIp7f_624ISNUK0NLrEdLqeE" "Mozilla/5.0 (Linux; Android 10; K) AppleWebKit/537.36 (KHTML, like Gecko) Chrome/146.0.0.0 Mobile Safari/537.36"
103.194.112.110 - - [31/Mar/2026:18:40:23 +0000] "GET /viewtopic.php?t=15 HTTP/1.1" 200 10799 "https://electricalforum.nz/" "Mozilla/5.0 (Windows NT 6.2; rv:134.047.304) Gecko/20100101 Firefox/134.047.304"
101.98.240.162 - - [31/Mar/2026:18:40:27 +0000] "GET /index.php HTTP/1.1" 200 10429 "https://electricalforum.nz/index.php?sid=de2942d95d95af54b3410cb111fe252d" "Mozilla/5.0 (Linux; Android 10; K) AppleWebKit/537.36 (KHTML, like Gecko) Chrome/146.0.0.0 Mobile Safari/537.36"
101.98.240.162 - - [31/Mar/2026:18:40:32 +0000] "GET /index.php HTTP/1.1" 200 10429 "https://electricalforum.nz/index.php" "Mozilla/5.0 (Linux; Android 10; K) AppleWebKit/537.36 (KHTML, like Gecko) Chrome/146.0.0.0 Mobile Safari/537.36"
101.98.240.162 - - [31/Mar/2026:18:40:41 +0000] "GET /index.php HTTP/1.1" 200 10429 "https://electricalforum.nz/index.php" "Mozilla/5.0 (Linux; Android 10; K) AppleWebKit/537.36 (KHTML, like Gecko) Chrome/146.0.0.0 Mobile Safari/537.36"
101.98.240.162 - - [31/Mar/2026:18:40:44 +0000] "GET /index.php HTTP/1.1" 200 10429 "https://electricalforum.nz/index.php" "Mozilla/5.0 (Linux; Android 10; K) AppleWebKit/537.36 (KHTML, like Gecko) Chrome/146.0.0.0 Mobile Safari/537.36"
101.98.240.162 - - [31/Mar/2026:18:40:55 +0000] "GET /?fbclid=IwAR0A8FSgUwSJNfFgCVKhpPCkaqbIr_RGhHVsIp7f_624ISNUK0NLrEdLqeE HTTP/1.1" 200 10716 "-" "Mozilla/5.0 (Linux; Android 10; K) AppleWebKit/537.36 (KHTML, like Gecko) Chrome/146.0.0.0 Mobile Safari/537.36"
45.7.137.146 - - [31/Mar/2026:18:40:57 +0000] "GET /viewtopic.php?f=17&t=441&sid=cacedaa9362c0bbb951d8a16de9b8f01&view=print HTTP/1.1" 403 9362 "-" "Mozilla/5.0 (Windows NT 10.0; Win64; x64) AppleWebKit/537.36 (KHTML, like Gecko) Chrome/104.0.5112.81 Safari/537.36"
101.98.240.162 - - [31/Mar/2026:18:41:01 +0000] "GET /ucp.php?mode=login&redirect=index.php%3Ffbclid%3DIwAR0A8FSgUwSJNfFgCVKhpPCkaqbIr_RGhHVsIp7f_624ISNUK0NLrEdLqeE HTTP/1.1" 200 10387 "https://electricalforum.nz/?fbclid=IwAR0A8FSgUwSJNfFgCVKhpPCkaqbIr_RGhHVsIp7f_624ISNUK0NLrEdLqeE" "Mozilla/5.0 (Linux; Android 10; K) AppleWebKit/537.36 (KHTML, like Gecko) Chrome/146.0.0.0 Mobile Safari/537.36"
101.98.240.162 - - [31/Mar/2026:18:41:03 +0000] "GET /index.php HTTP/1.1" 200 10429 "https://electricalforum.nz/ucp.php?mode=login&redirect=index.php%3Ffbclid%3DIwAR0A8FSgUwSJNfFgCVKhpPCkaqbIr_RGhHVsIp7f_624ISNUK0NLrEdLqeE" "Mozilla/5.0 (Linux; Android 10; K) AppleWebKit/537.36 (KHTML, like Gecko) Chrome/146.0.0.0 Mobile Safari/537.36"
170.247.52.136 - - [31/Mar/2026:18:41:06 +0000] "GET /viewforum.php?f=2&sid=04634f0c916bc82e6625f1ec5a03f503 HTTP/1.1" 200 10796 "https://www.google.nz/" "Mozilla/5.0 (X11; Linux x86_64) AppleWebKit/537.36 (KHTML, like Gecko) Chrome/122.0.0.0 Safari/537.36 Edg/122.0.2365.99"
101.98.240.162 - - [31/Mar/2026:18:41:08 +0000] "GET /index.php HTTP/1.1" 200 10429 "https://electricalforum.nz/index.php" "Mozilla/5.0 (Linux; Android 10; K) AppleWebKit/537.36 (KHTML, like Gecko) Chrome/146.0.0.0 Mobile Safari/537.36"
163.7.12.91 - - [31/Mar/2026:18:41:08 +0000] "GET /viewtopic.php?f=17&t=441&sid=cacedaa9362c0bbb951d8a16de9b8f01&view=print HTTP/1.1" 403 9362 "http://electricalforum.nz/viewtopic.php?f=17&t=441&sid=cacedaa9362c0bbb951d8a16de9b8f01&view=print" "Mozilla/5.0 (Windows NT 10.0; Win64; x64) AppleWebKit/537.36 (KHTML, like Gecko) Chrome/107.0.0.0 Safari/537.36"
43.166.164.67 - - [31/Mar/2026:18:41:11 +0000] "GET /viewtopic.php?f=19&t=40&p=141&sid=b48833c409cf5c2666e1da6f47f3e6b6 HTTP/1.1" 200 10856 "-" "Mozilla/5.0 (Windows NT 10.0; Win64; x64) AppleWebKit/537.36 (KHTML, like Gecko) Chrome/116.0.0.0 Safari/537.36"
96.126.176.25 - - [31/Mar/2026:18:41:30 +0000] "GET /viewtopic.php?t=130 HTTP/1.1" 200 10802 "-" "Mozilla/5.0 (X11; Linux x86_64; rv:103.0) Gecko/20100101 Firefox/103.0"
96.126.176.25 - - [31/Mar/2026:18:41:30 +0000] "GET /viewtopic.php?t=130%27nvOpzp;%20AND%201=1%20OR%20(%3C%27%22%3EiKO)), HTTP/1.1" 200 11045 "-" "Mozilla/5.0 (X11; Linux x86_64; rv:103.0) Gecko/20100101 Firefox/103.0"
101.98.240.162 - - [31/Mar/2026:18:41:36 +0000] "POST /ucp.php?mode=login HTTP/1.1" 200 10323 "https://electricalforum.nz/index.php" "Mozilla/5.0 (Linux; Android 10; K) AppleWebKit/537.36 (KHTML, like Gecko) Chrome/146.0.0.0 Mobile Safari/537.36"
101.98.240.162 - - [31/Mar/2026:18:41:37 +0000] "GET /?fbclid=IwAR0A8FSgUwSJNfFgCVKhpPCkaqbIr_RGhHVsIp7f_624ISNUK0NLrEdLqeE HTTP/1.1" 200 10716 "-" "Mozilla/5.0 (Linux; Android 10; K) AppleWebKit/537.36 (KHTML, like Gecko) Chrome/146.0.0.0 Mobile Safari/537.36"
101.98.240.162 - - [31/Mar/2026:18:41:41 +0000] "GET / HTTP/1.1" 200 10429 "-" "Mozilla/5.0 (Linux; Android 10; K) AppleWebKit/537.36 (KHTML, like Gecko) Chrome/146.0.0.0 Mobile Safari/537.36"
66.249.66.197 - - [31/Mar/2026:18:41:58 +0000] "GET /viewtopic.php?t=246 HTTP/1.1" 200 35106 "-" "Mozilla/5.0 (Linux; Android 6.0.1; Nexus 5X Build/MMB29P) AppleWebKit/537.36 (KHTML, like Gecko) Chrome/146.0.7680.164 Mobile Safari/537.36 (compatible; Googlebot/2.1; +http://www.google.com/bot.html)"
216.244.66.236 - - [31/Mar/2026:18:42:29 +0000] "GET /viewtopic.php?t=431 HTTP/1.1" 200 10802 "-" "Mozilla/5.0 (compatible; DotBot/1.2; +https://opensiteexplorer.org/dotbot; help@moz.com)"
216.244.66.236 - - [31/Mar/2026:18:42:34 +0000] "GET /viewtopic.php?t=623 HTTP/1.1" 200 10802 "-" "Mozilla/5.0 (compatible; DotBot/1.2; +https://opensiteexplorer.org/dotbot; help@moz.com)"
52.167.144.211 - - [31/Mar/2026:18:43:05 +0000] "GET /viewtopic.php?t=205 HTTP/1.1" 200 23985 "-" "Mozilla/5.0 AppleWebKit/537.36 (KHTML, like Gecko; compatible; bingbot/2.0; +http://www.bing.com/bingbot.htm) Chrome/116.0.1938.76 Safari/537.36"
103.194.112.203 - - [31/Mar/2026:18:43:36 +0000] "GET /viewtopic.php?t=415 HTTP/1.1" 200 10802 "https://electricalforum.nz/" "Mozilla/5.0 (X11; U; Linux x86_64; rv:136.0) Gecko/20162410 Firefox/136.0"
157.55.39.59 - - [31/Mar/2026:18:43:59 +0000] "GET /viewtopic.php?p=3081 HTTP/1.1" 200 29933 "-" "Mozilla/5.0 AppleWebKit/537.36 (KHTML, like Gecko; compatible; bingbot/2.0; +http://www.bing.com/bingbot.htm) Chrome/116.0.1938.76 Safari/537.36"
92.222.108.105 - - [31/Mar/2026:18:44:07 +0000] "GET /viewtopic.php?f=3&p=3318 HTTP/1.1" 200 10829 "-" "Mozilla/5.0 (compatible; AhrefsBot/7.0; +http://ahrefs.com/robot/)"
66.249.66.65 - - [31/Mar/2026:18:44:09 +0000] "GET /viewtopic.php?t=482 HTTP/1.1" 200 25601 "-" "Mozilla/5.0 (compatible; Googlebot/2.1; +http://www.google.com/bot.html)"
66.249.66.164 - - [31/Mar/2026:18:44:10 +0000] "GET /viewtopic.php?t=482 HTTP/1.1" 200 25601 "-" "Mozilla/5.0 (Linux; Android 6.0.1; Nexus 5X Build/MMB29P) AppleWebKit/537.36 (KHTML, like Gecko) Chrome/99.0.4844.84 Mobile Safari/537.36 (compatible; Googlebot/2.1; +http://www.google.com/bot.html)"
47.128.99.124 - - [31/Mar/2026:18:45:03 +0000] "GET /robots.txt HTTP/1.1" 404 9317 "-" "Mozilla/5.0 (Linux; Android 5.0) AppleWebKit/537.36 (KHTML, like Gecko) Mobile Safari/537.36 (compatible; Bytespider; spider-feedback@bytedance.com)"
103.194.112.204 - - [31/Mar/2026:18:45:08 +0000] "GET /viewtopic.php?t=415 HTTP/1.1" 200 10802 "https://electricalforum.nz/" "Mozilla/5.0 (Macintosh; Intel Mac OS X 10.15; rv:142.0) Gecko/20100101 Firefox/142.0"
66.249.66.37 - - [31/Mar/2026:18:45:41 +0000] "GET /viewtopic.php?t=554 HTTP/1.1" 200 47943 "-" "Mozilla/5.0 (Linux; Android 6.0.1; Nexus 5X Build/MMB29P) AppleWebKit/537.36 (KHTML, like Gecko) Chrome/146.0.7680.164 Mobile Safari/537.36 (compatible; Googlebot/2.1; +http://www.google.com/bot.html)"
2001:4860:7:50b::fc - - [31/Mar/2026:18:46:09 +0000] "GET /viewtopic.php?t=120 HTTP/1.1" 200 10802 "https://www.google.com/" "Mozilla/5.0 (Windows NT 10.0; Win64; x64) AppleWebKit/537.36 (KHTML, like Gecko) Chrome/146.0.0.0 Safari/537.36"
170.106.167.214 - - [31/Mar/2026:18:46:24 +0000] "GET /ucp.php?mode=delete_cookies&sid=35400b140372ad5e5d262ffb4388fb13 HTTP/1.1" 200 9905 "-" "Mozilla/5.0 (iPhone; CPU iPhone OS 13_2_3 like Mac OS X) AppleWebKit/605.1.15 (KHTML, like Gecko) Version/13.0.3 Mobile/15E148 Safari/604.1"
103.194.112.129 - - [31/Mar/2026:18:49:04 +0000] "GET /posting.php?f=4&mode=quote&p=307 HTTP/1.1" 200 10149 "https://electricalforum.nz/" "Mozilla/5.0 (Linux; Android 8.0.0; SM-J330G) AppleWebKit/537.36 (KHTML, like Gecko) Chrome/114.0.0.0 Mobile Safari/537.36 EdgA/114.0.1823.74"
101.98.240.162 - - [31/Mar/2026:18:49:49 +0000] "GET /?fbclid=IwAR0A8FSgUwSJNfFgCVKhpPCkaqbIr_RGhHVsIp7f_624ISNUK0NLrEdLqeE HTTP/1.1" 200 10714 "-" "Mozilla/5.0 (Linux; Android 10; K) AppleWebKit/537.36 (KHTML, like Gecko) Chrome/146.0.0.0 Mobile Safari/537.36"
101.98.240.162 - - [31/Mar/2026:18:50:00 +0000] "GET /?fbclid=IwAR0A8FSgUwSJNfFgCVKhpPCkaqbIr_RGhHVsIp7f_624ISNUK0NLrEdLqeE HTTP/1.1" 200 10714 "-" "Mozilla/5.0 (Linux; Android 10; K) AppleWebKit/537.36 (KHTML, like Gecko) Chrome/146.0.0.0 Mobile Safari/537.36"
101.98.240.162 - - [31/Mar/2026:18:50:10 +0000] "GET / HTTP/1.1" 200 10427 "https://www.google.com/" "Mozilla/5.0 (Linux; Android 10; K) AppleWebKit/537.36 (KHTML, like Gecko) Chrome/146.0.0.0 Mobile Safari/537.36"
101.98.240.162 - - [31/Mar/2026:18:50:14 +0000] "GET /viewtopic.php?t=283 HTTP/1.1" 200 10108 "https://www.google.com/" "Mozilla/5.0 (Linux; Android 10; K) AppleWebKit/537.36 (KHTML, like Gecko) Chrome/146.0.0.0 Mobile Safari/537.36"
66.249.66.164 - - [31/Mar/2026:18:50:24 +0000] "GET /viewtopic.php?t=695 HTTP/1.1" 200 19437 "-" "Mozilla/5.0 (Linux; Android 6.0.1; Nexus 5X Build/MMB29P) AppleWebKit/537.36 (KHTML, like Gecko) Chrome/146.0.7680.164 Mobile Safari/537.36 (compatible; Googlebot/2.1; +http://www.google.com/bot.html)"
103.194.112.105 - - [31/Mar/2026:18:51:24 +0000] "GET /memberlist.php?mode=viewprofile&u=195 HTTP/1.1" 200 10867 "https://electricalforum.nz/" "Mozilla/5.0 (Fedora; Linux i686; rv:134.0) Gecko/20100101 Firefox/134.0"
20.215.220.194 - - [31/Mar/2026:18:51:26 +0000] "GET /viewtopic.php?t=321 HTTP/1.1" 200 10802 "-" "Mozilla/5.0 AppleWebKit/537.36 (KHTML, like Gecko); compatible; ChatGPT-User/1.0; +https://openai.com/bot"
103.194.112.112 - - [31/Mar/2026:18:51:33 +0000] "GET /posting.php?mode=reply&t=538 HTTP/1.1" 404 9335 "https://electricalforum.nz/" "Mozilla/5.0 (X11; Linux x86_64; rv:137.0) Gecko/20100101 Firefox/137.0 XTPT/1.0"
125.236.204.62 - - [31/Mar/2026:18:51:33 +0000] "GET /viewtopic.php?t=29 HTTP/1.1" 200 10799 "https://www.bing.com/" "Mozilla/5.0 (Windows NT 10.0; Win64; x64) AppleWebKit/537.36 (KHTML, like Gecko) Chrome/146.0.0.0 Safari/537.36 Edg/146.0.0.0"
103.194.112.201 - - [31/Mar/2026:18:51:41 +0000] "GET /viewtopic.php?f=4&t=414&view=print HTTP/1.1" 403 9360 "https://electricalforum.nz/" "Mozilla/5.0 (Macintosh; Intel Mac OS X 10_13_0; rv:133.660.024) Gecko/20100101 Firefox/133.660.024"
103.194.112.175 - - [31/Mar/2026:18:51:45 +0000] "GET /posting.php?mode=reply&f=4&t=310 HTTP/1.1" 200 10843 "https://electricalforum.nz/" "Mozilla/5.0 (Macintosh; Intel Mac OS X 10_15_1; rv:132.495.954) Gecko/20100101 Firefox/132.495.954"
103.194.112.248 - - [31/Mar/2026:18:51:59 +0000] "GET /viewtopic.php?f=4&t=414&view=print HTTP/1.1" 403 9360 "https://electricalforum.nz/" "Mozilla/5.0 (Windows NT 10.0; Win64; x64; rv:135.0) Gecko/20100101 Firefox/147.0"
103.194.112.1 - - [31/Mar/2026:18:52:10 +0000] "GET /viewtopic.php?f=4&t=414&view=print HTTP/1.1" 403 9360 "https://electricalforum.nz/" "Mozilla/5.0 (X11; Linux x86_64; rv:135.0) Gecko/20100101 Firefox/144.0"
64.233.173.166 - - [31/Mar/2026:18:52:10 +0000] "GET /.well-known/traffic-advice HTTP/1.1" 404 9457 "-" "Chrome Privacy Preserving Prefetch Proxy"
2001:4860:7:80b::f4 - - [31/Mar/2026:18:52:11 +0000] "GET /viewtopic.php?t=402 HTTP/1.1" 200 10802 "https://www.google.com/" "Mozilla/5.0 (Windows NT 10.0; Win64; x64) AppleWebKit/537.36 (KHTML, like Gecko) Chrome/146.0.0.0 Safari/537.36"
103.194.112.186 - - [31/Mar/2026:18:52:13 +0000] "GET /viewtopic.php?f=4&t=414&view=print HTTP/1.1" 403 9360 "https://electricalforum.nz/" "Mozilla/5.0 (Windows NT 6.1; Win64; x64; rv:144.354.889) Gecko/20100101 Firefox/144.354.889"
103.194.112.242 - - [31/Mar/2026:18:52:26 +0000] "GET /viewtopic.php?f=4&t=414&view=print HTTP/1.1" 403 9360 "https://electricalforum.nz/" "Mozilla/5.0 (Windows NT 10.0; Win64; x64; rv:110.0) Gecko/20100101 Firefox/110.0"
103.194.112.200 - - [31/Mar/2026:18:52:36 +0000] "GET /viewtopic.php?f=4&t=414&view=print HTTP/1.1" 403 9360 "https://electricalforum.nz/" "Mozilla/5.0 (Windows NT 10.0; Win64; x64; rv:104.0) Gecko/20100101 Firefox/104.0"
34.63.117.220 - - [31/Mar/2026:18:52:45 +0000] "GET /viewtopic.php?t=331 HTTP/1.1" 200 10802 "-" "Mozilla/5.0 (X11; Linux x86_64) AppleWebKit/537.36 (KHTML, like Gecko) Chrome/136.0.0.0 Safari/537.36"
34.63.117.220 - - [31/Mar/2026:18:52:45 +0000] "GET /viewtopic.php?t=331 HTTP/1.1" 200 10802 "-" "Mozilla/5.0 (X11; Linux x86_64) AppleWebKit/537.36 (KHTML, like Gecko) Chrome/136.0.0.0 Safari/537.36"
103.194.112.29 - - [31/Mar/2026:18:52:49 +0000] "GET /viewtopic.php?f=4&t=414&view=print HTTP/1.1" 403 9360 "https://electricalforum.nz/" "Mozilla/5.0 (Fedora; Linux x86_64; rv:134.0) Gecko/20100101 Firefox/134.0"
103.194.112.245 - - [31/Mar/2026:18:52:49 +0000] "GET /viewtopic.php?t=594 HTTP/1.1" 200 10802 "https://electricalforum.nz/" "Mozilla/5.0 (Windows 11.0; Win64; x64; rv:142.0) Gecko/20100101 Firefox/142.0"
103.194.112.129 - - [31/Mar/2026:18:53:00 +0000] "GET /viewtopic.php?f=4&t=414&view=print HTTP/1.1" 403 9360 "https://electricalforum.nz/" "Mozilla/5.0 (Windows NT 6.2; rv:144.787.801) Gecko/20100101 Firefox/144.787.801"
103.194.112.129 - - [31/Mar/2026:18:53:04 +0000] "GET /memberlist.php?mode=viewprofile&u=130 HTTP/1.1" 200 10173 "https://electricalforum.nz/" "Mozilla/5.0 (Linux; Android 8.0.0; SM-J330G) AppleWebKit/537.36 (KHTML, like Gecko) Chrome/114.0.0.0 Mobile Safari/537.36 EdgA/114.0.1823.74"
103.194.112.102 - - [31/Mar/2026:18:53:22 +0000] "GET /viewtopic.php?f=4&t=414&view=print HTTP/1.1" 403 9360 "https://electricalforum.nz/" "Mozilla/5.0 (Windows NT 10.0; Win64; x64; rv:135.0) Gecko/20100101 Firefox/135.0"
103.194.112.147 - - [31/Mar/2026:18:53:33 +0000] "GET /viewtopic.php?f=4&t=414&view=print HTTP/1.1" 403 9360 "https://electricalforum.nz/" "Mozilla/5.0 (X11; Linux x86_64; rv:108.0) Gecko/20100101 Firefox/108.0"
103.194.112.1 - - [31/Mar/2026:18:53:48 +0000] "GET /viewtopic.php?f=4&t=414&view=print HTTP/1.1" 403 9360 "https://electricalforum.nz/" "Mozilla/5.0 (Windows NT 10.0, Win64, x64, rv:140.0) Gecko/20100101 Firefox/140.0"
103.194.112.222 - - [31/Mar/2026:18:53:58 +0000] "GET /viewtopic.php?f=4&t=414&view=print HTTP/1.1" 403 9360 "https://electricalforum.nz/" "Mozilla/5.0 (Windows NT 10.0; Win64; x64; rv:110.0) Gecko/20100101 Firefox/110.0"
66.249.66.192 - - [31/Mar/2026:18:54:07 +0000] "GET /index.php HTTP/1.1" 200 37375 "-" "Mozilla/5.0 (Linux; Android 6.0.1; Nexus 5X Build/MMB29P) AppleWebKit/537.36 (KHTML, like Gecko) Chrome/146.0.7680.164 Mobile Safari/537.36 (compatible; Googlebot/2.1; +http://www.google.com/bot.html)"
202.74.200.255 - - [31/Mar/2026:18:54:11 +0000] "GET /viewtopic.php?t=446 HTTP/1.1" 200 10802 "https://www.bing.com/" "Mozilla/5.0 (Windows NT 10.0; Win64; x64) AppleWebKit/537.36 (KHTML, like Gecko) Chrome/146.0.0.0 Safari/537.36 Edg/146.0.0.0"
207.46.13.51 - - [31/Mar/2026:18:55:29 +0000] "GET /index.php HTTP/1.1" 200 37375 "-" "Mozilla/5.0 AppleWebKit/537.36 (KHTML, like Gecko; compatible; bingbot/2.0; +http://www.bing.com/bingbot.htm) Chrome/116.0.1938.76 Safari/537.36"
66.249.66.14 - - [31/Mar/2026:18:56:50 +0000] "GET /viewtopic.php?f=5&p=1195 HTTP/1.1" 200 23917 "-" "Mozilla/5.0 (Linux; Android 6.0.1; Nexus 5X Build/MMB29P) AppleWebKit/537.36 (KHTML, like Gecko) Chrome/146.0.7680.164 Mobile Safari/537.36 (compatible; Googlebot/2.1; +http://www.google.com/bot.html)"
