74.235.238.88 - - [31/Mar/2026:22:37:40 +0000] "GET /wp-includes/SimplePie/Content/Type/index.php HTTP/1.1" 404 11227 "-" "-"
74.235.238.88 - - [31/Mar/2026:22:37:40 +0000] "GET /.well-known/dropdown.php HTTP/1.1" 404 10838 "-" "-"
74.235.238.88 - - [31/Mar/2026:22:37:40 +0000] "GET /wp-includes/rest-api/autoload_classmap.php HTTP/1.1" 404 11013 "-" "-"
74.235.238.88 - - [31/Mar/2026:22:37:40 +0000] "GET /readme.php HTTP/1.1" 404 10679 "-" "-"
74.235.238.88 - - [31/Mar/2026:22:37:41 +0000] "GET /edit.php HTTP/1.1" 404 10671 "-" "-"
74.235.238.88 - - [31/Mar/2026:22:37:41 +0000] "GET /wp-content/themes/travelscape/json.php HTTP/1.1" 404 11100 "-" "-"
74.235.238.88 - - [31/Mar/2026:22:37:41 +0000] "GET /wp-admin/wp-admin.php HTTP/1.1" 404 10826 "-" "-"
74.235.238.88 - - [31/Mar/2026:22:37:41 +0000] "GET /plugins/DaoZM.php HTTP/1.1" 404 10810 "-" "-"
74.235.238.88 - - [31/Mar/2026:22:37:42 +0000] "GET /wp-admin/install.php HTTP/1.1" 404 10822 "-" "-"
74.235.238.88 - - [31/Mar/2026:22:37:42 +0000] "GET /wp-includes/SimplePie/Content/Type/alfa-rex.php HTTP/1.1" 404 11239 "-" "-"
74.235.238.88 - - [31/Mar/2026:22:37:42 +0000] "GET /wp-content/uploads/link.php HTTP/1.1" 404 10953 "-" "-"
74.235.238.88 - - [31/Mar/2026:22:37:42 +0000] "GET /403.php HTTP/1.1" 404 10667 "-" "-"
74.235.238.88 - - [31/Mar/2026:22:37:43 +0000] "GET /wp-content/uploads/plugins.php HTTP/1.1" 404 10965 "-" "-"
74.235.238.88 - - [31/Mar/2026:22:37:43 +0000] "GET /wp-includes/rest-api/alfa-rex.php HTTP/1.1" 404 10977 "-" "-"
74.235.238.88 - - [31/Mar/2026:22:37:43 +0000] "GET /plugin.php HTTP/1.1" 404 10679 "-" "-"
74.235.238.88 - - [31/Mar/2026:22:37:44 +0000] "GET /wp-includes/html-api/wp-login.php HTTP/1.1" 404 10977 "-" "-"
74.235.238.88 - - [31/Mar/2026:22:37:44 +0000] "GET /Assets/edit.php HTTP/1.1" 404 10802 "-" "-"
74.235.238.88 - - [31/Mar/2026:22:37:44 +0000] "GET /wp-includes/images/crystal/about.php HTTP/1.1" 404 11092 "-" "-"
74.235.238.88 - - [31/Mar/2026:22:37:44 +0000] "GET /wp-content/file.php HTTP/1.1" 404 10818 "-" "-"
74.235.238.88 - - [31/Mar/2026:22:37:45 +0000] "GET /.well-known/pkivalidation/log.php HTTP/1.1" 404 10977 "-" "-"
74.235.238.88 - - [31/Mar/2026:22:37:45 +0000] "GET /wp-includes/SimplePie/about.php HTTP/1.1" 404 10969 "-" "-"
74.235.238.88 - - [31/Mar/2026:22:37:45 +0000] "GET /wp-admin/packed.php HTTP/1.1" 404 10818 "-" "-"
74.235.238.88 - - [31/Mar/2026:22:37:45 +0000] "GET /user.php HTTP/1.1" 404 10671 "-" "-"
74.235.238.88 - - [31/Mar/2026:22:37:46 +0000] "GET /about.php HTTP/1.1" 404 10675 "-" "-"
74.235.238.88 - - [31/Mar/2026:22:37:46 +0000] "GET /filemanager.php HTTP/1.1" 404 10699 "-" "-"
74.235.238.88 - - [31/Mar/2026:22:37:46 +0000] "GET /wp-includes/style-engine/wp-login.php HTTP/1.1" 404 10993 "-" "-"
74.235.238.88 - - [31/Mar/2026:22:37:46 +0000] "GET /gfile.php HTTP/1.1" 404 10675 "-" "-"
74.235.238.88 - - [31/Mar/2026:22:37:47 +0000] "GET /a2.php HTTP/1.1" 404 10663 "-" "-"
74.235.238.88 - - [31/Mar/2026:22:37:47 +0000] "GET /sty.php HTTP/1.1" 404 10667 "-" "-"
74.235.238.88 - - [31/Mar/2026:22:37:47 +0000] "GET /xxxx.php HTTP/1.1" 404 10671 "-" "-"
74.235.238.88 - - [31/Mar/2026:22:37:48 +0000] "GET /h.php HTTP/1.1" 404 10659 "-" "-"
74.235.238.88 - - [31/Mar/2026:22:37:48 +0000] "GET /g.php HTTP/1.1" 404 10659 "-" "-"
74.235.238.88 - - [31/Mar/2026:22:37:48 +0000] "GET /pp.php HTTP/1.1" 404 10663 "-" "-"
74.235.238.88 - - [31/Mar/2026:22:37:48 +0000] "GET /sys.php HTTP/1.1" 404 10667 "-" "-"
74.235.238.88 - - [31/Mar/2026:22:37:49 +0000] "GET /txets.php HTTP/1.1" 404 10675 "-" "-"
74.235.238.88 - - [31/Mar/2026:22:37:49 +0000] "GET /tt.php HTTP/1.1" 404 10663 "-" "-"
74.235.238.88 - - [31/Mar/2026:22:37:49 +0000] "GET /wp9.php HTTP/1.1" 404 10667 "-" "-"
74.235.238.88 - - [31/Mar/2026:22:37:49 +0000] "GET /path.php HTTP/1.1" 404 10671 "-" "-"
74.235.238.88 - - [31/Mar/2026:22:37:50 +0000] "GET /wdf.php HTTP/1.1" 404 10667 "-" "-"
74.235.238.88 - - [31/Mar/2026:22:37:50 +0000] "GET /fleen.php HTTP/1.1" 404 10675 "-" "-"
74.235.238.88 - - [31/Mar/2026:22:37:50 +0000] "GET /wp-tem.php HTTP/1.1" 404 10679 "-" "-"
5.39.1.242 - - [31/Mar/2026:22:37:50 +0000] "GET /viewtopic.php?f=16&t=488 HTTP/1.1" 200 37813 "-" "Mozilla/5.0 (compatible; AhrefsBot/7.0; +http://ahrefs.com/robot/)"
74.235.238.88 - - [31/Mar/2026:22:37:51 +0000] "GET /av6m.php HTTP/1.1" 404 10671 "-" "-"
74.235.238.88 - - [31/Mar/2026:22:37:51 +0000] "GET /autogooey.php HTTP/1.1" 404 10691 "-" "-"
74.235.238.88 - - [31/Mar/2026:22:37:51 +0000] "GET /btx25.php HTTP/1.1" 404 10675 "-" "-"
66.249.66.165 - - [31/Mar/2026:22:37:51 +0000] "GET /index.php HTTP/1.1" 200 37475 "-" "Mozilla/5.0 (Linux; Android 6.0.1; Nexus 5X Build/MMB29P) AppleWebKit/537.36 (KHTML, like Gecko) Chrome/146.0.7680.164 Mobile Safari/537.36 (compatible; Googlebot/2.1; +http://www.google.com/bot.html)"
74.235.238.88 - - [31/Mar/2026:22:37:51 +0000] "GET /mga.php HTTP/1.1" 404 10667 "-" "-"
74.235.238.88 - - [31/Mar/2026:22:37:52 +0000] "GET /maxro.php HTTP/1.1" 404 10675 "-" "-"
74.235.238.88 - - [31/Mar/2026:22:37:52 +0000] "GET /agg.php HTTP/1.1" 404 10667 "-" "-"
74.235.238.88 - - [31/Mar/2026:22:37:52 +0000] "GET /pass4.php HTTP/1.1" 404 10675 "-" "-"
74.235.238.88 - - [31/Mar/2026:22:37:52 +0000] "GET /wsvvs.php HTTP/1.1" 404 10675 "-" "-"
74.235.238.88 - - [31/Mar/2026:22:37:53 +0000] "GET /G-In.php HTTP/1.1" 404 10671 "-" "-"
74.235.238.88 - - [31/Mar/2026:22:37:53 +0000] "GET /edit.php HTTP/1.1" 404 10671 "-" "-"
74.235.238.88 - - [31/Mar/2026:22:37:53 +0000] "GET /ioxi-o.php HTTP/1.1" 404 10679 "-" "-"
74.235.238.88 - - [31/Mar/2026:22:37:54 +0000] "GET /wp-content/admin.php HTTP/1.1" 404 10822 "-" "-"
74.235.238.88 - - [31/Mar/2026:22:37:54 +0000] "GET /66.php HTTP/1.1" 404 10663 "-" "-"
74.235.238.88 - - [31/Mar/2026:22:37:54 +0000] "GET /wp-includes/js/tinymce/themes/inlite/ HTTP/1.1" 404 11310 "-" "-"
74.235.238.88 - - [31/Mar/2026:22:37:54 +0000] "GET /gifclass.php HTTP/1.1" 404 10687 "-" "-"
74.235.238.88 - - [31/Mar/2026:22:37:55 +0000] "GET /wp-includes/assets/index.php HTTP/1.1" 404 10957 "-" "-"
74.235.238.88 - - [31/Mar/2026:22:37:55 +0000] "GET /wp-admin/images/wp-conflg.php?p= HTTP/1.1" 404 10975 "-" "-"
74.235.238.88 - - [31/Mar/2026:22:37:55 +0000] "GET /wp-content/plugins/index.php?p= HTTP/1.1" 404 10971 "-" "-"
74.235.238.88 - - [31/Mar/2026:22:37:56 +0000] "GET /assets/css/index.php HTTP/1.1" 404 10925 "-" "-"
2001:4860:7:80b::fc - - [31/Mar/2026:22:38:08 +0000] "GET /viewtopic.php?t=694 HTTP/1.1" 200 31691 "https://www.google.com/" "Mozilla/5.0 (Windows NT 10.0; Win64; x64) AppleWebKit/537.36 (KHTML, like Gecko) Chrome/146.0.0.0 Safari/537.36"
176.31.139.22 - - [31/Mar/2026:22:38:11 +0000] "GET /download/file.php?avatar=198_1587414349.jpg HTTP/1.1" 200 2983 "-" "Mozilla/5.0 (compatible; AhrefsBot/7.0; +http://ahrefs.com/robot/)"
54.37.118.93 - - [31/Mar/2026:22:38:35 +0000] "GET /viewtopic.php?f=16&t=540 HTTP/1.1" 200 45274 "-" "Mozilla/5.0 (compatible; AhrefsBot/7.0; +http://ahrefs.com/robot/)"
92.222.104.209 - - [31/Mar/2026:22:39:05 +0000] "GET /viewtopic.php?f=10&t=59&p=177 HTTP/1.1" 200 25626 "-" "Mozilla/5.0 (compatible; AhrefsBot/7.0; +http://ahrefs.com/robot/)"
193.31.127.75 - - [31/Mar/2026:22:39:42 +0000] "GET /index.php HTTP/1.1" 200 67360 "https://electricalforum.nz/index.php" "Mozilla/5.0 (Windows NT 10.0; Win64; x64) AppleWebKit/537.36 (KHTML, like Gecko) Chrome/131.0.0.0 Safari/537.36"
193.31.127.75 - - [31/Mar/2026:22:39:43 +0000] "GET /ucp.php?mode=register&sid=7d43653cc607561fe2ee66caa5d0fd8c HTTP/1.1" 200 13816 "https://electricalforum.nz/ucp.php?mode=register&sid=7d43653cc607561fe2ee66caa5d0fd8c" "Mozilla/5.0 (Windows NT 10.0; Win64; x64) AppleWebKit/537.36 (KHTML, like Gecko) Chrome/131.0.0.0 Safari/537.36"
103.194.112.172 - - [31/Mar/2026:22:39:46 +0000] "GET /viewtopic.php?t=628 HTTP/1.1" 200 36079 "https://electricalforum.nz/" "Mozilla/5.0 (Fedora; Linux i686; rv:134.0) Gecko/20100101 Firefox/134.0"
193.31.127.75 - - [31/Mar/2026:22:39:47 +0000] "POST /ucp.php?mode=register HTTP/1.1" 200 67346 "https://electricalforum.nz/ucp.php?mode=register&sid=7d43653cc607561fe2ee66caa5d0fd8c" "Mozilla/5.0 (Windows NT 10.0; Win64; x64) AppleWebKit/537.36 (KHTML, like Gecko) Chrome/131.0.0.0 Safari/537.36"
5.39.1.225 - - [31/Mar/2026:22:39:48 +0000] "GET /viewtopic.php?f=23&t=440 HTTP/1.1" 200 26584 "-" "Mozilla/5.0 (compatible; AhrefsBot/7.0; +http://ahrefs.com/robot/)"
193.31.127.75 - - [31/Mar/2026:22:39:48 +0000] "GET /ucp.php?mode=confirm&confirm_id=05e9f5ac684b86e7a7e5c151f1cbf47e&type=1 HTTP/1.1" 200 6488 "https://electricalforum.nz/ucp.php?mode=register&sid=7d43653cc607561fe2ee66caa5d0fd8c" "Mozilla/5.0 (Windows NT 10.0; Win64; x64) AppleWebKit/537.36 (KHTML, like Gecko) Chrome/131.0.0.0 Safari/537.36"
152.163.135.6 - - [31/Mar/2026:22:39:49 +0000] "GET /download/file.php?id=168&t=1&sid=a8241fbec9d39962766aabfd0138125f HTTP/1.1" 404 11735 "-" "Mozilla/5.0 (compatible; crawler)"
157.55.39.9 - - [31/Mar/2026:22:39:52 +0000] "GET /viewtopic.php?f=14&t=704 HTTP/1.1" 200 32610 "-" "Mozilla/5.0 AppleWebKit/537.36 (KHTML, like Gecko; compatible; bingbot/2.0; +http://www.bing.com/bingbot.htm) Chrome/116.0.1938.76 Safari/537.36"
193.31.127.75 - - [31/Mar/2026:22:39:56 +0000] "POST /ucp.php?mode=register HTTP/1.1" 200 67477 "https://electricalforum.nz/ucp.php?mode=register&sid=7d43653cc607561fe2ee66caa5d0fd8c" "Mozilla/5.0 (Windows NT 10.0; Win64; x64) AppleWebKit/537.36 (KHTML, like Gecko) Chrome/131.0.0.0 Safari/537.36"
193.31.127.75 - - [31/Mar/2026:22:39:57 +0000] "GET /ucp.php?mode=confirm&confirm_id=05e9f5ac684b86e7a7e5c151f1cbf47e&type=1 HTTP/1.1" 200 6148 "https://electricalforum.nz/ucp.php?mode=register&sid=7d43653cc607561fe2ee66caa5d0fd8c" "Mozilla/5.0 (Windows NT 10.0; Win64; x64) AppleWebKit/537.36 (KHTML, like Gecko) Chrome/131.0.0.0 Safari/537.36"
88.218.46.11 - - [31/Mar/2026:22:39:58 +0000] "GET /index.php HTTP/1.1" 200 67360 "https://electricalforum.nz/index.php" "Mozilla/5.0 (Windows NT 10.0; Win64; x64) AppleWebKit/537.36 (KHTML, like Gecko) Chrome/131.0.0.0 Safari/537.36"
88.218.46.11 - - [31/Mar/2026:22:40:00 +0000] "GET /ucp.php?mode=register&sid=1ff4c79e24248e7cdd336da05e2abe32 HTTP/1.1" 200 13816 "https://electricalforum.nz/ucp.php?mode=register&sid=1ff4c79e24248e7cdd336da05e2abe32" "Mozilla/5.0 (Windows NT 10.0; Win64; x64) AppleWebKit/537.36 (KHTML, like Gecko) Chrome/131.0.0.0 Safari/537.36"
88.218.46.11 - - [31/Mar/2026:22:40:05 +0000] "POST /ucp.php?mode=register HTTP/1.1" 200 67346 "https://electricalforum.nz/ucp.php?mode=register&sid=1ff4c79e24248e7cdd336da05e2abe32" "Mozilla/5.0 (Windows NT 10.0; Win64; x64) AppleWebKit/537.36 (KHTML, like Gecko) Chrome/131.0.0.0 Safari/537.36"
193.31.127.75 - - [31/Mar/2026:22:40:05 +0000] "POST /ucp.php?mode=register HTTP/1.1" 200 67477 "https://electricalforum.nz/ucp.php?mode=register&sid=7d43653cc607561fe2ee66caa5d0fd8c" "Mozilla/5.0 (Windows NT 10.0; Win64; x64) AppleWebKit/537.36 (KHTML, like Gecko) Chrome/131.0.0.0 Safari/537.36"
88.218.46.11 - - [31/Mar/2026:22:40:06 +0000] "GET /ucp.php?mode=confirm&confirm_id=15b79af1c795b7690bbd4cb1edc0170a&type=1 HTTP/1.1" 200 5751 "https://electricalforum.nz/ucp.php?mode=register&sid=1ff4c79e24248e7cdd336da05e2abe32" "Mozilla/5.0 (Windows NT 10.0; Win64; x64) AppleWebKit/537.36 (KHTML, like Gecko) Chrome/131.0.0.0 Safari/537.36"
193.31.127.75 - - [31/Mar/2026:22:40:07 +0000] "GET /ucp.php?mode=confirm&confirm_id=05e9f5ac684b86e7a7e5c151f1cbf47e&type=1 HTTP/1.1" 200 4658 "https://electricalforum.nz/ucp.php?mode=register&sid=7d43653cc607561fe2ee66caa5d0fd8c" "Mozilla/5.0 (Windows NT 10.0; Win64; x64) AppleWebKit/537.36 (KHTML, like Gecko) Chrome/131.0.0.0 Safari/537.36"
103.194.112.145 - - [31/Mar/2026:22:40:13 +0000] "GET /viewtopic.php?t=319 HTTP/1.1" 200 56005 "https://electricalforum.nz/" "Mozilla/5.0 (Macintosh; Intel Mac OS X 10.15; rv:133.0) Gecko/20100101 Firefox/133.0"
193.31.127.75 - - [31/Mar/2026:22:40:14 +0000] "POST /ucp.php?mode=register HTTP/1.1" 200 67477 "https://electricalforum.nz/ucp.php?mode=register&sid=7d43653cc607561fe2ee66caa5d0fd8c" "Mozilla/5.0 (Windows NT 10.0; Win64; x64) AppleWebKit/537.36 (KHTML, like Gecko) Chrome/131.0.0.0 Safari/537.36"
88.218.46.11 - - [31/Mar/2026:22:40:15 +0000] "POST /ucp.php?mode=register HTTP/1.1" 200 67561 "https://electricalforum.nz/ucp.php?mode=register&sid=1ff4c79e24248e7cdd336da05e2abe32" "Mozilla/5.0 (Windows NT 10.0; Win64; x64) AppleWebKit/537.36 (KHTML, like Gecko) Chrome/131.0.0.0 Safari/537.36"
193.31.127.75 - - [31/Mar/2026:22:40:15 +0000] "GET /ucp.php?mode=confirm&confirm_id=05e9f5ac684b86e7a7e5c151f1cbf47e&type=1 HTTP/1.1" 200 4817 "https://electricalforum.nz/ucp.php?mode=register&sid=7d43653cc607561fe2ee66caa5d0fd8c" "Mozilla/5.0 (Windows NT 10.0; Win64; x64) AppleWebKit/537.36 (KHTML, like Gecko) Chrome/131.0.0.0 Safari/537.36"
88.218.46.11 - - [31/Mar/2026:22:40:16 +0000] "GET /ucp.php?mode=login&redirect=index.php&sid=1ff4c79e24248e7cdd336da05e2abe32 HTTP/1.1" 200 12773 "https://electricalforum.nz/ucp.php?mode=login&redirect=index.php&sid=1ff4c79e24248e7cdd336da05e2abe32" "Mozilla/5.0 (Windows NT 10.0; Win64; x64) AppleWebKit/537.36 (KHTML, like Gecko) Chrome/131.0.0.0 Safari/537.36"
88.218.46.11 - - [31/Mar/2026:22:40:21 +0000] "POST /ucp.php?mode=login HTTP/1.1" 200 12904 "https://electricalforum.nz/ucp.php?mode=login&redirect=index.php&sid=1ff4c79e24248e7cdd336da05e2abe32" "Mozilla/5.0 (Windows NT 10.0; Win64; x64) AppleWebKit/537.36 (KHTML, like Gecko) Chrome/131.0.0.0 Safari/537.36"
88.218.46.11 - - [31/Mar/2026:22:40:23 +0000] "GET /index.php HTTP/1.1" 200 59764 "https://electricalforum.nz/index.php" "Mozilla/5.0 (Windows NT 10.0; Win64; x64) AppleWebKit/537.36 (KHTML, like Gecko) Chrome/131.0.0.0 Safari/537.36"
193.31.127.75 - - [31/Mar/2026:22:40:23 +0000] "POST /ucp.php?mode=register HTTP/1.1" 200 66421 "https://electricalforum.nz/ucp.php?mode=register&sid=7d43653cc607561fe2ee66caa5d0fd8c" "Mozilla/5.0 (Windows NT 10.0; Win64; x64) AppleWebKit/537.36 (KHTML, like Gecko) Chrome/131.0.0.0 Safari/537.36"
193.31.127.75 - - [31/Mar/2026:22:40:23 +0000] "GET /ucp.php?mode=login&redirect=index.php&sid=7d43653cc607561fe2ee66caa5d0fd8c HTTP/1.1" 200 12773 "https://electricalforum.nz/ucp.php?mode=login&redirect=index.php&sid=7d43653cc607561fe2ee66caa5d0fd8c" "Mozilla/5.0 (Windows NT 10.0; Win64; x64) AppleWebKit/537.36 (KHTML, like Gecko) Chrome/131.0.0.0 Safari/537.36"
94.23.188.194 - - [31/Mar/2026:22:40:25 +0000] "GET /viewtopic.php?f=10&t=8 HTTP/1.1" 200 24889 "-" "Mozilla/5.0 (compatible; AhrefsBot/7.0; +http://ahrefs.com/robot/)"
193.31.127.75 - - [31/Mar/2026:22:40:28 +0000] "POST /ucp.php?mode=login HTTP/1.1" 200 12980 "https://electricalforum.nz/ucp.php?mode=login&redirect=index.php&sid=7d43653cc607561fe2ee66caa5d0fd8c" "Mozilla/5.0 (Windows NT 10.0; Win64; x64) AppleWebKit/537.36 (KHTML, like Gecko) Chrome/131.0.0.0 Safari/537.36"
193.31.127.75 - - [31/Mar/2026:22:40:29 +0000] "GET /index.php HTTP/1.1" 200 59764 "https://electricalforum.nz/index.php" "Mozilla/5.0 (Windows NT 10.0; Win64; x64) AppleWebKit/537.36 (KHTML, like Gecko) Chrome/131.0.0.0 Safari/537.36"
66.249.66.64 - - [31/Mar/2026:22:40:52 +0000] "GET /viewtopic.php?t=470 HTTP/1.1" 200 26445 "-" "Mozilla/5.0 (Linux; Android 6.0.1; Nexus 5X Build/MMB29P) AppleWebKit/537.36 (KHTML, like Gecko) Chrome/146.0.7680.164 Mobile Safari/537.36 (compatible; Googlebot/2.1; +http://www.google.com/bot.html)"
92.222.108.114 - - [31/Mar/2026:22:41:00 +0000] "GET /viewtopic.php?f=3&t=3 HTTP/1.1" 200 30553 "-" "Mozilla/5.0 (compatible; AhrefsBot/7.0; +http://ahrefs.com/robot/)"
131.196.246.215 - - [31/Mar/2026:22:41:05 +0000] "GET /posting.php?f=10&mode=quote&p=1149 HTTP/1.1" 200 13994 "https://www.google.nz/" "Mozilla/5.0 (Linux; Android 8.0.0; SM-J330G) AppleWebKit/537.36 (KHTML, like Gecko) Chrome/114.0.0.0 Mobile Safari/537.36 EdgA/114.0.1823.74"
2001:4860:7:80b::f7 - - [31/Mar/2026:22:41:19 +0000] "GET /viewtopic.php?t=666 HTTP/1.1" 200 57895 "https://www.google.com/" "Mozilla/5.0 (Macintosh; Intel Mac OS X 10_15_7) AppleWebKit/537.36 (KHTML, like Gecko) Chrome/145.0.0.0 Safari/537.36"
66.249.66.37 - - [31/Mar/2026:22:41:21 +0000] "GET /viewtopic.php?t=306 HTTP/1.1" 200 22230 "-" "Mozilla/5.0 (Linux; Android 6.0.1; Nexus 5X Build/MMB29P) AppleWebKit/537.36 (KHTML, like Gecko) Chrome/146.0.7680.164 Mobile Safari/537.36 (compatible; Googlebot/2.1; +http://www.google.com/bot.html)"
51.68.247.198 - - [31/Mar/2026:22:41:36 +0000] "GET /viewtopic.php?f=2&t=392&p=1835 HTTP/1.1" 200 39306 "-" "Mozilla/5.0 (compatible; AhrefsBot/7.0; +http://ahrefs.com/robot/)"
157.55.39.9 - - [31/Mar/2026:22:41:53 +0000] "GET /viewtopic.php?f=5&t=199 HTTP/1.1" 200 21181 "-" "Mozilla/5.0 AppleWebKit/537.36 (KHTML, like Gecko; compatible; bingbot/2.0; +http://www.bing.com/bingbot.htm) Chrome/116.0.1938.76 Safari/537.36"
136.119.129.236 - - [31/Mar/2026:22:42:05 +0000] "GET /viewtopic.php?t=553 HTTP/1.1" 200 35132 "-" "Mozilla/5.0 (X11; Linux x86_64) AppleWebKit/537.36 (KHTML, like Gecko) Chrome/136.0.0.0 Safari/537.36"
136.119.129.236 - - [31/Mar/2026:22:42:06 +0000] "GET /viewtopic.php?t=553 HTTP/1.1" 200 35132 "-" "Mozilla/5.0 (X11; Linux x86_64) AppleWebKit/537.36 (KHTML, like Gecko) Chrome/136.0.0.0 Safari/537.36"
111.69.14.80 - - [31/Mar/2026:22:42:16 +0000] "GET /viewtopic.php?f=15&t=260 HTTP/1.1" 200 26956 "https://electricalforum.nz/viewforum.php?f=15&start=25" "Mozilla/5.0 (Windows NT 10.0; Win64; x64) AppleWebKit/537.36 (KHTML, like Gecko) Chrome/146.0.0.0 Safari/537.36 Edg/146.0.0.0"
51.75.236.128 - - [31/Mar/2026:22:42:18 +0000] "GET /memberlist.php?mode=viewprofile&u=55 HTTP/1.1" 200 14002 "-" "Mozilla/5.0 (compatible; AhrefsBot/7.0; +http://ahrefs.com/robot/)"
66.249.66.165 - - [31/Mar/2026:22:42:54 +0000] "GET /viewtopic.php?t=68 HTTP/1.1" 200 25026 "-" "Mozilla/5.0 (Linux; Android 6.0.1; Nexus 5X Build/MMB29P) AppleWebKit/537.36 (KHTML, like Gecko) Chrome/146.0.7680.164 Mobile Safari/537.36 (compatible; Googlebot/2.1; +http://www.google.com/bot.html)"
47.135.54.71 - - [31/Mar/2026:22:43:05 +0000] "GET /viewtopic.php?t=694 HTTP/1.1" 200 31691 "-" "Mozilla/5.0 (Macintosh; Intel Mac OS X 10_15_7) AppleWebKit/605.1.15 (KHTML, like Gecko) Version/26.2 Safari/605.1.15"
54.37.118.64 - - [31/Mar/2026:22:43:07 +0000] "GET /memberlist.php?mode=viewprofile&u=77 HTTP/1.1" 200 14002 "-" "Mozilla/5.0 (compatible; AhrefsBot/7.0; +http://ahrefs.com/robot/)"
103.194.112.200 - - [31/Mar/2026:22:43:22 +0000] "GET /viewtopic.php?t=694 HTTP/1.1" 200 31691 "https://electricalforum.nz/" "Mozilla/5.0 (Ubuntu; Linux i686; rv:130.0) Gecko/20100101 Firefox/130.0"
94.23.188.196 - - [31/Mar/2026:22:43:35 +0000] "GET /memberlist.php?mode=viewprofile&u=62 HTTP/1.1" 200 14002 "-" "Mozilla/5.0 (compatible; AhrefsBot/7.0; +http://ahrefs.com/robot/)"
23.98.142.177 - - [31/Mar/2026:22:43:36 +0000] "GET /viewtopic.php?t=647 HTTP/1.1" 200 31548 "-" "Mozilla/5.0 AppleWebKit/537.36 (KHTML, like Gecko); compatible; ChatGPT-User/1.0; +https://openai.com/bot"
202.76.189.185 - - [31/Mar/2026:22:44:06 +0000] "GET /viewtopic.php?p=1888 HTTP/1.1" 200 48884 "-" "Mozilla/5.0 (Windows NT 10.0; Win64; x64) AppleWebKit/537.36 (KHTML, like Gecko) Chrome/131.0.6778.265 Safari/537.36"
51.75.236.143 - - [31/Mar/2026:22:44:11 +0000] "GET /viewtopic.php?t=93 HTTP/1.1" 200 33746 "-" "Mozilla/5.0 (compatible; AhrefsBot/7.0; +http://ahrefs.com/robot/)"
47.84.46.133 - - [31/Mar/2026:22:44:38 +0000] "GET /viewtopic.php?p=194&sid=f8e71ac7ef98ebb2ab9f66743a42c6f3 HTTP/1.1" 200 37689 "-" "Mozilla/5.0 (Windows NT 10.0; Win64; x64) AppleWebKit/537.36 (KHTML, like Gecko) Chrome/131.0.0.0 Safari/537.36"
51.68.247.217 - - [31/Mar/2026:22:45:04 +0000] "GET /memberlist.php?mode=viewprofile&u=49 HTTP/1.1" 200 14002 "-" "Mozilla/5.0 (compatible; AhrefsBot/7.0; +http://ahrefs.com/robot/)"
103.194.112.41 - - [31/Mar/2026:22:45:04 +0000] "GET /posting.php?f=5&mode=reply&t=30 HTTP/1.1" 200 13989 "https://www.electricalforum.nz/" "Mozilla/5.0 (iPhone; CPU iPhone OS 16_3_1 like Mac OS X) AppleWebKit/605.1.15 (KHTML, like Gecko) FxiOS/122.2 Mobile/15E148 Safari/605.1.15"
123.22.152.218 - - [31/Mar/2026:22:45:08 +0000] "GET /viewtopic.php?p=194&sid=f8e71ac7ef98ebb2ab9f66743a42c6f3 HTTP/1.1" 200 37689 "-" "Mozilla/5.0 (Windows NT 10.0; Win64; x64) AppleWebKit/537.36 (KHTML, like Gecko) Chrome/133.0.0.0 Safari/537.36"
2001:4860:7:401::f6 - - [31/Mar/2026:22:45:37 +0000] "GET /viewtopic.php?t=94 HTTP/1.1" 200 54669 "https://www.google.com/" "Mozilla/5.0 (Windows NT 10.0; Win64; x64) AppleWebKit/537.36 (KHTML, like Gecko) Chrome/146.0.0.0 Safari/537.36"
2001:4860:7:80b::fb - - [31/Mar/2026:22:45:38 +0000] "GET /viewtopic.php?t=466 HTTP/1.1" 200 48696 "https://www.google.com/" "Mozilla/5.0 (Linux; Android 10; K) AppleWebKit/537.36 (KHTML, like Gecko) Chrome/146.0.0.0 Mobile Safari/537.36"
2a02:26f7:f400:5301:0:4000:0:6 - - [31/Mar/2026:22:45:40 +0000] "GET / HTTP/1.1" 200 59764 "-" "Mozilla/5.0 (Macintosh; Intel Mac OS X 10_15_7) AppleWebKit/605.1.15 (KHTML, like Gecko) Version/18.6 Safari/605.1.15"
37.59.204.147 - - [31/Mar/2026:22:45:42 +0000] "GET /viewtopic.php?f=22&t=279 HTTP/1.1" 200 44614 "-" "Mozilla/5.0 (compatible; AhrefsBot/7.0; +http://ahrefs.com/robot/)"
43.130.105.21 - - [31/Mar/2026:22:46:02 +0000] "GET /ucp.php?mode=login&redirect=viewtopic.php%3Ff%3D11%26p%3D3114&sid=77683c85bc9d38136ab6a0b19929f44c HTTP/1.1" 200 14023 "-" "Mozilla/5.0 (iPhone; CPU iPhone OS 13_2_3 like Mac OS X) AppleWebKit/605.1.15 (KHTML, like Gecko) Version/13.0.3 Mobile/15E148 Safari/604.1"
2001:4860:7:40b::fe - - [31/Mar/2026:22:46:20 +0000] "GET /viewtopic.php?t=336 HTTP/1.1" 200 37161 "https://www.google.com/" "Mozilla/5.0 (Linux; Android 10; K) AppleWebKit/537.36 (KHTML, like Gecko) Chrome/146.0.0.0 Mobile Safari/537.36"
92.222.108.119 - - [31/Mar/2026:22:46:24 +0000] "GET /viewtopic.php?f=10&t=59 HTTP/1.1" 200 25606 "-" "Mozilla/5.0 (compatible; AhrefsBot/7.0; +http://ahrefs.com/robot/)"
213.180.203.56 - - [31/Mar/2026:22:46:59 +0000] "GET /viewtopic.php?t=298 HTTP/1.1" 200 84418 "-" "Mozilla/5.0 (compatible; YandexBot/3.0; +http://yandex.com/bots)"
92.222.108.115 - - [31/Mar/2026:22:47:00 +0000] "GET /memberlist.php?mode=viewprofile&u=359 HTTP/1.1" 200 14005 "-" "Mozilla/5.0 (compatible; AhrefsBot/7.0; +http://ahrefs.com/robot/)"
66.249.66.165 - - [31/Mar/2026:22:47:09 +0000] "GET /viewtopic.php?t=474 HTTP/1.1" 200 39779 "-" "Mozilla/5.0 (Linux; Android 6.0.1; Nexus 5X Build/MMB29P) AppleWebKit/537.36 (KHTML, like Gecko) Chrome/146.0.7680.164 Mobile Safari/537.36 (compatible; Googlebot/2.1; +http://www.google.com/bot.html)"
66.249.66.166 - - [31/Mar/2026:22:47:10 +0000] "GET /viewtopic.php?t=245 HTTP/1.1" 200 24631 "-" "Mozilla/5.0 (Linux; Android 6.0.1; Nexus 5X Build/MMB29P) AppleWebKit/537.36 (KHTML, like Gecko) Chrome/146.0.7680.164 Mobile Safari/537.36 (compatible; Googlebot/2.1; +http://www.google.com/bot.html)"
66.249.66.1 - - [31/Mar/2026:22:47:11 +0000] "GET /viewtopic.php?t=668 HTTP/1.1" 200 39660 "-" "Mozilla/5.0 (Linux; Android 6.0.1; Nexus 5X Build/MMB29P) AppleWebKit/537.36 (KHTML, like Gecko) Chrome/146.0.7680.164 Mobile Safari/537.36 (compatible; Googlebot/2.1; +http://www.google.com/bot.html)"
66.249.66.204 - - [31/Mar/2026:22:47:11 +0000] "GET /viewtopic.php?t=458 HTTP/1.1" 200 29538 "-" "Mozilla/5.0 (Linux; Android 6.0.1; Nexus 5X Build/MMB29P) AppleWebKit/537.36 (KHTML, like Gecko) Chrome/146.0.7680.164 Mobile Safari/537.36 (compatible; Googlebot/2.1; +http://www.google.com/bot.html)"
51.107.70.195 - - [31/Mar/2026:22:47:22 +0000] "GET /viewtopic.php?t=41 HTTP/1.1" 200 63777 "-" "Mozilla/5.0 AppleWebKit/537.36 (KHTML, like Gecko); compatible; ChatGPT-User/1.0; +https://openai.com/bot"
92.222.108.127 - - [31/Mar/2026:22:47:36 +0000] "GET /memberlist.php?mode=viewprofile&u=87 HTTP/1.1" 200 14002 "-" "Mozilla/5.0 (compatible; AhrefsBot/7.0; +http://ahrefs.com/robot/)"
23.98.142.185 - - [31/Mar/2026:22:47:37 +0000] "GET /viewtopic.php?t=131 HTTP/1.1" 200 46849 "-" "Mozilla/5.0 AppleWebKit/537.36 (KHTML, like Gecko); compatible; ChatGPT-User/1.0; +https://openai.com/bot"
2001:4860:7:80b::fa - - [31/Mar/2026:22:47:40 +0000] "GET /viewtopic.php?t=368 HTTP/1.1" 200 52833 "https://www.google.com/" "Mozilla/5.0 (Windows NT 10.0; Win64; x64) AppleWebKit/537.36 (KHTML, like Gecko) Chrome/146.0.0.0 Safari/537.36"
17.246.19.223 - - [31/Mar/2026:22:47:48 +0000] "GET /viewforum.php?f=22&sid=b5d6d0c5fe626b689351897dad810145 HTTP/1.1" 200 42699 "-" "Mozilla/5.0 (Macintosh; Intel Mac OS X 10_15_7) AppleWebKit/605.1.15 (KHTML, like Gecko) Version/17.4 Safari/605.1.15 (Applebot/0.1; +http://www.apple.com/go/applebot)"
23.98.142.185 - - [31/Mar/2026:22:47:53 +0000] "GET /viewtopic.php?t=438 HTTP/1.1" 200 58249 "-" "Mozilla/5.0 AppleWebKit/537.36 (KHTML, like Gecko); compatible; ChatGPT-User/1.0; +https://openai.com/bot"
92.222.104.217 - - [31/Mar/2026:22:48:13 +0000] "GET /viewtopic.php?f=16&t=505 HTTP/1.1" 200 34374 "-" "Mozilla/5.0 (compatible; AhrefsBot/7.0; +http://ahrefs.com/robot/)"
66.249.66.78 - - [31/Mar/2026:22:48:16 +0000] "GET /viewtopic.php?t=211 HTTP/1.1" 200 51944 "-" "Mozilla/5.0 (Linux; Android 6.0.1; Nexus 5X Build/MMB29P) AppleWebKit/537.36 (KHTML, like Gecko) Chrome/146.0.7680.164 Mobile Safari/537.36 (compatible; Googlebot/2.1; +http://www.google.com/bot.html)"
23.98.142.185 - - [31/Mar/2026:22:48:22 +0000] "GET /viewtopic.php?t=297 HTTP/1.1" 200 46751 "-" "Mozilla/5.0 AppleWebKit/537.36 (KHTML, like Gecko); compatible; ChatGPT-User/1.0; +https://openai.com/bot"
94.23.188.207 - - [31/Mar/2026:22:48:43 +0000] "GET /viewtopic.php?f=22&t=181 HTTP/1.1" 200 35290 "-" "Mozilla/5.0 (compatible; AhrefsBot/7.0; +http://ahrefs.com/robot/)"
2001:4860:7:40b::fc - - [31/Mar/2026:22:49:04 +0000] "GET /viewtopic.php?t=10 HTTP/1.1" 200 39907 "https://www.google.com/" "Mozilla/5.0 (Linux; Android 10; K) AppleWebKit/537.36 (KHTML, like Gecko) Chrome/146.0.0.0 Mobile Safari/537.36"
107.172.118.162 - - [31/Mar/2026:22:49:06 +0000] "GET / HTTP/1.1" 200 67360 "https://electricalforum.nz/" "Mozilla/5.0 (Linux; Android 10; K) AppleWebKit/537.36 (KHTML, like Gecko) Chrome/131.0.0.0 Mobile Safari/537.36 EdgA/131.0.0.0"
107.172.118.162 - - [31/Mar/2026:22:49:07 +0000] "GET /posting.php?f=4&mode=quote&p=1457 HTTP/1.1" 200 12825 "https://www.electricalforum.nz/" "Mozilla/5.0 (Linux; Android 10; K) AppleWebKit/537.36 (KHTML, like Gecko) Chrome/131.0.0.0 Mobile Safari/537.36 EdgA/131.0.0.0"
94.23.188.194 - - [31/Mar/2026:22:49:15 +0000] "GET /viewtopic.php?f=2&t=564 HTTP/1.1" 200 39065 "-" "Mozilla/5.0 (compatible; AhrefsBot/7.0; +http://ahrefs.com/robot/)"
92.222.104.217 - - [31/Mar/2026:22:49:55 +0000] "GET /memberlist.php?mode=viewprofile&u=1097 HTTP/1.1" 200 14008 "-" "Mozilla/5.0 (compatible; AhrefsBot/7.0; +http://ahrefs.com/robot/)"
51.75.236.129 - - [31/Mar/2026:22:50:08 +0000] "GET /images/smilies/icon_evil.gif HTTP/1.1" 304 - "-" "Mozilla/5.0 (compatible; AhrefsBot/7.0; +http://ahrefs.com/robot/)"
54.37.118.64 - - [31/Mar/2026:22:50:33 +0000] "GET /viewtopic.php?f=16&t=505&p=2477 HTTP/1.1" 200 34396 "-" "Mozilla/5.0 (compatible; AhrefsBot/7.0; +http://ahrefs.com/robot/)"
142.147.201.8 - - [31/Mar/2026:22:51:10 +0000] "GET /viewtopic.php?t=379 HTTP/1.1" 200 60352 "-" "Mozilla/5.0 (Macintosh; Intel Mac OS X 10_15_7) AppleWebKit/537.36 (KHTML, like Gecko) Chrome/143.0.0.0 Safari/537.36"
94.23.188.193 - - [31/Mar/2026:22:51:12 +0000] "GET /memberlist.php?mode=viewprofile&u=92 HTTP/1.1" 200 14002 "-" "Mozilla/5.0 (compatible; AhrefsBot/7.0; +http://ahrefs.com/robot/)"
2001:4860:7:80c::d0 - - [31/Mar/2026:22:51:40 +0000] "GET /viewtopic.php?t=461 HTTP/1.1" 200 69025 "https://www.google.com/" "Mozilla/5.0 (Windows NT 10.0; Win64; x64) AppleWebKit/537.36 (KHTML, like Gecko) Chrome/146.0.0.0 Safari/537.36"
37.59.204.144 - - [31/Mar/2026:22:51:49 +0000] "GET /viewtopic.php?f=3&t=88 HTTP/1.1" 200 61724 "-" "Mozilla/5.0 (compatible; AhrefsBot/7.0; +http://ahrefs.com/robot/)"
103.194.112.111 - - [31/Mar/2026:22:52:15 +0000] "GET /viewtopic.php?t=379 HTTP/1.1" 200 60352 "https://electricalforum.nz/" "Mozilla/5.0 (Macintosh; Intel Mac OS X 10.15; rv:135.0) Gecko/20100101 Firefox/144.0"
94.23.188.208 - - [31/Mar/2026:22:52:19 +0000] "GET /viewtopic.php?f=10&t=375 HTTP/1.1" 200 29060 "-" "Mozilla/5.0 (compatible; AhrefsBot/7.0; +http://ahrefs.com/robot/)"
92.222.104.202 - - [31/Mar/2026:22:52:57 +0000] "GET /viewtopic.php?f=16&t=493 HTTP/1.1" 200 31341 "-" "Mozilla/5.0 (compatible; AhrefsBot/7.0; +http://ahrefs.com/robot/)"
103.194.112.121 - - [31/Mar/2026:22:53:04 +0000] "GET / HTTP/1.1" 200 67360 "https://www.yahoo.nz/" "Mozilla/5.0 (Linux; Android 10; K) AppleWebKit/537.36 (KHTML, like Gecko) Chrome/122.0.0.0 Mobile Safari/537.36 EdgA/122.0.0.0"
103.194.112.121 - - [31/Mar/2026:22:53:04 +0000] "GET /posting.php?f=13&mode=quote&p=1325 HTTP/1.1" 200 12828 "https://www.electricalforum.nz/" "Mozilla/5.0 (Linux; Android 10; K) AppleWebKit/537.36 (KHTML, like Gecko) Chrome/122.0.0.0 Mobile Safari/537.36 EdgA/122.0.0.0"
51.75.236.135 - - [31/Mar/2026:22:53:39 +0000] "GET /viewtopic.php?f=10&t=62 HTTP/1.1" 200 35491 "-" "Mozilla/5.0 (compatible; AhrefsBot/7.0; +http://ahrefs.com/robot/)"
124.156.157.91 - - [31/Mar/2026:22:53:56 +0000] "GET /ucp.php?mode=terms&sid=77683c85bc9d38136ab6a0b19929f44c HTTP/1.1" 200 13890 "-" "Mozilla/5.0 (iPhone; CPU iPhone OS 13_2_3 like Mac OS X) AppleWebKit/605.1.15 (KHTML, like Gecko) Version/13.0.3 Mobile/15E148 Safari/604.1"
54.37.118.71 - - [31/Mar/2026:22:54:14 +0000] "GET /viewtopic.php?t=523 HTTP/1.1" 200 31140 "-" "Mozilla/5.0 (compatible; AhrefsBot/7.0; +http://ahrefs.com/robot/)"
5.39.1.230 - - [31/Mar/2026:22:54:58 +0000] "GET /viewtopic.php?f=23&t=440&p=2141 HTTP/1.1" 200 26720 "-" "Mozilla/5.0 (compatible; AhrefsBot/7.0; +http://ahrefs.com/robot/)"
92.222.108.99 - - [31/Mar/2026:22:55:30 +0000] "GET /viewtopic.php?f=2&t=616&p=3004 HTTP/1.1" 200 29662 "-" "Mozilla/5.0 (compatible; AhrefsBot/7.0; +http://ahrefs.com/robot/)"
51.68.247.214 - - [31/Mar/2026:22:56:13 +0000] "GET /viewtopic.php?f=3&t=46 HTTP/1.1" 200 37674 "-" "Mozilla/5.0 (compatible; AhrefsBot/7.0; +http://ahrefs.com/robot/)"
2001:41d0:303:2b94::1 - - [31/Mar/2026:22:56:13 +0000] "GET /viewtopic.php?f=2&t=3 HTTP/1.1" 200 22393 "-" "Mozilla/5.0 (compatible; MJ12bot/v1.4.8; http://mj12bot.com/)"
2001:41d0:303:2b94::1 - - [31/Mar/2026:22:56:16 +0000] "GET /viewtopic.php?p=117 HTTP/1.1" 200 40972 "-" "Mozilla/5.0 (compatible; MJ12bot/v1.4.8; http://mj12bot.com/)"
2001:41d0:303:2b94::1 - - [31/Mar/2026:22:56:17 +0000] "GET /viewtopic.php?p=3002 HTTP/1.1" 200 18731 "-" "Mozilla/5.0 (compatible; MJ12bot/v1.4.8; http://mj12bot.com/)"
2001:41d0:303:2b94::1 - - [31/Mar/2026:22:56:19 +0000] "GET /viewtopic.php?p=3004 HTTP/1.1" 200 18731 "-" "Mozilla/5.0 (compatible; MJ12bot/v1.4.8; http://mj12bot.com/)"
2001:41d0:303:2b94::1 - - [31/Mar/2026:22:56:21 +0000] "GET /viewtopic.php?p=3008 HTTP/1.1" 200 32721 "-" "Mozilla/5.0 (compatible; MJ12bot/v1.4.8; http://mj12bot.com/)"
2001:41d0:303:2b94::1 - - [31/Mar/2026:22:56:23 +0000] "GET /viewtopic.php?p=3009 HTTP/1.1" 200 16645 "-" "Mozilla/5.0 (compatible; MJ12bot/v1.4.8; http://mj12bot.com/)"
2001:41d0:303:2b94::1 - - [31/Mar/2026:22:56:25 +0000] "GET /viewtopic.php?p=301 HTTP/1.1" 200 37000 "-" "Mozilla/5.0 (compatible; MJ12bot/v1.4.8; http://mj12bot.com/)"
2001:41d0:303:2b94::1 - - [31/Mar/2026:22:56:26 +0000] "GET /viewtopic.php?p=302 HTTP/1.1" 200 37736 "-" "Mozilla/5.0 (compatible; MJ12bot/v1.4.8; http://mj12bot.com/)"
2001:41d0:303:2b94::1 - - [31/Mar/2026:22:56:28 +0000] "GET /viewtopic.php?p=3021 HTTP/1.1" 200 32721 "-" "Mozilla/5.0 (compatible; MJ12bot/v1.4.8; http://mj12bot.com/)"
2001:41d0:303:2b94::1 - - [31/Mar/2026:22:56:30 +0000] "GET /viewtopic.php?p=3022 HTTP/1.1" 200 18474 "-" "Mozilla/5.0 (compatible; MJ12bot/v1.4.8; http://mj12bot.com/)"
115.189.89.40 - - [31/Mar/2026:22:56:30 +0000] "GET /viewtopic.php?t=653 HTTP/1.1" 200 39249 "https://www.google.com/" "Mozilla/5.0 (iPhone; CPU iPhone OS 16_6_0 like Mac OS X) AppleWebKit/605.1.15 (KHTML, like Gecko) CriOS/133.0.6943.33 Mobile/15E148 Safari/604.1"
115.189.89.40 - - [31/Mar/2026:22:56:30 +0000] "GET /download/file.php?avatar=48_1587468663.jpg HTTP/1.1" 200 8596 "https://electricalforum.nz/viewtopic.php?t=653" "Mozilla/5.0 (iPhone; CPU iPhone OS 16_6_0 like Mac OS X) AppleWebKit/605.1.15 (KHTML, like Gecko) CriOS/133.0.6943.33 Mobile/15E148 Safari/604.1"
115.189.89.40 - - [31/Mar/2026:22:56:30 +0000] "GET /cron/cron.task.core.tidy_cache?sid=d913679ed7b1b06f37e8f77c69155f86 HTTP/1.1" 200 43 "https://electricalforum.nz/viewtopic.php?t=653" "Mozilla/5.0 (iPhone; CPU iPhone OS 16_6_0 like Mac OS X) AppleWebKit/605.1.15 (KHTML, like Gecko) CriOS/133.0.6943.33 Mobile/15E148 Safari/604.1"
2001:41d0:303:2b94::1 - - [31/Mar/2026:22:56:32 +0000] "GET /viewtopic.php?p=3023 HTTP/1.1" 200 32721 "-" "Mozilla/5.0 (compatible; MJ12bot/v1.4.8; http://mj12bot.com/)"
2001:41d0:303:2b94::1 - - [31/Mar/2026:22:56:33 +0000] "GET /viewtopic.php?p=3024 HTTP/1.1" 200 32721 "-" "Mozilla/5.0 (compatible; MJ12bot/v1.4.8; http://mj12bot.com/)"
2001:41d0:303:2b94::1 - - [31/Mar/2026:22:56:35 +0000] "GET /viewtopic.php?p=304 HTTP/1.1" 200 46756 "-" "Mozilla/5.0 (compatible; MJ12bot/v1.4.8; http://mj12bot.com/)"
2001:41d0:303:2b94::1 - - [31/Mar/2026:22:56:37 +0000] "GET /viewtopic.php?p=305 HTTP/1.1" 200 19308 "-" "Mozilla/5.0 (compatible; MJ12bot/v1.4.8; http://mj12bot.com/)"
115.189.89.40 - - [31/Mar/2026:22:56:37 +0000] "GET /viewforum.php?f=4&sid=d913679ed7b1b06f37e8f77c69155f86 HTTP/1.1" 200 81967 "https://electricalforum.nz/viewtopic.php?t=653" "Mozilla/5.0 (iPhone; CPU iPhone OS 16_6_0 like Mac OS X) AppleWebKit/605.1.15 (KHTML, like Gecko) CriOS/133.0.6943.33 Mobile/15E148 Safari/604.1"
115.189.89.40 - - [31/Mar/2026:22:56:38 +0000] "GET /download/file.php?avatar=195_1588718636.jpg HTTP/1.1" 200 3848 "https://electricalforum.nz/viewforum.php?f=4&sid=d913679ed7b1b06f37e8f77c69155f86" "Mozilla/5.0 (iPhone; CPU iPhone OS 16_6_0 like Mac OS X) AppleWebKit/605.1.15 (KHTML, like Gecko) CriOS/133.0.6943.33 Mobile/15E148 Safari/604.1"
115.189.89.40 - - [31/Mar/2026:22:56:38 +0000] "GET /download/file.php?avatar=2_1586689763.jpg HTTP/1.1" 200 5528 "https://electricalforum.nz/viewforum.php?f=4&sid=d913679ed7b1b06f37e8f77c69155f86" "Mozilla/5.0 (iPhone; CPU iPhone OS 16_6_0 like Mac OS X) AppleWebKit/605.1.15 (KHTML, like Gecko) CriOS/133.0.6943.33 Mobile/15E148 Safari/604.1"
115.189.89.40 - - [31/Mar/2026:22:56:38 +0000] "GET /download/file.php?avatar=4128_1746570691.jpg HTTP/1.1" 200 10163 "https://electricalforum.nz/viewforum.php?f=4&sid=d913679ed7b1b06f37e8f77c69155f86" "Mozilla/5.0 (iPhone; CPU iPhone OS 16_6_0 like Mac OS X) AppleWebKit/605.1.15 (KHTML, like Gecko) CriOS/133.0.6943.33 Mobile/15E148 Safari/604.1"
2001:41d0:303:2b94::1 - - [31/Mar/2026:22:56:39 +0000] "GET /viewtopic.php?p=3050 HTTP/1.1" 200 23667 "-" "Mozilla/5.0 (compatible; MJ12bot/v1.4.8; http://mj12bot.com/)"
2001:41d0:303:2b94::1 - - [31/Mar/2026:22:56:40 +0000] "GET /viewtopic.php?p=3051 HTTP/1.1" 200 23667 "-" "Mozilla/5.0 (compatible; MJ12bot/v1.4.8; http://mj12bot.com/)"
23.98.142.178 - - [31/Mar/2026:22:56:42 +0000] "GET /viewtopic.php?t=494 HTTP/1.1" 200 65674 "-" "Mozilla/5.0 AppleWebKit/537.36 (KHTML, like Gecko); compatible; ChatGPT-User/1.0; +https://openai.com/bot"
2001:41d0:303:2b94::1 - - [31/Mar/2026:22:56:42 +0000] "GET /viewtopic.php?p=3052 HTTP/1.1" 200 23667 "-" "Mozilla/5.0 (compatible; MJ12bot/v1.4.8; http://mj12bot.com/)"
2001:41d0:303:2b94::1 - - [31/Mar/2026:22:56:44 +0000] "GET /viewtopic.php?p=3053 HTTP/1.1" 200 24224 "-" "Mozilla/5.0 (compatible; MJ12bot/v1.4.8; http://mj12bot.com/)"
2001:41d0:303:2b94::1 - - [31/Mar/2026:22:56:46 +0000] "GET /viewtopic.php?p=3054 HTTP/1.1" 200 23667 "-" "Mozilla/5.0 (compatible; MJ12bot/v1.4.8; http://mj12bot.com/)"
2001:41d0:303:2b94::1 - - [31/Mar/2026:22:56:48 +0000] "GET /viewtopic.php?p=3055 HTTP/1.1" 200 24224 "-" "Mozilla/5.0 (compatible; MJ12bot/v1.4.8; http://mj12bot.com/)"
2001:41d0:303:2b94::1 - - [31/Mar/2026:22:56:49 +0000] "GET /viewtopic.php?p=3065 HTTP/1.1" 200 32602 "-" "Mozilla/5.0 (compatible; MJ12bot/v1.4.8; http://mj12bot.com/)"
2001:41d0:303:2b94::1 - - [31/Mar/2026:22:56:51 +0000] "GET /viewtopic.php?p=3066 HTTP/1.1" 200 32602 "-" "Mozilla/5.0 (compatible; MJ12bot/v1.4.8; http://mj12bot.com/)"
2001:41d0:303:2b94::1 - - [31/Mar/2026:22:56:53 +0000] "GET /viewtopic.php?p=3073 HTTP/1.1" 200 32602 "-" "Mozilla/5.0 (compatible; MJ12bot/v1.4.8; http://mj12bot.com/)"
2001:41d0:303:2b94::1 - - [31/Mar/2026:22:56:54 +0000] "GET /viewtopic.php?p=3076 HTTP/1.1" 200 24224 "-" "Mozilla/5.0 (compatible; MJ12bot/v1.4.8; http://mj12bot.com/)"
2001:41d0:303:2b94::1 - - [31/Mar/2026:22:56:56 +0000] "GET /viewtopic.php?p=308 HTTP/1.1" 200 19308 "-" "Mozilla/5.0 (compatible; MJ12bot/v1.4.8; http://mj12bot.com/)"
2001:41d0:303:2b94::1 - - [31/Mar/2026:22:56:58 +0000] "GET /viewtopic.php?p=3080 HTTP/1.1" 200 38831 "-" "Mozilla/5.0 (compatible; MJ12bot/v1.4.8; http://mj12bot.com/)"
2001:41d0:303:2b94::1 - - [31/Mar/2026:22:57:00 +0000] "GET /viewtopic.php?p=3090 HTTP/1.1" 200 21605 "-" "Mozilla/5.0 (compatible; MJ12bot/v1.4.8; http://mj12bot.com/)"
2001:41d0:303:2b94::1 - - [31/Mar/2026:22:57:02 +0000] "GET /viewtopic.php?p=3091 HTTP/1.1" 200 21605 "-" "Mozilla/5.0 (compatible; MJ12bot/v1.4.8; http://mj12bot.com/)"
2001:41d0:303:2b94::1 - - [31/Mar/2026:22:57:03 +0000] "GET /viewtopic.php?p=3096 HTTP/1.1" 200 19452 "-" "Mozilla/5.0 (compatible; MJ12bot/v1.4.8; http://mj12bot.com/)"
115.189.89.40 - - [31/Mar/2026:22:57:04 +0000] "GET /viewtopic.php?f=4&t=431 HTTP/1.1" 200 40871 "https://electricalforum.nz/viewforum.php?f=4&sid=d913679ed7b1b06f37e8f77c69155f86" "Mozilla/5.0 (iPhone; CPU iPhone OS 16_6_0 like Mac OS X) AppleWebKit/605.1.15 (KHTML, like Gecko) CriOS/133.0.6943.33 Mobile/15E148 Safari/604.1"
185.226.214.90 - - [31/Mar/2026:22:57:05 +0000] "GET /posting.php?f=2&mode=quote&p=1711 HTTP/1.1" 200 13991 "http://www.baidu.nz/" "Mozilla/5.0 (iPhone; CPU iPhone OS 18_0 like Mac OS X) AppleWebKit/605.1.15 (KHTML, like Gecko) Version/18.4 Mobile/15E148 Safari/604.1"
2001:41d0:303:2b94::1 - - [31/Mar/2026:22:57:05 +0000] "GET /viewtopic.php?p=31 HTTP/1.1" 200 40337 "-" "Mozilla/5.0 (compatible; MJ12bot/v1.4.8; http://mj12bot.com/)"
2001:41d0:303:2b94::1 - - [31/Mar/2026:22:57:07 +0000] "GET /viewtopic.php?p=3103 HTTP/1.1" 200 19452 "-" "Mozilla/5.0 (compatible; MJ12bot/v1.4.8; http://mj12bot.com/)"
2001:41d0:303:2b94::1 - - [31/Mar/2026:22:57:09 +0000] "GET /viewtopic.php?p=3104 HTTP/1.1" 200 29846 "-" "Mozilla/5.0 (compatible; MJ12bot/v1.4.8; http://mj12bot.com/)"
2001:41d0:303:2b94::1 - - [31/Mar/2026:22:57:11 +0000] "GET /viewtopic.php?p=3108 HTTP/1.1" 200 29846 "-" "Mozilla/5.0 (compatible; MJ12bot/v1.4.8; http://mj12bot.com/)"
2001:41d0:303:2b94::1 - - [31/Mar/2026:22:57:13 +0000] "GET /viewtopic.php?p=3112 HTTP/1.1" 200 20545 "-" "Mozilla/5.0 (compatible; MJ12bot/v1.4.8; http://mj12bot.com/)"
2001:41d0:303:2b94::1 - - [31/Mar/2026:22:57:14 +0000] "GET /viewtopic.php?p=3114 HTTP/1.1" 200 20545 "-" "Mozilla/5.0 (compatible; MJ12bot/v1.4.8; http://mj12bot.com/)"
2001:41d0:303:2b94::1 - - [31/Mar/2026:22:57:16 +0000] "GET /viewtopic.php?p=3119 HTTP/1.1" 200 29027 "-" "Mozilla/5.0 (compatible; MJ12bot/v1.4.8; http://mj12bot.com/)"
2001:41d0:303:2b94::1 - - [31/Mar/2026:22:57:18 +0000] "GET /viewtopic.php?p=3120 HTTP/1.1" 200 29846 "-" "Mozilla/5.0 (compatible; MJ12bot/v1.4.8; http://mj12bot.com/)"
2001:41d0:303:2b94::1 - - [31/Mar/2026:22:57:20 +0000] "GET /viewtopic.php?p=3121 HTTP/1.1" 200 29846 "-" "Mozilla/5.0 (compatible; MJ12bot/v1.4.8; http://mj12bot.com/)"
115.189.89.40 - - [31/Mar/2026:22:57:20 +0000] "GET /viewtopic.php?f=4&t=307 HTTP/1.1" 200 71091 "https://electricalforum.nz/viewforum.php?f=4&sid=d913679ed7b1b06f37e8f77c69155f86" "Mozilla/5.0 (iPhone; CPU iPhone OS 16_6_0 like Mac OS X) AppleWebKit/605.1.15 (KHTML, like Gecko) CriOS/133.0.6943.33 Mobile/15E148 Safari/604.1"
115.189.89.40 - - [31/Mar/2026:22:57:21 +0000] "GET /download/file.php?avatar=139_1624596067.jpg HTTP/1.1" 200 2379 "https://electricalforum.nz/viewtopic.php?f=4&t=307" "Mozilla/5.0 (iPhone; CPU iPhone OS 16_6_0 like Mac OS X) AppleWebKit/605.1.15 (KHTML, like Gecko) CriOS/133.0.6943.33 Mobile/15E148 Safari/604.1"
2001:41d0:303:2b94::1 - - [31/Mar/2026:22:57:22 +0000] "GET /viewtopic.php?p=3122 HTTP/1.1" 200 29027 "-" "Mozilla/5.0 (compatible; MJ12bot/v1.4.8; http://mj12bot.com/)"
2001:41d0:303:2b94::1 - - [31/Mar/2026:22:57:23 +0000] "GET /viewtopic.php?p=3123 HTTP/1.1" 200 29027 "-" "Mozilla/5.0 (compatible; MJ12bot/v1.4.8; http://mj12bot.com/)"
2001:41d0:303:2b94::1 - - [31/Mar/2026:22:57:25 +0000] "GET /viewtopic.php?p=3124 HTTP/1.1" 200 29027 "-" "Mozilla/5.0 (compatible; MJ12bot/v1.4.8; http://mj12bot.com/)"
2001:41d0:303:2b94::1 - - [31/Mar/2026:22:57:27 +0000] "GET /viewtopic.php?p=3135 HTTP/1.1" 200 39070 "-" "Mozilla/5.0 (compatible; MJ12bot/v1.4.8; http://mj12bot.com/)"
2001:41d0:303:2b94::1 - - [31/Mar/2026:22:57:28 +0000] "GET /viewtopic.php?p=3136 HTTP/1.1" 200 39070 "-" "Mozilla/5.0 (compatible; MJ12bot/v1.4.8; http://mj12bot.com/)"
2001:41d0:303:2b94::1 - - [31/Mar/2026:22:57:30 +0000] "GET /viewtopic.php?p=3137 HTTP/1.1" 200 39070 "-" "Mozilla/5.0 (compatible; MJ12bot/v1.4.8; http://mj12bot.com/)"
2001:41d0:303:2b94::1 - - [31/Mar/2026:22:57:32 +0000] "GET /viewtopic.php?p=3138 HTTP/1.1" 200 39070 "-" "Mozilla/5.0 (compatible; MJ12bot/v1.4.8; http://mj12bot.com/)"
2001:41d0:303:2b94::1 - - [31/Mar/2026:22:57:34 +0000] "GET /viewtopic.php?p=3139 HTTP/1.1" 200 39070 "-" "Mozilla/5.0 (compatible; MJ12bot/v1.4.8; http://mj12bot.com/)"
37.59.204.138 - - [31/Mar/2026:22:57:34 +0000] "GET /viewtopic.php?f=10&t=56 HTTP/1.1" 200 30651 "-" "Mozilla/5.0 (compatible; AhrefsBot/7.0; +http://ahrefs.com/robot/)"
2001:41d0:303:2b94::1 - - [31/Mar/2026:22:57:36 +0000] "GET /viewtopic.php?p=3142 HTTP/1.1" 200 27448 "-" "Mozilla/5.0 (compatible; MJ12bot/v1.4.8; http://mj12bot.com/)"
2001:41d0:303:2b94::1 - - [31/Mar/2026:22:57:37 +0000] "GET /viewtopic.php?p=3143 HTTP/1.1" 200 27448 "-" "Mozilla/5.0 (compatible; MJ12bot/v1.4.8; http://mj12bot.com/)"
2001:41d0:303:2b94::1 - - [31/Mar/2026:22:57:39 +0000] "GET /viewtopic.php?p=3144 HTTP/1.1" 200 27448 "-" "Mozilla/5.0 (compatible; MJ12bot/v1.4.8; http://mj12bot.com/)"
2001:41d0:303:2b94::1 - - [31/Mar/2026:22:57:41 +0000] "GET /viewtopic.php?p=3171 HTTP/1.1" 200 21499 "-" "Mozilla/5.0 (compatible; MJ12bot/v1.4.8; http://mj12bot.com/)"
2001:41d0:303:2b94::1 - - [31/Mar/2026:22:57:42 +0000] "GET /viewtopic.php?p=3177 HTTP/1.1" 200 21499 "-" "Mozilla/5.0 (compatible; MJ12bot/v1.4.8; http://mj12bot.com/)"
2001:41d0:303:2b94::1 - - [31/Mar/2026:22:57:44 +0000] "GET /viewtopic.php?p=3178 HTTP/1.1" 200 20326 "-" "Mozilla/5.0 (compatible; MJ12bot/v1.4.8; http://mj12bot.com/)"
2001:41d0:303:2b94::1 - - [31/Mar/2026:22:57:46 +0000] "GET /viewtopic.php?p=3179 HTTP/1.1" 200 55559 "-" "Mozilla/5.0 (compatible; MJ12bot/v1.4.8; http://mj12bot.com/)"
2001:41d0:303:2b94::1 - - [31/Mar/2026:22:57:48 +0000] "GET /viewtopic.php?p=3180 HTTP/1.1" 200 55559 "-" "Mozilla/5.0 (compatible; MJ12bot/v1.4.8; http://mj12bot.com/)"
2001:41d0:303:2b94::1 - - [31/Mar/2026:22:57:50 +0000] "GET /viewtopic.php?p=3182 HTTP/1.1" 200 21257 "-" "Mozilla/5.0 (compatible; MJ12bot/v1.4.8; http://mj12bot.com/)"
2001:41d0:303:2b94::1 - - [31/Mar/2026:22:57:51 +0000] "GET /viewtopic.php?p=3183 HTTP/1.1" 200 21257 "-" "Mozilla/5.0 (compatible; MJ12bot/v1.4.8; http://mj12bot.com/)"
2001:41d0:303:2b94::1 - - [31/Mar/2026:22:57:53 +0000] "GET /viewtopic.php?p=3185 HTTP/1.1" 200 55559 "-" "Mozilla/5.0 (compatible; MJ12bot/v1.4.8; http://mj12bot.com/)"
2001:41d0:303:2b94::1 - - [31/Mar/2026:22:57:55 +0000] "GET /viewtopic.php?p=3191 HTTP/1.1" 200 21257 "-" "Mozilla/5.0 (compatible; MJ12bot/v1.4.8; http://mj12bot.com/)"
2001:41d0:303:2b94::1 - - [31/Mar/2026:22:57:57 +0000] "GET /viewtopic.php?p=3205 HTTP/1.1" 200 39660 "-" "Mozilla/5.0 (compatible; MJ12bot/v1.4.8; http://mj12bot.com/)"
2001:41d0:303:2b94::1 - - [31/Mar/2026:22:57:59 +0000] "GET /viewtopic.php?p=3206 HTTP/1.1" 200 39660 "-" "Mozilla/5.0 (compatible; MJ12bot/v1.4.8; http://mj12bot.com/)"
2001:41d0:303:2b94::1 - - [31/Mar/2026:22:58:00 +0000] "GET /viewtopic.php?p=3207 HTTP/1.1" 200 39660 "-" "Mozilla/5.0 (compatible; MJ12bot/v1.4.8; http://mj12bot.com/)"
2001:41d0:303:2b94::1 - - [31/Mar/2026:22:58:02 +0000] "GET /viewtopic.php?p=3208 HTTP/1.1" 200 39660 "-" "Mozilla/5.0 (compatible; MJ12bot/v1.4.8; http://mj12bot.com/)"
5.39.109.161 - - [31/Mar/2026:22:58:02 +0000] "GET /viewtopic.php?f=3&t=4&p=302 HTTP/1.1" 200 56951 "-" "Mozilla/5.0 (compatible; AhrefsBot/7.0; +http://ahrefs.com/robot/)"
172.58.133.176 - - [31/Mar/2026:22:58:03 +0000] "GET /viewtopic.php?t=89 HTTP/1.1" 200 40534 "-" "Mozilla/5.0 (Macintosh; Intel Mac OS X 10_13_5) AppleWebKit/537.36 (KHTML, like Gecko) Chrome/69.0.3497.100 Safari/537.36"
2001:41d0:303:2b94::1 - - [31/Mar/2026:22:58:04 +0000] "GET /viewtopic.php?p=3214 HTTP/1.1" 200 20895 "-" "Mozilla/5.0 (compatible; MJ12bot/v1.4.8; http://mj12bot.com/)"
2001:41d0:303:2b94::1 - - [31/Mar/2026:22:58:05 +0000] "GET /viewtopic.php?p=3215 HTTP/1.1" 200 39660 "-" "Mozilla/5.0 (compatible; MJ12bot/v1.4.8; http://mj12bot.com/)"
2001:41d0:303:2b94::1 - - [31/Mar/2026:22:58:07 +0000] "GET /viewtopic.php?p=3217 HTTP/1.1" 200 20895 "-" "Mozilla/5.0 (compatible; MJ12bot/v1.4.8; http://mj12bot.com/)"
2001:41d0:303:2b94::1 - - [31/Mar/2026:22:58:09 +0000] "GET /viewtopic.php?p=3219 HTTP/1.1" 200 39660 "-" "Mozilla/5.0 (compatible; MJ12bot/v1.4.8; http://mj12bot.com/)"
2001:41d0:303:2b94::1 - - [31/Mar/2026:22:58:11 +0000] "GET /viewtopic.php?p=322 HTTP/1.1" 200 41446 "-" "Mozilla/5.0 (compatible; MJ12bot/v1.4.8; http://mj12bot.com/)"
2001:41d0:303:2b94::1 - - [31/Mar/2026:22:58:13 +0000] "GET /viewtopic.php?p=3220 HTTP/1.1" 200 39660 "-" "Mozilla/5.0 (compatible; MJ12bot/v1.4.8; http://mj12bot.com/)"
2001:41d0:303:2b94::1 - - [31/Mar/2026:22:58:14 +0000] "GET /viewtopic.php?p=3221 HTTP/1.1" 200 39660 "-" "Mozilla/5.0 (compatible; MJ12bot/v1.4.8; http://mj12bot.com/)"
2001:41d0:303:2b94::1 - - [31/Mar/2026:22:58:16 +0000] "GET /viewtopic.php?p=3222 HTTP/1.1" 200 40337 "-" "Mozilla/5.0 (compatible; MJ12bot/v1.4.8; http://mj12bot.com/)"
2001:41d0:303:2b94::1 - - [31/Mar/2026:22:58:18 +0000] "GET /viewtopic.php?p=3224 HTTP/1.1" 200 55559 "-" "Mozilla/5.0 (compatible; MJ12bot/v1.4.8; http://mj12bot.com/)"
2001:41d0:303:2b94::1 - - [31/Mar/2026:22:58:20 +0000] "GET /viewtopic.php?p=3225 HTTP/1.1" 200 26625 "-" "Mozilla/5.0 (compatible; MJ12bot/v1.4.8; http://mj12bot.com/)"
2001:41d0:303:2b94::1 - - [31/Mar/2026:22:58:22 +0000] "GET /viewtopic.php?p=3227 HTTP/1.1" 200 26625 "-" "Mozilla/5.0 (compatible; MJ12bot/v1.4.8; http://mj12bot.com/)"
2001:41d0:303:2b94::1 - - [31/Mar/2026:22:58:23 +0000] "GET /viewtopic.php?p=3228 HTTP/1.1" 200 55559 "-" "Mozilla/5.0 (compatible; MJ12bot/v1.4.8; http://mj12bot.com/)"
2001:41d0:303:2b94::1 - - [31/Mar/2026:22:58:25 +0000] "GET /viewtopic.php?p=3229 HTTP/1.1" 200 26625 "-" "Mozilla/5.0 (compatible; MJ12bot/v1.4.8; http://mj12bot.com/)"
2001:41d0:303:2b94::1 - - [31/Mar/2026:22:58:27 +0000] "GET /viewtopic.php?p=3230 HTTP/1.1" 200 26625 "-" "Mozilla/5.0 (compatible; MJ12bot/v1.4.8; http://mj12bot.com/)"
5.39.109.162 - - [31/Mar/2026:22:58:27 +0000] "GET /viewtopic.php?f=16&t=492 HTTP/1.1" 200 41191 "-" "Mozilla/5.0 (compatible; AhrefsBot/7.0; +http://ahrefs.com/robot/)"
2001:41d0:303:2b94::1 - - [31/Mar/2026:22:58:28 +0000] "GET /viewtopic.php?p=3232 HTTP/1.1" 200 37241 "-" "Mozilla/5.0 (compatible; MJ12bot/v1.4.8; http://mj12bot.com/)"
2001:41d0:303:2b94::1 - - [31/Mar/2026:22:58:30 +0000] "GET /viewtopic.php?p=3233 HTTP/1.1" 200 37241 "-" "Mozilla/5.0 (compatible; MJ12bot/v1.4.8; http://mj12bot.com/)"
2001:41d0:303:2b94::1 - - [31/Mar/2026:22:58:32 +0000] "GET /viewtopic.php?p=3235 HTTP/1.1" 200 55559 "-" "Mozilla/5.0 (compatible; MJ12bot/v1.4.8; http://mj12bot.com/)"
2001:41d0:303:2b94::1 - - [31/Mar/2026:22:58:34 +0000] "GET /viewtopic.php?p=3236 HTTP/1.1" 200 55559 "-" "Mozilla/5.0 (compatible; MJ12bot/v1.4.8; http://mj12bot.com/)"
2001:41d0:303:2b94::1 - - [31/Mar/2026:22:58:35 +0000] "GET /viewtopic.php?p=324 HTTP/1.1" 200 41446 "-" "Mozilla/5.0 (compatible; MJ12bot/v1.4.8; http://mj12bot.com/)"
172.58.252.139 - - [31/Mar/2026:22:58:37 +0000] "GET /viewtopic.php?t=98 HTTP/1.1" 200 76127 "-" "Mozilla/5.0 (Macintosh; Intel Mac OS X 10_15_7) AppleWebKit/537.36 (KHTML, like Gecko) Chrome/143.0.0.0 Safari/537.36"
2001:41d0:303:2b94::1 - - [31/Mar/2026:22:58:37 +0000] "GET /viewtopic.php?p=3240 HTTP/1.1" 200 33676 "-" "Mozilla/5.0 (compatible; MJ12bot/v1.4.8; http://mj12bot.com/)"
2001:41d0:303:2b94::1 - - [31/Mar/2026:22:58:39 +0000] "GET /viewtopic.php?p=3243 HTTP/1.1" 200 33676 "-" "Mozilla/5.0 (compatible; MJ12bot/v1.4.8; http://mj12bot.com/)"
2001:41d0:303:2b94::1 - - [31/Mar/2026:22:58:41 +0000] "GET /viewtopic.php?p=3244 HTTP/1.1" 200 33676 "-" "Mozilla/5.0 (compatible; MJ12bot/v1.4.8; http://mj12bot.com/)"
2001:41d0:303:2b94::1 - - [31/Mar/2026:22:58:42 +0000] "GET /viewtopic.php?p=3245 HTTP/1.1" 200 33676 "-" "Mozilla/5.0 (compatible; MJ12bot/v1.4.8; http://mj12bot.com/)"
2001:41d0:303:2b94::1 - - [31/Mar/2026:22:58:44 +0000] "GET /viewtopic.php?p=3246 HTTP/1.1" 200 33676 "-" "Mozilla/5.0 (compatible; MJ12bot/v1.4.8; http://mj12bot.com/)"
2001:41d0:303:2b94::1 - - [31/Mar/2026:22:58:46 +0000] "GET /viewtopic.php?p=3251 HTTP/1.1" 200 67597 "-" "Mozilla/5.0 (compatible; MJ12bot/v1.4.8; http://mj12bot.com/)"
2001:41d0:303:2b94::1 - - [31/Mar/2026:22:58:48 +0000] "GET /viewtopic.php?p=3253 HTTP/1.1" 200 38831 "-" "Mozilla/5.0 (compatible; MJ12bot/v1.4.8; http://mj12bot.com/)"
2001:41d0:303:2b94::1 - - [31/Mar/2026:22:58:49 +0000] "GET /viewtopic.php?p=3254 HTTP/1.1" 200 33676 "-" "Mozilla/5.0 (compatible; MJ12bot/v1.4.8; http://mj12bot.com/)"
