194.247.173.99 - - [31/Mar/2026:20:22:35 +0000] "GET /viewtopic.php?p=148 HTTP/1.1" 200 25015 "-" "Mozilla/5.0 (compatible; MJ12bot/v1.4.8; http://mj12bot.com/)"
194.247.173.99 - - [31/Mar/2026:20:22:37 +0000] "GET /viewtopic.php?p=149 HTTP/1.1" 200 25015 "-" "Mozilla/5.0 (compatible; MJ12bot/v1.4.8; http://mj12bot.com/)"
194.247.173.99 - - [31/Mar/2026:20:22:39 +0000] "GET /viewtopic.php?p=1496 HTTP/1.1" 200 32502 "-" "Mozilla/5.0 (compatible; MJ12bot/v1.4.8; http://mj12bot.com/)"
194.247.173.99 - - [31/Mar/2026:20:22:41 +0000] "GET /viewtopic.php?p=1497 HTTP/1.1" 200 32502 "-" "Mozilla/5.0 (compatible; MJ12bot/v1.4.8; http://mj12bot.com/)"
194.247.173.99 - - [31/Mar/2026:20:22:42 +0000] "GET /viewtopic.php?p=1498 HTTP/1.1" 200 27260 "-" "Mozilla/5.0 (compatible; MJ12bot/v1.4.8; http://mj12bot.com/)"
194.247.173.99 - - [31/Mar/2026:20:22:44 +0000] "GET /viewtopic.php?p=1506 HTTP/1.1" 200 34555 "-" "Mozilla/5.0 (compatible; MJ12bot/v1.4.8; http://mj12bot.com/)"
194.247.173.99 - - [31/Mar/2026:20:22:46 +0000] "GET /viewtopic.php?p=1507 HTTP/1.1" 200 29722 "-" "Mozilla/5.0 (compatible; MJ12bot/v1.4.8; http://mj12bot.com/)"
194.247.173.99 - - [31/Mar/2026:20:22:48 +0000] "GET /viewtopic.php?p=1508 HTTP/1.1" 200 26596 "-" "Mozilla/5.0 (compatible; MJ12bot/v1.4.8; http://mj12bot.com/)"
194.247.173.99 - - [31/Mar/2026:20:22:50 +0000] "GET /viewtopic.php?p=1509 HTTP/1.1" 200 29722 "-" "Mozilla/5.0 (compatible; MJ12bot/v1.4.8; http://mj12bot.com/)"
2001:4860:7:50b::ff - - [31/Mar/2026:20:22:50 +0000] "GET /viewtopic.php?t=466 HTTP/1.1" 200 10802 "https://www.google.com/" "Mozilla/5.0 (X11; CrOS x86_64 14541.0.0) AppleWebKit/537.36 (KHTML, like Gecko) Chrome/146.0.0.0 Safari/537.36"
194.247.173.99 - - [31/Mar/2026:20:22:51 +0000] "GET /viewtopic.php?p=1511 HTTP/1.1" 200 26596 "-" "Mozilla/5.0 (compatible; MJ12bot/v1.4.8; http://mj12bot.com/)"
194.247.173.99 - - [31/Mar/2026:20:22:53 +0000] "GET /viewtopic.php?p=1512 HTTP/1.1" 200 29722 "-" "Mozilla/5.0 (compatible; MJ12bot/v1.4.8; http://mj12bot.com/)"
194.247.173.99 - - [31/Mar/2026:20:22:55 +0000] "GET /viewtopic.php?p=1513 HTTP/1.1" 200 29722 "-" "Mozilla/5.0 (compatible; MJ12bot/v1.4.8; http://mj12bot.com/)"
194.247.173.99 - - [31/Mar/2026:20:22:57 +0000] "GET /viewtopic.php?p=1514 HTTP/1.1" 200 29722 "-" "Mozilla/5.0 (compatible; MJ12bot/v1.4.8; http://mj12bot.com/)"
219.89.6.128 - - [31/Mar/2026:20:22:59 +0000] "GET /viewtopic.php?t=298 HTTP/1.1" 200 10108 "https://www.google.com/" "Mozilla/5.0 (Linux; Android 10; K) AppleWebKit/537.36 (KHTML, like Gecko) Chrome/146.0.0.0 Mobile Safari/537.36"
194.247.173.99 - - [31/Mar/2026:20:22:59 +0000] "GET /viewtopic.php?p=1515 HTTP/1.1" 200 29722 "-" "Mozilla/5.0 (compatible; MJ12bot/v1.4.8; http://mj12bot.com/)"
194.247.173.99 - - [31/Mar/2026:20:23:01 +0000] "GET /viewtopic.php?p=152 HTTP/1.1" 200 71393 "-" "Mozilla/5.0 (compatible; MJ12bot/v1.4.8; http://mj12bot.com/)"
219.89.6.128 - - [31/Mar/2026:20:23:01 +0000] "POST /ucp.php?mode=login HTTP/1.1" 200 10181 "https://electricalforum.nz/viewtopic.php?t=298" "Mozilla/5.0 (Linux; Android 10; K) AppleWebKit/537.36 (KHTML, like Gecko) Chrome/146.0.0.0 Mobile Safari/537.36"
194.247.173.99 - - [31/Mar/2026:20:23:03 +0000] "GET /viewtopic.php?p=154 HTTP/1.1" 200 71393 "-" "Mozilla/5.0 (compatible; MJ12bot/v1.4.8; http://mj12bot.com/)"
194.247.173.99 - - [31/Mar/2026:20:23:05 +0000] "GET /viewtopic.php?p=156 HTTP/1.1" 200 25015 "-" "Mozilla/5.0 (compatible; MJ12bot/v1.4.8; http://mj12bot.com/)"
194.247.173.99 - - [31/Mar/2026:20:23:06 +0000] "GET /viewtopic.php?p=1576 HTTP/1.1" 200 29693 "-" "Mozilla/5.0 (compatible; MJ12bot/v1.4.8; http://mj12bot.com/)"
219.89.6.128 - - [31/Mar/2026:20:23:07 +0000] "GET /ucp.php?mode=login&redirect=./viewtopic.php?t=298 HTTP/1.1" 200 10161 "https://electricalforum.nz/ucp.php?mode=login" "Mozilla/5.0 (Linux; Android 10; K) AppleWebKit/537.36 (KHTML, like Gecko) Chrome/146.0.0.0 Mobile Safari/537.36"
194.247.173.99 - - [31/Mar/2026:20:23:08 +0000] "GET /viewtopic.php?p=1579 HTTP/1.1" 200 29693 "-" "Mozilla/5.0 (compatible; MJ12bot/v1.4.8; http://mj12bot.com/)"
219.89.6.128 - - [31/Mar/2026:20:23:09 +0000] "GET /rules HTTP/1.1" 200 16021 "https://electricalforum.nz/ucp.php?mode=login&redirect=./viewtopic.php?t=298" "Mozilla/5.0 (Linux; Android 10; K) AppleWebKit/537.36 (KHTML, like Gecko) Chrome/146.0.0.0 Mobile Safari/537.36"
194.247.173.99 - - [31/Mar/2026:20:23:10 +0000] "GET /viewtopic.php?p=1580 HTTP/1.1" 200 29693 "-" "Mozilla/5.0 (compatible; MJ12bot/v1.4.8; http://mj12bot.com/)"
194.247.173.99 - - [31/Mar/2026:20:23:12 +0000] "GET /viewtopic.php?p=1585 HTTP/1.1" 200 29693 "-" "Mozilla/5.0 (compatible; MJ12bot/v1.4.8; http://mj12bot.com/)"
194.247.173.99 - - [31/Mar/2026:20:23:14 +0000] "GET /viewtopic.php?p=159 HTTP/1.1" 200 25015 "-" "Mozilla/5.0 (compatible; MJ12bot/v1.4.8; http://mj12bot.com/)"
194.247.173.99 - - [31/Mar/2026:20:23:16 +0000] "GET /viewtopic.php?p=1594 HTTP/1.1" 200 29693 "-" "Mozilla/5.0 (compatible; MJ12bot/v1.4.8; http://mj12bot.com/)"
219.89.6.128 - - [31/Mar/2026:20:23:16 +0000] "GET /index.php HTTP/1.1" 200 10429 "https://electricalforum.nz/rules" "Mozilla/5.0 (Linux; Android 10; K) AppleWebKit/537.36 (KHTML, like Gecko) Chrome/146.0.0.0 Mobile Safari/537.36"
194.247.173.99 - - [31/Mar/2026:20:23:18 +0000] "GET /viewtopic.php?p=1598 HTTP/1.1" 200 29686 "-" "Mozilla/5.0 (compatible; MJ12bot/v1.4.8; http://mj12bot.com/)"
194.247.173.99 - - [31/Mar/2026:20:23:20 +0000] "GET /viewtopic.php?p=16 HTTP/1.1" 200 46656 "-" "Mozilla/5.0 (compatible; MJ12bot/v1.4.8; http://mj12bot.com/)"
194.247.173.99 - - [31/Mar/2026:20:23:21 +0000] "GET /viewtopic.php?p=160 HTTP/1.1" 200 71393 "-" "Mozilla/5.0 (compatible; MJ12bot/v1.4.8; http://mj12bot.com/)"
194.247.173.99 - - [31/Mar/2026:20:23:23 +0000] "GET /viewtopic.php?p=1601 HTTP/1.1" 200 29189 "-" "Mozilla/5.0 (compatible; MJ12bot/v1.4.8; http://mj12bot.com/)"
194.247.173.99 - - [31/Mar/2026:20:23:25 +0000] "GET /viewtopic.php?p=1602 HTTP/1.1" 200 29189 "-" "Mozilla/5.0 (compatible; MJ12bot/v1.4.8; http://mj12bot.com/)"
194.247.173.99 - - [31/Mar/2026:20:23:27 +0000] "GET /viewtopic.php?p=161 HTTP/1.1" 200 46656 "-" "Mozilla/5.0 (compatible; MJ12bot/v1.4.8; http://mj12bot.com/)"
194.247.173.99 - - [31/Mar/2026:20:23:29 +0000] "GET /viewtopic.php?p=1614 HTTP/1.1" 200 48417 "-" "Mozilla/5.0 (compatible; MJ12bot/v1.4.8; http://mj12bot.com/)"
194.247.173.99 - - [31/Mar/2026:20:23:31 +0000] "GET /viewtopic.php?p=1615 HTTP/1.1" 200 36485 "-" "Mozilla/5.0 (compatible; MJ12bot/v1.4.8; http://mj12bot.com/)"
194.247.173.99 - - [31/Mar/2026:20:23:32 +0000] "GET /viewtopic.php?p=1616 HTTP/1.1" 200 34555 "-" "Mozilla/5.0 (compatible; MJ12bot/v1.4.8; http://mj12bot.com/)"
194.247.173.99 - - [31/Mar/2026:20:23:34 +0000] "GET /viewtopic.php?p=1620 HTTP/1.1" 200 24580 "-" "Mozilla/5.0 (compatible; MJ12bot/v1.4.8; http://mj12bot.com/)"
194.247.173.99 - - [31/Mar/2026:20:23:36 +0000] "GET /viewtopic.php?p=1624 HTTP/1.1" 200 24580 "-" "Mozilla/5.0 (compatible; MJ12bot/v1.4.8; http://mj12bot.com/)"
194.247.173.99 - - [31/Mar/2026:20:23:38 +0000] "GET /viewtopic.php?p=1625 HTTP/1.1" 200 36235 "-" "Mozilla/5.0 (compatible; MJ12bot/v1.4.8; http://mj12bot.com/)"
194.247.173.99 - - [31/Mar/2026:20:23:40 +0000] "GET /viewtopic.php?p=1629 HTTP/1.1" 200 36235 "-" "Mozilla/5.0 (compatible; MJ12bot/v1.4.8; http://mj12bot.com/)"
194.247.173.99 - - [31/Mar/2026:20:23:41 +0000] "GET /viewtopic.php?p=163 HTTP/1.1" 200 71393 "-" "Mozilla/5.0 (compatible; MJ12bot/v1.4.8; http://mj12bot.com/)"
194.247.173.99 - - [31/Mar/2026:20:23:43 +0000] "GET /viewtopic.php?p=1631 HTTP/1.1" 200 36235 "-" "Mozilla/5.0 (compatible; MJ12bot/v1.4.8; http://mj12bot.com/)"
194.247.173.99 - - [31/Mar/2026:20:23:45 +0000] "GET /viewtopic.php?p=1638 HTTP/1.1" 200 26596 "-" "Mozilla/5.0 (compatible; MJ12bot/v1.4.8; http://mj12bot.com/)"
194.247.173.99 - - [31/Mar/2026:20:23:47 +0000] "GET /viewtopic.php?p=1639 HTTP/1.1" 200 26596 "-" "Mozilla/5.0 (compatible; MJ12bot/v1.4.8; http://mj12bot.com/)"
194.247.173.99 - - [31/Mar/2026:20:23:48 +0000] "GET /viewtopic.php?p=164 HTTP/1.1" 200 71393 "-" "Mozilla/5.0 (compatible; MJ12bot/v1.4.8; http://mj12bot.com/)"
219.89.6.128 - - [31/Mar/2026:20:23:49 +0000] "GET /index.php HTTP/1.1" 200 10429 "https://electricalforum.nz/index.php" "Mozilla/5.0 (Linux; Android 10; K) AppleWebKit/537.36 (KHTML, like Gecko) Chrome/146.0.0.0 Mobile Safari/537.36"
194.247.173.99 - - [31/Mar/2026:20:23:50 +0000] "GET /viewtopic.php?p=165 HTTP/1.1" 200 71393 "-" "Mozilla/5.0 (compatible; MJ12bot/v1.4.8; http://mj12bot.com/)"
194.247.173.99 - - [31/Mar/2026:20:23:52 +0000] "GET /viewtopic.php?p=1654 HTTP/1.1" 200 19739 "-" "Mozilla/5.0 (compatible; MJ12bot/v1.4.8; http://mj12bot.com/)"
68.218.30.122 - - [31/Mar/2026:20:23:53 +0000] "GET /viewtopic.php?t=401 HTTP/1.1" 200 10802 "-" "Mozilla/5.0 AppleWebKit/537.36 (KHTML, like Gecko); compatible; ChatGPT-User/1.0; +https://openai.com/bot"
194.247.173.99 - - [31/Mar/2026:20:23:54 +0000] "GET /viewtopic.php?p=1655 HTTP/1.1" 200 19739 "-" "Mozilla/5.0 (compatible; MJ12bot/v1.4.8; http://mj12bot.com/)"
219.89.6.128 - - [31/Mar/2026:20:23:56 +0000] "GET /index.php HTTP/1.1" 200 10429 "https://electricalforum.nz/index.php" "Mozilla/5.0 (Linux; Android 10; K) AppleWebKit/537.36 (KHTML, like Gecko) Chrome/146.0.0.0 Mobile Safari/537.36"
194.247.173.99 - - [31/Mar/2026:20:23:56 +0000] "GET /viewtopic.php?p=1656 HTTP/1.1" 200 40828 "-" "Mozilla/5.0 (compatible; MJ12bot/v1.4.8; http://mj12bot.com/)"
194.247.173.99 - - [31/Mar/2026:20:23:58 +0000] "GET /viewtopic.php?p=1657 HTTP/1.1" 200 40828 "-" "Mozilla/5.0 (compatible; MJ12bot/v1.4.8; http://mj12bot.com/)"
219.89.6.128 - - [31/Mar/2026:20:23:59 +0000] "GET /index.php HTTP/1.1" 200 10429 "https://electricalforum.nz/index.php" "Mozilla/5.0 (Linux; Android 10; K) AppleWebKit/537.36 (KHTML, like Gecko) Chrome/146.0.0.0 Mobile Safari/537.36"
194.247.173.99 - - [31/Mar/2026:20:24:00 +0000] "GET /viewtopic.php?p=1658 HTTP/1.1" 200 40828 "-" "Mozilla/5.0 (compatible; MJ12bot/v1.4.8; http://mj12bot.com/)"
194.247.173.99 - - [31/Mar/2026:20:24:01 +0000] "GET /viewtopic.php?p=1659 HTTP/1.1" 200 40828 "-" "Mozilla/5.0 (compatible; MJ12bot/v1.4.8; http://mj12bot.com/)"
219.89.6.128 - - [31/Mar/2026:20:24:03 +0000] "GET /index.php HTTP/1.1" 200 10429 "https://electricalforum.nz/index.php" "Mozilla/5.0 (Linux; Android 10; K) AppleWebKit/537.36 (KHTML, like Gecko) Chrome/146.0.0.0 Mobile Safari/537.36"
194.247.173.99 - - [31/Mar/2026:20:24:03 +0000] "GET /viewtopic.php?p=166 HTTP/1.1" 200 71393 "-" "Mozilla/5.0 (compatible; MJ12bot/v1.4.8; http://mj12bot.com/)"
194.247.173.99 - - [31/Mar/2026:20:24:05 +0000] "GET /viewtopic.php?p=1677 HTTP/1.1" 200 40828 "-" "Mozilla/5.0 (compatible; MJ12bot/v1.4.8; http://mj12bot.com/)"
194.247.173.99 - - [31/Mar/2026:20:24:07 +0000] "GET /viewtopic.php?p=1678 HTTP/1.1" 200 40828 "-" "Mozilla/5.0 (compatible; MJ12bot/v1.4.8; http://mj12bot.com/)"
194.247.173.99 - - [31/Mar/2026:20:24:09 +0000] "GET /viewtopic.php?p=1682 HTTP/1.1" 200 34555 "-" "Mozilla/5.0 (compatible; MJ12bot/v1.4.8; http://mj12bot.com/)"
194.247.173.99 - - [31/Mar/2026:20:24:10 +0000] "GET /viewtopic.php?p=1683 HTTP/1.1" 200 40828 "-" "Mozilla/5.0 (compatible; MJ12bot/v1.4.8; http://mj12bot.com/)"
194.247.173.99 - - [31/Mar/2026:20:24:12 +0000] "GET /viewtopic.php?p=1684 HTTP/1.1" 200 40828 "-" "Mozilla/5.0 (compatible; MJ12bot/v1.4.8; http://mj12bot.com/)"
5.39.1.224 - - [31/Mar/2026:20:24:13 +0000] "GET /rules HTTP/1.1" 200 16633 "-" "Mozilla/5.0 (compatible; AhrefsBot/7.0; +http://ahrefs.com/robot/)"
194.247.173.99 - - [31/Mar/2026:20:24:14 +0000] "GET /viewtopic.php?p=169 HTTP/1.1" 200 71393 "-" "Mozilla/5.0 (compatible; MJ12bot/v1.4.8; http://mj12bot.com/)"
194.247.173.99 - - [31/Mar/2026:20:24:16 +0000] "GET /viewtopic.php?p=1696 HTTP/1.1" 200 32738 "-" "Mozilla/5.0 (compatible; MJ12bot/v1.4.8; http://mj12bot.com/)"
194.247.173.99 - - [31/Mar/2026:20:24:18 +0000] "GET /viewtopic.php?p=1699 HTTP/1.1" 200 32738 "-" "Mozilla/5.0 (compatible; MJ12bot/v1.4.8; http://mj12bot.com/)"
194.247.173.99 - - [31/Mar/2026:20:24:20 +0000] "GET /viewtopic.php?p=170 HTTP/1.1" 200 25015 "-" "Mozilla/5.0 (compatible; MJ12bot/v1.4.8; http://mj12bot.com/)"
194.247.173.99 - - [31/Mar/2026:20:24:22 +0000] "GET /viewtopic.php?p=1701 HTTP/1.1" 200 32738 "-" "Mozilla/5.0 (compatible; MJ12bot/v1.4.8; http://mj12bot.com/)"
194.247.173.99 - - [31/Mar/2026:20:24:24 +0000] "GET /viewtopic.php?p=1702 HTTP/1.1" 200 32738 "-" "Mozilla/5.0 (compatible; MJ12bot/v1.4.8; http://mj12bot.com/)"
194.247.173.99 - - [31/Mar/2026:20:24:25 +0000] "GET /viewtopic.php?p=1703 HTTP/1.1" 200 32738 "-" "Mozilla/5.0 (compatible; MJ12bot/v1.4.8; http://mj12bot.com/)"
194.247.173.99 - - [31/Mar/2026:20:24:27 +0000] "GET /viewtopic.php?p=1705 HTTP/1.1" 200 34555 "-" "Mozilla/5.0 (compatible; MJ12bot/v1.4.8; http://mj12bot.com/)"
194.247.173.99 - - [31/Mar/2026:20:24:29 +0000] "GET /viewtopic.php?p=1708 HTTP/1.1" 200 34555 "-" "Mozilla/5.0 (compatible; MJ12bot/v1.4.8; http://mj12bot.com/)"
194.247.173.99 - - [31/Mar/2026:20:24:31 +0000] "GET /viewtopic.php?p=1710 HTTP/1.1" 200 29902 "-" "Mozilla/5.0 (compatible; MJ12bot/v1.4.8; http://mj12bot.com/)"
194.247.173.99 - - [31/Mar/2026:20:24:32 +0000] "GET /viewtopic.php?p=1711 HTTP/1.1" 200 28335 "-" "Mozilla/5.0 (compatible; MJ12bot/v1.4.8; http://mj12bot.com/)"
194.247.173.99 - - [31/Mar/2026:20:24:34 +0000] "GET /viewtopic.php?p=1712 HTTP/1.1" 200 29902 "-" "Mozilla/5.0 (compatible; MJ12bot/v1.4.8; http://mj12bot.com/)"
194.247.173.99 - - [31/Mar/2026:20:24:36 +0000] "GET /viewtopic.php?p=1713 HTTP/1.1" 200 28335 "-" "Mozilla/5.0 (compatible; MJ12bot/v1.4.8; http://mj12bot.com/)"
194.247.173.99 - - [31/Mar/2026:20:24:38 +0000] "GET /viewtopic.php?p=1714 HTTP/1.1" 200 28335 "-" "Mozilla/5.0 (compatible; MJ12bot/v1.4.8; http://mj12bot.com/)"
194.247.173.99 - - [31/Mar/2026:20:24:39 +0000] "GET /viewtopic.php?p=1715 HTTP/1.1" 200 29189 "-" "Mozilla/5.0 (compatible; MJ12bot/v1.4.8; http://mj12bot.com/)"
194.247.173.99 - - [31/Mar/2026:20:24:41 +0000] "GET /viewtopic.php?p=1716 HTTP/1.1" 200 29902 "-" "Mozilla/5.0 (compatible; MJ12bot/v1.4.8; http://mj12bot.com/)"
194.247.173.99 - - [31/Mar/2026:20:24:43 +0000] "GET /viewtopic.php?p=1717 HTTP/1.1" 200 29902 "-" "Mozilla/5.0 (compatible; MJ12bot/v1.4.8; http://mj12bot.com/)"
194.247.173.99 - - [31/Mar/2026:20:24:45 +0000] "GET /viewtopic.php?p=1718 HTTP/1.1" 200 28335 "-" "Mozilla/5.0 (compatible; MJ12bot/v1.4.8; http://mj12bot.com/)"
194.247.173.99 - - [31/Mar/2026:20:24:47 +0000] "GET /viewtopic.php?p=1719 HTTP/1.1" 200 29189 "-" "Mozilla/5.0 (compatible; MJ12bot/v1.4.8; http://mj12bot.com/)"
194.247.173.99 - - [31/Mar/2026:20:24:49 +0000] "GET /viewtopic.php?p=172 HTTP/1.1" 200 24668 "-" "Mozilla/5.0 (compatible; MJ12bot/v1.4.8; http://mj12bot.com/)"
194.247.173.99 - - [31/Mar/2026:20:24:51 +0000] "GET /viewtopic.php?p=1720 HTTP/1.1" 200 29189 "-" "Mozilla/5.0 (compatible; MJ12bot/v1.4.8; http://mj12bot.com/)"
194.247.173.99 - - [31/Mar/2026:20:24:52 +0000] "GET /viewtopic.php?p=174 HTTP/1.1" 200 40237 "-" "Mozilla/5.0 (compatible; MJ12bot/v1.4.8; http://mj12bot.com/)"
194.247.173.99 - - [31/Mar/2026:20:24:54 +0000] "GET /viewtopic.php?p=175 HTTP/1.1" 200 24668 "-" "Mozilla/5.0 (compatible; MJ12bot/v1.4.8; http://mj12bot.com/)"
219.89.6.128 - - [31/Mar/2026:20:24:55 +0000] "GET /viewtopic.php?t=438 HTTP/1.1" 200 10108 "https://www.google.com/" "Mozilla/5.0 (Linux; Android 10; K) AppleWebKit/537.36 (KHTML, like Gecko) Chrome/146.0.0.0 Mobile Safari/537.36"
194.247.173.99 - - [31/Mar/2026:20:24:56 +0000] "GET /viewtopic.php?p=1761 HTTP/1.1" 200 24448 "-" "Mozilla/5.0 (compatible; MJ12bot/v1.4.8; http://mj12bot.com/)"
194.247.173.99 - - [31/Mar/2026:20:24:58 +0000] "GET /viewtopic.php?p=1768 HTTP/1.1" 200 22651 "-" "Mozilla/5.0 (compatible; MJ12bot/v1.4.8; http://mj12bot.com/)"
194.247.173.99 - - [31/Mar/2026:20:24:59 +0000] "GET /viewtopic.php?p=1769 HTTP/1.1" 200 43345 "-" "Mozilla/5.0 (compatible; MJ12bot/v1.4.8; http://mj12bot.com/)"
194.247.173.99 - - [31/Mar/2026:20:25:01 +0000] "GET /viewtopic.php?p=1770 HTTP/1.1" 200 22651 "-" "Mozilla/5.0 (compatible; MJ12bot/v1.4.8; http://mj12bot.com/)"
194.247.173.99 - - [31/Mar/2026:20:25:03 +0000] "GET /viewtopic.php?p=1771 HTTP/1.1" 200 43345 "-" "Mozilla/5.0 (compatible; MJ12bot/v1.4.8; http://mj12bot.com/)"
194.247.173.99 - - [31/Mar/2026:20:25:05 +0000] "GET /viewtopic.php?p=1773 HTTP/1.1" 200 22651 "-" "Mozilla/5.0 (compatible; MJ12bot/v1.4.8; http://mj12bot.com/)"
194.247.173.99 - - [31/Mar/2026:20:25:07 +0000] "GET /viewtopic.php?p=1778 HTTP/1.1" 200 43345 "-" "Mozilla/5.0 (compatible; MJ12bot/v1.4.8; http://mj12bot.com/)"
194.247.173.99 - - [31/Mar/2026:20:25:09 +0000] "GET /viewtopic.php?p=1781 HTTP/1.1" 200 43345 "-" "Mozilla/5.0 (compatible; MJ12bot/v1.4.8; http://mj12bot.com/)"
103.194.112.227 - - [31/Mar/2026:20:25:09 +0000] "GET /viewtopic.php?f=10&sid=cbcf85d927f6601dbec99bebac52d9c3&t=62 HTTP/1.1" 200 10132 "https://www.yandex.nz/" "Mozilla/5.0 (Windows NT 10.0; Win64; x64) AppleWebKit/537.36 (KHTML, like Gecko) Chrome/124.0.0.0 Safari/537.36 Edg/124.0.0.0"
194.247.173.99 - - [31/Mar/2026:20:25:10 +0000] "GET /viewtopic.php?p=1790 HTTP/1.1" 200 29902 "-" "Mozilla/5.0 (compatible; MJ12bot/v1.4.8; http://mj12bot.com/)"
194.247.173.99 - - [31/Mar/2026:20:25:12 +0000] "GET /viewtopic.php?p=1793 HTTP/1.1" 200 29902 "-" "Mozilla/5.0 (compatible; MJ12bot/v1.4.8; http://mj12bot.com/)"
194.247.173.99 - - [31/Mar/2026:20:25:14 +0000] "GET /viewtopic.php?p=1798 HTTP/1.1" 200 26001 "-" "Mozilla/5.0 (compatible; MJ12bot/v1.4.8; http://mj12bot.com/)"
194.247.173.99 - - [31/Mar/2026:20:25:16 +0000] "GET /viewtopic.php?p=1799 HTTP/1.1" 200 26001 "-" "Mozilla/5.0 (compatible; MJ12bot/v1.4.8; http://mj12bot.com/)"
194.247.173.99 - - [31/Mar/2026:20:25:17 +0000] "GET /viewtopic.php?p=18 HTTP/1.1" 200 37636 "-" "Mozilla/5.0 (compatible; MJ12bot/v1.4.8; http://mj12bot.com/)"
194.247.173.99 - - [31/Mar/2026:20:25:19 +0000] "GET /viewtopic.php?p=1800 HTTP/1.1" 200 26001 "-" "Mozilla/5.0 (compatible; MJ12bot/v1.4.8; http://mj12bot.com/)"
194.247.173.99 - - [31/Mar/2026:20:25:21 +0000] "GET /viewtopic.php?p=1801 HTTP/1.1" 200 26001 "-" "Mozilla/5.0 (compatible; MJ12bot/v1.4.8; http://mj12bot.com/)"
194.247.173.99 - - [31/Mar/2026:20:25:23 +0000] "GET /viewtopic.php?p=1828 HTTP/1.1" 200 23266 "-" "Mozilla/5.0 (compatible; MJ12bot/v1.4.8; http://mj12bot.com/)"
194.247.173.99 - - [31/Mar/2026:20:25:25 +0000] "GET /viewtopic.php?p=1830 HTTP/1.1" 200 25620 "-" "Mozilla/5.0 (compatible; MJ12bot/v1.4.8; http://mj12bot.com/)"
194.247.173.99 - - [31/Mar/2026:20:25:26 +0000] "GET /viewtopic.php?p=1831 HTTP/1.1" 200 25620 "-" "Mozilla/5.0 (compatible; MJ12bot/v1.4.8; http://mj12bot.com/)"
194.247.173.99 - - [31/Mar/2026:20:25:28 +0000] "GET /viewtopic.php?p=1832 HTTP/1.1" 200 25620 "-" "Mozilla/5.0 (compatible; MJ12bot/v1.4.8; http://mj12bot.com/)"
219.89.6.128 - - [31/Mar/2026:20:25:30 +0000] "GET /rules HTTP/1.1" 200 16021 "https://electricalforum.nz/viewtopic.php?t=438" "Mozilla/5.0 (Linux; Android 10; K) AppleWebKit/537.36 (KHTML, like Gecko) Chrome/146.0.0.0 Mobile Safari/537.36"
194.247.173.99 - - [31/Mar/2026:20:25:30 +0000] "GET /viewtopic.php?p=1833 HTTP/1.1" 200 25620 "-" "Mozilla/5.0 (compatible; MJ12bot/v1.4.8; http://mj12bot.com/)"
194.247.173.99 - - [31/Mar/2026:20:25:32 +0000] "GET /viewtopic.php?p=1835 HTTP/1.1" 200 25620 "-" "Mozilla/5.0 (compatible; MJ12bot/v1.4.8; http://mj12bot.com/)"
194.247.173.99 - - [31/Mar/2026:20:25:33 +0000] "GET /viewtopic.php?p=1842 HTTP/1.1" 200 22482 "-" "Mozilla/5.0 (compatible; MJ12bot/v1.4.8; http://mj12bot.com/)"
194.247.173.99 - - [31/Mar/2026:20:25:35 +0000] "GET /viewtopic.php?p=1845 HTTP/1.1" 200 65249 "-" "Mozilla/5.0 (compatible; MJ12bot/v1.4.8; http://mj12bot.com/)"
194.247.173.99 - - [31/Mar/2026:20:25:37 +0000] "GET /viewtopic.php?p=1846 HTTP/1.1" 200 65249 "-" "Mozilla/5.0 (compatible; MJ12bot/v1.4.8; http://mj12bot.com/)"
194.247.173.99 - - [31/Mar/2026:20:25:39 +0000] "GET /viewtopic.php?p=1848 HTTP/1.1" 200 65249 "-" "Mozilla/5.0 (compatible; MJ12bot/v1.4.8; http://mj12bot.com/)"
219.89.6.128 - - [31/Mar/2026:20:25:41 +0000] "GET /ucp.php?mode=login&redirect=app.php%2Frules HTTP/1.1" 200 10125 "https://electricalforum.nz/rules" "Mozilla/5.0 (Linux; Android 10; K) AppleWebKit/537.36 (KHTML, like Gecko) Chrome/146.0.0.0 Mobile Safari/537.36"
194.247.173.99 - - [31/Mar/2026:20:25:41 +0000] "GET /viewtopic.php?p=1854 HTTP/1.1" 200 65249 "-" "Mozilla/5.0 (compatible; MJ12bot/v1.4.8; http://mj12bot.com/)"
194.247.173.99 - - [31/Mar/2026:20:25:43 +0000] "GET /viewtopic.php?p=1856 HTTP/1.1" 200 65249 "-" "Mozilla/5.0 (compatible; MJ12bot/v1.4.8; http://mj12bot.com/)"
194.247.173.99 - - [31/Mar/2026:20:25:44 +0000] "GET /viewtopic.php?p=1858 HTTP/1.1" 200 37607 "-" "Mozilla/5.0 (compatible; MJ12bot/v1.4.8; http://mj12bot.com/)"
194.247.173.99 - - [31/Mar/2026:20:25:46 +0000] "GET /viewtopic.php?p=1859 HTTP/1.1" 200 37607 "-" "Mozilla/5.0 (compatible; MJ12bot/v1.4.8; http://mj12bot.com/)"
194.247.173.99 - - [31/Mar/2026:20:25:48 +0000] "GET /viewtopic.php?p=1860 HTTP/1.1" 200 65249 "-" "Mozilla/5.0 (compatible; MJ12bot/v1.4.8; http://mj12bot.com/)"
194.247.173.99 - - [31/Mar/2026:20:25:50 +0000] "GET /viewtopic.php?p=1862 HTTP/1.1" 200 65249 "-" "Mozilla/5.0 (compatible; MJ12bot/v1.4.8; http://mj12bot.com/)"
194.247.173.99 - - [31/Mar/2026:20:25:52 +0000] "GET /viewtopic.php?p=1864 HTTP/1.1" 200 65249 "-" "Mozilla/5.0 (compatible; MJ12bot/v1.4.8; http://mj12bot.com/)"
194.247.173.99 - - [31/Mar/2026:20:25:54 +0000] "GET /viewtopic.php?p=1866 HTTP/1.1" 200 65249 "-" "Mozilla/5.0 (compatible; MJ12bot/v1.4.8; http://mj12bot.com/)"
194.247.173.99 - - [31/Mar/2026:20:25:55 +0000] "GET /viewtopic.php?p=1871 HTTP/1.1" 200 37607 "-" "Mozilla/5.0 (compatible; MJ12bot/v1.4.8; http://mj12bot.com/)"
194.247.173.99 - - [31/Mar/2026:20:25:57 +0000] "GET /viewtopic.php?p=1873 HTTP/1.1" 200 37607 "-" "Mozilla/5.0 (compatible; MJ12bot/v1.4.8; http://mj12bot.com/)"
194.247.173.99 - - [31/Mar/2026:20:25:59 +0000] "GET /viewtopic.php?p=1877 HTTP/1.1" 200 37607 "-" "Mozilla/5.0 (compatible; MJ12bot/v1.4.8; http://mj12bot.com/)"
194.247.173.99 - - [31/Mar/2026:20:26:01 +0000] "GET /viewtopic.php?p=1878 HTTP/1.1" 200 37607 "-" "Mozilla/5.0 (compatible; MJ12bot/v1.4.8; http://mj12bot.com/)"
194.247.173.99 - - [31/Mar/2026:20:26:03 +0000] "GET /viewtopic.php?p=1879 HTTP/1.1" 200 37607 "-" "Mozilla/5.0 (compatible; MJ12bot/v1.4.8; http://mj12bot.com/)"
194.247.173.99 - - [31/Mar/2026:20:26:04 +0000] "GET /viewtopic.php?p=1880 HTTP/1.1" 200 37607 "-" "Mozilla/5.0 (compatible; MJ12bot/v1.4.8; http://mj12bot.com/)"
4.196.198.94 - - [31/Mar/2026:20:26:05 +0000] "GET /viewtopic.php?t=362 HTTP/1.1" 200 10916 "-" "Mozilla/5.0 AppleWebKit/537.36 (KHTML, like Gecko); compatible; ChatGPT-User/1.0; +https://openai.com/bot"
194.247.173.99 - - [31/Mar/2026:20:26:06 +0000] "GET /viewtopic.php?p=189 HTTP/1.1" 200 71393 "-" "Mozilla/5.0 (compatible; MJ12bot/v1.4.8; http://mj12bot.com/)"
5.39.1.228 - - [31/Mar/2026:20:26:08 +0000] "GET /viewtopic.php?f=29&p=700 HTTP/1.1" 200 10943 "-" "Mozilla/5.0 (compatible; AhrefsBot/7.0; +http://ahrefs.com/robot/)"
194.247.173.99 - - [31/Mar/2026:20:26:08 +0000] "GET /viewtopic.php?p=19 HTTP/1.1" 200 37636 "-" "Mozilla/5.0 (compatible; MJ12bot/v1.4.8; http://mj12bot.com/)"
194.247.173.99 - - [31/Mar/2026:20:26:10 +0000] "GET /viewtopic.php?p=1918 HTTP/1.1" 200 31722 "-" "Mozilla/5.0 (compatible; MJ12bot/v1.4.8; http://mj12bot.com/)"
194.247.173.99 - - [31/Mar/2026:20:26:12 +0000] "GET /viewtopic.php?p=1919 HTTP/1.1" 200 31722 "-" "Mozilla/5.0 (compatible; MJ12bot/v1.4.8; http://mj12bot.com/)"
194.247.173.99 - - [31/Mar/2026:20:26:13 +0000] "GET /viewtopic.php?p=192 HTTP/1.1" 200 71393 "-" "Mozilla/5.0 (compatible; MJ12bot/v1.4.8; http://mj12bot.com/)"
194.247.173.99 - - [31/Mar/2026:20:26:15 +0000] "GET /viewtopic.php?p=1920 HTTP/1.1" 200 31722 "-" "Mozilla/5.0 (compatible; MJ12bot/v1.4.8; http://mj12bot.com/)"
194.247.173.99 - - [31/Mar/2026:20:26:17 +0000] "GET /viewtopic.php?p=1921 HTTP/1.1" 200 31722 "-" "Mozilla/5.0 (compatible; MJ12bot/v1.4.8; http://mj12bot.com/)"
219.89.6.128 - - [31/Mar/2026:20:26:17 +0000] "GET /viewtopic.php?t=438 HTTP/1.1" 200 10185 "https://www.google.com/" "Mozilla/5.0 (Linux; Android 10; K) AppleWebKit/537.36 (KHTML, like Gecko) Chrome/146.0.0.0 Mobile Safari/537.36"
219.89.6.128 - - [31/Mar/2026:20:26:18 +0000] "GET /cron/cron.task.core.tidy_cache HTTP/1.1" 200 43 "https://electricalforum.nz/viewtopic.php?t=438" "Mozilla/5.0 (Linux; Android 10; K) AppleWebKit/537.36 (KHTML, like Gecko) Chrome/146.0.0.0 Mobile Safari/537.36"
194.247.173.99 - - [31/Mar/2026:20:26:19 +0000] "GET /viewtopic.php?p=1922 HTTP/1.1" 200 31722 "-" "Mozilla/5.0 (compatible; MJ12bot/v1.4.8; http://mj12bot.com/)"
194.247.173.99 - - [31/Mar/2026:20:26:21 +0000] "GET /viewtopic.php?p=1923 HTTP/1.1" 200 31722 "-" "Mozilla/5.0 (compatible; MJ12bot/v1.4.8; http://mj12bot.com/)"
194.247.173.99 - - [31/Mar/2026:20:26:22 +0000] "GET /viewtopic.php?p=194 HTTP/1.1" 200 25645 "-" "Mozilla/5.0 (compatible; MJ12bot/v1.4.8; http://mj12bot.com/)"
194.247.173.99 - - [31/Mar/2026:20:26:24 +0000] "GET /viewtopic.php?p=1941 HTTP/1.1" 200 55684 "-" "Mozilla/5.0 (compatible; MJ12bot/v1.4.8; http://mj12bot.com/)"
194.247.173.99 - - [31/Mar/2026:20:26:26 +0000] "GET /viewtopic.php?p=1942 HTTP/1.1" 200 55684 "-" "Mozilla/5.0 (compatible; MJ12bot/v1.4.8; http://mj12bot.com/)"
194.247.173.99 - - [31/Mar/2026:20:26:28 +0000] "GET /viewtopic.php?p=1943 HTTP/1.1" 200 55684 "-" "Mozilla/5.0 (compatible; MJ12bot/v1.4.8; http://mj12bot.com/)"
194.247.173.99 - - [31/Mar/2026:20:26:30 +0000] "GET /viewtopic.php?p=1944 HTTP/1.1" 200 55684 "-" "Mozilla/5.0 (compatible; MJ12bot/v1.4.8; http://mj12bot.com/)"
194.247.173.99 - - [31/Mar/2026:20:26:32 +0000] "GET /viewtopic.php?p=1947 HTTP/1.1" 200 28396 "-" "Mozilla/5.0 (compatible; MJ12bot/v1.4.8; http://mj12bot.com/)"
194.247.173.99 - - [31/Mar/2026:20:26:34 +0000] "GET /viewtopic.php?p=1948 HTTP/1.1" 200 28396 "-" "Mozilla/5.0 (compatible; MJ12bot/v1.4.8; http://mj12bot.com/)"
194.247.173.99 - - [31/Mar/2026:20:26:36 +0000] "GET /viewtopic.php?p=1949 HTTP/1.1" 200 28396 "-" "Mozilla/5.0 (compatible; MJ12bot/v1.4.8; http://mj12bot.com/)"
194.247.173.99 - - [31/Mar/2026:20:26:38 +0000] "GET /viewtopic.php?p=195 HTTP/1.1" 200 25645 "-" "Mozilla/5.0 (compatible; MJ12bot/v1.4.8; http://mj12bot.com/)"
194.247.173.99 - - [31/Mar/2026:20:26:40 +0000] "GET /viewtopic.php?p=1951 HTTP/1.1" 200 28396 "-" "Mozilla/5.0 (compatible; MJ12bot/v1.4.8; http://mj12bot.com/)"
194.247.173.99 - - [31/Mar/2026:20:26:42 +0000] "GET /viewtopic.php?p=1953 HTTP/1.1" 200 28396 "-" "Mozilla/5.0 (compatible; MJ12bot/v1.4.8; http://mj12bot.com/)"
194.247.173.99 - - [31/Mar/2026:20:26:44 +0000] "GET /help/faq HTTP/1.1" 200 62995 "-" "Mozilla/5.0 (compatible; MJ12bot/v1.4.8; http://mj12bot.com/)"
43.157.43.147 - - [31/Mar/2026:20:27:01 +0000] "GET /ucp.php?mode=login&redirect=ucp.php?mode=terms&sid=35400b140372ad5e5d262ffb4388fb13 HTTP/1.1" 200 10841 "-" "Mozilla/5.0 (iPhone; CPU iPhone OS 13_2_3 like Mac OS X) AppleWebKit/605.1.15 (KHTML, like Gecko) Version/13.0.3 Mobile/15E148 Safari/604.1"
121.74.197.192 - - [31/Mar/2026:20:27:39 +0000] "GET /viewtopic.php?t=170 HTTP/1.1" 200 10802 "https://www.google.com/" "Mozilla/5.0 (Windows NT 10.0; Win64; x64) AppleWebKit/537.36 (KHTML, like Gecko) Chrome/146.0.0.0 Safari/537.36 Edg/146.0.0.0"
2001:4860:7:50b::ff - - [31/Mar/2026:20:27:41 +0000] "GET /viewtopic.php?t=115 HTTP/1.1" 200 10802 "https://www.google.com/" "Mozilla/5.0 (Macintosh; Intel Mac OS X 10_15_7) AppleWebKit/537.36 (KHTML, like Gecko) Chrome/146.0.0.0 Safari/537.36"
219.89.6.128 - - [31/Mar/2026:20:27:45 +0000] "GET /viewtopic.php?t=370 HTTP/1.1" 200 10108 "https://www.google.com/" "Mozilla/5.0 (Linux; Android 10; K) AppleWebKit/537.36 (KHTML, like Gecko) Chrome/146.0.0.0 Mobile Safari/537.36"
23.27.225.210 - - [31/Mar/2026:20:27:52 +0000] "GET /viewtopic.php?t=78 HTTP/1.1" 200 10799 "-" "Mozilla/5.0 (Macintosh; Intel Mac OS X 10_15_7) AppleWebKit/605.1.15 (KHTML, like Gecko) Version/26.2 Safari/605.1.15"
92.222.108.126 - - [31/Mar/2026:20:27:59 +0000] "GET /memberlist.php?mode=viewprofile&u=333 HTTP/1.1" 200 10867 "-" "Mozilla/5.0 (compatible; AhrefsBot/7.0; +http://ahrefs.com/robot/)"
103.194.112.11 - - [31/Mar/2026:20:28:56 +0000] "GET /viewtopic.php?t=78 HTTP/1.1" 200 10799 "https://electricalforum.nz/" "Mozilla/5.0 (X11; Linux x86_64; rv:110.0) Gecko/20100101 Firefox/110.0"
103.194.112.168 - - [31/Mar/2026:20:29:10 +0000] "GET /viewtopic.php?p=2154 HTTP/1.1" 200 10805 "-" "Mozilla/5.0 (Windows NT 10.0; Win64; x64) AppleWebKit/537.36 (KHTML, like Gecko) Chrome/139.0.0.0 Safari/537.36 Edg/139.0.0.0 Edg/139.0.0.0"
2001:4860:7:50b::fc - - [31/Mar/2026:20:29:18 +0000] "GET /viewtopic.php?t=489 HTTP/1.1" 200 10802 "https://www.google.com/" "Mozilla/5.0 (Windows NT 10.0; Win64; x64) AppleWebKit/537.36 (KHTML, like Gecko) Chrome/146.0.0.0 Safari/537.36"
66.249.66.168 - - [31/Mar/2026:20:29:45 +0000] "GET /viewtopic.php?t=162 HTTP/1.1" 200 37368 "-" "Mozilla/5.0 (Linux; Android 6.0.1; Nexus 5X Build/MMB29P) AppleWebKit/537.36 (KHTML, like Gecko) Chrome/146.0.7680.164 Mobile Safari/537.36 (compatible; Googlebot/2.1; +http://www.google.com/bot.html)"
176.31.139.30 - - [31/Mar/2026:20:29:53 +0000] "GET /memberlist.php?mode=viewprofile&u=48 HTTP/1.1" 200 10864 "-" "Mozilla/5.0 (compatible; AhrefsBot/7.0; +http://ahrefs.com/robot/)"
51.68.247.202 - - [31/Mar/2026:20:30:05 +0000] "GET /cron/cron.task.core.tidy_cache HTTP/1.1" 200 43 "-" "Mozilla/5.0 (compatible; AhrefsBot/7.0; +http://ahrefs.com/robot/)"
40.77.167.13 - - [31/Mar/2026:20:30:08 +0000] "GET /viewtopic.php?f=14&t=177 HTTP/1.1" 200 25536 "-" "Mozilla/5.0 AppleWebKit/537.36 (KHTML, like Gecko; compatible; bingbot/2.0; +http://www.bing.com/bingbot.htm) Chrome/116.0.1938.76 Safari/537.36"
4.196.118.125 - - [31/Mar/2026:20:30:10 +0000] "GET /viewtopic.php?t=302 HTTP/1.1" 200 10802 "-" "Mozilla/5.0 AppleWebKit/537.36 (KHTML, like Gecko); compatible; ChatGPT-User/1.0; +https://openai.com/bot"
23.98.142.185 - - [31/Mar/2026:20:30:16 +0000] "GET /viewtopic.php?t=475 HTTP/1.1" 200 10802 "-" "Mozilla/5.0 AppleWebKit/537.36 (KHTML, like Gecko); compatible; ChatGPT-User/1.0; +https://openai.com/bot"
2001:4860:7:50b::ff - - [31/Mar/2026:20:30:33 +0000] "GET /viewtopic.php?t=693 HTTP/1.1" 200 10802 "https://www.google.com/" "Mozilla/5.0 (Macintosh; Intel Mac OS X 10_15_7) AppleWebKit/537.36 (KHTML, like Gecko) Chrome/146.0.0.0 Safari/537.36"
103.194.112.110 - - [31/Mar/2026:20:31:02 +0000] "GET /viewtopic.php?t=694 HTTP/1.1" 200 10802 "https://electricalforum.nz/" "Mozilla/5.0 (Windows NT 10.0; Win64; x64; rv:117.0) Gecko/20100101 Firefox/117.0"
23.98.142.182 - - [31/Mar/2026:20:31:17 +0000] "GET /viewtopic.php?t=297 HTTP/1.1" 200 10802 "-" "Mozilla/5.0 AppleWebKit/537.36 (KHTML, like Gecko); compatible; ChatGPT-User/1.0; +https://openai.com/bot"
94.23.188.196 - - [31/Mar/2026:20:31:41 +0000] "GET /viewtopic.php?f=11&p=3114 HTTP/1.1" 200 10832 "-" "Mozilla/5.0 (compatible; AhrefsBot/7.0; +http://ahrefs.com/robot/)"
20.169.78.140 - - [31/Mar/2026:20:31:42 +0000] "GET /viewtopic.php?t=118 HTTP/1.1" 200 10802 "-" "Mozilla/5.0 AppleWebKit/537.36 (KHTML, like Gecko); compatible; ChatGPT-User/1.0; +https://openai.com/bot"
20.227.140.36 - - [31/Mar/2026:20:32:33 +0000] "GET /viewtopic.php?t=565 HTTP/1.1" 200 10802 "-" "Mozilla/5.0 AppleWebKit/537.36 (KHTML, like Gecko); compatible; ChatGPT-User/1.0; +https://openai.com/bot"
202.49.0.120 - - [31/Mar/2026:20:32:45 +0000] "GET /viewtopic.php?t=400 HTTP/1.1" 200 10802 "https://www.google.com/" "Mozilla/5.0 (Windows NT 10.0; Win64; x64) AppleWebKit/537.36 (KHTML, like Gecko) Chrome/146.0.0.0 Safari/537.36"
2a02:26f7:f400:5301:0:4000:0:6 - - [31/Mar/2026:20:33:00 +0000] "GET / HTTP/1.1" 200 10429 "-" "Mozilla/5.0 (Macintosh; Intel Mac OS X 10_15_7) AppleWebKit/605.1.15 (KHTML, like Gecko) Version/18.6 Safari/605.1.15"
198.20.152.95 - - [31/Mar/2026:20:33:01 +0000] "GET /download/file.php?id=46&sid=ffe097952af14ad98d7eab418a7ec69b HTTP/1.1" 404 9396 "-" "Mozilla/5.0 (compatible; crawler)"
2a02:26f7:f400:5301:0:4000:0:6 - - [31/Mar/2026:20:33:04 +0000] "GET /index.php HTTP/1.1" 200 10429 "https://electricalforum.nz/" "Mozilla/5.0 (Macintosh; Intel Mac OS X 10_15_7) AppleWebKit/605.1.15 (KHTML, like Gecko) Version/18.6 Safari/605.1.15"
103.194.112.211 - - [31/Mar/2026:20:33:13 +0000] "GET /viewtopic.php?p=466 HTTP/1.1" 200 10802 "https://electricalforum.nz/" "Mozilla/5.0 (Windows NT 10.0; Win64; x64) AppleWebKit/537.36 (KHTML, like Gecko) Chrome/111.0.0.0 Safari/537.36"
54.37.118.72 - - [31/Mar/2026:20:33:22 +0000] "GET /viewforum.php?f=25 HTTP/1.1" 200 10799 "-" "Mozilla/5.0 (compatible; AhrefsBot/7.0; +http://ahrefs.com/robot/)"
66.249.66.167 - - [31/Mar/2026:20:33:57 +0000] "GET /viewtopic.php?t=104 HTTP/1.1" 200 35237 "-" "Mozilla/5.0 (Linux; Android 6.0.1; Nexus 5X Build/MMB29P) AppleWebKit/537.36 (KHTML, like Gecko) Chrome/146.0.7680.164 Mobile Safari/537.36 (compatible; Googlebot/2.1; +http://www.google.com/bot.html)"
185.211.32.197 - - [31/Mar/2026:20:34:23 +0000] "GET /viewtopic.php?t=365 HTTP/1.1" 200 10802 "https://www.google.com/" "Mozilla/5.0 (iPhone; CPU iPhone OS 26_3_1 like Mac OS X) AppleWebKit/605.1.15 (KHTML, like Gecko) CriOS/146.0.7680.151 Mobile/15E148 Safari/604.1"
185.211.32.197 - - [31/Mar/2026:20:34:27 +0000] "GET /viewtopic.php?t=365 HTTP/1.1" 200 10108 "https://www.google.com/" "Mozilla/5.0 (iPhone; CPU iPhone OS 26_3_1 like Mac OS X) AppleWebKit/605.1.15 (KHTML, like Gecko) CriOS/146.0.7680.151 Mobile/15E148 Safari/604.1"
2a02:26f7:f400:5301:0:4000:0:6 - - [31/Mar/2026:20:34:56 +0000] "GET / HTTP/1.1" 200 10429 "-" "Mozilla/5.0 (Macintosh; Intel Mac OS X 10_15_7) AppleWebKit/605.1.15 (KHTML, like Gecko) Version/18.6 Safari/605.1.15"
2a02:26f7:f400:5301:0:4000:0:6 - - [31/Mar/2026:20:34:57 +0000] "GET / HTTP/1.1" 200 10429 "-" "Mozilla/5.0 (Macintosh; Intel Mac OS X 10_15_7) AppleWebKit/605.1.15 (KHTML, like Gecko) Version/18.6 Safari/605.1.15"
2a02:26f7:f400:5301:0:4000:0:6 - - [31/Mar/2026:20:34:57 +0000] "GET / HTTP/1.1" 200 10429 "-" "Mozilla/5.0 (Macintosh; Intel Mac OS X 10_15_7) AppleWebKit/605.1.15 (KHTML, like Gecko) Version/18.6 Safari/605.1.15"
2a02:26f7:f400:5301:0:4000:0:6 - - [31/Mar/2026:20:34:57 +0000] "GET / HTTP/1.1" 200 10429 "-" "Mozilla/5.0 (Macintosh; Intel Mac OS X 10_15_7) AppleWebKit/605.1.15 (KHTML, like Gecko) Version/18.6 Safari/605.1.15"
2a02:26f7:f400:5301:0:4000:0:6 - - [31/Mar/2026:20:34:57 +0000] "GET / HTTP/1.1" 200 10429 "-" "Mozilla/5.0 (Macintosh; Intel Mac OS X 10_15_7) AppleWebKit/605.1.15 (KHTML, like Gecko) Version/18.6 Safari/605.1.15"
2a02:26f7:f400:5301:0:4000:0:6 - - [31/Mar/2026:20:34:57 +0000] "GET / HTTP/1.1" 200 10429 "-" "Mozilla/5.0 (Macintosh; Intel Mac OS X 10_15_7) AppleWebKit/605.1.15 (KHTML, like Gecko) Version/18.6 Safari/605.1.15"
2a02:26f7:f400:5301:0:4000:0:6 - - [31/Mar/2026:20:34:58 +0000] "GET / HTTP/1.1" 200 10429 "-" "Mozilla/5.0 (Macintosh; Intel Mac OS X 10_15_7) AppleWebKit/605.1.15 (KHTML, like Gecko) Version/18.6 Safari/605.1.15"
2a02:26f7:f400:5301:0:4000:0:6 - - [31/Mar/2026:20:34:59 +0000] "GET / HTTP/1.1" 200 10429 "-" "Mozilla/5.0 (Macintosh; Intel Mac OS X 10_15_7) AppleWebKit/605.1.15 (KHTML, like Gecko) Version/18.6 Safari/605.1.15"
2a02:26f7:f400:5301:0:4000:0:6 - - [31/Mar/2026:20:35:00 +0000] "GET / HTTP/1.1" 200 10429 "-" "Mozilla/5.0 (Macintosh; Intel Mac OS X 10_15_7) AppleWebKit/605.1.15 (KHTML, like Gecko) Version/18.6 Safari/605.1.15"
2a02:26f7:f400:5301:0:4000:0:6 - - [31/Mar/2026:20:35:01 +0000] "GET / HTTP/1.1" 200 10429 "-" "Mozilla/5.0 (Macintosh; Intel Mac OS X 10_15_7) AppleWebKit/605.1.15 (KHTML, like Gecko) Version/18.6 Safari/605.1.15"
2a02:26f7:f400:5301:0:4000:0:6 - - [31/Mar/2026:20:35:02 +0000] "GET / HTTP/1.1" 200 10429 "-" "Mozilla/5.0 (Macintosh; Intel Mac OS X 10_15_7) AppleWebKit/605.1.15 (KHTML, like Gecko) Version/18.6 Safari/605.1.15"
2a02:26f7:f400:5301:0:4000:0:6 - - [31/Mar/2026:20:35:02 +0000] "GET / HTTP/1.1" 200 10429 "-" "Mozilla/5.0 (Macintosh; Intel Mac OS X 10_15_7) AppleWebKit/605.1.15 (KHTML, like Gecko) Version/18.6 Safari/605.1.15"
2a02:26f7:f400:5301:0:4000:0:6 - - [31/Mar/2026:20:35:03 +0000] "GET / HTTP/1.1" 200 10429 "-" "Mozilla/5.0 (Macintosh; Intel Mac OS X 10_15_7) AppleWebKit/605.1.15 (KHTML, like Gecko) Version/18.6 Safari/605.1.15"
2a02:26f7:f400:5301:0:4000:0:6 - - [31/Mar/2026:20:35:04 +0000] "GET / HTTP/1.1" 200 10429 "-" "Mozilla/5.0 (Macintosh; Intel Mac OS X 10_15_7) AppleWebKit/605.1.15 (KHTML, like Gecko) Version/18.6 Safari/605.1.15"
2a02:26f7:f400:5301:0:4000:0:6 - - [31/Mar/2026:20:35:04 +0000] "GET / HTTP/1.1" 200 10429 "-" "Mozilla/5.0 (Macintosh; Intel Mac OS X 10_15_7) AppleWebKit/605.1.15 (KHTML, like Gecko) Version/18.6 Safari/605.1.15"
2a02:26f7:f400:5301:0:4000:0:6 - - [31/Mar/2026:20:35:05 +0000] "GET / HTTP/1.1" 200 10429 "-" "Mozilla/5.0 (Macintosh; Intel Mac OS X 10_15_7) AppleWebKit/605.1.15 (KHTML, like Gecko) Version/18.6 Safari/605.1.15"
74.7.229.217 - - [31/Mar/2026:20:35:11 +0000] "GET /viewtopic.php?t=401 HTTP/1.1" 200 10802 "-" "Mozilla/5.0 (Macintosh; Intel Mac OS X 10_15_7) AppleWebKit/537.36 (KHTML, like Gecko) Chrome/131.0.0.0 Safari/537.36; compatible; OAI-SearchBot/1.3; +https://openai.com/searchbot"
74.7.229.217 - - [31/Mar/2026:20:35:14 +0000] "GET /feed?sid=8687ec35a5219aebbac94316fe957e57 HTTP/1.1" 200 496 "https://electricalforum.nz/viewtopic.php?t=401" "Mozilla/5.0 (Macintosh; Intel Mac OS X 10_15_7) AppleWebKit/537.36 (KHTML, like Gecko) Chrome/131.0.0.0 Safari/537.36; compatible; OAI-SearchBot/1.3; +https://openai.com/searchbot"
74.7.229.217 - - [31/Mar/2026:20:35:17 +0000] "GET /ucp.php?mode=terms&sid=8687ec35a5219aebbac94316fe957e57 HTTP/1.1" 200 11021 "https://electricalforum.nz/viewtopic.php?t=401" "Mozilla/5.0 (Macintosh; Intel Mac OS X 10_15_7) AppleWebKit/537.36 (KHTML, like Gecko) Chrome/131.0.0.0 Safari/537.36; compatible; OAI-SearchBot/1.3; +https://openai.com/searchbot"
2a02:26f7:f400:5301:0:4000:0:6 - - [31/Mar/2026:20:35:23 +0000] "GET / HTTP/1.1" 200 10429 "-" "Mozilla/5.0 (Macintosh; Intel Mac OS X 10_15_7) AppleWebKit/605.1.15 (KHTML, like Gecko) Version/18.6 Safari/605.1.15"
2a02:26f7:f400:5301:0:4000:0:6 - - [31/Mar/2026:20:35:24 +0000] "GET / HTTP/1.1" 200 10429 "-" "Mozilla/5.0 (Macintosh; Intel Mac OS X 10_15_7) AppleWebKit/605.1.15 (KHTML, like Gecko) Version/18.6 Safari/605.1.15"
2a02:26f7:f400:5301:0:4000:0:6 - - [31/Mar/2026:20:35:24 +0000] "GET / HTTP/1.1" 200 10429 "-" "Mozilla/5.0 (Macintosh; Intel Mac OS X 10_15_7) AppleWebKit/605.1.15 (KHTML, like Gecko) Version/18.6 Safari/605.1.15"
2a02:26f7:f400:5301:0:4000:0:6 - - [31/Mar/2026:20:35:24 +0000] "GET / HTTP/1.1" 200 10429 "-" "Mozilla/5.0 (Macintosh; Intel Mac OS X 10_15_7) AppleWebKit/605.1.15 (KHTML, like Gecko) Version/18.6 Safari/605.1.15"
5.39.109.178 - - [31/Mar/2026:20:35:28 +0000] "GET /viewforum.php?f=26 HTTP/1.1" 200 10799 "-" "Mozilla/5.0 (compatible; AhrefsBot/7.0; +http://ahrefs.com/robot/)"
74.7.243.38 - - [31/Mar/2026:20:35:32 +0000] "GET /ucp.php?mode=privacy&sid=8687ec35a5219aebbac94316fe957e57 HTTP/1.1" 200 12640 "https://electricalforum.nz/viewtopic.php?t=401" "Mozilla/5.0 (Macintosh; Intel Mac OS X 10_15_7) AppleWebKit/537.36 (KHTML, like Gecko) Chrome/131.0.0.0 Safari/537.36; compatible; OAI-SearchBot/1.3; +https://openai.com/searchbot"
74.7.229.217 - - [31/Mar/2026:20:35:33 +0000] "GET /rules?sid=8687ec35a5219aebbac94316fe957e57 HTTP/1.1" 200 16021 "https://electricalforum.nz/viewtopic.php?t=401" "Mozilla/5.0 (Macintosh; Intel Mac OS X 10_15_7) AppleWebKit/537.36 (KHTML, like Gecko) Chrome/131.0.0.0 Safari/537.36; compatible; OAI-SearchBot/1.3; +https://openai.com/searchbot"
74.7.229.57 - - [31/Mar/2026:20:35:35 +0000] "GET /ucp.php?mode=login&redirect=viewtopic.php%3Ft%3D401&sid=8687ec35a5219aebbac94316fe957e57 HTTP/1.1" 200 10845 "https://electricalforum.nz/viewtopic.php?t=401" "Mozilla/5.0 (Macintosh; Intel Mac OS X 10_15_7) AppleWebKit/537.36 (KHTML, like Gecko) Chrome/131.0.0.0 Safari/537.36; compatible; OAI-SearchBot/1.3; +https://openai.com/searchbot"
74.7.243.38 - - [31/Mar/2026:20:35:37 +0000] "GET /feed/topics?sid=8687ec35a5219aebbac94316fe957e57 HTTP/1.1" 200 510 "https://electricalforum.nz/viewtopic.php?t=401" "Mozilla/5.0 (Macintosh; Intel Mac OS X 10_15_7) AppleWebKit/537.36 (KHTML, like Gecko) Chrome/131.0.0.0 Safari/537.36; compatible; OAI-SearchBot/1.3; +https://openai.com/searchbot"
74.7.243.38 - - [31/Mar/2026:20:35:38 +0000] "GET /feed/topics?sid=8687ec35a5219aebbac94316fe957e57 HTTP/1.1" 200 510 "https://electricalforum.nz/viewtopic.php?t=401" "Mozilla/5.0 (Macintosh; Intel Mac OS X 10_15_7) AppleWebKit/537.36 (KHTML, like Gecko) Chrome/131.0.0.0 Safari/537.36; compatible; OAI-SearchBot/1.3; +https://openai.com/searchbot"
74.7.228.175 - - [31/Mar/2026:20:35:53 +0000] "GET /ucp.php?mode=delete_cookies&sid=8687ec35a5219aebbac94316fe957e57 HTTP/1.1" 200 9905 "https://electricalforum.nz/viewtopic.php?t=401" "Mozilla/5.0 (Macintosh; Intel Mac OS X 10_15_7) AppleWebKit/537.36 (KHTML, like Gecko) Chrome/131.0.0.0 Safari/537.36; compatible; OAI-SearchBot/1.3; +https://openai.com/searchbot"
74.7.229.61 - - [31/Mar/2026:20:36:11 +0000] "GET /user/forgot_password?sid=8687ec35a5219aebbac94316fe957e57 HTTP/1.1" 200 10314 "https://electricalforum.nz/viewtopic.php?t=401" "Mozilla/5.0 (Macintosh; Intel Mac OS X 10_15_7) AppleWebKit/537.36 (KHTML, like Gecko) Chrome/131.0.0.0 Safari/537.36; compatible; OAI-SearchBot/1.3; +https://openai.com/searchbot"
43.173.1.57 - - [31/Mar/2026:20:36:14 +0000] "GET /ucp.php?mode=login&redirect=app.php%2Frules&sid=35400b140372ad5e5d262ffb4388fb13 HTTP/1.1" 200 10819 "-" "Mozilla/5.0 (iPhone; CPU iPhone OS 13_2_3 like Mac OS X) AppleWebKit/605.1.15 (KHTML, like Gecko) Version/13.0.3 Mobile/15E148 Safari/604.1"
74.7.229.190 - - [31/Mar/2026:20:36:27 +0000] "GET /help/faq?sid=8687ec35a5219aebbac94316fe957e57 HTTP/1.1" 200 59778 "https://electricalforum.nz/viewtopic.php?t=401" "Mozilla/5.0 (Macintosh; Intel Mac OS X 10_15_7) AppleWebKit/537.36 (KHTML, like Gecko) Chrome/131.0.0.0 Safari/537.36; compatible; OAI-SearchBot/1.3; +https://openai.com/searchbot"
74.7.228.175 - - [31/Mar/2026:20:36:28 +0000] "GET /index.php?sid=8687ec35a5219aebbac94316fe957e57 HTTP/1.1" 200 11204 "https://electricalforum.nz/viewtopic.php?t=401" "Mozilla/5.0 (Macintosh; Intel Mac OS X 10_15_7) AppleWebKit/537.36 (KHTML, like Gecko) Chrome/131.0.0.0 Safari/537.36; compatible; OAI-SearchBot/1.3; +https://openai.com/searchbot"
74.7.229.217 - - [31/Mar/2026:20:36:29 +0000] "GET /feed?sid=8687ec35a5219aebbac94316fe957e57 HTTP/1.1" 200 496 "https://electricalforum.nz/viewtopic.php?t=401" "Mozilla/5.0 (Macintosh; Intel Mac OS X 10_15_7) AppleWebKit/537.36 (KHTML, like Gecko) Chrome/131.0.0.0 Safari/537.36; compatible; OAI-SearchBot/1.3; +https://openai.com/searchbot"
72.63.11.109 - - [31/Mar/2026:20:36:57 +0000] "GET /download/file.php?id=45&sid=4662cb68ab2629225452bd2cee9f1721 HTTP/1.1" 404 9396 "-" "Mozilla/5.0 (compatible; crawler)"
185.211.32.197 - - [31/Mar/2026:20:36:59 +0000] "GET /viewtopic.php?t=365 HTTP/1.1" 200 10108 "https://www.google.com/" "Mozilla/5.0 (iPhone; CPU iPhone OS 26_3_1 like Mac OS X) AppleWebKit/605.1.15 (KHTML, like Gecko) CriOS/146.0.7680.151 Mobile/15E148 Safari/604.1"
103.194.112.168 - - [31/Mar/2026:20:37:11 +0000] "GET /viewtopic.php?p=3071 HTTP/1.1" 200 10805 "-" "Mozilla/5.0 (Windows NT 10.0; Win64; x64) AppleWebKit/537.36 (KHTML, like Gecko) Chrome/139.0.0.0 Safari/537.36 Edg/139.0.0.0 Edg/139.0.0.0"
185.211.32.197 - - [31/Mar/2026:20:37:12 +0000] "GET /index.php HTTP/1.1" 200 10429 "https://electricalforum.nz/viewtopic.php?t=365" "Mozilla/5.0 (iPhone; CPU iPhone OS 26_3_1 like Mac OS X) AppleWebKit/605.1.15 (KHTML, like Gecko) CriOS/146.0.7680.151 Mobile/15E148 Safari/604.1"
94.23.188.192 - - [31/Mar/2026:20:37:33 +0000] "GET /viewforum.php?f=9 HTTP/1.1" 200 10796 "-" "Mozilla/5.0 (compatible; AhrefsBot/7.0; +http://ahrefs.com/robot/)"
196.61.243.117 - - [31/Mar/2026:20:37:57 +0000] "GET /viewtopic.php?t=439 HTTP/1.1" 200 10802 "https://www.google.com/" "Mozilla/5.0 (Linux; Android 10; K) AppleWebKit/537.36 (KHTML, like Gecko) Chrome/146.0.0.0 Mobile Safari/537.36"
2603:8000:92f0:65d0:8428:c7cd:dc6d:c098 - - [31/Mar/2026:20:38:06 +0000] "GET /viewtopic.php?t=588 HTTP/1.1" 200 10802 "-" "Mozilla/5.0 (Macintosh; Intel Mac OS X 10_15_7) AppleWebKit/605.1.15 (KHTML, like Gecko) Version/26.2 Safari/605.1.15"
14.240.75.70 - - [31/Mar/2026:20:38:39 +0000] "GET /viewforum.php?f=2 HTTP/1.1" 200 10796 "-" "Mozilla/5.0 (Windows NT 10.0; Win64; x64) AppleWebKit/537.36 (KHTML, like Gecko) Chrome/105.0.0.0 Safari/537.3"
103.194.112.87 - - [31/Mar/2026:20:38:54 +0000] "GET /viewtopic.php?t=588 HTTP/1.1" 200 10802 "https://electricalforum.nz/" "Mozilla/5.0 (Macintosh; Intel Mac OS X 14_7; rv:130.0) Gecko/20100101 Firefox/130.0"
185.211.32.197 - - [31/Mar/2026:20:39:32 +0000] "GET /ucp.php?mode=login&redirect=index.php HTTP/1.1" 200 10107 "https://electricalforum.nz/index.php" "Mozilla/5.0 (iPhone; CPU iPhone OS 26_3_1 like Mac OS X) AppleWebKit/605.1.15 (KHTML, like Gecko) CriOS/146.0.7680.151 Mobile/15E148 Safari/604.1"
92.222.104.205 - - [31/Mar/2026:20:39:32 +0000] "GET /memberlist.php?mode=viewprofile&u=136 HTTP/1.1" 200 10867 "-" "Mozilla/5.0 (compatible; AhrefsBot/7.0; +http://ahrefs.com/robot/)"
185.211.32.197 - - [31/Mar/2026:20:39:36 +0000] "GET /index.php HTTP/1.1" 200 10429 "https://electricalforum.nz/ucp.php?mode=login&redirect=index.php" "Mozilla/5.0 (iPhone; CPU iPhone OS 26_3_1 like Mac OS X) AppleWebKit/605.1.15 (KHTML, like Gecko) CriOS/146.0.7680.151 Mobile/15E148 Safari/604.1"
66.249.66.42 - - [31/Mar/2026:20:39:38 +0000] "GET /viewtopic.php?p=2006 HTTP/1.1" 200 48181 "-" "Mozilla/5.0 (Linux; Android 6.0.1; Nexus 5X Build/MMB29P) AppleWebKit/537.36 (KHTML, like Gecko) Chrome/146.0.7680.164 Mobile Safari/537.36 (compatible; Googlebot/2.1; +http://www.google.com/bot.html)"
2001:4860:7:50b::ff - - [31/Mar/2026:20:39:43 +0000] "GET /viewtopic.php?t=618 HTTP/1.1" 200 10802 "https://www.google.com/" "Mozilla/5.0 (Windows NT 10.0; Win64; x64) AppleWebKit/537.36 (KHTML, like Gecko) Chrome/146.0.0.0 Safari/537.36"
185.211.32.197 - - [31/Mar/2026:20:39:47 +0000] "GET /index.php HTTP/1.1" 200 10429 "https://electricalforum.nz/index.php" "Mozilla/5.0 (iPhone; CPU iPhone OS 26_3_1 like Mac OS X) AppleWebKit/605.1.15 (KHTML, like Gecko) CriOS/146.0.7680.151 Mobile/15E148 Safari/604.1"
185.211.32.197 - - [31/Mar/2026:20:39:58 +0000] "GET /rules HTTP/1.1" 200 16021 "https://electricalforum.nz/index.php" "Mozilla/5.0 (iPhone; CPU iPhone OS 26_3_1 like Mac OS X) AppleWebKit/605.1.15 (KHTML, like Gecko) CriOS/146.0.7680.151 Mobile/15E148 Safari/604.1"
185.211.32.197 - - [31/Mar/2026:20:40:13 +0000] "GET /ucp.php?mode=register HTTP/1.1" 200 8762 "https://www.google.com/" "Mozilla/5.0 (iPhone; CPU iPhone OS 26_3_1 like Mac OS X) AppleWebKit/605.1.15 (KHTML, like Gecko) CriOS/146.0.7680.151 Mobile/15E148 Safari/604.1"
2001:4860:7:80b::fc - - [31/Mar/2026:20:40:15 +0000] "GET /viewtopic.php?t=331 HTTP/1.1" 200 10802 "https://www.google.com/" "Mozilla/5.0 (Linux; Android 10; K) AppleWebKit/537.36 (KHTML, like Gecko) Chrome/146.0.0.0 Mobile Safari/537.36"
185.211.32.197 - - [31/Mar/2026:20:40:22 +0000] "GET /help/faq HTTP/1.1" 200 59166 "https://www.google.com/" "Mozilla/5.0 (iPhone; CPU iPhone OS 26_3_1 like Mac OS X) AppleWebKit/605.1.15 (KHTML, like Gecko) CriOS/146.0.7680.151 Mobile/15E148 Safari/604.1"
185.211.32.197 - - [31/Mar/2026:20:40:23 +0000] "GET /styles/black/theme/stylesheet.css?assets_version=14 HTTP/1.1" 200 159491 "https://www.electricalforum.nz/help/faq" "Mozilla/5.0 (iPhone; CPU iPhone OS 26_3_1 like Mac OS X) AppleWebKit/605.1.15 (KHTML, like Gecko) CriOS/146.0.7680.151 Mobile/15E148 Safari/604.1"
185.211.32.197 - - [31/Mar/2026:20:40:23 +0000] "GET /assets/css/font-awesome.min.css?assets_version=14 HTTP/1.1" 200 31000 "https://www.electricalforum.nz/help/faq" "Mozilla/5.0 (iPhone; CPU iPhone OS 26_3_1 like Mac OS X) AppleWebKit/605.1.15 (KHTML, like Gecko) CriOS/146.0.7680.151 Mobile/15E148 Safari/604.1"
185.211.32.197 - - [31/Mar/2026:20:40:24 +0000] "GET /assets/fonts/fontawesome-webfont.woff2?v=4.7.0 HTTP/1.1" 200 77160 "https://www.electricalforum.nz/help/faq" "Mozilla/5.0 (iPhone; CPU iPhone OS 26_3_1 like Mac OS X) AppleWebKit/605.1.15 (KHTML, like Gecko) CriOS/146.0.7680.151 Mobile/15E148 Safari/604.1"
185.211.32.197 - - [31/Mar/2026:20:40:24 +0000] "GET /styles/black/theme/images/logo_hd.png HTTP/1.1" 200 15235 "https://www.electricalforum.nz/help/faq" "Mozilla/5.0 (iPhone; CPU iPhone OS 26_3_1 like Mac OS X) AppleWebKit/605.1.15 (KHTML, like Gecko) CriOS/146.0.7680.151 Mobile/15E148 Safari/604.1"
2001:4860:7:50b::fc - - [31/Mar/2026:20:40:29 +0000] "GET /viewtopic.php?t=115 HTTP/1.1" 200 10802 "https://www.google.com/" "Mozilla/5.0 (Macintosh; Intel Mac OS X 10_15_7) AppleWebKit/537.36 (KHTML, like Gecko) Chrome/146.0.0.0 Safari/537.36"
207.46.13.153 - - [31/Mar/2026:20:40:30 +0000] "GET /viewtopic.php?t=575 HTTP/1.1" 200 35960 "-" "Mozilla/5.0 AppleWebKit/537.36 (KHTML, like Gecko; compatible; bingbot/2.0; +http://www.bing.com/bingbot.htm) Chrome/116.0.1938.76 Safari/537.36"
2001:4860:7:40b::fe - - [31/Mar/2026:20:40:31 +0000] "GET /viewtopic.php?t=115 HTTP/1.1" 200 10802 "https://www.google.com/" "Mozilla/5.0 (Macintosh; Intel Mac OS X 10_15_7) AppleWebKit/537.36 (KHTML, like Gecko) Chrome/146.0.0.0 Safari/537.36"
49.224.247.162 - - [31/Mar/2026:20:40:53 +0000] "GET /viewtopic.php?t=365 HTTP/1.1" 200 10108 "https://www.google.com/" "Mozilla/5.0 (iPhone; CPU iPhone OS 26_3_1 like Mac OS X) AppleWebKit/605.1.15 (KHTML, like Gecko) CriOS/146.0.7680.151 Mobile/15E148 Safari/604.1"
