2a02:c207:3018:3708::1 - - [31/Mar/2026:21:33:29 +0000] "GET /viewtopic.php?p=2461 HTTP/1.1" 200 37961 "-" "Mozilla/5.0 (compatible; MJ12bot/v1.4.8; http://mj12bot.com/)"
103.194.112.145 - - [31/Mar/2026:21:33:32 +0000] "GET /viewtopic.php?t=420 HTTP/1.1" 200 69964 "https://electricalforum.nz/" "Mozilla/5.0 (Windows NT 10.0; Win64; x64; rv:105.0) Gecko/20100101 Firefox/105.0"
5.39.109.169 - - [31/Mar/2026:21:33:43 +0000] "GET /viewforum.php?f=4 HTTP/1.1" 200 91191 "-" "Mozilla/5.0 (compatible; AhrefsBot/7.0; +http://ahrefs.com/robot/)"
2a02:c207:3018:3708::1 - - [31/Mar/2026:21:34:10 +0000] "GET /rules HTTP/1.1" 200 15630 "-" "Mozilla/5.0 (compatible; MJ12bot/v1.4.8; http://mj12bot.com/)"
2a02:c207:3018:3708::1 - - [31/Mar/2026:21:34:12 +0000] "GET /viewtopic.php?p=1161 HTTP/1.1" 200 45273 "-" "Mozilla/5.0 (compatible; MJ12bot/v1.4.8; http://mj12bot.com/)"
2a02:c207:3018:3708::1 - - [31/Mar/2026:21:34:14 +0000] "GET /viewtopic.php?p=2088 HTTP/1.1" 200 54800 "-" "Mozilla/5.0 (compatible; MJ12bot/v1.4.8; http://mj12bot.com/)"
2a02:c207:3018:3708::1 - - [31/Mar/2026:21:34:16 +0000] "GET /viewtopic.php?p=2089 HTTP/1.1" 200 54800 "-" "Mozilla/5.0 (compatible; MJ12bot/v1.4.8; http://mj12bot.com/)"
2a02:c207:3018:3708::1 - - [31/Mar/2026:21:34:19 +0000] "GET /viewtopic.php?p=2095 HTTP/1.1" 200 31648 "-" "Mozilla/5.0 (compatible; MJ12bot/v1.4.8; http://mj12bot.com/)"
2a02:c207:3018:3708::1 - - [31/Mar/2026:21:34:21 +0000] "GET /viewtopic.php?p=2096 HTTP/1.1" 200 71491 "-" "Mozilla/5.0 (compatible; MJ12bot/v1.4.8; http://mj12bot.com/)"
2a02:c207:3018:3708::1 - - [31/Mar/2026:21:34:23 +0000] "GET /viewtopic.php?p=2097 HTTP/1.1" 200 71491 "-" "Mozilla/5.0 (compatible; MJ12bot/v1.4.8; http://mj12bot.com/)"
2a02:c207:3018:3708::1 - - [31/Mar/2026:21:34:25 +0000] "GET /viewtopic.php?p=2099 HTTP/1.1" 200 71491 "-" "Mozilla/5.0 (compatible; MJ12bot/v1.4.8; http://mj12bot.com/)"
2a02:c207:3018:3708::1 - - [31/Mar/2026:21:34:32 +0000] "GET /viewtopic.php?p=2140 HTTP/1.1" 200 21786 "-" "Mozilla/5.0 (compatible; MJ12bot/v1.4.8; http://mj12bot.com/)"
2a02:c207:3018:3708::1 - - [31/Mar/2026:21:34:33 +0000] "GET /viewtopic.php?p=2141 HTTP/1.1" 200 17552 "-" "Mozilla/5.0 (compatible; MJ12bot/v1.4.8; http://mj12bot.com/)"
103.194.112.20 - - [31/Mar/2026:21:34:34 +0000] "GET /viewtopic.php?t=668 HTTP/1.1" 200 56125 "https://electricalforum.nz/" "Mozilla/5.0 (X11; Fedora; Linux x86_64; rv:136.0) Gecko/20222214 Firefox/136.0"
2a02:c207:3018:3708::1 - - [31/Mar/2026:21:34:36 +0000] "GET /viewtopic.php?p=2166 HTTP/1.1" 200 30521 "-" "Mozilla/5.0 (compatible; MJ12bot/v1.4.8; http://mj12bot.com/)"
2a02:c207:3018:3708::1 - - [31/Mar/2026:21:34:39 +0000] "GET /viewtopic.php?p=2217 HTTP/1.1" 200 36134 "-" "Mozilla/5.0 (compatible; MJ12bot/v1.4.8; http://mj12bot.com/)"
2001:4860:7:80b::fa - - [31/Mar/2026:21:34:44 +0000] "GET /viewtopic.php?t=670 HTTP/1.1" 200 39276 "https://www.google.com/" "Mozilla/5.0 (Linux; Android 10; K) AppleWebKit/537.36 (KHTML, like Gecko) Chrome/146.0.0.0 Mobile Safari/537.36"
2a02:c207:3018:3708::1 - - [31/Mar/2026:21:34:44 +0000] "GET /viewtopic.php?p=2264 HTTP/1.1" 200 19819 "-" "Mozilla/5.0 (compatible; MJ12bot/v1.4.8; http://mj12bot.com/)"
2a02:c207:3018:3708::1 - - [31/Mar/2026:21:34:46 +0000] "GET /viewtopic.php?p=2308 HTTP/1.1" 200 24124 "-" "Mozilla/5.0 (compatible; MJ12bot/v1.4.8; http://mj12bot.com/)"
2a02:c207:3018:3708::1 - - [31/Mar/2026:21:34:48 +0000] "GET /viewtopic.php?p=2309 HTTP/1.1" 200 26443 "-" "Mozilla/5.0 (compatible; MJ12bot/v1.4.8; http://mj12bot.com/)"
2a02:c207:3018:3708::1 - - [31/Mar/2026:21:34:50 +0000] "GET /viewtopic.php?p=2312 HTTP/1.1" 200 26443 "-" "Mozilla/5.0 (compatible; MJ12bot/v1.4.8; http://mj12bot.com/)"
2a02:c207:3018:3708::1 - - [31/Mar/2026:21:34:51 +0000] "GET /viewtopic.php?p=2313 HTTP/1.1" 200 40821 "-" "Mozilla/5.0 (compatible; MJ12bot/v1.4.8; http://mj12bot.com/)"
2a02:c207:3018:3708::1 - - [31/Mar/2026:21:34:53 +0000] "GET /viewtopic.php?p=2317 HTTP/1.1" 200 40821 "-" "Mozilla/5.0 (compatible; MJ12bot/v1.4.8; http://mj12bot.com/)"
92.222.104.217 - - [31/Mar/2026:21:34:57 +0000] "GET /viewforum.php?f=28 HTTP/1.1" 200 64285 "-" "Mozilla/5.0 (compatible; AhrefsBot/7.0; +http://ahrefs.com/robot/)"
2a02:c207:3018:3708::1 - - [31/Mar/2026:21:34:58 +0000] "GET /viewtopic.php?p=2320 HTTP/1.1" 200 40821 "-" "Mozilla/5.0 (compatible; MJ12bot/v1.4.8; http://mj12bot.com/)"
2a02:c207:3018:3708::1 - - [31/Mar/2026:21:35:00 +0000] "GET /viewtopic.php?p=2340 HTTP/1.1" 200 24121 "-" "Mozilla/5.0 (compatible; MJ12bot/v1.4.8; http://mj12bot.com/)"
2a02:c207:3018:3708::1 - - [31/Mar/2026:21:35:01 +0000] "GET /viewtopic.php?p=237 HTTP/1.1" 200 40335 "-" "Mozilla/5.0 (compatible; MJ12bot/v1.4.8; http://mj12bot.com/)"
2a02:c207:3018:3708::1 - - [31/Mar/2026:21:35:03 +0000] "GET /viewtopic.php?p=240 HTTP/1.1" 200 17941 "-" "Mozilla/5.0 (compatible; MJ12bot/v1.4.8; http://mj12bot.com/)"
2a02:c207:3018:3708::1 - - [31/Mar/2026:21:35:05 +0000] "GET /viewtopic.php?p=2452 HTTP/1.1" 200 37961 "-" "Mozilla/5.0 (compatible; MJ12bot/v1.4.8; http://mj12bot.com/)"
2a02:c207:3018:3708::1 - - [31/Mar/2026:21:35:10 +0000] "GET /viewtopic.php?p=2101 HTTP/1.1" 200 71491 "-" "Mozilla/5.0 (compatible; MJ12bot/v1.4.8; http://mj12bot.com/)"
2a02:c207:3018:3708::1 - - [31/Mar/2026:21:35:11 +0000] "GET /viewtopic.php?p=2109 HTTP/1.1" 200 27152 "-" "Mozilla/5.0 (compatible; MJ12bot/v1.4.8; http://mj12bot.com/)"
2a02:c207:3018:3708::1 - - [31/Mar/2026:21:35:13 +0000] "GET /viewtopic.php?p=2111 HTTP/1.1" 200 27152 "-" "Mozilla/5.0 (compatible; MJ12bot/v1.4.8; http://mj12bot.com/)"
2a02:c207:3018:3708::1 - - [31/Mar/2026:21:35:15 +0000] "GET /viewtopic.php?p=2165 HTTP/1.1" 200 30521 "-" "Mozilla/5.0 (compatible; MJ12bot/v1.4.8; http://mj12bot.com/)"
2a02:c207:3018:3708::1 - - [31/Mar/2026:21:35:17 +0000] "GET /viewtopic.php?p=2215 HTTP/1.1" 200 36134 "-" "Mozilla/5.0 (compatible; MJ12bot/v1.4.8; http://mj12bot.com/)"
2a02:c207:3018:3708::1 - - [31/Mar/2026:21:35:23 +0000] "GET /viewtopic.php?p=2319 HTTP/1.1" 200 40821 "-" "Mozilla/5.0 (compatible; MJ12bot/v1.4.8; http://mj12bot.com/)"
2a02:c207:3018:3708::1 - - [31/Mar/2026:21:35:25 +0000] "GET /viewtopic.php?p=2457 HTTP/1.1" 200 37961 "-" "Mozilla/5.0 (compatible; MJ12bot/v1.4.8; http://mj12bot.com/)"
2001:4860:7:40b::fe - - [31/Mar/2026:21:35:28 +0000] "GET /viewtopic.php?t=670 HTTP/1.1" 200 39276 "https://www.google.com/" "Mozilla/5.0 (Linux; Android 10; K) AppleWebKit/537.36 (KHTML, like Gecko) Chrome/146.0.0.0 Mobile Safari/537.36"
2a02:c207:3018:3708::1 - - [31/Mar/2026:21:35:29 +0000] "GET /viewtopic.php?p=2094 HTTP/1.1" 200 31648 "-" "Mozilla/5.0 (compatible; MJ12bot/v1.4.8; http://mj12bot.com/)"
2a02:c207:3018:3708::1 - - [31/Mar/2026:21:35:31 +0000] "GET /viewtopic.php?p=2261 HTTP/1.1" 200 49116 "-" "Mozilla/5.0 (compatible; MJ12bot/v1.4.8; http://mj12bot.com/)"
2a02:c207:3018:3708::1 - - [31/Mar/2026:21:35:33 +0000] "GET /viewtopic.php?p=2263 HTTP/1.1" 200 19819 "-" "Mozilla/5.0 (compatible; MJ12bot/v1.4.8; http://mj12bot.com/)"
2a02:c207:3018:3708::1 - - [31/Mar/2026:21:35:35 +0000] "GET /viewtopic.php?p=2318 HTTP/1.1" 200 40821 "-" "Mozilla/5.0 (compatible; MJ12bot/v1.4.8; http://mj12bot.com/)"
43.157.38.131 - - [31/Mar/2026:21:35:37 +0000] "GET /feed?sid=77683c85bc9d38136ab6a0b19929f44c?f=2 HTTP/1.1" 200 24495 "-" "Mozilla/5.0 (iPhone; CPU iPhone OS 13_2_3 like Mac OS X) AppleWebKit/605.1.15 (KHTML, like Gecko) Version/13.0.3 Mobile/15E148 Safari/604.1"
2a02:26f7:f400:5301:0:4000:0:6 - - [31/Mar/2026:21:35:59 +0000] "GET / HTTP/1.1" 200 67360 "-" "Mozilla/5.0 (Macintosh; Intel Mac OS X 10_15_7) AppleWebKit/605.1.15 (KHTML, like Gecko) Version/18.6 Safari/605.1.15"
206.83.102.201 - - [31/Mar/2026:21:37:09 +0000] "GET / HTTP/1.1" 200 67360 "https://electricalforum.nz/" "Mozilla/5.0 (iPhone; CPU iPhone OS 18_0 like Mac OS X) AppleWebKit/605.1.15 (KHTML, like Gecko) Version/18.0 Mobile/15E148 Safari/604.1"
206.83.102.201 - - [31/Mar/2026:21:37:11 +0000] "GET /posting.php?f=17&mode=reply&t=388 HTTP/1.1" 200 12829 "https://www.electricalforum.nz/" "Mozilla/5.0 (iPhone; CPU iPhone OS 18_0 like Mac OS X) AppleWebKit/605.1.15 (KHTML, like Gecko) Version/18.0 Mobile/15E148 Safari/604.1"
74.7.228.175 - - [31/Mar/2026:21:37:43 +0000] "GET /viewtopic.php?t=432 HTTP/1.1" 200 39830 "-" "Mozilla/5.0 (Macintosh; Intel Mac OS X 10_15_7) AppleWebKit/537.36 (KHTML, like Gecko) Chrome/131.0.0.0 Safari/537.36; compatible; OAI-SearchBot/1.3; +https://openai.com/searchbot"
74.7.229.61 - - [31/Mar/2026:21:37:44 +0000] "GET /feed?sid=9ee3f0e750eabd6b97884167474592cf HTTP/1.1" 200 24495 "https://electricalforum.nz/viewtopic.php?t=432" "Mozilla/5.0 (Macintosh; Intel Mac OS X 10_15_7) AppleWebKit/537.36 (KHTML, like Gecko) Chrome/131.0.0.0 Safari/537.36; compatible; OAI-SearchBot/1.3; +https://openai.com/searchbot"
74.7.229.61 - - [31/Mar/2026:21:37:44 +0000] "GET /feed?sid=9ee3f0e750eabd6b97884167474592cf HTTP/1.1" 200 24495 "https://electricalforum.nz/viewtopic.php?t=432" "Mozilla/5.0 (Macintosh; Intel Mac OS X 10_15_7) AppleWebKit/537.36 (KHTML, like Gecko) Chrome/131.0.0.0 Safari/537.36; compatible; OAI-SearchBot/1.3; +https://openai.com/searchbot"
74.7.229.217 - - [31/Mar/2026:21:37:56 +0000] "GET /feed/topic/432?sid=9ee3f0e750eabd6b97884167474592cf HTTP/1.1" 200 5775 "https://electricalforum.nz/viewtopic.php?t=432" "Mozilla/5.0 (Macintosh; Intel Mac OS X 10_15_7) AppleWebKit/537.36 (KHTML, like Gecko) Chrome/131.0.0.0 Safari/537.36; compatible; OAI-SearchBot/1.3; +https://openai.com/searchbot"
74.7.242.138 - - [31/Mar/2026:21:37:57 +0000] "GET /feed/forum/13?sid=9ee3f0e750eabd6b97884167474592cf HTTP/1.1" 200 35333 "https://electricalforum.nz/viewtopic.php?t=432" "Mozilla/5.0 (Macintosh; Intel Mac OS X 10_15_7) AppleWebKit/537.36 (KHTML, like Gecko) Chrome/131.0.0.0 Safari/537.36; compatible; OAI-SearchBot/1.3; +https://openai.com/searchbot"
74.7.229.190 - - [31/Mar/2026:21:37:57 +0000] "GET /feed/topics?sid=9ee3f0e750eabd6b97884167474592cf HTTP/1.1" 200 16852 "https://electricalforum.nz/viewtopic.php?t=432" "Mozilla/5.0 (Macintosh; Intel Mac OS X 10_15_7) AppleWebKit/537.36 (KHTML, like Gecko) Chrome/131.0.0.0 Safari/537.36; compatible; OAI-SearchBot/1.3; +https://openai.com/searchbot"
74.7.229.190 - - [31/Mar/2026:21:37:58 +0000] "GET /thankslist/givens/48/true?sid=9ee3f0e750eabd6b97884167474592cf HTTP/1.1" 200 14337 "https://electricalforum.nz/viewtopic.php?t=432" "Mozilla/5.0 (Macintosh; Intel Mac OS X 10_15_7) AppleWebKit/537.36 (KHTML, like Gecko) Chrome/131.0.0.0 Safari/537.36; compatible; OAI-SearchBot/1.3; +https://openai.com/searchbot"
181.199.146.157 - - [31/Mar/2026:21:38:02 +0000] "GET /viewtopic.php?t=340 HTTP/1.1" 200 82064 "https://electricalforum.nz/" "Mozilla/5.0 (Windows NT 10.0; Win64; x64) AppleWebKit/537.36 (KHTML, like Gecko) Chrome/126.0.0.0 Safari/537.36"
51.75.236.137 - - [31/Mar/2026:21:38:06 +0000] "GET /viewtopic.php?f=4&t=668&p=3221 HTTP/1.1" 200 56163 "-" "Mozilla/5.0 (compatible; AhrefsBot/7.0; +http://ahrefs.com/robot/)"
74.7.229.217 - - [31/Mar/2026:21:38:10 +0000] "GET /help/faq?sid=9ee3f0e750eabd6b97884167474592cf HTTP/1.1" 200 67581 "https://electricalforum.nz/viewtopic.php?t=432" "Mozilla/5.0 (Macintosh; Intel Mac OS X 10_15_7) AppleWebKit/537.36 (KHTML, like Gecko) Chrome/131.0.0.0 Safari/537.36; compatible; OAI-SearchBot/1.3; +https://openai.com/searchbot"
74.7.242.138 - - [31/Mar/2026:21:38:11 +0000] "GET /viewtopic.php?f=13&sid=9ee3f0e750eabd6b97884167474592cf&t=432&view=print HTTP/1.1" 200 4529 "https://electricalforum.nz/viewtopic.php?t=432" "Mozilla/5.0 (Macintosh; Intel Mac OS X 10_15_7) AppleWebKit/537.36 (KHTML, like Gecko) Chrome/131.0.0.0 Safari/537.36; compatible; OAI-SearchBot/1.3; +https://openai.com/searchbot"
74.7.229.217 - - [31/Mar/2026:21:38:11 +0000] "GET /ucp.php?mode=login&redirect=viewtopic.php%3Ft%3D432&sid=9ee3f0e750eabd6b97884167474592cf HTTP/1.1" 200 13983 "https://electricalforum.nz/viewtopic.php?t=432" "Mozilla/5.0 (Macintosh; Intel Mac OS X 10_15_7) AppleWebKit/537.36 (KHTML, like Gecko) Chrome/131.0.0.0 Safari/537.36; compatible; OAI-SearchBot/1.3; +https://openai.com/searchbot"
74.7.229.248 - - [31/Mar/2026:21:38:12 +0000] "GET /viewforum.php?f=20&sid=9ee3f0e750eabd6b97884167474592cf HTTP/1.1" 200 30675 "https://electricalforum.nz/viewtopic.php?t=432" "Mozilla/5.0 (Macintosh; Intel Mac OS X 10_15_7) AppleWebKit/537.36 (KHTML, like Gecko) Chrome/131.0.0.0 Safari/537.36; compatible; OAI-SearchBot/1.3; +https://openai.com/searchbot"
74.7.229.217 - - [31/Mar/2026:21:38:12 +0000] "GET /memberlist.php?mode=viewprofile&sid=9ee3f0e750eabd6b97884167474592cf&u=48 HTTP/1.1" 200 14002 "https://electricalforum.nz/viewtopic.php?t=432" "Mozilla/5.0 (Macintosh; Intel Mac OS X 10_15_7) AppleWebKit/537.36 (KHTML, like Gecko) Chrome/131.0.0.0 Safari/537.36; compatible; OAI-SearchBot/1.3; +https://openai.com/searchbot"
74.7.229.190 - - [31/Mar/2026:21:38:13 +0000] "GET /viewforum.php?f=2&sid=9ee3f0e750eabd6b97884167474592cf HTTP/1.1" 200 45910 "https://electricalforum.nz/viewtopic.php?t=432" "Mozilla/5.0 (Macintosh; Intel Mac OS X 10_15_7) AppleWebKit/537.36 (KHTML, like Gecko) Chrome/131.0.0.0 Safari/537.36; compatible; OAI-SearchBot/1.3; +https://openai.com/searchbot"
74.7.243.38 - - [31/Mar/2026:21:38:13 +0000] "GET /viewtopic.php?f=13&sid=9ee3f0e750eabd6b97884167474592cf&t=432 HTTP/1.1" 200 39848 "https://electricalforum.nz/viewtopic.php?t=432" "Mozilla/5.0 (Macintosh; Intel Mac OS X 10_15_7) AppleWebKit/537.36 (KHTML, like Gecko) Chrome/131.0.0.0 Safari/537.36; compatible; OAI-SearchBot/1.3; +https://openai.com/searchbot"
74.7.243.38 - - [31/Mar/2026:21:38:14 +0000] "GET /viewforum.php?f=29&sid=9ee3f0e750eabd6b97884167474592cf HTTP/1.1" 200 28008 "https://electricalforum.nz/viewtopic.php?t=432" "Mozilla/5.0 (Macintosh; Intel Mac OS X 10_15_7) AppleWebKit/537.36 (KHTML, like Gecko) Chrome/131.0.0.0 Safari/537.36; compatible; OAI-SearchBot/1.3; +https://openai.com/searchbot"
74.7.229.217 - - [31/Mar/2026:21:38:14 +0000] "GET /search.php?sid=9ee3f0e750eabd6b97884167474592cf HTTP/1.1" 200 18012 "https://electricalforum.nz/viewtopic.php?t=432" "Mozilla/5.0 (Macintosh; Intel Mac OS X 10_15_7) AppleWebKit/537.36 (KHTML, like Gecko) Chrome/131.0.0.0 Safari/537.36; compatible; OAI-SearchBot/1.3; +https://openai.com/searchbot"
74.7.229.217 - - [31/Mar/2026:21:38:15 +0000] "GET /viewforum.php?f=13&sid=9ee3f0e750eabd6b97884167474592cf HTTP/1.1" 200 91752 "https://electricalforum.nz/viewtopic.php?t=432" "Mozilla/5.0 (Macintosh; Intel Mac OS X 10_15_7) AppleWebKit/537.36 (KHTML, like Gecko) Chrome/131.0.0.0 Safari/537.36; compatible; OAI-SearchBot/1.3; +https://openai.com/searchbot"
74.7.229.217 - - [31/Mar/2026:21:38:15 +0000] "GET /index.php?sid=9ee3f0e750eabd6b97884167474592cf HTTP/1.1" 200 67360 "https://electricalforum.nz/viewtopic.php?t=432" "Mozilla/5.0 (Macintosh; Intel Mac OS X 10_15_7) AppleWebKit/537.36 (KHTML, like Gecko) Chrome/131.0.0.0 Safari/537.36; compatible; OAI-SearchBot/1.3; +https://openai.com/searchbot"
74.7.229.61 - - [31/Mar/2026:21:38:16 +0000] "GET /thankslist/givens/287/true?sid=9ee3f0e750eabd6b97884167474592cf HTTP/1.1" 200 14341 "https://electricalforum.nz/viewtopic.php?t=432" "Mozilla/5.0 (Macintosh; Intel Mac OS X 10_15_7) AppleWebKit/537.36 (KHTML, like Gecko) Chrome/131.0.0.0 Safari/537.36; compatible; OAI-SearchBot/1.3; +https://openai.com/searchbot"
74.7.243.38 - - [31/Mar/2026:21:38:17 +0000] "GET /thankslist/givens/2/true?sid=9ee3f0e750eabd6b97884167474592cf HTTP/1.1" 200 14333 "https://electricalforum.nz/viewtopic.php?t=432" "Mozilla/5.0 (Macintosh; Intel Mac OS X 10_15_7) AppleWebKit/537.36 (KHTML, like Gecko) Chrome/131.0.0.0 Safari/537.36; compatible; OAI-SearchBot/1.3; +https://openai.com/searchbot"
74.7.229.190 - - [31/Mar/2026:21:38:17 +0000] "GET /thankslist/givens/287/false?sid=9ee3f0e750eabd6b97884167474592cf HTTP/1.1" 200 14345 "https://electricalforum.nz/viewtopic.php?t=432" "Mozilla/5.0 (Macintosh; Intel Mac OS X 10_15_7) AppleWebKit/537.36 (KHTML, like Gecko) Chrome/131.0.0.0 Safari/537.36; compatible; OAI-SearchBot/1.3; +https://openai.com/searchbot"
74.7.243.38 - - [31/Mar/2026:21:38:18 +0000] "GET /thankslist/givens/48/false?sid=9ee3f0e750eabd6b97884167474592cf HTTP/1.1" 200 14341 "https://electricalforum.nz/viewtopic.php?t=432" "Mozilla/5.0 (Macintosh; Intel Mac OS X 10_15_7) AppleWebKit/537.36 (KHTML, like Gecko) Chrome/131.0.0.0 Safari/537.36; compatible; OAI-SearchBot/1.3; +https://openai.com/searchbot"
74.7.229.57 - - [31/Mar/2026:21:38:32 +0000] "GET /thankslist/givens/2/false?sid=9ee3f0e750eabd6b97884167474592cf HTTP/1.1" 200 14337 "https://electricalforum.nz/viewtopic.php?t=432" "Mozilla/5.0 (Macintosh; Intel Mac OS X 10_15_7) AppleWebKit/537.36 (KHTML, like Gecko) Chrome/131.0.0.0 Safari/537.36; compatible; OAI-SearchBot/1.3; +https://openai.com/searchbot"
74.7.229.248 - - [31/Mar/2026:21:38:32 +0000] "GET /rules?sid=9ee3f0e750eabd6b97884167474592cf HTTP/1.1" 200 18927 "https://electricalforum.nz/viewtopic.php?t=432" "Mozilla/5.0 (Macintosh; Intel Mac OS X 10_15_7) AppleWebKit/537.36 (KHTML, like Gecko) Chrome/131.0.0.0 Safari/537.36; compatible; OAI-SearchBot/1.3; +https://openai.com/searchbot"
74.7.229.190 - - [31/Mar/2026:21:38:33 +0000] "GET /viewtopic.php?p=2104&sid=9ee3f0e750eabd6b97884167474592cf HTTP/1.1" 200 39832 "https://electricalforum.nz/viewtopic.php?t=432" "Mozilla/5.0 (Macintosh; Intel Mac OS X 10_15_7) AppleWebKit/537.36 (KHTML, like Gecko) Chrome/131.0.0.0 Safari/537.36; compatible; OAI-SearchBot/1.3; +https://openai.com/searchbot"
74.7.229.57 - - [31/Mar/2026:21:38:46 +0000] "GET /viewtopic.php?p=2103&sid=9ee3f0e750eabd6b97884167474592cf HTTP/1.1" 200 39832 "https://electricalforum.nz/viewtopic.php?t=432" "Mozilla/5.0 (Macintosh; Intel Mac OS X 10_15_7) AppleWebKit/537.36 (KHTML, like Gecko) Chrome/131.0.0.0 Safari/537.36; compatible; OAI-SearchBot/1.3; +https://openai.com/searchbot"
74.7.229.190 - - [31/Mar/2026:21:38:46 +0000] "GET /viewtopic.php?p=2108&sid=9ee3f0e750eabd6b97884167474592cf HTTP/1.1" 200 39832 "https://electricalforum.nz/viewtopic.php?t=432" "Mozilla/5.0 (Macintosh; Intel Mac OS X 10_15_7) AppleWebKit/537.36 (KHTML, like Gecko) Chrome/131.0.0.0 Safari/537.36; compatible; OAI-SearchBot/1.3; +https://openai.com/searchbot"
74.7.242.138 - - [31/Mar/2026:21:38:47 +0000] "GET /viewtopic.php?p=2102&sid=9ee3f0e750eabd6b97884167474592cf HTTP/1.1" 200 39832 "https://electricalforum.nz/viewtopic.php?t=432" "Mozilla/5.0 (Macintosh; Intel Mac OS X 10_15_7) AppleWebKit/537.36 (KHTML, like Gecko) Chrome/131.0.0.0 Safari/537.36; compatible; OAI-SearchBot/1.3; +https://openai.com/searchbot"
74.7.242.138 - - [31/Mar/2026:21:38:47 +0000] "GET /viewtopic.php?p=2107&sid=9ee3f0e750eabd6b97884167474592cf HTTP/1.1" 200 39832 "https://electricalforum.nz/viewtopic.php?t=432" "Mozilla/5.0 (Macintosh; Intel Mac OS X 10_15_7) AppleWebKit/537.36 (KHTML, like Gecko) Chrome/131.0.0.0 Safari/537.36; compatible; OAI-SearchBot/1.3; +https://openai.com/searchbot"
74.7.229.217 - - [31/Mar/2026:21:38:48 +0000] "GET /search.php?author_id=48&sid=9ee3f0e750eabd6b97884167474592cf&sr=posts HTTP/1.1" 200 100538 "https://electricalforum.nz/viewtopic.php?t=432" "Mozilla/5.0 (Macintosh; Intel Mac OS X 10_15_7) AppleWebKit/537.36 (KHTML, like Gecko) Chrome/131.0.0.0 Safari/537.36; compatible; OAI-SearchBot/1.3; +https://openai.com/searchbot"
74.7.242.138 - - [31/Mar/2026:21:38:48 +0000] "GET /search.php?author_id=287&sid=9ee3f0e750eabd6b97884167474592cf&sr=posts HTTP/1.1" 200 37704 "https://electricalforum.nz/viewtopic.php?t=432" "Mozilla/5.0 (Macintosh; Intel Mac OS X 10_15_7) AppleWebKit/537.36 (KHTML, like Gecko) Chrome/131.0.0.0 Safari/537.36; compatible; OAI-SearchBot/1.3; +https://openai.com/searchbot"
14.226.235.142 - - [31/Mar/2026:21:38:48 +0000] "GET /viewtopic.php?p=2&sid=2b575af7e7fef82e2091a9ee23252948 HTTP/1.1" 200 53393 "-" "Mozilla/5.0 (Windows NT 10.0; Win64; x64) AppleWebKit/537.36 (KHTML, like Gecko) Chrome/129.0.0.0 Safari/537.36"
14.168.43.181 - - [31/Mar/2026:21:38:49 +0000] "GET /viewtopic.php?f=27&t=138&p=768&sid=a2a8b8895aeaf564bf40e47969d8d659 HTTP/1.1" 200 32826 "-" "Mozilla/5.0 (Windows NT 10.0; Win64; x64) AppleWebKit/537.36 (KHTML, like Gecko) Chrome/129.0.0.0 Safari/537.36"
74.7.243.38 - - [31/Mar/2026:21:38:49 +0000] "GET /search.php?author_id=2&sid=9ee3f0e750eabd6b97884167474592cf&sr=posts HTTP/1.1" 200 99039 "https://electricalforum.nz/viewtopic.php?t=432" "Mozilla/5.0 (Macintosh; Intel Mac OS X 10_15_7) AppleWebKit/537.36 (KHTML, like Gecko) Chrome/131.0.0.0 Safari/537.36; compatible; OAI-SearchBot/1.3; +https://openai.com/searchbot"
74.7.242.138 - - [31/Mar/2026:21:38:49 +0000] "GET /posting.php?f=13&mode=reply&sid=9ee3f0e750eabd6b97884167474592cf&t=432 HTTP/1.1" 200 13995 "https://electricalforum.nz/viewtopic.php?t=432" "Mozilla/5.0 (Macintosh; Intel Mac OS X 10_15_7) AppleWebKit/537.36 (KHTML, like Gecko) Chrome/131.0.0.0 Safari/537.36; compatible; OAI-SearchBot/1.3; +https://openai.com/searchbot"
74.7.229.57 - - [31/Mar/2026:21:38:50 +0000] "GET /posting.php?f=13&mode=quote&p=2107&sid=9ee3f0e750eabd6b97884167474592cf HTTP/1.1" 200 13994 "https://electricalforum.nz/viewtopic.php?t=432" "Mozilla/5.0 (Macintosh; Intel Mac OS X 10_15_7) AppleWebKit/537.36 (KHTML, like Gecko) Chrome/131.0.0.0 Safari/537.36; compatible; OAI-SearchBot/1.3; +https://openai.com/searchbot"
113.181.17.12 - - [31/Mar/2026:21:38:50 +0000] "GET /viewtopic.php?f=17&p=2741&sid=d7ecb5c09abb3a6b7be79f2419c42850 HTTP/1.1" 200 29853 "-" "Mozilla/5.0 (Windows NT 10.0; Win64; x64) AppleWebKit/537.36 (KHTML, like Gecko) Chrome/129.0.0.0 Safari/537.36"
74.7.229.61 - - [31/Mar/2026:21:38:50 +0000] "GET /posting.php?f=13&mode=quote&p=2108&sid=9ee3f0e750eabd6b97884167474592cf HTTP/1.1" 200 13994 "https://electricalforum.nz/viewtopic.php?t=432" "Mozilla/5.0 (Macintosh; Intel Mac OS X 10_15_7) AppleWebKit/537.36 (KHTML, like Gecko) Chrome/131.0.0.0 Safari/537.36; compatible; OAI-SearchBot/1.3; +https://openai.com/searchbot"
74.7.229.217 - - [31/Mar/2026:21:38:51 +0000] "GET /posting.php?f=13&mode=quote&p=2104&sid=9ee3f0e750eabd6b97884167474592cf HTTP/1.1" 200 13994 "https://electricalforum.nz/viewtopic.php?t=432" "Mozilla/5.0 (Macintosh; Intel Mac OS X 10_15_7) AppleWebKit/537.36 (KHTML, like Gecko) Chrome/131.0.0.0 Safari/537.36; compatible; OAI-SearchBot/1.3; +https://openai.com/searchbot"
14.226.3.128 - - [31/Mar/2026:21:38:51 +0000] "GET /viewtopic.php?f=4&t=428&p=2051&sid=a436d5dc6b41072eec0d5535a53f2fa0 HTTP/1.1" 200 36603 "-" "Mozilla/5.0 (Windows NT 10.0; Win64; x64) AppleWebKit/537.36 (KHTML, like Gecko) Chrome/129.0.0.0 Safari/537.36"
74.7.229.248 - - [31/Mar/2026:21:38:51 +0000] "GET /posting.php?f=13&mode=quote&p=2102&sid=9ee3f0e750eabd6b97884167474592cf HTTP/1.1" 200 13994 "https://electricalforum.nz/viewtopic.php?t=432" "Mozilla/5.0 (Macintosh; Intel Mac OS X 10_15_7) AppleWebKit/537.36 (KHTML, like Gecko) Chrome/131.0.0.0 Safari/537.36; compatible; OAI-SearchBot/1.3; +https://openai.com/searchbot"
102.141.49.155 - - [31/Mar/2026:21:38:51 +0000] "GET /viewtopic.php?p=1091&sid=5d9a8574c46a4ef13ed85c7cb141b3a3 HTTP/1.1" 200 31889 "-" "Mozilla/5.0 (Windows NT 10.0; Win64; x64) AppleWebKit/537.36 (KHTML, like Gecko) Chrome/129.0.0.0 Safari/537.36"
14.191.138.242 - - [31/Mar/2026:21:38:52 +0000] "GET /viewtopic.php?p=1490&sid=a5c45b647f8b405d541818b75231bcc3 HTTP/1.1" 200 32611 "-" "Mozilla/5.0 (Windows NT 10.0; Win64; x64) AppleWebKit/537.36 (KHTML, like Gecko) Chrome/129.0.0.0 Safari/537.36"
74.7.242.138 - - [31/Mar/2026:21:38:52 +0000] "GET /posting.php?f=13&mode=quote&p=2103&sid=9ee3f0e750eabd6b97884167474592cf HTTP/1.1" 200 13994 "https://electricalforum.nz/viewtopic.php?t=432" "Mozilla/5.0 (Macintosh; Intel Mac OS X 10_15_7) AppleWebKit/537.36 (KHTML, like Gecko) Chrome/131.0.0.0 Safari/537.36; compatible; OAI-SearchBot/1.3; +https://openai.com/searchbot"
74.7.229.57 - - [31/Mar/2026:21:38:52 +0000] "GET /ucp.php?mode=register&sid=9ee3f0e750eabd6b97884167474592cf HTTP/1.1" 200 14818 "https://electricalforum.nz/viewtopic.php?t=432" "Mozilla/5.0 (Macintosh; Intel Mac OS X 10_15_7) AppleWebKit/537.36 (KHTML, like Gecko) Chrome/131.0.0.0 Safari/537.36; compatible; OAI-SearchBot/1.3; +https://openai.com/searchbot"
74.7.228.175 - - [31/Mar/2026:21:38:53 +0000] "GET /search.php?search_id=unanswered&sid=9ee3f0e750eabd6b97884167474592cf HTTP/1.1" 200 75412 "https://electricalforum.nz/viewtopic.php?t=432" "Mozilla/5.0 (Macintosh; Intel Mac OS X 10_15_7) AppleWebKit/537.36 (KHTML, like Gecko) Chrome/131.0.0.0 Safari/537.36; compatible; OAI-SearchBot/1.3; +https://openai.com/searchbot"
113.191.94.243 - - [31/Mar/2026:21:38:53 +0000] "GET /viewtopic.php?t=650 HTTP/1.1" 200 41277 "-" "Mozilla/5.0 (Windows NT 10.0; Win64; x64) AppleWebKit/537.36 (KHTML, like Gecko) Chrome/129.0.0.0 Safari/537.36"
51.235.220.64 - - [31/Mar/2026:21:38:53 +0000] "GET /viewforum.php?f=4 HTTP/1.1" 200 91191 "-" "Mozilla/5.0 (Windows NT 10.0; Win64; x64) AppleWebKit/537.36 (KHTML, like Gecko) Chrome/129.0.0.0 Safari/537.36"
74.7.229.248 - - [31/Mar/2026:21:38:53 +0000] "GET /ucp.php?mode=terms&sid=9ee3f0e750eabd6b97884167474592cf HTTP/1.1" 200 13890 "https://electricalforum.nz/viewtopic.php?t=432" "Mozilla/5.0 (Macintosh; Intel Mac OS X 10_15_7) AppleWebKit/537.36 (KHTML, like Gecko) Chrome/131.0.0.0 Safari/537.36; compatible; OAI-SearchBot/1.3; +https://openai.com/searchbot"
74.7.228.175 - - [31/Mar/2026:21:38:54 +0000] "GET /viewforum.php?f=26&sid=9ee3f0e750eabd6b97884167474592cf HTTP/1.1" 200 25259 "https://electricalforum.nz/viewtopic.php?t=432" "Mozilla/5.0 (Macintosh; Intel Mac OS X 10_15_7) AppleWebKit/537.36 (KHTML, like Gecko) Chrome/131.0.0.0 Safari/537.36; compatible; OAI-SearchBot/1.3; +https://openai.com/searchbot"
113.178.138.80 - - [31/Mar/2026:21:38:54 +0000] "GET /viewtopic.php?f=28&p=828&sid=62ca6cb6e8a9c8fc9a2806a5d4219805 HTTP/1.1" 200 37035 "-" "Mozilla/5.0 (Windows NT 10.0; Win64; x64) AppleWebKit/537.36 (KHTML, like Gecko) Chrome/129.0.0.0 Safari/537.36"
74.7.228.175 - - [31/Mar/2026:21:38:54 +0000] "GET /viewforum.php?f=24&sid=9ee3f0e750eabd6b97884167474592cf HTTP/1.1" 200 82803 "https://electricalforum.nz/viewtopic.php?t=432" "Mozilla/5.0 (Macintosh; Intel Mac OS X 10_15_7) AppleWebKit/537.36 (KHTML, like Gecko) Chrome/131.0.0.0 Safari/537.36; compatible; OAI-SearchBot/1.3; +https://openai.com/searchbot"
74.7.229.217 - - [31/Mar/2026:21:38:55 +0000] "GET /viewforum.php?f=14&sid=9ee3f0e750eabd6b97884167474592cf HTTP/1.1" 200 90838 "https://electricalforum.nz/viewtopic.php?t=432" "Mozilla/5.0 (Macintosh; Intel Mac OS X 10_15_7) AppleWebKit/537.36 (KHTML, like Gecko) Chrome/131.0.0.0 Safari/537.36; compatible; OAI-SearchBot/1.3; +https://openai.com/searchbot"
74.7.242.138 - - [31/Mar/2026:21:38:55 +0000] "GET /viewforum.php?f=10&sid=9ee3f0e750eabd6b97884167474592cf HTTP/1.1" 200 58849 "https://electricalforum.nz/viewtopic.php?t=432" "Mozilla/5.0 (Macintosh; Intel Mac OS X 10_15_7) AppleWebKit/537.36 (KHTML, like Gecko) Chrome/131.0.0.0 Safari/537.36; compatible; OAI-SearchBot/1.3; +https://openai.com/searchbot"
123.20.166.90 - - [31/Mar/2026:21:38:56 +0000] "GET /viewtopic.php?p=1178&sid=d0c6b347d40cdb4f19fb9baa202b8268 HTTP/1.1" 200 33637 "-" "Mozilla/5.0 (Windows NT 10.0; Win64; x64) AppleWebKit/537.36 (KHTML, like Gecko) Chrome/129.0.0.0 Safari/537.36"
74.7.243.38 - - [31/Mar/2026:21:38:56 +0000] "GET /viewforum.php?f=11&sid=9ee3f0e750eabd6b97884167474592cf HTTP/1.1" 200 90489 "https://electricalforum.nz/viewtopic.php?t=432" "Mozilla/5.0 (Macintosh; Intel Mac OS X 10_15_7) AppleWebKit/537.36 (KHTML, like Gecko) Chrome/131.0.0.0 Safari/537.36; compatible; OAI-SearchBot/1.3; +https://openai.com/searchbot"
222.255.108.85 - - [31/Mar/2026:21:38:56 +0000] "GET /viewtopic.php?t=447 HTTP/1.1" 200 48470 "-" "Mozilla/5.0 (Windows NT 10.0; Win64; x64) AppleWebKit/537.36 (KHTML, like Gecko) Chrome/129.0.0.0 Safari/537.36"
188.53.209.100 - - [31/Mar/2026:21:38:56 +0000] "GET /viewtopic.php?p=2995&sid=0cf82f5251f868ca93ef98a143802891 HTTP/1.1" 200 43160 "-" "Mozilla/5.0 (Windows NT 10.0; Win64; x64) AppleWebKit/537.36 (KHTML, like Gecko) Chrome/129.0.0.0 Safari/537.36"
51.68.247.212 - - [31/Mar/2026:21:38:56 +0000] "GET /viewtopic.php?f=2&t=691&p=3361 HTTP/1.1" 200 32588 "-" "Mozilla/5.0 (compatible; AhrefsBot/7.0; +http://ahrefs.com/robot/)"
74.7.229.217 - - [31/Mar/2026:21:38:57 +0000] "GET /viewforum.php?f=28&sid=9ee3f0e750eabd6b97884167474592cf HTTP/1.1" 200 64285 "https://electricalforum.nz/viewtopic.php?t=432" "Mozilla/5.0 (Macintosh; Intel Mac OS X 10_15_7) AppleWebKit/537.36 (KHTML, like Gecko) Chrome/131.0.0.0 Safari/537.36; compatible; OAI-SearchBot/1.3; +https://openai.com/searchbot"
74.7.229.57 - - [31/Mar/2026:21:38:57 +0000] "GET /viewforum.php?f=21&sid=9ee3f0e750eabd6b97884167474592cf HTTP/1.1" 200 28470 "https://electricalforum.nz/viewtopic.php?t=432" "Mozilla/5.0 (Macintosh; Intel Mac OS X 10_15_7) AppleWebKit/537.36 (KHTML, like Gecko) Chrome/131.0.0.0 Safari/537.36; compatible; OAI-SearchBot/1.3; +https://openai.com/searchbot"
74.7.242.138 - - [31/Mar/2026:21:38:58 +0000] "GET /viewforum.php?f=18&sid=9ee3f0e750eabd6b97884167474592cf HTTP/1.1" 200 17969 "https://electricalforum.nz/viewtopic.php?t=432" "Mozilla/5.0 (Macintosh; Intel Mac OS X 10_15_7) AppleWebKit/537.36 (KHTML, like Gecko) Chrome/131.0.0.0 Safari/537.36; compatible; OAI-SearchBot/1.3; +https://openai.com/searchbot"
74.7.243.38 - - [31/Mar/2026:21:38:58 +0000] "GET /viewforum.php?f=12&sid=9ee3f0e750eabd6b97884167474592cf HTTP/1.1" 200 90654 "https://electricalforum.nz/viewtopic.php?t=432" "Mozilla/5.0 (Macintosh; Intel Mac OS X 10_15_7) AppleWebKit/537.36 (KHTML, like Gecko) Chrome/131.0.0.0 Safari/537.36; compatible; OAI-SearchBot/1.3; +https://openai.com/searchbot"
14.233.188.220 - - [31/Mar/2026:21:38:58 +0000] "GET /viewtopic.php?f=12&t=543&p=2660&sid=8b4882d958bac0cad033521d3d369691 HTTP/1.1" 200 48109 "-" "Mozilla/5.0 (Windows NT 10.0; Win64; x64) AppleWebKit/537.36 (KHTML, like Gecko) Chrome/129.0.0.0 Safari/537.36"
123.31.222.237 - - [31/Mar/2026:21:38:58 +0000] "GET /viewtopic.php?f=17&t=100&p=390&sid=f53c6da4f4e6e21411ff55c6eb38abac HTTP/1.1" 200 26274 "-" "Mozilla/5.0 (Windows NT 10.0; Win64; x64) AppleWebKit/537.36 (KHTML, like Gecko) Chrome/129.0.0.0 Safari/537.36"
74.7.229.61 - - [31/Mar/2026:21:38:59 +0000] "GET /viewforum.php?f=27&sid=9ee3f0e750eabd6b97884167474592cf HTTP/1.1" 200 43947 "https://electricalforum.nz/viewtopic.php?t=432" "Mozilla/5.0 (Macintosh; Intel Mac OS X 10_15_7) AppleWebKit/537.36 (KHTML, like Gecko) Chrome/131.0.0.0 Safari/537.36; compatible; OAI-SearchBot/1.3; +https://openai.com/searchbot"
74.7.229.217 - - [31/Mar/2026:21:38:59 +0000] "GET /viewforum.php?f=25&sid=9ee3f0e750eabd6b97884167474592cf HTTP/1.1" 200 28219 "https://electricalforum.nz/viewtopic.php?t=432" "Mozilla/5.0 (Macintosh; Intel Mac OS X 10_15_7) AppleWebKit/537.36 (KHTML, like Gecko) Chrome/131.0.0.0 Safari/537.36; compatible; OAI-SearchBot/1.3; +https://openai.com/searchbot"
38.156.229.10 - - [31/Mar/2026:21:38:59 +0000] "GET /viewtopic.php?f=4&t=222&p=978&sid=7caea9f120899d5280208f05e38daf9d HTTP/1.1" 200 42115 "-" "Mozilla/5.0 (Windows NT 10.0; Win64; x64) AppleWebKit/537.36 (KHTML, like Gecko) Chrome/129.0.0.0 Safari/537.36"
74.7.228.175 - - [31/Mar/2026:21:39:00 +0000] "GET /viewforum.php?f=17&sid=9ee3f0e750eabd6b97884167474592cf HTTP/1.1" 200 82586 "https://electricalforum.nz/viewtopic.php?t=432" "Mozilla/5.0 (Macintosh; Intel Mac OS X 10_15_7) AppleWebKit/537.36 (KHTML, like Gecko) Chrome/131.0.0.0 Safari/537.36; compatible; OAI-SearchBot/1.3; +https://openai.com/searchbot"
74.7.243.38 - - [31/Mar/2026:21:39:00 +0000] "GET /viewforum.php?f=23&sid=9ee3f0e750eabd6b97884167474592cf HTTP/1.1" 200 34172 "https://electricalforum.nz/viewtopic.php?t=432" "Mozilla/5.0 (Macintosh; Intel Mac OS X 10_15_7) AppleWebKit/537.36 (KHTML, like Gecko) Chrome/131.0.0.0 Safari/537.36; compatible; OAI-SearchBot/1.3; +https://openai.com/searchbot"
74.7.242.138 - - [31/Mar/2026:21:39:01 +0000] "GET /viewforum.php?f=19&sid=9ee3f0e750eabd6b97884167474592cf HTTP/1.1" 200 65238 "https://electricalforum.nz/viewtopic.php?t=432" "Mozilla/5.0 (Macintosh; Intel Mac OS X 10_15_7) AppleWebKit/537.36 (KHTML, like Gecko) Chrome/131.0.0.0 Safari/537.36; compatible; OAI-SearchBot/1.3; +https://openai.com/searchbot"
74.7.229.248 - - [31/Mar/2026:21:39:01 +0000] "GET /viewforum.php?f=15&sid=9ee3f0e750eabd6b97884167474592cf HTTP/1.1" 200 89250 "https://electricalforum.nz/viewtopic.php?t=432" "Mozilla/5.0 (Macintosh; Intel Mac OS X 10_15_7) AppleWebKit/537.36 (KHTML, like Gecko) Chrome/131.0.0.0 Safari/537.36; compatible; OAI-SearchBot/1.3; +https://openai.com/searchbot"
74.7.229.248 - - [31/Mar/2026:21:39:02 +0000] "GET /viewforum.php?f=22&sid=9ee3f0e750eabd6b97884167474592cf HTTP/1.1" 200 42699 "https://electricalforum.nz/viewtopic.php?t=432" "Mozilla/5.0 (Macintosh; Intel Mac OS X 10_15_7) AppleWebKit/537.36 (KHTML, like Gecko) Chrome/131.0.0.0 Safari/537.36; compatible; OAI-SearchBot/1.3; +https://openai.com/searchbot"
2001:fb1:12d:16b7:91bf:243:1f3c:b4c8 - - [31/Mar/2026:21:39:02 +0000] "GET /viewtopic.php?f=5&t=219&p=2077&sid=1dc18864fd8af003f36b52ba72bf9a4c HTTP/1.1" 200 77490 "-" "Mozilla/5.0 (Windows NT 10.0; Win64; x64) AppleWebKit/537.36 (KHTML, like Gecko) Chrome/129.0.0.0 Safari/537.36"
74.7.229.57 - - [31/Mar/2026:21:39:02 +0000] "GET /viewforum.php?f=1&sid=9ee3f0e750eabd6b97884167474592cf HTTP/1.1" 200 38855 "https://electricalforum.nz/viewtopic.php?t=432" "Mozilla/5.0 (Macintosh; Intel Mac OS X 10_15_7) AppleWebKit/537.36 (KHTML, like Gecko) Chrome/131.0.0.0 Safari/537.36; compatible; OAI-SearchBot/1.3; +https://openai.com/searchbot"
74.7.229.217 - - [31/Mar/2026:21:39:03 +0000] "GET /viewforum.php?f=16&sid=9ee3f0e750eabd6b97884167474592cf HTTP/1.1" 200 90053 "https://electricalforum.nz/viewtopic.php?t=432" "Mozilla/5.0 (Macintosh; Intel Mac OS X 10_15_7) AppleWebKit/537.36 (KHTML, like Gecko) Chrome/131.0.0.0 Safari/537.36; compatible; OAI-SearchBot/1.3; +https://openai.com/searchbot"
74.7.243.38 - - [31/Mar/2026:21:39:03 +0000] "GET /viewforum.php?f=5&sid=9ee3f0e750eabd6b97884167474592cf HTTP/1.1" 200 90165 "https://electricalforum.nz/viewtopic.php?t=432" "Mozilla/5.0 (Macintosh; Intel Mac OS X 10_15_7) AppleWebKit/537.36 (KHTML, like Gecko) Chrome/131.0.0.0 Safari/537.36; compatible; OAI-SearchBot/1.3; +https://openai.com/searchbot"
199.74.190.130 - - [31/Mar/2026:21:39:03 +0000] "GET /viewtopic.php?p=2512&sid=613dca906b799966edcc3db8685c8fc7 HTTP/1.1" 200 65775 "-" "Mozilla/5.0 (Windows NT 10.0; Win64; x64) AppleWebKit/537.36 (KHTML, like Gecko) Chrome/129.0.0.0 Safari/537.36"
74.7.229.61 - - [31/Mar/2026:21:39:04 +0000] "GET /viewforum.php?f=4&sid=9ee3f0e750eabd6b97884167474592cf HTTP/1.1" 200 91191 "https://electricalforum.nz/viewtopic.php?t=432" "Mozilla/5.0 (Macintosh; Intel Mac OS X 10_15_7) AppleWebKit/537.36 (KHTML, like Gecko) Chrome/131.0.0.0 Safari/537.36; compatible; OAI-SearchBot/1.3; +https://openai.com/searchbot"
74.7.229.248 - - [31/Mar/2026:21:39:04 +0000] "GET /viewforum.php?f=9&sid=9ee3f0e750eabd6b97884167474592cf HTTP/1.1" 200 35634 "https://electricalforum.nz/viewtopic.php?t=432" "Mozilla/5.0 (Macintosh; Intel Mac OS X 10_15_7) AppleWebKit/537.36 (KHTML, like Gecko) Chrome/131.0.0.0 Safari/537.36; compatible; OAI-SearchBot/1.3; +https://openai.com/searchbot"
74.7.228.175 - - [31/Mar/2026:21:39:05 +0000] "GET /viewforum.php?f=3&sid=9ee3f0e750eabd6b97884167474592cf HTTP/1.1" 200 42914 "https://electricalforum.nz/viewtopic.php?t=432" "Mozilla/5.0 (Macintosh; Intel Mac OS X 10_15_7) AppleWebKit/537.36 (KHTML, like Gecko) Chrome/131.0.0.0 Safari/537.36; compatible; OAI-SearchBot/1.3; +https://openai.com/searchbot"
2a00:1d34:ac60:4201:34bd:aa13:9218:42bf - - [31/Mar/2026:21:39:05 +0000] "GET /viewtopic.php?f=8&t=627&p=3051&sid=175c30d46ed28a77d0b5754afe0d6af7 HTTP/1.1" 200 36349 "-" "Mozilla/5.0 (Windows NT 10.0; Win64; x64) AppleWebKit/537.36 (KHTML, like Gecko) Chrome/129.0.0.0 Safari/537.36"
74.7.228.175 - - [31/Mar/2026:21:39:05 +0000] "GET /viewforum.php?f=6&sid=9ee3f0e750eabd6b97884167474592cf HTTP/1.1" 200 79715 "https://electricalforum.nz/viewtopic.php?t=432" "Mozilla/5.0 (Macintosh; Intel Mac OS X 10_15_7) AppleWebKit/537.36 (KHTML, like Gecko) Chrome/131.0.0.0 Safari/537.36; compatible; OAI-SearchBot/1.3; +https://openai.com/searchbot"
74.7.229.190 - - [31/Mar/2026:21:39:06 +0000] "GET /ucp.php?mode=delete_cookies&sid=9ee3f0e750eabd6b97884167474592cf HTTP/1.1" 200 12199 "https://electricalforum.nz/viewtopic.php?t=432" "Mozilla/5.0 (Macintosh; Intel Mac OS X 10_15_7) AppleWebKit/537.36 (KHTML, like Gecko) Chrome/131.0.0.0 Safari/537.36; compatible; OAI-SearchBot/1.3; +https://openai.com/searchbot"
74.7.243.38 - - [31/Mar/2026:21:39:06 +0000] "GET /memberlist.php?mode=viewprofile&sid=9ee3f0e750eabd6b97884167474592cf&u=287 HTTP/1.1" 200 14005 "https://electricalforum.nz/viewtopic.php?t=432" "Mozilla/5.0 (Macintosh; Intel Mac OS X 10_15_7) AppleWebKit/537.36 (KHTML, like Gecko) Chrome/131.0.0.0 Safari/537.36; compatible; OAI-SearchBot/1.3; +https://openai.com/searchbot"
2804:a28:5353:f900:c952:3c71:4688:5acc - - [31/Mar/2026:21:39:07 +0000] "GET /viewtopic.php?f=2&p=3103&sid=864b5a6a699ace32d1f01379ec0ace40 HTTP/1.1" 200 30327 "-" "Mozilla/5.0 (Windows NT 10.0; Win64; x64) AppleWebKit/537.36 (KHTML, like Gecko) Chrome/129.0.0.0 Safari/537.36"
74.7.229.217 - - [31/Mar/2026:21:39:07 +0000] "GET /viewforum.php?f=8&sid=9ee3f0e750eabd6b97884167474592cf HTTP/1.1" 200 91006 "https://electricalforum.nz/viewtopic.php?t=432" "Mozilla/5.0 (Macintosh; Intel Mac OS X 10_15_7) AppleWebKit/537.36 (KHTML, like Gecko) Chrome/131.0.0.0 Safari/537.36; compatible; OAI-SearchBot/1.3; +https://openai.com/searchbot"
74.7.228.175 - - [31/Mar/2026:21:39:08 +0000] "GET /memberlist.php?mode=viewprofile&sid=9ee3f0e750eabd6b97884167474592cf&u=2 HTTP/1.1" 200 12833 "https://electricalforum.nz/viewtopic.php?t=432" "Mozilla/5.0 (Macintosh; Intel Mac OS X 10_15_7) AppleWebKit/537.36 (KHTML, like Gecko) Chrome/131.0.0.0 Safari/537.36; compatible; OAI-SearchBot/1.3; +https://openai.com/searchbot"
74.7.229.57 - - [31/Mar/2026:21:39:08 +0000] "GET /search.php?search_id=active_topics&sid=9ee3f0e750eabd6b97884167474592cf HTTP/1.1" 200 26685 "https://electricalforum.nz/viewtopic.php?t=432" "Mozilla/5.0 (Macintosh; Intel Mac OS X 10_15_7) AppleWebKit/537.36 (KHTML, like Gecko) Chrome/131.0.0.0 Safari/537.36; compatible; OAI-SearchBot/1.3; +https://openai.com/searchbot"
74.7.229.217 - - [31/Mar/2026:21:39:09 +0000] "GET /ucp.php?mode=privacy&sid=9ee3f0e750eabd6b97884167474592cf HTTP/1.1" 200 14934 "https://electricalforum.nz/viewtopic.php?t=432" "Mozilla/5.0 (Macintosh; Intel Mac OS X 10_15_7) AppleWebKit/537.36 (KHTML, like Gecko) Chrome/131.0.0.0 Safari/537.36; compatible; OAI-SearchBot/1.3; +https://openai.com/searchbot"
14.240.185.7 - - [31/Mar/2026:21:39:12 +0000] "GET /viewtopic.php?f=5&t=219&p=2077&sid=1dc18864fd8af003f36b52ba72bf9a4c HTTP/1.1" 200 77490 "-" "Mozilla/5.0 (Windows NT 10.0; Win64; x64) AppleWebKit/537.36 (KHTML, like Gecko) Chrome/129.0.0.0 Safari/537.36"
45.225.192.242 - - [31/Mar/2026:21:39:20 +0000] "GET /viewtopic.php?f=13&t=613&p=2989&sid=cf5569923994205d9a3074d82034366e HTTP/1.1" 200 52659 "-" "Mozilla/5.0 (Windows NT 10.0; Win64; x64) AppleWebKit/537.36 (KHTML, like Gecko) Chrome/129.0.0.0 Safari/537.36"
113.169.11.26 - - [31/Mar/2026:21:39:24 +0000] "GET /viewtopic.php?f=13&t=613&p=2989&sid=cf5569923994205d9a3074d82034366e HTTP/1.1" 200 52659 "-" "Mozilla/5.0 (Windows NT 10.0; Win64; x64) AppleWebKit/537.36 (KHTML, like Gecko) Chrome/129.0.0.0 Safari/537.36"
43.157.22.19 - - [31/Mar/2026:21:39:40 +0000] "GET /viewtopic.php?f=3&t=88&sid=b20ca203b6485afddeafc1beda0b293b&view=print HTTP/1.1" 200 8478 "-" "Mozilla/5.0 (Windows NT 10.0; Win64; x64) AppleWebKit/537.36 (KHTML, like Gecko) Chrome/109.0.0.0 Safari/537.36"
23.98.142.188 - - [31/Mar/2026:21:39:48 +0000] "GET /viewtopic.php?t=472 HTTP/1.1" 200 57276 "-" "Mozilla/5.0 AppleWebKit/537.36 (KHTML, like Gecko); compatible; ChatGPT-User/1.0; +https://openai.com/bot"
51.75.236.147 - - [31/Mar/2026:21:39:49 +0000] "GET /viewtopic.php?f=4&t=703 HTTP/1.1" 200 30538 "-" "Mozilla/5.0 (compatible; AhrefsBot/7.0; +http://ahrefs.com/robot/)"
40.77.167.38 - - [31/Mar/2026:21:39:59 +0000] "GET /viewtopic.php?t=208 HTTP/1.1" 200 38768 "-" "Mozilla/5.0 AppleWebKit/537.36 (KHTML, like Gecko; compatible; bingbot/2.0; +http://www.bing.com/bingbot.htm) Chrome/116.0.1938.76 Safari/537.36"
2600:1702:8b80:79f0:d996:80dd:12a8:58c7 - - [31/Mar/2026:21:39:59 +0000] "GET /viewtopic.php?t=217 HTTP/1.1" 200 87413 "-" "Mozilla/5.0 (Macintosh; Intel Mac OS X 10_15_7) AppleWebKit/605.1.15 (KHTML, like Gecko) Version/26.2 Safari/605.1.15"
103.194.112.90 - - [31/Mar/2026:21:40:15 +0000] "GET /viewtopic.php?t=678 HTTP/1.1" 200 41623 "https://electricalforum.nz/" "Mozilla/5.0 (Macintosh; Intel Mac OS X 10_14_2; rv:130.194.754) Gecko/20100101 Firefox/130.194.754"
43.166.137.15 - - [31/Mar/2026:21:40:31 +0000] "GET /viewtopic.php?f=3&t=88 HTTP/1.1" 200 61724 "-" "Mozilla/5.0 (Windows NT 10.0; Win64; x64) AppleWebKit/537.36 (KHTML, like Gecko) Chrome/109.0.0.0 Safari/537.36"
37.59.204.140 - - [31/Mar/2026:21:40:34 +0000] "GET /viewtopic.php?f=2&t=691 HTTP/1.1" 200 32566 "-" "Mozilla/5.0 (compatible; AhrefsBot/7.0; +http://ahrefs.com/robot/)"
216.244.66.236 - - [31/Mar/2026:21:40:37 +0000] "GET /thankslist/givens/159/true HTTP/1.1" 200 14341 "-" "Mozilla/5.0 (compatible; DotBot/1.2; +https://opensiteexplorer.org/dotbot; help@moz.com)"
116.90.74.238 - - [31/Mar/2026:21:40:48 +0000] "GET /viewtopic.php?t=94 HTTP/1.1" 200 54669 "https://www.google.com/" "Mozilla/5.0 (Linux; Android 10; K) AppleWebKit/537.36 (KHTML, like Gecko) SamsungBrowser/29.0 Chrome/136.0.0.0 Mobile Safari/537.36"
116.90.74.238 - - [31/Mar/2026:21:40:48 +0000] "GET /download/file.php?avatar=48_1587468663.jpg HTTP/1.1" 200 8596 "https://electricalforum.nz/viewtopic.php?t=94" "Mozilla/5.0 (Linux; Android 10; K) AppleWebKit/537.36 (KHTML, like Gecko) SamsungBrowser/29.0 Chrome/136.0.0.0 Mobile Safari/537.36"
2001:4860:7:80b::f9 - - [31/Mar/2026:21:40:49 +0000] "GET /viewtopic.php?t=349 HTTP/1.1" 200 40477 "https://www.google.com/" "Mozilla/5.0 (Linux; Android 10; K) AppleWebKit/537.36 (KHTML, like Gecko) Chrome/146.0.0.0 Mobile Safari/537.36"
2001:41d0:303:9b4a::1 - - [31/Mar/2026:21:40:52 +0000] "GET /viewforum.php?f=18 HTTP/1.1" 200 13470 "-" "Mozilla/5.0 (compatible; MJ12bot/v1.4.8; http://mj12bot.com/)"
2001:41d0:303:9b4a::1 - - [31/Mar/2026:21:40:55 +0000] "GET /viewtopic.php?p=1164 HTTP/1.1" 200 45273 "-" "Mozilla/5.0 (compatible; MJ12bot/v1.4.8; http://mj12bot.com/)"
2001:4860:7:50b::fc - - [31/Mar/2026:21:40:55 +0000] "GET /viewtopic.php?t=349 HTTP/1.1" 200 40477 "https://www.google.com/" "Mozilla/5.0 (Linux; Android 10; K) AppleWebKit/537.36 (KHTML, like Gecko) Chrome/146.0.0.0 Mobile Safari/537.36"
2001:41d0:303:9b4a::1 - - [31/Mar/2026:21:40:57 +0000] "GET /viewtopic.php?p=1244 HTTP/1.1" 200 31615 "-" "Mozilla/5.0 (compatible; MJ12bot/v1.4.8; http://mj12bot.com/)"
2001:41d0:303:9b4a::1 - - [31/Mar/2026:21:40:59 +0000] "GET /viewtopic.php?p=1388 HTTP/1.1" 200 55782 "-" "Mozilla/5.0 (compatible; MJ12bot/v1.4.8; http://mj12bot.com/)"
2001:41d0:303:9b4a::1 - - [31/Mar/2026:21:41:01 +0000] "GET /viewtopic.php?p=1390 HTTP/1.1" 200 55782 "-" "Mozilla/5.0 (compatible; MJ12bot/v1.4.8; http://mj12bot.com/)"
2001:41d0:303:9b4a::1 - - [31/Mar/2026:21:41:02 +0000] "GET /viewtopic.php?p=1394 HTTP/1.1" 200 55782 "-" "Mozilla/5.0 (compatible; MJ12bot/v1.4.8; http://mj12bot.com/)"
37.59.204.144 - - [31/Mar/2026:21:41:03 +0000] "GET /download/file.php?avatar=4128_1746570691.jpg HTTP/1.1" 200 10163 "-" "Mozilla/5.0 (compatible; AhrefsBot/7.0; +http://ahrefs.com/robot/)"
2001:41d0:303:9b4a::1 - - [31/Mar/2026:21:41:04 +0000] "GET /viewtopic.php?p=1395 HTTP/1.1" 200 55782 "-" "Mozilla/5.0 (compatible; MJ12bot/v1.4.8; http://mj12bot.com/)"
2001:41d0:303:9b4a::1 - - [31/Mar/2026:21:41:06 +0000] "GET /viewtopic.php?p=1396 HTTP/1.1" 200 32265 "-" "Mozilla/5.0 (compatible; MJ12bot/v1.4.8; http://mj12bot.com/)"
162.243.165.114 - - [31/Mar/2026:21:41:07 +0000] "GET /download/file.php?id=188&t=1&sid=38c2061140e9d29afd1fe378c1a6aa34 HTTP/1.1" 200 43720 "https://electricalforum.nz/" "Mozilla/5.0 (Windows NT 10.0; Win64; x64) AppleWebKit/537.36 (KHTML, like Gecko) Chrome/112.0.0.0 Safari/537.36"
2001:41d0:303:9b4a::1 - - [31/Mar/2026:21:41:08 +0000] "GET /viewtopic.php?p=1398 HTTP/1.1" 200 32265 "-" "Mozilla/5.0 (compatible; MJ12bot/v1.4.8; http://mj12bot.com/)"
167.99.233.161 - - [31/Mar/2026:21:41:08 +0000] "GET /download/file.php?avatar=195_1588718636.jpg HTTP/1.1" 200 3848 "http://electricalforum.nz/" "Mozilla/5.0 (Windows NT 10.0; Win64; x64) AppleWebKit/537.36 (KHTML, like Gecko) Chrome/131.0.0.0 Safari/537.36"
137.184.209.222 - - [31/Mar/2026:21:41:08 +0000] "GET /download/file.php?avatar=4128_1746570691.jpg HTTP/1.1" 200 10163 "http://electricalforum.nz/" "Mozilla/5.0 (Windows NT 10.0; Win64; x64) AppleWebKit/537.36 (KHTML, like Gecko) Chrome/131.0.0.0 Safari/537.36"
76.91.166.111 - - [31/Mar/2026:21:41:09 +0000] "GET /viewtopic.php?t=292 HTTP/1.1" 200 38595 "-" "Mozilla/5.0 (Macintosh; Intel Mac OS X 10_15_7) AppleWebKit/605.1.15 (KHTML, like Gecko) Version/26.2 Safari/605.1.15"
2001:41d0:303:9b4a::1 - - [31/Mar/2026:21:41:10 +0000] "GET /viewtopic.php?p=1406 HTTP/1.1" 200 29087 "-" "Mozilla/5.0 (compatible; MJ12bot/v1.4.8; http://mj12bot.com/)"
2001:41d0:303:9b4a::1 - - [31/Mar/2026:21:41:11 +0000] "GET /viewtopic.php?p=1425 HTTP/1.1" 200 36583 "-" "Mozilla/5.0 (compatible; MJ12bot/v1.4.8; http://mj12bot.com/)"
2001:41d0:303:9b4a::1 - - [31/Mar/2026:21:41:13 +0000] "GET /viewtopic.php?p=1429 HTTP/1.1" 200 36583 "-" "Mozilla/5.0 (compatible; MJ12bot/v1.4.8; http://mj12bot.com/)"
216.244.66.236 - - [31/Mar/2026:21:41:14 +0000] "GET /viewforum.php?f=9 HTTP/1.1" 200 35634 "-" "Mozilla/5.0 (compatible; DotBot/1.2; +https://opensiteexplorer.org/dotbot; help@moz.com)"
2001:41d0:303:9b4a::1 - - [31/Mar/2026:21:41:15 +0000] "GET /viewtopic.php?p=1430 HTTP/1.1" 200 36583 "-" "Mozilla/5.0 (compatible; MJ12bot/v1.4.8; http://mj12bot.com/)"
2001:41d0:303:9b4a::1 - - [31/Mar/2026:21:41:17 +0000] "GET /viewtopic.php?p=1432 HTTP/1.1" 200 36583 "-" "Mozilla/5.0 (compatible; MJ12bot/v1.4.8; http://mj12bot.com/)"
2001:41d0:303:9b4a::1 - - [31/Mar/2026:21:41:19 +0000] "GET /viewtopic.php?p=1437 HTTP/1.1" 200 29087 "-" "Mozilla/5.0 (compatible; MJ12bot/v1.4.8; http://mj12bot.com/)"
2001:41d0:303:9b4a::1 - - [31/Mar/2026:21:41:21 +0000] "GET /viewtopic.php?p=1442 HTTP/1.1" 200 36583 "-" "Mozilla/5.0 (compatible; MJ12bot/v1.4.8; http://mj12bot.com/)"
2001:41d0:303:9b4a::1 - - [31/Mar/2026:21:41:22 +0000] "GET /viewtopic.php?p=1444 HTTP/1.1" 200 36583 "-" "Mozilla/5.0 (compatible; MJ12bot/v1.4.8; http://mj12bot.com/)"
2001:41d0:303:9b4a::1 - - [31/Mar/2026:21:41:25 +0000] "GET /viewtopic.php?p=146 HTTP/1.1" 200 71491 "-" "Mozilla/5.0 (compatible; MJ12bot/v1.4.8; http://mj12bot.com/)"
2001:41d0:303:9b4a::1 - - [31/Mar/2026:21:41:26 +0000] "GET /viewtopic.php?p=147 HTTP/1.1" 200 18267 "-" "Mozilla/5.0 (compatible; MJ12bot/v1.4.8; http://mj12bot.com/)"
38.242.28.7 - - [31/Mar/2026:21:41:27 +0000] "GET / HTTP/1.1" 200 67360 "https://electricalforum.nz/" "Mozilla/5.0 (iPhone; CPU iPhone OS 17_3 like Mac OS X) AppleWebKit/605.1.15 (KHTML, like Gecko) CriOS/123.0.6312.52 Mobile/15E148 Safari/604.1"
38.242.28.7 - - [31/Mar/2026:21:41:28 +0000] "GET /viewtopic.php?t=241 HTTP/1.1" 200 36592 "https://www.electricalforum.nz/" "Mozilla/5.0 (iPhone; CPU iPhone OS 17_3 like Mac OS X) AppleWebKit/605.1.15 (KHTML, like Gecko) CriOS/123.0.6312.52 Mobile/15E148 Safari/604.1"
2001:41d0:303:9b4a::1 - - [31/Mar/2026:21:41:28 +0000] "GET /viewtopic.php?p=1518 HTTP/1.1" 200 29820 "-" "Mozilla/5.0 (compatible; MJ12bot/v1.4.8; http://mj12bot.com/)"
2001:41d0:303:9b4a::1 - - [31/Mar/2026:21:41:30 +0000] "GET /viewtopic.php?p=1632 HTTP/1.1" 200 36333 "-" "Mozilla/5.0 (compatible; MJ12bot/v1.4.8; http://mj12bot.com/)"
2001:41d0:303:9b4a::1 - - [31/Mar/2026:21:41:32 +0000] "GET /viewtopic.php?p=1637 HTTP/1.1" 200 26694 "-" "Mozilla/5.0 (compatible; MJ12bot/v1.4.8; http://mj12bot.com/)"
37.59.204.143 - - [31/Mar/2026:21:41:32 +0000] "GET /viewtopic.php?f=19&t=711 HTTP/1.1" 200 43082 "-" "Mozilla/5.0 (compatible; AhrefsBot/7.0; +http://ahrefs.com/robot/)"
2001:41d0:303:9b4a::1 - - [31/Mar/2026:21:41:33 +0000] "GET /viewtopic.php?p=1955 HTTP/1.1" 200 55782 "-" "Mozilla/5.0 (compatible; MJ12bot/v1.4.8; http://mj12bot.com/)"
2001:41d0:303:9b4a::1 - - [31/Mar/2026:21:41:35 +0000] "GET /viewtopic.php?p=1956 HTTP/1.1" 200 28494 "-" "Mozilla/5.0 (compatible; MJ12bot/v1.4.8; http://mj12bot.com/)"
2001:41d0:303:9b4a::1 - - [31/Mar/2026:21:41:37 +0000] "GET /viewtopic.php?p=1959 HTTP/1.1" 200 55782 "-" "Mozilla/5.0 (compatible; MJ12bot/v1.4.8; http://mj12bot.com/)"
2001:41d0:303:9b4a::1 - - [31/Mar/2026:21:41:39 +0000] "GET /viewtopic.php?p=196 HTTP/1.1" 200 25743 "-" "Mozilla/5.0 (compatible; MJ12bot/v1.4.8; http://mj12bot.com/)"
2001:41d0:303:9b4a::1 - - [31/Mar/2026:21:41:40 +0000] "GET /viewtopic.php?p=1964 HTTP/1.1" 200 22580 "-" "Mozilla/5.0 (compatible; MJ12bot/v1.4.8; http://mj12bot.com/)"
2001:41d0:303:9b4a::1 - - [31/Mar/2026:21:41:42 +0000] "GET /viewtopic.php?p=197 HTTP/1.1" 200 25743 "-" "Mozilla/5.0 (compatible; MJ12bot/v1.4.8; http://mj12bot.com/)"
2001:41d0:303:9b4a::1 - - [31/Mar/2026:21:41:44 +0000] "GET /viewtopic.php?p=1971 HTTP/1.1" 200 34198 "-" "Mozilla/5.0 (compatible; MJ12bot/v1.4.8; http://mj12bot.com/)"
149.143.157.163 - - [31/Mar/2026:21:41:44 +0000] "GET / HTTP/1.1" 200 67360 "-" "Mozilla/5.0 (ZZ; Linux x86_64; rv:131.0) Gecko/20100101 Firefox/131.0"
2001:41d0:303:9b4a::1 - - [31/Mar/2026:21:41:46 +0000] "GET /viewtopic.php?p=1972 HTTP/1.1" 200 34198 "-" "Mozilla/5.0 (compatible; MJ12bot/v1.4.8; http://mj12bot.com/)"
