9.160.164.128 - - [31/Mar/2026:16:58:38 +0000] "GET /viewtopic.php?t=622 HTTP/1.1" 200 30556 "-" "Mozilla/5.0 AppleWebKit/537.36 (KHTML, like Gecko); compatible; ChatGPT-User/1.0; +https://openai.com/bot"
199.96.167.80 - - [31/Mar/2026:16:58:44 +0000] "POST /ucp.php?mode=register HTTP/1.1" 200 67670 "https://electricalforum.nz/ucp.php?mode=register&sid=679538ad6000fc7aa6872395d9128dbb" "Mozilla/5.0 (Windows NT 10.0; Win64; x64) AppleWebKit/537.36 (KHTML, like Gecko) Chrome/131.0.0.0 Safari/537.36 Avast/131.0.0.0"
66.249.66.34 - - [31/Mar/2026:16:58:46 +0000] "GET /viewtopic.php?t=149/1000 HTTP/1.1" 200 39533 "-" "Mozilla/5.0 (Linux; Android 6.0.1; Nexus 5X Build/MMB29P) AppleWebKit/537.36 (KHTML, like Gecko) Chrome/146.0.7680.164 Mobile Safari/537.36 (compatible; Googlebot/2.1; +http://www.google.com/bot.html)"
34.60.131.171 - - [31/Mar/2026:16:58:46 +0000] "GET /viewtopic.php?t=159 HTTP/1.1" 200 24576 "-" "Mozilla/5.0 (X11; Linux x86_64) AppleWebKit/537.36 (KHTML, like Gecko) Chrome/136.0.0.0 Safari/537.36"
34.60.131.171 - - [31/Mar/2026:16:58:46 +0000] "GET /viewtopic.php?t=159 HTTP/1.1" 200 43089 "-" "Mozilla/5.0 (X11; Linux x86_64) AppleWebKit/537.36 (KHTML, like Gecko) Chrome/136.0.0.0 Safari/537.36"
199.96.167.80 - - [31/Mar/2026:16:58:47 +0000] "GET /ucp.php?mode=confirm&confirm_id=6a4c62179779420700566429b2282a2e&type=1 HTTP/1.1" 200 4321 "https://electricalforum.nz/ucp.php?mode=register&sid=679538ad6000fc7aa6872395d9128dbb" "Mozilla/5.0 (Windows NT 10.0; Win64; x64) AppleWebKit/537.36 (KHTML, like Gecko) Chrome/131.0.0.0 Safari/537.36 Avast/131.0.0.0"
44.193.157.103 - - [31/Mar/2026:16:58:51 +0000] "GET /viewtopic.php?t=39 HTTP/1.1" 200 59345 "-" "Mozilla/5.0 AppleWebKit/605.1.15 (KHTML, like Gecko) Chrome/139.0.0.0 Safari/605.1.15"
199.96.167.80 - - [31/Mar/2026:16:58:55 +0000] "POST /ucp.php?mode=register HTTP/1.1" 200 66504 "https://electricalforum.nz/ucp.php?mode=register&sid=679538ad6000fc7aa6872395d9128dbb" "Mozilla/5.0 (Windows NT 10.0; Win64; x64) AppleWebKit/537.36 (KHTML, like Gecko) Chrome/131.0.0.0 Safari/537.36 Avast/131.0.0.0"
199.96.167.80 - - [31/Mar/2026:16:58:57 +0000] "GET /ucp.php?mode=login&redirect=index.php&sid=679538ad6000fc7aa6872395d9128dbb HTTP/1.1" 200 12851 "https://electricalforum.nz/ucp.php?mode=login&redirect=index.php&sid=679538ad6000fc7aa6872395d9128dbb" "Mozilla/5.0 (Windows NT 10.0; Win64; x64) AppleWebKit/537.36 (KHTML, like Gecko) Chrome/131.0.0.0 Safari/537.36 Avast/131.0.0.0"
199.96.167.80 - - [31/Mar/2026:16:59:02 +0000] "POST /ucp.php?mode=login HTTP/1.1" 200 13058 "https://electricalforum.nz/ucp.php?mode=login&redirect=index.php&sid=679538ad6000fc7aa6872395d9128dbb" "Mozilla/5.0 (Windows NT 10.0; Win64; x64) AppleWebKit/537.36 (KHTML, like Gecko) Chrome/131.0.0.0 Safari/537.36 Avast/131.0.0.0"
199.96.167.80 - - [31/Mar/2026:16:59:03 +0000] "GET /index.php HTTP/1.1" 200 59842 "https://electricalforum.nz/index.php" "Mozilla/5.0 (Windows NT 10.0; Win64; x64) AppleWebKit/537.36 (KHTML, like Gecko) Chrome/131.0.0.0 Safari/537.36 Avast/131.0.0.0"
103.194.112.107 - - [31/Mar/2026:16:59:32 +0000] "GET /viewtopic.php?t=594 HTTP/1.1" 200 37382 "https://electricalforum.nz/" "Mozilla/5.0 (Macintosh; Intel Mac OS X 10_13_1; rv:144.421.070) Gecko/20100101 Firefox/144.421.070"
103.194.112.62 - - [31/Mar/2026:17:00:04 +0000] "GET /viewtopic.php?t=594 HTTP/1.1" 200 37382 "https://electricalforum.nz/" "Mozilla/5.0 (X11; Linux x86_64; rv:110.0) Gecko/20100101 Firefox/110.0"
155.190.54.59 - - [31/Mar/2026:17:00:16 +0000] "GET /?fbclid=IwAR2_8Xh35tjDPI9HJgnSM809VuRSGhg8gZFI_4GdY0yC1qY__X2zbSlCDNA HTTP/1.1" 200 67767 "-" "Mozilla/5.0 (Windows NT 10.0; Win64; x64; rv:149.0) Gecko/20100101 Firefox/149.0"
155.190.54.59 - - [31/Mar/2026:17:00:17 +0000] "GET /cron/cron.task.core.tidy_sessions?sid=6175195576d00e05915007d351db2170 HTTP/1.1" 200 43 "https://electricalforum.nz/?fbclid=IwAR2_8Xh35tjDPI9HJgnSM809VuRSGhg8gZFI_4GdY0yC1qY__X2zbSlCDNA" "Mozilla/5.0 (Windows NT 10.0; Win64; x64; rv:149.0) Gecko/20100101 Firefox/149.0"
17.22.237.192 - - [31/Mar/2026:17:00:45 +0000] "GET /index.php?sid=705e1af9f38687436f2f296e5c263e3d HTTP/1.1" 200 67358 "-" "Mozilla/5.0 (Macintosh; Intel Mac OS X 10_15_7) AppleWebKit/605.1.15 (KHTML, like Gecko) Version/17.4 Safari/605.1.15 (Applebot/0.1; +http://www.apple.com/go/applebot)"
3.93.141.235 - - [31/Mar/2026:17:00:47 +0000] "GET /viewtopic.php?t=184 HTTP/1.1" 200 52900 "-" "Mozilla/5.0 AppleWebKit/605.1.15 (KHTML, like Gecko) Chrome/139.0.0.0 Safari/605.1.15"
216.244.66.236 - - [31/Mar/2026:17:00:57 +0000] "GET /robots.txt HTTP/1.1" 404 11609 "-" "Mozilla/5.0 (compatible; DotBot/1.2; +https://opensiteexplorer.org/dotbot; help@moz.com)"
103.194.112.140 - - [31/Mar/2026:17:01:18 +0000] "GET /viewtopic.php?t=594 HTTP/1.1" 200 37265 "https://electricalforum.nz/" "Mozilla/5.0 (X11; Linux x86_64; rv:123.0) Gecko/20100101 Firefox/123.0"
103.194.112.5 - - [31/Mar/2026:17:01:34 +0000] "GET /viewtopic.php?t=594 HTTP/1.1" 200 37265 "https://electricalforum.nz/" "Mozilla/5.0 (X11; Linux x86_64; rv:131.0) Gecko/20100101 Firefox/131.0"
66.249.66.168 - - [31/Mar/2026:17:01:36 +0000] "GET /viewtopic.php?t=125 HTTP/1.1" 200 32010 "-" "Mozilla/5.0 (Linux; Android 6.0.1; Nexus 5X Build/MMB29P) AppleWebKit/537.36 (KHTML, like Gecko) Chrome/146.0.7680.164 Mobile Safari/537.36 (compatible; Googlebot/2.1; +http://www.google.com/bot.html)"
103.194.112.185 - - [31/Mar/2026:17:01:48 +0000] "GET /viewtopic.php?t=594 HTTP/1.1" 200 37265 "https://electricalforum.nz/" "Mozilla/5.0 (X11; Linux x86_64; rv:132.0) Gecko/20100101 Firefox/132.0"
103.194.112.169 - - [31/Mar/2026:17:02:14 +0000] "GET /viewtopic.php?t=594 HTTP/1.1" 200 37265 "https://electricalforum.nz/" "Mozilla/5.0 (Windows NT 6.3; rv:137.0) Gecko/20100101 Firefox/137.0"
103.194.112.149 - - [31/Mar/2026:17:02:40 +0000] "GET /viewtopic.php?t=594 HTTP/1.1" 200 37265 "https://electricalforum.nz/" "Mozilla/5.0 (X11; Fedora; Linux x86_64; rv:143.0) Gecko/20100101 Firefox/143.0"
52.22.61.42 - - [31/Mar/2026:17:02:59 +0000] "GET /viewtopic.php?t=268 HTTP/1.1" 200 24576 "-" "Mozilla/5.0 AppleWebKit/605.1.15 (KHTML, like Gecko) Chrome/139.0.0.0 Safari/605.1.15"
103.194.112.127 - - [31/Mar/2026:17:03:26 +0000] "GET /viewtopic.php?t=594 HTTP/1.1" 200 37265 "https://electricalforum.nz/" "Mozilla/5.0 (Windows NT 6.2; rv:144.787.801) Gecko/20100101 Firefox/144.787.801"
103.194.112.38 - - [31/Mar/2026:17:03:56 +0000] "GET /viewtopic.php?t=594 HTTP/1.1" 200 37265 "https://electricalforum.nz/" "Mozilla/5.0 (Macintosh; Intel Mac OS X 10_12_1; rv:133.979.849) Gecko/20100101 Firefox/133.979.849"
66.249.66.196 - - [31/Mar/2026:17:04:26 +0000] "GET /viewtopic.php?f=17&p=2822 HTTP/1.1" 200 44854 "-" "Mozilla/5.0 (Linux; Android 6.0.1; Nexus 5X Build/MMB29P) AppleWebKit/537.36 (KHTML, like Gecko) Chrome/146.0.7680.164 Mobile Safari/537.36 (compatible; Googlebot/2.1; +http://www.google.com/bot.html)"
103.194.112.87 - - [31/Mar/2026:17:04:29 +0000] "GET /viewtopic.php?t=594 HTTP/1.1" 200 37265 "https://electricalforum.nz/" "Mozilla/5.0 (Macintosh; Intel Mac OS X 10.15; rv:142.0) Gecko/20100101 Firefox/142.0"
104.164.45.153 - - [31/Mar/2026:17:05:01 +0000] "GET /viewtopic.php?f=4&p=2534 HTTP/1.1" 200 36007 "https://electricalforum.nz/" "Mozilla/5.0 (X11; Linux x86_64; rv:124.0) Gecko/20100101 Firefox/124.0"
2001:41d0:303:2bb3::1 - - [31/Mar/2026:17:05:05 +0000] "GET /feed HTTP/1.1" 200 24309 "-" "Mozilla/5.0 (compatible; MJ12bot/v1.4.8; http://mj12bot.com/)"
52.20.28.133 - - [31/Mar/2026:17:05:15 +0000] "GET /viewtopic.php?t=534 HTTP/1.1" 200 33715 "-" "Mozilla/5.0 AppleWebKit/605.1.15 (KHTML, like Gecko) Chrome/139.0.0.0 Safari/605.1.15"
2001:41d0:303:2bb3::1 - - [31/Mar/2026:17:05:25 +0000] "GET /viewforum.php?f=12 HTTP/1.1" 200 49723 "-" "Mozilla/5.0 (compatible; MJ12bot/v1.4.8; http://mj12bot.com/)"
2001:41d0:303:2bb3::1 - - [31/Mar/2026:17:05:29 +0000] "GET /viewforum.php?f=13 HTTP/1.1" 200 49500 "-" "Mozilla/5.0 (compatible; MJ12bot/v1.4.8; http://mj12bot.com/)"
2001:41d0:303:2bb3::1 - - [31/Mar/2026:17:05:32 +0000] "GET /viewforum.php?f=14 HTTP/1.1" 200 49045 "-" "Mozilla/5.0 (compatible; MJ12bot/v1.4.8; http://mj12bot.com/)"
2001:41d0:303:2bb3::1 - - [31/Mar/2026:17:05:34 +0000] "GET /viewforum.php?f=15 HTTP/1.1" 200 49365 "-" "Mozilla/5.0 (compatible; MJ12bot/v1.4.8; http://mj12bot.com/)"
103.194.112.35 - - [31/Mar/2026:17:05:34 +0000] "GET /viewtopic.php?t=594 HTTP/1.1" 200 37265 "https://electricalforum.nz/" "Mozilla/5.0 (Windows NT 10.0; Win64; x64; rv:108.0) Gecko/20100101 Firefox/108.0"
2001:41d0:303:2bb3::1 - - [31/Mar/2026:17:05:36 +0000] "GET /viewforum.php?f=16 HTTP/1.1" 200 49597 "-" "Mozilla/5.0 (compatible; MJ12bot/v1.4.8; http://mj12bot.com/)"
40.77.167.25 - - [31/Mar/2026:17:05:37 +0000] "GET /viewtopic.php?t=498 HTTP/1.1" 200 23120 "-" "Mozilla/5.0 AppleWebKit/537.36 (KHTML, like Gecko; compatible; bingbot/2.0; +http://www.bing.com/bingbot.htm) Chrome/116.0.1938.76 Safari/537.36"
2001:41d0:303:2bb3::1 - - [31/Mar/2026:17:05:37 +0000] "GET /viewforum.php?f=17 HTTP/1.1" 200 49566 "-" "Mozilla/5.0 (compatible; MJ12bot/v1.4.8; http://mj12bot.com/)"
43.135.142.7 - - [31/Mar/2026:17:05:37 +0000] "GET /viewtopic.php?t=709&p=3441 HTTP/1.1" 200 37089 "http://electricalforum.nz/viewtopic.php?t=709&p=3441" "Mozilla/5.0 (iPhone; CPU iPhone OS 13_2_3 like Mac OS X) AppleWebKit/605.1.15 (KHTML, like Gecko) Version/13.0.3 Mobile/15E148 Safari/604.1"
2001:41d0:303:2bb3::1 - - [31/Mar/2026:17:05:39 +0000] "GET /viewforum.php?f=19 HTTP/1.1" 200 35969 "-" "Mozilla/5.0 (compatible; MJ12bot/v1.4.8; http://mj12bot.com/)"
2001:41d0:303:2bb3::1 - - [31/Mar/2026:17:05:41 +0000] "GET /viewforum.php?f=2 HTTP/1.1" 200 27537 "-" "Mozilla/5.0 (compatible; MJ12bot/v1.4.8; http://mj12bot.com/)"
2001:41d0:303:2bb3::1 - - [31/Mar/2026:17:05:43 +0000] "GET /viewforum.php?f=20 HTTP/1.1" 200 19042 "-" "Mozilla/5.0 (compatible; MJ12bot/v1.4.8; http://mj12bot.com/)"
2001:41d0:303:2bb3::1 - - [31/Mar/2026:17:05:47 +0000] "GET /viewforum.php?f=23 HTTP/1.1" 200 20686 "-" "Mozilla/5.0 (compatible; MJ12bot/v1.4.8; http://mj12bot.com/)"
2001:41d0:303:2bb3::1 - - [31/Mar/2026:17:05:51 +0000] "GET /viewforum.php?f=25 HTTP/1.1" 200 18183 "-" "Mozilla/5.0 (compatible; MJ12bot/v1.4.8; http://mj12bot.com/)"
2001:41d0:303:2bb3::1 - - [31/Mar/2026:17:05:52 +0000] "GET /viewforum.php?f=26 HTTP/1.1" 200 18301 "-" "Mozilla/5.0 (compatible; MJ12bot/v1.4.8; http://mj12bot.com/)"
2001:41d0:303:2bb3::1 - - [31/Mar/2026:17:05:55 +0000] "GET /viewforum.php?f=28 HTTP/1.1" 200 35862 "-" "Mozilla/5.0 (compatible; MJ12bot/v1.4.8; http://mj12bot.com/)"
2001:41d0:303:2bb3::1 - - [31/Mar/2026:17:05:57 +0000] "GET /viewforum.php?f=29 HTTP/1.1" 200 17857 "-" "Mozilla/5.0 (compatible; MJ12bot/v1.4.8; http://mj12bot.com/)"
2001:41d0:303:2bb3::1 - - [31/Mar/2026:17:05:59 +0000] "GET /viewforum.php?f=3 HTTP/1.1" 200 29209 "-" "Mozilla/5.0 (compatible; MJ12bot/v1.4.8; http://mj12bot.com/)"
2001:41d0:303:2bb3::1 - - [31/Mar/2026:17:06:01 +0000] "GET /viewforum.php?f=4 HTTP/1.1" 200 49493 "-" "Mozilla/5.0 (compatible; MJ12bot/v1.4.8; http://mj12bot.com/)"
2001:41d0:303:2bb3::1 - - [31/Mar/2026:17:06:03 +0000] "GET /viewforum.php?f=5 HTTP/1.1" 200 48975 "-" "Mozilla/5.0 (compatible; MJ12bot/v1.4.8; http://mj12bot.com/)"
206.189.183.32 - - [31/Mar/2026:17:06:04 +0000] "GET /cron/cron.task.core.tidy_sessions?sid=40425fefeee88439a8a41ddac3bdd125 HTTP/1.1" 200 43 "https://electricalforum.nz/" "Mozilla/5.0 (Windows NT 10.0; Win64; x64) AppleWebKit/537.36 (KHTML, like Gecko) Chrome/133.0.0.0 Safari/537.36"
2001:41d0:303:2bb3::1 - - [31/Mar/2026:17:06:05 +0000] "GET /viewforum.php?f=6 HTTP/1.1" 200 48729 "-" "Mozilla/5.0 (compatible; MJ12bot/v1.4.8; http://mj12bot.com/)"
2001:41d0:303:2bb3::1 - - [31/Mar/2026:17:06:07 +0000] "GET /viewforum.php?f=8 HTTP/1.1" 200 50270 "-" "Mozilla/5.0 (compatible; MJ12bot/v1.4.8; http://mj12bot.com/)"
2001:41d0:303:2bb3::1 - - [31/Mar/2026:17:06:09 +0000] "GET /viewforum.php?f=9 HTTP/1.1" 200 21589 "-" "Mozilla/5.0 (compatible; MJ12bot/v1.4.8; http://mj12bot.com/)"
2001:41d0:303:2bb3::1 - - [31/Mar/2026:17:06:10 +0000] "GET /viewtopic.php?f=11&p=3114 HTTP/1.1" 200 20543 "-" "Mozilla/5.0 (compatible; MJ12bot/v1.4.8; http://mj12bot.com/)"
2001:41d0:303:2bb3::1 - - [31/Mar/2026:17:06:12 +0000] "GET /viewtopic.php?f=12&p=3233 HTTP/1.1" 200 37239 "-" "Mozilla/5.0 (compatible; MJ12bot/v1.4.8; http://mj12bot.com/)"
2001:41d0:303:2bb3::1 - - [31/Mar/2026:17:06:14 +0000] "GET /viewtopic.php?f=13&p=3276 HTTP/1.1" 200 67595 "-" "Mozilla/5.0 (compatible; MJ12bot/v1.4.8; http://mj12bot.com/)"
2001:41d0:303:2bb3::1 - - [31/Mar/2026:17:06:16 +0000] "GET /viewtopic.php?f=14&p=3440 HTTP/1.1" 200 32608 "-" "Mozilla/5.0 (compatible; MJ12bot/v1.4.8; http://mj12bot.com/)"
2001:41d0:303:2bb3::1 - - [31/Mar/2026:17:06:18 +0000] "GET /viewtopic.php?f=15&p=3432 HTTP/1.1" 200 28681 "-" "Mozilla/5.0 (compatible; MJ12bot/v1.4.8; http://mj12bot.com/)"
2001:41d0:303:2bb3::1 - - [31/Mar/2026:17:06:20 +0000] "GET /viewtopic.php?f=16&p=3444 HTTP/1.1" 200 20271 "-" "Mozilla/5.0 (compatible; MJ12bot/v1.4.8; http://mj12bot.com/)"
2001:41d0:303:2bb3::1 - - [31/Mar/2026:17:06:22 +0000] "GET /viewtopic.php?f=17&p=3435 HTTP/1.1" 200 20875 "-" "Mozilla/5.0 (compatible; MJ12bot/v1.4.8; http://mj12bot.com/)"
2a02:908:193:cfc0:f578:abda:61ea:c716 - - [31/Mar/2026:17:06:22 +0000] "GET /viewtopic.php?t=418 HTTP/1.1" 200 48653 "-" "Mozilla/5.0 (Linux; Android 9; ASUS_I005DA Build/PI; wv) AppleWebKit/537.36 (KHTML, like Gecko) Version/4.0 Chrome/133.0.6943.122 Mobile"
2a02:908:193:cfc0:f578:abda:61ea:c716 - - [31/Mar/2026:17:06:22 +0000] "GET /viewtopic.php?t=374 HTTP/1.1" 200 40377 "-" "Mozilla/5.0 (Linux; Android 9; ASUS_I005DA Build/PI; wv) AppleWebKit/537.36 (KHTML, like Gecko) Version/4.0 Chrome/133.0.6943.122 Mobile"
2a02:908:193:cfc0:f578:abda:61ea:c716 - - [31/Mar/2026:17:06:22 +0000] "GET /viewtopic.php?t=364 HTTP/1.1" 200 48902 "-" "Mozilla/5.0 (Linux; Android 9; ASUS_I005DA Build/PI; wv) AppleWebKit/537.36 (KHTML, like Gecko) Version/4.0 Chrome/133.0.6943.122 Mobile"
2001:41d0:303:2bb3::1 - - [31/Mar/2026:17:06:24 +0000] "GET /viewtopic.php?f=19&p=3448 HTTP/1.1" 200 30142 "-" "Mozilla/5.0 (compatible; MJ12bot/v1.4.8; http://mj12bot.com/)"
2a02:908:193:cfc0:f578:abda:61ea:c716 - - [31/Mar/2026:17:06:25 +0000] "GET /viewtopic.php?t=418&t=%27 HTTP/1.1" 404 11626 "-" "Mozilla/5.0 (Linux; Android 9; ASUS_I005DA Build/PI; wv) AppleWebKit/537.36 (KHTML, like Gecko) Version/4.0 Chrome/133.0.6943.122 Mobile"
2a02:908:193:cfc0:f578:abda:61ea:c716 - - [31/Mar/2026:17:06:25 +0000] "GET /viewtopic.php?t=364&t=%27 HTTP/1.1" 404 11626 "-" "Mozilla/5.0 (Linux; Android 9; ASUS_I005DA Build/PI; wv) AppleWebKit/537.36 (KHTML, like Gecko) Version/4.0 Chrome/133.0.6943.122 Mobile"
2a02:908:193:cfc0:f578:abda:61ea:c716 - - [31/Mar/2026:17:06:25 +0000] "GET /viewtopic.php?t=374&t=%27 HTTP/1.1" 404 11626 "-" "Mozilla/5.0 (Linux; Android 9; ASUS_I005DA Build/PI; wv) AppleWebKit/537.36 (KHTML, like Gecko) Version/4.0 Chrome/133.0.6943.122 Mobile"
2001:41d0:303:2bb3::1 - - [31/Mar/2026:17:06:25 +0000] "GET /viewtopic.php?f=2&p=3361 HTTP/1.1" 200 21597 "-" "Mozilla/5.0 (compatible; MJ12bot/v1.4.8; http://mj12bot.com/)"
2001:41d0:303:2bb3::1 - - [31/Mar/2026:17:06:27 +0000] "GET /viewtopic.php?f=20&p=3373 HTTP/1.1" 200 20770 "-" "Mozilla/5.0 (compatible; MJ12bot/v1.4.8; http://mj12bot.com/)"
2a02:908:193:cfc0:f578:abda:61ea:c716 - - [31/Mar/2026:17:06:27 +0000] "GET /viewtopic.php?t=%27 HTTP/1.1" 404 11606 "-" "Mozilla/5.0 (Linux; Android 9; ASUS_I005DA Build/PI; wv) AppleWebKit/537.36 (KHTML, like Gecko) Version/4.0 Chrome/133.0.6943.122 Mobile"
2a02:908:193:cfc0:f578:abda:61ea:c716 - - [31/Mar/2026:17:06:28 +0000] "GET /viewtopic.php?t=%27 HTTP/1.1" 404 11606 "-" "Mozilla/5.0 (Linux; Android 9; ASUS_I005DA Build/PI; wv) AppleWebKit/537.36 (KHTML, like Gecko) Version/4.0 Chrome/133.0.6943.122 Mobile"
2a02:908:193:cfc0:f578:abda:61ea:c716 - - [31/Mar/2026:17:06:28 +0000] "GET /viewtopic.php?t=%27 HTTP/1.1" 404 11606 "-" "Mozilla/5.0 (Linux; Android 9; ASUS_I005DA Build/PI; wv) AppleWebKit/537.36 (KHTML, like Gecko) Version/4.0 Chrome/133.0.6943.122 Mobile"
2001:41d0:303:2bb3::1 - - [31/Mar/2026:17:06:29 +0000] "GET /viewtopic.php?f=21&p=3351 HTTP/1.1" 200 55557 "-" "Mozilla/5.0 (compatible; MJ12bot/v1.4.8; http://mj12bot.com/)"
2a02:908:193:cfc0:f578:abda:61ea:c716 - - [31/Mar/2026:17:06:30 +0000] "GET /viewtopic.php?t=418%27 HTTP/1.1" 200 48663 "-" "Mozilla/5.0 (Linux; Android 9; ASUS_I005DA Build/PI; wv) AppleWebKit/537.36 (KHTML, like Gecko) Version/4.0 Chrome/133.0.6943.122 Mobile"
2a02:908:193:cfc0:f578:abda:61ea:c716 - - [31/Mar/2026:17:06:30 +0000] "GET /viewtopic.php?t=364%27 HTTP/1.1" 200 48912 "-" "Mozilla/5.0 (Linux; Android 9; ASUS_I005DA Build/PI; wv) AppleWebKit/537.36 (KHTML, like Gecko) Version/4.0 Chrome/133.0.6943.122 Mobile"
2a02:908:193:cfc0:f578:abda:61ea:c716 - - [31/Mar/2026:17:06:31 +0000] "GET /viewtopic.php?t=374%27 HTTP/1.1" 200 40387 "-" "Mozilla/5.0 (Linux; Android 9; ASUS_I005DA Build/PI; wv) AppleWebKit/537.36 (KHTML, like Gecko) Version/4.0 Chrome/133.0.6943.122 Mobile"
2001:41d0:303:2bb3::1 - - [31/Mar/2026:17:06:31 +0000] "GET /viewtopic.php?f=22&p=3280 HTTP/1.1" 200 38829 "-" "Mozilla/5.0 (compatible; MJ12bot/v1.4.8; http://mj12bot.com/)"
2001:41d0:303:2bb3::1 - - [31/Mar/2026:17:06:33 +0000] "GET /viewtopic.php?f=24&p=3441 HTTP/1.1" 200 23804 "-" "Mozilla/5.0 (compatible; MJ12bot/v1.4.8; http://mj12bot.com/)"
103.194.112.137 - - [31/Mar/2026:17:06:35 +0000] "GET /viewtopic.php?t=594 HTTP/1.1" 200 37265 "https://electricalforum.nz/" "Mozilla/5.0 (Windows NT 10.0; Win64; x64; rv:131.0) Gecko/20100101 Firefox/131.0"
2001:41d0:303:2bb3::1 - - [31/Mar/2026:17:06:35 +0000] "GET /viewtopic.php?f=27&p=3267 HTTP/1.1" 200 20324 "-" "Mozilla/5.0 (compatible; MJ12bot/v1.4.8; http://mj12bot.com/)"
2001:41d0:303:2bb3::1 - - [31/Mar/2026:17:06:37 +0000] "GET /viewtopic.php?f=28&p=3426 HTTP/1.1" 200 19557 "-" "Mozilla/5.0 (compatible; MJ12bot/v1.4.8; http://mj12bot.com/)"
77.83.25.226 - - [31/Mar/2026:17:06:38 +0000] "GET /index.php HTTP/1.1" 200 67358 "https://electricalforum.nz/index.php" "Mozilla/5.0 (Windows NT 10.0; Win64; x64) AppleWebKit/537.36 (KHTML, like Gecko) Chrome/129.0.0.0 Safari/537.36"
77.83.25.226 - - [31/Mar/2026:17:06:39 +0000] "GET /ucp.php?mode=register&sid=198412fa987689679f9d5a1aafbd7b21 HTTP/1.1" 200 13814 "https://electricalforum.nz/ucp.php?mode=register&sid=198412fa987689679f9d5a1aafbd7b21" "Mozilla/5.0 (Windows NT 10.0; Win64; x64) AppleWebKit/537.36 (KHTML, like Gecko) Chrome/129.0.0.0 Safari/537.36"
2001:41d0:303:2bb3::1 - - [31/Mar/2026:17:06:39 +0000] "GET /viewtopic.php?f=29&p=700 HTTP/1.1" 200 24017 "-" "Mozilla/5.0 (compatible; MJ12bot/v1.4.8; http://mj12bot.com/)"
2001:41d0:303:2bb3::1 - - [31/Mar/2026:17:06:41 +0000] "GET /viewtopic.php?f=3&p=3318 HTTP/1.1" 200 16435 "-" "Mozilla/5.0 (compatible; MJ12bot/v1.4.8; http://mj12bot.com/)"
2001:41d0:303:2bb3::1 - - [31/Mar/2026:17:06:42 +0000] "GET /viewtopic.php?f=4&p=3417 HTTP/1.1" 200 19605 "-" "Mozilla/5.0 (compatible; MJ12bot/v1.4.8; http://mj12bot.com/)"
77.83.25.226 - - [31/Mar/2026:17:06:43 +0000] "POST /ucp.php?mode=register HTTP/1.1" 200 67344 "https://electricalforum.nz/ucp.php?mode=register&sid=198412fa987689679f9d5a1aafbd7b21" "Mozilla/5.0 (Windows NT 10.0; Win64; x64) AppleWebKit/537.36 (KHTML, like Gecko) Chrome/129.0.0.0 Safari/537.36"
2001:41d0:303:2bb3::1 - - [31/Mar/2026:17:06:44 +0000] "GET /viewtopic.php?f=5&p=3452 HTTP/1.1" 200 25403 "-" "Mozilla/5.0 (compatible; MJ12bot/v1.4.8; http://mj12bot.com/)"
77.83.25.226 - - [31/Mar/2026:17:06:44 +0000] "GET /ucp.php?mode=confirm&confirm_id=05fb5452f79b0ef937e2cea18151c0e6&type=1 HTTP/1.1" 200 4847 "https://electricalforum.nz/ucp.php?mode=register&sid=198412fa987689679f9d5a1aafbd7b21" "Mozilla/5.0 (Windows NT 10.0; Win64; x64) AppleWebKit/537.36 (KHTML, like Gecko) Chrome/129.0.0.0 Safari/537.36"
2001:41d0:303:2bb3::1 - - [31/Mar/2026:17:06:46 +0000] "GET /viewtopic.php?f=6&p=3230 HTTP/1.1" 200 26623 "-" "Mozilla/5.0 (compatible; MJ12bot/v1.4.8; http://mj12bot.com/)"
2001:41d0:303:2bb3::1 - - [31/Mar/2026:17:06:48 +0000] "GET /viewtopic.php?f=8&p=3401 HTTP/1.1" 200 35711 "-" "Mozilla/5.0 (compatible; MJ12bot/v1.4.8; http://mj12bot.com/)"
2001:41d0:303:2bb3::1 - - [31/Mar/2026:17:06:50 +0000] "GET /viewtopic.php?f=9&p=2763 HTTP/1.1" 200 46754 "-" "Mozilla/5.0 (compatible; MJ12bot/v1.4.8; http://mj12bot.com/)"
2001:41d0:303:2bb3::1 - - [31/Mar/2026:17:06:52 +0000] "GET /feed/topics HTTP/1.1" 200 16318 "-" "Mozilla/5.0 (compatible; MJ12bot/v1.4.8; http://mj12bot.com/)"
77.83.25.226 - - [31/Mar/2026:17:06:53 +0000] "POST /ucp.php?mode=register HTTP/1.1" 200 67472 "https://electricalforum.nz/ucp.php?mode=register&sid=198412fa987689679f9d5a1aafbd7b21" "Mozilla/5.0 (Windows NT 10.0; Win64; x64) AppleWebKit/537.36 (KHTML, like Gecko) Chrome/129.0.0.0 Safari/537.36"
2001:41d0:303:2bb3::1 - - [31/Mar/2026:17:06:53 +0000] "GET /ucp.php?mode=logout HTTP/1.1" 200 8593 "-" "Mozilla/5.0 (compatible; MJ12bot/v1.4.8; http://mj12bot.com/)"
2001:4860:7:50b::fa - - [31/Mar/2026:17:06:54 +0000] "GET /viewtopic.php?t=373 HTTP/1.1" 200 38624 "https://www.google.com/" "Mozilla/5.0 (Windows NT 10.0; Win64; x64) AppleWebKit/537.36 (KHTML, like Gecko) Chrome/146.0.0.0 Safari/537.36"
77.83.25.226 - - [31/Mar/2026:17:06:54 +0000] "GET /ucp.php?mode=confirm&confirm_id=05fb5452f79b0ef937e2cea18151c0e6&type=1 HTTP/1.1" 200 6356 "https://electricalforum.nz/ucp.php?mode=register&sid=198412fa987689679f9d5a1aafbd7b21" "Mozilla/5.0 (Windows NT 10.0; Win64; x64) AppleWebKit/537.36 (KHTML, like Gecko) Chrome/129.0.0.0 Safari/537.36"
2001:41d0:303:2bb3::1 - - [31/Mar/2026:17:06:55 +0000] "GET /viewforum.php?f=1 HTTP/1.1" 200 24998 "-" "Mozilla/5.0 (compatible; MJ12bot/v1.4.8; http://mj12bot.com/)"
2001:41d0:303:2bb3::1 - - [31/Mar/2026:17:06:57 +0000] "GET /viewforum.php?f=10 HTTP/1.1" 200 34314 "-" "Mozilla/5.0 (compatible; MJ12bot/v1.4.8; http://mj12bot.com/)"
2001:41d0:303:2bb3::1 - - [31/Mar/2026:17:06:59 +0000] "GET /viewforum.php?f=11 HTTP/1.1" 200 49827 "-" "Mozilla/5.0 (compatible; MJ12bot/v1.4.8; http://mj12bot.com/)"
2001:41d0:303:2bb3::1 - - [31/Mar/2026:17:07:01 +0000] "GET /viewforum.php?f=21 HTTP/1.1" 200 17875 "-" "Mozilla/5.0 (compatible; MJ12bot/v1.4.8; http://mj12bot.com/)"
77.83.25.226 - - [31/Mar/2026:17:07:02 +0000] "POST /ucp.php?mode=register HTTP/1.1" 200 67472 "https://electricalforum.nz/ucp.php?mode=register&sid=198412fa987689679f9d5a1aafbd7b21" "Mozilla/5.0 (Windows NT 10.0; Win64; x64) AppleWebKit/537.36 (KHTML, like Gecko) Chrome/129.0.0.0 Safari/537.36"
2001:41d0:303:2bb3::1 - - [31/Mar/2026:17:07:02 +0000] "GET /viewforum.php?f=22 HTTP/1.1" 200 25835 "-" "Mozilla/5.0 (compatible; MJ12bot/v1.4.8; http://mj12bot.com/)"
77.83.25.226 - - [31/Mar/2026:17:07:03 +0000] "GET /ucp.php?mode=confirm&confirm_id=05fb5452f79b0ef937e2cea18151c0e6&type=1 HTTP/1.1" 200 4181 "https://electricalforum.nz/ucp.php?mode=register&sid=198412fa987689679f9d5a1aafbd7b21" "Mozilla/5.0 (Windows NT 10.0; Win64; x64) AppleWebKit/537.36 (KHTML, like Gecko) Chrome/129.0.0.0 Safari/537.36"
103.194.112.196 - - [31/Mar/2026:17:07:04 +0000] "GET /viewtopic.php?t=594 HTTP/1.1" 200 37265 "https://electricalforum.nz/" "Mozilla/5.0 (Macintosh; Intel Mac OS X 10.15; rv:135.0) Gecko/20100101 Firefox/135.0"
2001:41d0:303:2bb3::1 - - [31/Mar/2026:17:07:04 +0000] "GET /viewforum.php?f=24 HTTP/1.1" 200 49959 "-" "Mozilla/5.0 (compatible; MJ12bot/v1.4.8; http://mj12bot.com/)"
2001:41d0:303:2bb3::1 - - [31/Mar/2026:17:07:06 +0000] "GET /viewforum.php?f=27 HTTP/1.1" 200 25979 "-" "Mozilla/5.0 (compatible; MJ12bot/v1.4.8; http://mj12bot.com/)"
77.83.25.226 - - [31/Mar/2026:17:07:12 +0000] "POST /ucp.php?mode=register HTTP/1.1" 200 67472 "https://electricalforum.nz/ucp.php?mode=register&sid=198412fa987689679f9d5a1aafbd7b21" "Mozilla/5.0 (Windows NT 10.0; Win64; x64) AppleWebKit/537.36 (KHTML, like Gecko) Chrome/129.0.0.0 Safari/537.36"
52.1.195.155 - - [31/Mar/2026:17:07:12 +0000] "GET /viewtopic.php?t=108 HTTP/1.1" 200 39264 "-" "Mozilla/5.0 AppleWebKit/605.1.15 (KHTML, like Gecko) Chrome/139.0.0.0 Safari/605.1.15"
77.83.25.226 - - [31/Mar/2026:17:07:13 +0000] "GET /ucp.php?mode=confirm&confirm_id=05fb5452f79b0ef937e2cea18151c0e6&type=1 HTTP/1.1" 200 4668 "https://electricalforum.nz/ucp.php?mode=register&sid=198412fa987689679f9d5a1aafbd7b21" "Mozilla/5.0 (Windows NT 10.0; Win64; x64) AppleWebKit/537.36 (KHTML, like Gecko) Chrome/129.0.0.0 Safari/537.36"
66.249.66.34 - - [31/Mar/2026:17:07:16 +0000] "GET /viewtopic.php?t=238 HTTP/1.1" 200 33825 "-" "Mozilla/5.0 (Linux; Android 6.0.1; Nexus 5X Build/MMB29P) AppleWebKit/537.36 (KHTML, like Gecko) Chrome/146.0.7680.164 Mobile Safari/537.36 (compatible; Googlebot/2.1; +http://www.google.com/bot.html)"
77.83.25.226 - - [31/Mar/2026:17:07:21 +0000] "POST /ucp.php?mode=register HTTP/1.1" 200 67581 "https://electricalforum.nz/ucp.php?mode=register&sid=198412fa987689679f9d5a1aafbd7b21" "Mozilla/5.0 (Windows NT 10.0; Win64; x64) AppleWebKit/537.36 (KHTML, like Gecko) Chrome/129.0.0.0 Safari/537.36"
77.83.25.226 - - [31/Mar/2026:17:07:22 +0000] "GET /ucp.php?mode=confirm&confirm_id=05fb5452f79b0ef937e2cea18151c0e6&type=1 HTTP/1.1" 200 6141 "https://electricalforum.nz/ucp.php?mode=register&sid=198412fa987689679f9d5a1aafbd7b21" "Mozilla/5.0 (Windows NT 10.0; Win64; x64) AppleWebKit/537.36 (KHTML, like Gecko) Chrome/129.0.0.0 Safari/537.36"
77.83.25.226 - - [31/Mar/2026:17:07:31 +0000] "POST /ucp.php?mode=register HTTP/1.1" 200 67581 "https://electricalforum.nz/ucp.php?mode=register&sid=198412fa987689679f9d5a1aafbd7b21" "Mozilla/5.0 (Windows NT 10.0; Win64; x64) AppleWebKit/537.36 (KHTML, like Gecko) Chrome/129.0.0.0 Safari/537.36"
77.83.25.226 - - [31/Mar/2026:17:07:32 +0000] "GET /ucp.php?mode=confirm&confirm_id=05fb5452f79b0ef937e2cea18151c0e6&type=1 HTTP/1.1" 200 4479 "https://electricalforum.nz/ucp.php?mode=register&sid=198412fa987689679f9d5a1aafbd7b21" "Mozilla/5.0 (Windows NT 10.0; Win64; x64) AppleWebKit/537.36 (KHTML, like Gecko) Chrome/129.0.0.0 Safari/537.36"
77.83.25.226 - - [31/Mar/2026:17:07:41 +0000] "POST /ucp.php?mode=register HTTP/1.1" 200 67581 "https://electricalforum.nz/ucp.php?mode=register&sid=198412fa987689679f9d5a1aafbd7b21" "Mozilla/5.0 (Windows NT 10.0; Win64; x64) AppleWebKit/537.36 (KHTML, like Gecko) Chrome/129.0.0.0 Safari/537.36"
77.83.25.226 - - [31/Mar/2026:17:07:42 +0000] "GET /ucp.php?mode=confirm&confirm_id=05fb5452f79b0ef937e2cea18151c0e6&type=1 HTTP/1.1" 200 5876 "https://electricalforum.nz/ucp.php?mode=register&sid=198412fa987689679f9d5a1aafbd7b21" "Mozilla/5.0 (Windows NT 10.0; Win64; x64) AppleWebKit/537.36 (KHTML, like Gecko) Chrome/129.0.0.0 Safari/537.36"
125.75.66.97 - - [31/Mar/2026:17:08:01 +0000] "GET / HTTP/1.1" 200 67358 "http://www.electricalforum.nz" "Mozilla/5.0 (iPhone; CPU iPhone OS 13_2_3 like Mac OS X) AppleWebKit/605.1.15 (KHTML, like Gecko) Version/13.0.3 Mobile/15E148 Safari/604.1"
77.83.25.226 - - [31/Mar/2026:17:08:03 +0000] "POST /ucp.php?mode=register HTTP/1.1" 200 67581 "https://electricalforum.nz/ucp.php?mode=register&sid=198412fa987689679f9d5a1aafbd7b21" "Mozilla/5.0 (Windows NT 10.0; Win64; x64) AppleWebKit/537.36 (KHTML, like Gecko) Chrome/129.0.0.0 Safari/537.36"
77.83.25.226 - - [31/Mar/2026:17:08:05 +0000] "GET /ucp.php?mode=confirm&confirm_id=05fb5452f79b0ef937e2cea18151c0e6&type=1 HTTP/1.1" 200 4496 "https://electricalforum.nz/ucp.php?mode=register&sid=198412fa987689679f9d5a1aafbd7b21" "Mozilla/5.0 (Windows NT 10.0; Win64; x64) AppleWebKit/537.36 (KHTML, like Gecko) Chrome/129.0.0.0 Safari/537.36"
103.194.112.66 - - [31/Mar/2026:17:08:21 +0000] "GET /viewtopic.php?t=594 HTTP/1.1" 200 37265 "https://electricalforum.nz/" "Mozilla/5.0 (Macintosh; Intel Mac OS X 14_7; rv:132.0) Gecko/20100101 Firefox/132.0"
77.83.25.226 - - [31/Mar/2026:17:08:26 +0000] "POST /ucp.php?mode=register HTTP/1.1" 200 66415 "https://electricalforum.nz/ucp.php?mode=register&sid=198412fa987689679f9d5a1aafbd7b21" "Mozilla/5.0 (Windows NT 10.0; Win64; x64) AppleWebKit/537.36 (KHTML, like Gecko) Chrome/129.0.0.0 Safari/537.36"
77.83.25.226 - - [31/Mar/2026:17:08:27 +0000] "GET /ucp.php?mode=login&redirect=index.php&sid=198412fa987689679f9d5a1aafbd7b21 HTTP/1.1" 200 12771 "https://electricalforum.nz/ucp.php?mode=login&redirect=index.php&sid=198412fa987689679f9d5a1aafbd7b21" "Mozilla/5.0 (Windows NT 10.0; Win64; x64) AppleWebKit/537.36 (KHTML, like Gecko) Chrome/129.0.0.0 Safari/537.36"
77.83.25.226 - - [31/Mar/2026:17:08:32 +0000] "POST /ucp.php?mode=login HTTP/1.1" 200 12978 "https://electricalforum.nz/ucp.php?mode=login&redirect=index.php&sid=198412fa987689679f9d5a1aafbd7b21" "Mozilla/5.0 (Windows NT 10.0; Win64; x64) AppleWebKit/537.36 (KHTML, like Gecko) Chrome/129.0.0.0 Safari/537.36"
77.83.25.226 - - [31/Mar/2026:17:08:33 +0000] "GET /index.php HTTP/1.1" 200 59762 "https://electricalforum.nz/index.php" "Mozilla/5.0 (Windows NT 10.0; Win64; x64) AppleWebKit/537.36 (KHTML, like Gecko) Chrome/129.0.0.0 Safari/537.36"
103.194.112.203 - - [31/Mar/2026:17:08:36 +0000] "GET /viewtopic.php?t=594 HTTP/1.1" 200 37265 "https://electricalforum.nz/" "Mozilla/5.0 (Windows NT 10.0; Win64; x64; Windows NT 10.0; Win64; x64 x86_64; rv:142.0) Gecko/20100101 Firefox/142.0"
23.21.169.164 - - [31/Mar/2026:17:08:48 +0000] "GET / HTTP/1.1" 200 67358 "-" "Mozilla/5.0 AppleWebKit/605.1.15 (KHTML, like Gecko) Chrome/139.0.0.0 Safari/605.1.15"
103.194.112.63 - - [31/Mar/2026:17:08:53 +0000] "GET /viewtopic.php?t=594 HTTP/1.1" 200 37265 "https://electricalforum.nz/" "Mozilla/5.0 (Windows NT 10.0; Win64; x64; rv:142.0) Gecko/20100101 Firefox/140.0"
103.194.112.9 - - [31/Mar/2026:17:09:08 +0000] "GET /viewtopic.php?f=5&p=2641&sid=9dc348a236214afdf9b0db41a2bddfa0 HTTP/1.1" 200 34905 "-" "Mozilla/5.0 (Macintosh; Intel Mac OS X 10.15; rv:133.0) Gecko/20100101 Firefox/133.0"
23.98.142.181 - - [31/Mar/2026:17:09:12 +0000] "GET /viewtopic.php?t=475 HTTP/1.1" 200 50831 "-" "Mozilla/5.0 AppleWebKit/537.36 (KHTML, like Gecko); compatible; ChatGPT-User/1.0; +https://openai.com/bot"
74.7.229.190 - - [31/Mar/2026:17:09:58 +0000] "GET /viewtopic.php?t=622 HTTP/1.1" 200 30439 "-" "Mozilla/5.0 (Macintosh; Intel Mac OS X 10_15_7) AppleWebKit/537.36 (KHTML, like Gecko) Chrome/131.0.0.0 Safari/537.36; compatible; OAI-SearchBot/1.3; +https://openai.com/searchbot"
74.7.228.175 - - [31/Mar/2026:17:10:01 +0000] "GET /feed?sid=4d45778c57b9a85373c3cdeedb234298 HTTP/1.1" 200 24495 "https://electricalforum.nz/viewtopic.php?t=622" "Mozilla/5.0 (Macintosh; Intel Mac OS X 10_15_7) AppleWebKit/537.36 (KHTML, like Gecko) Chrome/131.0.0.0 Safari/537.36; compatible; OAI-SearchBot/1.3; +https://openai.com/searchbot"
74.7.229.57 - - [31/Mar/2026:17:10:04 +0000] "GET /feed/topics?sid=4d45778c57b9a85373c3cdeedb234298 HTTP/1.1" 200 16852 "https://electricalforum.nz/viewtopic.php?t=622" "Mozilla/5.0 (Macintosh; Intel Mac OS X 10_15_7) AppleWebKit/537.36 (KHTML, like Gecko) Chrome/131.0.0.0 Safari/537.36; compatible; OAI-SearchBot/1.3; +https://openai.com/searchbot"
103.194.112.119 - - [31/Mar/2026:17:10:04 +0000] "GET /viewtopic.php?t=594 HTTP/1.1" 200 37265 "https://electricalforum.nz/" "Mozilla/5.0 (Macintosh; Intel Mac OS X 10.15; rv:135.0) Gecko/20100101 Firefox/147.0"
66.249.66.196 - - [31/Mar/2026:17:10:06 +0000] "GET /viewtopic.php?t=649 HTTP/1.1" 200 29025 "-" "Mozilla/5.0 (Linux; Android 6.0.1; Nexus 5X Build/MMB29P) AppleWebKit/537.36 (KHTML, like Gecko) Chrome/146.0.7680.164 Mobile Safari/537.36 (compatible; Googlebot/2.1; +http://www.google.com/bot.html)"
74.7.229.61 - - [31/Mar/2026:17:10:06 +0000] "GET /viewforum.php?f=25&sid=4d45778c57b9a85373c3cdeedb234298 HTTP/1.1" 200 28217 "https://electricalforum.nz/viewtopic.php?t=622" "Mozilla/5.0 (Macintosh; Intel Mac OS X 10_15_7) AppleWebKit/537.36 (KHTML, like Gecko) Chrome/131.0.0.0 Safari/537.36; compatible; OAI-SearchBot/1.3; +https://openai.com/searchbot"
74.7.229.248 - - [31/Mar/2026:17:10:09 +0000] "GET /viewforum.php?f=24&sid=4d45778c57b9a85373c3cdeedb234298 HTTP/1.1" 200 91986 "https://electricalforum.nz/viewtopic.php?t=622" "Mozilla/5.0 (Macintosh; Intel Mac OS X 10_15_7) AppleWebKit/537.36 (KHTML, like Gecko) Chrome/131.0.0.0 Safari/537.36; compatible; OAI-SearchBot/1.3; +https://openai.com/searchbot"
74.7.229.57 - - [31/Mar/2026:17:10:11 +0000] "GET /viewforum.php?f=20&sid=4d45778c57b9a85373c3cdeedb234298 HTTP/1.1" 200 30673 "https://electricalforum.nz/viewtopic.php?t=622" "Mozilla/5.0 (Macintosh; Intel Mac OS X 10_15_7) AppleWebKit/537.36 (KHTML, like Gecko) Chrome/131.0.0.0 Safari/537.36; compatible; OAI-SearchBot/1.3; +https://openai.com/searchbot"
74.7.229.61 - - [31/Mar/2026:17:10:13 +0000] "GET /viewtopic.php?p=3026&sid=4d45778c57b9a85373c3cdeedb234298 HTTP/1.1" 200 30441 "https://electricalforum.nz/viewtopic.php?t=622" "Mozilla/5.0 (Macintosh; Intel Mac OS X 10_15_7) AppleWebKit/537.36 (KHTML, like Gecko) Chrome/131.0.0.0 Safari/537.36; compatible; OAI-SearchBot/1.3; +https://openai.com/searchbot"
74.7.229.57 - - [31/Mar/2026:17:10:14 +0000] "GET /ucp.php?mode=privacy&sid=4d45778c57b9a85373c3cdeedb234298 HTTP/1.1" 200 14932 "https://electricalforum.nz/viewtopic.php?t=622" "Mozilla/5.0 (Macintosh; Intel Mac OS X 10_15_7) AppleWebKit/537.36 (KHTML, like Gecko) Chrome/131.0.0.0 Safari/537.36; compatible; OAI-SearchBot/1.3; +https://openai.com/searchbot"
74.7.229.190 - - [31/Mar/2026:17:10:16 +0000] "GET /feed/topic/622?sid=4d45778c57b9a85373c3cdeedb234298 HTTP/1.1" 200 3492 "https://electricalforum.nz/viewtopic.php?t=622" "Mozilla/5.0 (Macintosh; Intel Mac OS X 10_15_7) AppleWebKit/537.36 (KHTML, like Gecko) Chrome/131.0.0.0 Safari/537.36; compatible; OAI-SearchBot/1.3; +https://openai.com/searchbot"
74.7.229.190 - - [31/Mar/2026:17:10:17 +0000] "GET /feed/topic/622?sid=4d45778c57b9a85373c3cdeedb234298 HTTP/1.1" 200 3492 "https://electricalforum.nz/viewtopic.php?t=622" "Mozilla/5.0 (Macintosh; Intel Mac OS X 10_15_7) AppleWebKit/537.36 (KHTML, like Gecko) Chrome/131.0.0.0 Safari/537.36; compatible; OAI-SearchBot/1.3; +https://openai.com/searchbot"
74.7.229.61 - - [31/Mar/2026:17:10:18 +0000] "GET /viewforum.php?f=17&sid=4d45778c57b9a85373c3cdeedb234298 HTTP/1.1" 200 91891 "https://electricalforum.nz/viewtopic.php?t=622" "Mozilla/5.0 (Macintosh; Intel Mac OS X 10_15_7) AppleWebKit/537.36 (KHTML, like Gecko) Chrome/131.0.0.0 Safari/537.36; compatible; OAI-SearchBot/1.3; +https://openai.com/searchbot"
74.7.243.38 - - [31/Mar/2026:17:10:19 +0000] "GET /search.php?search_id=unanswered&sid=4d45778c57b9a85373c3cdeedb234298 HTTP/1.1" 200 86199 "https://electricalforum.nz/viewtopic.php?t=622" "Mozilla/5.0 (Macintosh; Intel Mac OS X 10_15_7) AppleWebKit/537.36 (KHTML, like Gecko) Chrome/131.0.0.0 Safari/537.36; compatible; OAI-SearchBot/1.3; +https://openai.com/searchbot"
74.7.243.38 - - [31/Mar/2026:17:10:20 +0000] "GET /feed/forum/19?sid=4d45778c57b9a85373c3cdeedb234298 HTTP/1.1" 200 39723 "https://electricalforum.nz/viewtopic.php?t=622" "Mozilla/5.0 (Macintosh; Intel Mac OS X 10_15_7) AppleWebKit/537.36 (KHTML, like Gecko) Chrome/131.0.0.0 Safari/537.36; compatible; OAI-SearchBot/1.3; +https://openai.com/searchbot"
74.7.243.38 - - [31/Mar/2026:17:10:21 +0000] "GET /feed/forum/19?sid=4d45778c57b9a85373c3cdeedb234298 HTTP/1.1" 200 39723 "https://electricalforum.nz/viewtopic.php?t=622" "Mozilla/5.0 (Macintosh; Intel Mac OS X 10_15_7) AppleWebKit/537.36 (KHTML, like Gecko) Chrome/131.0.0.0 Safari/537.36; compatible; OAI-SearchBot/1.3; +https://openai.com/searchbot"
74.7.229.57 - - [31/Mar/2026:17:10:22 +0000] "GET /viewforum.php?f=2&sid=4d45778c57b9a85373c3cdeedb234298 HTTP/1.1" 200 45908 "https://electricalforum.nz/viewtopic.php?t=622" "Mozilla/5.0 (Macintosh; Intel Mac OS X 10_15_7) AppleWebKit/537.36 (KHTML, like Gecko) Chrome/131.0.0.0 Safari/537.36; compatible; OAI-SearchBot/1.3; +https://openai.com/searchbot"
74.7.242.138 - - [31/Mar/2026:17:10:23 +0000] "GET /search.php?sid=4d45778c57b9a85373c3cdeedb234298 HTTP/1.1" 200 18010 "https://electricalforum.nz/viewtopic.php?t=622" "Mozilla/5.0 (Macintosh; Intel Mac OS X 10_15_7) AppleWebKit/537.36 (KHTML, like Gecko) Chrome/131.0.0.0 Safari/537.36; compatible; OAI-SearchBot/1.3; +https://openai.com/searchbot"
74.7.229.57 - - [31/Mar/2026:17:10:23 +0000] "GET /index.php?sid=4d45778c57b9a85373c3cdeedb234298 HTTP/1.1" 200 67358 "https://electricalforum.nz/viewtopic.php?t=622" "Mozilla/5.0 (Macintosh; Intel Mac OS X 10_15_7) AppleWebKit/537.36 (KHTML, like Gecko) Chrome/131.0.0.0 Safari/537.36; compatible; OAI-SearchBot/1.3; +https://openai.com/searchbot"
74.7.229.61 - - [31/Mar/2026:17:10:24 +0000] "GET /viewforum.php?f=6&sid=4d45778c57b9a85373c3cdeedb234298 HTTP/1.1" 200 88692 "https://electricalforum.nz/viewtopic.php?t=622" "Mozilla/5.0 (Macintosh; Intel Mac OS X 10_15_7) AppleWebKit/537.36 (KHTML, like Gecko) Chrome/131.0.0.0 Safari/537.36; compatible; OAI-SearchBot/1.3; +https://openai.com/searchbot"
74.7.229.61 - - [31/Mar/2026:17:10:24 +0000] "GET /help/faq?sid=4d45778c57b9a85373c3cdeedb234298 HTTP/1.1" 200 67579 "https://electricalforum.nz/viewtopic.php?t=622" "Mozilla/5.0 (Macintosh; Intel Mac OS X 10_15_7) AppleWebKit/537.36 (KHTML, like Gecko) Chrome/131.0.0.0 Safari/537.36; compatible; OAI-SearchBot/1.3; +https://openai.com/searchbot"
74.7.243.38 - - [31/Mar/2026:17:10:25 +0000] "GET /thankslist/givens/159/false?sid=4d45778c57b9a85373c3cdeedb234298 HTTP/1.1" 200 14343 "https://electricalforum.nz/viewtopic.php?t=622" "Mozilla/5.0 (Macintosh; Intel Mac OS X 10_15_7) AppleWebKit/537.36 (KHTML, like Gecko) Chrome/131.0.0.0 Safari/537.36; compatible; OAI-SearchBot/1.3; +https://openai.com/searchbot"
74.7.229.57 - - [31/Mar/2026:17:10:26 +0000] "GET /thankslist/givens/87/true?sid=4d45778c57b9a85373c3cdeedb234298 HTTP/1.1" 200 14335 "https://electricalforum.nz/viewtopic.php?t=622" "Mozilla/5.0 (Macintosh; Intel Mac OS X 10_15_7) AppleWebKit/537.36 (KHTML, like Gecko) Chrome/131.0.0.0 Safari/537.36; compatible; OAI-SearchBot/1.3; +https://openai.com/searchbot"
74.7.229.217 - - [31/Mar/2026:17:10:26 +0000] "GET /thankslist/givens/87/false?sid=4d45778c57b9a85373c3cdeedb234298 HTTP/1.1" 200 14339 "https://electricalforum.nz/viewtopic.php?t=622" "Mozilla/5.0 (Macintosh; Intel Mac OS X 10_15_7) AppleWebKit/537.36 (KHTML, like Gecko) Chrome/131.0.0.0 Safari/537.36; compatible; OAI-SearchBot/1.3; +https://openai.com/searchbot"
74.7.229.190 - - [31/Mar/2026:17:10:27 +0000] "GET /thankslist/givens/159/true?sid=4d45778c57b9a85373c3cdeedb234298 HTTP/1.1" 200 13178 "https://electricalforum.nz/viewtopic.php?t=622" "Mozilla/5.0 (Macintosh; Intel Mac OS X 10_15_7) AppleWebKit/537.36 (KHTML, like Gecko) Chrome/131.0.0.0 Safari/537.36; compatible; OAI-SearchBot/1.3; +https://openai.com/searchbot"
74.7.229.248 - - [31/Mar/2026:17:10:27 +0000] "GET /rules?sid=4d45778c57b9a85373c3cdeedb234298 HTTP/1.1" 200 18925 "https://electricalforum.nz/viewtopic.php?t=622" "Mozilla/5.0 (Macintosh; Intel Mac OS X 10_15_7) AppleWebKit/537.36 (KHTML, like Gecko) Chrome/131.0.0.0 Safari/537.36; compatible; OAI-SearchBot/1.3; +https://openai.com/searchbot"
74.7.229.61 - - [31/Mar/2026:17:10:28 +0000] "GET /viewtopic.php?p=3025&sid=4d45778c57b9a85373c3cdeedb234298 HTTP/1.1" 200 30441 "https://electricalforum.nz/viewtopic.php?t=622" "Mozilla/5.0 (Macintosh; Intel Mac OS X 10_15_7) AppleWebKit/537.36 (KHTML, like Gecko) Chrome/131.0.0.0 Safari/537.36; compatible; OAI-SearchBot/1.3; +https://openai.com/searchbot"
74.7.242.138 - - [31/Mar/2026:17:10:28 +0000] "GET /search.php?author_id=87&sid=4d45778c57b9a85373c3cdeedb234298&sr=posts HTTP/1.1" 200 98976 "https://electricalforum.nz/viewtopic.php?t=622" "Mozilla/5.0 (Macintosh; Intel Mac OS X 10_15_7) AppleWebKit/537.36 (KHTML, like Gecko) Chrome/131.0.0.0 Safari/537.36; compatible; OAI-SearchBot/1.3; +https://openai.com/searchbot"
74.7.229.57 - - [31/Mar/2026:17:10:29 +0000] "GET /search.php?author_id=159&sid=4d45778c57b9a85373c3cdeedb234298&sr=posts HTTP/1.1" 200 101808 "https://electricalforum.nz/viewtopic.php?t=622" "Mozilla/5.0 (Macintosh; Intel Mac OS X 10_15_7) AppleWebKit/537.36 (KHTML, like Gecko) Chrome/131.0.0.0 Safari/537.36; compatible; OAI-SearchBot/1.3; +https://openai.com/searchbot"
74.7.229.57 - - [31/Mar/2026:17:10:29 +0000] "GET /viewtopic.php?f=19&sid=4d45778c57b9a85373c3cdeedb234298&t=622 HTTP/1.1" 200 30457 "https://electricalforum.nz/viewtopic.php?t=622" "Mozilla/5.0 (Macintosh; Intel Mac OS X 10_15_7) AppleWebKit/537.36 (KHTML, like Gecko) Chrome/131.0.0.0 Safari/537.36; compatible; OAI-SearchBot/1.3; +https://openai.com/searchbot"
74.7.229.190 - - [31/Mar/2026:17:10:30 +0000] "GET /posting.php?f=19&mode=reply&sid=4d45778c57b9a85373c3cdeedb234298&t=622 HTTP/1.1" 200 12827 "https://electricalforum.nz/viewtopic.php?t=622" "Mozilla/5.0 (Macintosh; Intel Mac OS X 10_15_7) AppleWebKit/537.36 (KHTML, like Gecko) Chrome/131.0.0.0 Safari/537.36; compatible; OAI-SearchBot/1.3; +https://openai.com/searchbot"
74.7.229.248 - - [31/Mar/2026:17:10:30 +0000] "GET /posting.php?f=19&mode=quote&p=3026&sid=4d45778c57b9a85373c3cdeedb234298 HTTP/1.1" 200 13992 "https://electricalforum.nz/viewtopic.php?t=622" "Mozilla/5.0 (Macintosh; Intel Mac OS X 10_15_7) AppleWebKit/537.36 (KHTML, like Gecko) Chrome/131.0.0.0 Safari/537.36; compatible; OAI-SearchBot/1.3; +https://openai.com/searchbot"
74.7.229.57 - - [31/Mar/2026:17:10:31 +0000] "GET /posting.php?f=19&mode=quote&p=3025&sid=4d45778c57b9a85373c3cdeedb234298 HTTP/1.1" 200 13992 "https://electricalforum.nz/viewtopic.php?t=622" "Mozilla/5.0 (Macintosh; Intel Mac OS X 10_15_7) AppleWebKit/537.36 (KHTML, like Gecko) Chrome/131.0.0.0 Safari/537.36; compatible; OAI-SearchBot/1.3; +https://openai.com/searchbot"
74.7.242.138 - - [31/Mar/2026:17:10:31 +0000] "GET /ucp.php?mode=terms&sid=4d45778c57b9a85373c3cdeedb234298 HTTP/1.1" 200 13888 "https://electricalforum.nz/viewtopic.php?t=622" "Mozilla/5.0 (Macintosh; Intel Mac OS X 10_15_7) AppleWebKit/537.36 (KHTML, like Gecko) Chrome/131.0.0.0 Safari/537.36; compatible; OAI-SearchBot/1.3; +https://openai.com/searchbot"
74.7.243.38 - - [31/Mar/2026:17:10:32 +0000] "GET /viewforum.php?f=11&sid=4d45778c57b9a85373c3cdeedb234298 HTTP/1.1" 200 90487 "https://electricalforum.nz/viewtopic.php?t=622" "Mozilla/5.0 (Macintosh; Intel Mac OS X 10_15_7) AppleWebKit/537.36 (KHTML, like Gecko) Chrome/131.0.0.0 Safari/537.36; compatible; OAI-SearchBot/1.3; +https://openai.com/searchbot"
74.7.229.248 - - [31/Mar/2026:17:10:32 +0000] "GET /viewforum.php?f=23&sid=4d45778c57b9a85373c3cdeedb234298 HTTP/1.1" 200 34170 "https://electricalforum.nz/viewtopic.php?t=622" "Mozilla/5.0 (Macintosh; Intel Mac OS X 10_15_7) AppleWebKit/537.36 (KHTML, like Gecko) Chrome/131.0.0.0 Safari/537.36; compatible; OAI-SearchBot/1.3; +https://openai.com/searchbot"
74.7.228.175 - - [31/Mar/2026:17:10:33 +0000] "GET /ucp.php?mode=register&sid=4d45778c57b9a85373c3cdeedb234298 HTTP/1.1" 200 14816 "https://electricalforum.nz/viewtopic.php?t=622" "Mozilla/5.0 (Macintosh; Intel Mac OS X 10_15_7) AppleWebKit/537.36 (KHTML, like Gecko) Chrome/131.0.0.0 Safari/537.36; compatible; OAI-SearchBot/1.3; +https://openai.com/searchbot"
74.7.229.61 - - [31/Mar/2026:17:10:33 +0000] "GET /viewforum.php?f=10&sid=4d45778c57b9a85373c3cdeedb234298 HTTP/1.1" 200 58847 "https://electricalforum.nz/viewtopic.php?t=622" "Mozilla/5.0 (Macintosh; Intel Mac OS X 10_15_7) AppleWebKit/537.36 (KHTML, like Gecko) Chrome/131.0.0.0 Safari/537.36; compatible; OAI-SearchBot/1.3; +https://openai.com/searchbot"
74.7.243.38 - - [31/Mar/2026:17:10:34 +0000] "GET /viewforum.php?f=16&sid=4d45778c57b9a85373c3cdeedb234298 HTTP/1.1" 200 90051 "https://electricalforum.nz/viewtopic.php?t=622" "Mozilla/5.0 (Macintosh; Intel Mac OS X 10_15_7) AppleWebKit/537.36 (KHTML, like Gecko) Chrome/131.0.0.0 Safari/537.36; compatible; OAI-SearchBot/1.3; +https://openai.com/searchbot"
74.7.243.38 - - [31/Mar/2026:17:10:35 +0000] "GET /viewforum.php?f=15&sid=4d45778c57b9a85373c3cdeedb234298 HTTP/1.1" 200 89248 "https://electricalforum.nz/viewtopic.php?t=622" "Mozilla/5.0 (Macintosh; Intel Mac OS X 10_15_7) AppleWebKit/537.36 (KHTML, like Gecko) Chrome/131.0.0.0 Safari/537.36; compatible; OAI-SearchBot/1.3; +https://openai.com/searchbot"
74.7.229.248 - - [31/Mar/2026:17:10:35 +0000] "GET /viewforum.php?f=27&sid=4d45778c57b9a85373c3cdeedb234298 HTTP/1.1" 200 43945 "https://electricalforum.nz/viewtopic.php?t=622" "Mozilla/5.0 (Macintosh; Intel Mac OS X 10_15_7) AppleWebKit/537.36 (KHTML, like Gecko) Chrome/131.0.0.0 Safari/537.36; compatible; OAI-SearchBot/1.3; +https://openai.com/searchbot"
74.7.242.138 - - [31/Mar/2026:17:10:36 +0000] "GET /viewforum.php?f=22&sid=4d45778c57b9a85373c3cdeedb234298 HTTP/1.1" 200 42697 "https://electricalforum.nz/viewtopic.php?t=622" "Mozilla/5.0 (Macintosh; Intel Mac OS X 10_15_7) AppleWebKit/537.36 (KHTML, like Gecko) Chrome/131.0.0.0 Safari/537.36; compatible; OAI-SearchBot/1.3; +https://openai.com/searchbot"
74.7.229.248 - - [31/Mar/2026:17:10:36 +0000] "GET /viewforum.php?f=29&sid=4d45778c57b9a85373c3cdeedb234298 HTTP/1.1" 200 28006 "https://electricalforum.nz/viewtopic.php?t=622" "Mozilla/5.0 (Macintosh; Intel Mac OS X 10_15_7) AppleWebKit/537.36 (KHTML, like Gecko) Chrome/131.0.0.0 Safari/537.36; compatible; OAI-SearchBot/1.3; +https://openai.com/searchbot"
74.7.229.57 - - [31/Mar/2026:17:10:37 +0000] "GET /viewforum.php?f=13&sid=4d45778c57b9a85373c3cdeedb234298 HTTP/1.1" 200 91750 "https://electricalforum.nz/viewtopic.php?t=622" "Mozilla/5.0 (Macintosh; Intel Mac OS X 10_15_7) AppleWebKit/537.36 (KHTML, like Gecko) Chrome/131.0.0.0 Safari/537.36; compatible; OAI-SearchBot/1.3; +https://openai.com/searchbot"
74.7.229.248 - - [31/Mar/2026:17:10:37 +0000] "GET /viewforum.php?f=28&sid=4d45778c57b9a85373c3cdeedb234298 HTTP/1.1" 200 64283 "https://electricalforum.nz/viewtopic.php?t=622" "Mozilla/5.0 (Macintosh; Intel Mac OS X 10_15_7) AppleWebKit/537.36 (KHTML, like Gecko) Chrome/131.0.0.0 Safari/537.36; compatible; OAI-SearchBot/1.3; +https://openai.com/searchbot"
74.7.229.190 - - [31/Mar/2026:17:10:38 +0000] "GET /viewforum.php?f=19&sid=4d45778c57b9a85373c3cdeedb234298 HTTP/1.1" 200 58717 "https://electricalforum.nz/viewtopic.php?t=622" "Mozilla/5.0 (Macintosh; Intel Mac OS X 10_15_7) AppleWebKit/537.36 (KHTML, like Gecko) Chrome/131.0.0.0 Safari/537.36; compatible; OAI-SearchBot/1.3; +https://openai.com/searchbot"
74.7.228.175 - - [31/Mar/2026:17:10:38 +0000] "GET /viewforum.php?f=12&sid=4d45778c57b9a85373c3cdeedb234298 HTTP/1.1" 200 90652 "https://electricalforum.nz/viewtopic.php?t=622" "Mozilla/5.0 (Macintosh; Intel Mac OS X 10_15_7) AppleWebKit/537.36 (KHTML, like Gecko) Chrome/131.0.0.0 Safari/537.36; compatible; OAI-SearchBot/1.3; +https://openai.com/searchbot"
74.7.229.217 - - [31/Mar/2026:17:10:39 +0000] "GET /viewforum.php?f=14&sid=4d45778c57b9a85373c3cdeedb234298 HTTP/1.1" 200 90837 "https://electricalforum.nz/viewtopic.php?t=622" "Mozilla/5.0 (Macintosh; Intel Mac OS X 10_15_7) AppleWebKit/537.36 (KHTML, like Gecko) Chrome/131.0.0.0 Safari/537.36; compatible; OAI-SearchBot/1.3; +https://openai.com/searchbot"
74.7.229.57 - - [31/Mar/2026:17:10:39 +0000] "GET /viewforum.php?f=26&sid=4d45778c57b9a85373c3cdeedb234298 HTTP/1.1" 200 28373 "https://electricalforum.nz/viewtopic.php?t=622" "Mozilla/5.0 (Macintosh; Intel Mac OS X 10_15_7) AppleWebKit/537.36 (KHTML, like Gecko) Chrome/131.0.0.0 Safari/537.36; compatible; OAI-SearchBot/1.3; +https://openai.com/searchbot"
74.7.229.217 - - [31/Mar/2026:17:10:40 +0000] "GET /viewforum.php?f=18&sid=4d45778c57b9a85373c3cdeedb234298 HTTP/1.1" 200 17967 "https://electricalforum.nz/viewtopic.php?t=622" "Mozilla/5.0 (Macintosh; Intel Mac OS X 10_15_7) AppleWebKit/537.36 (KHTML, like Gecko) Chrome/131.0.0.0 Safari/537.36; compatible; OAI-SearchBot/1.3; +https://openai.com/searchbot"
74.7.229.217 - - [31/Mar/2026:17:10:40 +0000] "GET /viewforum.php?f=21&sid=4d45778c57b9a85373c3cdeedb234298 HTTP/1.1" 200 28468 "https://electricalforum.nz/viewtopic.php?t=622" "Mozilla/5.0 (Macintosh; Intel Mac OS X 10_15_7) AppleWebKit/537.36 (KHTML, like Gecko) Chrome/131.0.0.0 Safari/537.36; compatible; OAI-SearchBot/1.3; +https://openai.com/searchbot"
74.7.229.61 - - [31/Mar/2026:17:10:41 +0000] "GET /viewforum.php?f=9&sid=4d45778c57b9a85373c3cdeedb234298 HTTP/1.1" 200 35632 "https://electricalforum.nz/viewtopic.php?t=622" "Mozilla/5.0 (Macintosh; Intel Mac OS X 10_15_7) AppleWebKit/537.36 (KHTML, like Gecko) Chrome/131.0.0.0 Safari/537.36; compatible; OAI-SearchBot/1.3; +https://openai.com/searchbot"
74.7.229.217 - - [31/Mar/2026:17:10:41 +0000] "GET /viewforum.php?f=1&sid=4d45778c57b9a85373c3cdeedb234298 HTTP/1.1" 200 38853 "https://electricalforum.nz/viewtopic.php?t=622" "Mozilla/5.0 (Macintosh; Intel Mac OS X 10_15_7) AppleWebKit/537.36 (KHTML, like Gecko) Chrome/131.0.0.0 Safari/537.36; compatible; OAI-SearchBot/1.3; +https://openai.com/searchbot"
74.7.229.190 - - [31/Mar/2026:17:10:42 +0000] "GET /viewforum.php?f=3&sid=4d45778c57b9a85373c3cdeedb234298 HTTP/1.1" 200 42912 "https://electricalforum.nz/viewtopic.php?t=622" "Mozilla/5.0 (Macintosh; Intel Mac OS X 10_15_7) AppleWebKit/537.36 (KHTML, like Gecko) Chrome/131.0.0.0 Safari/537.36; compatible; OAI-SearchBot/1.3; +https://openai.com/searchbot"
74.7.229.217 - - [31/Mar/2026:17:10:42 +0000] "GET /viewforum.php?f=8&sid=4d45778c57b9a85373c3cdeedb234298 HTTP/1.1" 200 91005 "https://electricalforum.nz/viewtopic.php?t=622" "Mozilla/5.0 (Macintosh; Intel Mac OS X 10_15_7) AppleWebKit/537.36 (KHTML, like Gecko) Chrome/131.0.0.0 Safari/537.36; compatible; OAI-SearchBot/1.3; +https://openai.com/searchbot"
74.7.229.248 - - [31/Mar/2026:17:10:43 +0000] "GET /viewforum.php?f=4&sid=4d45778c57b9a85373c3cdeedb234298 HTTP/1.1" 200 91190 "https://electricalforum.nz/viewtopic.php?t=622" "Mozilla/5.0 (Macintosh; Intel Mac OS X 10_15_7) AppleWebKit/537.36 (KHTML, like Gecko) Chrome/131.0.0.0 Safari/537.36; compatible; OAI-SearchBot/1.3; +https://openai.com/searchbot"
