185.177.72.50 - - [31/Mar/2026:12:14:49 +0000] "GET /database/.env HTTP/1.1" 403 4170 "-" "Mozilla/5.0 (Windows NT 10.0; Win64; x64) AppleWebKit/537.36, Mozilla/5.0 (Windows NT 10.0; Win64; x64) AppleWebKit/537.36 (KHTML, like Gecko) Chrome/120.0.0.0 Safari/537.36"
185.177.72.50 - - [31/Mar/2026:12:14:49 +0000] "GET /db/.env HTTP/1.1" 403 4170 "-" "Mozilla/5.0 (Windows NT 10.0; Win64; x64) AppleWebKit/537.36, Mozilla/5.0 (Windows NT 10.0; Win64; x64; rv:121.0) Gecko/20100101 Firefox/121.0"
185.177.72.50 - - [31/Mar/2026:12:14:49 +0000] "GET /tmp/.env HTTP/1.1" 403 4170 "-" "Mozilla/5.0 (Windows NT 10.0; Win64; x64) AppleWebKit/537.36, Mozilla/5.0 (Windows NT 10.0; Win64; x64) AppleWebKit/537.36 (KHTML, like Gecko) Chrome/120.0.0.0 Safari/537.36"
185.177.72.50 - - [31/Mar/2026:12:14:49 +0000] "GET /backup/.env HTTP/1.1" 403 4170 "-" "Mozilla/5.0 (Windows NT 10.0; Win64; x64) AppleWebKit/537.36, Mozilla/5.0 (Windows NT 10.0; Win64; x64; rv:121.0) Gecko/20100101 Firefox/121.0"
185.177.72.50 - - [31/Mar/2026:12:14:49 +0000] "GET /local/.env HTTP/1.1" 403 4170 "-" "Mozilla/5.0 (Windows NT 10.0; Win64; x64) AppleWebKit/537.36, Mozilla/5.0 (Windows NT 10.0; Win64; x64; rv:121.0) Gecko/20100101 Firefox/121.0"
185.177.72.50 - - [31/Mar/2026:12:14:49 +0000] "GET /mail/.env HTTP/1.1" 403 4170 "-" "Mozilla/5.0 (Windows NT 10.0; Win64; x64) AppleWebKit/537.36, Mozilla/5.0 (Windows NT 10.0; Win64; x64) AppleWebKit/537.36 (KHTML, like Gecko) Chrome/120.0.0.0 Safari/537.36"
185.177.72.50 - - [31/Mar/2026:12:14:49 +0000] "GET /var/.env HTTP/1.1" 403 4170 "-" "Mozilla/5.0 (Windows NT 10.0; Win64; x64) AppleWebKit/537.36, Mozilla/5.0 (Windows NT 10.0; Win64; x64; rv:121.0) Gecko/20100101 Firefox/121.0"
185.177.72.50 - - [31/Mar/2026:12:14:49 +0000] "GET /var/.env HTTP/1.1" 403 4170 "-" "Mozilla/5.0 (Windows NT 10.0; Win64; x64) AppleWebKit/537.36, Mozilla/5.0 (Windows NT 10.0; Win64; x64) AppleWebKit/537.36 (KHTML, like Gecko) Chrome/120.0.0.0 Safari/537.36"
185.177.72.50 - - [31/Mar/2026:12:14:49 +0000] "GET /kyc/.env HTTP/1.1" 403 4170 "-" "Mozilla/5.0 (Windows NT 10.0; Win64; x64) AppleWebKit/537.36, Mozilla/5.0 (Windows NT 10.0; Win64; x64) AppleWebKit/537.36 (KHTML, like Gecko) Chrome/120.0.0.0 Safari/537.36"
185.177.72.50 - - [31/Mar/2026:12:14:49 +0000] "GET /.vscode/.env HTTP/1.1" 403 4170 "-" "Mozilla/5.0 (Windows NT 10.0; Win64; x64) AppleWebKit/537.36, Mozilla/5.0 (Windows NT 10.0; Win64; x64) AppleWebKit/537.36 (KHTML, like Gecko) Chrome/120.0.0.0 Safari/537.36"
185.177.72.50 - - [31/Mar/2026:12:14:49 +0000] "GET /storage/.env HTTP/1.1" 403 4170 "-" "Mozilla/5.0 (Windows NT 10.0; Win64; x64) AppleWebKit/537.36, Mozilla/5.0 (Windows NT 10.0; Win64; x64; rv:121.0) Gecko/20100101 Firefox/121.0"
185.177.72.50 - - [31/Mar/2026:12:14:49 +0000] "GET /v1/.env HTTP/1.1" 403 4170 "-" "Mozilla/5.0 (Windows NT 10.0; Win64; x64) AppleWebKit/537.36, Mozilla/5.0 (Windows NT 10.0; Win64; x64) AppleWebKit/537.36 (KHTML, like Gecko) Chrome/120.0.0.0 Safari/537.36"
185.177.72.50 - - [31/Mar/2026:12:14:49 +0000] "GET /node_modules/.env HTTP/1.1" 403 4170 "-" "Mozilla/5.0 (Windows NT 10.0; Win64; x64) AppleWebKit/537.36, Mozilla/5.0 (Windows NT 10.0; Win64; x64) AppleWebKit/537.36 (KHTML, like Gecko) Chrome/120.0.0.0 Safari/537.36"
185.177.72.50 - - [31/Mar/2026:12:14:49 +0000] "GET /config.env HTTP/1.1" 500 2431 "-" "Mozilla/5.0 (Windows NT 10.0; Win64; x64) AppleWebKit/537.36, Mozilla/5.0 (Windows NT 10.0; Win64; x64) AppleWebKit/537.36 (KHTML, like Gecko) Chrome/120.0.0.0 Safari/537.36"
185.177.72.50 - - [31/Mar/2026:12:14:49 +0000] "GET /api/shared/config/config.env HTTP/1.1" 500 2431 "-" "Mozilla/5.0 (Windows NT 10.0; Win64; x64) AppleWebKit/537.36, Mozilla/5.0 (Windows NT 10.0; Win64; x64) AppleWebKit/537.36 (KHTML, like Gecko) Chrome/120.0.0.0 Safari/537.36"
185.177.72.50 - - [31/Mar/2026:12:14:50 +0000] "GET /mail/.env HTTP/1.1" 403 4170 "-" "Mozilla/5.0 (Windows NT 10.0; Win64; x64) AppleWebKit/537.36, Mozilla/5.0 (Windows NT 10.0; Win64; x64; rv:121.0) Gecko/20100101 Firefox/121.0"
185.177.72.50 - - [31/Mar/2026:12:14:49 +0000] "GET /old/.env HTTP/1.1" 403 4170 "-" "Mozilla/5.0 (Windows NT 10.0; Win64; x64) AppleWebKit/537.36, Mozilla/5.0 (Windows NT 10.0; Win64; x64; rv:121.0) Gecko/20100101 Firefox/121.0"
185.177.72.50 - - [31/Mar/2026:12:14:49 +0000] "GET /config/stripe.env HTTP/1.1" 500 2431 "-" "Mozilla/5.0 (Windows NT 10.0; Win64; x64) AppleWebKit/537.36, Mozilla/5.0 (Windows NT 10.0; Win64; x64) AppleWebKit/537.36 (KHTML, like Gecko) Chrome/120.0.0.0 Safari/537.36"
185.177.72.50 - - [31/Mar/2026:12:14:49 +0000] "GET /api/config.env HTTP/1.1" 500 2431 "-" "Mozilla/5.0 (Windows NT 10.0; Win64; x64) AppleWebKit/537.36, Mozilla/5.0 (Windows NT 10.0; Win64; x64) AppleWebKit/537.36 (KHTML, like Gecko) Chrome/120.0.0.0 Safari/537.36"
185.177.72.50 - - [31/Mar/2026:12:14:50 +0000] "GET /tmp/.env HTTP/1.1" 403 4170 "-" "Mozilla/5.0 (Windows NT 10.0; Win64; x64) AppleWebKit/537.36, Mozilla/5.0 (Windows NT 10.0; Win64; x64; rv:121.0) Gecko/20100101 Firefox/121.0"
185.177.72.50 - - [31/Mar/2026:12:14:50 +0000] "GET /v1/.env HTTP/1.1" 403 4170 "-" "Mozilla/5.0 (Windows NT 10.0; Win64; x64) AppleWebKit/537.36, Mozilla/5.0 (Windows NT 10.0; Win64; x64; rv:121.0) Gecko/20100101 Firefox/121.0"
185.177.72.50 - - [31/Mar/2026:12:14:49 +0000] "GET /stripe.env HTTP/1.1" 500 2431 "-" "Mozilla/5.0 (Windows NT 10.0; Win64; x64) AppleWebKit/537.36, Mozilla/5.0 (Windows NT 10.0; Win64; x64) AppleWebKit/537.36 (KHTML, like Gecko) Chrome/120.0.0.0 Safari/537.36"
185.177.72.50 - - [31/Mar/2026:12:14:50 +0000] "GET /tests/.env HTTP/1.1" 403 4170 "-" "Mozilla/5.0 (Windows NT 10.0; Win64; x64) AppleWebKit/537.36, Mozilla/5.0 (Windows NT 10.0; Win64; x64; rv:121.0) Gecko/20100101 Firefox/121.0"
185.177.72.50 - - [31/Mar/2026:12:14:50 +0000] "GET /graphql/.env HTTP/1.1" 403 4170 "-" "Mozilla/5.0 (Windows NT 10.0; Win64; x64) AppleWebKit/537.36, Mozilla/5.0 (Windows NT 10.0; Win64; x64; rv:121.0) Gecko/20100101 Firefox/121.0"
185.177.72.50 - - [31/Mar/2026:12:14:50 +0000] "GET /v2/.env HTTP/1.1" 403 4170 "-" "Mozilla/5.0 (Windows NT 10.0; Win64; x64) AppleWebKit/537.36, Mozilla/5.0 (Windows NT 10.0; Win64; x64) AppleWebKit/537.36 (KHTML, like Gecko) Chrome/120.0.0.0 Safari/537.36"
185.177.72.50 - - [31/Mar/2026:12:14:51 +0000] "GET /database/.env HTTP/1.1" 403 4170 "-" "Mozilla/5.0 (Windows NT 10.0; Win64; x64) AppleWebKit/537.36, Mozilla/5.0 (Windows NT 10.0; Win64; x64; rv:121.0) Gecko/20100101 Firefox/121.0"
185.177.72.50 - - [31/Mar/2026:12:14:51 +0000] "GET /database/.env HTTP/1.1" 403 4170 "-" "Mozilla/5.0 (Windows NT 10.0; Win64; x64) AppleWebKit/537.36, Mozilla/5.0 (Windows NT 10.0; Win64; x64) AppleWebKit/537.36 (KHTML, like Gecko) Chrome/120.0.0.0 Safari/537.36"
185.177.72.50 - - [31/Mar/2026:12:14:50 +0000] "GET /api/shared/config.env HTTP/1.1" 500 2431 "-" "Mozilla/5.0 (Windows NT 10.0; Win64; x64) AppleWebKit/537.36, Mozilla/5.0 (Windows NT 10.0; Win64; x64) AppleWebKit/537.36 (KHTML, like Gecko) Chrome/120.0.0.0 Safari/537.36"
185.177.72.50 - - [31/Mar/2026:12:14:51 +0000] "GET /storage/.env HTTP/1.1" 403 4170 "-" "Mozilla/5.0 (Windows NT 10.0; Win64; x64) AppleWebKit/537.36, Mozilla/5.0 (Windows NT 10.0; Win64; x64; rv:121.0) Gecko/20100101 Firefox/121.0"
185.177.72.50 - - [31/Mar/2026:12:14:51 +0000] "GET /tests/.env HTTP/1.1" 403 4170 "-" "Mozilla/5.0 (Windows NT 10.0; Win64; x64) AppleWebKit/537.36, Mozilla/5.0 (Windows NT 10.0; Win64; x64) AppleWebKit/537.36 (KHTML, like Gecko) Chrome/120.0.0.0 Safari/537.36"
185.177.72.50 - - [31/Mar/2026:12:14:51 +0000] "GET /.circleci/stripe.env HTTP/1.1" 500 2431 "-" "Mozilla/5.0 (Windows NT 10.0; Win64; x64) AppleWebKit/537.36, Mozilla/5.0 (Windows NT 10.0; Win64; x64) AppleWebKit/537.36 (KHTML, like Gecko) Chrome/120.0.0.0 Safari/537.36"
185.177.72.50 - - [31/Mar/2026:12:14:51 +0000] "GET /node_modules/.env HTTP/1.1" 403 4170 "-" "Mozilla/5.0 (Windows NT 10.0; Win64; x64) AppleWebKit/537.36, Mozilla/5.0 (Windows NT 10.0; Win64; x64) AppleWebKit/537.36 (KHTML, like Gecko) Chrome/120.0.0.0 Safari/537.36"
185.177.72.50 - - [31/Mar/2026:12:14:51 +0000] "GET /config/stripe.env HTTP/1.1" 500 2431 "-" "Mozilla/5.0 (Windows NT 10.0; Win64; x64) AppleWebKit/537.36, Mozilla/5.0 (Windows NT 10.0; Win64; x64) AppleWebKit/537.36 (KHTML, like Gecko) Chrome/120.0.0.0 Safari/537.36"
185.177.72.50 - - [31/Mar/2026:12:14:51 +0000] "GET /api/shared/config/config.env HTTP/1.1" 500 2431 "-" "Mozilla/5.0 (Windows NT 10.0; Win64; x64) AppleWebKit/537.36, Mozilla/5.0 (Windows NT 10.0; Win64; x64) AppleWebKit/537.36 (KHTML, like Gecko) Chrome/120.0.0.0 Safari/537.36"
185.177.72.50 - - [31/Mar/2026:12:14:51 +0000] "GET /api/shared/config.env HTTP/1.1" 500 2431 "-" "Mozilla/5.0 (Windows NT 10.0; Win64; x64) AppleWebKit/537.36, Mozilla/5.0 (Windows NT 10.0; Win64; x64) AppleWebKit/537.36 (KHTML, like Gecko) Chrome/120.0.0.0 Safari/537.36"
185.177.72.50 - - [31/Mar/2026:12:14:52 +0000] "GET /tmp/.env HTTP/1.1" 403 4170 "-" "Mozilla/5.0 (Windows NT 10.0; Win64; x64) AppleWebKit/537.36, Mozilla/5.0 (Windows NT 10.0; Win64; x64) AppleWebKit/537.36 (KHTML, like Gecko) Chrome/120.0.0.0 Safari/537.36"
185.177.72.50 - - [31/Mar/2026:12:14:52 +0000] "GET /kyc/.env HTTP/1.1" 403 4170 "-" "Mozilla/5.0 (Windows NT 10.0; Win64; x64) AppleWebKit/537.36, Mozilla/5.0 (Windows NT 10.0; Win64; x64) AppleWebKit/537.36 (KHTML, like Gecko) Chrome/120.0.0.0 Safari/537.36"
185.177.72.50 - - [31/Mar/2026:12:14:53 +0000] "GET /.vscode/.env HTTP/1.1" 403 4170 "-" "Mozilla/5.0 (Windows NT 10.0; Win64; x64) AppleWebKit/537.36, Mozilla/5.0 (Windows NT 10.0; Win64; x64) AppleWebKit/537.36 (KHTML, like Gecko) Chrome/120.0.0.0 Safari/537.36"
185.177.72.50 - - [31/Mar/2026:12:14:53 +0000] "GET /stripe.env HTTP/1.1" 500 2431 "-" "Mozilla/5.0 (Windows NT 10.0; Win64; x64) AppleWebKit/537.36, Mozilla/5.0 (Windows NT 10.0; Win64; x64) AppleWebKit/537.36 (KHTML, like Gecko) Chrome/120.0.0.0 Safari/537.36"
43.173.175.220 - - [31/Mar/2026:12:17:43 +0000] "GET /tag/auto-dismantlers/ HTTP/1.1" 500 2431 "-" "Mozilla/5.0 (Windows NT 10.0; Win64; x64) AppleWebKit/537.36 (KHTML, like Gecko) Chrome/105.0.0.0 Safari/537.3"
43.173.177.121 - - [31/Mar/2026:12:17:45 +0000] "GET /tag/auto-dismantlers/ HTTP/1.1" 500 2431 "-" "Mozilla/5.0 (Windows NT 10.0; Win64; x64) AppleWebKit/537.36 (KHTML, like Gecko) Chrome/105.0.0.0 Safari/537.3"
45.79.238.235 - - [31/Mar/2026:12:17:50 +0000] "POST /wp-cron.php?doing_wp_cron=1774959470.2017800807952880859375 HTTP/1.1" 200 - "-" "WordPress/6.9.4; https://www.fairautodismantler.nz"
43.173.176.27 - - [31/Mar/2026:12:16:51 +0000] "GET /tag/auto-dismantlers/ HTTP/1.1" 200 54229 "-" "Mozilla/5.0 (Windows NT 10.0; Win64; x64) AppleWebKit/537.36 (KHTML, like Gecko) Chrome/107.0.0.0 Safari/537.36"
45.79.238.235 - - [31/Mar/2026:13:21:38 +0000] "POST /wp-cron.php?doing_wp_cron=1774963298.2840650081634521484375 HTTP/1.1" 200 - "-" "WordPress/6.9.4; https://www.fairautodismantler.nz"
111.90.182.134 - - [31/Mar/2026:13:21:37 +0000] "GET / HTTP/1.1" 301 - "-" "Mozilla/5.0 (Windows NT 10.0; Win64; x64) AppleWebKit/537.36 (KHTML, like Gecko) Chrome/146.0.0.0 Safari/537.36"
111.90.182.134 - - [31/Mar/2026:13:21:39 +0000] "GET / HTTP/1.1" 200 59391 "-" "Mozilla/5.0 (Windows NT 10.0; Win64; x64) AppleWebKit/537.36 (KHTML, like Gecko) Chrome/146.0.0.0 Safari/537.36"
111.90.182.134 - - [31/Mar/2026:13:21:41 +0000] "GET /wp-content/themes/construction-landing-page/images/bg-arrow2.png HTTP/1.1" 200 3297 "https://www.fairautodismantler.nz/wp-content/themes/construction-landing-page/css/responsive.min.css?ver=6.9.4" "Mozilla/5.0 (Windows NT 10.0; Win64; x64) AppleWebKit/537.36 (KHTML, like Gecko) Chrome/146.0.0.0 Safari/537.36"
205.210.31.173 - - [31/Mar/2026:13:25:56 +0000] "GET / HTTP/1.1" 200 59391 "http://fairautodismantler.nz/" "Hello from Palo Alto Networks, find out more about our scans in https://docs-cortex.paloaltonetworks.com/r/1/Cortex-Xpanse/Scanning-activity"
45.79.238.235 - - [31/Mar/2026:14:09:26 +0000] "POST /wp-cron.php?doing_wp_cron=1774966166.1957581043243408203125 HTTP/1.1" 200 - "-" "WordPress/6.9.4; https://www.fairautodismantler.nz"
2a14:7c1:400::1 - - [31/Mar/2026:14:09:25 +0000] "GET /.env HTTP/1.1" 301 - "-" "Mozilla/5.0 (Windows NT 10.0; Win64; x64) AppleWebKit/537.36 (KHTML, like Gecko) Chrome/134.0.0.0 Safari/537.3"
2a14:7c1:400::1 - - [31/Mar/2026:14:09:26 +0000] "GET /.env HTTP/1.1" 404 44797 "-" "Mozilla/5.0 (Windows NT 10.0; Win64; x64) AppleWebKit/537.36 (KHTML, like Gecko) Chrome/134.0.0.0 Safari/537.3"
45.79.238.235 - - [31/Mar/2026:14:40:27 +0000] "POST /wp-cron.php?doing_wp_cron=1774968027.3002729415893554687500 HTTP/1.1" 200 - "-" "WordPress/6.9.4; https://www.fairautodismantler.nz"
198.235.24.153 - - [31/Mar/2026:14:40:26 +0000] "GET / HTTP/1.1" 301 - "-" "Hello from Palo Alto Networks, find out more about our scans in https://docs-cortex.paloaltonetworks.com/r/1/Cortex-Xpanse/Scanning-activity"
198.235.24.153 - - [31/Mar/2026:14:40:28 +0000] "GET / HTTP/1.1" 200 59391 "-" "Hello from Palo Alto Networks, find out more about our scans in https://docs-cortex.paloaltonetworks.com/r/1/Cortex-Xpanse/Scanning-activity"
104.164.216.53 - - [31/Mar/2026:14:40:34 +0000] "GET / HTTP/1.1" 301 - "-" "Mozilla/5.0 (Windows NT 10.0; Win64; x64) AppleWebKit/537.36 (KHTML, like Gecko) Chrome/134.0.6998.35/36 Safari/537.36"
104.164.216.53 - - [31/Mar/2026:14:40:35 +0000] "GET / HTTP/1.1" 200 59391 "-" "Mozilla/5.0 (Windows NT 10.0; Win64; x64) AppleWebKit/537.36 (KHTML, like Gecko) Chrome/134.0.6998.35/36 Safari/537.36"
45.79.238.235 - - [31/Mar/2026:15:03:04 +0000] "POST /wp-cron.php?doing_wp_cron=1774969384.6102020740509033203125 HTTP/1.1" 200 - "-" "WordPress/6.9.4; https://www.fairautodismantler.nz"
2a01:4f8:1c1f:991c::1 - - [31/Mar/2026:15:03:04 +0000] "GET /@fs/etc/passwd?raw?? HTTP/1.1" 301 - "-" "Mozilla/5.0 (Macintosh; Intel Mac OS X 14_2_1) AppleWebKit/537.36 (KHTML, like Gecko) Chrome/131.0.0.0 Safari/537.36 Vivaldi/6.5.3206.50"
2a01:4f8:1c1f:991c::1 - - [31/Mar/2026:15:03:05 +0000] "GET /@fs/etc/passwd?raw?? HTTP/1.1" 404 44797 "https://fairautodismantler.nz/@fs/etc/passwd?raw??" "Mozilla/5.0 (Macintosh; Intel Mac OS X 14_2_1) AppleWebKit/537.36 (KHTML, like Gecko) Chrome/131.0.0.0 Safari/537.36 Vivaldi/6.5.3206.50"
2a01:4f8:1c1f:991c::1 - - [31/Mar/2026:15:03:05 +0000] "GET /@fs/etc/passwd?import&raw?? HTTP/1.1" 301 - "https://chat.openai.com/" "Mozilla/5.0 (Macintosh; Intel Mac OS X 14_2_1) AppleWebKit/537.36 (KHTML, like Gecko) Chrome/131.0.0.0 Safari/537.36 Vivaldi/6.5.3206.50"
2a01:4f8:1c1f:991c::1 - - [31/Mar/2026:15:03:06 +0000] "GET /@fs/etc/passwd?import&raw?? HTTP/1.1" 404 44797 "https://chat.openai.com/" "Mozilla/5.0 (Macintosh; Intel Mac OS X 14_2_1) AppleWebKit/537.36 (KHTML, like Gecko) Chrome/131.0.0.0 Safari/537.36 Vivaldi/6.5.3206.50"
2a01:4f8:1c1f:991c::1 - - [31/Mar/2026:15:03:06 +0000] "GET /etc/passwd?raw?? HTTP/1.1" 301 - "-" "Mozilla/5.0 (Macintosh; Intel Mac OS X 14_2_1) AppleWebKit/537.36 (KHTML, like Gecko) Chrome/131.0.0.0 Safari/537.36 Vivaldi/6.5.3206.50"
2a01:4f8:1c1f:991c::1 - - [31/Mar/2026:15:03:07 +0000] "GET /etc/passwd?raw?? HTTP/1.1" 404 44797 "https://fairautodismantler.nz/etc/passwd?raw??" "Mozilla/5.0 (Macintosh; Intel Mac OS X 14_2_1) AppleWebKit/537.36 (KHTML, like Gecko) Chrome/131.0.0.0 Safari/537.36 Vivaldi/6.5.3206.50"
2a01:4f8:1c1f:991c::1 - - [31/Mar/2026:15:03:08 +0000] "GET /.git/config HTTP/1.1" 301 - "-" "Mozilla/5.0 (Macintosh; Intel Mac OS X 14_2_1) AppleWebKit/537.36 (KHTML, like Gecko) Chrome/131.0.0.0 Safari/537.36 Vivaldi/6.5.3206.50"
2a01:4f8:1c1f:991c::1 - - [31/Mar/2026:15:03:08 +0000] "GET /.git/config HTTP/1.1" 404 44797 "https://fairautodismantler.nz/.git/config" "Mozilla/5.0 (Macintosh; Intel Mac OS X 14_2_1) AppleWebKit/537.36 (KHTML, like Gecko) Chrome/131.0.0.0 Safari/537.36 Vivaldi/6.5.3206.50"
45.84.107.174 - - [31/Mar/2026:15:07:56 +0000] "GET / HTTP/1.1" 301 1 "-" "Mozilla/5.0 (Linux; Android 10; K) AppleWebKit/537.36 (KHTML, like Gecko) Chrome/144.0.0.0 Mobile Safari/537.36"
43.153.96.79 - - [31/Mar/2026:15:08:16 +0000] "GET / HTTP/1.1" 200 59391 "http://www.fairautodismantler.nz" "Mozilla/5.0 (iPhone; CPU iPhone OS 13_2_3 like Mac OS X) AppleWebKit/605.1.15 (KHTML, like Gecko) Version/13.0.3 Mobile/15E148 Safari/604.1"
43.153.87.54 - - [31/Mar/2026:15:09:26 +0000] "GET / HTTP/1.1" 200 59391 "http://fairautodismantler.nz" "Mozilla/5.0 (iPhone; CPU iPhone OS 13_2_3 like Mac OS X) AppleWebKit/605.1.15 (KHTML, like Gecko) Version/13.0.3 Mobile/15E148 Safari/604.1"
205.210.31.8 - - [31/Mar/2026:15:19:28 +0000] "GET / HTTP/1.1" 200 59391 "http://www.fairautodismantler.nz/" "Hello from Palo Alto Networks, find out more about our scans in https://docs-cortex.paloaltonetworks.com/r/1/Cortex-Xpanse/Scanning-activity"
152.42.141.218 - - [31/Mar/2026:15:39:48 +0000] "GET / HTTP/1.1" 301 - "-" "Mozilla/5.0 (X11; Linux x86_64) AppleWebKit/537.36 (KHTML, like Gecko) Chrome/142.0.0.0 Safari/537.36"
20.196.201.163 - - [31/Mar/2026:16:30:53 +0000] "GET /.well-known/ HTTP/1.1" 200 978 "-" "Mozilla/5.0 (Windows NT 10.0; Win64; x64) AppleWebKit/537.36 (KHTML, like Gecko) Chrome/120.0.0.0 Safari/537.36"
46.105.46.43 - - [31/Mar/2026:16:43:24 +0000] "GET /robots.txt HTTP/1.1" 200 267 "-" "Mozilla/5.0 (compatible; MJ12bot/v2.0.5; http://mj12bot.com/)"
45.79.238.235 - - [31/Mar/2026:16:43:25 +0000] "POST /wp-cron.php?doing_wp_cron=1774975405.4974229335784912109375 HTTP/1.1" 200 - "-" "WordPress/6.9.4; https://www.fairautodismantler.nz"
46.105.46.43 - - [31/Mar/2026:16:43:24 +0000] "GET / HTTP/1.1" 301 - "-" "Mozilla/5.0 (compatible; MJ12bot/v2.0.5; http://mj12bot.com/)"
46.105.46.43 - - [31/Mar/2026:16:43:26 +0000] "GET / HTTP/1.1" 200 59219 "-" "Mozilla/5.0 (compatible; MJ12bot/v2.0.5; http://mj12bot.com/)"
54.250.53.16 - - [31/Mar/2026:17:00:18 +0000] "GET / HTTP/1.1" 200 59391 "http://fairautodismantler.nz" "Mozilla/5.0 (Windows NT 10.0; Win64; x64) AppleWebKit/537.36 (KHTML, like Gecko) Chrome/120.0.0.0 Safari/537.36"
178.16.53.216 - - [31/Mar/2026:17:03:40 +0000] "GET /wp-admin/ HTTP/1.1" 302 - "https://www.bing.com/" "Mozilla/5.0 (X11; Linux x86_64) AppleWebKit/537.36 (KHTML, like Gecko) Chrome/119.0.0.0 Safari/537.36"
4.205.39.97 - - [31/Mar/2026:17:28:43 +0000] "GET /wp-content/themes/seotheme/db.php?u HTTP/1.1" 301 1 "www.google.com" "Mozlila/5.0 (Linux; Android 7.0; SM-G892A Bulid/NRD90M; wv) AppleWebKit/537.36 (KHTML, like Gecko) Version/4.0 Chrome/60.0.3112.107 Moblie Safari/537.36"
4.205.39.97 - - [31/Mar/2026:17:28:43 +0000] "GET /wp-content/themes/seotheme/db.php?u HTTP/1.1" 404 41238 "www.google.com" "Mozlila/5.0 (Linux; Android 7.0; SM-G892A Bulid/NRD90M; wv) AppleWebKit/537.36 (KHTML, like Gecko) Version/4.0 Chrome/60.0.3112.107 Moblie Safari/537.36"
146.70.138.207 - - [31/Mar/2026:18:18:30 +0000] "POST / HTTP/1.1" 200 59244 "-" "Mozilla/5.0 (Macintosh; Intel Mac OS X 10_10_1) AppleWebKit/537.36 (KHTML, like Gecko) Chrome/39.0.2171.95 Safari/537.36"
146.70.138.207 - - [31/Mar/2026:18:18:32 +0000] "GET /.env HTTP/1.1" 301 - "-" "Mozilla/5.0 (Macintosh; Intel Mac OS X 10_10_1) AppleWebKit/537.36 (KHTML, like Gecko) Chrome/39.0.2171.95 Safari/537.36"
146.70.138.207 - - [31/Mar/2026:18:18:33 +0000] "GET /.env HTTP/1.1" 404 44797 "-" "Mozilla/5.0 (Macintosh; Intel Mac OS X 10_10_1) AppleWebKit/537.36 (KHTML, like Gecko) Chrome/39.0.2171.95 Safari/537.36"
146.70.138.207 - - [31/Mar/2026:18:18:36 +0000] "GET /fairautodismantler.nz/.env HTTP/1.1" 301 - "-" "Mozilla/5.0 (Macintosh; Intel Mac OS X 10_10_1) AppleWebKit/537.36 (KHTML, like Gecko) Chrome/39.0.2171.95 Safari/537.36"
146.70.138.207 - - [31/Mar/2026:18:18:37 +0000] "GET /fairautodismantler.nz/.env HTTP/1.1" 404 44797 "-" "Mozilla/5.0 (Macintosh; Intel Mac OS X 10_10_1) AppleWebKit/537.36 (KHTML, like Gecko) Chrome/39.0.2171.95 Safari/537.36"
146.70.138.207 - - [31/Mar/2026:18:18:40 +0000] "GET /vendor/.env HTTP/1.1" 301 - "-" "Mozilla/5.0 (Macintosh; Intel Mac OS X 10_10_1) AppleWebKit/537.36 (KHTML, like Gecko) Chrome/39.0.2171.95 Safari/537.36"
146.70.138.207 - - [31/Mar/2026:18:18:41 +0000] "GET /vendor/.env HTTP/1.1" 404 44797 "-" "Mozilla/5.0 (Macintosh; Intel Mac OS X 10_10_1) AppleWebKit/537.36 (KHTML, like Gecko) Chrome/39.0.2171.95 Safari/537.36"
146.70.138.207 - - [31/Mar/2026:18:18:44 +0000] "GET /fairautodismantler.nz/.env HTTP/1.1" 301 - "-" "Mozilla/5.0 (Macintosh; Intel Mac OS X 10_10_1) AppleWebKit/537.36 (KHTML, like Gecko) Chrome/39.0.2171.95 Safari/537.36"
146.70.138.207 - - [31/Mar/2026:18:18:45 +0000] "GET /fairautodismantler.nz/.env HTTP/1.1" 404 44797 "-" "Mozilla/5.0 (Macintosh; Intel Mac OS X 10_10_1) AppleWebKit/537.36 (KHTML, like Gecko) Chrome/39.0.2171.95 Safari/537.36"
146.70.138.207 - - [31/Mar/2026:18:18:48 +0000] "GET /admin/.env HTTP/1.1" 301 - "-" "Mozilla/5.0 (Macintosh; Intel Mac OS X 10_10_1) AppleWebKit/537.36 (KHTML, like Gecko) Chrome/39.0.2171.95 Safari/537.36"
146.70.138.207 - - [31/Mar/2026:18:18:49 +0000] "GET /admin/.env HTTP/1.1" 404 44797 "-" "Mozilla/5.0 (Macintosh; Intel Mac OS X 10_10_1) AppleWebKit/537.36 (KHTML, like Gecko) Chrome/39.0.2171.95 Safari/537.36"
146.70.138.207 - - [31/Mar/2026:18:18:52 +0000] "GET /fairautodismantler.nz/.env HTTP/1.1" 301 - "-" "Mozilla/5.0 (Macintosh; Intel Mac OS X 10_10_1) AppleWebKit/537.36 (KHTML, like Gecko) Chrome/39.0.2171.95 Safari/537.36"
146.70.138.207 - - [31/Mar/2026:18:18:53 +0000] "GET /fairautodismantler.nz/.env HTTP/1.1" 404 44797 "-" "Mozilla/5.0 (Macintosh; Intel Mac OS X 10_10_1) AppleWebKit/537.36 (KHTML, like Gecko) Chrome/39.0.2171.95 Safari/537.36"
146.70.138.207 - - [31/Mar/2026:18:18:54 +0000] "GET /vendor/phpunit/phpunit/src/Util/PHP/eval-stdin.php HTTP/1.1" 301 - "-" "Mozilla/5.0 (Macintosh; Intel Mac OS X 10_10_1) AppleWebKit/537.36 (KHTML, like Gecko) Chrome/39.0.2171.95 Safari/537.36"
146.70.138.207 - - [31/Mar/2026:18:18:55 +0000] "GET /vendor/phpunit/phpunit/src/Util/PHP/eval-stdin.php HTTP/1.1" 404 44797 "-" "Mozilla/5.0 (Macintosh; Intel Mac OS X 10_10_1) AppleWebKit/537.36 (KHTML, like Gecko) Chrome/39.0.2171.95 Safari/537.36"
136.109.133.141 - - [31/Mar/2026:18:28:15 +0000] "GET / HTTP/1.1" 200 59391 "http://fairautodismantler.nz/" "Mozilla/5.0 (Windows NT 10.0; Win64; x64; rv:127.0) Gecko/20100101 Firefox/127.0"
45.79.238.235 - - [31/Mar/2026:19:41:48 +0000] "POST /wp-cron.php?doing_wp_cron=1774986108.5265119075775146484375 HTTP/1.1" 200 - "-" "WordPress/6.9.4; https://www.fairautodismantler.nz"
2a02:26f7:f400:5301:0:4000:0:6 - - [31/Mar/2026:19:41:47 +0000] "GET / HTTP/1.1" 301 - "-" "Mozilla/5.0 (Macintosh; Intel Mac OS X 10_15_7) AppleWebKit/605.1.15 (KHTML, like Gecko) Version/18.6 Safari/605.1.15"
2a02:26f7:f400:5301:0:4000:0:6 - - [31/Mar/2026:19:41:48 +0000] "GET / HTTP/1.1" 200 59391 "-" "Mozilla/5.0 (Macintosh; Intel Mac OS X 10_15_7) AppleWebKit/605.1.15 (KHTML, like Gecko) Version/18.6 Safari/605.1.15"
98.91.223.0 - - [31/Mar/2026:19:45:45 +0000] "GET / HTTP/1.1" 200 59391 "http://www.panjoy.com/" "Mozilla/5.0 (Windows NT 6.3; Win64; x64) AppleWebKit/537.36 (KHTML, like Gecko) Chrome/96.0.4664.45 Safari/537.36"
98.91.223.0 - - [31/Mar/2026:19:45:46 +0000] "GET /wp-content/themes/construction-landing-page/js/jquery.matchHeight.min.js?ver=1.0.0 HTTP/1.1" 200 4976 "http://www.panjoy.com/" "Mozilla/5.0 (Windows NT 6.3; Win64; x64) AppleWebKit/537.36 (KHTML, like Gecko) Chrome/96.0.4664.45 Safari/537.36"
98.91.223.0 - - [31/Mar/2026:19:45:48 +0000] "GET /wp-content/plugins/contact-form-7/images/ajax-loader.gif HTTP/1.1" 200 847 "http://www.panjoy.com/" "Mozilla/5.0 (Windows NT 6.3; Win64; x64) AppleWebKit/537.36 (KHTML, like Gecko) Chrome/96.0.4664.45 Safari/537.36"
98.91.223.0 - - [31/Mar/2026:19:45:48 +0000] "GET /wp-content/uploads/2016/12/Servicing-photo-360x276.jpg HTTP/1.1" 200 22632 "http://www.panjoy.com/" "Mozilla/5.0 (Windows NT 6.3; Win64; x64) AppleWebKit/537.36 (KHTML, like Gecko) Chrome/96.0.4664.45 Safari/537.36"
100.24.28.216 - - [31/Mar/2026:19:45:52 +0000] "GET / HTTP/1.1" 301 - "http://merobase.com/" "Mozilla/5.0 (X11; Linux x86_64) AppleWebKit/537.36 (KHTML, like Gecko) Chrome/96.0.4664.93 Safari/537.36"
100.24.28.216 - - [31/Mar/2026:19:45:59 +0000] "GET / HTTP/1.1" 301 - "http://merobase.com/" "Mozilla/5.0 (X11; Linux x86_64) AppleWebKit/537.36 (KHTML, like Gecko) Chrome/96.0.4664.93 Safari/537.36"
100.24.28.216 - - [31/Mar/2026:19:46:11 +0000] "GET / HTTP/1.1" 301 - "http://merobase.com/" "Mozilla/5.0 (X11; Linux x86_64) AppleWebKit/537.36 (KHTML, like Gecko) Chrome/96.0.4664.93 Safari/537.36"
2001:4860:7:80b::f4 - - [31/Mar/2026:19:53:40 +0000] "GET / HTTP/1.1" 200 59391 "https://www.google.com/" "Mozilla/5.0 (Windows NT 10.0; Win64; x64) AppleWebKit/537.36 (KHTML, like Gecko) Chrome/146.0.0.0 Safari/537.36"
45.79.238.235 - - [31/Mar/2026:19:53:42 +0000] "POST /wp-cron.php?doing_wp_cron=1774986821.8837308883666992187500 HTTP/1.1" 200 - "-" "WordPress/6.9.4; https://www.fairautodismantler.nz"
64.233.173.194 - - [31/Mar/2026:19:53:40 +0000] "GET /.well-known/traffic-advice HTTP/1.1" 404 44797 "-" "Chrome Privacy Preserving Prefetch Proxy"
45.79.238.235 - - [31/Mar/2026:20:07:56 +0000] "POST /wp-cron.php?doing_wp_cron=1774987676.5798900127410888671875 HTTP/1.1" 200 - "-" "WordPress/6.9.4; https://www.fairautodismantler.nz"
17.246.23.99 - - [31/Mar/2026:20:07:55 +0000] "GET /2016/12/ HTTP/1.1" 200 57167 "-" "Mozilla/5.0 (Macintosh; Intel Mac OS X 10_15_7) AppleWebKit/605.1.15 (KHTML, like Gecko) Version/17.4 Safari/605.1.15 (Applebot/0.1; +http://www.apple.com/go/applebot)"
17.246.23.184 - - [31/Mar/2026:20:14:19 +0000] "GET /wp-content/plugins/quick-call-button/assets/js/drag-quick-call-button.js?ver=1.2.1 HTTP/1.1" 200 357 "https://www.fairautodismantler.nz/2016/12/" "Mozilla/5.0 (Macintosh; Intel Mac OS X 10_15_7) AppleWebKit/605.1.15 (KHTML, like Gecko) Version/17.4 Safari/605.1.15 (Applebot/0.1; +http://www.apple.com/go/applebot)"
45.79.238.235 - - [31/Mar/2026:20:51:25 +0000] "POST /wp-cron.php?doing_wp_cron=1774990284.5232460498809814453125 HTTP/1.1" 200 - "-" "WordPress/6.9.4; https://www.fairautodismantler.nz"
195.211.77.141 - - [31/Mar/2026:20:51:23 +0000] "GET / HTTP/1.1" 301 - "-" "Mozilla/5.0 (Windows NT 10.0; Win64; x64) AppleWebKit/537.36 (KHTML, like Gecko) Chrome/108.0.0.0 Safari/537.36"
195.211.77.141 - - [31/Mar/2026:20:51:54 +0000] "GET / HTTP/1.1" 301 - "-" "Mozilla/5.0 (Windows NT 10.0; Win64; x64) AppleWebKit/537.36 (KHTML, like Gecko) Chrome/108.0.0.0 Safari/537.36"
43.135.145.117 - - [31/Mar/2026:21:46:45 +0000] "GET / HTTP/1.1" 200 44896 "http://www.fairautodismantler.nz" "Mozilla/5.0 (iPhone; CPU iPhone OS 13_2_3 like Mac OS X) AppleWebKit/605.1.15 (KHTML, like Gecko) Version/13.0.3 Mobile/15E148 Safari/604.1"
43.163.104.54 - - [31/Mar/2026:21:47:45 +0000] "GET / HTTP/1.1" 200 44896 "http://fairautodismantler.nz" "Mozilla/5.0 (iPhone; CPU iPhone OS 13_2_3 like Mac OS X) AppleWebKit/605.1.15 (KHTML, like Gecko) Version/13.0.3 Mobile/15E148 Safari/604.1"
111.90.182.134 - - [31/Mar/2026:21:53:57 +0000] "GET / HTTP/1.1" 301 - "-" "Mozilla/5.0 (Windows NT 10.0; Win64; x64) AppleWebKit/537.36 (KHTML, like Gecko) Chrome/146.0.0.0 Safari/537.36"
111.90.182.134 - - [31/Mar/2026:21:53:58 +0000] "GET / HTTP/1.1" 200 44896 "-" "Mozilla/5.0 (Windows NT 10.0; Win64; x64) AppleWebKit/537.36 (KHTML, like Gecko) Chrome/146.0.0.0 Safari/537.36"
45.79.238.235 - - [31/Mar/2026:22:01:40 +0000] "POST /wp-cron.php?doing_wp_cron=1774994500.1014690399169921875000 HTTP/1.1" 200 - "-" "WordPress/6.9.4; https://www.fairautodismantler.nz"
62.60.130.228 - - [31/Mar/2026:22:01:39 +0000] "GET /wp-admin/ HTTP/1.1" 302 - "https://twitter.com/" "Mozilla/5.0 (Macintosh; Intel Mac OS X 12_6_2) AppleWebKit/605.1.15 (KHTML, like Gecko) Version/17.0 Safari/605.1.15"
178.156.229.216 - - [31/Mar/2026:22:02:40 +0000] "GET / HTTP/1.1" 301 - "-" "Mozilla/5.0 (Macintosh; Intel Mac OS X 10_15_7) AppleWebKit/605.1.15 (KHTML, like Gecko) Version/18.0 Safari/605.1.15"
178.156.229.216 - - [31/Mar/2026:22:02:40 +0000] "GET / HTTP/1.1" 200 44896 "-" "Mozilla/5.0 (Macintosh; Intel Mac OS X 10_15_7) AppleWebKit/605.1.15 (KHTML, like Gecko) Version/18.0 Safari/605.1.15"
178.156.229.216 - - [31/Mar/2026:22:02:57 +0000] "GET / HTTP/1.1" 301 - "-" "Mozilla/5.0 (Macintosh; Intel Mac OS X 10_15_7) AppleWebKit/605.1.15 (KHTML, like Gecko) Version/18.0 Safari/605.1.15"
178.156.229.216 - - [31/Mar/2026:22:02:58 +0000] "GET / HTTP/1.1" 200 44896 "-" "Mozilla/5.0 (Macintosh; Intel Mac OS X 10_15_7) AppleWebKit/605.1.15 (KHTML, like Gecko) Version/18.0 Safari/605.1.15"
178.156.229.216 - - [31/Mar/2026:22:08:12 +0000] "GET / HTTP/1.1" 301 - "-" "Mozilla/5.0 (Macintosh; Intel Mac OS X 10_15_7) AppleWebKit/605.1.15 (KHTML, like Gecko) Version/18.0 Safari/605.1.15"
178.156.229.216 - - [31/Mar/2026:22:08:14 +0000] "GET / HTTP/1.1" 200 44896 "-" "Mozilla/5.0 (Macintosh; Intel Mac OS X 10_15_7) AppleWebKit/605.1.15 (KHTML, like Gecko) Version/18.0 Safari/605.1.15"
178.156.249.178 - - [31/Mar/2026:22:08:15 +0000] "GET / HTTP/1.1" 301 - "-" "Mozilla/5.0 (Macintosh; Intel Mac OS X 10_15_7) AppleWebKit/605.1.15 (KHTML, like Gecko) Version/18.0 Safari/605.1.15"
45.79.238.235 - - [31/Mar/2026:22:30:50 +0000] "POST /wp-cron.php?doing_wp_cron=1774996250.6686799526214599609375 HTTP/1.1" 200 - "-" "WordPress/6.9.4; https://www.fairautodismantler.nz"
43.165.67.57 - - [31/Mar/2026:22:30:50 +0000] "GET /2019/04/13/car-removals/ HTTP/1.1" 200 47456 "-" "Mozilla/5.0 (iPhone; CPU iPhone OS 13_2_3 like Mac OS X) AppleWebKit/605.1.15 (KHTML, like Gecko) Version/13.0.3 Mobile/15E148 Safari/604.1"
178.156.249.178 - - [31/Mar/2026:22:31:04 +0000] "GET / HTTP/1.1" 301 - "-" "Mozilla/5.0 (Macintosh; Intel Mac OS X 10_15_7) AppleWebKit/605.1.15 (KHTML, like Gecko) Version/18.0 Safari/605.1.15"
178.156.249.178 - - [31/Mar/2026:22:31:05 +0000] "GET / HTTP/1.1" 200 59391 "-" "Mozilla/5.0 (Macintosh; Intel Mac OS X 10_15_7) AppleWebKit/605.1.15 (KHTML, like Gecko) Version/18.0 Safari/605.1.15"
178.156.249.178 - - [31/Mar/2026:22:31:13 +0000] "GET / HTTP/1.1" 301 - "-" "Mozilla/5.0 (Macintosh; Intel Mac OS X 10_15_7) AppleWebKit/605.1.15 (KHTML, like Gecko) Version/18.0 Safari/605.1.15"
178.156.249.178 - - [31/Mar/2026:22:31:14 +0000] "GET / HTTP/1.1" 200 59391 "-" "Mozilla/5.0 (Macintosh; Intel Mac OS X 10_15_7) AppleWebKit/605.1.15 (KHTML, like Gecko) Version/18.0 Safari/605.1.15"
45.79.238.235 - - [31/Mar/2026:22:38:05 +0000] "POST /wp-cron.php?doing_wp_cron=1774996684.9639370441436767578125 HTTP/1.1" 200 - "-" "WordPress/6.9.4; https://www.fairautodismantler.nz"
178.156.226.52 - - [31/Mar/2026:22:38:04 +0000] "GET / HTTP/1.1" 301 - "-" "Mozilla/5.0 (Macintosh; Intel Mac OS X 10_15_7) AppleWebKit/605.1.15 (KHTML, like Gecko) Version/18.0 Safari/605.1.15"
178.156.226.52 - - [31/Mar/2026:22:38:06 +0000] "GET / HTTP/1.1" 200 59391 "-" "Mozilla/5.0 (Macintosh; Intel Mac OS X 10_15_7) AppleWebKit/605.1.15 (KHTML, like Gecko) Version/18.0 Safari/605.1.15"
45.79.238.235 - - [31/Mar/2026:22:40:59 +0000] "POST /wp-cron.php?doing_wp_cron=1774996859.2740759849548339843750 HTTP/1.1" 200 - "-" "WordPress/6.9.4; https://www.fairautodismantler.nz"
43.166.134.114 - - [31/Mar/2026:22:40:58 +0000] "GET /2019/06/01/instant-cash-for-cars/ HTTP/1.1" 200 48347 "-" "Mozilla/5.0 (iPhone; CPU iPhone OS 13_2_3 like Mac OS X) AppleWebKit/605.1.15 (KHTML, like Gecko) Version/13.0.3 Mobile/15E148 Safari/604.1"
43.130.174.37 - - [31/Mar/2026:22:50:38 +0000] "GET /2019/04/02/scrap-cars/ HTTP/1.1" 200 47518 "-" "Mozilla/5.0 (iPhone; CPU iPhone OS 13_2_3 like Mac OS X) AppleWebKit/605.1.15 (KHTML, like Gecko) Version/13.0.3 Mobile/15E148 Safari/604.1"
45.79.238.235 - - [31/Mar/2026:22:53:34 +0000] "POST /wp-cron.php?doing_wp_cron=1774997614.6544001102447509765625 HTTP/1.1" 200 - "-" "WordPress/6.9.4; https://www.fairautodismantler.nz"
51.68.111.216 - - [31/Mar/2026:22:53:33 +0000] "GET / HTTP/1.1" 200 59219 "-" "Mozilla/5.0 (compatible; MJ12bot/v2.0.5; http://mj12bot.com/)"
43.135.144.126 - - [31/Mar/2026:22:59:56 +0000] "GET /contact HTTP/1.1" 301 250 "-" "Mozilla/5.0 (iPhone; CPU iPhone OS 13_2_3 like Mac OS X) AppleWebKit/605.1.15 (KHTML, like Gecko) Version/13.0.3 Mobile/15E148 Safari/604.1"
43.135.144.126 - - [31/Mar/2026:23:00:00 +0000] "GET /contact/ HTTP/1.1" 200 55820 "https://www.fairautodismantler.nz/contact" "Mozilla/5.0 (iPhone; CPU iPhone OS 13_2_3 like Mac OS X) AppleWebKit/605.1.15 (KHTML, like Gecko) Version/13.0.3 Mobile/15E148 Safari/604.1"
cải xoăn