192.36.109.123 - - [31/Mar/2026:17:25:22 +0000] "GET /why-choose-us/ HTTP/1.1" 200 37903 "-" "Mozilla/5.0 (Windows NT 10.0; Win64; x64) AppleWebKit/537.36 (KHTML, like Gecko) Chrome/122.0.0.0 Safari/537.3"
192.36.109.132 - - [31/Mar/2026:17:25:23 +0000] "GET /key-points-2/ HTTP/1.1" 200 36913 "-" "Mozilla/5.0 (Windows NT 10.0; Win64; x64) AppleWebKit/537.36 (KHTML, like Gecko) Chrome/122.0.0.0 Safari/537.3"
192.36.109.90 - - [31/Mar/2026:17:25:24 +0000] "GET /about-iira/ HTTP/1.1" 200 25751 "-" "Mozilla/5.0 (Windows NT 10.0; Win64; x64) AppleWebKit/537.36 (KHTML, like Gecko) Chrome/122.0.0.0 Safari/537.3"
77.90.185.5 - - [31/Mar/2026:17:25:43 +0000] "GET / HTTP/1.1" 200 28002 "https://iira.nz/" "Mozilla/5.0 (Windows NT 10.0; Win64; x64) AppleWebKit/537.36 (KHTML, like Gecko) Chrome/130.0.0.0 Safari/537.36"
77.90.185.5 - - [31/Mar/2026:17:25:44 +0000] "GET /contact-us/ HTTP/1.1" 200 38458 "https://iira.nz/contact-us/" "Mozilla/5.0 (Windows NT 10.0; Win64; x64) AppleWebKit/537.36 (KHTML, like Gecko) Chrome/130.0.0.0 Safari/537.36"
66.249.70.162 - - [31/Mar/2026:17:27:19 +0000] "GET /2026/02/25/new-australia-popular-pokies/ HTTP/1.1" 200 34001 "-" "Mozilla/5.0 (Linux; Android 6.0.1; Nexus 5X Build/MMB29P) AppleWebKit/537.36 (KHTML, like Gecko) Chrome/146.0.7680.164 Mobile Safari/537.36 (compatible; Googlebot/2.1; +http://www.google.com/bot.html)"
45.79.238.235 - - [31/Mar/2026:17:29:17 +0000] "POST /wp-cron.php?doing_wp_cron=1774978157.1654820442199707031250 HTTP/1.1" 200 - "-" "WordPress/6.9.4; https://iira.nz"
66.249.70.161 - - [31/Mar/2026:17:29:16 +0000] "GET /2026/02/25/australian-pokies-machine-with-bonus-games/ HTTP/1.1" 200 33401 "-" "Mozilla/5.0 (Linux; Android 6.0.1; Nexus 5X Build/MMB29P) AppleWebKit/537.36 (KHTML, like Gecko) Chrome/146.0.7680.164 Mobile Safari/537.36 (compatible; Googlebot/2.1; +http://www.google.com/bot.html)"
141.98.11.44 - - [31/Mar/2026:17:30:51 +0000] "GET /wp-includes/sodium_compat/src/Core/SecretStream/State.php HTTP/1.1" 200 - "-" "Mozilla/5.0 (Windows NT 10.0; Win64; x64) AppleWebKit/537.36"
66.249.70.161 - - [31/Mar/2026:17:31:27 +0000] "GET /2026/02/25/best-bonus-online-casino-new-zealand/ HTTP/1.1" 200 33176 "-" "Mozilla/5.0 (Linux; Android 6.0.1; Nexus 5X Build/MMB29P) AppleWebKit/537.36 (KHTML, like Gecko) Chrome/146.0.7680.164 Mobile Safari/537.36 (compatible; Googlebot/2.1; +http://www.google.com/bot.html)"
66.249.70.160 - - [31/Mar/2026:17:44:16 +0000] "GET /?p=5030 HTTP/1.1" 301 - "-" "Mozilla/5.0 (Linux; Android 6.0.1; Nexus 5X Build/MMB29P) AppleWebKit/537.36 (KHTML, like Gecko) Chrome/146.0.7680.164 Mobile Safari/537.36 (compatible; Googlebot/2.1; +http://www.google.com/bot.html)"
66.249.70.160 - - [31/Mar/2026:17:44:18 +0000] "GET /2026/02/25/bitcoin-online-pokies/ HTTP/1.1" 200 33344 "-" "Mozilla/5.0 (Linux; Android 6.0.1; Nexus 5X Build/MMB29P) AppleWebKit/537.36 (KHTML, like Gecko) Chrome/146.0.7680.164 Mobile Safari/537.36 (compatible; Googlebot/2.1; +http://www.google.com/bot.html)"
143.244.47.83 - - [31/Mar/2026:17:44:53 +0000] "GET / HTTP/1.1" 200 28002 "-" "Mozilla/5.0 (Windows NT 10.0; Win64; x64) AppleWebKit/537.36 (KHTML, like Gecko) Chrome/58.0.3029.110 Safari/537.3"
172.94.9.158 - - [31/Mar/2026:17:49:22 +0000] "GET /shuf:%20%27nun-%2A%27:%20No%20such%20file%20or%20directory HTTP/1.1" 404 23862 "-" "Go-http-client/1.1"
66.249.70.167 - - [31/Mar/2026:17:51:46 +0000] "GET /2026/02/25/tax-free-pokies-highest-payout/ HTTP/1.1" 200 33227 "-" "Mozilla/5.0 (Linux; Android 6.0.1; Nexus 5X Build/MMB29P) AppleWebKit/537.36 (KHTML, like Gecko) Chrome/146.0.7680.164 Mobile Safari/537.36 (compatible; Googlebot/2.1; +http://www.google.com/bot.html)"
66.249.70.168 - - [31/Mar/2026:17:52:02 +0000] "GET /?p=6139 HTTP/1.1" 301 - "-" "Mozilla/5.0 (Linux; Android 6.0.1; Nexus 5X Build/MMB29P) AppleWebKit/537.36 (KHTML, like Gecko) Chrome/146.0.7680.164 Mobile Safari/537.36 (compatible; Googlebot/2.1; +http://www.google.com/bot.html)"
66.249.70.167 - - [31/Mar/2026:17:52:02 +0000] "GET /2026/02/25/free-winning-pokies-with-welcome-bonus-rounds/ HTTP/1.1" 200 34262 "-" "Mozilla/5.0 (Linux; Android 6.0.1; Nexus 5X Build/MMB29P) AppleWebKit/537.36 (KHTML, like Gecko) Chrome/146.0.7680.164 Mobile Safari/537.36 (compatible; Googlebot/2.1; +http://www.google.com/bot.html)"
66.249.70.169 - - [31/Mar/2026:17:52:02 +0000] "GET /?p=6662 HTTP/1.1" 301 - "-" "Mozilla/5.0 (Linux; Android 6.0.1; Nexus 5X Build/MMB29P) AppleWebKit/537.36 (KHTML, like Gecko) Chrome/146.0.7680.164 Mobile Safari/537.36 (compatible; Googlebot/2.1; +http://www.google.com/bot.html)"
66.249.70.168 - - [31/Mar/2026:17:52:02 +0000] "GET /2026/02/25/top-australian-pokies-no-deposit/ HTTP/1.1" 200 33169 "-" "Mozilla/5.0 (Linux; Android 6.0.1; Nexus 5X Build/MMB29P) AppleWebKit/537.36 (KHTML, like Gecko) Chrome/146.0.7680.164 Mobile Safari/537.36 (compatible; Googlebot/2.1; +http://www.google.com/bot.html)"
66.249.70.167 - - [31/Mar/2026:17:52:03 +0000] "GET /?p=7246 HTTP/1.1" 301 - "-" "Mozilla/5.0 (Linux; Android 6.0.1; Nexus 5X Build/MMB29P) AppleWebKit/537.36 (KHTML, like Gecko) Chrome/146.0.7680.164 Mobile Safari/537.36 (compatible; Googlebot/2.1; +http://www.google.com/bot.html)"
66.249.70.169 - - [31/Mar/2026:17:52:03 +0000] "GET /?p=4412 HTTP/1.1" 301 - "-" "Mozilla/5.0 (Linux; Android 6.0.1; Nexus 5X Build/MMB29P) AppleWebKit/537.36 (KHTML, like Gecko) Chrome/146.0.7680.164 Mobile Safari/537.36 (compatible; Googlebot/2.1; +http://www.google.com/bot.html)"
66.249.70.167 - - [31/Mar/2026:17:52:03 +0000] "GET /2026/02/25/pokies-with-bonus-no-wager/ HTTP/1.1" 200 32960 "-" "Mozilla/5.0 (Linux; Android 6.0.1; Nexus 5X Build/MMB29P) AppleWebKit/537.36 (KHTML, like Gecko) Chrome/146.0.7680.164 Mobile Safari/537.36 (compatible; Googlebot/2.1; +http://www.google.com/bot.html)"
66.249.70.168 - - [31/Mar/2026:17:52:03 +0000] "GET /2026/02/25/popular-pokies-machines-free/ HTTP/1.1" 200 33607 "-" "Mozilla/5.0 (Linux; Android 6.0.1; Nexus 5X Build/MMB29P) AppleWebKit/537.36 (KHTML, like Gecko) Chrome/146.0.7680.164 Mobile Safari/537.36 (compatible; Googlebot/2.1; +http://www.google.com/bot.html)"
66.249.70.169 - - [31/Mar/2026:17:52:03 +0000] "GET /2026/02/25/play-pokies-online-free-ladbrokes/ HTTP/1.1" 200 34283 "-" "Mozilla/5.0 (Linux; Android 6.0.1; Nexus 5X Build/MMB29P) AppleWebKit/537.36 (KHTML, like Gecko) Chrome/146.0.7680.164 Mobile Safari/537.36 (compatible; Googlebot/2.1; +http://www.google.com/bot.html)"
66.249.70.167 - - [31/Mar/2026:17:52:19 +0000] "GET /?p=5277 HTTP/1.1" 301 - "-" "Mozilla/5.0 (Linux; Android 6.0.1; Nexus 5X Build/MMB29P) AppleWebKit/537.36 (KHTML, like Gecko) Chrome/146.0.7680.164 Mobile Safari/537.36 (compatible; Googlebot/2.1; +http://www.google.com/bot.html)"
66.249.70.167 - - [31/Mar/2026:17:52:19 +0000] "GET /?p=3454 HTTP/1.1" 301 - "-" "Mozilla/5.0 (Linux; Android 6.0.1; Nexus 5X Build/MMB29P) AppleWebKit/537.36 (KHTML, like Gecko) Chrome/146.0.7680.164 Mobile Safari/537.36 (compatible; Googlebot/2.1; +http://www.google.com/bot.html)"
66.249.70.167 - - [31/Mar/2026:17:52:20 +0000] "GET /2026/02/25/new-free-spins-no-deposit-casino-nz/ HTTP/1.1" 200 33006 "-" "Mozilla/5.0 (Linux; Android 6.0.1; Nexus 5X Build/MMB29P) AppleWebKit/537.36 (KHTML, like Gecko) Chrome/146.0.7680.164 Mobile Safari/537.36 (compatible; Googlebot/2.1; +http://www.google.com/bot.html)"
66.249.70.167 - - [31/Mar/2026:17:52:20 +0000] "GET /2026/02/25/casino-bellevue-nz/ HTTP/1.1" 200 33246 "-" "Mozilla/5.0 (Linux; Android 6.0.1; Nexus 5X Build/MMB29P) AppleWebKit/537.36 (KHTML, like Gecko) Chrome/146.0.7680.164 Mobile Safari/537.36 (compatible; Googlebot/2.1; +http://www.google.com/bot.html)"
66.249.70.169 - - [31/Mar/2026:17:53:25 +0000] "GET /2026/02/25/top-online-pokies-and-casinos-list/ HTTP/1.1" 200 33212 "-" "Mozilla/5.0 (Linux; Android 6.0.1; Nexus 5X Build/MMB29P) AppleWebKit/537.36 (KHTML, like Gecko) Chrome/146.0.7680.164 Mobile Safari/537.36 (compatible; Googlebot/2.1; +http://www.google.com/bot.html)"
66.249.70.167 - - [31/Mar/2026:17:59:16 +0000] "GET /2026/02/25/play-pokies-for-real-money-machine-games/ HTTP/1.1" 200 33302 "-" "Mozilla/5.0 (Linux; Android 6.0.1; Nexus 5X Build/MMB29P) AppleWebKit/537.36 (KHTML, like Gecko) Chrome/146.0.7680.164 Mobile Safari/537.36 (compatible; Googlebot/2.1; +http://www.google.com/bot.html)"
66.249.70.169 - - [31/Mar/2026:18:01:27 +0000] "GET /2026/02/25/secure-pokies-with-bonus-payout-ratio/ HTTP/1.1" 200 33758 "-" "Mozilla/5.0 (Linux; Android 6.0.1; Nexus 5X Build/MMB29P) AppleWebKit/537.36 (KHTML, like Gecko) Chrome/146.0.7680.164 Mobile Safari/537.36 (compatible; Googlebot/2.1; +http://www.google.com/bot.html)"
141.98.11.44 - - [31/Mar/2026:18:04:37 +0000] "GET /wp-includes/sodium_compat/src/Core/SecretStream/State.php HTTP/1.1" 200 - "-" "Mozilla/5.0 (Windows NT 10.0; Win64; x64) AppleWebKit/537.36"
40.77.167.13 - - [31/Mar/2026:18:10:51 +0000] "GET /?p=2212 HTTP/1.1" 301 - "-" "Mozilla/5.0 AppleWebKit/537.36 (KHTML, like Gecko; compatible; bingbot/2.0; +http://www.bing.com/bingbot.htm) Chrome/116.0.1938.76 Safari/537.36"
37.19.220.57 - - [31/Mar/2026:18:16:47 +0000] "GET / HTTP/1.1" 200 28002 "http://iira.co.nz/" "Mozilla/5.0 (Windows NT 10.0; Win64; x64) AppleWebKit/537.36 (KHTML, like Gecko) Chrome/114.0.0.0 Safari/537.36 Edg/114.0.1264.71"
37.19.220.57 - - [31/Mar/2026:18:17:04 +0000] "GET / HTTP/1.1" 200 28002 "-" "Mozilla/5.0 (Windows NT 10.0; Win64; x64) AppleWebKit/537.36 (KHTML, like Gecko) Chrome/114.0.0.0 Safari/537.36 Vivaldi/5.3.2679.68"
37.19.220.57 - - [31/Mar/2026:18:17:04 +0000] "GET /contact-us/ HTTP/1.1" 200 38458 "https://iira.nz/" "Mozilla/5.0 (Windows NT 10.0; Win64; x64) AppleWebKit/537.36 (KHTML, like Gecko) Chrome/114.0.0.0 Safari/537.36 Vivaldi/5.3.2679.68"
66.249.70.161 - - [31/Mar/2026:18:21:42 +0000] "GET /2026/02/25/best-clams-casino-in-nz/ HTTP/1.1" 200 33046 "-" "Mozilla/5.0 (Linux; Android 6.0.1; Nexus 5X Build/MMB29P) AppleWebKit/537.36 (KHTML, like Gecko) Chrome/146.0.7680.164 Mobile Safari/537.36 (compatible; Googlebot/2.1; +http://www.google.com/bot.html)"
54.250.53.16 - - [31/Mar/2026:18:24:55 +0000] "GET / HTTP/1.1" 200 28002 "http://iira.nz" "Mozilla/5.0 (Windows NT 10.0; Win64; x64) AppleWebKit/537.36 (KHTML, like Gecko) Chrome/120.0.0.0 Safari/537.36"
46.151.182.140 - - [31/Mar/2026:18:26:42 +0000] "GET / HTTP/1.1" 200 28002 "-" "Mozilla/5.0 (Windows NT 10.0; Win64; x64; rv:128.0) Gecko/20100101 Firefox/128.0"
46.151.182.140 - - [31/Mar/2026:18:26:55 +0000] "GET /_profiler/phpinfo.php HTTP/1.1" 404 23862 "-" "Mozilla/5.0 (Windows NT 10.0; Win64; x64; rv:128.0) Gecko/20100101 Firefox/128.0"
46.151.182.140 - - [31/Mar/2026:18:26:57 +0000] "GET /phpinfo HTTP/1.1" 404 23862 "-" "Mozilla/5.0 (Windows NT 10.0; Win64; x64; rv:128.0) Gecko/20100101 Firefox/128.0"
46.151.182.140 - - [31/Mar/2026:18:27:03 +0000] "GET /_profiler/phpinfo HTTP/1.1" 404 23862 "-" "Mozilla/5.0 (Windows NT 10.0; Win64; x64; rv:128.0) Gecko/20100101 Firefox/128.0"
46.151.182.140 - - [31/Mar/2026:18:27:06 +0000] "GET /info HTTP/1.1" 404 23862 "-" "Mozilla/5.0 (Windows NT 10.0; Win64; x64; rv:128.0) Gecko/20100101 Firefox/128.0"
46.151.182.140 - - [31/Mar/2026:18:27:08 +0000] "GET /php_info.php HTTP/1.1" 404 23862 "-" "Mozilla/5.0 (Windows NT 10.0; Win64; x64; rv:128.0) Gecko/20100101 Firefox/128.0"
46.151.182.140 - - [31/Mar/2026:18:27:11 +0000] "GET /phpinfo.php HTTP/1.1" 404 23862 "-" "Mozilla/5.0 (Windows NT 10.0; Win64; x64; rv:128.0) Gecko/20100101 Firefox/128.0"
46.151.182.140 - - [31/Mar/2026:18:27:13 +0000] "GET /info.php HTTP/1.1" 404 23862 "-" "Mozilla/5.0 (Windows NT 10.0; Win64; x64; rv:128.0) Gecko/20100101 Firefox/128.0"
46.151.182.140 - - [31/Mar/2026:18:27:15 +0000] "GET /.env HTTP/1.1" 404 23862 "-" "-"
46.151.182.140 - - [31/Mar/2026:18:27:19 +0000] "GET /config/.env HTTP/1.1" 404 23862 "-" "-"
46.151.182.140 - - [31/Mar/2026:18:27:19 +0000] "GET /.env.production HTTP/1.1" 404 23862 "-" "-"
46.151.182.140 - - [31/Mar/2026:18:27:20 +0000] "GET /application/.env HTTP/1.1" 404 23862 "-" "-"
46.151.182.140 - - [31/Mar/2026:18:27:21 +0000] "GET /prod/.env HTTP/1.1" 404 23862 "-" "-"
46.151.182.140 - - [31/Mar/2026:18:27:23 +0000] "GET /.env.save HTTP/1.1" 404 23862 "-" "-"
46.151.182.140 - - [31/Mar/2026:18:27:24 +0000] "GET /beta/.env HTTP/1.1" 404 23862 "-" "-"
46.151.182.140 - - [31/Mar/2026:18:27:26 +0000] "GET /admin/.env HTTP/1.1" 404 23862 "-" "-"
46.151.182.140 - - [31/Mar/2026:18:27:28 +0000] "GET /app/.env HTTP/1.1" 404 23862 "-" "-"
46.151.182.140 - - [31/Mar/2026:18:27:29 +0000] "GET /api/shared/config/config.env HTTP/1.1" 404 23862 "-" "-"
46.151.182.140 - - [31/Mar/2026:18:27:30 +0000] "GET /api/.env HTTP/1.1" 404 23862 "-" "-"
46.151.182.140 - - [31/Mar/2026:18:27:31 +0000] "GET /.env.local HTTP/1.1" 404 23862 "-" "-"
45.79.238.235 - - [31/Mar/2026:18:32:06 +0000] "POST /wp-cron.php?doing_wp_cron=1774981926.2440769672393798828125 HTTP/1.1" 200 - "-" "WordPress/6.9.4; https://iira.nz"
40.77.167.35 - - [31/Mar/2026:18:32:06 +0000] "GET /?p=735 HTTP/1.1" 301 - "-" "Mozilla/5.0 AppleWebKit/537.36 (KHTML, like Gecko; compatible; bingbot/2.0; +http://www.bing.com/bingbot.htm) Chrome/116.0.1938.76 Safari/537.36"
37.19.220.57 - - [31/Mar/2026:18:34:00 +0000] "GET / HTTP/1.1" 200 28002 "http://iira.com.au/" "Mozilla/5.0 (Windows NT 10.0; Win64; x64; rv:114.0) Gecko/20100101 Firefox/114.0"
37.19.220.57 - - [31/Mar/2026:18:34:09 +0000] "GET / HTTP/1.1" 200 28002 "-" "Mozilla/5.0 (Windows NT 10.0; Win64; x64) AppleWebKit/537.36 (KHTML, like Gecko) Chrome/114.0.0.0 Safari/537.36 Vivaldi/5.3.2679.68"
37.19.220.57 - - [31/Mar/2026:18:34:10 +0000] "GET /contact-us/ HTTP/1.1" 200 38458 "https://iira.nz/" "Mozilla/5.0 (Windows NT 10.0; Win64; x64) AppleWebKit/537.36 (KHTML, like Gecko) Chrome/114.0.0.0 Safari/537.36 Vivaldi/5.3.2679.68"
52.167.144.198 - - [31/Mar/2026:18:35:01 +0000] "GET /?p=4820 HTTP/1.1" 301 - "-" "Mozilla/5.0 AppleWebKit/537.36 (KHTML, like Gecko; compatible; bingbot/2.0; +http://www.bing.com/bingbot.htm) Chrome/116.0.1938.76 Safari/537.36"
141.98.11.44 - - [31/Mar/2026:18:37:19 +0000] "GET /wp-includes/sodium_compat/src/Core/SecretStream/State.php HTTP/1.1" 200 - "-" "Mozilla/5.0 (Windows NT 10.0; Win64; x64) AppleWebKit/537.36"
66.249.70.167 - - [31/Mar/2026:18:37:29 +0000] "GET /?p=1427 HTTP/1.1" 301 - "-" "Mozilla/5.0 (Linux; Android 6.0.1; Nexus 5X Build/MMB29P) AppleWebKit/537.36 (KHTML, like Gecko) Chrome/146.0.7680.164 Mobile Safari/537.36 (compatible; Googlebot/2.1; +http://www.google.com/bot.html)"
66.249.70.168 - - [31/Mar/2026:18:37:29 +0000] "GET /2026/02/25/best-pokies-online-casino-online/ HTTP/1.1" 200 32973 "-" "Mozilla/5.0 (Linux; Android 6.0.1; Nexus 5X Build/MMB29P) AppleWebKit/537.36 (KHTML, like Gecko) Chrome/146.0.7680.164 Mobile Safari/537.36 (compatible; Googlebot/2.1; +http://www.google.com/bot.html)"
52.167.144.145 - - [31/Mar/2026:18:39:22 +0000] "GET /?p=2741 HTTP/1.1" 301 - "-" "Mozilla/5.0 AppleWebKit/537.36 (KHTML, like Gecko; compatible; bingbot/2.0; +http://www.bing.com/bingbot.htm) Chrome/116.0.1938.76 Safari/537.36"
66.249.70.169 - - [31/Mar/2026:18:42:07 +0000] "GET /2026/02/25/mobile-pokies-welcome-no-deposit-bonus/ HTTP/1.1" 200 33182 "-" "Mozilla/5.0 (Linux; Android 6.0.1; Nexus 5X Build/MMB29P) AppleWebKit/537.36 (KHTML, like Gecko) Chrome/146.0.7680.164 Mobile Safari/537.36 (compatible; Googlebot/2.1; +http://www.google.com/bot.html)"
66.249.70.167 - - [31/Mar/2026:18:42:19 +0000] "GET /2026/02/25/online-casino-free-signup-bonus-no-deposit-required-new-zealand/ HTTP/1.1" 200 33179 "-" "Mozilla/5.0 (Linux; Android 6.0.1; Nexus 5X Build/MMB29P) AppleWebKit/537.36 (KHTML, like Gecko) Chrome/146.0.7680.164 Mobile Safari/537.36 (compatible; Googlebot/2.1; +http://www.google.com/bot.html)"
66.249.70.167 - - [31/Mar/2026:18:51:27 +0000] "GET /2026/02/25/new-zealand-online-casino-real-money/ HTTP/1.1" 200 32930 "-" "Mozilla/5.0 (Linux; Android 6.0.1; Nexus 5X Build/MMB29P) AppleWebKit/537.36 (KHTML, like Gecko) Chrome/146.0.7680.164 Mobile Safari/537.36 (compatible; Googlebot/2.1; +http://www.google.com/bot.html)"
52.167.144.214 - - [31/Mar/2026:18:53:32 +0000] "GET /?p=2919 HTTP/1.1" 301 - "-" "Mozilla/5.0 AppleWebKit/537.36 (KHTML, like Gecko; compatible; bingbot/2.0; +http://www.bing.com/bingbot.htm) Chrome/116.0.1938.76 Safari/537.36"
66.249.70.162 - - [31/Mar/2026:19:04:33 +0000] "GET /?p=8292 HTTP/1.1" 301 - "-" "Mozilla/5.0 (Linux; Android 6.0.1; Nexus 5X Build/MMB29P) AppleWebKit/537.36 (KHTML, like Gecko) Chrome/146.0.7680.164 Mobile Safari/537.36 (compatible; Googlebot/2.1; +http://www.google.com/bot.html)"
66.249.70.162 - - [31/Mar/2026:19:04:34 +0000] "GET /2026/02/25/paysafe-deposit-casino-pokies-australia/ HTTP/1.1" 200 33996 "-" "Mozilla/5.0 (Linux; Android 6.0.1; Nexus 5X Build/MMB29P) AppleWebKit/537.36 (KHTML, like Gecko) Chrome/146.0.7680.164 Mobile Safari/537.36 (compatible; Googlebot/2.1; +http://www.google.com/bot.html)"
66.249.70.162 - - [31/Mar/2026:19:07:03 +0000] "GET /?p=6276 HTTP/1.1" 301 - "-" "Mozilla/5.0 (Linux; Android 6.0.1; Nexus 5X Build/MMB29P) AppleWebKit/537.36 (KHTML, like Gecko) Chrome/146.0.7680.164 Mobile Safari/537.36 (compatible; Googlebot/2.1; +http://www.google.com/bot.html)"
66.249.70.161 - - [31/Mar/2026:19:07:04 +0000] "GET /2026/02/25/chili-chili-fire-online-pokies/ HTTP/1.1" 200 33063 "-" "Mozilla/5.0 (Linux; Android 6.0.1; Nexus 5X Build/MMB29P) AppleWebKit/537.36 (KHTML, like Gecko) Chrome/146.0.7680.164 Mobile Safari/537.36 (compatible; Googlebot/2.1; +http://www.google.com/bot.html)"
193.37.32.178 - - [31/Mar/2026:19:09:16 +0000] "GET /wp-admin/ HTTP/1.1" 302 - "http://iira.nz/admin/" "Mozilla/5.0 (Windows NT 10.0; Win64; x64) AppleWebKit/537.36 (KHTML, like Gecko) Chrome/58.0.3029.110 Safari/537.3"
193.37.32.178 - - [31/Mar/2026:19:09:19 +0000] "GET /wp-admin/ HTTP/1.1" 302 - "http://iira.nz/wp-admin/" "Mozilla/5.0 (Windows NT 10.0; Win64; x64) AppleWebKit/537.36 (KHTML, like Gecko) Chrome/58.0.3029.110 Safari/537.3"
193.37.32.178 - - [31/Mar/2026:19:09:26 +0000] "GET /wp-admin/network/ HTTP/1.1" 302 - "http://iira.nz/wp-admin/network/" "Mozilla/5.0 (Windows NT 10.0; Win64; x64) AppleWebKit/537.36 (KHTML, like Gecko) Chrome/58.0.3029.110 Safari/537.3"
193.37.32.178 - - [31/Mar/2026:19:09:29 +0000] "GET /2026/02/25/walgreens-casino-drive-howell-nz/ HTTP/1.1" 200 34395 "http://iira.nz/wa/" "Mozilla/5.0 (Windows NT 10.0; Win64; x64) AppleWebKit/537.36 (KHTML, like Gecko) Chrome/58.0.3029.110 Safari/537.3"
193.37.32.178 - - [31/Mar/2026:19:09:34 +0000] "GET /2026/02/25/safe-australian-online-pokies/ HTTP/1.1" 200 34649 "http://iira.nz/wp-admin/css/colors/PHPMailer/s" "Mozilla/5.0 (Windows NT 10.0; Win64; x64) AppleWebKit/537.36 (KHTML, like Gecko) Chrome/58.0.3029.110 Safari/537.3"
193.37.32.178 - - [31/Mar/2026:19:09:36 +0000] "GET /wp-admin/about.php HTTP/1.1" 302 - "http://iira.nz/wp-admin/about.php" "Mozilla/5.0 (Windows NT 10.0; Win64; x64) AppleWebKit/537.36 (KHTML, like Gecko) Chrome/58.0.3029.110 Safari/537.3"
193.37.32.178 - - [31/Mar/2026:19:09:48 +0000] "GET /wp-admin/network/about.php HTTP/1.1" 302 - "http://iira.nz/wp-admin/network/about.php" "Mozilla/5.0 (Windows NT 10.0; Win64; x64) AppleWebKit/537.36 (KHTML, like Gecko) Chrome/58.0.3029.110 Safari/537.3"
193.37.32.178 - - [31/Mar/2026:19:10:08 +0000] "GET /wp-admin/options.php HTTP/1.1" 302 - "http://iira.nz/wp-admin/options.php" "Mozilla/5.0 (Windows NT 10.0; Win64; x64) AppleWebKit/537.36 (KHTML, like Gecko) Chrome/58.0.3029.110 Safari/537.3"
4.205.39.97 - - [31/Mar/2026:19:14:54 +0000] "GET /wp-content/themes/seotheme/db.php?u HTTP/1.1" 404 23862 "www.google.com" "Mozlila/5.0 (Linux; Android 7.0; SM-G892A Bulid/NRD90M; wv) AppleWebKit/537.36 (KHTML, like Gecko) Version/4.0 Chrome/60.0.3112.107 Moblie Safari/537.36"
141.98.11.44 - - [31/Mar/2026:19:16:21 +0000] "GET /wp-includes/sodium_compat/src/Core/SecretStream/State.php HTTP/1.1" 200 - "-" "Mozilla/5.0 (Windows NT 10.0; Win64; x64) AppleWebKit/537.36"
66.249.70.162 - - [31/Mar/2026:19:24:59 +0000] "GET /?p=913 HTTP/1.1" 301 - "-" "Mozilla/5.0 (Linux; Android 6.0.1; Nexus 5X Build/MMB29P) AppleWebKit/537.36 (KHTML, like Gecko) Chrome/146.0.7680.164 Mobile Safari/537.36 (compatible; Googlebot/2.1; +http://www.google.com/bot.html)"
66.249.70.160 - - [31/Mar/2026:19:25:01 +0000] "GET /2026/02/25/lone-butte-casino-chandler-nz/ HTTP/1.1" 200 33909 "-" "Mozilla/5.0 (Linux; Android 6.0.1; Nexus 5X Build/MMB29P) AppleWebKit/537.36 (KHTML, like Gecko) Chrome/146.0.7680.164 Mobile Safari/537.36 (compatible; Googlebot/2.1; +http://www.google.com/bot.html)"
45.79.238.235 - - [31/Mar/2026:19:32:20 +0000] "POST /wp-cron.php?doing_wp_cron=1774985539.8921051025390625000000 HTTP/1.1" 200 - "-" "WordPress/6.9.4; https://iira.nz"
66.249.70.161 - - [31/Mar/2026:19:32:19 +0000] "GET /2026/02/25/pokies-in-new-zealand-with-bonus/ HTTP/1.1" 200 32949 "-" "Mozilla/5.0 (Linux; Android 6.0.1; Nexus 5X Build/MMB29P) AppleWebKit/537.36 (KHTML, like Gecko) Chrome/146.0.7680.164 Mobile Safari/537.36 (compatible; Googlebot/2.1; +http://www.google.com/bot.html)"
66.249.70.160 - - [31/Mar/2026:19:45:19 +0000] "GET /2026/02/25/how-many-slot-machines-in-dolton-au/ HTTP/1.1" 200 33068 "-" "Mozilla/5.0 (Linux; Android 6.0.1; Nexus 5X Build/MMB29P) AppleWebKit/537.36 (KHTML, like Gecko) Chrome/146.0.7680.164 Mobile Safari/537.36 (compatible; Googlebot/2.1; +http://www.google.com/bot.html)"
66.249.70.162 - - [31/Mar/2026:19:46:43 +0000] "GET /?p=3890 HTTP/1.1" 301 - "-" "Mozilla/5.0 (Linux; Android 6.0.1; Nexus 5X Build/MMB29P) AppleWebKit/537.36 (KHTML, like Gecko) Chrome/146.0.7680.164 Mobile Safari/537.36 (compatible; Googlebot/2.1; +http://www.google.com/bot.html)"
66.249.70.160 - - [31/Mar/2026:19:46:44 +0000] "GET /2026/02/25/new-au-pokies-play-for-fun/ HTTP/1.1" 200 33205 "-" "Mozilla/5.0 (Linux; Android 6.0.1; Nexus 5X Build/MMB29P) AppleWebKit/537.36 (KHTML, like Gecko) Chrome/146.0.7680.164 Mobile Safari/537.36 (compatible; Googlebot/2.1; +http://www.google.com/bot.html)"
141.98.11.44 - - [31/Mar/2026:19:48:23 +0000] "GET /wp-includes/sodium_compat/src/Core/SecretStream/State.php HTTP/1.1" 200 - "-" "Mozilla/5.0 (Windows NT 10.0; Win64; x64) AppleWebKit/537.36"
40.77.167.156 - - [31/Mar/2026:19:51:46 +0000] "GET /?p=5752 HTTP/1.1" 301 - "-" "Mozilla/5.0 AppleWebKit/537.36 (KHTML, like Gecko; compatible; bingbot/2.0; +http://www.bing.com/bingbot.htm) Chrome/116.0.1938.76 Safari/537.36"
40.77.167.255 - - [31/Mar/2026:19:54:47 +0000] "GET /?p=5293 HTTP/1.1" 301 - "-" "Mozilla/5.0 AppleWebKit/537.36 (KHTML, like Gecko; compatible; bingbot/2.0; +http://www.bing.com/bingbot.htm) Chrome/116.0.1938.76 Safari/537.36"
66.249.70.160 - - [31/Mar/2026:19:57:19 +0000] "GET /?p=1579 HTTP/1.1" 301 - "-" "Mozilla/5.0 (Linux; Android 6.0.1; Nexus 5X Build/MMB29P) AppleWebKit/537.36 (KHTML, like Gecko) Chrome/146.0.7680.164 Mobile Safari/537.36 (compatible; Googlebot/2.1; +http://www.google.com/bot.html)"
66.249.70.161 - - [31/Mar/2026:19:57:38 +0000] "GET /2026/02/25/free-free-pokies-deposit-casino/ HTTP/1.1" 200 33125 "-" "Mozilla/5.0 (Linux; Android 6.0.1; Nexus 5X Build/MMB29P) AppleWebKit/537.36 (KHTML, like Gecko) Chrome/146.0.7680.164 Mobile Safari/537.36 (compatible; Googlebot/2.1; +http://www.google.com/bot.html)"
52.167.144.169 - - [31/Mar/2026:19:59:05 +0000] "GET /?p=2820 HTTP/1.1" 301 - "-" "Mozilla/5.0 AppleWebKit/537.36 (KHTML, like Gecko; compatible; bingbot/2.0; +http://www.bing.com/bingbot.htm) Chrome/116.0.1938.76 Safari/537.36"
85.204.70.90 - - [31/Mar/2026:20:15:46 +0000] "GET / HTTP/1.1" 200 28002 "-" "Mozilla/5.0 (Windows NT 10.0; Win64; x64) AppleWebKit/537.36 (KHTML, like Gecko) Chrome/78.0.3904.108 Safari/537.36"
85.204.70.90 - - [31/Mar/2026:20:15:56 +0000] "GET //wp-includes/wlwmanifest.xml HTTP/1.1" 301 - "-" "Mozilla/5.0 (Windows NT 10.0; Win64; x64) AppleWebKit/537.36 (KHTML, like Gecko) Chrome/78.0.3904.108 Safari/537.36"
141.98.11.44 - - [31/Mar/2026:20:21:37 +0000] "GET /wp-includes/sodium_compat/src/Core/SecretStream/State.php HTTP/1.1" 200 - "-" "Mozilla/5.0 (Windows NT 10.0; Win64; x64) AppleWebKit/537.36"
66.249.70.162 - - [31/Mar/2026:20:22:02 +0000] "GET /?p=2070 HTTP/1.1" 301 - "-" "Mozilla/5.0 (Linux; Android 6.0.1; Nexus 5X Build/MMB29P) AppleWebKit/537.36 (KHTML, like Gecko) Chrome/146.0.7680.164 Mobile Safari/537.36 (compatible; Googlebot/2.1; +http://www.google.com/bot.html)"
66.249.70.160 - - [31/Mar/2026:20:22:03 +0000] "GET /2026/02/25/best-casino-pokies-no-deposit-bonus/ HTTP/1.1" 200 34213 "-" "Mozilla/5.0 (Linux; Android 6.0.1; Nexus 5X Build/MMB29P) AppleWebKit/537.36 (KHTML, like Gecko) Chrome/146.0.7680.164 Mobile Safari/537.36 (compatible; Googlebot/2.1; +http://www.google.com/bot.html)"
66.249.70.160 - - [31/Mar/2026:20:22:11 +0000] "GET /?p=2708 HTTP/1.1" 301 - "-" "Mozilla/5.0 (Linux; Android 6.0.1; Nexus 5X Build/MMB29P) AppleWebKit/537.36 (KHTML, like Gecko) Chrome/146.0.7680.164 Mobile Safari/537.36 (compatible; Googlebot/2.1; +http://www.google.com/bot.html)"
66.249.70.161 - - [31/Mar/2026:20:22:24 +0000] "GET /?p=4451 HTTP/1.1" 301 - "-" "Mozilla/5.0 (Linux; Android 6.0.1; Nexus 5X Build/MMB29P) AppleWebKit/537.36 (KHTML, like Gecko) Chrome/146.0.7680.164 Mobile Safari/537.36 (compatible; Googlebot/2.1; +http://www.google.com/bot.html)"
66.249.70.160 - - [31/Mar/2026:20:22:25 +0000] "GET /2026/02/25/has-anyone-won-best-australian-pokies/ HTTP/1.1" 200 32820 "-" "Mozilla/5.0 (Linux; Android 6.0.1; Nexus 5X Build/MMB29P) AppleWebKit/537.36 (KHTML, like Gecko) Chrome/146.0.7680.164 Mobile Safari/537.36 (compatible; Googlebot/2.1; +http://www.google.com/bot.html)"
34.209.140.146 - - [31/Mar/2026:20:22:36 +0000] "GET / HTTP/1.1" 200 28002 "-" "Mozilla/5.0 (Windows NT 10.0; Win64; x64) AppleWebKit/537.36 (KHTML, like Gecko) Chrome/146.0.7680.164 Safari/537.36 Edge/18.19582"
66.249.70.160 - - [31/Mar/2026:20:22:39 +0000] "GET /2026/02/25/play-free-australian-pokies-games-with-bonus/ HTTP/1.1" 200 33567 "-" "Mozilla/5.0 (Linux; Android 6.0.1; Nexus 5X Build/MMB29P) AppleWebKit/537.36 (KHTML, like Gecko) Chrome/146.0.7680.164 Mobile Safari/537.36 (compatible; Googlebot/2.1; +http://www.google.com/bot.html)"
54.250.53.16 - - [31/Mar/2026:20:24:13 +0000] "GET / HTTP/1.1" 200 28002 "http://iira.nz" "Mozilla/5.0 (Windows NT 10.0; Win64; x64) AppleWebKit/537.36 (KHTML, like Gecko) Chrome/120.0.0.0 Safari/537.36"
45.79.238.235 - - [31/Mar/2026:20:46:45 +0000] "POST /wp-cron.php?doing_wp_cron=1774990005.4957809448242187500000 HTTP/1.1" 200 - "-" "WordPress/6.9.4; https://iira.nz"
185.93.89.103 - - [31/Mar/2026:20:46:45 +0000] "GET //backend/.env HTTP/1.1" 301 - "http://iira.com.au/backend/.env" "Go-http-client/1.1"
185.93.89.103 - - [31/Mar/2026:20:46:44 +0000] "GET //.env HTTP/1.1" 301 - "http://iira.com.au/.env" "Go-http-client/1.1"
185.93.89.103 - - [31/Mar/2026:20:46:46 +0000] "GET /backend/.env HTTP/1.1" 404 23862 "https://iira.nz//backend/.env" "Go-http-client/1.1"
185.93.89.103 - - [31/Mar/2026:20:46:46 +0000] "GET /.env HTTP/1.1" 404 23862 "https://iira.nz//.env" "Go-http-client/1.1"
66.249.70.161 - - [31/Mar/2026:20:49:31 +0000] "GET /?p=6617 HTTP/1.1" 301 - "-" "Mozilla/5.0 (Linux; Android 6.0.1; Nexus 5X Build/MMB29P) AppleWebKit/537.36 (KHTML, like Gecko) Chrome/146.0.7680.164 Mobile Safari/537.36 (compatible; Googlebot/2.1; +http://www.google.com/bot.html)"
66.249.70.160 - - [31/Mar/2026:20:49:48 +0000] "GET /2026/02/25/free-game-pokies/ HTTP/1.1" 200 33464 "-" "Mozilla/5.0 (Linux; Android 6.0.1; Nexus 5X Build/MMB29P) AppleWebKit/537.36 (KHTML, like Gecko) Chrome/146.0.7680.164 Mobile Safari/537.36 (compatible; Googlebot/2.1; +http://www.google.com/bot.html)"
195.211.77.141 - - [31/Mar/2026:20:51:44 +0000] "GET / HTTP/1.1" 200 28002 "-" "Mozilla/5.0 (Windows NT 10.0; Win64; x64) AppleWebKit/537.36 (KHTML, like Gecko) Chrome/108.0.0.0 Safari/537.36"
141.98.11.44 - - [31/Mar/2026:20:52:05 +0000] "GET /wp-includes/sodium_compat/src/Core/SecretStream/State.php HTTP/1.1" 200 - "-" "Mozilla/5.0 (Windows NT 10.0; Win64; x64) AppleWebKit/537.36"
195.211.77.141 - - [31/Mar/2026:20:52:06 +0000] "GET / HTTP/1.1" 200 28002 "-" "Mozilla/5.0 (Windows NT 10.0; Win64; x64) AppleWebKit/537.36 (KHTML, like Gecko) Chrome/108.0.0.0 Safari/537.36"
66.249.70.168 - - [31/Mar/2026:21:03:25 +0000] "GET /2026/02/25/tax-free-pokies-with-bonus-best/ HTTP/1.1" 200 33092 "-" "Mozilla/5.0 (Linux; Android 6.0.1; Nexus 5X Build/MMB29P) AppleWebKit/537.36 (KHTML, like Gecko) Chrome/146.0.7680.164 Mobile Safari/537.36 (compatible; Googlebot/2.1; +http://www.google.com/bot.html)"
20.200.222.0 - - [31/Mar/2026:21:08:39 +0000] "GET /.well-known/about.php HTTP/1.1" 301 - "-" "Mozilla/5.0 (Windows NT 10.0; Win64; x64) AppleWebKit/537.36 (KHTML, like Gecko) Chrome/120.0.0.0 Safari/537.36"
20.200.222.0 - - [31/Mar/2026:21:08:41 +0000] "GET /.well-known/pki-validation/about.php HTTP/1.1" 301 - "-" "Mozilla/5.0 (Windows NT 10.0; Win64; x64) AppleWebKit/537.36 (KHTML, like Gecko) Chrome/120.0.0.0 Safari/537.36"
20.200.222.0 - - [31/Mar/2026:21:08:42 +0000] "GET /.well-known/pki-validation/cloud.php HTTP/1.1" 301 - "-" "Mozilla/5.0 (Windows NT 10.0; Win64; x64) AppleWebKit/537.36 (KHTML, like Gecko) Chrome/120.0.0.0 Safari/537.36"
20.200.222.0 - - [31/Mar/2026:21:08:43 +0000] "GET /.well-known/acme-challenge/cloud.php HTTP/1.1" 301 - "-" "Mozilla/5.0 (Windows NT 10.0; Win64; x64) AppleWebKit/537.36 (KHTML, like Gecko) Chrome/120.0.0.0 Safari/537.36"
20.200.222.0 - - [31/Mar/2026:21:08:45 +0000] "GET /.well-known/acme-challenge/cloud.php HTTP/1.1" 301 - "-" "Mozilla/5.0 (Windows NT 10.0; Win64; x64) AppleWebKit/537.36 (KHTML, like Gecko) Chrome/120.0.0.0 Safari/537.36"
20.200.222.0 - - [31/Mar/2026:21:08:45 +0000] "GET /.well-known/pki-validation/xmrlpc.php?p= HTTP/1.1" 301 - "-" "Mozilla/5.0 (Windows NT 10.0; Win64; x64) AppleWebKit/537.36 (KHTML, like Gecko) Chrome/120.0.0.0 Safari/537.36"
20.200.222.0 - - [31/Mar/2026:21:08:46 +0000] "GET /.well-known/acme-challenge/xmrlpc.php?p= HTTP/1.1" 301 - "-" "Mozilla/5.0 (Windows NT 10.0; Win64; x64) AppleWebKit/537.36 (KHTML, like Gecko) Chrome/120.0.0.0 Safari/537.36"
182.42.104.32 - - [31/Mar/2026:21:17:55 +0000] "GET / HTTP/1.1" 200 28002 "http://www.iira.nz" "Mozilla/5.0 (iPhone; CPU iPhone OS 13_2_3 like Mac OS X) AppleWebKit/605.1.15 (KHTML, like Gecko) Version/13.0.3 Mobile/15E148 Safari/604.1"
141.98.11.44 - - [31/Mar/2026:21:25:12 +0000] "GET /wp-includes/sodium_compat/src/Core/SecretStream/State.php HTTP/1.1" 200 - "-" "Mozilla/5.0 (Windows NT 10.0; Win64; x64) AppleWebKit/537.36"
66.249.70.160 - - [31/Mar/2026:21:26:40 +0000] "GET /?p=3855 HTTP/1.1" 301 - "-" "Mozilla/5.0 (Linux; Android 6.0.1; Nexus 5X Build/MMB29P) AppleWebKit/537.36 (KHTML, like Gecko) Chrome/146.0.7680.164 Mobile Safari/537.36 (compatible; Googlebot/2.1; +http://www.google.com/bot.html)"
66.249.70.161 - - [31/Mar/2026:21:26:43 +0000] "GET /2026/02/25/nz-casino-guide/ HTTP/1.1" 200 32229 "-" "Mozilla/5.0 (Linux; Android 6.0.1; Nexus 5X Build/MMB29P) AppleWebKit/537.36 (KHTML, like Gecko) Chrome/146.0.7680.164 Mobile Safari/537.36 (compatible; Googlebot/2.1; +http://www.google.com/bot.html)"
45.79.238.235 - - [31/Mar/2026:21:47:25 +0000] "POST /wp-cron.php?doing_wp_cron=1774993645.5832440853118896484375 HTTP/1.1" 200 - "-" "WordPress/6.9.4; https://iira.nz"
40.77.167.57 - - [31/Mar/2026:21:47:24 +0000] "GET /?p=6787 HTTP/1.1" 301 - "-" "Mozilla/5.0 AppleWebKit/537.36 (KHTML, like Gecko; compatible; bingbot/2.0; +http://www.bing.com/bingbot.htm) Chrome/116.0.1938.76 Safari/537.36"
52.167.144.182 - - [31/Mar/2026:21:49:40 +0000] "GET /?p=1762 HTTP/1.1" 301 - "-" "Mozilla/5.0 AppleWebKit/537.36 (KHTML, like Gecko; compatible; bingbot/2.0; +http://www.bing.com/bingbot.htm) Chrome/116.0.1938.76 Safari/537.36"
111.90.182.134 - - [31/Mar/2026:21:53:26 +0000] "GET / HTTP/1.1" 200 28002 "-" "Mozilla/5.0 (Windows NT 10.0; Win64; x64) AppleWebKit/537.36 (KHTML, like Gecko) Chrome/146.0.0.0 Safari/537.36"
40.77.167.57 - - [31/Mar/2026:21:55:15 +0000] "GET /?p=4625 HTTP/1.1" 301 - "-" "Mozilla/5.0 AppleWebKit/537.36 (KHTML, like Gecko; compatible; bingbot/2.0; +http://www.bing.com/bingbot.htm) Chrome/116.0.1938.76 Safari/537.36"
141.98.11.44 - - [31/Mar/2026:21:58:14 +0000] "GET /wp-includes/sodium_compat/src/Core/SecretStream/State.php HTTP/1.1" 200 - "-" "Mozilla/5.0 (Windows NT 10.0; Win64; x64) AppleWebKit/537.36"
40.77.167.16 - - [31/Mar/2026:22:12:02 +0000] "GET /?p=1619 HTTP/1.1" 301 - "-" "Mozilla/5.0 AppleWebKit/537.36 (KHTML, like Gecko; compatible; bingbot/2.0; +http://www.bing.com/bingbot.htm) Chrome/116.0.1938.76 Safari/537.36"
52.167.144.220 - - [31/Mar/2026:22:12:51 +0000] "GET /?p=7072 HTTP/1.1" 301 - "-" "Mozilla/5.0 AppleWebKit/537.36 (KHTML, like Gecko; compatible; bingbot/2.0; +http://www.bing.com/bingbot.htm) Chrome/116.0.1938.76 Safari/537.36"
40.77.167.16 - - [31/Mar/2026:22:13:52 +0000] "GET /?p=7146 HTTP/1.1" 301 - "-" "Mozilla/5.0 AppleWebKit/537.36 (KHTML, like Gecko; compatible; bingbot/2.0; +http://www.bing.com/bingbot.htm) Chrome/116.0.1938.76 Safari/537.36"
66.249.70.168 - - [31/Mar/2026:22:16:25 +0000] "GET /?p=4713 HTTP/1.1" 301 - "-" "Mozilla/5.0 (Linux; Android 6.0.1; Nexus 5X Build/MMB29P) AppleWebKit/537.36 (KHTML, like Gecko) Chrome/146.0.7680.164 Mobile Safari/537.36 (compatible; Googlebot/2.1; +http://www.google.com/bot.html)"
66.249.70.167 - - [31/Mar/2026:22:16:26 +0000] "GET /2026/02/25/-1-deposit-casino-new-australia/ HTTP/1.1" 404 23862 "-" "Mozilla/5.0 (Linux; Android 6.0.1; Nexus 5X Build/MMB29P) AppleWebKit/537.36 (KHTML, like Gecko) Chrome/146.0.7680.164 Mobile Safari/537.36 (compatible; Googlebot/2.1; +http://www.google.com/bot.html)"
40.77.167.155 - - [31/Mar/2026:22:19:22 +0000] "GET /?p=5819 HTTP/1.1" 301 - "-" "Mozilla/5.0 AppleWebKit/537.36 (KHTML, like Gecko; compatible; bingbot/2.0; +http://www.bing.com/bingbot.htm) Chrome/116.0.1938.76 Safari/537.36"
43.157.98.187 - - [31/Mar/2026:22:24:43 +0000] "GET / HTTP/1.1" 200 28002 "http://iira.nz" "Mozilla/5.0 (iPhone; CPU iPhone OS 13_2_3 like Mac OS X) AppleWebKit/605.1.15 (KHTML, like Gecko) Version/13.0.3 Mobile/15E148 Safari/604.1"
223.233.78.224 - - [31/Mar/2026:22:25:38 +0000] "GET / HTTP/1.1" 200 28002 "http://iira.nz" "Mozilla/5.0 (Windows NT 10.0; Win64; x64) AppleWebKit/537.36 (KHTML, like Gecko) Chrome/114.0.0.0 YaBrowser/22.7.0 Yowser/2.5 Safari/537.36"
223.233.78.224 - - [31/Mar/2026:22:25:39 +0000] "GET /contact-us/ HTTP/1.1" 200 38458 "http://iira.nz" "Mozilla/5.0 (Windows NT 10.0; Win64; x64) AppleWebKit/537.36 (KHTML, like Gecko) Chrome/114.0.0.0 YaBrowser/22.7.0 Yowser/2.5 Safari/537.36"
141.98.11.44 - - [31/Mar/2026:22:32:48 +0000] "GET /wp-includes/sodium_compat/src/Core/SecretStream/State.php HTTP/1.1" 200 - "-" "Mozilla/5.0 (Windows NT 10.0; Win64; x64) AppleWebKit/537.36"
45.79.238.235 - - [31/Mar/2026:22:35:52 +0000] "POST /wp-cron.php?doing_wp_cron=1774996552.1594231128692626953125 HTTP/1.1" 200 - "-" "WordPress/6.9.4; https://iira.nz"
66.249.70.169 - - [31/Mar/2026:22:35:51 +0000] "GET /?p=3955 HTTP/1.1" 301 - "-" "Mozilla/5.0 (Linux; Android 6.0.1; Nexus 5X Build/MMB29P) AppleWebKit/537.36 (KHTML, like Gecko) Chrome/146.0.7680.164 Mobile Safari/537.36 (compatible; Googlebot/2.1; +http://www.google.com/bot.html)"
66.249.70.167 - - [31/Mar/2026:22:36:06 +0000] "GET /2026/02/25/no-deposit-bonus-codes-au-and-free-spins/ HTTP/1.1" 200 34169 "-" "Mozilla/5.0 (Linux; Android 6.0.1; Nexus 5X Build/MMB29P) AppleWebKit/537.36 (KHTML, like Gecko) Chrome/146.0.7680.164 Mobile Safari/537.36 (compatible; Googlebot/2.1; +http://www.google.com/bot.html)"
66.249.70.169 - - [31/Mar/2026:22:51:59 +0000] "GET /?p=6968 HTTP/1.1" 301 - "-" "Mozilla/5.0 (Linux; Android 6.0.1; Nexus 5X Build/MMB29P) AppleWebKit/537.36 (KHTML, like Gecko) Chrome/146.0.7680.164 Mobile Safari/537.36 (compatible; Googlebot/2.1; +http://www.google.com/bot.html)"
66.249.70.168 - - [31/Mar/2026:22:52:00 +0000] "GET /2026/02/25/best-online-casino-nz-paypal/ HTTP/1.1" 200 33554 "-" "Mozilla/5.0 (Linux; Android 6.0.1; Nexus 5X Build/MMB29P) AppleWebKit/537.36 (KHTML, like Gecko) Chrome/146.0.7680.164 Mobile Safari/537.36 (compatible; Googlebot/2.1; +http://www.google.com/bot.html)"
66.249.70.169 - - [31/Mar/2026:22:53:14 +0000] "GET /?p=7829 HTTP/1.1" 301 - "-" "Mozilla/5.0 (Linux; Android 6.0.1; Nexus 5X Build/MMB29P) AppleWebKit/537.36 (KHTML, like Gecko) Chrome/146.0.7680.164 Mobile Safari/537.36 (compatible; Googlebot/2.1; +http://www.google.com/bot.html)"
66.249.70.167 - - [31/Mar/2026:22:53:18 +0000] "GET /2026/02/25/european-roulette-hints-nz/ HTTP/1.1" 200 32877 "-" "Mozilla/5.0 (Linux; Android 6.0.1; Nexus 5X Build/MMB29P) AppleWebKit/537.36 (KHTML, like Gecko) Chrome/146.0.7680.164 Mobile Safari/537.36 (compatible; Googlebot/2.1; +http://www.google.com/bot.html)"
66.249.70.167 - - [31/Mar/2026:22:53:32 +0000] "GET /?p=5848 HTTP/1.1" 301 - "-" "Mozilla/5.0 (Linux; Android 6.0.1; Nexus 5X Build/MMB29P) AppleWebKit/537.36 (KHTML, like Gecko) Chrome/146.0.7680.164 Mobile Safari/537.36 (compatible; Googlebot/2.1; +http://www.google.com/bot.html)"
66.249.70.167 - - [31/Mar/2026:22:53:32 +0000] "GET /2026/02/25/gambling-for-nz-players/ HTTP/1.1" 200 33465 "-" "Mozilla/5.0 (Linux; Android 6.0.1; Nexus 5X Build/MMB29P) AppleWebKit/537.36 (KHTML, like Gecko) Chrome/146.0.7680.164 Mobile Safari/537.36 (compatible; Googlebot/2.1; +http://www.google.com/bot.html)"
66.249.70.167 - - [31/Mar/2026:22:56:44 +0000] "GET /2026/02/25/money-pokies-sydney/ HTTP/1.1" 200 32665 "-" "Mozilla/5.0 (Linux; Android 6.0.1; Nexus 5X Build/MMB29P) AppleWebKit/537.36 (KHTML, like Gecko) Chrome/146.0.7680.164 Mobile Safari/537.36 (compatible; Googlebot/2.1; +http://www.google.com/bot.html)"
141.98.11.44 - - [31/Mar/2026:23:07:49 +0000] "GET /wp-includes/sodium_compat/src/Core/SecretStream/State.php HTTP/1.1" 200 - "-" "Mozilla/5.0 (Windows NT 10.0; Win64; x64) AppleWebKit/537.36"
cải xoăn