40.77.167.235 - - [31/Mar/2026:16:39:18 +0000] "GET /products/detail/260265848 HTTP/1.1" 200 193730 "-" "Mozilla/5.0 AppleWebKit/537.36 (KHTML, like Gecko; compatible; bingbot/2.0; +http://www.bing.com/bingbot.htm) Chrome/116.0.1938.76 Safari/537.36"
40.77.167.42 - - [31/Mar/2026:16:39:20 +0000] "GET /products/detail/224201838 HTTP/1.1" 200 193639 "-" "Mozilla/5.0 AppleWebKit/537.36 (KHTML, like Gecko; compatible; bingbot/2.0; +http://www.bing.com/bingbot.htm) Chrome/116.0.1938.76 Safari/537.36"
40.77.167.235 - - [31/Mar/2026:16:39:28 +0000] "GET /products/detail/162305010 HTTP/1.1" 200 193062 "-" "Mozilla/5.0 AppleWebKit/537.36 (KHTML, like Gecko; compatible; bingbot/2.0; +http://www.bing.com/bingbot.htm) Chrome/116.0.1938.76 Safari/537.36"
40.77.167.235 - - [31/Mar/2026:16:39:29 +0000] "GET /products/detail/172369717 HTTP/1.1" 200 195463 "-" "Mozilla/5.0 AppleWebKit/537.36 (KHTML, like Gecko; compatible; bingbot/2.0; +http://www.bing.com/bingbot.htm) Chrome/116.0.1938.76 Safari/537.36"
20.15.133.162 - - [31/Mar/2026:16:39:33 +0000] "GET /products/detail/234246404 HTTP/1.1" 200 222273 "-" "Mozilla/5.0 AppleWebKit/537.36 (KHTML, like Gecko; compatible; bingbot/2.0; +http://www.bing.com/bingbot.htm) Chrome/116.0.1938.76 Safari/537.36"
52.167.144.218 - - [31/Mar/2026:16:39:36 +0000] "GET /products/detail/310407767 HTTP/1.1" 200 200743 "-" "Mozilla/5.0 AppleWebKit/537.36 (KHTML, like Gecko; compatible; bingbot/2.0; +http://www.bing.com/bingbot.htm) Chrome/116.0.1938.76 Safari/537.36"
40.77.167.42 - - [31/Mar/2026:16:39:45 +0000] "GET /products/detail/304740707 HTTP/1.1" 200 193194 "-" "Mozilla/5.0 AppleWebKit/537.36 (KHTML, like Gecko; compatible; bingbot/2.0; +http://www.bing.com/bingbot.htm) Chrome/116.0.1938.76 Safari/537.36"
66.249.79.169 - - [31/Mar/2026:16:40:00 +0000] "GET /products/detail/112243858 HTTP/1.1" 200 194859 "-" "Mozilla/5.0 (Linux; Android 6.0.1; Nexus 5X Build/MMB29P) AppleWebKit/537.36 (KHTML, like Gecko) Chrome/146.0.7680.153 Mobile Safari/537.36 (compatible; Googlebot/2.1; +http://www.google.com/bot.html)"
40.77.167.42 - - [31/Mar/2026:16:40:05 +0000] "GET /products/detail/197627535 HTTP/1.1" 200 196185 "-" "Mozilla/5.0 AppleWebKit/537.36 (KHTML, like Gecko; compatible; bingbot/2.0; +http://www.bing.com/bingbot.htm) Chrome/116.0.1938.76 Safari/537.36"
124.198.131.108 - - [31/Mar/2026:16:40:21 +0000] "GET / HTTP/1.1" 200 89860 "-" "Mozilla/5.0 (iPhone; CPU iPhone OS 18_7 like Mac OS X) AppleWebKit/605.1.15 (KHTML, like Gecko) Version/26.3 Mobile/15E148 Safari/604.1"
45.79.238.235 - - [31/Mar/2026:16:40:21 +0000] "POST /wp-cron.php?doing_wp_cron=1774975221.0024120807647705078125 HTTP/1.1" 200 - "-" "WordPress/6.9.4; https://juiceelectrical.co.nz"
85.172.95.22 - - [31/Mar/2026:16:40:19 +0000] "GET /testimonials/ HTTP/1.1" 404 40860 "-" "Mozilla/5.0 (Macintosh; Intel Mac OS X 14_6_1) AppleWebKit/537.36 (KHTML, like Gecko) Chrome/127.0.6533.72 Safari/537.36"
40.77.167.42 - - [31/Mar/2026:16:40:26 +0000] "GET /products/detail/177887040 HTTP/1.1" 200 203095 "-" "Mozilla/5.0 AppleWebKit/537.36 (KHTML, like Gecko; compatible; bingbot/2.0; +http://www.bing.com/bingbot.htm) Chrome/116.0.1938.76 Safari/537.36"
40.77.167.42 - - [31/Mar/2026:16:40:27 +0000] "GET /products/detail/251262242 HTTP/1.1" 200 195791 "-" "Mozilla/5.0 AppleWebKit/537.36 (KHTML, like Gecko; compatible; bingbot/2.0; +http://www.bing.com/bingbot.htm) Chrome/116.0.1938.76 Safari/537.36"
40.77.167.235 - - [31/Mar/2026:16:40:48 +0000] "GET /products/detail/188175848 HTTP/1.1" 200 201905 "-" "Mozilla/5.0 AppleWebKit/537.36 (KHTML, like Gecko; compatible; bingbot/2.0; +http://www.bing.com/bingbot.htm) Chrome/116.0.1938.76 Safari/537.36"
52.167.144.218 - - [31/Mar/2026:16:41:25 +0000] "GET /products/detail/183068808 HTTP/1.1" 200 205859 "-" "Mozilla/5.0 AppleWebKit/537.36 (KHTML, like Gecko; compatible; bingbot/2.0; +http://www.bing.com/bingbot.htm) Chrome/116.0.1938.76 Safari/537.36"
40.77.167.235 - - [31/Mar/2026:16:41:49 +0000] "GET /products/detail/213363929 HTTP/1.1" 200 217692 "-" "Mozilla/5.0 AppleWebKit/537.36 (KHTML, like Gecko; compatible; bingbot/2.0; +http://www.bing.com/bingbot.htm) Chrome/116.0.1938.76 Safari/537.36"
40.77.167.235 - - [31/Mar/2026:16:41:49 +0000] "GET /products/detail/257352989 HTTP/1.1" 200 200851 "-" "Mozilla/5.0 AppleWebKit/537.36 (KHTML, like Gecko; compatible; bingbot/2.0; +http://www.bing.com/bingbot.htm) Chrome/116.0.1938.76 Safari/537.36"
52.167.144.218 - - [31/Mar/2026:16:41:56 +0000] "GET /products/detail/240788151 HTTP/1.1" 200 218964 "-" "Mozilla/5.0 AppleWebKit/537.36 (KHTML, like Gecko; compatible; bingbot/2.0; +http://www.bing.com/bingbot.htm) Chrome/116.0.1938.76 Safari/537.36"
40.77.167.235 - - [31/Mar/2026:16:41:59 +0000] "GET /products/detail/185514989 HTTP/1.1" 200 191625 "-" "Mozilla/5.0 AppleWebKit/537.36 (KHTML, like Gecko; compatible; bingbot/2.0; +http://www.bing.com/bingbot.htm) Chrome/116.0.1938.76 Safari/537.36"
20.15.133.162 - - [31/Mar/2026:16:42:04 +0000] "GET /products/detail/240156929 HTTP/1.1" 200 202045 "-" "Mozilla/5.0 AppleWebKit/537.36 (KHTML, like Gecko; compatible; bingbot/2.0; +http://www.bing.com/bingbot.htm) Chrome/116.0.1938.76 Safari/537.36"
40.77.167.42 - - [31/Mar/2026:16:42:25 +0000] "GET /products/detail/150226909 HTTP/1.1" 200 190476 "-" "Mozilla/5.0 AppleWebKit/537.36 (KHTML, like Gecko; compatible; bingbot/2.0; +http://www.bing.com/bingbot.htm) Chrome/116.0.1938.76 Safari/537.36"
52.167.144.218 - - [31/Mar/2026:16:42:36 +0000] "GET /products/detail/188615151 HTTP/1.1" 200 197588 "-" "Mozilla/5.0 AppleWebKit/537.36 (KHTML, like Gecko; compatible; bingbot/2.0; +http://www.bing.com/bingbot.htm) Chrome/116.0.1938.76 Safari/537.36"
20.15.133.162 - - [31/Mar/2026:16:43:03 +0000] "GET /products/detail/247362767 HTTP/1.1" 200 203735 "-" "Mozilla/5.0 AppleWebKit/537.36 (KHTML, like Gecko; compatible; bingbot/2.0; +http://www.bing.com/bingbot.htm) Chrome/116.0.1938.76 Safari/537.36"
45.79.238.235 - - [31/Mar/2026:16:43:22 +0000] "POST /wp-cron.php?doing_wp_cron=1774975402.1200740337371826171875 HTTP/1.1" 200 - "-" "WordPress/6.9.4; https://juiceelectrical.co.nz"
113.163.155.58 - - [31/Mar/2026:16:43:21 +0000] "GET /heat-pumps-christchurch/ HTTP/1.1" 404 40369 "-" "Mozilla/5.0 (Windows NT 10.0; WOW64) AppleWebKit/537.36 (KHTML, like Gecko) Chrome/62.0.3202.9 Safari/537.36"
20.15.133.191 - - [31/Mar/2026:16:43:52 +0000] "GET /products/detail/155416858 HTTP/1.1" 200 191333 "-" "Mozilla/5.0 AppleWebKit/537.36 (KHTML, like Gecko; compatible; bingbot/2.0; +http://www.bing.com/bingbot.htm) Chrome/116.0.1938.76 Safari/537.36"
40.77.167.235 - - [31/Mar/2026:16:45:29 +0000] "GET /products/detail/272158000 HTTP/1.1" 200 196169 "-" "Mozilla/5.0 AppleWebKit/537.36 (KHTML, like Gecko; compatible; bingbot/2.0; +http://www.bing.com/bingbot.htm) Chrome/116.0.1938.76 Safari/537.36"
45.79.238.235 - - [31/Mar/2026:16:45:30 +0000] "POST /wp-cron.php?doing_wp_cron=1774975530.8603289127349853515625 HTTP/1.1" 200 - "-" "WordPress/6.9.4; https://juiceelectrical.co.nz"
3.225.26.116 - - [31/Mar/2026:16:45:29 +0000] "GET /motor-control-upgrades/ HTTP/1.1" 200 58637 "-" "Mozilla/5.0 AppleWebKit/605.1.15 (KHTML, like Gecko) Chrome/139.0.0.0 Safari/605.1.15"
45.79.238.235 - - [31/Mar/2026:16:45:57 +0000] "POST /wp-cron.php?doing_wp_cron=1774975557.8557190895080566406250 HTTP/1.1" 200 - "-" "WordPress/6.9.4; https://juiceelectrical.co.nz"
222.253.199.111 - - [31/Mar/2026:16:45:56 +0000] "GET /blog/the-power-of-a-smart-electrical-plan/tel:0800277275 HTTP/1.1" 404 40924 "-" "Mozilla/5.0 (Windows NT 10.0; WOW64) AppleWebKit/537.36 (KHTML, like Gecko) Chrome/79.0.3945.130 Safari/537.36 AOLShield/79.0.3945.5"
20.15.133.162 - - [31/Mar/2026:16:46:14 +0000] "GET /products/detail/199277232 HTTP/1.1" 200 202828 "-" "Mozilla/5.0 AppleWebKit/537.36 (KHTML, like Gecko; compatible; bingbot/2.0; +http://www.bing.com/bingbot.htm) Chrome/116.0.1938.76 Safari/537.36"
40.77.167.14 - - [31/Mar/2026:16:46:16 +0000] "GET /products/detail/183481444 HTTP/1.1" 200 197766 "-" "Mozilla/5.0 AppleWebKit/537.36 (KHTML, like Gecko; compatible; bingbot/2.0; +http://www.bing.com/bingbot.htm) Chrome/116.0.1938.76 Safari/537.36"
40.77.167.14 - - [31/Mar/2026:16:46:26 +0000] "GET /products/detail/314848717 HTTP/1.1" 200 198448 "-" "Mozilla/5.0 AppleWebKit/537.36 (KHTML, like Gecko; compatible; bingbot/2.0; +http://www.bing.com/bingbot.htm) Chrome/116.0.1938.76 Safari/537.36"
40.77.167.14 - - [31/Mar/2026:16:46:27 +0000] "GET /products/detail/257519151 HTTP/1.1" 200 190724 "-" "Mozilla/5.0 AppleWebKit/537.36 (KHTML, like Gecko; compatible; bingbot/2.0; +http://www.bing.com/bingbot.htm) Chrome/116.0.1938.76 Safari/537.36"
40.77.167.235 - - [31/Mar/2026:16:46:31 +0000] "GET /products/detail/191798565 HTTP/1.1" 200 203570 "-" "Mozilla/5.0 AppleWebKit/537.36 (KHTML, like Gecko; compatible; bingbot/2.0; +http://www.bing.com/bingbot.htm) Chrome/116.0.1938.76 Safari/537.36"
40.77.167.235 - - [31/Mar/2026:16:46:32 +0000] "GET /products/detail/290789787 HTTP/1.1" 200 196544 "-" "Mozilla/5.0 AppleWebKit/537.36 (KHTML, like Gecko; compatible; bingbot/2.0; +http://www.bing.com/bingbot.htm) Chrome/116.0.1938.76 Safari/537.36"
52.167.144.166 - - [31/Mar/2026:16:46:36 +0000] "GET /products/detail/144086313 HTTP/1.1" 200 192720 "-" "Mozilla/5.0 AppleWebKit/537.36 (KHTML, like Gecko; compatible; bingbot/2.0; +http://www.bing.com/bingbot.htm) Chrome/116.0.1938.76 Safari/537.36"
40.77.167.14 - - [31/Mar/2026:16:46:47 +0000] "GET /products/detail/236768535 HTTP/1.1" 200 206125 "-" "Mozilla/5.0 AppleWebKit/537.36 (KHTML, like Gecko; compatible; bingbot/2.0; +http://www.bing.com/bingbot.htm) Chrome/116.0.1938.76 Safari/537.36"
40.77.167.235 - - [31/Mar/2026:16:46:51 +0000] "GET /products/detail/210970252 HTTP/1.1" 200 191700 "-" "Mozilla/5.0 AppleWebKit/537.36 (KHTML, like Gecko; compatible; bingbot/2.0; +http://www.bing.com/bingbot.htm) Chrome/116.0.1938.76 Safari/537.36"
20.15.133.191 - - [31/Mar/2026:16:46:52 +0000] "GET /products/detail/301638383 HTTP/1.1" 200 192028 "-" "Mozilla/5.0 AppleWebKit/537.36 (KHTML, like Gecko; compatible; bingbot/2.0; +http://www.bing.com/bingbot.htm) Chrome/116.0.1938.76 Safari/537.36"
52.167.144.166 - - [31/Mar/2026:16:46:56 +0000] "GET /products/detail/236836585 HTTP/1.1" 200 198600 "-" "Mozilla/5.0 AppleWebKit/537.36 (KHTML, like Gecko; compatible; bingbot/2.0; +http://www.bing.com/bingbot.htm) Chrome/116.0.1938.76 Safari/537.36"
169.224.68.40 - - [31/Mar/2026:16:46:58 +0000] "GET /electricians-lincoln/ HTTP/1.1" 200 188730 "-" "Mozilla/5.0 (Macintosh; Intel Mac OS X 10_7_3) AppleWebKit/537.36 (KHTML, like Gecko, Mediapartners-Google) Chrome/89.0.4389.93 Safari/537.36"
45.79.238.235 - - [31/Mar/2026:16:47:03 +0000] "POST /wp-cron.php?doing_wp_cron=1774975623.2345139980316162109375 HTTP/1.1" 200 - "-" "WordPress/6.9.4; https://juiceelectrical.co.nz"
196.189.182.128 - - [31/Mar/2026:16:47:02 +0000] "GET /test-and-tag/embed/ HTTP/1.1" 200 21504 "-" "Mozilla/5.0 (Macintosh; Intel Mac OS X 10_14_6) AppleWebKit/537.36 (KHTML, like Gecko) Chrome/88.0.4324.146 Safari/537.36"
20.15.133.162 - - [31/Mar/2026:16:47:44 +0000] "GET /products/detail/308128303 HTTP/1.1" 200 192936 "-" "Mozilla/5.0 AppleWebKit/537.36 (KHTML, like Gecko; compatible; bingbot/2.0; +http://www.bing.com/bingbot.htm) Chrome/116.0.1938.76 Safari/537.36"
40.77.167.14 - - [31/Mar/2026:16:47:47 +0000] "GET /products/detail/280639141 HTTP/1.1" 200 203851 "-" "Mozilla/5.0 AppleWebKit/537.36 (KHTML, like Gecko; compatible; bingbot/2.0; +http://www.bing.com/bingbot.htm) Chrome/116.0.1938.76 Safari/537.36"
45.79.238.235 - - [31/Mar/2026:16:48:27 +0000] "POST /wp-cron.php?doing_wp_cron=1774975707.7181110382080078125000 HTTP/1.1" 200 - "-" "WordPress/6.9.4; https://juiceelectrical.co.nz"
14.239.22.117 - - [31/Mar/2026:16:48:26 +0000] "GET /blog/do-i-need-an-electrical-renovation-specialist-for-my-rebuild/tel:033796644 HTTP/1.1" 404 40956 "-" "Mozilla/5.0 (Windows NT 6.1) AppleWebKit/537.36 (KHTML, like Gecko) Chrome/95.0.4638.69 Safari/537.36"
89.43.132.165 - - [31/Mar/2026:16:48:33 +0000] "GET /blog/a-guide-to-meeting-new-zealands-healthy-homes-standards-by-2025/tel:0800277275 HTTP/1.1" 404 40960 "-" "Mozilla/5.0 (Macintosh; Intel Mac OS X 10_15_6) AppleWebKit/537.36 (KHTML, like Gecko) Brave Chrome/83.0.4103.106 Safari/537.36"
45.79.238.235 - - [31/Mar/2026:16:48:50 +0000] "POST /wp-cron.php?doing_wp_cron=1774975730.4093708992004394531250 HTTP/1.1" 200 - "-" "WordPress/6.9.4; https://juiceelectrical.co.nz"
14.191.44.217 - - [31/Mar/2026:16:48:49 +0000] "GET /electricians-christchurch/ HTTP/1.1" 404 40373 "-" "Mozilla/5.0 (Macintosh; Intel Mac OS X 10_12_6) AppleWebKit/537.36 (KHTML, like Gecko) Chrome/86.0.4240.183 Safari/537.36"
20.15.133.184 - - [31/Mar/2026:16:49:04 +0000] "GET /products/detail/287193737 HTTP/1.1" 200 187725 "-" "Mozilla/5.0 AppleWebKit/537.36 (KHTML, like Gecko; compatible; bingbot/2.0; +http://www.bing.com/bingbot.htm) Chrome/116.0.1938.76 Safari/537.36"
2a03:2880:21ff:b:: - - [31/Mar/2026:16:49:27 +0000] "GET /meta.json HTTP/1.1" 304 - "-" "facebookexternalhit/1.1 (+http://www.facebook.com/externalhit_uatext.php)"
20.15.133.191 - - [31/Mar/2026:16:50:12 +0000] "GET /products/detail/279125010 HTTP/1.1" 200 189278 "-" "Mozilla/5.0 AppleWebKit/537.36 (KHTML, like Gecko; compatible; bingbot/2.0; +http://www.bing.com/bingbot.htm) Chrome/116.0.1938.76 Safari/537.36"
52.167.144.166 - - [31/Mar/2026:16:50:26 +0000] "GET /products/detail/231863202 HTTP/1.1" 200 193985 "-" "Mozilla/5.0 AppleWebKit/537.36 (KHTML, like Gecko; compatible; bingbot/2.0; +http://www.bing.com/bingbot.htm) Chrome/116.0.1938.76 Safari/537.36"
40.77.167.44 - - [31/Mar/2026:16:50:31 +0000] "GET /products/detail/156328888 HTTP/1.1" 200 202587 "-" "Mozilla/5.0 AppleWebKit/537.36 (KHTML, like Gecko; compatible; bingbot/2.0; +http://www.bing.com/bingbot.htm) Chrome/116.0.1938.76 Safari/537.36"
20.15.133.191 - - [31/Mar/2026:16:50:33 +0000] "GET /products/detail/33400030 HTTP/1.1" 200 194711 "-" "Mozilla/5.0 AppleWebKit/537.36 (KHTML, like Gecko; compatible; bingbot/2.0; +http://www.bing.com/bingbot.htm) Chrome/116.0.1938.76 Safari/537.36"
37.187.226.44 - - [31/Mar/2026:16:50:35 +0000] "GET / HTTP/1.1" 200 89860 "-" "Mozilla/5.0 (X11; Linux i686) AppleWebKit/537.36 (KHTML, like Gecko) Chrome/114.0.0.0 Safari/537.36 Vivaldi/5.3.2679.68"
40.77.167.14 - - [31/Mar/2026:16:50:37 +0000] "GET /products/detail/262667949 HTTP/1.1" 200 202466 "-" "Mozilla/5.0 AppleWebKit/537.36 (KHTML, like Gecko; compatible; bingbot/2.0; +http://www.bing.com/bingbot.htm) Chrome/116.0.1938.76 Safari/537.36"
45.79.238.235 - - [31/Mar/2026:16:50:40 +0000] "POST /wp-cron.php?doing_wp_cron=1774975840.6604390144348144531250 HTTP/1.1" 200 - "-" "WordPress/6.9.4; https://juiceelectrical.co.nz"
209.50.161.41 - - [31/Mar/2026:16:50:39 +0000] "GET /wp-admin/admin-ajax.php HTTP/1.1" 400 1 "https://juiceelectrical.co.nz/" "Mozilla/5.0 (Windows NT 6.3; Win64; x64) AppleWebKit/537.36 (KHTML, like Gecko) Chrome/103.0.0.0 Safari/537.36"
40.77.167.44 - - [31/Mar/2026:16:50:42 +0000] "GET /products/detail/198728343 HTTP/1.1" 200 193368 "-" "Mozilla/5.0 AppleWebKit/537.36 (KHTML, like Gecko; compatible; bingbot/2.0; +http://www.bing.com/bingbot.htm) Chrome/116.0.1938.76 Safari/537.36"
209.50.161.41 - - [31/Mar/2026:16:50:41 +0000] "GET /wp-admin/admin-ajax.php?action=register HTTP/1.1" 400 1 "https://juiceelectrical.co.nz/wp-admin/admin-ajax.php" "Mozilla/5.0 (Windows NT 6.3; Win64; x64) AppleWebKit/537.36 (KHTML, like Gecko) Chrome/103.0.0.0 Safari/537.36"
40.77.167.14 - - [31/Mar/2026:16:50:46 +0000] "GET /products/detail/251185525 HTTP/1.1" 200 203369 "-" "Mozilla/5.0 AppleWebKit/537.36 (KHTML, like Gecko; compatible; bingbot/2.0; +http://www.bing.com/bingbot.htm) Chrome/116.0.1938.76 Safari/537.36"
52.167.144.166 - - [31/Mar/2026:16:50:47 +0000] "GET /products/detail/236452525 HTTP/1.1" 200 198509 "-" "Mozilla/5.0 AppleWebKit/537.36 (KHTML, like Gecko; compatible; bingbot/2.0; +http://www.bing.com/bingbot.htm) Chrome/116.0.1938.76 Safari/537.36"
40.77.167.14 - - [31/Mar/2026:16:50:47 +0000] "GET /products/detail/276778585 HTTP/1.1" 200 189863 "-" "Mozilla/5.0 AppleWebKit/537.36 (KHTML, like Gecko; compatible; bingbot/2.0; +http://www.bing.com/bingbot.htm) Chrome/116.0.1938.76 Safari/537.36"
20.15.133.184 - - [31/Mar/2026:16:50:55 +0000] "GET /products/detail/221068030 HTTP/1.1" 200 191188 "-" "Mozilla/5.0 AppleWebKit/537.36 (KHTML, like Gecko; compatible; bingbot/2.0; +http://www.bing.com/bingbot.htm) Chrome/116.0.1938.76 Safari/537.36"
52.167.144.166 - - [31/Mar/2026:16:50:57 +0000] "GET /products/detail/198776949 HTTP/1.1" 200 193566 "-" "Mozilla/5.0 AppleWebKit/537.36 (KHTML, like Gecko; compatible; bingbot/2.0; +http://www.bing.com/bingbot.htm) Chrome/116.0.1938.76 Safari/537.36"
52.167.144.166 - - [31/Mar/2026:16:50:58 +0000] "GET /products/detail/210824454 HTTP/1.1" 200 189070 "-" "Mozilla/5.0 AppleWebKit/537.36 (KHTML, like Gecko; compatible; bingbot/2.0; +http://www.bing.com/bingbot.htm) Chrome/116.0.1938.76 Safari/537.36"
52.167.144.166 - - [31/Mar/2026:16:50:58 +0000] "GET /products/detail/195323181 HTTP/1.1" 200 192033 "-" "Mozilla/5.0 AppleWebKit/537.36 (KHTML, like Gecko; compatible; bingbot/2.0; +http://www.bing.com/bingbot.htm) Chrome/116.0.1938.76 Safari/537.36"
40.77.167.44 - - [31/Mar/2026:16:50:59 +0000] "GET /products/detail/213885131 HTTP/1.1" 200 189030 "-" "Mozilla/5.0 AppleWebKit/537.36 (KHTML, like Gecko; compatible; bingbot/2.0; +http://www.bing.com/bingbot.htm) Chrome/116.0.1938.76 Safari/537.36"
40.77.167.44 - - [31/Mar/2026:16:51:01 +0000] "GET /products/detail/258996050 HTTP/1.1" 200 209769 "-" "Mozilla/5.0 AppleWebKit/537.36 (KHTML, like Gecko; compatible; bingbot/2.0; +http://www.bing.com/bingbot.htm) Chrome/116.0.1938.76 Safari/537.36"
40.77.167.14 - - [31/Mar/2026:16:51:06 +0000] "GET /products/detail/173020858 HTTP/1.1" 200 196349 "-" "Mozilla/5.0 AppleWebKit/537.36 (KHTML, like Gecko; compatible; bingbot/2.0; +http://www.bing.com/bingbot.htm) Chrome/116.0.1938.76 Safari/537.36"
20.15.133.184 - - [31/Mar/2026:16:51:24 +0000] "GET /products/detail/173186787 HTTP/1.1" 200 200411 "-" "Mozilla/5.0 AppleWebKit/537.36 (KHTML, like Gecko; compatible; bingbot/2.0; +http://www.bing.com/bingbot.htm) Chrome/116.0.1938.76 Safari/537.36"
20.125.163.80 - - [31/Mar/2026:16:51:36 +0000] "GET /products/detail/312321515 HTTP/1.1" 200 203929 "-" "Mozilla/5.0 AppleWebKit/537.36 (KHTML, like Gecko; compatible; bingbot/2.0; +http://www.bing.com/bingbot.htm) Chrome/116.0.1938.76 Safari/537.36"
40.77.167.14 - - [31/Mar/2026:16:51:37 +0000] "GET /products/detail/166316202 HTTP/1.1" 200 205267 "-" "Mozilla/5.0 AppleWebKit/537.36 (KHTML, like Gecko; compatible; bingbot/2.0; +http://www.bing.com/bingbot.htm) Chrome/116.0.1938.76 Safari/537.36"
40.77.167.14 - - [31/Mar/2026:16:51:38 +0000] "GET /products/detail/217680212 HTTP/1.1" 200 203780 "-" "Mozilla/5.0 AppleWebKit/537.36 (KHTML, like Gecko; compatible; bingbot/2.0; +http://www.bing.com/bingbot.htm) Chrome/116.0.1938.76 Safari/537.36"
40.77.167.44 - - [31/Mar/2026:16:51:41 +0000] "GET /products/detail/190538121 HTTP/1.1" 200 189923 "-" "Mozilla/5.0 AppleWebKit/537.36 (KHTML, like Gecko; compatible; bingbot/2.0; +http://www.bing.com/bingbot.htm) Chrome/116.0.1938.76 Safari/537.36"
20.15.133.184 - - [31/Mar/2026:16:51:44 +0000] "GET /products/detail/30469282 HTTP/1.1" 200 199105 "-" "Mozilla/5.0 AppleWebKit/537.36 (KHTML, like Gecko; compatible; bingbot/2.0; +http://www.bing.com/bingbot.htm) Chrome/116.0.1938.76 Safari/537.36"
52.167.144.166 - - [31/Mar/2026:16:51:46 +0000] "GET /products/detail/207020727 HTTP/1.1" 200 192645 "-" "Mozilla/5.0 AppleWebKit/537.36 (KHTML, like Gecko; compatible; bingbot/2.0; +http://www.bing.com/bingbot.htm) Chrome/116.0.1938.76 Safari/537.36"
40.77.167.44 - - [31/Mar/2026:16:52:19 +0000] "GET /products/detail/238118070 HTTP/1.1" 200 189572 "-" "Mozilla/5.0 AppleWebKit/537.36 (KHTML, like Gecko; compatible; bingbot/2.0; +http://www.bing.com/bingbot.htm) Chrome/116.0.1938.76 Safari/537.36"
40.77.167.44 - - [31/Mar/2026:16:52:20 +0000] "GET /products/detail/191948979 HTTP/1.1" 200 193441 "-" "Mozilla/5.0 AppleWebKit/537.36 (KHTML, like Gecko; compatible; bingbot/2.0; +http://www.bing.com/bingbot.htm) Chrome/116.0.1938.76 Safari/537.36"
40.77.167.44 - - [31/Mar/2026:16:52:22 +0000] "GET /products/detail/206878414 HTTP/1.1" 200 203357 "-" "Mozilla/5.0 AppleWebKit/537.36 (KHTML, like Gecko; compatible; bingbot/2.0; +http://www.bing.com/bingbot.htm) Chrome/116.0.1938.76 Safari/537.36"
20.15.133.191 - - [31/Mar/2026:16:52:22 +0000] "GET /products/detail/201554121 HTTP/1.1" 200 211649 "-" "Mozilla/5.0 AppleWebKit/537.36 (KHTML, like Gecko; compatible; bingbot/2.0; +http://www.bing.com/bingbot.htm) Chrome/116.0.1938.76 Safari/537.36"
20.15.133.184 - - [31/Mar/2026:16:52:27 +0000] "GET /products/detail/230707585 HTTP/1.1" 200 198637 "-" "Mozilla/5.0 AppleWebKit/537.36 (KHTML, like Gecko; compatible; bingbot/2.0; +http://www.bing.com/bingbot.htm) Chrome/116.0.1938.76 Safari/537.36"
52.167.144.166 - - [31/Mar/2026:16:52:36 +0000] "GET /products/detail/224055020 HTTP/1.1" 200 189582 "-" "Mozilla/5.0 AppleWebKit/537.36 (KHTML, like Gecko; compatible; bingbot/2.0; +http://www.bing.com/bingbot.htm) Chrome/116.0.1938.76 Safari/537.36"
52.167.144.166 - - [31/Mar/2026:16:52:37 +0000] "GET /products/detail/258409606 HTTP/1.1" 200 216190 "-" "Mozilla/5.0 AppleWebKit/537.36 (KHTML, like Gecko; compatible; bingbot/2.0; +http://www.bing.com/bingbot.htm) Chrome/116.0.1938.76 Safari/537.36"
20.125.163.80 - - [31/Mar/2026:16:52:46 +0000] "GET /products/detail/285586444 HTTP/1.1" 200 203108 "-" "Mozilla/5.0 AppleWebKit/537.36 (KHTML, like Gecko; compatible; bingbot/2.0; +http://www.bing.com/bingbot.htm) Chrome/116.0.1938.76 Safari/537.36"
52.167.144.166 - - [31/Mar/2026:16:52:46 +0000] "GET /products/detail/192158343 HTTP/1.1" 200 203702 "-" "Mozilla/5.0 AppleWebKit/537.36 (KHTML, like Gecko; compatible; bingbot/2.0; +http://www.bing.com/bingbot.htm) Chrome/116.0.1938.76 Safari/537.36"
52.167.144.166 - - [31/Mar/2026:16:52:47 +0000] "GET /products/detail/148503404 HTTP/1.1" 200 211133 "-" "Mozilla/5.0 AppleWebKit/537.36 (KHTML, like Gecko; compatible; bingbot/2.0; +http://www.bing.com/bingbot.htm) Chrome/116.0.1938.76 Safari/537.36"
40.77.167.44 - - [31/Mar/2026:16:52:50 +0000] "GET /products/detail/208141909 HTTP/1.1" 200 213423 "-" "Mozilla/5.0 AppleWebKit/537.36 (KHTML, like Gecko; compatible; bingbot/2.0; +http://www.bing.com/bingbot.htm) Chrome/116.0.1938.76 Safari/537.36"
40.77.167.14 - - [31/Mar/2026:16:52:51 +0000] "GET /products/detail/161058848 HTTP/1.1" 200 204198 "-" "Mozilla/5.0 AppleWebKit/537.36 (KHTML, like Gecko; compatible; bingbot/2.0; +http://www.bing.com/bingbot.htm) Chrome/116.0.1938.76 Safari/537.36"
40.77.167.14 - - [31/Mar/2026:16:52:53 +0000] "GET /products/detail/300096818 HTTP/1.1" 200 194678 "-" "Mozilla/5.0 AppleWebKit/537.36 (KHTML, like Gecko; compatible; bingbot/2.0; +http://www.bing.com/bingbot.htm) Chrome/116.0.1938.76 Safari/537.36"
40.77.167.14 - - [31/Mar/2026:16:52:54 +0000] "GET /products/detail/284327343 HTTP/1.1" 200 199598 "-" "Mozilla/5.0 AppleWebKit/537.36 (KHTML, like Gecko; compatible; bingbot/2.0; +http://www.bing.com/bingbot.htm) Chrome/116.0.1938.76 Safari/537.36"
40.77.167.14 - - [31/Mar/2026:16:52:55 +0000] "GET /products/detail/308729373 HTTP/1.1" 200 198041 "-" "Mozilla/5.0 AppleWebKit/537.36 (KHTML, like Gecko; compatible; bingbot/2.0; +http://www.bing.com/bingbot.htm) Chrome/116.0.1938.76 Safari/537.36"
40.77.167.14 - - [31/Mar/2026:16:52:56 +0000] "GET /products/detail/163541373 HTTP/1.1" 200 196951 "-" "Mozilla/5.0 AppleWebKit/537.36 (KHTML, like Gecko; compatible; bingbot/2.0; +http://www.bing.com/bingbot.htm) Chrome/116.0.1938.76 Safari/537.36"
52.167.144.166 - - [31/Mar/2026:16:52:57 +0000] "GET /products/detail/217677272 HTTP/1.1" 200 193329 "-" "Mozilla/5.0 AppleWebKit/537.36 (KHTML, like Gecko; compatible; bingbot/2.0; +http://www.bing.com/bingbot.htm) Chrome/116.0.1938.76 Safari/537.36"
40.77.167.14 - - [31/Mar/2026:16:52:57 +0000] "GET /products/detail/173435070 HTTP/1.1" 200 193586 "-" "Mozilla/5.0 AppleWebKit/537.36 (KHTML, like Gecko; compatible; bingbot/2.0; +http://www.bing.com/bingbot.htm) Chrome/116.0.1938.76 Safari/537.36"
52.167.144.166 - - [31/Mar/2026:16:52:57 +0000] "GET /products/detail/176707141 HTTP/1.1" 200 207420 "-" "Mozilla/5.0 AppleWebKit/537.36 (KHTML, like Gecko; compatible; bingbot/2.0; +http://www.bing.com/bingbot.htm) Chrome/116.0.1938.76 Safari/537.36"
52.167.144.166 - - [31/Mar/2026:16:52:58 +0000] "GET /products/detail/165798686 HTTP/1.1" 200 195111 "-" "Mozilla/5.0 AppleWebKit/537.36 (KHTML, like Gecko; compatible; bingbot/2.0; +http://www.bing.com/bingbot.htm) Chrome/116.0.1938.76 Safari/537.36"
40.77.167.44 - - [31/Mar/2026:16:53:09 +0000] "GET /products/detail/242840838 HTTP/1.1" 200 201989 "-" "Mozilla/5.0 AppleWebKit/537.36 (KHTML, like Gecko; compatible; bingbot/2.0; +http://www.bing.com/bingbot.htm) Chrome/116.0.1938.76 Safari/537.36"
40.77.167.44 - - [31/Mar/2026:16:53:10 +0000] "GET /products/detail/304719989 HTTP/1.1" 200 197313 "-" "Mozilla/5.0 AppleWebKit/537.36 (KHTML, like Gecko; compatible; bingbot/2.0; +http://www.bing.com/bingbot.htm) Chrome/116.0.1938.76 Safari/537.36"
40.77.167.44 - - [31/Mar/2026:16:53:11 +0000] "GET /products/detail/314907767 HTTP/1.1" 200 192062 "-" "Mozilla/5.0 AppleWebKit/537.36 (KHTML, like Gecko; compatible; bingbot/2.0; +http://www.bing.com/bingbot.htm) Chrome/116.0.1938.76 Safari/537.36"
40.77.167.44 - - [31/Mar/2026:16:53:12 +0000] "GET /products/detail/275294616 HTTP/1.1" 200 218438 "-" "Mozilla/5.0 AppleWebKit/537.36 (KHTML, like Gecko; compatible; bingbot/2.0; +http://www.bing.com/bingbot.htm) Chrome/116.0.1938.76 Safari/537.36"
40.77.167.14 - - [31/Mar/2026:16:53:16 +0000] "GET /products/detail/158730323 HTTP/1.1" 200 199276 "-" "Mozilla/5.0 AppleWebKit/537.36 (KHTML, like Gecko; compatible; bingbot/2.0; +http://www.bing.com/bingbot.htm) Chrome/116.0.1938.76 Safari/537.36"
40.77.167.14 - - [31/Mar/2026:16:53:17 +0000] "GET /products/detail/187744969 HTTP/1.1" 200 191769 "-" "Mozilla/5.0 AppleWebKit/537.36 (KHTML, like Gecko; compatible; bingbot/2.0; +http://www.bing.com/bingbot.htm) Chrome/116.0.1938.76 Safari/537.36"
40.77.167.14 - - [31/Mar/2026:16:53:18 +0000] "GET /products/detail/177266262 HTTP/1.1" 200 201052 "-" "Mozilla/5.0 AppleWebKit/537.36 (KHTML, like Gecko; compatible; bingbot/2.0; +http://www.bing.com/bingbot.htm) Chrome/116.0.1938.76 Safari/537.36"
52.167.144.166 - - [31/Mar/2026:16:53:26 +0000] "GET /products/detail/228518010 HTTP/1.1" 200 201458 "-" "Mozilla/5.0 AppleWebKit/537.36 (KHTML, like Gecko; compatible; bingbot/2.0; +http://www.bing.com/bingbot.htm) Chrome/116.0.1938.76 Safari/537.36"
52.167.144.166 - - [31/Mar/2026:16:53:27 +0000] "GET /products/detail/175251515 HTTP/1.1" 200 205797 "-" "Mozilla/5.0 AppleWebKit/537.36 (KHTML, like Gecko; compatible; bingbot/2.0; +http://www.bing.com/bingbot.htm) Chrome/116.0.1938.76 Safari/537.36"
52.167.144.166 - - [31/Mar/2026:16:53:28 +0000] "GET /products/detail/168098313 HTTP/1.1" 200 208721 "-" "Mozilla/5.0 AppleWebKit/537.36 (KHTML, like Gecko; compatible; bingbot/2.0; +http://www.bing.com/bingbot.htm) Chrome/116.0.1938.76 Safari/537.36"
52.167.144.166 - - [31/Mar/2026:16:53:29 +0000] "GET /products/detail/216249878 HTTP/1.1" 200 206263 "-" "Mozilla/5.0 AppleWebKit/537.36 (KHTML, like Gecko; compatible; bingbot/2.0; +http://www.bing.com/bingbot.htm) Chrome/116.0.1938.76 Safari/537.36"
40.77.167.14 - - [31/Mar/2026:16:53:30 +0000] "GET /products/detail/181992515 HTTP/1.1" 200 191366 "-" "Mozilla/5.0 AppleWebKit/537.36 (KHTML, like Gecko; compatible; bingbot/2.0; +http://www.bing.com/bingbot.htm) Chrome/116.0.1938.76 Safari/537.36"
2a03:2880:10ff:56:: - - [31/Mar/2026:16:53:39 +0000] "GET /meta.json HTTP/1.1" 304 - "-" "facebookexternalhit/1.1 (+http://www.facebook.com/externalhit_uatext.php)"
40.77.167.44 - - [31/Mar/2026:16:53:40 +0000] "GET /products/detail/304070979 HTTP/1.1" 200 194403 "-" "Mozilla/5.0 AppleWebKit/537.36 (KHTML, like Gecko; compatible; bingbot/2.0; +http://www.bing.com/bingbot.htm) Chrome/116.0.1938.76 Safari/537.36"
40.77.167.44 - - [31/Mar/2026:16:53:41 +0000] "GET /products/detail/275241383 HTTP/1.1" 200 188861 "-" "Mozilla/5.0 AppleWebKit/537.36 (KHTML, like Gecko; compatible; bingbot/2.0; +http://www.bing.com/bingbot.htm) Chrome/116.0.1938.76 Safari/537.36"
52.167.144.166 - - [31/Mar/2026:16:53:57 +0000] "GET /products/detail/216930848 HTTP/1.1" 200 191125 "-" "Mozilla/5.0 AppleWebKit/537.36 (KHTML, like Gecko; compatible; bingbot/2.0; +http://www.bing.com/bingbot.htm) Chrome/116.0.1938.76 Safari/537.36"
66.249.79.169 - - [31/Mar/2026:16:53:58 +0000] "GET /blog/house-of-pokies-australia-login/ HTTP/1.1" 200 193467 "-" "Mozilla/5.0 (Linux; Android 6.0.1; Nexus 5X Build/MMB29P) AppleWebKit/537.36 (KHTML, like Gecko) Chrome/146.0.7680.153 Mobile Safari/537.36 (compatible; Googlebot/2.1; +http://www.google.com/bot.html)"
20.15.133.191 - - [31/Mar/2026:16:54:03 +0000] "GET /products/detail/142680272 HTTP/1.1" 200 195419 "-" "Mozilla/5.0 AppleWebKit/537.36 (KHTML, like Gecko; compatible; bingbot/2.0; +http://www.bing.com/bingbot.htm) Chrome/116.0.1938.76 Safari/537.36"
52.167.144.166 - - [31/Mar/2026:16:54:07 +0000] "GET /products/detail/249808303 HTTP/1.1" 200 200813 "-" "Mozilla/5.0 AppleWebKit/537.36 (KHTML, like Gecko; compatible; bingbot/2.0; +http://www.bing.com/bingbot.htm) Chrome/116.0.1938.76 Safari/537.36"
40.77.167.14 - - [31/Mar/2026:16:54:11 +0000] "GET /products/detail/179002252 HTTP/1.1" 200 201105 "-" "Mozilla/5.0 AppleWebKit/537.36 (KHTML, like Gecko; compatible; bingbot/2.0; +http://www.bing.com/bingbot.htm) Chrome/116.0.1938.76 Safari/537.36"
40.77.167.14 - - [31/Mar/2026:16:54:37 +0000] "GET /products/detail/202602272 HTTP/1.1" 200 189986 "-" "Mozilla/5.0 AppleWebKit/537.36 (KHTML, like Gecko; compatible; bingbot/2.0; +http://www.bing.com/bingbot.htm) Chrome/116.0.1938.76 Safari/537.36"
40.77.167.230 - - [31/Mar/2026:16:54:41 +0000] "GET /products/detail/233258181 HTTP/1.1" 200 204319 "-" "Mozilla/5.0 AppleWebKit/537.36 (KHTML, like Gecko; compatible; bingbot/2.0; +http://www.bing.com/bingbot.htm) Chrome/116.0.1938.76 Safari/537.36"
66.249.79.171 - - [31/Mar/2026:16:55:00 +0000] "GET /?p=10694 HTTP/1.1" 200 206411 "-" "Mozilla/5.0 (Linux; Android 6.0.1; Nexus 5X Build/MMB29P) AppleWebKit/537.36 (KHTML, like Gecko) Chrome/146.0.7680.153 Mobile Safari/537.36 (compatible; Googlebot/2.1; +http://www.google.com/bot.html)"
40.77.167.230 - - [31/Mar/2026:16:55:07 +0000] "GET /products/detail/276939131 HTTP/1.1" 200 194068 "-" "Mozilla/5.0 AppleWebKit/537.36 (KHTML, like Gecko; compatible; bingbot/2.0; +http://www.bing.com/bingbot.htm) Chrome/116.0.1938.76 Safari/537.36"
52.167.144.220 - - [31/Mar/2026:16:55:11 +0000] "GET /products/detail/268876828 HTTP/1.1" 200 198769 "-" "Mozilla/5.0 AppleWebKit/537.36 (KHTML, like Gecko; compatible; bingbot/2.0; +http://www.bing.com/bingbot.htm) Chrome/116.0.1938.76 Safari/537.36"
2a03:2880:27ff:6:: - - [31/Mar/2026:16:55:16 +0000] "GET /meta.json HTTP/1.1" 304 - "-" "facebookexternalhit/1.1 (+http://www.facebook.com/externalhit_uatext.php)"
20.15.133.191 - - [31/Mar/2026:16:55:23 +0000] "GET /products/detail/305873676 HTTP/1.1" 200 198356 "-" "Mozilla/5.0 AppleWebKit/537.36 (KHTML, like Gecko; compatible; bingbot/2.0; +http://www.bing.com/bingbot.htm) Chrome/116.0.1938.76 Safari/537.36"
4.205.39.97 - - [31/Mar/2026:16:55:40 +0000] "GET /wp-content/themes/seotheme/db.php?u HTTP/1.1" 403 17008 "www.google.com" "Mozlila/5.0 (Linux; Android 7.0; SM-G892A Bulid/NRD90M; wv) AppleWebKit/537.36 (KHTML, like Gecko) Version/4.0 Chrome/60.0.3112.107 Moblie Safari/537.36"
141.98.11.44 - - [31/Mar/2026:16:55:42 +0000] "GET /wp-includes/sodium_compat/src/Core/SecretStream/State.php HTTP/1.1" 403 4170 "-" "Mozilla/5.0 (Windows NT 10.0; Win64; x64) AppleWebKit/537.36"
2a03:2880:16ff:41:: - - [31/Mar/2026:16:55:46 +0000] "GET /meta.json HTTP/1.1" 304 - "-" "facebookexternalhit/1.1 (+http://www.facebook.com/externalhit_uatext.php)"
20.15.133.184 - - [31/Mar/2026:16:56:25 +0000] "GET /products/detail/193475949 HTTP/1.1" 200 203701 "-" "Mozilla/5.0 AppleWebKit/537.36 (KHTML, like Gecko; compatible; bingbot/2.0; +http://www.bing.com/bingbot.htm) Chrome/116.0.1938.76 Safari/537.36"
20.15.133.191 - - [31/Mar/2026:16:56:33 +0000] "GET /products/detail/23509030 HTTP/1.1" 200 194160 "-" "Mozilla/5.0 AppleWebKit/537.36 (KHTML, like Gecko; compatible; bingbot/2.0; +http://www.bing.com/bingbot.htm) Chrome/116.0.1938.76 Safari/537.36"
52.167.144.220 - - [31/Mar/2026:16:56:48 +0000] "GET /products/detail/243210959 HTTP/1.1" 200 212453 "-" "Mozilla/5.0 AppleWebKit/537.36 (KHTML, like Gecko; compatible; bingbot/2.0; +http://www.bing.com/bingbot.htm) Chrome/116.0.1938.76 Safari/537.36"
52.167.144.220 - - [31/Mar/2026:16:56:48 +0000] "GET /products/detail/160458080 HTTP/1.1" 200 192016 "-" "Mozilla/5.0 AppleWebKit/537.36 (KHTML, like Gecko; compatible; bingbot/2.0; +http://www.bing.com/bingbot.htm) Chrome/116.0.1938.76 Safari/537.36"
40.77.167.44 - - [31/Mar/2026:16:56:53 +0000] "GET /products/detail/246724777 HTTP/1.1" 200 192829 "-" "Mozilla/5.0 AppleWebKit/537.36 (KHTML, like Gecko; compatible; bingbot/2.0; +http://www.bing.com/bingbot.htm) Chrome/116.0.1938.76 Safari/537.36"
20.15.133.191 - - [31/Mar/2026:16:56:53 +0000] "GET /products/detail/236576949 HTTP/1.1" 200 217899 "-" "Mozilla/5.0 AppleWebKit/537.36 (KHTML, like Gecko; compatible; bingbot/2.0; +http://www.bing.com/bingbot.htm) Chrome/116.0.1938.76 Safari/537.36"
40.77.167.44 - - [31/Mar/2026:16:56:53 +0000] "GET /products/detail/207118141 HTTP/1.1" 200 216579 "-" "Mozilla/5.0 AppleWebKit/537.36 (KHTML, like Gecko; compatible; bingbot/2.0; +http://www.bing.com/bingbot.htm) Chrome/116.0.1938.76 Safari/537.36"
40.77.167.230 - - [31/Mar/2026:16:56:57 +0000] "GET /products/detail/206654424 HTTP/1.1" 200 197914 "-" "Mozilla/5.0 AppleWebKit/537.36 (KHTML, like Gecko; compatible; bingbot/2.0; +http://www.bing.com/bingbot.htm) Chrome/116.0.1938.76 Safari/537.36"
40.77.167.230 - - [31/Mar/2026:16:56:59 +0000] "GET /products/detail/211243525 HTTP/1.1" 200 196737 "-" "Mozilla/5.0 AppleWebKit/537.36 (KHTML, like Gecko; compatible; bingbot/2.0; +http://www.bing.com/bingbot.htm) Chrome/116.0.1938.76 Safari/537.36"
40.77.167.230 - - [31/Mar/2026:16:57:17 +0000] "GET /products/detail/206126676 HTTP/1.1" 200 207127 "-" "Mozilla/5.0 AppleWebKit/537.36 (KHTML, like Gecko; compatible; bingbot/2.0; +http://www.bing.com/bingbot.htm) Chrome/116.0.1938.76 Safari/537.36"
40.77.167.230 - - [31/Mar/2026:16:57:18 +0000] "GET /products/detail/259177414 HTTP/1.1" 200 194105 "-" "Mozilla/5.0 AppleWebKit/537.36 (KHTML, like Gecko; compatible; bingbot/2.0; +http://www.bing.com/bingbot.htm) Chrome/116.0.1938.76 Safari/537.36"
40.77.167.230 - - [31/Mar/2026:16:57:19 +0000] "GET /products/detail/312815949 HTTP/1.1" 200 194267 "-" "Mozilla/5.0 AppleWebKit/537.36 (KHTML, like Gecko; compatible; bingbot/2.0; +http://www.bing.com/bingbot.htm) Chrome/116.0.1938.76 Safari/537.36"
40.77.167.230 - - [31/Mar/2026:16:57:20 +0000] "GET /products/detail/213296535 HTTP/1.1" 200 192351 "-" "Mozilla/5.0 AppleWebKit/537.36 (KHTML, like Gecko; compatible; bingbot/2.0; +http://www.bing.com/bingbot.htm) Chrome/116.0.1938.76 Safari/537.36"
40.77.167.44 - - [31/Mar/2026:16:57:20 +0000] "GET /products/detail/304167383 HTTP/1.1" 200 190439 "-" "Mozilla/5.0 AppleWebKit/537.36 (KHTML, like Gecko; compatible; bingbot/2.0; +http://www.bing.com/bingbot.htm) Chrome/116.0.1938.76 Safari/537.36"
40.77.167.230 - - [31/Mar/2026:16:57:21 +0000] "GET /products/detail/218760101 HTTP/1.1" 200 205346 "-" "Mozilla/5.0 AppleWebKit/537.36 (KHTML, like Gecko; compatible; bingbot/2.0; +http://www.bing.com/bingbot.htm) Chrome/116.0.1938.76 Safari/537.36"
52.167.144.220 - - [31/Mar/2026:16:57:22 +0000] "GET /products/detail/268893929 HTTP/1.1" 200 188539 "-" "Mozilla/5.0 AppleWebKit/537.36 (KHTML, like Gecko; compatible; bingbot/2.0; +http://www.bing.com/bingbot.htm) Chrome/116.0.1938.76 Safari/537.36"
52.167.144.220 - - [31/Mar/2026:16:57:23 +0000] "GET /products/detail/251918919 HTTP/1.1" 200 194303 "-" "Mozilla/5.0 AppleWebKit/537.36 (KHTML, like Gecko; compatible; bingbot/2.0; +http://www.bing.com/bingbot.htm) Chrome/116.0.1938.76 Safari/537.36"
52.167.144.220 - - [31/Mar/2026:16:57:24 +0000] "GET /products/detail/309889717 HTTP/1.1" 200 202605 "-" "Mozilla/5.0 AppleWebKit/537.36 (KHTML, like Gecko; compatible; bingbot/2.0; +http://www.bing.com/bingbot.htm) Chrome/116.0.1938.76 Safari/537.36"
40.77.167.230 - - [31/Mar/2026:16:57:27 +0000] "GET /products/detail/248805686 HTTP/1.1" 200 192380 "-" "Mozilla/5.0 AppleWebKit/537.36 (KHTML, like Gecko; compatible; bingbot/2.0; +http://www.bing.com/bingbot.htm) Chrome/116.0.1938.76 Safari/537.36"
40.77.167.44 - - [31/Mar/2026:16:57:31 +0000] "GET /products/detail/21779808 HTTP/1.1" 200 200919 "-" "Mozilla/5.0 AppleWebKit/537.36 (KHTML, like Gecko; compatible; bingbot/2.0; +http://www.bing.com/bingbot.htm) Chrome/116.0.1938.76 Safari/537.36"
40.77.167.44 - - [31/Mar/2026:16:57:32 +0000] "GET /products/detail/299911747 HTTP/1.1" 200 194741 "-" "Mozilla/5.0 AppleWebKit/537.36 (KHTML, like Gecko; compatible; bingbot/2.0; +http://www.bing.com/bingbot.htm) Chrome/116.0.1938.76 Safari/537.36"
40.77.167.44 - - [31/Mar/2026:16:57:33 +0000] "GET /products/detail/303705464 HTTP/1.1" 200 198334 "-" "Mozilla/5.0 AppleWebKit/537.36 (KHTML, like Gecko; compatible; bingbot/2.0; +http://www.bing.com/bingbot.htm) Chrome/116.0.1938.76 Safari/537.36"
40.77.167.44 - - [31/Mar/2026:16:57:34 +0000] "GET /products/detail/256048777 HTTP/1.1" 200 197699 "-" "Mozilla/5.0 AppleWebKit/537.36 (KHTML, like Gecko; compatible; bingbot/2.0; +http://www.bing.com/bingbot.htm) Chrome/116.0.1938.76 Safari/537.36"
40.77.167.44 - - [31/Mar/2026:16:57:35 +0000] "GET /products/detail/231143757 HTTP/1.1" 200 195458 "-" "Mozilla/5.0 AppleWebKit/537.36 (KHTML, like Gecko; compatible; bingbot/2.0; +http://www.bing.com/bingbot.htm) Chrome/116.0.1938.76 Safari/537.36"
40.77.167.44 - - [31/Mar/2026:16:57:36 +0000] "GET /products/detail/255510353 HTTP/1.1" 200 192469 "-" "Mozilla/5.0 AppleWebKit/537.36 (KHTML, like Gecko; compatible; bingbot/2.0; +http://www.bing.com/bingbot.htm) Chrome/116.0.1938.76 Safari/537.36"
40.77.167.230 - - [31/Mar/2026:16:57:37 +0000] "GET /products/detail/235237303 HTTP/1.1" 200 198773 "-" "Mozilla/5.0 AppleWebKit/537.36 (KHTML, like Gecko; compatible; bingbot/2.0; +http://www.bing.com/bingbot.htm) Chrome/116.0.1938.76 Safari/537.36"
52.167.144.220 - - [31/Mar/2026:16:57:37 +0000] "GET /products/detail/280022646 HTTP/1.1" 200 204168 "-" "Mozilla/5.0 AppleWebKit/537.36 (KHTML, like Gecko; compatible; bingbot/2.0; +http://www.bing.com/bingbot.htm) Chrome/116.0.1938.76 Safari/537.36"
40.77.167.230 - - [31/Mar/2026:16:57:39 +0000] "GET /products/detail/262319181 HTTP/1.1" 200 197625 "-" "Mozilla/5.0 AppleWebKit/537.36 (KHTML, like Gecko; compatible; bingbot/2.0; +http://www.bing.com/bingbot.htm) Chrome/116.0.1938.76 Safari/537.36"
52.167.144.220 - - [31/Mar/2026:16:57:48 +0000] "GET /products/detail/251080222 HTTP/1.1" 200 189844 "-" "Mozilla/5.0 AppleWebKit/537.36 (KHTML, like Gecko; compatible; bingbot/2.0; +http://www.bing.com/bingbot.htm) Chrome/116.0.1938.76 Safari/537.36"
52.167.144.220 - - [31/Mar/2026:16:57:48 +0000] "GET /products/detail/141338727 HTTP/1.1" 200 193554 "-" "Mozilla/5.0 AppleWebKit/537.36 (KHTML, like Gecko; compatible; bingbot/2.0; +http://www.bing.com/bingbot.htm) Chrome/116.0.1938.76 Safari/537.36"
40.77.167.44 - - [31/Mar/2026:16:57:52 +0000] "GET /products/detail/255491010 HTTP/1.1" 200 195663 "-" "Mozilla/5.0 AppleWebKit/537.36 (KHTML, like Gecko; compatible; bingbot/2.0; +http://www.bing.com/bingbot.htm) Chrome/116.0.1938.76 Safari/537.36"
40.77.167.44 - - [31/Mar/2026:16:57:54 +0000] "GET /products/detail/184852606 HTTP/1.1" 200 219456 "-" "Mozilla/5.0 AppleWebKit/537.36 (KHTML, like Gecko; compatible; bingbot/2.0; +http://www.bing.com/bingbot.htm) Chrome/116.0.1938.76 Safari/537.36"
40.77.167.230 - - [31/Mar/2026:16:57:57 +0000] "GET /products/detail/223351000 HTTP/1.1" 200 196461 "-" "Mozilla/5.0 AppleWebKit/537.36 (KHTML, like Gecko; compatible; bingbot/2.0; +http://www.bing.com/bingbot.htm) Chrome/116.0.1938.76 Safari/537.36"
40.77.167.44 - - [31/Mar/2026:16:58:02 +0000] "GET /products/detail/257998636 HTTP/1.1" 200 197936 "-" "Mozilla/5.0 AppleWebKit/537.36 (KHTML, like Gecko; compatible; bingbot/2.0; +http://www.bing.com/bingbot.htm) Chrome/116.0.1938.76 Safari/537.36"
40.77.167.44 - - [31/Mar/2026:16:58:03 +0000] "GET /products/detail/146452171 HTTP/1.1" 200 192782 "-" "Mozilla/5.0 AppleWebKit/537.36 (KHTML, like Gecko; compatible; bingbot/2.0; +http://www.bing.com/bingbot.htm) Chrome/116.0.1938.76 Safari/537.36"
40.77.167.44 - - [31/Mar/2026:16:58:04 +0000] "GET /products/detail/262077656 HTTP/1.1" 200 218309 "-" "Mozilla/5.0 AppleWebKit/537.36 (KHTML, like Gecko; compatible; bingbot/2.0; +http://www.bing.com/bingbot.htm) Chrome/116.0.1938.76 Safari/537.36"
40.77.167.44 - - [31/Mar/2026:16:58:06 +0000] "GET /products/detail/126212424 HTTP/1.1" 200 224905 "-" "Mozilla/5.0 AppleWebKit/537.36 (KHTML, like Gecko; compatible; bingbot/2.0; +http://www.bing.com/bingbot.htm) Chrome/116.0.1938.76 Safari/537.36"
40.77.167.44 - - [31/Mar/2026:16:58:07 +0000] "GET /products/detail/261861212 HTTP/1.1" 200 194297 "-" "Mozilla/5.0 AppleWebKit/537.36 (KHTML, like Gecko; compatible; bingbot/2.0; +http://www.bing.com/bingbot.htm) Chrome/116.0.1938.76 Safari/537.36"
52.167.144.220 - - [31/Mar/2026:16:58:07 +0000] "GET /products/detail/325034232 HTTP/1.1" 200 188341 "-" "Mozilla/5.0 AppleWebKit/537.36 (KHTML, like Gecko; compatible; bingbot/2.0; +http://www.bing.com/bingbot.htm) Chrome/116.0.1938.76 Safari/537.36"
40.77.167.230 - - [31/Mar/2026:16:58:07 +0000] "GET /products/detail/237115585 HTTP/1.1" 200 191742 "-" "Mozilla/5.0 AppleWebKit/537.36 (KHTML, like Gecko; compatible; bingbot/2.0; +http://www.bing.com/bingbot.htm) Chrome/116.0.1938.76 Safari/537.36"
52.167.144.220 - - [31/Mar/2026:16:58:08 +0000] "GET /products/detail/283485383 HTTP/1.1" 200 189640 "-" "Mozilla/5.0 AppleWebKit/537.36 (KHTML, like Gecko; compatible; bingbot/2.0; +http://www.bing.com/bingbot.htm) Chrome/116.0.1938.76 Safari/537.36"
52.167.144.220 - - [31/Mar/2026:16:58:09 +0000] "GET /products/detail/131574272 HTTP/1.1" 200 194710 "-" "Mozilla/5.0 AppleWebKit/537.36 (KHTML, like Gecko; compatible; bingbot/2.0; +http://www.bing.com/bingbot.htm) Chrome/116.0.1938.76 Safari/537.36"
40.77.167.230 - - [31/Mar/2026:16:58:17 +0000] "GET /products/detail/263892515 HTTP/1.1" 200 209921 "-" "Mozilla/5.0 AppleWebKit/537.36 (KHTML, like Gecko; compatible; bingbot/2.0; +http://www.bing.com/bingbot.htm) Chrome/116.0.1938.76 Safari/537.36"
40.77.167.230 - - [31/Mar/2026:16:58:18 +0000] "GET /products/detail/238138111 HTTP/1.1" 200 196842 "-" "Mozilla/5.0 AppleWebKit/537.36 (KHTML, like Gecko; compatible; bingbot/2.0; +http://www.bing.com/bingbot.htm) Chrome/116.0.1938.76 Safari/537.36"
52.167.144.220 - - [31/Mar/2026:16:58:27 +0000] "GET /products/detail/211091868 HTTP/1.1" 200 197968 "-" "Mozilla/5.0 AppleWebKit/537.36 (KHTML, like Gecko; compatible; bingbot/2.0; +http://www.bing.com/bingbot.htm) Chrome/116.0.1938.76 Safari/537.36"
52.167.144.220 - - [31/Mar/2026:16:58:28 +0000] "GET /products/detail/311140474 HTTP/1.1" 200 192310 "-" "Mozilla/5.0 AppleWebKit/537.36 (KHTML, like Gecko; compatible; bingbot/2.0; +http://www.bing.com/bingbot.htm) Chrome/116.0.1938.76 Safari/537.36"
52.167.144.220 - - [31/Mar/2026:16:58:29 +0000] "GET /products/detail/25323545 HTTP/1.1" 200 201909 "-" "Mozilla/5.0 AppleWebKit/537.36 (KHTML, like Gecko; compatible; bingbot/2.0; +http://www.bing.com/bingbot.htm) Chrome/116.0.1938.76 Safari/537.36"
52.167.144.220 - - [31/Mar/2026:16:58:30 +0000] "GET /products/detail/158884111 HTTP/1.1" 200 192470 "-" "Mozilla/5.0 AppleWebKit/537.36 (KHTML, like Gecko; compatible; bingbot/2.0; +http://www.bing.com/bingbot.htm) Chrome/116.0.1938.76 Safari/537.36"
52.167.144.220 - - [31/Mar/2026:16:58:31 +0000] "GET /products/detail/202463343 HTTP/1.1" 200 205786 "-" "Mozilla/5.0 AppleWebKit/537.36 (KHTML, like Gecko; compatible; bingbot/2.0; +http://www.bing.com/bingbot.htm) Chrome/116.0.1938.76 Safari/537.36"
40.77.167.44 - - [31/Mar/2026:16:58:31 +0000] "GET /products/detail/162375656 HTTP/1.1" 200 190975 "-" "Mozilla/5.0 AppleWebKit/537.36 (KHTML, like Gecko; compatible; bingbot/2.0; +http://www.bing.com/bingbot.htm) Chrome/116.0.1938.76 Safari/537.36"
40.77.167.44 - - [31/Mar/2026:16:58:33 +0000] "GET /products/detail/180671535 HTTP/1.1" 200 198244 "-" "Mozilla/5.0 AppleWebKit/537.36 (KHTML, like Gecko; compatible; bingbot/2.0; +http://www.bing.com/bingbot.htm) Chrome/116.0.1938.76 Safari/537.36"
52.167.144.220 - - [31/Mar/2026:16:58:37 +0000] "GET /products/detail/304600636 HTTP/1.1" 200 192825 "-" "Mozilla/5.0 AppleWebKit/537.36 (KHTML, like Gecko; compatible; bingbot/2.0; +http://www.bing.com/bingbot.htm) Chrome/116.0.1938.76 Safari/537.36"
52.167.144.220 - - [31/Mar/2026:16:58:47 +0000] "GET /products/detail/323834535 HTTP/1.1" 200 191580 "-" "Mozilla/5.0 AppleWebKit/537.36 (KHTML, like Gecko; compatible; bingbot/2.0; +http://www.bing.com/bingbot.htm) Chrome/116.0.1938.76 Safari/537.36"
40.77.167.44 - - [31/Mar/2026:16:58:59 +0000] "GET /products/detail/236450727 HTTP/1.1" 200 213115 "-" "Mozilla/5.0 AppleWebKit/537.36 (KHTML, like Gecko; compatible; bingbot/2.0; +http://www.bing.com/bingbot.htm) Chrome/116.0.1938.76 Safari/537.36"
40.77.167.44 - - [31/Mar/2026:16:59:00 +0000] "GET /products/detail/268665878 HTTP/1.1" 200 199010 "-" "Mozilla/5.0 AppleWebKit/537.36 (KHTML, like Gecko; compatible; bingbot/2.0; +http://www.bing.com/bingbot.htm) Chrome/116.0.1938.76 Safari/537.36"
52.167.144.220 - - [31/Mar/2026:16:59:08 +0000] "GET /products/detail/218754929 HTTP/1.1" 200 193670 "-" "Mozilla/5.0 AppleWebKit/537.36 (KHTML, like Gecko; compatible; bingbot/2.0; +http://www.bing.com/bingbot.htm) Chrome/116.0.1938.76 Safari/537.36"
40.77.167.44 - - [31/Mar/2026:16:59:12 +0000] "GET /products/detail/259392959 HTTP/1.1" 200 188482 "-" "Mozilla/5.0 AppleWebKit/537.36 (KHTML, like Gecko; compatible; bingbot/2.0; +http://www.bing.com/bingbot.htm) Chrome/116.0.1938.76 Safari/537.36"
52.167.144.220 - - [31/Mar/2026:16:59:18 +0000] "GET /products/detail/246720848 HTTP/1.1" 200 195556 "-" "Mozilla/5.0 AppleWebKit/537.36 (KHTML, like Gecko; compatible; bingbot/2.0; +http://www.bing.com/bingbot.htm) Chrome/116.0.1938.76 Safari/537.36"
52.167.144.220 - - [31/Mar/2026:16:59:37 +0000] "GET /products/detail/302904131 HTTP/1.1" 200 190409 "-" "Mozilla/5.0 AppleWebKit/537.36 (KHTML, like Gecko; compatible; bingbot/2.0; +http://www.bing.com/bingbot.htm) Chrome/116.0.1938.76 Safari/537.36"
52.167.144.220 - - [31/Mar/2026:17:00:08 +0000] "GET /products/detail/213788949 HTTP/1.1" 200 195524 "-" "Mozilla/5.0 AppleWebKit/537.36 (KHTML, like Gecko; compatible; bingbot/2.0; +http://www.bing.com/bingbot.htm) Chrome/116.0.1938.76 Safari/537.36"
20.15.133.175 - - [31/Mar/2026:17:00:26 +0000] "GET /products/detail/256157808 HTTP/1.1" 200 192864 "-" "Mozilla/5.0 AppleWebKit/537.36 (KHTML, like Gecko; compatible; bingbot/2.0; +http://www.bing.com/bingbot.htm) Chrome/116.0.1938.76 Safari/537.36"
52.167.144.220 - - [31/Mar/2026:17:00:28 +0000] "GET /products/detail/193905686 HTTP/1.1" 200 191430 "-" "Mozilla/5.0 AppleWebKit/537.36 (KHTML, like Gecko; compatible; bingbot/2.0; +http://www.bing.com/bingbot.htm) Chrome/116.0.1938.76 Safari/537.36"
52.167.144.220 - - [31/Mar/2026:17:00:29 +0000] "GET /products/detail/131623333 HTTP/1.1" 200 194135 "-" "Mozilla/5.0 AppleWebKit/537.36 (KHTML, like Gecko; compatible; bingbot/2.0; +http://www.bing.com/bingbot.htm) Chrome/116.0.1938.76 Safari/537.36"
52.167.144.220 - - [31/Mar/2026:17:00:31 +0000] "GET /products/detail/246218868 HTTP/1.1" 200 195808 "-" "Mozilla/5.0 AppleWebKit/537.36 (KHTML, like Gecko; compatible; bingbot/2.0; +http://www.bing.com/bingbot.htm) Chrome/116.0.1938.76 Safari/537.36"
52.167.144.220 - - [31/Mar/2026:17:00:32 +0000] "GET /products/detail/218689888 HTTP/1.1" 200 197223 "-" "Mozilla/5.0 AppleWebKit/537.36 (KHTML, like Gecko; compatible; bingbot/2.0; +http://www.bing.com/bingbot.htm) Chrome/116.0.1938.76 Safari/537.36"
40.77.167.230 - - [31/Mar/2026:17:00:38 +0000] "GET /products/detail/256411030 HTTP/1.1" 200 194748 "-" "Mozilla/5.0 AppleWebKit/537.36 (KHTML, like Gecko; compatible; bingbot/2.0; +http://www.bing.com/bingbot.htm) Chrome/116.0.1938.76 Safari/537.36"
40.77.167.230 - - [31/Mar/2026:17:00:39 +0000] "GET /products/detail/232116323 HTTP/1.1" 200 194662 "-" "Mozilla/5.0 AppleWebKit/537.36 (KHTML, like Gecko; compatible; bingbot/2.0; +http://www.bing.com/bingbot.htm) Chrome/116.0.1938.76 Safari/537.36"
40.77.167.44 - - [31/Mar/2026:17:00:42 +0000] "GET /products/detail/224239636 HTTP/1.1" 200 193503 "-" "Mozilla/5.0 AppleWebKit/537.36 (KHTML, like Gecko; compatible; bingbot/2.0; +http://www.bing.com/bingbot.htm) Chrome/116.0.1938.76 Safari/537.36"
40.77.167.44 - - [31/Mar/2026:17:00:43 +0000] "GET /products/detail/274438363 HTTP/1.1" 200 200181 "-" "Mozilla/5.0 AppleWebKit/537.36 (KHTML, like Gecko; compatible; bingbot/2.0; +http://www.bing.com/bingbot.htm) Chrome/116.0.1938.76 Safari/537.36"
40.77.167.44 - - [31/Mar/2026:17:00:50 +0000] "GET /products/detail/315967858 HTTP/1.1" 200 191390 "-" "Mozilla/5.0 AppleWebKit/537.36 (KHTML, like Gecko; compatible; bingbot/2.0; +http://www.bing.com/bingbot.htm) Chrome/116.0.1938.76 Safari/537.36"
40.77.167.44 - - [31/Mar/2026:17:00:51 +0000] "GET /products/detail/140414757 HTTP/1.1" 200 194522 "-" "Mozilla/5.0 AppleWebKit/537.36 (KHTML, like Gecko; compatible; bingbot/2.0; +http://www.bing.com/bingbot.htm) Chrome/116.0.1938.76 Safari/537.36"
