ruạṛ
45.79.238.235 - - [31/Mar/2026:12:01:51 +0000] "GET /.well-known/acme-challenge/2QR_6961BQ_23618UXJMNU-81_WYRSMZ HTTP/1.1" 200 64 "-" "Cpanel-HTTP-Client/1.0"
45.79.238.235 - - [31/Mar/2026:12:01:52 +0000] "GET /.well-known/acme-challenge/TCUQRTX1H-SKBO4MYCEIIZEW5GPDIGU4 HTTP/1.1" 200 64 "-" "Cpanel-HTTP-Client/1.0"
45.79.238.235 - - [31/Mar/2026:12:30:23 +0000] "POST /wp-cron.php?doing_wp_cron=1774960223.2812829017639160156250 HTTP/1.1" 200 - "http://mycom.co.nz/wp-cron.php?doing_wp_cron=1774960223.2812829017639160156250" "WordPress/6.1.10; https://mycom.co.nz"
113.222.192.129 - - [31/Mar/2026:12:30:23 +0000] "GET / HTTP/1.1" 301 - "-" "Mozilla/5.0 (Macintosh; Intel Mac OS X 10_15_7) AppleWebKit/537.36 (KHTML, like Gecko) Chrome/138.0.0.0 Safari/537.36"
45.79.238.235 - - [31/Mar/2026:12:34:45 +0000] "POST /wp-cron.php?doing_wp_cron=1774960485.2593410015106201171875 HTTP/1.1" 200 - "http://mycom.co.nz/wp-cron.php?doing_wp_cron=1774960485.2593410015106201171875" "WordPress/6.1.10; https://mycom.co.nz"
91.231.89.37 - - [31/Mar/2026:12:34:45 +0000] "GET / HTTP/1.1" 301 - "-" "Mozilla/5.0 (X11; Ubuntu; Linux x86_64; rv:134.0) Gecko/20100101 Firefox/134.0"
45.79.238.235 - - [31/Mar/2026:12:36:17 +0000] "POST /wp-cron.php?doing_wp_cron=1774960577.5906510353088378906250 HTTP/1.1" 200 - "http://mycom.co.nz/wp-cron.php?doing_wp_cron=1774960577.5906510353088378906250" "WordPress/6.1.10; https://mycom.co.nz"
34.123.21.209 - - [31/Mar/2026:12:36:17 +0000] "GET / HTTP/1.1" 301 - "-" "Mozilla/5.0 (compatible; CMS-Checker/1.0; +https://example.com)"
91.231.89.35 - - [31/Mar/2026:12:36:42 +0000] "GET / HTTP/1.1" 301 - "-" "Mozilla/5.0 (X11; Ubuntu; Linux x86_64; rv:134.0) Gecko/20100101 Firefox/134.0"
45.79.238.235 - - [31/Mar/2026:12:42:29 +0000] "POST /wp-cron.php?doing_wp_cron=1774960949.4529221057891845703125 HTTP/1.1" 200 - "http://mycom.co.nz/wp-cron.php?doing_wp_cron=1774960949.4529221057891845703125" "WordPress/6.1.10; https://mycom.co.nz"
40.77.167.24 - - [31/Mar/2026:12:42:29 +0000] "GET /sitemap23.xml://w HTTP/1.1" 301 - "-" "Mozilla/5.0 AppleWebKit/537.36 (KHTML, like Gecko; compatible; bingbot/2.0; +http://www.bing.com/bingbot.htm) Chrome/116.0.1938.76 Safari/537.36"
173.239.217.52 - - [31/Mar/2026:12:57:30 +0000] "GET / HTTP/1.1" 301 - "-" "Mozilla/5.0 (X11; Linux x86_64) AppleWebKit/537.36 (KHTML, like Gecko) Chrome/137.0.0.0 Safari/537.36"
172.68.144.136 - - [31/Mar/2026:12:57:30 +0000] "GET / HTTP/1.1" 301 20 "-" "Mozilla/5.0 (X11; Linux x86_64) AppleWebKit/537.36 (KHTML, like Gecko) Chrome/137.0.0.0 Safari/537.36"
162.158.39.245 - - [31/Mar/2026:12:57:30 +0000] "GET /favicon.ico HTTP/1.1" 302 20 "-" "Mozilla/5.0 (X11; Linux x86_64) AppleWebKit/537.36 (KHTML, like Gecko) Chrome/136.0.0.0 Safari/537.36"
79.127.175.87 - - [31/Mar/2026:12:57:35 +0000] "GET / HTTP/1.1" 301 - "-" "Mozilla/5.0 (X11; Linux x86_64) AppleWebKit/537.36 (KHTML, like Gecko) Chrome/137.0.0.0 Safari/537.36"
172.69.60.187 - - [31/Mar/2026:12:57:35 +0000] "GET / HTTP/1.1" 301 20 "-" "Mozilla/5.0 (X11; Linux x86_64) AppleWebKit/537.36 (KHTML, like Gecko) Chrome/137.0.0.0 Safari/537.36"
162.158.39.245 - - [31/Mar/2026:12:57:36 +0000] "GET /favicon.ico HTTP/1.1" 302 20 "-" "Mozilla/5.0 (X11; Linux x86_64) AppleWebKit/537.36 (KHTML, like Gecko) Chrome/136.0.0.0 Safari/537.36"
34.123.21.209 - - [31/Mar/2026:13:04:20 +0000] "GET / HTTP/1.1" 301 - "-" "Mozilla/5.0 (Windows NT 10.0; Win64; x64) AppleWebKit/537.36 (KHTML, like Gecko) Chrome/78.0.3904.108 Safari/537.36"
65.109.118.212 - - [31/Mar/2026:13:12:49 +0000] "GET /zl3tic/zl3tic.htm HTTP/1.1" 301 - "-" "Mozilla/5.0 (compatible; AwarioBot/1.0; +https://awario.com/bots.html)"
65.109.118.212 - - [31/Mar/2026:13:12:50 +0000] "GET /zl3tic/zl3tic.htm HTTP/1.1" 404 113480 "-" "Mozilla/5.0 (compatible; AwarioBot/1.0; +https://awario.com/bots.html)"
45.79.238.235 - - [31/Mar/2026:13:17:38 +0000] "POST /wp-cron.php?doing_wp_cron=1774963058.5433619022369384765625 HTTP/1.1" 200 - "http://mycom.co.nz/wp-cron.php?doing_wp_cron=1774963058.5433619022369384765625" "WordPress/6.1.10; https://mycom.co.nz"
147.185.132.150 - - [31/Mar/2026:13:17:38 +0000] "GET / HTTP/1.1" 301 - "-" "Hello from Palo Alto Networks, find out more about our scans in https://docs-cortex.paloaltonetworks.com/r/1/Cortex-Xpanse/Scanning-activity"
45.79.238.235 - - [31/Mar/2026:13:25:51 +0000] "POST /wp-cron.php?doing_wp_cron=1774963551.4196090698242187500000 HTTP/1.1" 200 - "http://mycom.co.nz/wp-cron.php?doing_wp_cron=1774963551.4196090698242187500000" "WordPress/6.1.10; https://mycom.co.nz"
156.146.63.208 - - [31/Mar/2026:13:25:51 +0000] "GET / HTTP/1.1" 301 - "-" "python-requests/2.32.4"
45.79.238.235 - - [31/Mar/2026:14:01:01 +0000] "GET /.well-known/acme-challenge/HQ19KM84E5F8BTZRTRI96KJF-MS7LJW6 HTTP/1.1" 200 64 "-" "Cpanel-HTTP-Client/1.0"
45.79.238.235 - - [31/Mar/2026:14:01:02 +0000] "GET /.well-known/acme-challenge/W85194RCGNYTQHSLMGR6V2CZ1PL5MHOG HTTP/1.1" 200 64 "-" "Cpanel-HTTP-Client/1.0"
45.79.238.235 - - [31/Mar/2026:14:09:16 +0000] "GET /.well-known/acme-challenge/HBVSRVFFP5DUKDPYH9FMA-YFBK41BZLX HTTP/1.1" 200 64 "-" "Cpanel-HTTP-Client/1.0"
45.79.238.235 - - [31/Mar/2026:14:09:16 +0000] "GET /.well-known/acme-challenge/HB7PY1LCPVS6KUD-2W_SHXK7PL3XB1X- HTTP/1.1" 200 64 "-" "Cpanel-HTTP-Client/1.0"
45.79.238.235 - - [31/Mar/2026:14:19:45 +0000] "POST /wp-cron.php?doing_wp_cron=1774966785.3115661144256591796875 HTTP/1.1" 200 - "http://mycom.co.nz/wp-cron.php?doing_wp_cron=1774966785.3115661144256591796875" "WordPress/6.1.10; https://mycom.co.nz"
45.94.31.119 - - [31/Mar/2026:14:19:45 +0000] "GET / HTTP/1.1" 301 - "-" "Mozilla/5.0 (Windows NT 10.0; Win64; x64) AppleWebKit/537.36 (KHTML, like Gecko) Chrome/78.0.3904.108 Safari/537.36"
45.79.238.235 - - [31/Mar/2026:14:23:33 +0000] "POST /wp-cron.php?doing_wp_cron=1774967013.8106260299682617187500 HTTP/1.1" 200 - "http://mycom.co.nz/wp-cron.php?doing_wp_cron=1774967013.8106260299682617187500" "WordPress/6.1.10; https://mycom.co.nz"
87.121.84.99 - - [31/Mar/2026:14:23:33 +0000] "GET /assets/plugins/plupload/examples/upload.php HTTP/1.1" 404 113480 "-" "ALittle Client"
45.79.238.235 - - [31/Mar/2026:14:56:50 +0000] "POST /wp-cron.php?doing_wp_cron=1774969009.9858849048614501953125 HTTP/1.1" 200 - "http://mycom.co.nz/wp-cron.php?doing_wp_cron=1774969009.9858849048614501953125" "WordPress/6.1.10; https://mycom.co.nz"
45.94.31.119 - - [31/Mar/2026:14:56:49 +0000] "GET / HTTP/1.1" 301 - "-" "Mozilla/5.0 (Windows NT 10.0; Win64; x64) AppleWebKit/537.36 (KHTML, like Gecko) Chrome/78.0.3904.108 Safari/537.36"
45.79.238.235 - - [31/Mar/2026:15:29:18 +0000] "POST /wp-cron.php?doing_wp_cron=1774970958.8417899608612060546875 HTTP/1.1" 200 - "http://mycom.co.nz/wp-cron.php?doing_wp_cron=1774970958.8417899608612060546875" "WordPress/6.1.10; https://mycom.co.nz"
87.121.84.62 - - [31/Mar/2026:15:29:18 +0000] "GET /plugins/jQuery-File-Upload/server/php/index.php?file=tf2rghf.jpg HTTP/1.1" 301 - "-" "ALittle Client"
87.121.84.62 - - [31/Mar/2026:15:29:55 +0000] "GET /plugins/jQuery-File-Upload/server/php/?file=tf2rghf.jpg HTTP/1.1" 404 113480 "-" "ALittle Client"
45.79.238.235 - - [31/Mar/2026:15:39:37 +0000] "POST /wp-cron.php?doing_wp_cron=1774971577.1436929702758789062500 HTTP/1.1" 200 - "http://mycom.co.nz/wp-cron.php?doing_wp_cron=1774971577.1436929702758789062500" "WordPress/6.1.10; https://mycom.co.nz"
2a07:e05:3:1f::1 - - [31/Mar/2026:15:39:36 +0000] "GET / HTTP/1.1" 301 - "-" "Mozilla/5.0 (Windows NT 10.0; Win64; x64) AppleWebKit/537.36 (KHTML, like Gecko) Chrome/130.0.0.0 Safari/537.36"
91.84.118.32 - - [31/Mar/2026:16:24:30 +0000] "GET / HTTP/1.1" 301 - "-" "Mozilla/5.0 (X11; Linux x86_64) AppleWebKit/537.36 (KHTML, like Gecko) Chrome/114.0.0.0 Safari/537.36 Vivaldi/5.3.2679.68"
45.79.238.235 - - [31/Mar/2026:16:26:46 +0000] "POST /wp-cron.php?doing_wp_cron=1774974406.3389799594879150390625 HTTP/1.1" 200 - "http://mycom.co.nz/wp-cron.php?doing_wp_cron=1774974406.3389799594879150390625" "WordPress/6.1.10; https://mycom.co.nz"
45.153.34.245 - - [31/Mar/2026:16:26:45 +0000] "GET /wp-admin/ HTTP/1.1" 302 - "-" "Mozilla/5.0 (Macintosh; Intel Mac OS X 13_6_1) AppleWebKit/537.36 (KHTML, like Gecko) Chrome/119.0.0.0 Safari/537.36"
45.79.238.235 - - [31/Mar/2026:17:03:24 +0000] "POST /wp-cron.php?doing_wp_cron=1774976604.4443070888519287109375 HTTP/1.1" 200 - "http://mycom.co.nz/wp-cron.php?doing_wp_cron=1774976604.4443070888519287109375" "WordPress/6.1.10; https://mycom.co.nz"
170.106.167.214 - - [31/Mar/2026:17:03:23 +0000] "GET / HTTP/1.1" 301 - "-" "Mozilla/5.0 (iPhone; CPU iPhone OS 13_2_3 like Mac OS X) AppleWebKit/605.1.15 (KHTML, like Gecko) Version/13.0.3 Mobile/15E148 Safari/604.1"
45.79.238.235 - - [31/Mar/2026:17:05:57 +0000] "POST /wp-cron.php?doing_wp_cron=1774976757.6932129859924316406250 HTTP/1.1" 200 - "http://mycom.co.nz/wp-cron.php?doing_wp_cron=1774976757.6932129859924316406250" "WordPress/6.1.10; https://mycom.co.nz"
45.79.238.235 - - [31/Mar/2026:17:05:57 +0000] "POST /wp-cron.php?doing_wp_cron=1774976757.7709219455718994140625 HTTP/1.1" 200 - "http://mycom.co.nz/wp-cron.php?doing_wp_cron=1774976757.7709219455718994140625" "WordPress/6.1.10; https://mycom.co.nz"
45.79.238.235 - - [31/Mar/2026:17:05:57 +0000] "POST /wp-cron.php?doing_wp_cron=1774976757.8377211093902587890625 HTTP/1.1" 200 - "http://mycom.co.nz/wp-cron.php?doing_wp_cron=1774976757.8377211093902587890625" "WordPress/6.1.10; https://mycom.co.nz"
93.158.90.71 - - [31/Mar/2026:17:05:56 +0000] "GET / HTTP/1.1" 301 - "-" "Mozilla/5.0 (Macintosh; Intel Mac OS X 10_15_7) AppleWebKit/605.1.15 (KHTML, like Gecko) Version/17.3.1 Safari/605.1.1"
45.79.238.235 - - [31/Mar/2026:17:09:18 +0000] "GET /.well-known/acme-challenge/ZH3PTSHA4CJDMZOY-0WE0KF20L5JUPGT HTTP/1.1" 200 64 "-" "Cpanel-HTTP-Client/1.0"
45.79.238.235 - - [31/Mar/2026:17:09:18 +0000] "GET /.well-known/acme-challenge/HZ8QXH6HUDCB7FLM3RPS3GEBZZ69T2FP HTTP/1.1" 200 64 "-" "Cpanel-HTTP-Client/1.0"
45.79.238.235 - - [31/Mar/2026:17:12:19 +0000] "POST /wp-cron.php?doing_wp_cron=1774977139.1066870689392089843750 HTTP/1.1" 200 - "http://mycom.co.nz/wp-cron.php?doing_wp_cron=1774977139.1066870689392089843750" "WordPress/6.1.10; https://mycom.co.nz"
203.2.64.59 - - [31/Mar/2026:17:12:18 +0000] "GET / HTTP/1.1" 301 - "-" "Mozilla/5.0 (iPhone; CPU iPhone OS 13_2_3 like Mac OS X) AppleWebKit/605.1.15 (KHTML, like Gecko) Version/13.0.3 Mobile/15E148 Safari/604.1"
45.79.238.235 - - [31/Mar/2026:17:18:15 +0000] "POST /wp-cron.php?doing_wp_cron=1774977494.6075949668884277343750 HTTP/1.1" 200 - "http://mycom.co.nz/wp-cron.php?doing_wp_cron=1774977494.6075949668884277343750" "WordPress/6.1.10; https://mycom.co.nz"
49.51.203.164 - - [31/Mar/2026:17:18:13 +0000] "GET / HTTP/1.1" 301 - "-" "Mozilla/5.0 (iPhone; CPU iPhone OS 13_2_3 like Mac OS X) AppleWebKit/605.1.15 (KHTML, like Gecko) Version/13.0.3 Mobile/15E148 Safari/604.1"
45.79.238.235 - - [31/Mar/2026:17:35:51 +0000] "POST /wp-cron.php?doing_wp_cron=1774978551.4204850196838378906250 HTTP/1.1" 200 - "http://mycom.co.nz/wp-cron.php?doing_wp_cron=1774978551.4204850196838378906250" "WordPress/6.1.10; https://mycom.co.nz"
34.153.22.176 - - [31/Mar/2026:17:35:50 +0000] "GET /old/ HTTP/1.1" 301 - "-" "Mozilla/5.0 (Linux; Android 13; Pixel 7a) AppleWebKit/537.36 (KHTML, like Gecko) Chrome/124.0.6367.82 Mobile Safari/537.36"
34.153.22.176 - - [31/Mar/2026:17:35:53 +0000] "GET /blog/ HTTP/1.1" 404 73720 "-" "Mozilla/5.0 (Linux; Android 14; Xiaomi 14 Pro) AppleWebKit/537.36 (KHTML, like Gecko) Chrome/126.0.6478.33 Mobile Safari/537.36"
34.153.22.176 - - [31/Mar/2026:17:35:54 +0000] "GET /wp/ HTTP/1.1" 404 49152 "-" "Mozilla/5.0 (Linux; Android 14; OnePlus 12) AppleWebKit/537.36 (KHTML, like Gecko) Chrome/125.0.6422.102 Mobile Safari/537.36"
34.153.22.176 - - [31/Mar/2026:17:35:55 +0000] "GET /wordpress/ HTTP/1.1" 404 73720 "-" "Mozilla/5.0 (Linux; Android 13; Pixel 7a) AppleWebKit/537.36 (KHTML, like Gecko) Chrome/124.0.6367.82 Mobile Safari/537.36"
34.153.22.176 - - [31/Mar/2026:17:35:56 +0000] "GET / HTTP/1.1" 301 - "-" "Mozilla/5.0 (Windows NT 11.0; Win64; x64) AppleWebKit/537.36 (KHTML, like Gecko) Chrome/128.0.6540.18 Safari/537.36"
34.153.22.176 - - [31/Mar/2026:17:35:58 +0000] "GET /backup/ HTTP/1.1" 404 73720 "-" "Mozilla/5.0 (iPhone; CPU iPhone OS 17_5 like Mac OS X) AppleWebKit/605.1.15 (KHTML, like Gecko) Version/17.5 Mobile/15E148 Safari/604.1"
34.153.22.176 - - [31/Mar/2026:17:35:59 +0000] "GET /new/ HTTP/1.1" 301 - "-" "Mozilla/5.0 (X11; Linux x86_64) AppleWebKit/537.36 (KHTML, like Gecko) Chrome/125.0.6422.76 Safari/537.36"
34.28.201.53 - - [31/Mar/2026:17:36:37 +0000] "GET / HTTP/1.1" 301 - "-" "Mozilla/5.0 (compatible; CMS-Checker/1.0; +https://example.com)"
66.249.66.203 - - [31/Mar/2026:17:48:19 +0000] "GET /ads.txt HTTP/1.1" 404 - "-" "Mozilla/5.0 (compatible; Googlebot/2.1; +http://www.google.com/bot.html)"
54.250.53.16 - - [31/Mar/2026:18:24:54 +0000] "GET / HTTP/1.1" 302 - "-" "Mozilla/5.0 (Windows NT 10.0; Win64; x64) AppleWebKit/537.36 (KHTML, like Gecko) Chrome/120.0.0.0 Safari/537.36"
54.250.53.16 - - [31/Mar/2026:18:24:54 +0000] "GET /wp-admin/setup-config.php HTTP/1.1" 200 13165 "http://mycom.co.nz" "Mozilla/5.0 (Windows NT 10.0; Win64; x64) AppleWebKit/537.36 (KHTML, like Gecko) Chrome/120.0.0.0 Safari/537.36"
34.28.201.53 - - [31/Mar/2026:18:31:49 +0000] "GET / HTTP/1.1" 302 - "-" "Mozilla/5.0 (Windows NT 10.0; Win64; x64) AppleWebKit/537.36 (KHTML, like Gecko) Chrome/78.0.3904.108 Safari/537.36"
34.28.201.53 - - [31/Mar/2026:18:31:49 +0000] "GET /wp-admin/setup-config.php HTTP/1.1" 200 13165 "-" "Mozilla/5.0 (Windows NT 10.0; Win64; x64) AppleWebKit/537.36 (KHTML, like Gecko) Chrome/78.0.3904.108 Safari/537.36"
34.28.201.53 - - [31/Mar/2026:18:31:50 +0000] "GET /wp-admin/setup-config.php/wp-includes/wlwmanifest.xml HTTP/1.1" 200 13165 "-" "Mozilla/5.0 (Windows NT 10.0; Win64; x64) AppleWebKit/537.36 (KHTML, like Gecko) Chrome/78.0.3904.108 Safari/537.36"
34.28.201.53 - - [31/Mar/2026:18:31:52 +0000] "GET /wp-admin/setup-config.php/?author=1 HTTP/1.1" 200 13165 "-" "Mozilla/5.0 (Windows NT 10.0; Win64; x64) AppleWebKit/537.36 (KHTML, like Gecko) Chrome/78.0.3904.108 Safari/537.36"
34.28.201.53 - - [31/Mar/2026:18:31:53 +0000] "GET /wp-admin/setup-config.php/?author=2 HTTP/1.1" 200 13165 "-" "Mozilla/5.0 (Windows NT 10.0; Win64; x64) AppleWebKit/537.36 (KHTML, like Gecko) Chrome/78.0.3904.108 Safari/537.36"
157.15.40.61 - - [31/Mar/2026:19:57:03 +0000] "GET /txets.php HTTP/1.1" 404 16 "-" "Go-http-client/1.1"
157.15.40.61 - - [31/Mar/2026:19:57:13 +0000] "GET /wp-content/txets.php HTTP/1.1" 404 16 "-" "Go-http-client/1.1"
157.15.40.61 - - [31/Mar/2026:19:57:14 +0000] "GET /wp-admin/txets.php HTTP/1.1" 404 16 "-" "Go-http-client/1.1"
157.15.40.61 - - [31/Mar/2026:19:57:14 +0000] "GET /wp-includes/txets.php HTTP/1.1" 404 16 "-" "Go-http-client/1.1"
157.15.40.61 - - [31/Mar/2026:19:57:15 +0000] "GET /schallfuns.php HTTP/1.1" 404 16 "-" "Go-http-client/1.1"
157.15.40.61 - - [31/Mar/2026:19:57:18 +0000] "GET /postnews.php HTTP/1.1" 404 16 "-" "Go-http-client/1.1"
157.15.40.61 - - [31/Mar/2026:19:57:18 +0000] "GET /wp-content/postnews.php HTTP/1.1" 404 16 "-" "Go-http-client/1.1"
157.15.40.61 - - [31/Mar/2026:19:57:18 +0000] "GET /wp-admin/postnews.php HTTP/1.1" 404 16 "-" "Go-http-client/1.1"
157.15.40.61 - - [31/Mar/2026:19:57:18 +0000] "GET /wp-includes/postnews.php HTTP/1.1" 404 16 "-" "Go-http-client/1.1"
45.79.238.235 - - [31/Mar/2026:20:09:15 +0000] "GET /.well-known/acme-challenge/V36OV4X0SZK_6TZFAHAW6QJQGMYRARHR HTTP/1.1" 200 64 "-" "Cpanel-HTTP-Client/1.0"
45.79.238.235 - - [31/Mar/2026:20:09:16 +0000] "GET /.well-known/acme-challenge/HCOIZKAJLABKP0HUK7DZX25KP3UALCXW HTTP/1.1" 200 64 "-" "Cpanel-HTTP-Client/1.0"
149.56.150.31 - - [31/Mar/2026:20:09:22 +0000] "GET / HTTP/1.1" 302 - "-" "Mozilla/5.0 (compatible; Dataprovider.com)"
149.56.150.31 - - [31/Mar/2026:20:09:22 +0000] "GET /wp-admin/setup-config.php HTTP/1.1" 200 13197 "-" "Mozilla/5.0 (compatible; Dataprovider.com)"
149.56.150.31 - - [31/Mar/2026:20:09:26 +0000] "GET /sitemap23.xml HTTP/1.1" 304 - "-" "Mozilla/5.0 (compatible; Dataprovider.com)"
149.56.150.31 - - [31/Mar/2026:20:09:26 +0000] "GET /ads.txt HTTP/1.1" 404 - "-" "Mozilla/5.0 (compatible; Dataprovider.com)"
149.56.150.31 - - [31/Mar/2026:20:09:26 +0000] "GET /security.txt HTTP/1.1" 404 - "-" "Mozilla/5.0 (compatible; Dataprovider.com)"
149.56.150.31 - - [31/Mar/2026:20:09:27 +0000] "GET /.well-known/security.txt HTTP/1.1" 404 - "-" "Mozilla/5.0 (compatible; Dataprovider.com)"
149.56.150.31 - - [31/Mar/2026:20:09:27 +0000] "GET /llms.txt HTTP/1.1" 404 - "-" "Mozilla/5.0 (compatible; Dataprovider.com)"
149.56.150.31 - - [31/Mar/2026:20:09:27 +0000] "GET /humans.txt HTTP/1.1" 404 - "-" "Mozilla/5.0 (compatible; Dataprovider.com)"
149.56.150.106 - - [31/Mar/2026:20:09:37 +0000] "GET / HTTP/1.1" 302 - "-" "Mozilla/5.0 (compatible; Dataprovider.com)"
149.56.150.106 - - [31/Mar/2026:20:09:37 +0000] "GET /wp-admin/setup-config.php HTTP/1.1" 200 13197 "-" "Mozilla/5.0 (compatible; Dataprovider.com)"
149.56.150.106 - - [31/Mar/2026:20:09:39 +0000] "GET /wp-includes/css/dashicons.min.css?ver=6.1.10 HTTP/1.1" 200 59016 "http://www.mycom.co.nz/wp-admin/setup-config.php" "Mozilla/5.0 (compatible; Dataprovider.com)"
149.56.150.106 - - [31/Mar/2026:20:09:39 +0000] "GET /wp-admin/css/forms.min.css?ver=6.1.10 HTTP/1.1" 200 26233 "http://www.mycom.co.nz/wp-admin/setup-config.php" "Mozilla/5.0 (compatible; Dataprovider.com)"
149.56.150.106 - - [31/Mar/2026:20:09:39 +0000] "GET /wp-admin/css/install.min.css?ver=6.1.10 HTTP/1.1" 200 4954 "http://www.mycom.co.nz/wp-admin/setup-config.php" "Mozilla/5.0 (compatible; Dataprovider.com)"
149.56.150.106 - - [31/Mar/2026:20:09:39 +0000] "GET /wp-admin/css/l10n.min.css?ver=6.1.10 HTTP/1.1" 200 2477 "http://www.mycom.co.nz/wp-admin/setup-config.php" "Mozilla/5.0 (compatible; Dataprovider.com)"
149.56.150.106 - - [31/Mar/2026:20:09:39 +0000] "GET /wp-includes/css/buttons.min.css?ver=6.1.10 HTTP/1.1" 200 5854 "http://www.mycom.co.nz/wp-admin/setup-config.php" "Mozilla/5.0 (compatible; Dataprovider.com)"
149.56.150.106 - - [31/Mar/2026:20:09:39 +0000] "GET /wp-includes/js/jquery/jquery.min.js?ver=3.6.1 HTTP/1.1" 200 89684 "http://www.mycom.co.nz/wp-admin/setup-config.php" "Mozilla/5.0 (compatible; Dataprovider.com)"
149.56.150.106 - - [31/Mar/2026:20:09:39 +0000] "GET /wp-includes/js/jquery/jquery-migrate.min.js?ver=3.3.2 HTTP/1.1" 200 11224 "http://www.mycom.co.nz/wp-admin/setup-config.php" "Mozilla/5.0 (compatible; Dataprovider.com)"
149.56.150.106 - - [31/Mar/2026:20:09:39 +0000] "GET /wp-admin/js/language-chooser.min.js?ver=6.1.10 HTTP/1.1" 200 423 "http://www.mycom.co.nz/wp-admin/setup-config.php" "Mozilla/5.0 (compatible; Dataprovider.com)"
149.56.150.106 - - [31/Mar/2026:20:09:39 +0000] "GET /wp-admin/images/wordpress-logo.svg?ver=20131107 HTTP/1.1" 200 1521 "http://www.mycom.co.nz/wp-admin/css/install.min.css?ver=6.1.10" "Mozilla/5.0 (compatible; Dataprovider.com)"
149.56.150.106 - - [31/Mar/2026:20:09:39 +0000] "GET /wp-admin/images/spinner.gif HTTP/1.1" 200 3656 "http://www.mycom.co.nz/wp-admin/css/install.min.css?ver=6.1.10" "Mozilla/5.0 (compatible; Dataprovider.com)"
4.205.39.97 - - [31/Mar/2026:20:25:54 +0000] "POST /ALFA_DATA/alfacgiapi/perl.alfa HTTP/1.1" 404 - "www.google.com" "Mozlila/5.0 (Linux; Android 7.0; SM-G892A Bulid/NRD90M; wv) AppleWebKit/537.36 (KHTML, like Gecko) Version/4.0 Chrome/60.0.3112.107 Moblie Safari/537.36"
4.205.39.97 - - [31/Mar/2026:20:25:54 +0000] "GET /wp-content/themes/seotheme/db.php?u HTTP/1.1" 404 - "www.google.com" "Mozlila/5.0 (Linux; Android 7.0; SM-G892A Bulid/NRD90M; wv) AppleWebKit/537.36 (KHTML, like Gecko) Version/4.0 Chrome/60.0.3112.107 Moblie Safari/537.36"
4.205.39.97 - - [31/Mar/2026:20:25:54 +0000] "GET / HTTP/1.1" 302 - "-" "Mozlila/5.0 (Linux; Android 7.0; SM-G892A Bulid/NRD90M; wv) AppleWebKit/537.36 (KHTML, like Gecko) Version/4.0 Chrome/60.0.3112.107 Moblie Safari/537.36"
4.205.39.97 - - [31/Mar/2026:20:25:54 +0000] "POST /alfacgiapi/perl.alfa HTTP/1.1" 404 - "www.google.com" "Mozlila/5.0 (Linux; Android 7.0; SM-G892A Bulid/NRD90M; wv) AppleWebKit/537.36 (KHTML, like Gecko) Version/4.0 Chrome/60.0.3112.107 Moblie Safari/537.36"
4.205.39.97 - - [31/Mar/2026:20:25:54 +0000] "GET /wp-admin/setup-config.php HTTP/1.1" 200 13165 "-" "Mozlila/5.0 (Linux; Android 7.0; SM-G892A Bulid/NRD90M; wv) AppleWebKit/537.36 (KHTML, like Gecko) Version/4.0 Chrome/60.0.3112.107 Moblie Safari/537.36"
4.205.39.97 - - [31/Mar/2026:20:25:56 +0000] "GET /wp-content/plugins/apikey/apikey.php?test=hello HTTP/1.1" 404 - "-" "Mozlila/5.0 (Linux; Android 7.0; SM-G892A Bulid/NRD90M; wv) AppleWebKit/537.36 (KHTML, like Gecko) Version/4.0 Chrome/60.0.3112.107 Moblie Safari/537.36"
4.205.39.97 - - [31/Mar/2026:20:25:56 +0000] "GET /plugins/content/apismtp/apismtp.php?test=hello HTTP/1.1" 404 - "-" "Mozlila/5.0 (Linux; Android 7.0; SM-G892A Bulid/NRD90M; wv) AppleWebKit/537.36 (KHTML, like Gecko) Version/4.0 Chrome/60.0.3112.107 Moblie Safari/537.36"
4.205.39.97 - - [31/Mar/2026:20:25:57 +0000] "GET /wp-content/plugins/apikey/apikey.php.suspected?test=hello HTTP/1.1" 404 - "-" "Mozlila/5.0 (Linux; Android 7.0; SM-G892A Bulid/NRD90M; wv) AppleWebKit/537.36 (KHTML, like Gecko) Version/4.0 Chrome/60.0.3112.107 Moblie Safari/537.36"
4.205.39.97 - - [31/Mar/2026:20:25:57 +0000] "GET /plugins/content/apismtp/apismtp.php.suspected?test=hello HTTP/1.1" 404 - "-" "Mozlila/5.0 (Linux; Android 7.0; SM-G892A Bulid/NRD90M; wv) AppleWebKit/537.36 (KHTML, like Gecko) Version/4.0 Chrome/60.0.3112.107 Moblie Safari/537.36"
2a03:b0c0:1:e0::a5a:b001 - - [31/Mar/2026:20:26:17 +0000] "GET / HTTP/1.1" 302 - "-" "Mozilla/5.0 (Windows NT 10.0; Win64; x64) AppleWebKit/537.36 (KHTML, like Gecko) Chrome/124.0.0.0 Safari/537.36"
2a03:b0c0:1:e0::a5a:b001 - - [31/Mar/2026:20:26:18 +0000] "GET /wp-admin/setup-config.php HTTP/1.1" 200 13165 "-" "Mozilla/5.0 (Windows NT 10.0; Win64; x64) AppleWebKit/537.36 (KHTML, like Gecko) Chrome/124.0.0.0 Safari/537.36"
4.205.39.97 - - [31/Mar/2026:20:28:45 +0000] "POST /ALFA_DATA/alfacgiapi/perl.alfa HTTP/1.1" 404 - "www.google.com" "Mozlila/5.0 (Linux; Android 7.0; SM-G892A Bulid/NRD90M; wv) AppleWebKit/537.36 (KHTML, like Gecko) Version/4.0 Chrome/60.0.3112.107 Moblie Safari/537.36"
4.205.39.97 - - [31/Mar/2026:20:28:45 +0000] "GET /wp-content/themes/seotheme/db.php?u HTTP/1.1" 404 - "www.google.com" "Mozlila/5.0 (Linux; Android 7.0; SM-G892A Bulid/NRD90M; wv) AppleWebKit/537.36 (KHTML, like Gecko) Version/4.0 Chrome/60.0.3112.107 Moblie Safari/537.36"
4.205.39.97 - - [31/Mar/2026:20:28:45 +0000] "GET / HTTP/1.1" 302 - "-" "Mozlila/5.0 (Linux; Android 7.0; SM-G892A Bulid/NRD90M; wv) AppleWebKit/537.36 (KHTML, like Gecko) Version/4.0 Chrome/60.0.3112.107 Moblie Safari/537.36"
4.205.39.97 - - [31/Mar/2026:20:28:45 +0000] "POST /alfacgiapi/perl.alfa HTTP/1.1" 404 - "www.google.com" "Mozlila/5.0 (Linux; Android 7.0; SM-G892A Bulid/NRD90M; wv) AppleWebKit/537.36 (KHTML, like Gecko) Version/4.0 Chrome/60.0.3112.107 Moblie Safari/537.36"
4.205.39.97 - - [31/Mar/2026:20:28:45 +0000] "GET /wp-admin/setup-config.php HTTP/1.1" 200 13165 "-" "Mozlila/5.0 (Linux; Android 7.0; SM-G892A Bulid/NRD90M; wv) AppleWebKit/537.36 (KHTML, like Gecko) Version/4.0 Chrome/60.0.3112.107 Moblie Safari/537.36"
4.205.39.97 - - [31/Mar/2026:20:28:47 +0000] "GET /wp-content/plugins/apikey/apikey.php?test=hello HTTP/1.1" 404 - "-" "Mozlila/5.0 (Linux; Android 7.0; SM-G892A Bulid/NRD90M; wv) AppleWebKit/537.36 (KHTML, like Gecko) Version/4.0 Chrome/60.0.3112.107 Moblie Safari/537.36"
4.205.39.97 - - [31/Mar/2026:20:28:47 +0000] "GET /plugins/content/apismtp/apismtp.php?test=hello HTTP/1.1" 404 - "-" "Mozlila/5.0 (Linux; Android 7.0; SM-G892A Bulid/NRD90M; wv) AppleWebKit/537.36 (KHTML, like Gecko) Version/4.0 Chrome/60.0.3112.107 Moblie Safari/537.36"
4.205.39.97 - - [31/Mar/2026:20:28:47 +0000] "GET /wp-content/plugins/apikey/apikey.php.suspected?test=hello HTTP/1.1" 404 - "-" "Mozlila/5.0 (Linux; Android 7.0; SM-G892A Bulid/NRD90M; wv) AppleWebKit/537.36 (KHTML, like Gecko) Version/4.0 Chrome/60.0.3112.107 Moblie Safari/537.36"
4.205.39.97 - - [31/Mar/2026:20:28:48 +0000] "GET /plugins/content/apismtp/apismtp.php.suspected?test=hello HTTP/1.1" 404 - "-" "Mozlila/5.0 (Linux; Android 7.0; SM-G892A Bulid/NRD90M; wv) AppleWebKit/537.36 (KHTML, like Gecko) Version/4.0 Chrome/60.0.3112.107 Moblie Safari/537.36"
107.189.24.145 - - [31/Mar/2026:20:28:50 +0000] "GET / HTTP/1.1" 302 - "-" "Mozilla/5.0 (Windows NT 10.0; Win64; x64; rv:109.0) Gecko/20100101 Firefox/117.0"
107.189.24.145 - - [31/Mar/2026:20:28:50 +0000] "GET /wp-admin/setup-config.php HTTP/1.1" 200 13165 "-" "Mozilla/5.0 (Windows NT 10.0; Win64; x64; rv:109.0) Gecko/20100101 Firefox/117.0"
83.142.209.157 - - [31/Mar/2026:20:50:10 +0000] "GET / HTTP/1.1" 302 - "-" "-"
83.142.209.157 - - [31/Mar/2026:20:50:10 +0000] "GET /wp-admin/setup-config.php HTTP/1.1" 200 13165 "-" "-"
66.249.66.45 - - [31/Mar/2026:21:14:42 +0000] "GET /products/detail/50228402/ HTTP/1.1" 404 - "-" "Mozilla/5.0 (Linux; Android 6.0.1; Nexus 5X Build/MMB29P) AppleWebKit/537.36 (KHTML, like Gecko) Chrome/146.0.7680.164 Mobile Safari/537.36 (compatible; Googlebot/2.1; +http://www.google.com/bot.html)"
40.88.21.235 - - [31/Mar/2026:21:38:34 +0000] "GET / HTTP/1.1" 302 - "-" "DuckDuckBot/1.1; (+http://duckduckgo.com/duckduckbot.html)"
40.88.21.235 - - [31/Mar/2026:21:38:35 +0000] "GET /wp-admin/setup-config.php HTTP/1.1" 200 13165 "http://mycom.co.nz" "DuckDuckBot/1.1; (+http://duckduckgo.com/duckduckbot.html)"
205.210.31.176 - - [31/Mar/2026:21:57:01 +0000] "GET / HTTP/1.1" 302 - "-" "Hello from Palo Alto Networks, find out more about our scans in https://docs-cortex.paloaltonetworks.com/r/1/Cortex-Xpanse/Scanning-activity"
205.210.31.176 - - [31/Mar/2026:21:57:01 +0000] "GET /wp-admin/setup-config.php HTTP/1.1" 200 13197 "http://www.mycom.co.nz/" "Hello from Palo Alto Networks, find out more about our scans in https://docs-cortex.paloaltonetworks.com/r/1/Cortex-Xpanse/Scanning-activity"
66.249.66.201 - - [31/Mar/2026:22:44:43 +0000] "GET /products/detail/252019866/ HTTP/1.1" 404 - "-" "Mozilla/5.0 (Linux; Android 6.0.1; Nexus 5X Build/MMB29P) AppleWebKit/537.36 (KHTML, like Gecko) Chrome/146.0.7680.164 Mobile Safari/537.36 (compatible; Googlebot/2.1; +http://www.google.com/bot.html)"
66.249.70.167 - - [31/Mar/2026:22:47:26 +0000] "GET /home HTTP/1.1" 404 - "-" "Mozilla/5.0 (Linux; Android 6.0.1; Nexus 5X Build/MMB29P) AppleWebKit/537.36 (KHTML, like Gecko) Chrome/146.0.7680.164 Mobile Safari/537.36 (compatible; Googlebot/2.1; +http://www.google.com/bot.html)"
45.79.238.235 - - [31/Mar/2026:23:09:15 +0000] "GET /.well-known/acme-challenge/KZ2BKAW-TSESLYLG0_EYC3A-3I0ZMJX3 HTTP/1.1" 200 64 "-" "Cpanel-HTTP-Client/1.0"
45.79.238.235 - - [31/Mar/2026:23:09:16 +0000] "GET /.well-known/acme-challenge/WR_Q_K7I1XDMS-3C1BD1CD3Y0-74BX1E HTTP/1.1" 200 64 "-" "Cpanel-HTTP-Client/1.0"
34.74.242.206 - - [31/Mar/2026:23:10:14 +0000] "GET / HTTP/1.1" 302 - "-" "ZoominfoBot (zoominfobot at zoominfo dot com)"
34.74.242.206 - - [31/Mar/2026:23:10:14 +0000] "GET /wp-admin/setup-config.php HTTP/1.1" 200 13165 "-" "ZoominfoBot (zoominfobot at zoominfo dot com)"
cải xoăn