66.249.66.197 - - [31/Mar/2026:12:22:30 +0000] "GET /2026/03/05/do-pokies-in-new-zealand-pay/ HTTP/1.1" 200 120798 "-" "Mozilla/5.0 (Linux; Android 6.0.1; Nexus 5X Build/MMB29P) AppleWebKit/537.36 (KHTML, like Gecko) Chrome/146.0.7680.153 Mobile Safari/537.36 (compatible; Googlebot/2.1; +http://www.google.com/bot.html)"
66.249.66.197 - - [31/Mar/2026:12:22:31 +0000] "GET /2026/03/05/asian-beauty-pokies-australia/ HTTP/1.1" 200 119835 "-" "Mozilla/5.0 (Linux; Android 6.0.1; Nexus 5X Build/MMB29P) AppleWebKit/537.36 (KHTML, like Gecko) Chrome/146.0.7680.153 Mobile Safari/537.36 (compatible; Googlebot/2.1; +http://www.google.com/bot.html)"
66.249.66.197 - - [31/Mar/2026:12:22:32 +0000] "GET /?p=11678 HTTP/1.1" 301 - "-" "Mozilla/5.0 (Linux; Android 6.0.1; Nexus 5X Build/MMB29P) AppleWebKit/537.36 (KHTML, like Gecko) Chrome/146.0.7680.153 Mobile Safari/537.36 (compatible; Googlebot/2.1; +http://www.google.com/bot.html)"
66.249.66.197 - - [31/Mar/2026:12:22:33 +0000] "GET /2026/03/05/fortune-dragon-pokies/ HTTP/1.1" 200 120183 "-" "Mozilla/5.0 (Linux; Android 6.0.1; Nexus 5X Build/MMB29P) AppleWebKit/537.36 (KHTML, like Gecko) Chrome/146.0.7680.153 Mobile Safari/537.36 (compatible; Googlebot/2.1; +http://www.google.com/bot.html)"
66.249.66.197 - - [31/Mar/2026:12:22:34 +0000] "GET /2026/03/05/online-gambling-regulation-au/ HTTP/1.1" 200 121591 "-" "Mozilla/5.0 (Linux; Android 6.0.1; Nexus 5X Build/MMB29P) AppleWebKit/537.36 (KHTML, like Gecko) Chrome/146.0.7680.153 Mobile Safari/537.36 (compatible; Googlebot/2.1; +http://www.google.com/bot.html)"
66.249.66.197 - - [31/Mar/2026:12:22:35 +0000] "GET /?p=12019 HTTP/1.1" 301 - "-" "Mozilla/5.0 (Linux; Android 6.0.1; Nexus 5X Build/MMB29P) AppleWebKit/537.36 (KHTML, like Gecko) Chrome/146.0.7680.153 Mobile Safari/537.36 (compatible; Googlebot/2.1; +http://www.google.com/bot.html)"
66.249.66.197 - - [31/Mar/2026:12:22:37 +0000] "GET /?p=13582 HTTP/1.1" 301 - "-" "Mozilla/5.0 (Linux; Android 6.0.1; Nexus 5X Build/MMB29P) AppleWebKit/537.36 (KHTML, like Gecko) Chrome/146.0.7680.153 Mobile Safari/537.36 (compatible; Googlebot/2.1; +http://www.google.com/bot.html)"
66.249.66.197 - - [31/Mar/2026:12:22:38 +0000] "GET /?p=11987 HTTP/1.1" 301 - "-" "Mozilla/5.0 (Linux; Android 6.0.1; Nexus 5X Build/MMB29P) AppleWebKit/537.36 (KHTML, like Gecko) Chrome/146.0.7680.153 Mobile Safari/537.36 (compatible; Googlebot/2.1; +http://www.google.com/bot.html)"
66.249.66.197 - - [31/Mar/2026:12:22:39 +0000] "GET /?p=11587 HTTP/1.1" 301 - "-" "Mozilla/5.0 (Linux; Android 6.0.1; Nexus 5X Build/MMB29P) AppleWebKit/537.36 (KHTML, like Gecko) Chrome/146.0.7680.153 Mobile Safari/537.36 (compatible; Googlebot/2.1; +http://www.google.com/bot.html)"
66.249.66.197 - - [31/Mar/2026:12:22:40 +0000] "GET /?p=14409 HTTP/1.1" 301 - "-" "Mozilla/5.0 (Linux; Android 6.0.1; Nexus 5X Build/MMB29P) AppleWebKit/537.36 (KHTML, like Gecko) Chrome/146.0.7680.153 Mobile Safari/537.36 (compatible; Googlebot/2.1; +http://www.google.com/bot.html)"
66.249.66.197 - - [31/Mar/2026:12:22:41 +0000] "GET /?p=13985 HTTP/1.1" 301 - "-" "Mozilla/5.0 (Linux; Android 6.0.1; Nexus 5X Build/MMB29P) AppleWebKit/537.36 (KHTML, like Gecko) Chrome/146.0.7680.153 Mobile Safari/537.36 (compatible; Googlebot/2.1; +http://www.google.com/bot.html)"
66.249.66.197 - - [31/Mar/2026:12:22:42 +0000] "GET /2026/03/05/new-free-australian-pokies-games/ HTTP/1.1" 200 120088 "-" "Mozilla/5.0 (Linux; Android 6.0.1; Nexus 5X Build/MMB29P) AppleWebKit/537.36 (KHTML, like Gecko) Chrome/146.0.7680.153 Mobile Safari/537.36 (compatible; Googlebot/2.1; +http://www.google.com/bot.html)"
66.249.66.197 - - [31/Mar/2026:12:22:43 +0000] "GET /?p=12107 HTTP/1.1" 301 - "-" "Mozilla/5.0 (Linux; Android 6.0.1; Nexus 5X Build/MMB29P) AppleWebKit/537.36 (KHTML, like Gecko) Chrome/146.0.7680.153 Mobile Safari/537.36 (compatible; Googlebot/2.1; +http://www.google.com/bot.html)"
45.79.238.235 - - [31/Mar/2026:12:22:45 +0000] "POST /wp-cron.php?doing_wp_cron=1774959765.1804120540618896484375 HTTP/1.1" 200 - "https://mycom.co.nz/wp-cron.php?doing_wp_cron=1774959765.1804120540618896484375" "WordPress/6.1.10; https://mycom.co.nz"
66.249.66.197 - - [31/Mar/2026:12:22:45 +0000] "GET /?p=14274 HTTP/1.1" 301 - "-" "Mozilla/5.0 (Linux; Android 6.0.1; Nexus 5X Build/MMB29P) AppleWebKit/537.36 (KHTML, like Gecko) Chrome/146.0.7680.153 Mobile Safari/537.36 (compatible; Googlebot/2.1; +http://www.google.com/bot.html)"
66.249.66.197 - - [31/Mar/2026:12:22:45 +0000] "GET /?p=13677 HTTP/1.1" 301 - "-" "Mozilla/5.0 (Linux; Android 6.0.1; Nexus 5X Build/MMB29P) AppleWebKit/537.36 (KHTML, like Gecko) Chrome/146.0.7680.153 Mobile Safari/537.36 (compatible; Googlebot/2.1; +http://www.google.com/bot.html)"
66.249.66.197 - - [31/Mar/2026:12:22:46 +0000] "GET /?p=11956 HTTP/1.1" 301 - "-" "Mozilla/5.0 (Linux; Android 6.0.1; Nexus 5X Build/MMB29P) AppleWebKit/537.36 (KHTML, like Gecko) Chrome/146.0.7680.153 Mobile Safari/537.36 (compatible; Googlebot/2.1; +http://www.google.com/bot.html)"
66.249.66.197 - - [31/Mar/2026:12:22:48 +0000] "GET /?p=12897 HTTP/1.1" 301 - "-" "Mozilla/5.0 (Linux; Android 6.0.1; Nexus 5X Build/MMB29P) AppleWebKit/537.36 (KHTML, like Gecko) Chrome/146.0.7680.153 Mobile Safari/537.36 (compatible; Googlebot/2.1; +http://www.google.com/bot.html)"
66.249.66.197 - - [31/Mar/2026:12:22:49 +0000] "GET /2026/03/05/all-slots-casino-nz-login/ HTTP/1.1" 200 120070 "-" "Mozilla/5.0 (Linux; Android 6.0.1; Nexus 5X Build/MMB29P) AppleWebKit/537.36 (KHTML, like Gecko) Chrome/146.0.7680.153 Mobile Safari/537.36 (compatible; Googlebot/2.1; +http://www.google.com/bot.html)"
66.249.66.197 - - [31/Mar/2026:12:22:50 +0000] "GET /?p=13464 HTTP/1.1" 301 - "-" "Mozilla/5.0 (Linux; Android 6.0.1; Nexus 5X Build/MMB29P) AppleWebKit/537.36 (KHTML, like Gecko) Chrome/146.0.7680.153 Mobile Safari/537.36 (compatible; Googlebot/2.1; +http://www.google.com/bot.html)"
66.249.66.197 - - [31/Mar/2026:12:22:51 +0000] "GET /2026/03/05/what-is-the-best-australian-online-casino/ HTTP/1.1" 200 121012 "-" "Mozilla/5.0 (Linux; Android 6.0.1; Nexus 5X Build/MMB29P) AppleWebKit/537.36 (KHTML, like Gecko) Chrome/146.0.7680.153 Mobile Safari/537.36 (compatible; Googlebot/2.1; +http://www.google.com/bot.html)"
66.249.66.197 - - [31/Mar/2026:12:22:52 +0000] "GET /?p=13047 HTTP/1.1" 301 - "-" "Mozilla/5.0 (Linux; Android 6.0.1; Nexus 5X Build/MMB29P) AppleWebKit/537.36 (KHTML, like Gecko) Chrome/146.0.7680.153 Mobile Safari/537.36 (compatible; Googlebot/2.1; +http://www.google.com/bot.html)"
66.249.66.197 - - [31/Mar/2026:12:22:53 +0000] "GET /2026/03/05/uptown-pokies-bonus-codes-au/ HTTP/1.1" 200 120410 "-" "Mozilla/5.0 (Linux; Android 6.0.1; Nexus 5X Build/MMB29P) AppleWebKit/537.36 (KHTML, like Gecko) Chrome/146.0.7680.153 Mobile Safari/537.36 (compatible; Googlebot/2.1; +http://www.google.com/bot.html)"
66.249.66.198 - - [31/Mar/2026:12:22:54 +0000] "GET /2026/03/05/popular-pokies-with-welcome-bonus-melbourne/ HTTP/1.1" 200 120842 "-" "Mozilla/5.0 (Linux; Android 6.0.1; Nexus 5X Build/MMB29P) AppleWebKit/537.36 (KHTML, like Gecko) Chrome/146.0.7680.153 Mobile Safari/537.36 (compatible; Googlebot/2.1; +http://www.google.com/bot.html)"
66.249.66.197 - - [31/Mar/2026:12:22:55 +0000] "GET /?p=12083 HTTP/1.1" 301 - "-" "Mozilla/5.0 (Linux; Android 6.0.1; Nexus 5X Build/MMB29P) AppleWebKit/537.36 (KHTML, like Gecko) Chrome/146.0.7680.153 Mobile Safari/537.36 (compatible; Googlebot/2.1; +http://www.google.com/bot.html)"
66.249.66.197 - - [31/Mar/2026:12:22:56 +0000] "GET /?p=11889 HTTP/1.1" 301 - "-" "Mozilla/5.0 (Linux; Android 6.0.1; Nexus 5X Build/MMB29P) AppleWebKit/537.36 (KHTML, like Gecko) Chrome/146.0.7680.153 Mobile Safari/537.36 (compatible; Googlebot/2.1; +http://www.google.com/bot.html)"
66.249.66.198 - - [31/Mar/2026:12:22:57 +0000] "GET /2026/03/05/how-to-win-big-no-deposit-pokies/ HTTP/1.1" 200 120747 "-" "Mozilla/5.0 (Linux; Android 6.0.1; Nexus 5X Build/MMB29P) AppleWebKit/537.36 (KHTML, like Gecko) Chrome/146.0.7680.153 Mobile Safari/537.36 (compatible; Googlebot/2.1; +http://www.google.com/bot.html)"
66.249.66.198 - - [31/Mar/2026:12:22:58 +0000] "GET /?p=12207 HTTP/1.1" 301 - "-" "Mozilla/5.0 (Linux; Android 6.0.1; Nexus 5X Build/MMB29P) AppleWebKit/537.36 (KHTML, like Gecko) Chrome/146.0.7680.153 Mobile Safari/537.36 (compatible; Googlebot/2.1; +http://www.google.com/bot.html)"
66.249.66.198 - - [31/Mar/2026:12:22:59 +0000] "GET /?p=11888 HTTP/1.1" 301 - "-" "Mozilla/5.0 (Linux; Android 6.0.1; Nexus 5X Build/MMB29P) AppleWebKit/537.36 (KHTML, like Gecko) Chrome/146.0.7680.153 Mobile Safari/537.36 (compatible; Googlebot/2.1; +http://www.google.com/bot.html)"
66.249.66.198 - - [31/Mar/2026:12:22:59 +0000] "GET /2026/03/05/australian-casino-pokies-no-minimum-deposit/ HTTP/1.1" 200 120531 "-" "Mozilla/5.0 (Linux; Android 6.0.1; Nexus 5X Build/MMB29P) AppleWebKit/537.36 (KHTML, like Gecko) Chrome/146.0.7680.153 Mobile Safari/537.36 (compatible; Googlebot/2.1; +http://www.google.com/bot.html)"
66.249.66.197 - - [31/Mar/2026:12:23:00 +0000] "GET /?p=12215 HTTP/1.1" 301 - "-" "Mozilla/5.0 (Linux; Android 6.0.1; Nexus 5X Build/MMB29P) AppleWebKit/537.36 (KHTML, like Gecko) Chrome/146.0.7680.153 Mobile Safari/537.36 (compatible; Googlebot/2.1; +http://www.google.com/bot.html)"
66.249.66.197 - - [31/Mar/2026:12:23:01 +0000] "GET /2026/03/05/dollar-1-minimum-deposit-casino-new-zealand/ HTTP/1.1" 200 121018 "-" "Mozilla/5.0 (Linux; Android 6.0.1; Nexus 5X Build/MMB29P) AppleWebKit/537.36 (KHTML, like Gecko) Chrome/146.0.7680.153 Mobile Safari/537.36 (compatible; Googlebot/2.1; +http://www.google.com/bot.html)"
66.249.66.37 - - [31/Mar/2026:12:23:02 +0000] "GET /?p=12458 HTTP/1.1" 301 - "-" "Mozilla/5.0 (Linux; Android 6.0.1; Nexus 5X Build/MMB29P) AppleWebKit/537.36 (KHTML, like Gecko) Chrome/146.0.7680.153 Mobile Safari/537.36 (compatible; Googlebot/2.1; +http://www.google.com/bot.html)"
66.249.66.36 - - [31/Mar/2026:12:23:03 +0000] "GET /2026/03/05/bitcoin-casinos-nz-players-free-spins-no-deposit-bonus/ HTTP/1.1" 200 121073 "-" "Mozilla/5.0 (Linux; Android 6.0.1; Nexus 5X Build/MMB29P) AppleWebKit/537.36 (KHTML, like Gecko) Chrome/146.0.7680.153 Mobile Safari/537.36 (compatible; Googlebot/2.1; +http://www.google.com/bot.html)"
66.249.66.162 - - [31/Mar/2026:12:23:04 +0000] "GET /?p=12150 HTTP/1.1" 301 - "-" "Mozilla/5.0 (Linux; Android 6.0.1; Nexus 5X Build/MMB29P) AppleWebKit/537.36 (KHTML, like Gecko) Chrome/146.0.7680.153 Mobile Safari/537.36 (compatible; Googlebot/2.1; +http://www.google.com/bot.html)"
66.249.66.36 - - [31/Mar/2026:12:23:05 +0000] "GET /?p=12672 HTTP/1.1" 301 - "-" "Mozilla/5.0 (Linux; Android 6.0.1; Nexus 5X Build/MMB29P) AppleWebKit/537.36 (KHTML, like Gecko) Chrome/146.0.7680.153 Mobile Safari/537.36 (compatible; Googlebot/2.1; +http://www.google.com/bot.html)"
66.249.66.36 - - [31/Mar/2026:12:23:06 +0000] "GET /2026/03/05/branle-pas-nz-casino-1961-streaming/ HTTP/1.1" 200 120651 "-" "Mozilla/5.0 (Linux; Android 6.0.1; Nexus 5X Build/MMB29P) AppleWebKit/537.36 (KHTML, like Gecko) Chrome/146.0.7680.153 Mobile Safari/537.36 (compatible; Googlebot/2.1; +http://www.google.com/bot.html)"
66.249.66.36 - - [31/Mar/2026:12:23:07 +0000] "GET /2026/03/05/tax-free-pokies-no-deposit-bonuses/ HTTP/1.1" 200 120453 "-" "Mozilla/5.0 (Linux; Android 6.0.1; Nexus 5X Build/MMB29P) AppleWebKit/537.36 (KHTML, like Gecko) Chrome/146.0.7680.153 Mobile Safari/537.36 (compatible; Googlebot/2.1; +http://www.google.com/bot.html)"
66.249.66.36 - - [31/Mar/2026:12:23:08 +0000] "GET /?p=10898 HTTP/1.1" 200 114941 "-" "Mozilla/5.0 (Linux; Android 6.0.1; Nexus 5X Build/MMB29P) AppleWebKit/537.36 (KHTML, like Gecko) Chrome/146.0.7680.153 Mobile Safari/537.36 (compatible; Googlebot/2.1; +http://www.google.com/bot.html)"
66.249.66.36 - - [31/Mar/2026:12:23:09 +0000] "GET /2026/03/05/secure-pokies-real-money-no-deposit-australia/ HTTP/1.1" 200 121113 "-" "Mozilla/5.0 (Linux; Android 6.0.1; Nexus 5X Build/MMB29P) AppleWebKit/537.36 (KHTML, like Gecko) Chrome/146.0.7680.153 Mobile Safari/537.36 (compatible; Googlebot/2.1; +http://www.google.com/bot.html)"
66.249.66.36 - - [31/Mar/2026:12:23:09 +0000] "GET /2026/03/05/uptown-pokies-free-spins/ HTTP/1.1" 200 120646 "-" "Mozilla/5.0 (Linux; Android 6.0.1; Nexus 5X Build/MMB29P) AppleWebKit/537.36 (KHTML, like Gecko) Chrome/146.0.7680.153 Mobile Safari/537.36 (compatible; Googlebot/2.1; +http://www.google.com/bot.html)"
66.249.66.36 - - [31/Mar/2026:12:23:10 +0000] "GET /?p=16206 HTTP/1.1" 301 - "-" "Mozilla/5.0 (Linux; Android 6.0.1; Nexus 5X Build/MMB29P) AppleWebKit/537.36 (KHTML, like Gecko) Chrome/146.0.7680.153 Mobile Safari/537.36 (compatible; Googlebot/2.1; +http://www.google.com/bot.html)"
66.249.66.162 - - [31/Mar/2026:12:23:11 +0000] "GET /2026/03/05/online-gambling-au/ HTTP/1.1" 200 119359 "-" "Mozilla/5.0 (Linux; Android 6.0.1; Nexus 5X Build/MMB29P) AppleWebKit/537.36 (KHTML, like Gecko) Chrome/146.0.7680.153 Mobile Safari/537.36 (compatible; Googlebot/2.1; +http://www.google.com/bot.html)"
66.249.66.36 - - [31/Mar/2026:12:23:12 +0000] "GET /?p=18572 HTTP/1.1" 301 - "-" "Mozilla/5.0 (Linux; Android 6.0.1; Nexus 5X Build/MMB29P) AppleWebKit/537.36 (KHTML, like Gecko) Chrome/146.0.7680.153 Mobile Safari/537.36 (compatible; Googlebot/2.1; +http://www.google.com/bot.html)"
66.249.66.162 - - [31/Mar/2026:12:23:13 +0000] "GET /2026/03/05/coyote-cash-pokies-australian/ HTTP/1.1" 200 120442 "-" "Mozilla/5.0 (Linux; Android 6.0.1; Nexus 5X Build/MMB29P) AppleWebKit/537.36 (KHTML, like Gecko) Chrome/146.0.7680.153 Mobile Safari/537.36 (compatible; Googlebot/2.1; +http://www.google.com/bot.html)"
66.249.66.3 - - [31/Mar/2026:12:23:14 +0000] "GET /?p=15808 HTTP/1.1" 301 - "-" "Mozilla/5.0 (Linux; Android 6.0.1; Nexus 5X Build/MMB29P) AppleWebKit/537.36 (KHTML, like Gecko) Chrome/146.0.7680.153 Mobile Safari/537.36 (compatible; Googlebot/2.1; +http://www.google.com/bot.html)"
66.249.66.3 - - [31/Mar/2026:12:23:14 +0000] "GET /2026/03/05/online-slots-for-nz/ HTTP/1.1" 200 119872 "-" "Mozilla/5.0 (Linux; Android 6.0.1; Nexus 5X Build/MMB29P) AppleWebKit/537.36 (KHTML, like Gecko) Chrome/146.0.7680.153 Mobile Safari/537.36 (compatible; Googlebot/2.1; +http://www.google.com/bot.html)"
66.249.66.162 - - [31/Mar/2026:12:23:15 +0000] "GET /?p=11761 HTTP/1.1" 301 - "-" "Mozilla/5.0 (Linux; Android 6.0.1; Nexus 5X Build/MMB29P) AppleWebKit/537.36 (KHTML, like Gecko) Chrome/146.0.7680.153 Mobile Safari/537.36 (compatible; Googlebot/2.1; +http://www.google.com/bot.html)"
66.249.66.36 - - [31/Mar/2026:12:23:16 +0000] "GET /2026/03/05/make-money-on-winning-pokies/ HTTP/1.1" 200 120025 "-" "Mozilla/5.0 (Linux; Android 6.0.1; Nexus 5X Build/MMB29P) AppleWebKit/537.36 (KHTML, like Gecko) Chrome/146.0.7680.153 Mobile Safari/537.36 (compatible; Googlebot/2.1; +http://www.google.com/bot.html)"
66.249.66.66 - - [31/Mar/2026:12:23:17 +0000] "GET /2026/03/05/slot-apps-for-real-money-australia/ HTTP/1.1" 200 120586 "-" "Mozilla/5.0 (Linux; Android 6.0.1; Nexus 5X Build/MMB29P) AppleWebKit/537.36 (KHTML, like Gecko) Chrome/146.0.7680.153 Mobile Safari/537.36 (compatible; Googlebot/2.1; +http://www.google.com/bot.html)"
66.249.66.36 - - [31/Mar/2026:12:23:18 +0000] "GET /2026/03/05/au-casino-no-deposit-sign-up-bonus/ HTTP/1.1" 200 120102 "-" "Mozilla/5.0 (Linux; Android 6.0.1; Nexus 5X Build/MMB29P) AppleWebKit/537.36 (KHTML, like Gecko) Chrome/146.0.7680.153 Mobile Safari/537.36 (compatible; Googlebot/2.1; +http://www.google.com/bot.html)"
66.249.66.36 - - [31/Mar/2026:12:23:18 +0000] "GET /2026/03/05/secure-pokies-with-welcome-bonus-games-free-play/ HTTP/1.1" 200 121261 "-" "Mozilla/5.0 (Linux; Android 6.0.1; Nexus 5X Build/MMB29P) AppleWebKit/537.36 (KHTML, like Gecko) Chrome/146.0.7680.153 Mobile Safari/537.36 (compatible; Googlebot/2.1; +http://www.google.com/bot.html)"
66.249.66.3 - - [31/Mar/2026:12:23:19 +0000] "GET /2026/03/05/online-pokies-sites-new-zealand/ HTTP/1.1" 200 120932 "-" "Mozilla/5.0 (Linux; Android 6.0.1; Nexus 5X Build/MMB29P) AppleWebKit/537.36 (KHTML, like Gecko) Chrome/146.0.7680.153 Mobile Safari/537.36 (compatible; Googlebot/2.1; +http://www.google.com/bot.html)"
66.249.66.36 - - [31/Mar/2026:12:23:20 +0000] "GET /2026/03/05/gambling-pokies-fun/ HTTP/1.1" 200 120861 "-" "Mozilla/5.0 (Linux; Android 6.0.1; Nexus 5X Build/MMB29P) AppleWebKit/537.36 (KHTML, like Gecko) Chrome/146.0.7680.153 Mobile Safari/537.36 (compatible; Googlebot/2.1; +http://www.google.com/bot.html)"
66.249.66.67 - - [31/Mar/2026:12:23:21 +0000] "GET /?p=13625 HTTP/1.1" 301 - "-" "Mozilla/5.0 (Linux; Android 6.0.1; Nexus 5X Build/MMB29P) AppleWebKit/537.36 (KHTML, like Gecko) Chrome/146.0.7680.153 Mobile Safari/537.36 (compatible; Googlebot/2.1; +http://www.google.com/bot.html)"
66.249.66.4 - - [31/Mar/2026:12:23:22 +0000] "GET /2026/03/05/australian-gambling-profits/ HTTP/1.1" 200 120661 "-" "Mozilla/5.0 (Linux; Android 6.0.1; Nexus 5X Build/MMB29P) AppleWebKit/537.36 (KHTML, like Gecko) Chrome/146.0.7680.153 Mobile Safari/537.36 (compatible; Googlebot/2.1; +http://www.google.com/bot.html)"
66.249.66.163 - - [31/Mar/2026:12:23:22 +0000] "GET /2026/03/05/legal-pokies-australia/ HTTP/1.1" 200 120928 "-" "Mozilla/5.0 (Linux; Android 6.0.1; Nexus 5X Build/MMB29P) AppleWebKit/537.36 (KHTML, like Gecko) Chrome/146.0.7680.153 Mobile Safari/537.36 (compatible; Googlebot/2.1; +http://www.google.com/bot.html)"
66.249.66.67 - - [31/Mar/2026:12:23:23 +0000] "GET /2026/03/05/strategy-to-win-pokies-in-australia/ HTTP/1.1" 200 121122 "-" "Mozilla/5.0 (Linux; Android 6.0.1; Nexus 5X Build/MMB29P) AppleWebKit/537.36 (KHTML, like Gecko) Chrome/146.0.7680.153 Mobile Safari/537.36 (compatible; Googlebot/2.1; +http://www.google.com/bot.html)"
66.249.66.67 - - [31/Mar/2026:12:23:24 +0000] "GET /?p=12588 HTTP/1.1" 301 - "-" "Mozilla/5.0 (Linux; Android 6.0.1; Nexus 5X Build/MMB29P) AppleWebKit/537.36 (KHTML, like Gecko) Chrome/146.0.7680.153 Mobile Safari/537.36 (compatible; Googlebot/2.1; +http://www.google.com/bot.html)"
66.249.66.66 - - [31/Mar/2026:12:23:25 +0000] "GET /2026/03/05/free-australian-pokies-games-without-download/ HTTP/1.1" 200 121784 "-" "Mozilla/5.0 (Linux; Android 6.0.1; Nexus 5X Build/MMB29P) AppleWebKit/537.36 (KHTML, like Gecko) Chrome/146.0.7680.153 Mobile Safari/537.36 (compatible; Googlebot/2.1; +http://www.google.com/bot.html)"
66.249.66.36 - - [31/Mar/2026:12:23:25 +0000] "GET /2026/03/05/free-casino-pokies-games-play-now/ HTTP/1.1" 200 120369 "-" "Mozilla/5.0 (Linux; Android 6.0.1; Nexus 5X Build/MMB29P) AppleWebKit/537.36 (KHTML, like Gecko) Chrome/146.0.7680.153 Mobile Safari/537.36 (compatible; Googlebot/2.1; +http://www.google.com/bot.html)"
66.249.66.37 - - [31/Mar/2026:12:23:26 +0000] "GET /2026/03/05/where-can-i-play-live-dealer-pokies-in-new-zealand/ HTTP/1.1" 200 121069 "-" "Mozilla/5.0 (Linux; Android 6.0.1; Nexus 5X Build/MMB29P) AppleWebKit/537.36 (KHTML, like Gecko) Chrome/146.0.7680.153 Mobile Safari/537.36 (compatible; Googlebot/2.1; +http://www.google.com/bot.html)"
66.249.66.38 - - [31/Mar/2026:12:23:27 +0000] "GET /2026/03/05/las-vegas-au-casino-lvau200/ HTTP/1.1" 200 121352 "-" "Mozilla/5.0 (Linux; Android 6.0.1; Nexus 5X Build/MMB29P) AppleWebKit/537.36 (KHTML, like Gecko) Chrome/146.0.7680.153 Mobile Safari/537.36 (compatible; Googlebot/2.1; +http://www.google.com/bot.html)"
66.249.66.68 - - [31/Mar/2026:12:23:28 +0000] "GET /2026/03/05/24-hour-pokies-newcastle/ HTTP/1.1" 200 120546 "-" "Mozilla/5.0 (Linux; Android 6.0.1; Nexus 5X Build/MMB29P) AppleWebKit/537.36 (KHTML, like Gecko) Chrome/146.0.7680.153 Mobile Safari/537.36 (compatible; Googlebot/2.1; +http://www.google.com/bot.html)"
66.249.66.67 - - [31/Mar/2026:12:23:28 +0000] "GET /2026/03/05/virtual-pokies-play-for-free/ HTTP/1.1" 200 120627 "-" "Mozilla/5.0 (Linux; Android 6.0.1; Nexus 5X Build/MMB29P) AppleWebKit/537.36 (KHTML, like Gecko) Chrome/146.0.7680.153 Mobile Safari/537.36 (compatible; Googlebot/2.1; +http://www.google.com/bot.html)"
66.249.66.68 - - [31/Mar/2026:12:23:29 +0000] "GET /2026/03/05/popular-pokies-best-signup-bonus/ HTTP/1.1" 200 121328 "-" "Mozilla/5.0 (Linux; Android 6.0.1; Nexus 5X Build/MMB29P) AppleWebKit/537.36 (KHTML, like Gecko) Chrome/146.0.7680.153 Mobile Safari/537.36 (compatible; Googlebot/2.1; +http://www.google.com/bot.html)"
66.249.66.4 - - [31/Mar/2026:12:23:30 +0000] "GET /2026/03/05/free-real-online-pokies-new-zealand/ HTTP/1.1" 200 121510 "-" "Mozilla/5.0 (Linux; Android 6.0.1; Nexus 5X Build/MMB29P) AppleWebKit/537.36 (KHTML, like Gecko) Chrome/146.0.7680.153 Mobile Safari/537.36 (compatible; Googlebot/2.1; +http://www.google.com/bot.html)"
66.249.66.68 - - [31/Mar/2026:12:23:31 +0000] "GET /2026/03/05/australia-roulette-wheel-vs-european/ HTTP/1.1" 200 120588 "-" "Mozilla/5.0 (Linux; Android 6.0.1; Nexus 5X Build/MMB29P) AppleWebKit/537.36 (KHTML, like Gecko) Chrome/146.0.7680.153 Mobile Safari/537.36 (compatible; Googlebot/2.1; +http://www.google.com/bot.html)"
66.249.66.66 - - [31/Mar/2026:12:23:31 +0000] "GET /2026/03/05/australian-online-slot-machines/ HTTP/1.1" 200 121257 "-" "Mozilla/5.0 (Linux; Android 6.0.1; Nexus 5X Build/MMB29P) AppleWebKit/537.36 (KHTML, like Gecko) Chrome/146.0.7680.153 Mobile Safari/537.36 (compatible; Googlebot/2.1; +http://www.google.com/bot.html)"
66.249.66.38 - - [31/Mar/2026:12:23:32 +0000] "GET /?p=12504 HTTP/1.1" 301 - "-" "Mozilla/5.0 (Linux; Android 6.0.1; Nexus 5X Build/MMB29P) AppleWebKit/537.36 (KHTML, like Gecko) Chrome/146.0.7680.153 Mobile Safari/537.36 (compatible; Googlebot/2.1; +http://www.google.com/bot.html)"
66.249.66.67 - - [31/Mar/2026:12:23:33 +0000] "GET /2026/03/05/river-rock-casino-nz/ HTTP/1.1" 200 120518 "-" "Mozilla/5.0 (Linux; Android 6.0.1; Nexus 5X Build/MMB29P) AppleWebKit/537.36 (KHTML, like Gecko) Chrome/146.0.7680.153 Mobile Safari/537.36 (compatible; Googlebot/2.1; +http://www.google.com/bot.html)"
66.249.66.68 - - [31/Mar/2026:12:23:34 +0000] "GET /2026/03/05/best-au-online-casinos-sites/ HTTP/1.1" 200 120623 "-" "Mozilla/5.0 (Linux; Android 6.0.1; Nexus 5X Build/MMB29P) AppleWebKit/537.36 (KHTML, like Gecko) Chrome/146.0.7680.153 Mobile Safari/537.36 (compatible; Googlebot/2.1; +http://www.google.com/bot.html)"
66.249.66.67 - - [31/Mar/2026:12:23:34 +0000] "GET /2026/03/05/crown-casino-melbourne-contact/ HTTP/1.1" 200 120021 "-" "Mozilla/5.0 (Linux; Android 6.0.1; Nexus 5X Build/MMB29P) AppleWebKit/537.36 (KHTML, like Gecko) Chrome/146.0.7680.153 Mobile Safari/537.36 (compatible; Googlebot/2.1; +http://www.google.com/bot.html)"
66.249.66.67 - - [31/Mar/2026:12:23:35 +0000] "GET /2026/03/05/free-pokies-online-games/ HTTP/1.1" 200 120583 "-" "Mozilla/5.0 (Linux; Android 6.0.1; Nexus 5X Build/MMB29P) AppleWebKit/537.36 (KHTML, like Gecko) Chrome/146.0.7680.153 Mobile Safari/537.36 (compatible; Googlebot/2.1; +http://www.google.com/bot.html)"
66.249.66.68 - - [31/Mar/2026:12:23:36 +0000] "GET /2026/03/05/are-there-any-casinos-in-toronto-australia/ HTTP/1.1" 200 120404 "-" "Mozilla/5.0 (Linux; Android 6.0.1; Nexus 5X Build/MMB29P) AppleWebKit/537.36 (KHTML, like Gecko) Chrome/146.0.7680.153 Mobile Safari/537.36 (compatible; Googlebot/2.1; +http://www.google.com/bot.html)"
66.249.66.67 - - [31/Mar/2026:12:23:37 +0000] "GET /2026/03/05/pokie-wins-australia/ HTTP/1.1" 200 120112 "-" "Mozilla/5.0 (Linux; Android 6.0.1; Nexus 5X Build/MMB29P) AppleWebKit/537.36 (KHTML, like Gecko) Chrome/146.0.7680.153 Mobile Safari/537.36 (compatible; Googlebot/2.1; +http://www.google.com/bot.html)"
66.249.66.67 - - [31/Mar/2026:12:23:38 +0000] "GET /2026/03/05/profitable-pokies-low-wagering/ HTTP/1.1" 200 120477 "-" "Mozilla/5.0 (Linux; Android 6.0.1; Nexus 5X Build/MMB29P) AppleWebKit/537.36 (KHTML, like Gecko) Chrome/146.0.7680.153 Mobile Safari/537.36 (compatible; Googlebot/2.1; +http://www.google.com/bot.html)"
66.249.66.198 - - [31/Mar/2026:12:23:38 +0000] "GET /2026/03/05/top-10-online-pokies-sites/ HTTP/1.1" 200 121254 "-" "Mozilla/5.0 (Linux; Android 6.0.1; Nexus 5X Build/MMB29P) AppleWebKit/537.36 (KHTML, like Gecko) Chrome/146.0.7680.153 Mobile Safari/537.36 (compatible; Googlebot/2.1; +http://www.google.com/bot.html)"
66.249.66.197 - - [31/Mar/2026:12:23:39 +0000] "GET /2026/03/05/tax-free-pokies-with-bonus-offers/ HTTP/1.1" 200 120638 "-" "Mozilla/5.0 (Linux; Android 6.0.1; Nexus 5X Build/MMB29P) AppleWebKit/537.36 (KHTML, like Gecko) Chrome/146.0.7680.153 Mobile Safari/537.36 (compatible; Googlebot/2.1; +http://www.google.com/bot.html)"
66.249.66.198 - - [31/Mar/2026:12:23:40 +0000] "GET /2026/03/05/adelaide-casino-and-inn-at-charles-town-races-charles-town-au/ HTTP/1.1" 200 120710 "-" "Mozilla/5.0 (Linux; Android 6.0.1; Nexus 5X Build/MMB29P) AppleWebKit/537.36 (KHTML, like Gecko) Chrome/146.0.7680.153 Mobile Safari/537.36 (compatible; Googlebot/2.1; +http://www.google.com/bot.html)"
66.249.66.199 - - [31/Mar/2026:12:23:40 +0000] "GET /?p=15833 HTTP/1.1" 301 - "-" "Mozilla/5.0 (Linux; Android 6.0.1; Nexus 5X Build/MMB29P) AppleWebKit/537.36 (KHTML, like Gecko) Chrome/146.0.7680.153 Mobile Safari/537.36 (compatible; Googlebot/2.1; +http://www.google.com/bot.html)"
66.249.66.197 - - [31/Mar/2026:12:23:41 +0000] "GET /2026/03/05/blackhawk-gambling-nz/ HTTP/1.1" 200 120552 "-" "Mozilla/5.0 (Linux; Android 6.0.1; Nexus 5X Build/MMB29P) AppleWebKit/537.36 (KHTML, like Gecko) Chrome/146.0.7680.153 Mobile Safari/537.36 (compatible; Googlebot/2.1; +http://www.google.com/bot.html)"
66.249.66.198 - - [31/Mar/2026:12:23:42 +0000] "GET /2026/03/05/free-spins-nz/ HTTP/1.1" 200 120535 "-" "Mozilla/5.0 (Linux; Android 6.0.1; Nexus 5X Build/MMB29P) AppleWebKit/537.36 (KHTML, like Gecko) Chrome/146.0.7680.153 Mobile Safari/537.36 (compatible; Googlebot/2.1; +http://www.google.com/bot.html)"
66.249.66.199 - - [31/Mar/2026:12:23:42 +0000] "GET /2026/03/05/online-pokies-lucky-nugget/ HTTP/1.1" 200 120733 "-" "Mozilla/5.0 (Linux; Android 6.0.1; Nexus 5X Build/MMB29P) AppleWebKit/537.36 (KHTML, like Gecko) Chrome/146.0.7680.153 Mobile Safari/537.36 (compatible; Googlebot/2.1; +http://www.google.com/bot.html)"
66.249.66.197 - - [31/Mar/2026:12:23:43 +0000] "GET /2026/03/05/free-games-no-registration-pokies-machine/ HTTP/1.1" 200 120052 "-" "Mozilla/5.0 (Linux; Android 6.0.1; Nexus 5X Build/MMB29P) AppleWebKit/537.36 (KHTML, like Gecko) Chrome/146.0.7680.153 Mobile Safari/537.36 (compatible; Googlebot/2.1; +http://www.google.com/bot.html)"
66.249.66.199 - - [31/Mar/2026:12:23:44 +0000] "GET /2026/03/05/free-popular-pokies-no-deposit-australia/ HTTP/1.1" 200 120595 "-" "Mozilla/5.0 (Linux; Android 6.0.1; Nexus 5X Build/MMB29P) AppleWebKit/537.36 (KHTML, like Gecko) Chrome/146.0.7680.153 Mobile Safari/537.36 (compatible; Googlebot/2.1; +http://www.google.com/bot.html)"
45.79.238.235 - - [31/Mar/2026:12:23:45 +0000] "POST /wp-cron.php?doing_wp_cron=1774959825.1563770771026611328125 HTTP/1.1" 200 - "https://mycom.co.nz/wp-cron.php?doing_wp_cron=1774959825.1563770771026611328125" "WordPress/6.1.10; https://mycom.co.nz"
66.249.66.197 - - [31/Mar/2026:12:23:45 +0000] "GET /2026/03/05/reputable-online-new-zealand-casino/ HTTP/1.1" 200 120908 "-" "Mozilla/5.0 (Linux; Android 6.0.1; Nexus 5X Build/MMB29P) AppleWebKit/537.36 (KHTML, like Gecko) Chrome/146.0.7680.153 Mobile Safari/537.36 (compatible; Googlebot/2.1; +http://www.google.com/bot.html)"
66.249.66.199 - - [31/Mar/2026:12:23:45 +0000] "GET /2026/03/05/illegal-to-gamble-online-in-au/ HTTP/1.1" 200 120658 "-" "Mozilla/5.0 (Linux; Android 6.0.1; Nexus 5X Build/MMB29P) AppleWebKit/537.36 (KHTML, like Gecko) Chrome/146.0.7680.153 Mobile Safari/537.36 (compatible; Googlebot/2.1; +http://www.google.com/bot.html)"
66.249.66.197 - - [31/Mar/2026:12:23:46 +0000] "GET /2026/03/05/free-no-download-deposit-casino-pokies/ HTTP/1.1" 200 120753 "-" "Mozilla/5.0 (Linux; Android 6.0.1; Nexus 5X Build/MMB29P) AppleWebKit/537.36 (KHTML, like Gecko) Chrome/146.0.7680.153 Mobile Safari/537.36 (compatible; Googlebot/2.1; +http://www.google.com/bot.html)"
66.249.66.199 - - [31/Mar/2026:12:23:47 +0000] "GET /2026/03/05/casino-online-play-au/ HTTP/1.1" 200 120321 "-" "Mozilla/5.0 (Linux; Android 6.0.1; Nexus 5X Build/MMB29P) AppleWebKit/537.36 (KHTML, like Gecko) Chrome/146.0.7680.153 Mobile Safari/537.36 (compatible; Googlebot/2.1; +http://www.google.com/bot.html)"
66.249.66.197 - - [31/Mar/2026:12:23:47 +0000] "GET /2026/03/05/casino-pokies-secrets/ HTTP/1.1" 200 120590 "-" "Mozilla/5.0 (Linux; Android 6.0.1; Nexus 5X Build/MMB29P) AppleWebKit/537.36 (KHTML, like Gecko) Chrome/146.0.7680.153 Mobile Safari/537.36 (compatible; Googlebot/2.1; +http://www.google.com/bot.html)"
66.249.66.197 - - [31/Mar/2026:12:23:49 +0000] "GET /2026/03/05/best-new-pokies/ HTTP/1.1" 200 121020 "-" "Mozilla/5.0 (Linux; Android 6.0.1; Nexus 5X Build/MMB29P) AppleWebKit/537.36 (KHTML, like Gecko) Chrome/146.0.7680.153 Mobile Safari/537.36 (compatible; Googlebot/2.1; +http://www.google.com/bot.html)"
66.249.66.199 - - [31/Mar/2026:12:23:50 +0000] "GET /2026/03/05/free-pokies-games-online-no-download/ HTTP/1.1" 200 121374 "-" "Mozilla/5.0 (Linux; Android 6.0.1; Nexus 5X Build/MMB29P) AppleWebKit/537.36 (KHTML, like Gecko) Chrome/146.0.7680.153 Mobile Safari/537.36 (compatible; Googlebot/2.1; +http://www.google.com/bot.html)"
66.249.66.198 - - [31/Mar/2026:12:23:51 +0000] "GET /2026/03/05/free-australian-popular-pokies-no-download/ HTTP/1.1" 200 120627 "-" "Mozilla/5.0 (Linux; Android 6.0.1; Nexus 5X Build/MMB29P) AppleWebKit/537.36 (KHTML, like Gecko) Chrome/146.0.7680.153 Mobile Safari/537.36 (compatible; Googlebot/2.1; +http://www.google.com/bot.html)"
66.249.66.198 - - [31/Mar/2026:12:23:52 +0000] "GET /2026/03/05/clubs-in-crown-casino-melbourne/ HTTP/1.1" 200 120647 "-" "Mozilla/5.0 (Linux; Android 6.0.1; Nexus 5X Build/MMB29P) AppleWebKit/537.36 (KHTML, like Gecko) Chrome/146.0.7680.153 Mobile Safari/537.36 (compatible; Googlebot/2.1; +http://www.google.com/bot.html)"
66.249.66.198 - - [31/Mar/2026:12:23:53 +0000] "GET /2026/03/05/casino-online-australia/ HTTP/1.1" 200 121280 "-" "Mozilla/5.0 (Linux; Android 6.0.1; Nexus 5X Build/MMB29P) AppleWebKit/537.36 (KHTML, like Gecko) Chrome/146.0.7680.153 Mobile Safari/537.36 (compatible; Googlebot/2.1; +http://www.google.com/bot.html)"
66.249.66.199 - - [31/Mar/2026:12:23:55 +0000] "GET /2026/03/05/online-real-pokies-australia/ HTTP/1.1" 200 120688 "-" "Mozilla/5.0 (Linux; Android 6.0.1; Nexus 5X Build/MMB29P) AppleWebKit/537.36 (KHTML, like Gecko) Chrome/146.0.7680.153 Mobile Safari/537.36 (compatible; Googlebot/2.1; +http://www.google.com/bot.html)"
66.249.66.197 - - [31/Mar/2026:12:23:56 +0000] "GET /2026/03/05/free-120-au-pokies-casino/ HTTP/1.1" 200 120897 "-" "Mozilla/5.0 (Linux; Android 6.0.1; Nexus 5X Build/MMB29P) AppleWebKit/537.36 (KHTML, like Gecko) Chrome/146.0.7680.153 Mobile Safari/537.36 (compatible; Googlebot/2.1; +http://www.google.com/bot.html)"
66.249.66.199 - - [31/Mar/2026:12:23:57 +0000] "GET /2026/03/05/gambling-pokies-no-deposit-required/ HTTP/1.1" 200 120965 "-" "Mozilla/5.0 (Linux; Android 6.0.1; Nexus 5X Build/MMB29P) AppleWebKit/537.36 (KHTML, like Gecko) Chrome/146.0.7680.153 Mobile Safari/537.36 (compatible; Googlebot/2.1; +http://www.google.com/bot.html)"
66.249.66.199 - - [31/Mar/2026:12:23:58 +0000] "GET /2026/03/05/casino-canmore-new-zealand/ HTTP/1.1" 200 120561 "-" "Mozilla/5.0 (Linux; Android 6.0.1; Nexus 5X Build/MMB29P) AppleWebKit/537.36 (KHTML, like Gecko) Chrome/146.0.7680.153 Mobile Safari/537.36 (compatible; Googlebot/2.1; +http://www.google.com/bot.html)"
66.249.66.197 - - [31/Mar/2026:12:24:00 +0000] "GET /2026/03/05/how-old-do-you-have-to-be-to-go-in-a-casino-in-new-zealand/ HTTP/1.1" 200 121024 "-" "Mozilla/5.0 (Linux; Android 6.0.1; Nexus 5X Build/MMB29P) AppleWebKit/537.36 (KHTML, like Gecko) Chrome/146.0.7680.153 Mobile Safari/537.36 (compatible; Googlebot/2.1; +http://www.google.com/bot.html)"
66.249.66.198 - - [31/Mar/2026:12:24:01 +0000] "GET /2026/03/05/good-online-pokies-australia/ HTTP/1.1" 200 120783 "-" "Mozilla/5.0 (Linux; Android 6.0.1; Nexus 5X Build/MMB29P) AppleWebKit/537.36 (KHTML, like Gecko) Chrome/146.0.7680.153 Mobile Safari/537.36 (compatible; Googlebot/2.1; +http://www.google.com/bot.html)"
66.249.66.198 - - [31/Mar/2026:12:24:02 +0000] "GET /2026/03/05/online-slots-australia-express/ HTTP/1.1" 200 120066 "-" "Mozilla/5.0 (Linux; Android 6.0.1; Nexus 5X Build/MMB29P) AppleWebKit/537.36 (KHTML, like Gecko) Chrome/146.0.7680.153 Mobile Safari/537.36 (compatible; Googlebot/2.1; +http://www.google.com/bot.html)"
66.249.66.198 - - [31/Mar/2026:12:24:03 +0000] "GET /2026/03/05/best-offers-of-pokies-strategy/ HTTP/1.1" 200 119794 "-" "Mozilla/5.0 (Linux; Android 6.0.1; Nexus 5X Build/MMB29P) AppleWebKit/537.36 (KHTML, like Gecko) Chrome/146.0.7680.153 Mobile Safari/537.36 (compatible; Googlebot/2.1; +http://www.google.com/bot.html)"
66.249.66.197 - - [31/Mar/2026:12:24:05 +0000] "GET /2026/03/05/how-to-win-online-new-zealand-roulette/ HTTP/1.1" 200 120306 "-" "Mozilla/5.0 (Linux; Android 6.0.1; Nexus 5X Build/MMB29P) AppleWebKit/537.36 (KHTML, like Gecko) Chrome/146.0.7680.153 Mobile Safari/537.36 (compatible; Googlebot/2.1; +http://www.google.com/bot.html)"
66.249.66.197 - - [31/Mar/2026:12:24:06 +0000] "GET /2026/03/05/no-registration-pokies-sign-up-offers/ HTTP/1.1" 200 120577 "-" "Mozilla/5.0 (Linux; Android 6.0.1; Nexus 5X Build/MMB29P) AppleWebKit/537.36 (KHTML, like Gecko) Chrome/146.0.7680.153 Mobile Safari/537.36 (compatible; Googlebot/2.1; +http://www.google.com/bot.html)"
66.249.66.199 - - [31/Mar/2026:12:24:07 +0000] "GET /2026/03/05/casino-in-aurora-au/ HTTP/1.1" 200 120226 "-" "Mozilla/5.0 (Linux; Android 6.0.1; Nexus 5X Build/MMB29P) AppleWebKit/537.36 (KHTML, like Gecko) Chrome/146.0.7680.153 Mobile Safari/537.36 (compatible; Googlebot/2.1; +http://www.google.com/bot.html)"
66.249.66.198 - - [31/Mar/2026:12:24:08 +0000] "GET /2026/03/05/new-au-pokies-payout-methods/ HTTP/1.1" 200 120881 "-" "Mozilla/5.0 (Linux; Android 6.0.1; Nexus 5X Build/MMB29P) AppleWebKit/537.36 (KHTML, like Gecko) Chrome/146.0.7680.153 Mobile Safari/537.36 (compatible; Googlebot/2.1; +http://www.google.com/bot.html)"
66.249.66.198 - - [31/Mar/2026:12:24:09 +0000] "GET /2026/03/05/tax-free-pokies-in-australia-pc/ HTTP/1.1" 200 120653 "-" "Mozilla/5.0 (Linux; Android 6.0.1; Nexus 5X Build/MMB29P) AppleWebKit/537.36 (KHTML, like Gecko) Chrome/146.0.7680.153 Mobile Safari/537.36 (compatible; Googlebot/2.1; +http://www.google.com/bot.html)"
66.249.66.198 - - [31/Mar/2026:12:24:11 +0000] "GET /2026/03/05/progressive-jackpot-pokies-new-zealand/ HTTP/1.1" 200 121184 "-" "Mozilla/5.0 (Linux; Android 6.0.1; Nexus 5X Build/MMB29P) AppleWebKit/537.36 (KHTML, like Gecko) Chrome/146.0.7680.153 Mobile Safari/537.36 (compatible; Googlebot/2.1; +http://www.google.com/bot.html)"
66.249.66.198 - - [31/Mar/2026:12:24:12 +0000] "GET /2026/03/05/electronic-pokies-games-to-play/ HTTP/1.1" 200 120819 "-" "Mozilla/5.0 (Linux; Android 6.0.1; Nexus 5X Build/MMB29P) AppleWebKit/537.36 (KHTML, like Gecko) Chrome/146.0.7680.153 Mobile Safari/537.36 (compatible; Googlebot/2.1; +http://www.google.com/bot.html)"
66.249.66.198 - - [31/Mar/2026:12:24:13 +0000] "GET /2026/03/05/which-is-the-best-casino-in-new-zealand/ HTTP/1.1" 200 121274 "-" "Mozilla/5.0 (Linux; Android 6.0.1; Nexus 5X Build/MMB29P) AppleWebKit/537.36 (KHTML, like Gecko) Chrome/146.0.7680.153 Mobile Safari/537.36 (compatible; Googlebot/2.1; +http://www.google.com/bot.html)"
66.249.66.198 - - [31/Mar/2026:12:24:14 +0000] "GET /2026/03/05/what-is-the-best-online-pokies-casino/ HTTP/1.1" 200 121359 "-" "Mozilla/5.0 (Linux; Android 6.0.1; Nexus 5X Build/MMB29P) AppleWebKit/537.36 (KHTML, like Gecko) Chrome/146.0.7680.153 Mobile Safari/537.36 (compatible; Googlebot/2.1; +http://www.google.com/bot.html)"
66.249.66.197 - - [31/Mar/2026:12:24:16 +0000] "GET /2026/03/05/new-au-pokies-to-play/ HTTP/1.1" 200 119888 "-" "Mozilla/5.0 (Linux; Android 6.0.1; Nexus 5X Build/MMB29P) AppleWebKit/537.36 (KHTML, like Gecko) Chrome/146.0.7680.153 Mobile Safari/537.36 (compatible; Googlebot/2.1; +http://www.google.com/bot.html)"
66.249.66.199 - - [31/Mar/2026:12:24:17 +0000] "GET /2026/03/05/nz-casino-age/ HTTP/1.1" 200 120548 "-" "Mozilla/5.0 (Linux; Android 6.0.1; Nexus 5X Build/MMB29P) AppleWebKit/537.36 (KHTML, like Gecko) Chrome/146.0.7680.153 Mobile Safari/537.36 (compatible; Googlebot/2.1; +http://www.google.com/bot.html)"
66.249.66.38 - - [31/Mar/2026:12:24:18 +0000] "GET /2026/03/05/2026-australian-online-pokies/ HTTP/1.1" 200 121269 "-" "Mozilla/5.0 (Linux; Android 6.0.1; Nexus 5X Build/MMB29P) AppleWebKit/537.36 (KHTML, like Gecko) Chrome/146.0.7680.153 Mobile Safari/537.36 (compatible; Googlebot/2.1; +http://www.google.com/bot.html)"
66.249.66.38 - - [31/Mar/2026:12:24:19 +0000] "GET /2026/03/05/free-chip-pokies/ HTTP/1.1" 200 120245 "-" "Mozilla/5.0 (Linux; Android 6.0.1; Nexus 5X Build/MMB29P) AppleWebKit/537.36 (KHTML, like Gecko) Chrome/146.0.7680.153 Mobile Safari/537.36 (compatible; Googlebot/2.1; +http://www.google.com/bot.html)"
66.249.66.38 - - [31/Mar/2026:12:24:21 +0000] "GET /2026/03/05/online-pokies-ban-new-zealand/ HTTP/1.1" 200 121255 "-" "Mozilla/5.0 (Linux; Android 6.0.1; Nexus 5X Build/MMB29P) AppleWebKit/537.36 (KHTML, like Gecko) Chrome/146.0.7680.153 Mobile Safari/537.36 (compatible; Googlebot/2.1; +http://www.google.com/bot.html)"
66.249.66.36 - - [31/Mar/2026:12:24:22 +0000] "GET /2026/03/05/secure-pokies-that-pay-cash/ HTTP/1.1" 200 120154 "-" "Mozilla/5.0 (Linux; Android 6.0.1; Nexus 5X Build/MMB29P) AppleWebKit/537.36 (KHTML, like Gecko) Chrome/146.0.7680.153 Mobile Safari/537.36 (compatible; Googlebot/2.1; +http://www.google.com/bot.html)"
66.249.66.37 - - [31/Mar/2026:12:24:23 +0000] "GET /2026/03/05/online-pokies-no-deposit-bonus-australia/ HTTP/1.1" 200 120628 "-" "Mozilla/5.0 (Linux; Android 6.0.1; Nexus 5X Build/MMB29P) AppleWebKit/537.36 (KHTML, like Gecko) Chrome/146.0.7680.153 Mobile Safari/537.36 (compatible; Googlebot/2.1; +http://www.google.com/bot.html)"
170.199.224.39 - - [31/Mar/2026:12:29:18 +0000] "GET /contact-us/ HTTP/1.1" 200 - "-" "Mozilla/5.0 (X11; Linux i686; rv:114.0) Gecko/20100101 Firefox/114.0"
170.199.224.39 - - [31/Mar/2026:12:29:21 +0000] "GET /contact-us/ HTTP/1.1" 200 - "-" "Mozilla/5.0 (X11; Linux i686; rv:114.0) Gecko/20100101 Firefox/114.0"
113.222.192.129 - - [31/Mar/2026:12:30:26 +0000] "GET / HTTP/1.1" 200 213028 "-" "Mozilla/5.0 (Macintosh; Intel Mac OS X 10_15_7) AppleWebKit/537.36 (KHTML, like Gecko) Chrome/138.0.0.0 Safari/537.36"
45.79.238.235 - - [31/Mar/2026:12:31:33 +0000] "POST /wp-cron.php?doing_wp_cron=1774960292.9983279705047607421875 HTTP/1.1" 200 - "https://mycom.co.nz/wp-cron.php?doing_wp_cron=1774960292.9983279705047607421875" "WordPress/6.1.10; https://mycom.co.nz"
66.249.66.68 - - [31/Mar/2026:12:31:32 +0000] "GET /2026/03/05/best-new-australian-online-casinos/ HTTP/1.1" 200 121678 "-" "Mozilla/5.0 (Linux; Android 6.0.1; Nexus 5X Build/MMB29P) AppleWebKit/537.36 (KHTML, like Gecko) Chrome/146.0.7680.153 Mobile Safari/537.36 (compatible; Googlebot/2.1; +http://www.google.com/bot.html)"
45.79.238.235 - - [31/Mar/2026:12:33:35 +0000] "POST /wp-cron.php?doing_wp_cron=1774960415.8874020576477050781250 HTTP/1.1" 200 - "https://mycom.co.nz/wp-cron.php?doing_wp_cron=1774960415.8874020576477050781250" "WordPress/6.1.10; https://mycom.co.nz"
52.167.144.172 - - [31/Mar/2026:12:33:35 +0000] "GET /2026/03/05/is-it-possible-to-win-pokies-with-welcome-bonus/ HTTP/1.1" 200 121233 "-" "Mozilla/5.0 AppleWebKit/537.36 (KHTML, like Gecko; compatible; bingbot/2.0; +http://www.bing.com/bingbot.htm) Chrome/116.0.1938.76 Safari/537.36"
45.79.238.235 - - [31/Mar/2026:12:34:37 +0000] "POST /wp-cron.php?doing_wp_cron=1774960477.2607820034027099609375 HTTP/1.1" 200 - "https://mycom.co.nz/wp-cron.php?doing_wp_cron=1774960477.2607820034027099609375" "WordPress/6.1.10; https://mycom.co.nz"
66.249.66.199 - - [31/Mar/2026:12:34:37 +0000] "GET /2026/03/05/earn-money-with-deposit-casino-pokies/ HTTP/1.1" 200 121146 "-" "Mozilla/5.0 (Linux; Android 6.0.1; Nexus 5X Build/MMB29P) AppleWebKit/537.36 (KHTML, like Gecko) Chrome/146.0.7680.153 Mobile Safari/537.36 (compatible; Googlebot/2.1; +http://www.google.com/bot.html)"
91.231.89.33 - - [31/Mar/2026:12:34:51 +0000] "GET / HTTP/1.1" 301 - "-" "Mozilla/5.0 (X11; Ubuntu; Linux x86_64; rv:134.0) Gecko/20100101 Firefox/134.0"
66.249.66.38 - - [31/Mar/2026:12:35:11 +0000] "GET /2026/03/05/money-pokies-10-free/ HTTP/1.1" 200 121081 "-" "Mozilla/5.0 (Linux; Android 6.0.1; Nexus 5X Build/MMB29P) AppleWebKit/537.36 (KHTML, like Gecko) Chrome/146.0.7680.153 Mobile Safari/537.36 (compatible; Googlebot/2.1; +http://www.google.com/bot.html)"
34.123.21.209 - - [31/Mar/2026:12:36:19 +0000] "GET / HTTP/1.1" 200 213028 "http://mycom.co.nz" "Mozilla/5.0 (compatible; CMS-Checker/1.0; +https://example.com)"
52.167.144.138 - - [31/Mar/2026:12:37:29 +0000] "GET /2026/03/05/-10-online-pokies/ HTTP/1.1" 200 114812 "-" "Mozilla/5.0 AppleWebKit/537.36 (KHTML, like Gecko; compatible; bingbot/2.0; +http://www.bing.com/bingbot.htm) Chrome/116.0.1938.76 Safari/537.36"
45.79.238.235 - - [31/Mar/2026:12:37:29 +0000] "POST /wp-cron.php?doing_wp_cron=1774960649.2923889160156250000000 HTTP/1.1" 200 - "https://mycom.co.nz/wp-cron.php?doing_wp_cron=1774960649.2923889160156250000000" "WordPress/6.1.10; https://mycom.co.nz"
66.249.66.197 - - [31/Mar/2026:12:37:29 +0000] "GET /2026/03/05/top-australian-pokies-free-play/ HTTP/1.1" 200 120676 "-" "Mozilla/5.0 (Linux; Android 6.0.1; Nexus 5X Build/MMB29P) AppleWebKit/537.36 (KHTML, like Gecko) Chrome/146.0.7680.153 Mobile Safari/537.36 (compatible; Googlebot/2.1; +http://www.google.com/bot.html)"
66.249.66.198 - - [31/Mar/2026:12:37:34 +0000] "GET /?p=17670 HTTP/1.1" 301 - "-" "Mozilla/5.0 (Linux; Android 6.0.1; Nexus 5X Build/MMB29P) AppleWebKit/537.36 (KHTML, like Gecko) Chrome/146.0.7680.153 Mobile Safari/537.36 (compatible; Googlebot/2.1; +http://www.google.com/bot.html)"
66.249.66.197 - - [31/Mar/2026:12:37:34 +0000] "GET /2026/03/05/electronic-pokies-statistics/ HTTP/1.1" 200 120707 "-" "Mozilla/5.0 (Linux; Android 6.0.1; Nexus 5X Build/MMB29P) AppleWebKit/537.36 (KHTML, like Gecko) Chrome/146.0.7680.153 Mobile Safari/537.36 (compatible; Googlebot/2.1; +http://www.google.com/bot.html)"
91.196.152.164 - - [31/Mar/2026:12:37:35 +0000] "GET / HTTP/1.1" 200 213028 "-" "Mozilla/5.0 (X11; Ubuntu; Linux x86_64; rv:134.0) Gecko/20100101 Firefox/134.0"
45.79.238.235 - - [31/Mar/2026:12:38:43 +0000] "POST /wp-cron.php?doing_wp_cron=1774960723.2782680988311767578125 HTTP/1.1" 200 - "https://mycom.co.nz/wp-cron.php?doing_wp_cron=1774960723.2782680988311767578125" "WordPress/6.1.10; https://mycom.co.nz"
198.235.24.116 - - [31/Mar/2026:12:38:43 +0000] "GET / HTTP/1.1" 200 213028 "-" "Hello from Palo Alto Networks, find out more about our scans in https://docs-cortex.paloaltonetworks.com/r/1/Cortex-Xpanse/Scanning-activity"
66.249.66.198 - - [31/Mar/2026:12:38:44 +0000] "GET /2026/03/05/deposit-casino-pokies-free-sign-up/ HTTP/1.1" 200 121088 "-" "Mozilla/5.0 (Linux; Android 6.0.1; Nexus 5X Build/MMB29P) AppleWebKit/537.36 (KHTML, like Gecko) Chrome/146.0.7680.153 Mobile Safari/537.36 (compatible; Googlebot/2.1; +http://www.google.com/bot.html)"
45.79.238.235 - - [31/Mar/2026:12:38:55 +0000] "POST /wp-cron.php?doing_wp_cron=1774960735.0018880367279052734375 HTTP/1.1" 200 - "https://mycom.co.nz/wp-cron.php?doing_wp_cron=1774960735.0018880367279052734375" "WordPress/6.1.10; https://mycom.co.nz"
66.249.66.197 - - [31/Mar/2026:12:38:54 +0000] "GET /2026/03/05/australia-gambling-commission/ HTTP/1.1" 200 120483 "-" "Mozilla/5.0 (Linux; Android 6.0.1; Nexus 5X Build/MMB29P) AppleWebKit/537.36 (KHTML, like Gecko) Chrome/146.0.7680.153 Mobile Safari/537.36 (compatible; Googlebot/2.1; +http://www.google.com/bot.html)"
66.249.66.198 - - [31/Mar/2026:12:38:56 +0000] "GET /products/detail/54635240/ HTTP/1.1" 404 113497 "-" "Mozilla/5.0 (Linux; Android 6.0.1; Nexus 5X Build/MMB29P) AppleWebKit/537.36 (KHTML, like Gecko) Chrome/146.0.7680.153 Mobile Safari/537.36 (compatible; Googlebot/2.1; +http://www.google.com/bot.html)"
91.196.152.158 - - [31/Mar/2026:12:39:09 +0000] "GET / HTTP/1.1" 200 213028 "-" "Mozilla/5.0 (X11; Ubuntu; Linux x86_64; rv:134.0) Gecko/20100101 Firefox/134.0"
17.22.253.168 - - [31/Mar/2026:12:39:43 +0000] "GET /?p=11064 HTTP/1.1" 200 114788 "-" "Mozilla/5.0 (Macintosh; Intel Mac OS X 10_15_7) AppleWebKit/605.1.15 (KHTML, like Gecko) Version/17.4 Safari/605.1.15 (Applebot/0.1; +http://www.apple.com/go/applebot)"
45.79.238.235 - - [31/Mar/2026:12:39:45 +0000] "POST /wp-cron.php?doing_wp_cron=1774960785.5333659648895263671875 HTTP/1.1" 200 - "https://mycom.co.nz/wp-cron.php?doing_wp_cron=1774960785.5333659648895263671875" "WordPress/6.1.10; https://mycom.co.nz"
66.249.66.197 - - [31/Mar/2026:12:39:45 +0000] "GET /2026/03/05/deposit-casino-pokies-to-win/ HTTP/1.1" 200 120741 "-" "Mozilla/5.0 (Linux; Android 6.0.1; Nexus 5X Build/MMB29P) AppleWebKit/537.36 (KHTML, like Gecko) Chrome/146.0.7680.153 Mobile Safari/537.36 (compatible; Googlebot/2.1; +http://www.google.com/bot.html)"
17.241.219.93 - - [31/Mar/2026:12:40:01 +0000] "GET /?p=10869 HTTP/1.1" 200 114787 "-" "Mozilla/5.0 (Macintosh; Intel Mac OS X 10_15_7) AppleWebKit/605.1.15 (KHTML, like Gecko) Version/17.4 Safari/605.1.15 (Applebot/0.1; +http://www.apple.com/go/applebot)"
66.249.66.198 - - [31/Mar/2026:12:40:37 +0000] "GET /2026/03/05/free-top-pokies-games-to-play/ HTTP/1.1" 200 120489 "-" "Mozilla/5.0 (Linux; Android 6.0.1; Nexus 5X Build/MMB29P) AppleWebKit/537.36 (KHTML, like Gecko) Chrome/146.0.7680.153 Mobile Safari/537.36 (compatible; Googlebot/2.1; +http://www.google.com/bot.html)"
40.77.167.24 - - [31/Mar/2026:12:42:31 +0000] "GET /2026/03/05/walgreens-howell-au-casino-drive/ HTTP/1.1" 200 120509 "-" "Mozilla/5.0 AppleWebKit/537.36 (KHTML, like Gecko; compatible; bingbot/2.0; +http://www.bing.com/bingbot.htm) Chrome/116.0.1938.76 Safari/537.36"
45.79.238.235 - - [31/Mar/2026:12:46:21 +0000] "POST /wp-cron.php?doing_wp_cron=1774961181.6352701187133789062500 HTTP/1.1" 200 - "https://mycom.co.nz/wp-cron.php?doing_wp_cron=1774961181.6352701187133789062500" "WordPress/6.1.10; https://mycom.co.nz"
52.167.144.149 - - [31/Mar/2026:12:46:21 +0000] "GET /2026/03/05/highest-payout-pokies/ HTTP/1.1" 200 120520 "-" "Mozilla/5.0 AppleWebKit/537.36 (KHTML, like Gecko; compatible; bingbot/2.0; +http://www.bing.com/bingbot.htm) Chrome/116.0.1938.76 Safari/537.36"
45.79.238.235 - - [31/Mar/2026:12:48:29 +0000] "POST /wp-cron.php?doing_wp_cron=1774961309.4269518852233886718750 HTTP/1.1" 200 - "https://mycom.co.nz/wp-cron.php?doing_wp_cron=1774961309.4269518852233886718750" "WordPress/6.1.10; https://mycom.co.nz"
45.79.238.235 - - [31/Mar/2026:12:48:29 +0000] "POST /wp-cron.php?doing_wp_cron=1774961309.6149981021881103515625 HTTP/1.1" 200 - "https://mycom.co.nz/wp-cron.php?doing_wp_cron=1774961309.6149981021881103515625" "WordPress/6.1.10; https://mycom.co.nz"
45.79.238.235 - - [31/Mar/2026:12:48:29 +0000] "POST /wp-cron.php?doing_wp_cron=1774961309.6777300834655761718750 HTTP/1.1" 200 - "https://mycom.co.nz/wp-cron.php?doing_wp_cron=1774961309.6777300834655761718750" "WordPress/6.1.10; https://mycom.co.nz"
66.249.66.200 - - [31/Mar/2026:12:48:29 +0000] "GET /2026/03/05/popular-pokies-free-no-deposit-bonus/ HTTP/1.1" 200 120995 "-" "Mozilla/5.0 (Linux; Android 6.0.1; Nexus 5X Build/MMB29P) AppleWebKit/537.36 (KHTML, like Gecko) Chrome/146.0.7680.153 Mobile Safari/537.36 (compatible; Googlebot/2.1; +http://www.google.com/bot.html)"
45.79.238.235 - - [31/Mar/2026:12:50:19 +0000] "POST /wp-cron.php?doing_wp_cron=1774961419.2070128917694091796875 HTTP/1.1" 200 - "https://mycom.co.nz/wp-cron.php?doing_wp_cron=1774961419.2070128917694091796875" "WordPress/6.1.10; https://mycom.co.nz"
66.249.66.201 - - [31/Mar/2026:12:50:19 +0000] "GET /2026/03/05/no-deposit-sign-up-bonus-nz/ HTTP/1.1" 200 121027 "-" "Mozilla/5.0 (Linux; Android 6.0.1; Nexus 5X Build/MMB29P) AppleWebKit/537.36 (KHTML, like Gecko) Chrome/146.0.7680.153 Mobile Safari/537.36 (compatible; Googlebot/2.1; +http://www.google.com/bot.html)"
45.79.238.235 - - [31/Mar/2026:12:51:28 +0000] "POST /wp-cron.php?doing_wp_cron=1774961488.5687220096588134765625 HTTP/1.1" 200 - "https://mycom.co.nz/wp-cron.php?doing_wp_cron=1774961488.5687220096588134765625" "WordPress/6.1.10; https://mycom.co.nz"
66.249.66.200 - - [31/Mar/2026:12:51:27 +0000] "GET /2026/03/05/good-pokies-that-accept-neosurf/ HTTP/1.1" 200 121329 "-" "Mozilla/5.0 (Linux; Android 6.0.1; Nexus 5X Build/MMB29P) AppleWebKit/537.36 (KHTML, like Gecko) Chrome/146.0.7680.153 Mobile Safari/537.36 (compatible; Googlebot/2.1; +http://www.google.com/bot.html)"
66.249.66.201 - - [31/Mar/2026:12:51:29 +0000] "GET /?p=14703 HTTP/1.1" 301 - "-" "Mozilla/5.0 (Linux; Android 6.0.1; Nexus 5X Build/MMB29P) AppleWebKit/537.36 (KHTML, like Gecko) Chrome/146.0.7680.153 Mobile Safari/537.36 (compatible; Googlebot/2.1; +http://www.google.com/bot.html)"
66.249.66.200 - - [31/Mar/2026:12:51:30 +0000] "GET /2026/03/05/site-of-pokies-best-signup-bonus/ HTTP/1.1" 200 120899 "-" "Mozilla/5.0 (Linux; Android 6.0.1; Nexus 5X Build/MMB29P) AppleWebKit/537.36 (KHTML, like Gecko) Chrome/146.0.7680.153 Mobile Safari/537.36 (compatible; Googlebot/2.1; +http://www.google.com/bot.html)"
45.79.238.235 - - [31/Mar/2026:12:52:15 +0000] "POST /wp-cron.php?doing_wp_cron=1774961535.6030759811401367187500 HTTP/1.1" 200 - "https://mycom.co.nz/wp-cron.php?doing_wp_cron=1774961535.6030759811401367187500" "WordPress/6.1.10; https://mycom.co.nz"
52.167.144.149 - - [31/Mar/2026:12:52:15 +0000] "GET /2026/02/26/australian-free-game-roulette/ HTTP/1.1" 200 114890 "-" "Mozilla/5.0 AppleWebKit/537.36 (KHTML, like Gecko; compatible; bingbot/2.0; +http://www.bing.com/bingbot.htm) Chrome/116.0.1938.76 Safari/537.36"
