ruạṛ
66.249.66.200 - - [31/Mar/2026:11:56:49 +0000] "GET /2026/03/05/best-odds-online-slots-au/ HTTP/1.1" 200 120957 "-" "Mozilla/5.0 (Linux; Android 6.0.1; Nexus 5X Build/MMB29P) AppleWebKit/537.36 (KHTML, like Gecko) Chrome/146.0.7680.153 Mobile Safari/537.36 (compatible; Googlebot/2.1; +http://www.google.com/bot.html)"
66.249.66.202 - - [31/Mar/2026:11:57:04 +0000] "GET /?p=12422 HTTP/1.1" 301 - "-" "Mozilla/5.0 (Linux; Android 6.0.1; Nexus 5X Build/MMB29P) AppleWebKit/537.36 (KHTML, like Gecko) Chrome/146.0.7680.153 Mobile Safari/537.36 (compatible; Googlebot/2.1; +http://www.google.com/bot.html)"
66.249.66.202 - - [31/Mar/2026:11:57:07 +0000] "GET /2026/03/05/top-online-pokies-and-casinos-new-zealand/ HTTP/1.1" 200 120956 "-" "Mozilla/5.0 (Linux; Android 6.0.1; Nexus 5X Build/MMB29P) AppleWebKit/537.36 (KHTML, like Gecko) Chrome/146.0.7680.153 Mobile Safari/537.36 (compatible; Googlebot/2.1; +http://www.google.com/bot.html)"
66.249.66.201 - - [31/Mar/2026:11:57:14 +0000] "GET /2026/03/05/nz-accepted-online-casino-no-deposit-bonus-codes/ HTTP/1.1" 200 120938 "-" "Mozilla/5.0 (Linux; Android 6.0.1; Nexus 5X Build/MMB29P) AppleWebKit/537.36 (KHTML, like Gecko) Chrome/146.0.7680.153 Mobile Safari/537.36 (compatible; Googlebot/2.1; +http://www.google.com/bot.html)"
66.249.66.201 - - [31/Mar/2026:11:57:14 +0000] "GET /2026/03/05/casino-online-au-legal/ HTTP/1.1" 200 121151 "-" "Mozilla/5.0 (Linux; Android 6.0.1; Nexus 5X Build/MMB29P) AppleWebKit/537.36 (KHTML, like Gecko) Chrome/146.0.7680.153 Mobile Safari/537.36 (compatible; Googlebot/2.1; +http://www.google.com/bot.html)"
66.249.66.201 - - [31/Mar/2026:11:57:16 +0000] "GET /2026/03/05/no-download-casino-pokies/ HTTP/1.1" 200 120022 "-" "Mozilla/5.0 (Linux; Android 6.0.1; Nexus 5X Build/MMB29P) AppleWebKit/537.36 (KHTML, like Gecko) Chrome/146.0.7680.153 Mobile Safari/537.36 (compatible; Googlebot/2.1; +http://www.google.com/bot.html)"
66.249.66.36 - - [31/Mar/2026:11:57:21 +0000] "GET /?p=14638 HTTP/1.1" 301 - "-" "Mozilla/5.0 (Linux; Android 6.0.1; Nexus 5X Build/MMB29P) AppleWebKit/537.36 (KHTML, like Gecko) Chrome/146.0.7680.153 Mobile Safari/537.36 (compatible; Googlebot/2.1; +http://www.google.com/bot.html)"
66.249.66.13 - - [31/Mar/2026:11:57:23 +0000] "GET /2026/03/05/adelaide-crows-pokies/ HTTP/1.1" 200 120792 "-" "Mozilla/5.0 (Linux; Android 6.0.1; Nexus 5X Build/MMB29P) AppleWebKit/537.36 (KHTML, like Gecko) Chrome/146.0.7680.153 Mobile Safari/537.36 (compatible; Googlebot/2.1; +http://www.google.com/bot.html)"
66.249.66.37 - - [31/Mar/2026:11:57:38 +0000] "GET /?p=14710 HTTP/1.1" 301 - "-" "Mozilla/5.0 (Linux; Android 6.0.1; Nexus 5X Build/MMB29P) AppleWebKit/537.36 (KHTML, like Gecko) Chrome/146.0.7680.153 Mobile Safari/537.36 (compatible; Googlebot/2.1; +http://www.google.com/bot.html)"
66.249.66.37 - - [31/Mar/2026:11:57:39 +0000] "GET /2026/03/05/play-best-pokies-online-without-downloading/ HTTP/1.1" 200 121376 "-" "Mozilla/5.0 (Linux; Android 6.0.1; Nexus 5X Build/MMB29P) AppleWebKit/537.36 (KHTML, like Gecko) Chrome/146.0.7680.153 Mobile Safari/537.36 (compatible; Googlebot/2.1; +http://www.google.com/bot.html)"
66.249.66.36 - - [31/Mar/2026:11:57:41 +0000] "GET /2026/03/05/golden-jaguar-pokies-real-money/ HTTP/1.1" 200 120183 "-" "Mozilla/5.0 (Linux; Android 6.0.1; Nexus 5X Build/MMB29P) AppleWebKit/537.36 (KHTML, like Gecko) Chrome/146.0.7680.153 Mobile Safari/537.36 (compatible; Googlebot/2.1; +http://www.google.com/bot.html)"
45.79.238.235 - - [31/Mar/2026:11:57:56 +0000] "POST /wp-cron.php?doing_wp_cron=1774958276.1882929801940917968750 HTTP/1.1" 200 - "https://mycom.co.nz/wp-cron.php?doing_wp_cron=1774958276.1882929801940917968750" "WordPress/6.1.10; https://mycom.co.nz"
66.249.66.76 - - [31/Mar/2026:11:57:54 +0000] "GET /2026/03/05/online-pokies-sites-new-zealand/ HTTP/1.1" 200 120932 "-" "Mozilla/5.0 (Linux; Android 6.0.1; Nexus 5X Build/MMB29P) AppleWebKit/537.36 (KHTML, like Gecko) Chrome/146.0.7680.153 Mobile Safari/537.36 (compatible; Googlebot/2.1; +http://www.google.com/bot.html)"
66.249.66.197 - - [31/Mar/2026:11:58:11 +0000] "GET /?p=17106 HTTP/1.1" 301 - "-" "Mozilla/5.0 (Linux; Android 6.0.1; Nexus 5X Build/MMB29P) AppleWebKit/537.36 (KHTML, like Gecko) Chrome/146.0.7680.153 Mobile Safari/537.36 (compatible; Googlebot/2.1; +http://www.google.com/bot.html)"
66.249.66.197 - - [31/Mar/2026:11:58:13 +0000] "GET /2026/03/05/real-nz-online-casino/ HTTP/1.1" 200 119987 "-" "Mozilla/5.0 (Linux; Android 6.0.1; Nexus 5X Build/MMB29P) AppleWebKit/537.36 (KHTML, like Gecko) Chrome/146.0.7680.153 Mobile Safari/537.36 (compatible; Googlebot/2.1; +http://www.google.com/bot.html)"
66.249.66.198 - - [31/Mar/2026:11:58:26 +0000] "GET /2026/03/05/download-free-australian-pokies/ HTTP/1.1" 200 119984 "-" "Mozilla/5.0 (Linux; Android 6.0.1; Nexus 5X Build/MMB29P) AppleWebKit/537.36 (KHTML, like Gecko) Chrome/146.0.7680.153 Mobile Safari/537.36 (compatible; Googlebot/2.1; +http://www.google.com/bot.html)"
66.249.66.197 - - [31/Mar/2026:11:58:28 +0000] "GET /?p=13575 HTTP/1.1" 301 - "-" "Mozilla/5.0 (Linux; Android 6.0.1; Nexus 5X Build/MMB29P) AppleWebKit/537.36 (KHTML, like Gecko) Chrome/146.0.7680.153 Mobile Safari/537.36 (compatible; Googlebot/2.1; +http://www.google.com/bot.html)"
66.249.66.197 - - [31/Mar/2026:11:58:28 +0000] "GET /2026/03/05/coyote-cash-pokies-aussie/ HTTP/1.1" 200 121036 "-" "Mozilla/5.0 (Linux; Android 6.0.1; Nexus 5X Build/MMB29P) AppleWebKit/537.36 (KHTML, like Gecko) Chrome/146.0.7680.153 Mobile Safari/537.36 (compatible; Googlebot/2.1; +http://www.google.com/bot.html)"
45.79.238.235 - - [31/Mar/2026:11:58:45 +0000] "POST /wp-cron.php?doing_wp_cron=1774958325.8093559741973876953125 HTTP/1.1" 200 - "https://mycom.co.nz/wp-cron.php?doing_wp_cron=1774958325.8093559741973876953125" "WordPress/6.1.10; https://mycom.co.nz"
66.249.66.36 - - [31/Mar/2026:11:58:45 +0000] "GET /?p=13615 HTTP/1.1" 301 - "-" "Mozilla/5.0 (Linux; Android 6.0.1; Nexus 5X Build/MMB29P) AppleWebKit/537.36 (KHTML, like Gecko) Chrome/146.0.7680.153 Mobile Safari/537.36 (compatible; Googlebot/2.1; +http://www.google.com/bot.html)"
66.249.66.36 - - [31/Mar/2026:11:58:46 +0000] "GET /2026/03/05/online-slots-nz-paypal/ HTTP/1.1" 200 120958 "-" "Mozilla/5.0 (Linux; Android 6.0.1; Nexus 5X Build/MMB29P) AppleWebKit/537.36 (KHTML, like Gecko) Chrome/146.0.7680.153 Mobile Safari/537.36 (compatible; Googlebot/2.1; +http://www.google.com/bot.html)"
66.249.66.37 - - [31/Mar/2026:11:59:02 +0000] "GET /?p=13596 HTTP/1.1" 301 - "-" "Mozilla/5.0 (Linux; Android 6.0.1; Nexus 5X Build/MMB29P) AppleWebKit/537.36 (KHTML, like Gecko) Chrome/146.0.7680.153 Mobile Safari/537.36 (compatible; Googlebot/2.1; +http://www.google.com/bot.html)"
66.249.66.66 - - [31/Mar/2026:11:59:03 +0000] "GET /2026/03/05/gambling-pokies-for-fun-no-money/ HTTP/1.1" 200 120316 "-" "Mozilla/5.0 (Linux; Android 6.0.1; Nexus 5X Build/MMB29P) AppleWebKit/537.36 (KHTML, like Gecko) Chrome/146.0.7680.153 Mobile Safari/537.36 (compatible; Googlebot/2.1; +http://www.google.com/bot.html)"
66.249.66.38 - - [31/Mar/2026:11:59:03 +0000] "GET /2026/03/05/new-zealand-drug-information-gambling/ HTTP/1.1" 200 120968 "-" "Mozilla/5.0 (Linux; Android 6.0.1; Nexus 5X Build/MMB29P) AppleWebKit/537.36 (KHTML, like Gecko) Chrome/146.0.7680.153 Mobile Safari/537.36 (compatible; Googlebot/2.1; +http://www.google.com/bot.html)"
66.249.66.66 - - [31/Mar/2026:11:59:13 +0000] "GET /2026/03/05/australia-roulette-guide/ HTTP/1.1" 200 120371 "-" "Mozilla/5.0 (Linux; Android 6.0.1; Nexus 5X Build/MMB29P) AppleWebKit/537.36 (KHTML, like Gecko) Chrome/146.0.7680.153 Mobile Safari/537.36 (compatible; Googlebot/2.1; +http://www.google.com/bot.html)"
66.249.66.66 - - [31/Mar/2026:11:59:18 +0000] "GET /?p=14796 HTTP/1.1" 301 - "-" "Mozilla/5.0 (Linux; Android 6.0.1; Nexus 5X Build/MMB29P) AppleWebKit/537.36 (KHTML, like Gecko) Chrome/146.0.7680.153 Mobile Safari/537.36 (compatible; Googlebot/2.1; +http://www.google.com/bot.html)"
66.249.66.66 - - [31/Mar/2026:11:59:20 +0000] "GET /2026/03/05/oneida-casino-au/ HTTP/1.1" 200 120068 "-" "Mozilla/5.0 (Linux; Android 6.0.1; Nexus 5X Build/MMB29P) AppleWebKit/537.36 (KHTML, like Gecko) Chrome/146.0.7680.153 Mobile Safari/537.36 (compatible; Googlebot/2.1; +http://www.google.com/bot.html)"
66.249.66.197 - - [31/Mar/2026:11:59:35 +0000] "GET /2026/03/05/new-casino-kingston-au/ HTTP/1.1" 200 120528 "-" "Mozilla/5.0 (Linux; Android 6.0.1; Nexus 5X Build/MMB29P) AppleWebKit/537.36 (KHTML, like Gecko) Chrome/146.0.7680.153 Mobile Safari/537.36 (compatible; Googlebot/2.1; +http://www.google.com/bot.html)"
66.249.66.197 - - [31/Mar/2026:11:59:43 +0000] "GET /products/detail/221136038/ HTTP/1.1" 503 - "-" "Mozilla/5.0 (Linux; Android 6.0.1; Nexus 5X Build/MMB29P) AppleWebKit/537.36 (KHTML, like Gecko) Chrome/146.0.7680.153 Mobile Safari/537.36 (compatible; Googlebot/2.1; +http://www.google.com/bot.html)"
66.249.66.192 - - [31/Mar/2026:11:59:53 +0000] "GET /2026/03/05/888-casino-contact-number-nz/ HTTP/1.1" 503 - "-" "Mozilla/5.0 (Linux; Android 6.0.1; Nexus 5X Build/MMB29P) AppleWebKit/537.36 (KHTML, like Gecko) Chrome/146.0.7680.153 Mobile Safari/537.36 (compatible; Googlebot/2.1; +http://www.google.com/bot.html)"
66.249.66.164 - - [31/Mar/2026:12:00:01 +0000] "GET /2026/03/05/pokies-online-coupons/ HTTP/1.1" 503 - "-" "Mozilla/5.0 (Linux; Android 6.0.1; Nexus 5X Build/MMB29P) AppleWebKit/537.36 (KHTML, like Gecko) Chrome/146.0.7680.153 Mobile Safari/537.36 (compatible; Googlebot/2.1; +http://www.google.com/bot.html)"
66.249.66.39 - - [31/Mar/2026:12:00:09 +0000] "GET /2026/03/05/free-pokies-online-no-registration/ HTTP/1.1" 503 - "-" "Mozilla/5.0 (Linux; Android 6.0.1; Nexus 5X Build/MMB29P) AppleWebKit/537.36 (KHTML, like Gecko) Chrome/146.0.7680.153 Mobile Safari/537.36 (compatible; Googlebot/2.1; +http://www.google.com/bot.html)"
66.249.66.66 - - [31/Mar/2026:12:00:26 +0000] "GET /2026/03/05/gold-coast-casino-in-las-vegas/ HTTP/1.1" 503 - "-" "Mozilla/5.0 (Linux; Android 6.0.1; Nexus 5X Build/MMB29P) AppleWebKit/537.36 (KHTML, like Gecko) Chrome/146.0.7680.153 Mobile Safari/537.36 (compatible; Googlebot/2.1; +http://www.google.com/bot.html)"
66.249.66.66 - - [31/Mar/2026:12:00:39 +0000] "GET /2026/03/05/the-complete-casino-pokies-guide/ HTTP/1.1" 503 - "-" "Mozilla/5.0 (Linux; Android 6.0.1; Nexus 5X Build/MMB29P) AppleWebKit/537.36 (KHTML, like Gecko) Chrome/146.0.7680.153 Mobile Safari/537.36 (compatible; Googlebot/2.1; +http://www.google.com/bot.html)"
66.249.66.66 - - [31/Mar/2026:12:00:42 +0000] "GET /2026/03/05/online-pokies-free-spins-sign-up/ HTTP/1.1" 503 - "-" "Mozilla/5.0 (Linux; Android 6.0.1; Nexus 5X Build/MMB29P) AppleWebKit/537.36 (KHTML, like Gecko) Chrome/146.0.7680.153 Mobile Safari/537.36 (compatible; Googlebot/2.1; +http://www.google.com/bot.html)"
66.249.66.197 - - [31/Mar/2026:12:00:59 +0000] "GET /2026/03/05/newest-online-casino-australia/ HTTP/1.1" 503 - "-" "Mozilla/5.0 (Linux; Android 6.0.1; Nexus 5X Build/MMB29P) AppleWebKit/537.36 (KHTML, like Gecko) Chrome/146.0.7680.153 Mobile Safari/537.36 (compatible; Googlebot/2.1; +http://www.google.com/bot.html)"
45.79.238.235 - - [31/Mar/2026:12:04:25 +0000] "POST /wp-cron.php?doing_wp_cron=1774958665.3368949890136718750000 HTTP/1.1" 200 - "https://mycom.co.nz/wp-cron.php?doing_wp_cron=1774958665.3368949890136718750000" "WordPress/6.1.10; https://mycom.co.nz"
2a09:bac3:4e26:1cd::2e:37 - - [31/Mar/2026:12:04:23 +0000] "GET / HTTP/1.1" 200 213028 "-" "Mozilla/5.0 (Macintosh; Intel Mac OS X 10_15_7) AppleWebKit/605.1.15 (KHTML, like Gecko) Version/18.6 Safari/605.1.15"
66.249.66.66 - - [31/Mar/2026:12:04:38 +0000] "GET /2026/03/05/-10-deposit-bonus-au/ HTTP/1.1" 200 114861 "-" "Mozilla/5.0 (Linux; Android 6.0.1; Nexus 5X Build/MMB29P) AppleWebKit/537.36 (KHTML, like Gecko) Chrome/146.0.7680.153 Mobile Safari/537.36 (compatible; Googlebot/2.1; +http://www.google.com/bot.html)"
2a09:bac1:7500:fd0::84:84 - - [31/Mar/2026:12:04:38 +0000] "GET / HTTP/1.1" 200 213028 "-" "Python/3.10 aiohttp/3.11.11"
91.92.241.197 - - [31/Mar/2026:12:04:47 +0000] "GET / HTTP/1.1" 301 - "-" "Mozilla/5.0 (Windows NT 10.0; Win64; x64) AppleWebKit/537.36 (KHTML, like Gecko) Chrome/131.0.0.0 Safari/537.36"
45.79.238.235 - - [31/Mar/2026:12:04:49 +0000] "POST /wp-cron.php?doing_wp_cron=1774958689.7276070117950439453125 HTTP/1.1" 200 - "https://mycom.co.nz/wp-cron.php?doing_wp_cron=1774958689.7276070117950439453125" "WordPress/6.1.10; https://mycom.co.nz"
91.92.241.197 - - [31/Mar/2026:12:04:47 +0000] "GET / HTTP/1.1" 200 213028 "-" "Mozilla/5.0 (Windows NT 10.0; Win64; x64) AppleWebKit/537.36 (KHTML, like Gecko) Chrome/131.0.0.0 Safari/537.36"
91.92.241.197 - - [31/Mar/2026:12:04:50 +0000] "GET /setup/ HTTP/1.1" 301 - "-" "Mozilla/5.0 (Windows NT 10.0; Win64; x64) AppleWebKit/537.36 (KHTML, like Gecko) Chrome/131.0.0.0 Safari/537.36"
91.92.241.197 - - [31/Mar/2026:12:04:50 +0000] "GET /setup/ HTTP/1.1" 404 113486 "-" "Mozilla/5.0 (Windows NT 10.0; Win64; x64) AppleWebKit/537.36 (KHTML, like Gecko) Chrome/131.0.0.0 Safari/537.36"
91.92.241.197 - - [31/Mar/2026:12:04:52 +0000] "POST /_internal/api/setup.php?action=exists HTTP/1.1" 404 113486 "-" "Mozilla/5.0 (Windows NT 10.0; Win64; x64) AppleWebKit/537.36 (KHTML, like Gecko) Chrome/131.0.0.0 Safari/537.36"
91.92.241.197 - - [31/Mar/2026:12:04:54 +0000] "POST /_internal/api/setup.php?action=exists HTTP/1.1" 404 113486 "-" "Mozilla/5.0 (Windows NT 10.0; Win64; x64) AppleWebKit/537.36 (KHTML, like Gecko) Chrome/131.0.0.0 Safari/537.36"
91.92.241.197 - - [31/Mar/2026:12:04:52 +0000] "POST /_internal/api/setup.php?action=exists HTTP/1.1" 404 113535 "-" "Mozilla/5.0 (Windows NT 10.0; Win64; x64) AppleWebKit/537.36 (KHTML, like Gecko) Chrome/131.0.0.0 Safari/537.36"
66.249.66.197 - - [31/Mar/2026:12:04:54 +0000] "GET /2026/03/05/casino-at-brisbane-au/ HTTP/1.1" 200 120341 "-" "Mozilla/5.0 (Linux; Android 6.0.1; Nexus 5X Build/MMB29P) AppleWebKit/537.36 (KHTML, like Gecko) Chrome/146.0.7680.153 Mobile Safari/537.36 (compatible; Googlebot/2.1; +http://www.google.com/bot.html)"
91.92.241.197 - - [31/Mar/2026:12:04:54 +0000] "POST /_internal/api/setup.php?action=exists HTTP/1.1" 404 113535 "-" "Mozilla/5.0 (Windows NT 10.0; Win64; x64) AppleWebKit/537.36 (KHTML, like Gecko) Chrome/131.0.0.0 Safari/537.36"
66.249.66.36 - - [31/Mar/2026:12:06:27 +0000] "GET /2026/03/05/casino-pokies-bonus-codes/ HTTP/1.1" 500 2527 "-" "Mozilla/5.0 (Linux; Android 6.0.1; Nexus 5X Build/MMB29P) AppleWebKit/537.36 (KHTML, like Gecko) Chrome/146.0.7680.153 Mobile Safari/537.36 (compatible; Googlebot/2.1; +http://www.google.com/bot.html)"
104.164.173.26 - - [31/Mar/2026:12:06:27 +0000] "GET / HTTP/1.1" 500 2527 "-" "Mozilla/5.0 (Windows NT 10.0; Win64; x64) AppleWebKit/537.36 (KHTML, like Gecko) Chrome/116.0.0.0 Safari/537.36"
66.249.66.197 - - [31/Mar/2026:12:06:27 +0000] "GET /2026/03/05/au-casino-real-money/ HTTP/1.1" 500 2527 "-" "Mozilla/5.0 (Linux; Android 6.0.1; Nexus 5X Build/MMB29P) AppleWebKit/537.36 (KHTML, like Gecko) Chrome/146.0.7680.153 Mobile Safari/537.36 (compatible; Googlebot/2.1; +http://www.google.com/bot.html)"
5.251.9.232 - - [31/Mar/2026:12:06:27 +0000] "GET /comments/feed/ HTTP/1.1" 500 2527 "-" "Mozilla/5.0 (iPod; U; CPU iPhone OS 4_2 like Mac OS X; se-NO) AppleWebKit/533.5.6 (KHTML, like Gecko) Version/4.0.5 Mobile/8B115 Safari/6533.5.6"
66.249.66.195 - - [31/Mar/2026:12:06:28 +0000] "GET /2026/03/05/secure-pokies-with-welcome-bonus-minimum-5-deposit/ HTTP/1.1" 500 2527 "-" "Mozilla/5.0 (Linux; Android 6.0.1; Nexus 5X Build/MMB29P) AppleWebKit/537.36 (KHTML, like Gecko) Chrome/146.0.7680.153 Mobile Safari/537.36 (compatible; Googlebot/2.1; +http://www.google.com/bot.html)"
66.249.66.197 - - [31/Mar/2026:12:06:28 +0000] "GET /2026/03/05/pokies-with-welcome-bonus-promotions/ HTTP/1.1" 500 2527 "-" "Mozilla/5.0 (Linux; Android 6.0.1; Nexus 5X Build/MMB29P) AppleWebKit/537.36 (KHTML, like Gecko) Chrome/146.0.7680.153 Mobile Safari/537.36 (compatible; Googlebot/2.1; +http://www.google.com/bot.html)"
66.249.66.36 - - [31/Mar/2026:12:06:28 +0000] "GET /2026/03/05/york-nz-casino/ HTTP/1.1" 500 2527 "-" "Mozilla/5.0 (Linux; Android 6.0.1; Nexus 5X Build/MMB29P) AppleWebKit/537.36 (KHTML, like Gecko) Chrome/146.0.7680.153 Mobile Safari/537.36 (compatible; Googlebot/2.1; +http://www.google.com/bot.html)"
14.183.94.214 - - [31/Mar/2026:12:06:32 +0000] "GET /comments/feed/ HTTP/1.1" 500 2527 "-" "Mozilla/5.0 (iPod; U; CPU iPhone OS 3_2 like Mac OS X; dv-MV) AppleWebKit/532.26.1 (KHTML, like Gecko) Version/3.0.5 Mobile/8B118 Safari/6532.26.1"
45.79.238.235 - - [31/Mar/2026:12:06:39 +0000] "POST /wp-cron.php?doing_wp_cron=1774958799.6507320404052734375000 HTTP/1.1" 200 - "https://mycom.co.nz/wp-cron.php?doing_wp_cron=1774958799.6507320404052734375000" "WordPress/6.1.10; https://mycom.co.nz"
66.249.66.198 - - [31/Mar/2026:12:06:39 +0000] "GET /2026/03/05/new-zealand-roulette-tips-nz/ HTTP/1.1" 200 120983 "-" "Mozilla/5.0 (Linux; Android 6.0.1; Nexus 5X Build/MMB29P) AppleWebKit/537.36 (KHTML, like Gecko) Chrome/146.0.7680.153 Mobile Safari/537.36 (compatible; Googlebot/2.1; +http://www.google.com/bot.html)"
14.227.49.141 - - [31/Mar/2026:12:06:36 +0000] "GET /comments/feed/ HTTP/1.1" 200 733 "-" "Mozilla/5.0 (compatible; MSIE 7.0; Windows CE; Trident/5.0)"
66.249.66.198 - - [31/Mar/2026:12:06:42 +0000] "GET /2026/03/05/las-vegas-au-casino-app/ HTTP/1.1" 200 120704 "-" "Mozilla/5.0 (Linux; Android 6.0.1; Nexus 5X Build/MMB29P) AppleWebKit/537.36 (KHTML, like Gecko) Chrome/146.0.7680.153 Mobile Safari/537.36 (compatible; Googlebot/2.1; +http://www.google.com/bot.html)"
66.249.66.36 - - [31/Mar/2026:12:06:42 +0000] "GET /2026/03/05/50-free-spins-no-deposit-au/ HTTP/1.1" 200 121221 "-" "Mozilla/5.0 (Linux; Android 6.0.1; Nexus 5X Build/MMB29P) AppleWebKit/537.36 (KHTML, like Gecko) Chrome/146.0.7680.153 Mobile Safari/537.36 (compatible; Googlebot/2.1; +http://www.google.com/bot.html)"
45.79.238.235 - - [31/Mar/2026:12:06:46 +0000] "POST /wp-cron.php?doing_wp_cron=1774958806.0621740818023681640625 HTTP/1.1" 200 - "https://mycom.co.nz/wp-cron.php?doing_wp_cron=1774958806.0621740818023681640625" "WordPress/6.1.10; https://mycom.co.nz"
66.249.66.36 - - [31/Mar/2026:12:06:45 +0000] "GET /2026/03/05/pokies-open-in-south-new-zealand/ HTTP/1.1" 200 120025 "-" "Mozilla/5.0 (Linux; Android 6.0.1; Nexus 5X Build/MMB29P) AppleWebKit/537.36 (KHTML, like Gecko) Chrome/146.0.7680.153 Mobile Safari/537.36 (compatible; Googlebot/2.1; +http://www.google.com/bot.html)"
66.249.66.3 - - [31/Mar/2026:12:06:47 +0000] "GET /2026/03/05/pokies-in-new-zealand-bonus-no-wagering/ HTTP/1.1" 200 120993 "-" "Mozilla/5.0 (Linux; Android 6.0.1; Nexus 5X Build/MMB29P) AppleWebKit/537.36 (KHTML, like Gecko) Chrome/146.0.7680.153 Mobile Safari/537.36 (compatible; Googlebot/2.1; +http://www.google.com/bot.html)"
66.249.66.36 - - [31/Mar/2026:12:06:48 +0000] "GET /2026/03/05/no-bonus-deposit-casino-au/ HTTP/1.1" 200 121048 "-" "Mozilla/5.0 (Linux; Android 6.0.1; Nexus 5X Build/MMB29P) AppleWebKit/537.36 (KHTML, like Gecko) Chrome/146.0.7680.153 Mobile Safari/537.36 (compatible; Googlebot/2.1; +http://www.google.com/bot.html)"
66.249.66.42 - - [31/Mar/2026:12:06:49 +0000] "GET /2026/03/05/all-slot-casino-new-zealand/ HTTP/1.1" 200 120547 "-" "Mozilla/5.0 (Linux; Android 6.0.1; Nexus 5X Build/MMB29P) AppleWebKit/537.36 (KHTML, like Gecko) Chrome/146.0.7680.153 Mobile Safari/537.36 (compatible; Googlebot/2.1; +http://www.google.com/bot.html)"
66.249.66.36 - - [31/Mar/2026:12:06:49 +0000] "GET /2026/03/05/gambling-in-gatlinburg-au/ HTTP/1.1" 200 120617 "-" "Mozilla/5.0 (Linux; Android 6.0.1; Nexus 5X Build/MMB29P) AppleWebKit/537.36 (KHTML, like Gecko) Chrome/146.0.7680.153 Mobile Safari/537.36 (compatible; Googlebot/2.1; +http://www.google.com/bot.html)"
66.249.66.36 - - [31/Mar/2026:12:06:50 +0000] "GET /2026/03/05/deposit-casino-pokies-in-australia-right-now/ HTTP/1.1" 200 120378 "-" "Mozilla/5.0 (Linux; Android 6.0.1; Nexus 5X Build/MMB29P) AppleWebKit/537.36 (KHTML, like Gecko) Chrome/146.0.7680.153 Mobile Safari/537.36 (compatible; Googlebot/2.1; +http://www.google.com/bot.html)"
66.249.66.34 - - [31/Mar/2026:12:06:51 +0000] "GET /2026/03/05/free-progressive-new-pokies-online/ HTTP/1.1" 200 121631 "-" "Mozilla/5.0 (Linux; Android 6.0.1; Nexus 5X Build/MMB29P) AppleWebKit/537.36 (KHTML, like Gecko) Chrome/146.0.7680.153 Mobile Safari/537.36 (compatible; Googlebot/2.1; +http://www.google.com/bot.html)"
66.249.66.41 - - [31/Mar/2026:12:06:51 +0000] "GET /2026/03/05/is-online-gambling-legal-in-new-australia/ HTTP/1.1" 200 120943 "-" "Mozilla/5.0 (Linux; Android 6.0.1; Nexus 5X Build/MMB29P) AppleWebKit/537.36 (KHTML, like Gecko) Chrome/146.0.7680.153 Mobile Safari/537.36 (compatible; Googlebot/2.1; +http://www.google.com/bot.html)"
66.249.66.38 - - [31/Mar/2026:12:06:52 +0000] "GET /2026/03/05/new-casino-au-free-spins-no-deposit/ HTTP/1.1" 200 121849 "-" "Mozilla/5.0 (Linux; Android 6.0.1; Nexus 5X Build/MMB29P) AppleWebKit/537.36 (KHTML, like Gecko) Chrome/146.0.7680.153 Mobile Safari/537.36 (compatible; Googlebot/2.1; +http://www.google.com/bot.html)"
66.249.66.34 - - [31/Mar/2026:12:06:53 +0000] "GET /2026/03/05/australian-columbia-responsible-gambling/ HTTP/1.1" 200 121281 "-" "Mozilla/5.0 (Linux; Android 6.0.1; Nexus 5X Build/MMB29P) AppleWebKit/537.36 (KHTML, like Gecko) Chrome/146.0.7680.153 Mobile Safari/537.36 (compatible; Googlebot/2.1; +http://www.google.com/bot.html)"
66.249.66.3 - - [31/Mar/2026:12:06:55 +0000] "GET /2026/03/05/casino-richmond-au/ HTTP/1.1" 200 120611 "-" "Mozilla/5.0 (Linux; Android 6.0.1; Nexus 5X Build/MMB29P) AppleWebKit/537.36 (KHTML, like Gecko) Chrome/146.0.7680.153 Mobile Safari/537.36 (compatible; Googlebot/2.1; +http://www.google.com/bot.html)"
66.249.66.42 - - [31/Mar/2026:12:06:56 +0000] "GET /2026/03/05/free-pokies-online-australian-dreaming/ HTTP/1.1" 200 120890 "-" "Mozilla/5.0 (Linux; Android 6.0.1; Nexus 5X Build/MMB29P) AppleWebKit/537.36 (KHTML, like Gecko) Chrome/146.0.7680.153 Mobile Safari/537.36 (compatible; Googlebot/2.1; +http://www.google.com/bot.html)"
66.249.66.38 - - [31/Mar/2026:12:06:57 +0000] "GET /2026/03/05/live-pokies-with-bonus-games-to-win/ HTTP/1.1" 200 121161 "-" "Mozilla/5.0 (Linux; Android 6.0.1; Nexus 5X Build/MMB29P) AppleWebKit/537.36 (KHTML, like Gecko) Chrome/146.0.7680.153 Mobile Safari/537.36 (compatible; Googlebot/2.1; +http://www.google.com/bot.html)"
66.249.66.37 - - [31/Mar/2026:12:06:58 +0000] "GET /2026/03/05/rules-of-roulette-nz/ HTTP/1.1" 200 120439 "-" "Mozilla/5.0 (Linux; Android 6.0.1; Nexus 5X Build/MMB29P) AppleWebKit/537.36 (KHTML, like Gecko) Chrome/146.0.7680.153 Mobile Safari/537.36 (compatible; Googlebot/2.1; +http://www.google.com/bot.html)"
66.249.66.36 - - [31/Mar/2026:12:07:01 +0000] "GET /2026/03/05/top-online-pokies-and-casinos-australia-money/ HTTP/1.1" 200 120893 "-" "Mozilla/5.0 (Linux; Android 6.0.1; Nexus 5X Build/MMB29P) AppleWebKit/537.36 (KHTML, like Gecko) Chrome/146.0.7680.153 Mobile Safari/537.36 (compatible; Googlebot/2.1; +http://www.google.com/bot.html)"
66.249.66.40 - - [31/Mar/2026:12:07:01 +0000] "GET /2026/03/05/profitable-pokies-games-free-no-download/ HTTP/1.1" 200 120585 "-" "Mozilla/5.0 (Linux; Android 6.0.1; Nexus 5X Build/MMB29P) AppleWebKit/537.36 (KHTML, like Gecko) Chrome/146.0.7680.153 Mobile Safari/537.36 (compatible; Googlebot/2.1; +http://www.google.com/bot.html)"
66.249.66.45 - - [31/Mar/2026:12:07:02 +0000] "GET /2026/03/05/aristocrat-mark-vi-pokies-machine/ HTTP/1.1" 200 120850 "-" "Mozilla/5.0 (Linux; Android 6.0.1; Nexus 5X Build/MMB29P) AppleWebKit/537.36 (KHTML, like Gecko) Chrome/146.0.7680.153 Mobile Safari/537.36 (compatible; Googlebot/2.1; +http://www.google.com/bot.html)"
66.249.66.66 - - [31/Mar/2026:12:07:03 +0000] "GET /2026/03/05/no-deposit-slot-games-au/ HTTP/1.1" 200 120683 "-" "Mozilla/5.0 (Linux; Android 6.0.1; Nexus 5X Build/MMB29P) AppleWebKit/537.36 (KHTML, like Gecko) Chrome/146.0.7680.153 Mobile Safari/537.36 (compatible; Googlebot/2.1; +http://www.google.com/bot.html)"
66.249.66.66 - - [31/Mar/2026:12:07:05 +0000] "GET /2026/03/05/aristocrat-free-pokies-au/ HTTP/1.1" 200 120449 "-" "Mozilla/5.0 (Linux; Android 6.0.1; Nexus 5X Build/MMB29P) AppleWebKit/537.36 (KHTML, like Gecko) Chrome/146.0.7680.153 Mobile Safari/537.36 (compatible; Googlebot/2.1; +http://www.google.com/bot.html)"
66.249.66.36 - - [31/Mar/2026:12:07:06 +0000] "GET /2026/03/05/no-deposit-casino-bonus-codes-cashable-au/ HTTP/1.1" 200 121714 "-" "Mozilla/5.0 (Linux; Android 6.0.1; Nexus 5X Build/MMB29P) AppleWebKit/537.36 (KHTML, like Gecko) Chrome/146.0.7680.153 Mobile Safari/537.36 (compatible; Googlebot/2.1; +http://www.google.com/bot.html)"
66.249.66.36 - - [31/Mar/2026:12:07:07 +0000] "GET /2026/03/05/best-odds-pokies-for-real-money/ HTTP/1.1" 200 121325 "-" "Mozilla/5.0 (Linux; Android 6.0.1; Nexus 5X Build/MMB29P) AppleWebKit/537.36 (KHTML, like Gecko) Chrome/146.0.7680.153 Mobile Safari/537.36 (compatible; Googlebot/2.1; +http://www.google.com/bot.html)"
66.249.66.162 - - [31/Mar/2026:12:07:08 +0000] "GET /2026/03/05/200-au-casino-bonus/ HTTP/1.1" 200 120844 "-" "Mozilla/5.0 (Linux; Android 6.0.1; Nexus 5X Build/MMB29P) AppleWebKit/537.36 (KHTML, like Gecko) Chrome/146.0.7680.153 Mobile Safari/537.36 (compatible; Googlebot/2.1; +http://www.google.com/bot.html)"
66.249.66.66 - - [31/Mar/2026:12:07:09 +0000] "GET /2026/03/05/online-casino-au-free-play/ HTTP/1.1" 200 120966 "-" "Mozilla/5.0 (Linux; Android 6.0.1; Nexus 5X Build/MMB29P) AppleWebKit/537.36 (KHTML, like Gecko) Chrome/146.0.7680.153 Mobile Safari/537.36 (compatible; Googlebot/2.1; +http://www.google.com/bot.html)"
66.249.66.66 - - [31/Mar/2026:12:07:11 +0000] "GET /2026/03/05/best-free-online-pokies-no-download/ HTTP/1.1" 200 120496 "-" "Mozilla/5.0 (Linux; Android 6.0.1; Nexus 5X Build/MMB29P) AppleWebKit/537.36 (KHTML, like Gecko) Chrome/146.0.7680.153 Mobile Safari/537.36 (compatible; Googlebot/2.1; +http://www.google.com/bot.html)"
66.249.66.162 - - [31/Mar/2026:12:07:12 +0000] "GET /2026/03/05/how-many-casinos-are-there-in-the-australia-of-australia/ HTTP/1.1" 200 120803 "-" "Mozilla/5.0 (Linux; Android 6.0.1; Nexus 5X Build/MMB29P) AppleWebKit/537.36 (KHTML, like Gecko) Chrome/146.0.7680.153 Mobile Safari/537.36 (compatible; Googlebot/2.1; +http://www.google.com/bot.html)"
66.249.66.162 - - [31/Mar/2026:12:07:13 +0000] "GET /2026/03/05/au-casino-games-online/ HTTP/1.1" 200 120723 "-" "Mozilla/5.0 (Linux; Android 6.0.1; Nexus 5X Build/MMB29P) AppleWebKit/537.36 (KHTML, like Gecko) Chrome/146.0.7680.153 Mobile Safari/537.36 (compatible; Googlebot/2.1; +http://www.google.com/bot.html)"
66.249.66.197 - - [31/Mar/2026:12:07:14 +0000] "GET /2026/03/05/best-casino-sites-new-zealand/ HTTP/1.1" 200 121228 "-" "Mozilla/5.0 (Linux; Android 6.0.1; Nexus 5X Build/MMB29P) AppleWebKit/537.36 (KHTML, like Gecko) Chrome/146.0.7680.153 Mobile Safari/537.36 (compatible; Googlebot/2.1; +http://www.google.com/bot.html)"
66.249.66.66 - - [31/Mar/2026:12:07:16 +0000] "GET /2026/03/05/nz-paypal-slots/ HTTP/1.1" 200 120869 "-" "Mozilla/5.0 (Linux; Android 6.0.1; Nexus 5X Build/MMB29P) AppleWebKit/537.36 (KHTML, like Gecko) Chrome/146.0.7680.153 Mobile Safari/537.36 (compatible; Googlebot/2.1; +http://www.google.com/bot.html)"
66.249.66.66 - - [31/Mar/2026:12:07:17 +0000] "GET /2026/03/05/pokies-with-welcome-bonus-that-accepts-paypal/ HTTP/1.1" 200 120147 "-" "Mozilla/5.0 (Linux; Android 6.0.1; Nexus 5X Build/MMB29P) AppleWebKit/537.36 (KHTML, like Gecko) Chrome/146.0.7680.153 Mobile Safari/537.36 (compatible; Googlebot/2.1; +http://www.google.com/bot.html)"
66.249.66.3 - - [31/Mar/2026:12:07:18 +0000] "GET /2026/03/05/site-of-pokies-games-win/ HTTP/1.1" 200 120842 "-" "Mozilla/5.0 (Linux; Android 6.0.1; Nexus 5X Build/MMB29P) AppleWebKit/537.36 (KHTML, like Gecko) Chrome/146.0.7680.153 Mobile Safari/537.36 (compatible; Googlebot/2.1; +http://www.google.com/bot.html)"
66.249.66.163 - - [31/Mar/2026:12:07:19 +0000] "GET /2026/03/05/pokies-games-powered-by-vbulletin/ HTTP/1.1" 200 120792 "-" "Mozilla/5.0 (Linux; Android 6.0.1; Nexus 5X Build/MMB29P) AppleWebKit/537.36 (KHTML, like Gecko) Chrome/146.0.7680.153 Mobile Safari/537.36 (compatible; Googlebot/2.1; +http://www.google.com/bot.html)"
66.249.66.66 - - [31/Mar/2026:12:07:21 +0000] "GET /2026/03/05/how-win-deposit-casino-pokies/ HTTP/1.1" 200 120360 "-" "Mozilla/5.0 (Linux; Android 6.0.1; Nexus 5X Build/MMB29P) AppleWebKit/537.36 (KHTML, like Gecko) Chrome/146.0.7680.153 Mobile Safari/537.36 (compatible; Googlebot/2.1; +http://www.google.com/bot.html)"
66.249.66.67 - - [31/Mar/2026:12:07:22 +0000] "GET /2026/03/05/free-online-australia-roulette/ HTTP/1.1" 200 120514 "-" "Mozilla/5.0 (Linux; Android 6.0.1; Nexus 5X Build/MMB29P) AppleWebKit/537.36 (KHTML, like Gecko) Chrome/146.0.7680.153 Mobile Safari/537.36 (compatible; Googlebot/2.1; +http://www.google.com/bot.html)"
66.249.66.197 - - [31/Mar/2026:12:07:23 +0000] "GET /2026/03/05/land-based-casinos-in-the-nz/ HTTP/1.1" 200 121335 "-" "Mozilla/5.0 (Linux; Android 6.0.1; Nexus 5X Build/MMB29P) AppleWebKit/537.36 (KHTML, like Gecko) Chrome/146.0.7680.153 Mobile Safari/537.36 (compatible; Googlebot/2.1; +http://www.google.com/bot.html)"
66.249.66.197 - - [31/Mar/2026:12:07:24 +0000] "GET /2026/03/05/money-bears-free-pokies/ HTTP/1.1" 200 120668 "-" "Mozilla/5.0 (Linux; Android 6.0.1; Nexus 5X Build/MMB29P) AppleWebKit/537.36 (KHTML, like Gecko) Chrome/146.0.7680.153 Mobile Safari/537.36 (compatible; Googlebot/2.1; +http://www.google.com/bot.html)"
66.249.66.67 - - [31/Mar/2026:12:07:25 +0000] "GET /2026/03/05/best-new-zealand-online-casino/ HTTP/1.1" 200 121885 "-" "Mozilla/5.0 (Linux; Android 6.0.1; Nexus 5X Build/MMB29P) AppleWebKit/537.36 (KHTML, like Gecko) Chrome/146.0.7680.153 Mobile Safari/537.36 (compatible; Googlebot/2.1; +http://www.google.com/bot.html)"
66.249.66.66 - - [31/Mar/2026:12:07:27 +0000] "GET /2026/03/05/adelaide-australian-casinos/ HTTP/1.1" 200 119683 "-" "Mozilla/5.0 (Linux; Android 6.0.1; Nexus 5X Build/MMB29P) AppleWebKit/537.36 (KHTML, like Gecko) Chrome/146.0.7680.153 Mobile Safari/537.36 (compatible; Googlebot/2.1; +http://www.google.com/bot.html)"
66.249.66.197 - - [31/Mar/2026:12:07:28 +0000] "GET /2026/03/05/multiple-player-pokies-online-deposit-casino/ HTTP/1.1" 200 121490 "-" "Mozilla/5.0 (Linux; Android 6.0.1; Nexus 5X Build/MMB29P) AppleWebKit/537.36 (KHTML, like Gecko) Chrome/146.0.7680.153 Mobile Safari/537.36 (compatible; Googlebot/2.1; +http://www.google.com/bot.html)"
66.249.66.198 - - [31/Mar/2026:12:07:29 +0000] "GET /2026/03/05/free-spins-no-deposit-on-sign-up-nz/ HTTP/1.1" 200 120825 "-" "Mozilla/5.0 (Linux; Android 6.0.1; Nexus 5X Build/MMB29P) AppleWebKit/537.36 (KHTML, like Gecko) Chrome/146.0.7680.153 Mobile Safari/537.36 (compatible; Googlebot/2.1; +http://www.google.com/bot.html)"
66.249.66.198 - - [31/Mar/2026:12:07:30 +0000] "GET /2026/03/05/elements-casino-melbourne-au/ HTTP/1.1" 200 120268 "-" "Mozilla/5.0 (Linux; Android 6.0.1; Nexus 5X Build/MMB29P) AppleWebKit/537.36 (KHTML, like Gecko) Chrome/146.0.7680.153 Mobile Safari/537.36 (compatible; Googlebot/2.1; +http://www.google.com/bot.html)"
66.249.66.198 - - [31/Mar/2026:12:07:32 +0000] "GET /2026/03/05/mobile-pokies-australia-real-money-paypal/ HTTP/1.1" 200 120869 "-" "Mozilla/5.0 (Linux; Android 6.0.1; Nexus 5X Build/MMB29P) AppleWebKit/537.36 (KHTML, like Gecko) Chrome/146.0.7680.153 Mobile Safari/537.36 (compatible; Googlebot/2.1; +http://www.google.com/bot.html)"
66.249.66.197 - - [31/Mar/2026:12:07:33 +0000] "GET /2026/03/05/no-deposit-pokies-no-registration-no-download/ HTTP/1.1" 200 121169 "-" "Mozilla/5.0 (Linux; Android 6.0.1; Nexus 5X Build/MMB29P) AppleWebKit/537.36 (KHTML, like Gecko) Chrome/146.0.7680.153 Mobile Safari/537.36 (compatible; Googlebot/2.1; +http://www.google.com/bot.html)"
66.249.66.197 - - [31/Mar/2026:12:07:34 +0000] "GET /2026/03/05/try-pokies-games-free/ HTTP/1.1" 200 119481 "-" "Mozilla/5.0 (Linux; Android 6.0.1; Nexus 5X Build/MMB29P) AppleWebKit/537.36 (KHTML, like Gecko) Chrome/146.0.7680.153 Mobile Safari/537.36 (compatible; Googlebot/2.1; +http://www.google.com/bot.html)"
66.249.66.197 - - [31/Mar/2026:12:07:35 +0000] "GET /2026/03/05/what-is-the-best-online-pokies/ HTTP/1.1" 200 119789 "-" "Mozilla/5.0 (Linux; Android 6.0.1; Nexus 5X Build/MMB29P) AppleWebKit/537.36 (KHTML, like Gecko) Chrome/146.0.7680.153 Mobile Safari/537.36 (compatible; Googlebot/2.1; +http://www.google.com/bot.html)"
66.249.66.197 - - [31/Mar/2026:12:07:37 +0000] "GET /2026/03/05/-200-no-deposit-bonus-200-free-spins-nz/ HTTP/1.1" 200 114833 "-" "Mozilla/5.0 (Linux; Android 6.0.1; Nexus 5X Build/MMB29P) AppleWebKit/537.36 (KHTML, like Gecko) Chrome/146.0.7680.153 Mobile Safari/537.36 (compatible; Googlebot/2.1; +http://www.google.com/bot.html)"
66.249.66.197 - - [31/Mar/2026:12:07:38 +0000] "GET /2026/03/05/best-popular-pokies-deals/ HTTP/1.1" 200 120690 "-" "Mozilla/5.0 (Linux; Android 6.0.1; Nexus 5X Build/MMB29P) AppleWebKit/537.36 (KHTML, like Gecko) Chrome/146.0.7680.153 Mobile Safari/537.36 (compatible; Googlebot/2.1; +http://www.google.com/bot.html)"
66.249.66.66 - - [31/Mar/2026:12:07:39 +0000] "GET /2026/03/05/how-to-play-new-winning-pokies-games/ HTTP/1.1" 200 120707 "-" "Mozilla/5.0 (Linux; Android 6.0.1; Nexus 5X Build/MMB29P) AppleWebKit/537.36 (KHTML, like Gecko) Chrome/146.0.7680.153 Mobile Safari/537.36 (compatible; Googlebot/2.1; +http://www.google.com/bot.html)"
66.249.66.197 - - [31/Mar/2026:12:07:40 +0000] "GET /2026/03/05/casino-new-winning-pokies-games/ HTTP/1.1" 200 120658 "-" "Mozilla/5.0 (Linux; Android 6.0.1; Nexus 5X Build/MMB29P) AppleWebKit/537.36 (KHTML, like Gecko) Chrome/146.0.7680.153 Mobile Safari/537.36 (compatible; Googlebot/2.1; +http://www.google.com/bot.html)"
66.249.66.197 - - [31/Mar/2026:12:07:42 +0000] "GET /2026/03/05/casino-machines-for-sale-au/ HTTP/1.1" 200 120014 "-" "Mozilla/5.0 (Linux; Android 6.0.1; Nexus 5X Build/MMB29P) AppleWebKit/537.36 (KHTML, like Gecko) Chrome/146.0.7680.153 Mobile Safari/537.36 (compatible; Googlebot/2.1; +http://www.google.com/bot.html)"
66.249.66.197 - - [31/Mar/2026:12:07:43 +0000] "GET /2026/03/05/online-pokies-free-spins-on-sign-up-australia/ HTTP/1.1" 200 121206 "-" "Mozilla/5.0 (Linux; Android 6.0.1; Nexus 5X Build/MMB29P) AppleWebKit/537.36 (KHTML, like Gecko) Chrome/146.0.7680.153 Mobile Safari/537.36 (compatible; Googlebot/2.1; +http://www.google.com/bot.html)"
66.249.66.197 - - [31/Mar/2026:12:07:44 +0000] "GET /2026/03/05/aristocrat-pokie-machine-do-not-have-key-repairs/ HTTP/1.1" 200 121189 "-" "Mozilla/5.0 (Linux; Android 6.0.1; Nexus 5X Build/MMB29P) AppleWebKit/537.36 (KHTML, like Gecko) Chrome/146.0.7680.153 Mobile Safari/537.36 (compatible; Googlebot/2.1; +http://www.google.com/bot.html)"
45.79.238.235 - - [31/Mar/2026:12:07:47 +0000] "POST /wp-cron.php?doing_wp_cron=1774958867.4331009387969970703125 HTTP/1.1" 200 - "https://mycom.co.nz/wp-cron.php?doing_wp_cron=1774958867.4331009387969970703125" "WordPress/6.1.10; https://mycom.co.nz"
66.249.66.197 - - [31/Mar/2026:12:07:46 +0000] "GET /2026/03/05/casino-new-zealand-no-deposit/ HTTP/1.1" 200 121549 "-" "Mozilla/5.0 (Linux; Android 6.0.1; Nexus 5X Build/MMB29P) AppleWebKit/537.36 (KHTML, like Gecko) Chrome/146.0.7680.153 Mobile Safari/537.36 (compatible; Googlebot/2.1; +http://www.google.com/bot.html)"
66.249.66.3 - - [31/Mar/2026:12:07:48 +0000] "GET /2026/03/05/free-spins-new-australia/ HTTP/1.1" 200 120545 "-" "Mozilla/5.0 (Linux; Android 6.0.1; Nexus 5X Build/MMB29P) AppleWebKit/537.36 (KHTML, like Gecko) Chrome/146.0.7680.153 Mobile Safari/537.36 (compatible; Googlebot/2.1; +http://www.google.com/bot.html)"
66.249.66.197 - - [31/Mar/2026:12:07:49 +0000] "GET /2026/03/05/au-free-play-casinos-online/ HTTP/1.1" 200 120504 "-" "Mozilla/5.0 (Linux; Android 6.0.1; Nexus 5X Build/MMB29P) AppleWebKit/537.36 (KHTML, like Gecko) Chrome/146.0.7680.153 Mobile Safari/537.36 (compatible; Googlebot/2.1; +http://www.google.com/bot.html)"
66.249.66.197 - - [31/Mar/2026:12:07:50 +0000] "GET /2026/03/05/best-australia-no-deposit-casino/ HTTP/1.1" 200 119946 "-" "Mozilla/5.0 (Linux; Android 6.0.1; Nexus 5X Build/MMB29P) AppleWebKit/537.36 (KHTML, like Gecko) Chrome/146.0.7680.153 Mobile Safari/537.36 (compatible; Googlebot/2.1; +http://www.google.com/bot.html)"
66.249.66.197 - - [31/Mar/2026:12:07:51 +0000] "GET /2026/03/05/big-wins-casino-pokies/ HTTP/1.1" 200 120244 "-" "Mozilla/5.0 (Linux; Android 6.0.1; Nexus 5X Build/MMB29P) AppleWebKit/537.36 (KHTML, like Gecko) Chrome/146.0.7680.153 Mobile Safari/537.36 (compatible; Googlebot/2.1; +http://www.google.com/bot.html)"
66.249.66.198 - - [31/Mar/2026:12:07:53 +0000] "GET /2026/03/05/where-can-i-play-au-pokies/ HTTP/1.1" 200 120432 "-" "Mozilla/5.0 (Linux; Android 6.0.1; Nexus 5X Build/MMB29P) AppleWebKit/537.36 (KHTML, like Gecko) Chrome/146.0.7680.153 Mobile Safari/537.36 (compatible; Googlebot/2.1; +http://www.google.com/bot.html)"
66.249.66.197 - - [31/Mar/2026:12:07:54 +0000] "GET /2026/03/05/top-australian-pokies-machine-no-download/ HTTP/1.1" 200 120625 "-" "Mozilla/5.0 (Linux; Android 6.0.1; Nexus 5X Build/MMB29P) AppleWebKit/537.36 (KHTML, like Gecko) Chrome/146.0.7680.153 Mobile Safari/537.36 (compatible; Googlebot/2.1; +http://www.google.com/bot.html)"
66.249.66.198 - - [31/Mar/2026:12:07:55 +0000] "GET /2026/03/05/chances-casino-salmon-arm-au/ HTTP/1.1" 200 120199 "-" "Mozilla/5.0 (Linux; Android 6.0.1; Nexus 5X Build/MMB29P) AppleWebKit/537.36 (KHTML, like Gecko) Chrome/146.0.7680.153 Mobile Safari/537.36 (compatible; Googlebot/2.1; +http://www.google.com/bot.html)"
66.249.66.198 - - [31/Mar/2026:12:07:56 +0000] "GET /2026/03/05/best-online-casinos-in-the-australia/ HTTP/1.1" 200 120693 "-" "Mozilla/5.0 (Linux; Android 6.0.1; Nexus 5X Build/MMB29P) AppleWebKit/537.36 (KHTML, like Gecko) Chrome/146.0.7680.153 Mobile Safari/537.36 (compatible; Googlebot/2.1; +http://www.google.com/bot.html)"
66.249.66.3 - - [31/Mar/2026:12:07:58 +0000] "GET /2026/03/05/tax-free-pokies-with-bonus-gambling-sites/ HTTP/1.1" 200 120383 "-" "Mozilla/5.0 (Linux; Android 6.0.1; Nexus 5X Build/MMB29P) AppleWebKit/537.36 (KHTML, like Gecko) Chrome/146.0.7680.153 Mobile Safari/537.36 (compatible; Googlebot/2.1; +http://www.google.com/bot.html)"
66.249.66.4 - - [31/Mar/2026:12:07:59 +0000] "GET /2026/03/05/deposit-casino-pokies-australia-dollars/ HTTP/1.1" 200 121075 "-" "Mozilla/5.0 (Linux; Android 6.0.1; Nexus 5X Build/MMB29P) AppleWebKit/537.36 (KHTML, like Gecko) Chrome/146.0.7680.153 Mobile Safari/537.36 (compatible; Googlebot/2.1; +http://www.google.com/bot.html)"
66.249.66.4 - - [31/Mar/2026:12:08:00 +0000] "GET /2026/03/05/virtual-pokies-that-payout/ HTTP/1.1" 200 120816 "-" "Mozilla/5.0 (Linux; Android 6.0.1; Nexus 5X Build/MMB29P) AppleWebKit/537.36 (KHTML, like Gecko) Chrome/146.0.7680.153 Mobile Safari/537.36 (compatible; Googlebot/2.1; +http://www.google.com/bot.html)"
66.249.66.162 - - [31/Mar/2026:12:08:01 +0000] "GET /2026/03/05/live-blackjack-dealers-nz/ HTTP/1.1" 200 121352 "-" "Mozilla/5.0 (Linux; Android 6.0.1; Nexus 5X Build/MMB29P) AppleWebKit/537.36 (KHTML, like Gecko) Chrome/146.0.7680.153 Mobile Safari/537.36 (compatible; Googlebot/2.1; +http://www.google.com/bot.html)"
66.249.66.3 - - [31/Mar/2026:12:08:02 +0000] "GET /2026/03/05/albany-new-york-casino/ HTTP/1.1" 200 121182 "-" "Mozilla/5.0 (Linux; Android 6.0.1; Nexus 5X Build/MMB29P) AppleWebKit/537.36 (KHTML, like Gecko) Chrome/146.0.7680.153 Mobile Safari/537.36 (compatible; Googlebot/2.1; +http://www.google.com/bot.html)"
66.249.66.36 - - [31/Mar/2026:12:08:04 +0000] "GET /2026/03/05/ceasars-casino-nz/ HTTP/1.1" 200 120738 "-" "Mozilla/5.0 (Linux; Android 6.0.1; Nexus 5X Build/MMB29P) AppleWebKit/537.36 (KHTML, like Gecko) Chrome/146.0.7680.153 Mobile Safari/537.36 (compatible; Googlebot/2.1; +http://www.google.com/bot.html)"
66.249.66.36 - - [31/Mar/2026:12:08:05 +0000] "GET /2026/03/05/spin-series-3-au/ HTTP/1.1" 200 120210 "-" "Mozilla/5.0 (Linux; Android 6.0.1; Nexus 5X Build/MMB29P) AppleWebKit/537.36 (KHTML, like Gecko) Chrome/146.0.7680.153 Mobile Safari/537.36 (compatible; Googlebot/2.1; +http://www.google.com/bot.html)"
66.249.66.162 - - [31/Mar/2026:12:08:06 +0000] "GET /2026/03/05/how-to-win-money-with-pokies-in-new-zealand/ HTTP/1.1" 200 120345 "-" "Mozilla/5.0 (Linux; Android 6.0.1; Nexus 5X Build/MMB29P) AppleWebKit/537.36 (KHTML, like Gecko) Chrome/146.0.7680.153 Mobile Safari/537.36 (compatible; Googlebot/2.1; +http://www.google.com/bot.html)"
66.249.66.36 - - [31/Mar/2026:12:08:07 +0000] "GET /2026/03/05/casino-slots-au-new/ HTTP/1.1" 200 120349 "-" "Mozilla/5.0 (Linux; Android 6.0.1; Nexus 5X Build/MMB29P) AppleWebKit/537.36 (KHTML, like Gecko) Chrome/146.0.7680.153 Mobile Safari/537.36 (compatible; Googlebot/2.1; +http://www.google.com/bot.html)"
66.249.66.162 - - [31/Mar/2026:12:08:09 +0000] "GET /2026/03/05/hot-hit-pokie-machine-location/ HTTP/1.1" 200 120946 "-" "Mozilla/5.0 (Linux; Android 6.0.1; Nexus 5X Build/MMB29P) AppleWebKit/537.36 (KHTML, like Gecko) Chrome/146.0.7680.153 Mobile Safari/537.36 (compatible; Googlebot/2.1; +http://www.google.com/bot.html)"
66.249.66.36 - - [31/Mar/2026:12:08:10 +0000] "GET /2026/03/05/play-new-pokies-online-for-real-cash/ HTTP/1.1" 200 121274 "-" "Mozilla/5.0 (Linux; Android 6.0.1; Nexus 5X Build/MMB29P) AppleWebKit/537.36 (KHTML, like Gecko) Chrome/146.0.7680.153 Mobile Safari/537.36 (compatible; Googlebot/2.1; +http://www.google.com/bot.html)"
66.249.66.162 - - [31/Mar/2026:12:08:11 +0000] "GET /2026/03/05/casino-new-zealand-free-bonus-no-deposit/ HTTP/1.1" 200 121416 "-" "Mozilla/5.0 (Linux; Android 6.0.1; Nexus 5X Build/MMB29P) AppleWebKit/537.36 (KHTML, like Gecko) Chrome/146.0.7680.153 Mobile Safari/537.36 (compatible; Googlebot/2.1; +http://www.google.com/bot.html)"
66.249.66.162 - - [31/Mar/2026:12:08:12 +0000] "GET /2026/03/05/play-new-au-pokies-machine-for-fun/ HTTP/1.1" 200 120662 "-" "Mozilla/5.0 (Linux; Android 6.0.1; Nexus 5X Build/MMB29P) AppleWebKit/537.36 (KHTML, like Gecko) Chrome/146.0.7680.153 Mobile Safari/537.36 (compatible; Googlebot/2.1; +http://www.google.com/bot.html)"
66.249.66.36 - - [31/Mar/2026:12:08:14 +0000] "GET /2026/03/05/australian-pokies-download/ HTTP/1.1" 200 121331 "-" "Mozilla/5.0 (Linux; Android 6.0.1; Nexus 5X Build/MMB29P) AppleWebKit/537.36 (KHTML, like Gecko) Chrome/146.0.7680.153 Mobile Safari/537.36 (compatible; Googlebot/2.1; +http://www.google.com/bot.html)"
66.249.66.162 - - [31/Mar/2026:12:08:15 +0000] "GET /2026/03/05/sands-au-casino/ HTTP/1.1" 200 120214 "-" "Mozilla/5.0 (Linux; Android 6.0.1; Nexus 5X Build/MMB29P) AppleWebKit/537.36 (KHTML, like Gecko) Chrome/146.0.7680.153 Mobile Safari/537.36 (compatible; Googlebot/2.1; +http://www.google.com/bot.html)"
66.249.66.36 - - [31/Mar/2026:12:08:16 +0000] "GET /2026/03/05/online-pokies-australia-5-dollar-deposit/ HTTP/1.1" 200 121069 "-" "Mozilla/5.0 (Linux; Android 6.0.1; Nexus 5X Build/MMB29P) AppleWebKit/537.36 (KHTML, like Gecko) Chrome/146.0.7680.153 Mobile Safari/537.36 (compatible; Googlebot/2.1; +http://www.google.com/bot.html)"
66.249.66.36 - - [31/Mar/2026:12:08:17 +0000] "GET /2026/03/05/popular-pokies-no-deposit-free-money/ HTTP/1.1" 200 120836 "-" "Mozilla/5.0 (Linux; Android 6.0.1; Nexus 5X Build/MMB29P) AppleWebKit/537.36 (KHTML, like Gecko) Chrome/146.0.7680.153 Mobile Safari/537.36 (compatible; Googlebot/2.1; +http://www.google.com/bot.html)"
66.249.66.36 - - [31/Mar/2026:12:08:18 +0000] "GET /2026/03/05/real-money-pokies-android/ HTTP/1.1" 200 121060 "-" "Mozilla/5.0 (Linux; Android 6.0.1; Nexus 5X Build/MMB29P) AppleWebKit/537.36 (KHTML, like Gecko) Chrome/146.0.7680.153 Mobile Safari/537.36 (compatible; Googlebot/2.1; +http://www.google.com/bot.html)"
66.249.66.39 - - [31/Mar/2026:12:08:20 +0000] "GET /2026/03/05/tips-for-au-pokies/ HTTP/1.1" 200 121072 "-" "Mozilla/5.0 (Linux; Android 6.0.1; Nexus 5X Build/MMB29P) AppleWebKit/537.36 (KHTML, like Gecko) Chrome/146.0.7680.153 Mobile Safari/537.36 (compatible; Googlebot/2.1; +http://www.google.com/bot.html)"
66.249.66.36 - - [31/Mar/2026:12:08:21 +0000] "GET /2026/03/05/biggest-no-registration-pokies-deposit-casino/ HTTP/1.1" 200 120979 "-" "Mozilla/5.0 (Linux; Android 6.0.1; Nexus 5X Build/MMB29P) AppleWebKit/537.36 (KHTML, like Gecko) Chrome/146.0.7680.153 Mobile Safari/537.36 (compatible; Googlebot/2.1; +http://www.google.com/bot.html)"
66.249.66.37 - - [31/Mar/2026:12:08:22 +0000] "GET /2026/03/05/west-brisbane-au-rainbow-casino/ HTTP/1.1" 200 120164 "-" "Mozilla/5.0 (Linux; Android 6.0.1; Nexus 5X Build/MMB29P) AppleWebKit/537.36 (KHTML, like Gecko) Chrome/146.0.7680.153 Mobile Safari/537.36 (compatible; Googlebot/2.1; +http://www.google.com/bot.html)"
66.249.66.162 - - [31/Mar/2026:12:08:23 +0000] "GET /2026/03/05/try-pokies-for-real-money-free-no-download/ HTTP/1.1" 200 120582 "-" "Mozilla/5.0 (Linux; Android 6.0.1; Nexus 5X Build/MMB29P) AppleWebKit/537.36 (KHTML, like Gecko) Chrome/146.0.7680.153 Mobile Safari/537.36 (compatible; Googlebot/2.1; +http://www.google.com/bot.html)"
66.249.66.36 - - [31/Mar/2026:12:08:25 +0000] "GET /2026/03/05/no-deposit-online-casino-that-accept-nz/ HTTP/1.1" 200 120847 "-" "Mozilla/5.0 (Linux; Android 6.0.1; Nexus 5X Build/MMB29P) AppleWebKit/537.36 (KHTML, like Gecko) Chrome/146.0.7680.153 Mobile Safari/537.36 (compatible; Googlebot/2.1; +http://www.google.com/bot.html)"
66.249.66.36 - - [31/Mar/2026:12:08:26 +0000] "GET /2026/03/05/free-casino-au/ HTTP/1.1" 200 120227 "-" "Mozilla/5.0 (Linux; Android 6.0.1; Nexus 5X Build/MMB29P) AppleWebKit/537.36 (KHTML, like Gecko) Chrome/146.0.7680.153 Mobile Safari/537.36 (compatible; Googlebot/2.1; +http://www.google.com/bot.html)"
66.249.66.45 - - [31/Mar/2026:12:08:27 +0000] "GET /2026/03/05/play-pokies-for-real-money-australia/ HTTP/1.1" 200 120892 "-" "Mozilla/5.0 (Linux; Android 6.0.1; Nexus 5X Build/MMB29P) AppleWebKit/537.36 (KHTML, like Gecko) Chrome/146.0.7680.153 Mobile Safari/537.36 (compatible; Googlebot/2.1; +http://www.google.com/bot.html)"
66.249.66.36 - - [31/Mar/2026:12:08:28 +0000] "GET /2026/03/05/do-you-win-best-australian-pokies/ HTTP/1.1" 200 120393 "-" "Mozilla/5.0 (Linux; Android 6.0.1; Nexus 5X Build/MMB29P) AppleWebKit/537.36 (KHTML, like Gecko) Chrome/146.0.7680.153 Mobile Safari/537.36 (compatible; Googlebot/2.1; +http://www.google.com/bot.html)"
66.249.66.163 - - [31/Mar/2026:12:08:30 +0000] "GET /2026/03/05/how-to-win-with-top-australian-pokies/ HTTP/1.1" 200 120574 "-" "Mozilla/5.0 (Linux; Android 6.0.1; Nexus 5X Build/MMB29P) AppleWebKit/537.36 (KHTML, like Gecko) Chrome/146.0.7680.153 Mobile Safari/537.36 (compatible; Googlebot/2.1; +http://www.google.com/bot.html)"
66.249.66.36 - - [31/Mar/2026:12:08:31 +0000] "GET /2026/03/05/new-online-casino-in-au/ HTTP/1.1" 200 120476 "-" "Mozilla/5.0 (Linux; Android 6.0.1; Nexus 5X Build/MMB29P) AppleWebKit/537.36 (KHTML, like Gecko) Chrome/146.0.7680.153 Mobile Safari/537.36 (compatible; Googlebot/2.1; +http://www.google.com/bot.html)"
66.249.66.66 - - [31/Mar/2026:12:08:32 +0000] "GET /2026/03/05/gambling-pokies-australia-real-money-paysafe/ HTTP/1.1" 200 121472 "-" "Mozilla/5.0 (Linux; Android 6.0.1; Nexus 5X Build/MMB29P) AppleWebKit/537.36 (KHTML, like Gecko) Chrome/146.0.7680.153 Mobile Safari/537.36 (compatible; Googlebot/2.1; +http://www.google.com/bot.html)"
66.249.66.163 - - [31/Mar/2026:12:08:33 +0000] "GET /2026/03/05/best-apps-to-earn-money-nz/ HTTP/1.1" 200 120336 "-" "Mozilla/5.0 (Linux; Android 6.0.1; Nexus 5X Build/MMB29P) AppleWebKit/537.36 (KHTML, like Gecko) Chrome/146.0.7680.153 Mobile Safari/537.36 (compatible; Googlebot/2.1; +http://www.google.com/bot.html)"
66.249.66.66 - - [31/Mar/2026:12:08:34 +0000] "GET /2026/03/05/casino-dice-new-zealand/ HTTP/1.1" 200 121036 "-" "Mozilla/5.0 (Linux; Android 6.0.1; Nexus 5X Build/MMB29P) AppleWebKit/537.36 (KHTML, like Gecko) Chrome/146.0.7680.153 Mobile Safari/537.36 (compatible; Googlebot/2.1; +http://www.google.com/bot.html)"
66.249.66.66 - - [31/Mar/2026:12:08:36 +0000] "GET /2026/03/05/safe-pokies-that-pay/ HTTP/1.1" 200 120701 "-" "Mozilla/5.0 (Linux; Android 6.0.1; Nexus 5X Build/MMB29P) AppleWebKit/537.36 (KHTML, like Gecko) Chrome/146.0.7680.153 Mobile Safari/537.36 (compatible; Googlebot/2.1; +http://www.google.com/bot.html)"
66.249.66.67 - - [31/Mar/2026:12:08:37 +0000] "GET /2026/03/05/top-online-pokies-and-casinos-welcome-bonuses-uk/ HTTP/1.1" 200 121438 "-" "Mozilla/5.0 (Linux; Android 6.0.1; Nexus 5X Build/MMB29P) AppleWebKit/537.36 (KHTML, like Gecko) Chrome/146.0.7680.153 Mobile Safari/537.36 (compatible; Googlebot/2.1; +http://www.google.com/bot.html)"
66.249.66.66 - - [31/Mar/2026:12:08:38 +0000] "GET /2026/03/05/mini-winning-pokies/ HTTP/1.1" 200 119670 "-" "Mozilla/5.0 (Linux; Android 6.0.1; Nexus 5X Build/MMB29P) AppleWebKit/537.36 (KHTML, like Gecko) Chrome/146.0.7680.153 Mobile Safari/537.36 (compatible; Googlebot/2.1; +http://www.google.com/bot.html)"
66.249.66.66 - - [31/Mar/2026:12:08:39 +0000] "GET /2026/03/05/new-zealand-tax-casino-winnings/ HTTP/1.1" 200 120693 "-" "Mozilla/5.0 (Linux; Android 6.0.1; Nexus 5X Build/MMB29P) AppleWebKit/537.36 (KHTML, like Gecko) Chrome/146.0.7680.153 Mobile Safari/537.36 (compatible; Googlebot/2.1; +http://www.google.com/bot.html)"
66.249.66.3 - - [31/Mar/2026:12:08:41 +0000] "GET /2026/03/05/top-online-pokies-and-casinos-together/ HTTP/1.1" 200 120677 "-" "Mozilla/5.0 (Linux; Android 6.0.1; Nexus 5X Build/MMB29P) AppleWebKit/537.36 (KHTML, like Gecko) Chrome/146.0.7680.153 Mobile Safari/537.36 (compatible; Googlebot/2.1; +http://www.google.com/bot.html)"
66.249.66.66 - - [31/Mar/2026:12:08:42 +0000] "GET /2026/03/05/tax-free-pokies-tips-and-strategies/ HTTP/1.1" 200 120887 "-" "Mozilla/5.0 (Linux; Android 6.0.1; Nexus 5X Build/MMB29P) AppleWebKit/537.36 (KHTML, like Gecko) Chrome/146.0.7680.153 Mobile Safari/537.36 (compatible; Googlebot/2.1; +http://www.google.com/bot.html)"
