66.249.70.136 - - [31/Mar/2026:12:56:40 +0000] "GET /australia-slots-free/ HTTP/1.1" 200 32918 "-" "Mozilla/5.0 (Linux; Android 6.0.1; Nexus 5X Build/MMB29P) AppleWebKit/537.36 (KHTML, like Gecko) Chrome/146.0.7680.153 Mobile Safari/537.36 (compatible; Googlebot/2.1; +http://www.google.com/bot.html)"
216.73.216.53 - - [31/Mar/2026:12:56:40 +0000] "GET /wp-includes/class-wp-theme-json-data.php HTTP/1.1" 200 - "-" "Mozilla/5.0 AppleWebKit/537.36 (KHTML, like Gecko; compatible; ClaudeBot/1.0; +claudebot@anthropic.com)"
216.73.216.53 - - [31/Mar/2026:12:56:40 +0000] "GET /wp-includes/widgets.php HTTP/1.1" 200 - "-" "Mozilla/5.0 AppleWebKit/537.36 (KHTML, like Gecko; compatible; ClaudeBot/1.0; +claudebot@anthropic.com)"
66.249.70.136 - - [31/Mar/2026:12:56:40 +0000] "GET /?p=8898 HTTP/1.1" 301 - "-" "Mozilla/5.0 (Linux; Android 6.0.1; Nexus 5X Build/MMB29P) AppleWebKit/537.36 (KHTML, like Gecko) Chrome/146.0.7680.153 Mobile Safari/537.36 (compatible; Googlebot/2.1; +http://www.google.com/bot.html)"
66.249.70.136 - - [31/Mar/2026:12:56:40 +0000] "GET /most-likely-to-win-top-australian-pokies/ HTTP/1.1" 200 32998 "-" "Mozilla/5.0 (Linux; Android 6.0.1; Nexus 5X Build/MMB29P) AppleWebKit/537.36 (KHTML, like Gecko) Chrome/146.0.7680.153 Mobile Safari/537.36 (compatible; Googlebot/2.1; +http://www.google.com/bot.html)"
66.249.70.135 - - [31/Mar/2026:12:56:41 +0000] "GET /?p=9850 HTTP/1.1" 301 - "-" "Mozilla/5.0 (Linux; Android 6.0.1; Nexus 5X Build/MMB29P) AppleWebKit/537.36 (KHTML, like Gecko) Chrome/146.0.7680.153 Mobile Safari/537.36 (compatible; Googlebot/2.1; +http://www.google.com/bot.html)"
66.249.70.136 - - [31/Mar/2026:12:56:41 +0000] "GET /pokies-sites-for-real-money/ HTTP/1.1" 200 32946 "-" "Mozilla/5.0 (Linux; Android 6.0.1; Nexus 5X Build/MMB29P) AppleWebKit/537.36 (KHTML, like Gecko) Chrome/146.0.7680.153 Mobile Safari/537.36 (compatible; Googlebot/2.1; +http://www.google.com/bot.html)"
66.249.70.136 - - [31/Mar/2026:12:56:43 +0000] "GET /?p=2222 HTTP/1.1" 301 - "-" "Mozilla/5.0 (Linux; Android 6.0.1; Nexus 5X Build/MMB29P) AppleWebKit/537.36 (KHTML, like Gecko) Chrome/146.0.7680.153 Mobile Safari/537.36 (compatible; Googlebot/2.1; +http://www.google.com/bot.html)"
66.249.70.135 - - [31/Mar/2026:12:56:44 +0000] "GET /game-apps-to-make-money-au/ HTTP/1.1" 200 32944 "-" "Mozilla/5.0 (Linux; Android 6.0.1; Nexus 5X Build/MMB29P) AppleWebKit/537.36 (KHTML, like Gecko) Chrome/146.0.7680.153 Mobile Safari/537.36 (compatible; Googlebot/2.1; +http://www.google.com/bot.html)"
66.249.70.136 - - [31/Mar/2026:12:56:44 +0000] "GET /?p=6017 HTTP/1.1" 301 - "-" "Mozilla/5.0 (Linux; Android 6.0.1; Nexus 5X Build/MMB29P) AppleWebKit/537.36 (KHTML, like Gecko) Chrome/146.0.7680.153 Mobile Safari/537.36 (compatible; Googlebot/2.1; +http://www.google.com/bot.html)"
66.249.70.135 - - [31/Mar/2026:12:56:45 +0000] "GET /the-complete-best-australian-pokies-guide/ HTTP/1.1" 200 33000 "-" "Mozilla/5.0 (Linux; Android 6.0.1; Nexus 5X Build/MMB29P) AppleWebKit/537.36 (KHTML, like Gecko) Chrome/146.0.7680.153 Mobile Safari/537.36 (compatible; Googlebot/2.1; +http://www.google.com/bot.html)"
66.249.70.136 - - [31/Mar/2026:12:56:46 +0000] "GET /?p=1556 HTTP/1.1" 301 - "-" "Mozilla/5.0 (Linux; Android 6.0.1; Nexus 5X Build/MMB29P) AppleWebKit/537.36 (KHTML, like Gecko) Chrome/146.0.7680.153 Mobile Safari/537.36 (compatible; Googlebot/2.1; +http://www.google.com/bot.html)"
66.249.70.136 - - [31/Mar/2026:12:56:47 +0000] "GET /?p=2037 HTTP/1.1" 301 - "-" "Mozilla/5.0 (Linux; Android 6.0.1; Nexus 5X Build/MMB29P) AppleWebKit/537.36 (KHTML, like Gecko) Chrome/146.0.7680.153 Mobile Safari/537.36 (compatible; Googlebot/2.1; +http://www.google.com/bot.html)"
66.249.70.135 - - [31/Mar/2026:12:56:46 +0000] "GET /mobile-pokies-games-no-download/ HTTP/1.1" 200 32962 "-" "Mozilla/5.0 (Linux; Android 6.0.1; Nexus 5X Build/MMB29P) AppleWebKit/537.36 (KHTML, like Gecko) Chrome/146.0.7680.153 Mobile Safari/537.36 (compatible; Googlebot/2.1; +http://www.google.com/bot.html)"
66.249.70.136 - - [31/Mar/2026:12:56:47 +0000] "GET /how-do-you-win-pokies-in-new-zealand/ HTTP/1.1" 200 32982 "-" "Mozilla/5.0 (Linux; Android 6.0.1; Nexus 5X Build/MMB29P) AppleWebKit/537.36 (KHTML, like Gecko) Chrome/146.0.7680.153 Mobile Safari/537.36 (compatible; Googlebot/2.1; +http://www.google.com/bot.html)"
66.249.70.135 - - [31/Mar/2026:12:56:48 +0000] "GET /?p=1649 HTTP/1.1" 301 - "-" "Mozilla/5.0 (Linux; Android 6.0.1; Nexus 5X Build/MMB29P) AppleWebKit/537.36 (KHTML, like Gecko) Chrome/146.0.7680.153 Mobile Safari/537.36 (compatible; Googlebot/2.1; +http://www.google.com/bot.html)"
66.249.70.135 - - [31/Mar/2026:12:56:49 +0000] "GET /free-online-pokies-for-money/ HTTP/1.1" 200 32946 "-" "Mozilla/5.0 (Linux; Android 6.0.1; Nexus 5X Build/MMB29P) AppleWebKit/537.36 (KHTML, like Gecko) Chrome/146.0.7680.153 Mobile Safari/537.36 (compatible; Googlebot/2.1; +http://www.google.com/bot.html)"
66.249.70.136 - - [31/Mar/2026:12:56:50 +0000] "GET /?p=8279 HTTP/1.1" 301 - "-" "Mozilla/5.0 (Linux; Android 6.0.1; Nexus 5X Build/MMB29P) AppleWebKit/537.36 (KHTML, like Gecko) Chrome/146.0.7680.153 Mobile Safari/537.36 (compatible; Googlebot/2.1; +http://www.google.com/bot.html)"
66.249.70.136 - - [31/Mar/2026:12:56:51 +0000] "GET /nz-casino-club-no-deposit-bonus/ HTTP/1.1" 200 32960 "-" "Mozilla/5.0 (Linux; Android 6.0.1; Nexus 5X Build/MMB29P) AppleWebKit/537.36 (KHTML, like Gecko) Chrome/146.0.7680.153 Mobile Safari/537.36 (compatible; Googlebot/2.1; +http://www.google.com/bot.html)"
114.79.4.127 - - [31/Mar/2026:12:57:08 +0000] "POST /cdn-cgi/rum? HTTP/1.1" 404 31502 "https://www.rosebankhosp.co.nz/gallery/" "Mozilla/5.0 (Linux; Android 10; K) AppleWebKit/537.36 (KHTML, like Gecko) Chrome/146.0.0.0 Mobile Safari/537.36"
66.249.70.135 - - [31/Mar/2026:12:57:11 +0000] "GET /?view/item/147765787 HTTP/1.1" 301 - "-" "Mozilla/5.0 (Linux; Android 6.0.1; Nexus 5X Build/MMB29P) AppleWebKit/537.36 (KHTML, like Gecko) Chrome/146.0.7680.153 Mobile Safari/537.36 (compatible; GoogleOther)"
66.249.70.136 - - [31/Mar/2026:12:57:14 +0000] "GET /?view%2Fitem%2F147765787 HTTP/1.1" 200 41802 "-" "Mozilla/5.0 (Linux; Android 6.0.1; Nexus 5X Build/MMB29P) AppleWebKit/537.36 (KHTML, like Gecko) Chrome/146.0.7680.153 Mobile Safari/537.36 (compatible; GoogleOther)"
66.249.70.136 - - [31/Mar/2026:12:57:36 +0000] "GET /?view/item/307780161 HTTP/1.1" 301 - "-" "Mozilla/5.0 (Linux; Android 6.0.1; Nexus 5X Build/MMB29P) AppleWebKit/537.36 (KHTML, like Gecko) Chrome/146.0.7680.153 Mobile Safari/537.36 (compatible; GoogleOther)"
66.249.70.136 - - [31/Mar/2026:12:57:38 +0000] "GET /best-online-pokies-sites-australia/ HTTP/1.1" 200 32972 "-" "Mozilla/5.0 (Linux; Android 6.0.1; Nexus 5X Build/MMB29P) AppleWebKit/537.36 (KHTML, like Gecko) Chrome/146.0.7680.153 Mobile Safari/537.36 (compatible; Googlebot/2.1; +http://www.google.com/bot.html)"
66.249.70.135 - - [31/Mar/2026:12:57:40 +0000] "GET /?view%2Fitem%2F307780161 HTTP/1.1" 200 41806 "-" "Mozilla/5.0 (Linux; Android 6.0.1; Nexus 5X Build/MMB29P) AppleWebKit/537.36 (KHTML, like Gecko) Chrome/146.0.7680.153 Mobile Safari/537.36 (compatible; GoogleOther)"
182.3.5.139 - - [31/Mar/2026:12:57:41 +0000] "GET /gallery/ HTTP/1.1" 200 603164 "https://www.google.com/" "Mozilla/5.0 (Linux; Android 10; K) AppleWebKit/537.36 (KHTML, like Gecko) Chrome/146.0.0.0 Mobile Safari/537.36"
114.119.158.112 - - [31/Mar/2026:12:57:45 +0000] "GET /popular-pokies-with-welcome-bonus-games-for-free/ HTTP/1.1" 200 34168 "https://www.rosebankhosp.co.nz/profitable-pokies-with-bonus-casino-euro/" "Mozilla/5.0 (Linux; Android 7.0;) AppleWebKit/537.36 (KHTML, like Gecko) Mobile Safari/537.36 (compatible; PetalBot;+https://webmaster.petalsearch.com/site/petalbot)"
114.79.4.127 - - [31/Mar/2026:12:57:45 +0000] "POST /cdn-cgi/rum? HTTP/1.1" 404 31502 "https://www.rosebankhosp.co.nz/gallery/" "Mozilla/5.0 (Linux; Android 10; K) AppleWebKit/537.36 (KHTML, like Gecko) Chrome/146.0.0.0 Mobile Safari/537.36"
66.249.70.135 - - [31/Mar/2026:12:57:53 +0000] "GET /?p=6600 HTTP/1.1" 301 - "-" "Mozilla/5.0 (Linux; Android 6.0.1; Nexus 5X Build/MMB29P) AppleWebKit/537.36 (KHTML, like Gecko) Chrome/146.0.7680.153 Mobile Safari/537.36 (compatible; Googlebot/2.1; +http://www.google.com/bot.html)"
66.249.70.135 - - [31/Mar/2026:12:57:54 +0000] "GET /play-best-pokies-online/ HTTP/1.1" 200 32928 "-" "Mozilla/5.0 (Linux; Android 6.0.1; Nexus 5X Build/MMB29P) AppleWebKit/537.36 (KHTML, like Gecko) Chrome/146.0.7680.153 Mobile Safari/537.36 (compatible; Googlebot/2.1; +http://www.google.com/bot.html)"
66.249.70.135 - - [31/Mar/2026:12:57:54 +0000] "GET /?view/item/81352656 HTTP/1.1" 301 - "-" "Mozilla/5.0 (Linux; Android 6.0.1; Nexus 5X Build/MMB29P) AppleWebKit/537.36 (KHTML, like Gecko) Chrome/146.0.7680.153 Mobile Safari/537.36 (compatible; GoogleOther)"
66.249.70.135 - - [31/Mar/2026:12:57:55 +0000] "GET /?p=5221 HTTP/1.1" 301 - "-" "Mozilla/5.0 (Linux; Android 6.0.1; Nexus 5X Build/MMB29P) AppleWebKit/537.36 (KHTML, like Gecko) Chrome/146.0.7680.153 Mobile Safari/537.36 (compatible; Googlebot/2.1; +http://www.google.com/bot.html)"
66.249.70.135 - - [31/Mar/2026:12:57:55 +0000] "GET /?p=7604 HTTP/1.1" 301 - "-" "Mozilla/5.0 (Linux; Android 6.0.1; Nexus 5X Build/MMB29P) AppleWebKit/537.36 (KHTML, like Gecko) Chrome/146.0.7680.153 Mobile Safari/537.36 (compatible; Googlebot/2.1; +http://www.google.com/bot.html)"
66.249.70.135 - - [31/Mar/2026:12:57:56 +0000] "GET /winning-pokies-free-fun/ HTTP/1.1" 200 32928 "-" "Mozilla/5.0 (Linux; Android 6.0.1; Nexus 5X Build/MMB29P) AppleWebKit/537.36 (KHTML, like Gecko) Chrome/146.0.7680.153 Mobile Safari/537.36 (compatible; Googlebot/2.1; +http://www.google.com/bot.html)"
182.2.70.18 - - [31/Mar/2026:12:57:56 +0000] "POST /cdn-cgi/rum? HTTP/1.1" 404 31500 "https://www.rosebankhosp.co.nz/gallery/" "Mozilla/5.0 (Linux; Android 10; K) AppleWebKit/537.36 (KHTML, like Gecko) Chrome/146.0.0.0 Mobile Safari/537.36"
66.249.70.135 - - [31/Mar/2026:12:57:57 +0000] "GET /sugarhouse-online-casino-au/ HTTP/1.1" 200 32946 "-" "Mozilla/5.0 (Linux; Android 6.0.1; Nexus 5X Build/MMB29P) AppleWebKit/537.36 (KHTML, like Gecko) Chrome/146.0.7680.153 Mobile Safari/537.36 (compatible; Googlebot/2.1; +http://www.google.com/bot.html)"
66.249.70.135 - - [31/Mar/2026:12:57:58 +0000] "GET /?view%2Fitem%2F81352656 HTTP/1.1" 200 41802 "-" "Mozilla/5.0 (Linux; Android 6.0.1; Nexus 5X Build/MMB29P) AppleWebKit/537.36 (KHTML, like Gecko) Chrome/146.0.7680.153 Mobile Safari/537.36 (compatible; GoogleOther)"
47.82.11.148 - - [31/Mar/2026:12:58:17 +0000] "GET /las-vegas-au-casino-sign-up/ HTTP/1.1" 200 34084 "https://www.rosebankhosp.co.nz/" "Mozilla/5.0 (Windows NT 10.0; Win64; x64) AppleWebKit/537.36 (KHTML, like Gecko) Chrome/134.0.0.0 Safari/537.36"
114.125.149.181 - - [31/Mar/2026:12:58:19 +0000] "GET /gallery/ HTTP/1.1" 200 603164 "https://www.google.com/" "Mozilla/5.0 (Linux; Android 10; K) AppleWebKit/537.36 (KHTML, like Gecko) Chrome/146.0.0.0 Mobile Safari/537.36"
66.249.70.137 - - [31/Mar/2026:12:58:24 +0000] "GET /?p=1837 HTTP/1.1" 301 - "-" "Mozilla/5.0 (Linux; Android 6.0.1; Nexus 5X Build/MMB29P) AppleWebKit/537.36 (KHTML, like Gecko) Chrome/146.0.7680.153 Mobile Safari/537.36 (compatible; Googlebot/2.1; +http://www.google.com/bot.html)"
66.249.70.137 - - [31/Mar/2026:12:58:25 +0000] "GET /?p=9278 HTTP/1.1" 301 - "-" "Mozilla/5.0 (Linux; Android 6.0.1; Nexus 5X Build/MMB29P) AppleWebKit/537.36 (KHTML, like Gecko) Chrome/146.0.7680.153 Mobile Safari/537.36 (compatible; Googlebot/2.1; +http://www.google.com/bot.html)"
66.249.70.137 - - [31/Mar/2026:12:58:26 +0000] "GET /?view/item/152131464 HTTP/1.1" 301 - "-" "Mozilla/5.0 (Linux; Android 6.0.1; Nexus 5X Build/MMB29P) AppleWebKit/537.36 (KHTML, like Gecko) Chrome/146.0.7680.153 Mobile Safari/537.36 (compatible; GoogleOther)"
66.249.70.136 - - [31/Mar/2026:12:58:30 +0000] "GET /gallery// HTTP/1.1" 200 603164 "-" "Mozilla/5.0 (Linux; Android 6.0.1; Nexus 5X Build/MMB29P) AppleWebKit/537.36 (KHTML, like Gecko) Chrome/146.0.7680.153 Mobile Safari/537.36 (compatible; Googlebot/2.1; +http://www.google.com/bot.html)"
66.249.70.136 - - [31/Mar/2026:12:58:31 +0000] "GET /?view%2Fitem%2F152131464 HTTP/1.1" 200 41802 "-" "Mozilla/5.0 (Linux; Android 6.0.1; Nexus 5X Build/MMB29P) AppleWebKit/537.36 (KHTML, like Gecko) Chrome/146.0.7680.153 Mobile Safari/537.36 (compatible; GoogleOther)"
66.249.70.136 - - [31/Mar/2026:12:58:31 +0000] "GET /free-spins-no-deposit-bonus-codes-australia/ HTTP/1.1" 200 33010 "-" "Mozilla/5.0 (Linux; Android 6.0.1; Nexus 5X Build/MMB29P) AppleWebKit/537.36 (KHTML, like Gecko) Chrome/146.0.7680.153 Mobile Safari/537.36 (compatible; Googlebot/2.1; +http://www.google.com/bot.html)"
66.249.70.135 - - [31/Mar/2026:12:58:32 +0000] "GET /best-online-pokies-to-win-big/ HTTP/1.1" 200 32954 "-" "Mozilla/5.0 (Linux; Android 6.0.1; Nexus 5X Build/MMB29P) AppleWebKit/537.36 (KHTML, like Gecko) Chrome/146.0.7680.153 Mobile Safari/537.36 (compatible; Googlebot/2.1; +http://www.google.com/bot.html)"
66.249.70.135 - - [31/Mar/2026:12:58:39 +0000] "GET /gambling-issue-in-new-zealand/ HTTP/1.1" 200 32952 "-" "Mozilla/5.0 (Linux; Android 6.0.1; Nexus 5X Build/MMB29P) AppleWebKit/537.36 (KHTML, like Gecko) Chrome/146.0.7680.153 Mobile Safari/537.36 (compatible; Googlebot/2.1; +http://www.google.com/bot.html)"
66.249.70.135 - - [31/Mar/2026:12:58:40 +0000] "GET /?p=7351 HTTP/1.1" 301 - "-" "Mozilla/5.0 (Linux; Android 6.0.1; Nexus 5X Build/MMB29P) AppleWebKit/537.36 (KHTML, like Gecko) Chrome/146.0.7680.153 Mobile Safari/537.36 (compatible; Googlebot/2.1; +http://www.google.com/bot.html)"
66.249.70.135 - - [31/Mar/2026:12:58:41 +0000] "GET /?view/item/75172686 HTTP/1.1" 301 - "-" "Mozilla/5.0 (Linux; Android 6.0.1; Nexus 5X Build/MMB29P) AppleWebKit/537.36 (KHTML, like Gecko) Chrome/146.0.7680.153 Mobile Safari/537.36 (compatible; GoogleOther)"
66.249.70.135 - - [31/Mar/2026:12:58:42 +0000] "GET /?p=1573 HTTP/1.1" 301 - "-" "Mozilla/5.0 (Linux; Android 6.0.1; Nexus 5X Build/MMB29P) AppleWebKit/537.36 (KHTML, like Gecko) Chrome/146.0.7680.153 Mobile Safari/537.36 (compatible; Googlebot/2.1; +http://www.google.com/bot.html)"
66.249.70.135 - - [31/Mar/2026:12:58:43 +0000] "GET /play-casino-pokies-machine-free-no-download/ HTTP/1.1" 200 33008 "-" "Mozilla/5.0 (Linux; Android 6.0.1; Nexus 5X Build/MMB29P) AppleWebKit/537.36 (KHTML, like Gecko) Chrome/146.0.7680.153 Mobile Safari/537.36 (compatible; Googlebot/2.1; +http://www.google.com/bot.html)"
66.249.70.135 - - [31/Mar/2026:12:58:44 +0000] "GET /?p=1991 HTTP/1.1" 301 - "-" "Mozilla/5.0 (Linux; Android 6.0.1; Nexus 5X Build/MMB29P) AppleWebKit/537.36 (KHTML, like Gecko) Chrome/146.0.7680.153 Mobile Safari/537.36 (compatible; Googlebot/2.1; +http://www.google.com/bot.html)"
66.249.70.135 - - [31/Mar/2026:12:58:44 +0000] "GET /free-game-best-australian-pokies-machine/ HTTP/1.1" 200 32996 "-" "Mozilla/5.0 (Linux; Android 6.0.1; Nexus 5X Build/MMB29P) AppleWebKit/537.36 (KHTML, like Gecko) Chrome/146.0.7680.153 Mobile Safari/537.36 (compatible; Googlebot/2.1; +http://www.google.com/bot.html)"
66.249.70.135 - - [31/Mar/2026:12:58:45 +0000] "GET /popular-pokies-for-fun/ HTTP/1.1" 200 32926 "-" "Mozilla/5.0 (Linux; Android 6.0.1; Nexus 5X Build/MMB29P) AppleWebKit/537.36 (KHTML, like Gecko) Chrome/146.0.7680.153 Mobile Safari/537.36 (compatible; Googlebot/2.1; +http://www.google.com/bot.html)"
66.249.70.135 - - [31/Mar/2026:12:58:46 +0000] "GET /?view%2Fitem%2F75172686 HTTP/1.1" 200 41804 "-" "Mozilla/5.0 (Linux; Android 6.0.1; Nexus 5X Build/MMB29P) AppleWebKit/537.36 (KHTML, like Gecko) Chrome/146.0.7680.153 Mobile Safari/537.36 (compatible; GoogleOther)"
216.73.216.53 - - [31/Mar/2026:12:58:49 +0000] "GET /wp-includes/class-wp-block-parser.php HTTP/1.1" 200 - "-" "Mozilla/5.0 AppleWebKit/537.36 (KHTML, like Gecko; compatible; ClaudeBot/1.0; +claudebot@anthropic.com)"
216.73.216.53 - - [31/Mar/2026:12:58:49 +0000] "GET /wp-includes/default-widgets.php HTTP/1.1" 200 2 "-" "Mozilla/5.0 AppleWebKit/537.36 (KHTML, like Gecko; compatible; ClaudeBot/1.0; +claudebot@anthropic.com)"
66.249.70.135 - - [31/Mar/2026:12:58:58 +0000] "GET /?view/item/70558848 HTTP/1.1" 301 - "-" "Mozilla/5.0 (Linux; Android 6.0.1; Nexus 5X Build/MMB29P) AppleWebKit/537.36 (KHTML, like Gecko) Chrome/146.0.7680.153 Mobile Safari/537.36 (compatible; GoogleOther)"
66.249.70.135 - - [31/Mar/2026:12:59:00 +0000] "GET /?view%2Fitem%2F70558848 HTTP/1.1" 200 41806 "-" "Mozilla/5.0 (Linux; Android 6.0.1; Nexus 5X Build/MMB29P) AppleWebKit/537.36 (KHTML, like Gecko) Chrome/146.0.7680.153 Mobile Safari/537.36 (compatible; GoogleOther)"
182.3.164.129 - - [31/Mar/2026:12:59:01 +0000] "GET /gallery/ HTTP/1.1" 200 603164 "https://www.google.com/" "Mozilla/5.0 (Linux; Android 10; K) AppleWebKit/537.36 (KHTML, like Gecko) Chrome/146.0.0.0 Mobile Safari/537.36"
66.249.70.135 - - [31/Mar/2026:12:59:18 +0000] "GET /?view/item/90340404 HTTP/1.1" 301 - "-" "Mozilla/5.0 (Linux; Android 6.0.1; Nexus 5X Build/MMB29P) AppleWebKit/537.36 (KHTML, like Gecko) Chrome/146.0.7680.153 Mobile Safari/537.36 (compatible; GoogleOther)"
66.249.70.135 - - [31/Mar/2026:12:59:21 +0000] "GET /?view%2Fitem%2F90340404 HTTP/1.1" 200 41804 "-" "Mozilla/5.0 (Linux; Android 6.0.1; Nexus 5X Build/MMB29P) AppleWebKit/537.36 (KHTML, like Gecko) Chrome/146.0.7680.153 Mobile Safari/537.36 (compatible; GoogleOther)"
114.10.149.31 - - [31/Mar/2026:12:59:26 +0000] "GET /gallery/ HTTP/1.1" 200 603164 "https://www.google.com/" "Mozilla/5.0 (Linux; Android 10; K) AppleWebKit/537.36 (KHTML, like Gecko) Chrome/146.0.0.0 Mobile Safari/537.36"
114.119.157.157 - - [31/Mar/2026:12:59:28 +0000] "GET /pokies-way-casino-reviews/ HTTP/1.1" 200 34076 "https://www.rosebankhosp.co.nz/middletown-au-casino/" "Mozilla/5.0 (Linux; Android 7.0;) AppleWebKit/537.36 (KHTML, like Gecko) Mobile Safari/537.36 (compatible; PetalBot;+https://webmaster.petalsearch.com/site/petalbot)"
114.10.149.31 - - [31/Mar/2026:12:59:31 +0000] "POST /cdn-cgi/rum? HTTP/1.1" 404 31502 "https://www.rosebankhosp.co.nz/gallery/" "Mozilla/5.0 (Linux; Android 10; K) AppleWebKit/537.36 (KHTML, like Gecko) Chrome/146.0.0.0 Mobile Safari/537.36"
66.249.70.135 - - [31/Mar/2026:12:59:43 +0000] "GET /?view/item/80676181 HTTP/1.1" 301 - "-" "Mozilla/5.0 (Linux; Android 6.0.1; Nexus 5X Build/MMB29P) AppleWebKit/537.36 (KHTML, like Gecko) Chrome/146.0.7680.153 Mobile Safari/537.36 (compatible; GoogleOther)"
66.249.70.135 - - [31/Mar/2026:12:59:46 +0000] "GET /?view%2Fitem%2F80676181 HTTP/1.1" 200 41804 "-" "Mozilla/5.0 (Linux; Android 6.0.1; Nexus 5X Build/MMB29P) AppleWebKit/537.36 (KHTML, like Gecko) Chrome/146.0.7680.153 Mobile Safari/537.36 (compatible; GoogleOther)"
17.22.253.106 - - [31/Mar/2026:12:59:47 +0000] "GET /wp-content/themes/elmswood/css/demo3.css HTTP/1.1" 404 31500 "https://www.rosebankhosp.co.nz/try-pokies-online-for-free-without-downloading/" "Mozilla/5.0 (Macintosh; Intel Mac OS X 10_15_7) AppleWebKit/605.1.15 (KHTML, like Gecko) Version/17.4 Safari/605.1.15 (Applebot/0.1; +http://www.apple.com/go/applebot)"
17.22.237.141 - - [31/Mar/2026:12:59:49 +0000] "GET /wp-content/themes/elmswood/genericons/genericons.css?ver=3.4.1 HTTP/1.1" 304 - "https://www.rosebankhosp.co.nz/try-pokies-online-for-free-without-downloading/" "Mozilla/5.0 (Macintosh; Intel Mac OS X 10_15_7) AppleWebKit/605.1.15 (KHTML, like Gecko) Version/17.4 Safari/605.1.15 (Applebot/0.1; +http://www.apple.com/go/applebot)"
17.22.237.153 - - [31/Mar/2026:12:59:50 +0000] "GET /wp-content/themes/elmswood/style.css?ver=6.9.4 HTTP/1.1" 304 - "https://www.rosebankhosp.co.nz/try-pokies-online-for-free-without-downloading/" "Mozilla/5.0 (Macintosh; Intel Mac OS X 10_15_7) AppleWebKit/605.1.15 (KHTML, like Gecko) Version/17.4 Safari/605.1.15 (Applebot/0.1; +http://www.apple.com/go/applebot)"
17.22.245.15 - - [31/Mar/2026:12:59:51 +0000] "GET /wp-content/themes/elmswood/css/normalize.css HTTP/1.1" 304 - "https://www.rosebankhosp.co.nz/try-pokies-online-for-free-without-downloading/" "Mozilla/5.0 (Macintosh; Intel Mac OS X 10_15_7) AppleWebKit/605.1.15 (KHTML, like Gecko) Version/17.4 Safari/605.1.15 (Applebot/0.1; +http://www.apple.com/go/applebot)"
17.22.245.58 - - [31/Mar/2026:12:59:53 +0000] "GET /wp-includes/js/jquery/jquery-migrate.min.js?ver=3.4.1 HTTP/1.1" 304 - "https://www.rosebankhosp.co.nz/try-pokies-online-for-free-without-downloading/" "Mozilla/5.0 (Macintosh; Intel Mac OS X 10_15_7) AppleWebKit/605.1.15 (KHTML, like Gecko) Version/17.4 Safari/605.1.15 (Applebot/0.1; +http://www.apple.com/go/applebot)"
17.22.245.186 - - [31/Mar/2026:12:59:54 +0000] "GET /wp-includes/js/jquery/jquery.min.js?ver=3.7.1 HTTP/1.1" 304 - "https://www.rosebankhosp.co.nz/try-pokies-online-for-free-without-downloading/" "Mozilla/5.0 (Macintosh; Intel Mac OS X 10_15_7) AppleWebKit/605.1.15 (KHTML, like Gecko) Version/17.4 Safari/605.1.15 (Applebot/0.1; +http://www.apple.com/go/applebot)"
17.22.245.74 - - [31/Mar/2026:12:59:55 +0000] "GET /wp-content/themes/elmswood/css/set1.css HTTP/1.1" 304 - "https://www.rosebankhosp.co.nz/try-pokies-online-for-free-without-downloading/" "Mozilla/5.0 (Macintosh; Intel Mac OS X 10_15_7) AppleWebKit/605.1.15 (KHTML, like Gecko) Version/17.4 Safari/605.1.15 (Applebot/0.1; +http://www.apple.com/go/applebot)"
17.22.237.141 - - [31/Mar/2026:12:59:56 +0000] "GET /css/meanmenu.css HTTP/1.1" 404 31500 "https://www.rosebankhosp.co.nz/try-pokies-online-for-free-without-downloading/" "Mozilla/5.0 (Macintosh; Intel Mac OS X 10_15_7) AppleWebKit/605.1.15 (KHTML, like Gecko) Version/17.4 Safari/605.1.15 (Applebot/0.1; +http://www.apple.com/go/applebot)"
17.22.237.125 - - [31/Mar/2026:12:59:58 +0000] "GET /wp-content/themes/elmswood/js/source/jquery.fancybox.css?v=2.1.5 HTTP/1.1" 304 - "https://www.rosebankhosp.co.nz/try-pokies-online-for-free-without-downloading/" "Mozilla/5.0 (Macintosh; Intel Mac OS X 10_15_7) AppleWebKit/605.1.15 (KHTML, like Gecko) Version/17.4 Safari/605.1.15 (Applebot/0.1; +http://www.apple.com/go/applebot)"
17.22.253.69 - - [31/Mar/2026:13:00:00 +0000] "GET /wp-content/themes/elmswood/js/jquery.fancybox.js HTTP/1.1" 304 - "https://www.rosebankhosp.co.nz/try-pokies-online-for-free-without-downloading/" "Mozilla/5.0 (Macintosh; Intel Mac OS X 10_15_7) AppleWebKit/605.1.15 (KHTML, like Gecko) Version/17.4 Safari/605.1.15 (Applebot/0.1; +http://www.apple.com/go/applebot)"
17.22.245.110 - - [31/Mar/2026:13:00:01 +0000] "GET /wp-includes/js/jquery/ui/core.min.js?ver=1.13.3 HTTP/1.1" 304 - "https://www.rosebankhosp.co.nz/try-pokies-online-for-free-without-downloading/" "Mozilla/5.0 (Macintosh; Intel Mac OS X 10_15_7) AppleWebKit/605.1.15 (KHTML, like Gecko) Version/17.4 Safari/605.1.15 (Applebot/0.1; +http://www.apple.com/go/applebot)"
17.22.245.186 - - [31/Mar/2026:13:00:02 +0000] "GET /wp-content/themes/elmswood/js/skip-link-focus-fix.js?ver=20160816 HTTP/1.1" 304 - "https://www.rosebankhosp.co.nz/try-pokies-online-for-free-without-downloading/" "Mozilla/5.0 (Macintosh; Intel Mac OS X 10_15_7) AppleWebKit/605.1.15 (KHTML, like Gecko) Version/17.4 Safari/605.1.15 (Applebot/0.1; +http://www.apple.com/go/applebot)"
66.249.70.135 - - [31/Mar/2026:13:00:02 +0000] "GET /?view/item/164424787 HTTP/1.1" 301 - "-" "Mozilla/5.0 (Linux; Android 6.0.1; Nexus 5X Build/MMB29P) AppleWebKit/537.36 (KHTML, like Gecko) Chrome/146.0.7680.153 Mobile Safari/537.36 (compatible; GoogleOther)"
17.22.245.58 - - [31/Mar/2026:13:00:03 +0000] "GET /wp-content/themes/elmswood/js/functions.js?ver=20160816 HTTP/1.1" 304 - "https://www.rosebankhosp.co.nz/try-pokies-online-for-free-without-downloading/" "Mozilla/5.0 (Macintosh; Intel Mac OS X 10_15_7) AppleWebKit/605.1.15 (KHTML, like Gecko) Version/17.4 Safari/605.1.15 (Applebot/0.1; +http://www.apple.com/go/applebot)"
66.249.70.135 - - [31/Mar/2026:13:00:05 +0000] "GET /?view%2Fitem%2F164424787 HTTP/1.1" 200 41802 "-" "Mozilla/5.0 (Linux; Android 6.0.1; Nexus 5X Build/MMB29P) AppleWebKit/537.36 (KHTML, like Gecko) Chrome/146.0.7680.153 Mobile Safari/537.36 (compatible; GoogleOther)"
17.22.245.243 - - [31/Mar/2026:13:00:05 +0000] "GET /wp-content/themes/elmswood/js/jquery.scrolly.min.js HTTP/1.1" 304 - "https://www.rosebankhosp.co.nz/try-pokies-online-for-free-without-downloading/" "Mozilla/5.0 (Macintosh; Intel Mac OS X 10_15_7) AppleWebKit/605.1.15 (KHTML, like Gecko) Version/17.4 Safari/605.1.15 (Applebot/0.1; +http://www.apple.com/go/applebot)"
17.22.253.110 - - [31/Mar/2026:13:00:07 +0000] "GET /wp-content/themes/elmswood/js/skel.min.js HTTP/1.1" 304 - "https://www.rosebankhosp.co.nz/try-pokies-online-for-free-without-downloading/" "Mozilla/5.0 (Macintosh; Intel Mac OS X 10_15_7) AppleWebKit/605.1.15 (KHTML, like Gecko) Version/17.4 Safari/605.1.15 (Applebot/0.1; +http://www.apple.com/go/applebot)"
17.22.253.101 - - [31/Mar/2026:13:00:08 +0000] "GET /wp-content/themes/elmswood/js/skel-viewport.min.js HTTP/1.1" 304 - "https://www.rosebankhosp.co.nz/try-pokies-online-for-free-without-downloading/" "Mozilla/5.0 (Macintosh; Intel Mac OS X 10_15_7) AppleWebKit/605.1.15 (KHTML, like Gecko) Version/17.4 Safari/605.1.15 (Applebot/0.1; +http://www.apple.com/go/applebot)"
17.22.245.186 - - [31/Mar/2026:13:00:09 +0000] "GET /wp-content/themes/elmswood/js/main.js HTTP/1.1" 304 - "https://www.rosebankhosp.co.nz/try-pokies-online-for-free-without-downloading/" "Mozilla/5.0 (Macintosh; Intel Mac OS X 10_15_7) AppleWebKit/605.1.15 (KHTML, like Gecko) Version/17.4 Safari/605.1.15 (Applebot/0.1; +http://www.apple.com/go/applebot)"
17.22.245.58 - - [31/Mar/2026:13:00:10 +0000] "GET /wp-content/themes/elmswood/js/custom.js HTTP/1.1" 304 - "https://www.rosebankhosp.co.nz/try-pokies-online-for-free-without-downloading/" "Mozilla/5.0 (Macintosh; Intel Mac OS X 10_15_7) AppleWebKit/605.1.15 (KHTML, like Gecko) Version/17.4 Safari/605.1.15 (Applebot/0.1; +http://www.apple.com/go/applebot)"
17.22.253.78 - - [31/Mar/2026:13:00:12 +0000] "GET /wp-content/themes/elmswood/js/util.js HTTP/1.1" 304 - "https://www.rosebankhosp.co.nz/try-pokies-online-for-free-without-downloading/" "Mozilla/5.0 (Macintosh; Intel Mac OS X 10_15_7) AppleWebKit/605.1.15 (KHTML, like Gecko) Version/17.4 Safari/605.1.15 (Applebot/0.1; +http://www.apple.com/go/applebot)"
17.22.245.243 - - [31/Mar/2026:13:00:13 +0000] "GET /wp-content/themes/elmswood/js/accordion.js HTTP/1.1" 304 - "https://www.rosebankhosp.co.nz/try-pokies-online-for-free-without-downloading/" "Mozilla/5.0 (Macintosh; Intel Mac OS X 10_15_7) AppleWebKit/605.1.15 (KHTML, like Gecko) Version/17.4 Safari/605.1.15 (Applebot/0.1; +http://www.apple.com/go/applebot)"
17.22.237.153 - - [31/Mar/2026:13:00:19 +0000] "GET /js/jquery.meanmenu.js HTTP/1.1" 404 31502 "https://www.rosebankhosp.co.nz/try-pokies-online-for-free-without-downloading/" "Mozilla/5.0 (Macintosh; Intel Mac OS X 10_15_7) AppleWebKit/605.1.15 (KHTML, like Gecko) Version/17.4 Safari/605.1.15 (Applebot/0.1; +http://www.apple.com/go/applebot)"
17.22.245.34 - - [31/Mar/2026:13:00:26 +0000] "GET /wp-includes/js/wp-emoji-release.min.js?ver=6.9.4 HTTP/1.1" 304 - "https://www.rosebankhosp.co.nz/try-pokies-online-for-free-without-downloading/" "Mozilla/5.0 (Macintosh; Intel Mac OS X 10_15_7) AppleWebKit/605.1.15 (KHTML, like Gecko) Version/17.4 Safari/605.1.15 (Applebot/0.1; +http://www.apple.com/go/applebot)"
66.249.70.135 - - [31/Mar/2026:13:00:26 +0000] "GET /?view/item/87988020 HTTP/1.1" 301 - "-" "Mozilla/5.0 (Linux; Android 6.0.1; Nexus 5X Build/MMB29P) AppleWebKit/537.36 (KHTML, like Gecko) Chrome/146.0.7680.153 Mobile Safari/537.36 (compatible; GoogleOther)"
114.119.136.51 - - [31/Mar/2026:13:00:27 +0000] "GET /pokies-in-australia-pay-real-money/ HTTP/1.1" 200 34114 "https://www.rosebankhosp.co.nz/does-new-zealand-have-pokies-and-keno/" "Mozilla/5.0 (Linux; Android 7.0;) AppleWebKit/537.36 (KHTML, like Gecko) Mobile Safari/537.36 (compatible; PetalBot;+https://webmaster.petalsearch.com/site/petalbot)"
66.249.70.135 - - [31/Mar/2026:13:00:30 +0000] "GET /?view%2Fitem%2F87988020 HTTP/1.1" 200 41804 "-" "Mozilla/5.0 (Linux; Android 6.0.1; Nexus 5X Build/MMB29P) AppleWebKit/537.36 (KHTML, like Gecko) Chrome/146.0.7680.153 Mobile Safari/537.36 (compatible; GoogleOther)"
165.99.239.62 - - [31/Mar/2026:13:00:33 +0000] "GET /gallery/ HTTP/1.1" 200 603164 "-" "Mozilla/5.0 (Linux; Android 12; itel P662L Build/SP1A.210812.001) AppleWebKit/537.36 (KHTML, like Gecko) Chrome/146.0.7680.164 Mobile Safari/537.36"
66.249.70.135 - - [31/Mar/2026:13:00:48 +0000] "GET /?view/item/78626000 HTTP/1.1" 301 - "-" "Mozilla/5.0 (Linux; Android 6.0.1; Nexus 5X Build/MMB29P) AppleWebKit/537.36 (KHTML, like Gecko) Chrome/146.0.7680.153 Mobile Safari/537.36 (compatible; GoogleOther)"
66.249.70.135 - - [31/Mar/2026:13:00:51 +0000] "GET /?view%2Fitem%2F78626000 HTTP/1.1" 200 41802 "-" "Mozilla/5.0 (Linux; Android 6.0.1; Nexus 5X Build/MMB29P) AppleWebKit/537.36 (KHTML, like Gecko) Chrome/146.0.7680.153 Mobile Safari/537.36 (compatible; GoogleOther)"
114.10.78.129 - - [31/Mar/2026:13:01:13 +0000] "GET /gallery/ HTTP/1.1" 200 603164 "https://www.google.com/" "Mozilla/5.0 (Linux; Android 10; K) AppleWebKit/537.36 (KHTML, like Gecko) Chrome/138.0.0.0 Mobile Safari/537.36"
114.10.78.129 - - [31/Mar/2026:13:01:19 +0000] "POST /cdn-cgi/rum? HTTP/1.1" 404 31500 "https://www.rosebankhosp.co.nz/gallery/" "Mozilla/5.0 (Linux; Android 10; K) AppleWebKit/537.36 (KHTML, like Gecko) Chrome/138.0.0.0 Mobile Safari/537.36"
114.10.78.129 - - [31/Mar/2026:13:01:23 +0000] "POST /cdn-cgi/rum? HTTP/1.1" 404 31500 "https://www.rosebankhosp.co.nz/gallery/" "Mozilla/5.0 (Linux; Android 10; K) AppleWebKit/537.36 (KHTML, like Gecko) Chrome/138.0.0.0 Mobile Safari/537.36"
66.249.70.136 - - [31/Mar/2026:13:01:29 +0000] "GET /?view/item/95522585 HTTP/1.1" 301 - "-" "Mozilla/5.0 (Linux; Android 6.0.1; Nexus 5X Build/MMB29P) AppleWebKit/537.36 (KHTML, like Gecko) Chrome/146.0.7680.153 Mobile Safari/537.36 (compatible; GoogleOther)"
216.73.216.53 - - [31/Mar/2026:13:01:31 +0000] "GET /wp-includes/cache-compat.php HTTP/1.1" 200 - "-" "Mozilla/5.0 AppleWebKit/537.36 (KHTML, like Gecko; compatible; ClaudeBot/1.0; +claudebot@anthropic.com)"
66.249.70.136 - - [31/Mar/2026:13:01:34 +0000] "GET /?view%2Fitem%2F95522585 HTTP/1.1" 200 41802 "-" "Mozilla/5.0 (Linux; Android 6.0.1; Nexus 5X Build/MMB29P) AppleWebKit/537.36 (KHTML, like Gecko) Chrome/146.0.7680.153 Mobile Safari/537.36 (compatible; GoogleOther)"
114.122.39.66 - - [31/Mar/2026:13:01:43 +0000] "GET /gallery/ HTTP/1.1" 200 603164 "https://www.google.com/" "Mozilla/5.0 (Linux; Android 10; K) AppleWebKit/537.36 (KHTML, like Gecko) Chrome/131.0.0.0 Mobile Safari/537.36"
114.119.157.157 - - [31/Mar/2026:13:01:57 +0000] "GET /pokies-gaming-company/ HTTP/1.1" 200 34060 "https://www.rosebankhosp.co.nz/victorious-pokies-in-australia-paypal/" "Mozilla/5.0 (Linux; Android 7.0;) AppleWebKit/537.36 (KHTML, like Gecko) Mobile Safari/537.36 (compatible; PetalBot;+https://webmaster.petalsearch.com/site/petalbot)"
66.249.70.137 - - [31/Mar/2026:13:02:01 +0000] "GET /free-play-popular-pokies-machines/ HTTP/1.1" 200 32970 "-" "Mozilla/5.0 (Linux; Android 6.0.1; Nexus 5X Build/MMB29P) AppleWebKit/537.36 (KHTML, like Gecko) Chrome/146.0.7680.153 Mobile Safari/537.36 (compatible; Googlebot/2.1; +http://www.google.com/bot.html)"
66.249.70.135 - - [31/Mar/2026:13:02:08 +0000] "GET /?view/item/100186959 HTTP/1.1" 301 - "-" "Mozilla/5.0 (Linux; Android 6.0.1; Nexus 5X Build/MMB29P) AppleWebKit/537.36 (KHTML, like Gecko) Chrome/146.0.7680.153 Mobile Safari/537.36 (compatible; GoogleOther)"
216.73.216.53 - - [31/Mar/2026:13:02:11 +0000] "GET /wp-includes/load.php HTTP/1.1" 200 - "-" "Mozilla/5.0 AppleWebKit/537.36 (KHTML, like Gecko; compatible; ClaudeBot/1.0; +claudebot@anthropic.com)"
216.73.216.53 - - [31/Mar/2026:13:02:11 +0000] "GET /wp-includes/date.php HTTP/1.1" 500 - "-" "Mozilla/5.0 AppleWebKit/537.36 (KHTML, like Gecko; compatible; ClaudeBot/1.0; +claudebot@anthropic.com)"
66.249.70.135 - - [31/Mar/2026:13:02:12 +0000] "GET /?view%2Fitem%2F100186959 HTTP/1.1" 200 41802 "-" "Mozilla/5.0 (Linux; Android 6.0.1; Nexus 5X Build/MMB29P) AppleWebKit/537.36 (KHTML, like Gecko) Chrome/146.0.7680.153 Mobile Safari/537.36 (compatible; GoogleOther)"
66.249.70.135 - - [31/Mar/2026:13:02:29 +0000] "GET /?view/item/102470606 HTTP/1.1" 301 - "-" "Mozilla/5.0 (Linux; Android 6.0.1; Nexus 5X Build/MMB29P) AppleWebKit/537.36 (KHTML, like Gecko) Chrome/146.0.7680.153 Mobile Safari/537.36 (compatible; GoogleOther)"
66.249.70.135 - - [31/Mar/2026:13:02:32 +0000] "GET /?view%2Fitem%2F102470606 HTTP/1.1" 200 41802 "-" "Mozilla/5.0 (Linux; Android 6.0.1; Nexus 5X Build/MMB29P) AppleWebKit/537.36 (KHTML, like Gecko) Chrome/146.0.7680.153 Mobile Safari/537.36 (compatible; GoogleOther)"
216.73.216.53 - - [31/Mar/2026:13:02:43 +0000] "GET /wp-includes/css/admin-bar.css HTTP/1.1" 200 24872 "-" "Mozilla/5.0 AppleWebKit/537.36 (KHTML, like Gecko; compatible; ClaudeBot/1.0; +claudebot@anthropic.com)"
216.73.216.53 - - [31/Mar/2026:13:02:43 +0000] "GET /wp-includes/theme-previews.php HTTP/1.1" 200 - "-" "Mozilla/5.0 AppleWebKit/537.36 (KHTML, like Gecko; compatible; ClaudeBot/1.0; +claudebot@anthropic.com)"
216.73.216.53 - - [31/Mar/2026:13:02:44 +0000] "GET /wp-includes/class-oembed.php HTTP/1.1" 500 - "-" "Mozilla/5.0 AppleWebKit/537.36 (KHTML, like Gecko; compatible; ClaudeBot/1.0; +claudebot@anthropic.com)"
216.73.216.53 - - [31/Mar/2026:13:02:44 +0000] "GET /wp-includes/theme-compat/comments.php HTTP/1.1" 500 - "-" "Mozilla/5.0 AppleWebKit/537.36 (KHTML, like Gecko; compatible; ClaudeBot/1.0; +claudebot@anthropic.com)"
216.73.216.53 - - [31/Mar/2026:13:02:45 +0000] "GET /wp-includes/style-engine/class-wp-style-engine-processor.php HTTP/1.1" 200 - "-" "Mozilla/5.0 AppleWebKit/537.36 (KHTML, like Gecko; compatible; ClaudeBot/1.0; +claudebot@anthropic.com)"
216.73.216.53 - - [31/Mar/2026:13:02:45 +0000] "GET /wp-includes/abilities-api/class-wp-ability.php HTTP/1.1" 200 - "-" "Mozilla/5.0 AppleWebKit/537.36 (KHTML, like Gecko; compatible; ClaudeBot/1.0; +claudebot@anthropic.com)"
216.73.216.53 - - [31/Mar/2026:13:02:46 +0000] "GET /wp-includes/class-wp-post.php HTTP/1.1" 200 - "-" "Mozilla/5.0 AppleWebKit/537.36 (KHTML, like Gecko; compatible; ClaudeBot/1.0; +claudebot@anthropic.com)"
216.73.216.53 - - [31/Mar/2026:13:02:46 +0000] "GET /wp-includes/class-wpdb.php HTTP/1.1" 200 - "-" "Mozilla/5.0 AppleWebKit/537.36 (KHTML, like Gecko; compatible; ClaudeBot/1.0; +claudebot@anthropic.com)"
216.73.216.53 - - [31/Mar/2026:13:02:47 +0000] "GET /wp-includes/blocks.php HTTP/1.1" 200 - "-" "Mozilla/5.0 AppleWebKit/537.36 (KHTML, like Gecko; compatible; ClaudeBot/1.0; +claudebot@anthropic.com)"
216.73.216.53 - - [31/Mar/2026:13:02:47 +0000] "GET /wp-includes/embed-template.php HTTP/1.1" 500 - "-" "Mozilla/5.0 AppleWebKit/537.36 (KHTML, like Gecko; compatible; ClaudeBot/1.0; +claudebot@anthropic.com)"
216.73.216.53 - - [31/Mar/2026:13:02:48 +0000] "GET /wp-includes/utf8.php HTTP/1.1" 500 - "-" "Mozilla/5.0 AppleWebKit/537.36 (KHTML, like Gecko; compatible; ClaudeBot/1.0; +claudebot@anthropic.com)"
182.2.185.145 - - [31/Mar/2026:13:02:48 +0000] "GET /gallery/ HTTP/1.1" 200 603164 "-" "Mozilla/5.0 (Linux; Android 14; itel A667LP Build/UP1A.231005.007) AppleWebKit/537.36 (KHTML, like Gecko) Chrome/146.0.7680.119 Mobile Safari/537.36"
216.73.216.53 - - [31/Mar/2026:13:02:48 +0000] "GET /wp-includes/IXR/class-IXR-error.php HTTP/1.1" 200 - "-" "Mozilla/5.0 AppleWebKit/537.36 (KHTML, like Gecko; compatible; ClaudeBot/1.0; +claudebot@anthropic.com)"
216.73.216.53 - - [31/Mar/2026:13:02:49 +0000] "GET /wp-includes/post.php HTTP/1.1" 200 - "-" "Mozilla/5.0 AppleWebKit/537.36 (KHTML, like Gecko; compatible; ClaudeBot/1.0; +claudebot@anthropic.com)"
216.73.216.53 - - [31/Mar/2026:13:02:49 +0000] "GET /wp-includes/class-wp.php HTTP/1.1" 200 - "-" "Mozilla/5.0 AppleWebKit/537.36 (KHTML, like Gecko; compatible; ClaudeBot/1.0; +claudebot@anthropic.com)"
216.73.216.53 - - [31/Mar/2026:13:02:50 +0000] "GET /wp-includes/class-wp-http-streams.php HTTP/1.1" 200 - "-" "Mozilla/5.0 AppleWebKit/537.36 (KHTML, like Gecko; compatible; ClaudeBot/1.0; +claudebot@anthropic.com)"
216.73.216.53 - - [31/Mar/2026:13:02:50 +0000] "GET /wp-includes/html-api HTTP/1.1" 301 260 "-" "Mozilla/5.0 AppleWebKit/537.36 (KHTML, like Gecko; compatible; ClaudeBot/1.0; +claudebot@anthropic.com)"
216.73.216.53 - - [31/Mar/2026:13:02:51 +0000] "GET /wp-includes/html-api/ HTTP/1.1" 200 3467 "https://www.rosebankhosp.co.nz/wp-includes/html-api" "Mozilla/5.0 AppleWebKit/537.36 (KHTML, like Gecko; compatible; ClaudeBot/1.0; +claudebot@anthropic.com)"
216.73.216.53 - - [31/Mar/2026:13:02:51 +0000] "GET /wp-includes/class-wp-embed.php HTTP/1.1" 200 - "-" "Mozilla/5.0 AppleWebKit/537.36 (KHTML, like Gecko; compatible; ClaudeBot/1.0; +claudebot@anthropic.com)"
216.73.216.53 - - [31/Mar/2026:13:02:51 +0000] "GET /wp-includes/css/wp-pointer-rtl.min.css HTTP/1.1" 200 3257 "-" "Mozilla/5.0 AppleWebKit/537.36 (KHTML, like Gecko; compatible; ClaudeBot/1.0; +claudebot@anthropic.com)"
66.249.70.135 - - [31/Mar/2026:13:02:51 +0000] "GET /?view/item/121637555 HTTP/1.1" 301 - "-" "Mozilla/5.0 (Linux; Android 6.0.1; Nexus 5X Build/MMB29P) AppleWebKit/537.36 (KHTML, like Gecko) Chrome/146.0.7680.153 Mobile Safari/537.36 (compatible; GoogleOther)"
216.73.216.53 - - [31/Mar/2026:13:02:52 +0000] "GET /wp-includes/template.php HTTP/1.1" 200 - "-" "Mozilla/5.0 AppleWebKit/537.36 (KHTML, like Gecko; compatible; ClaudeBot/1.0; +claudebot@anthropic.com)"
216.73.216.53 - - [31/Mar/2026:13:02:53 +0000] "GET /wp-includes/css/editor.min.css HTTP/1.1" 200 27487 "-" "Mozilla/5.0 AppleWebKit/537.36 (KHTML, like Gecko; compatible; ClaudeBot/1.0; +claudebot@anthropic.com)"
103.156.164.53 - - [31/Mar/2026:13:02:53 +0000] "GET /gallery/ HTTP/1.1" 200 603164 "https://www.google.com/" "Mozilla/5.0 (Linux; Android 10; K) AppleWebKit/537.36 (KHTML, like Gecko) Chrome/138.0.0.0 Mobile Safari/537.36"
216.73.216.53 - - [31/Mar/2026:13:02:52 +0000] "GET /wp-admin/import.php HTTP/1.1" 302 - "-" "Mozilla/5.0 AppleWebKit/537.36 (KHTML, like Gecko; compatible; ClaudeBot/1.0; +claudebot@anthropic.com)"
216.73.216.53 - - [31/Mar/2026:13:02:53 +0000] "GET /wp-includes/css/wp-pointer-rtl.css HTTP/1.1" 200 4084 "-" "Mozilla/5.0 AppleWebKit/537.36 (KHTML, like Gecko; compatible; ClaudeBot/1.0; +claudebot@anthropic.com)"
216.73.216.53 - - [31/Mar/2026:13:02:53 +0000] "GET /wp-login.php?redirect_to=https%3A%2F%2Fwww.rosebankhosp.co.nz%2Fwp-admin%2Fimport.php&reauth=1 HTTP/1.1" 200 10368 "https://www.rosebankhosp.co.nz/wp-admin/import.php" "Mozilla/5.0 AppleWebKit/537.36 (KHTML, like Gecko; compatible; ClaudeBot/1.0; +claudebot@anthropic.com)"
216.73.216.53 - - [31/Mar/2026:13:02:54 +0000] "GET /wp-includes/css/wp-pointer.min.css HTTP/1.1" 200 3252 "-" "Mozilla/5.0 AppleWebKit/537.36 (KHTML, like Gecko; compatible; ClaudeBot/1.0; +claudebot@anthropic.com)"
66.249.70.135 - - [31/Mar/2026:13:02:53 +0000] "GET /?view%2Fitem%2F121637555 HTTP/1.1" 200 41800 "-" "Mozilla/5.0 (Linux; Android 6.0.1; Nexus 5X Build/MMB29P) AppleWebKit/537.36 (KHTML, like Gecko) Chrome/146.0.7680.153 Mobile Safari/537.36 (compatible; GoogleOther)"
216.73.216.53 - - [31/Mar/2026:13:02:54 +0000] "GET /wp-includes/css/editor.css HTTP/1.1" 200 33623 "-" "Mozilla/5.0 AppleWebKit/537.36 (KHTML, like Gecko; compatible; ClaudeBot/1.0; +claudebot@anthropic.com)"
216.73.216.53 - - [31/Mar/2026:13:02:55 +0000] "GET /wp-includes/css/wp-pointer.css HTTP/1.1" 200 4044 "-" "Mozilla/5.0 AppleWebKit/537.36 (KHTML, like Gecko; compatible; ClaudeBot/1.0; +claudebot@anthropic.com)"
66.249.70.136 - - [31/Mar/2026:13:03:05 +0000] "GET /?p=3538 HTTP/1.1" 301 - "-" "Mozilla/5.0 (Linux; Android 6.0.1; Nexus 5X Build/MMB29P) AppleWebKit/537.36 (KHTML, like Gecko) Chrome/146.0.7680.153 Mobile Safari/537.36 (compatible; Googlebot/2.1; +http://www.google.com/bot.html)"
66.249.70.136 - - [31/Mar/2026:13:03:05 +0000] "GET /tax-free-pokies-machines-free/ HTTP/1.1" 200 32954 "-" "Mozilla/5.0 (Linux; Android 6.0.1; Nexus 5X Build/MMB29P) AppleWebKit/537.36 (KHTML, like Gecko) Chrome/146.0.7680.153 Mobile Safari/537.36 (compatible; Googlebot/2.1; +http://www.google.com/bot.html)"
216.73.216.53 - - [31/Mar/2026:13:03:10 +0000] "GET /wp-includes/widgets/class-wp-widget-tag-cloud.php HTTP/1.1" 500 - "-" "Mozilla/5.0 AppleWebKit/537.36 (KHTML, like Gecko; compatible; ClaudeBot/1.0; +claudebot@anthropic.com)"
216.73.216.53 - - [31/Mar/2026:13:03:10 +0000] "GET /wp-includes/class-pop3.php HTTP/1.1" 200 - "-" "Mozilla/5.0 AppleWebKit/537.36 (KHTML, like Gecko; compatible; ClaudeBot/1.0; +claudebot@anthropic.com)"
216.73.216.53 - - [31/Mar/2026:13:03:10 +0000] "GET /wp-includes/Requests HTTP/1.1" 301 260 "-" "Mozilla/5.0 AppleWebKit/537.36 (KHTML, like Gecko; compatible; ClaudeBot/1.0; +claudebot@anthropic.com)"
216.73.216.53 - - [31/Mar/2026:13:03:10 +0000] "GET /wp-includes/Requests/ HTTP/1.1" 200 990 "https://www.rosebankhosp.co.nz/wp-includes/Requests" "Mozilla/5.0 AppleWebKit/537.36 (KHTML, like Gecko; compatible; ClaudeBot/1.0; +claudebot@anthropic.com)"
216.73.216.53 - - [31/Mar/2026:13:03:10 +0000] "GET /wp-admin/css/login.min.css HTTP/1.1" 200 6381 "-" "Mozilla/5.0 AppleWebKit/537.36 (KHTML, like Gecko; compatible; ClaudeBot/1.0; +claudebot@anthropic.com)"
216.73.216.53 - - [31/Mar/2026:13:03:11 +0000] "GET /wp-includes/class-wp-block-patterns-registry.php HTTP/1.1" 200 - "-" "Mozilla/5.0 AppleWebKit/537.36 (KHTML, like Gecko; compatible; ClaudeBot/1.0; +claudebot@anthropic.com)"
216.73.216.53 - - [31/Mar/2026:13:03:11 +0000] "GET /wp-includes/css/dashicons.css HTTP/1.1" 200 62346 "-" "Mozilla/5.0 AppleWebKit/537.36 (KHTML, like Gecko; compatible; ClaudeBot/1.0; +claudebot@anthropic.com)"
216.73.216.53 - - [31/Mar/2026:13:03:12 +0000] "GET /wp-includes/fonts.php HTTP/1.1" 200 - "-" "Mozilla/5.0 AppleWebKit/537.36 (KHTML, like Gecko; compatible; ClaudeBot/1.0; +claudebot@anthropic.com)"
216.73.216.53 - - [31/Mar/2026:13:03:12 +0000] "GET /wp-includes/rest-api HTTP/1.1" 301 260 "-" "Mozilla/5.0 AppleWebKit/537.36 (KHTML, like Gecko; compatible; ClaudeBot/1.0; +claudebot@anthropic.com)"
216.73.216.53 - - [31/Mar/2026:13:03:13 +0000] "GET /wp-includes/rest-api/ HTTP/1.1" 200 1758 "https://www.rosebankhosp.co.nz/wp-includes/rest-api" "Mozilla/5.0 AppleWebKit/537.36 (KHTML, like Gecko; compatible; ClaudeBot/1.0; +claudebot@anthropic.com)"
216.73.216.53 - - [31/Mar/2026:13:03:13 +0000] "GET /wp-includes/class-wp-http-ixr-client.php HTTP/1.1" 500 - "-" "Mozilla/5.0 AppleWebKit/537.36 (KHTML, like Gecko; compatible; ClaudeBot/1.0; +claudebot@anthropic.com)"
66.249.70.135 - - [31/Mar/2026:13:03:13 +0000] "GET /?view/item/128220040 HTTP/1.1" 301 - "-" "Mozilla/5.0 (Linux; Android 6.0.1; Nexus 5X Build/MMB29P) AppleWebKit/537.36 (KHTML, like Gecko) Chrome/146.0.7680.153 Mobile Safari/537.36 (compatible; GoogleOther)"
216.73.216.53 - - [31/Mar/2026:13:03:13 +0000] "GET /wp-includes/class-wp-feed-cache-transient.php HTTP/1.1" 500 - "-" "Mozilla/5.0 AppleWebKit/537.36 (KHTML, like Gecko; compatible; ClaudeBot/1.0; +claudebot@anthropic.com)"
216.73.216.53 - - [31/Mar/2026:13:03:14 +0000] "GET /wp-includes/class-walker-nav-menu.php HTTP/1.1" 500 - "-" "Mozilla/5.0 AppleWebKit/537.36 (KHTML, like Gecko; compatible; ClaudeBot/1.0; +claudebot@anthropic.com)"
216.73.216.53 - - [31/Mar/2026:13:03:14 +0000] "GET /wp-includes/style-engine/class-wp-style-engine.php HTTP/1.1" 200 - "-" "Mozilla/5.0 AppleWebKit/537.36 (KHTML, like Gecko; compatible; ClaudeBot/1.0; +claudebot@anthropic.com)"
216.73.216.53 - - [31/Mar/2026:13:03:15 +0000] "GET /wp-includes/js/shortcode.min.js HTTP/1.1" 200 2643 "-" "Mozilla/5.0 AppleWebKit/537.36 (KHTML, like Gecko; compatible; ClaudeBot/1.0; +claudebot@anthropic.com)"
114.119.157.157 - - [31/Mar/2026:13:03:15 +0000] "GET /play-pokies-online-now/ HTTP/1.1" 200 34064 "https://www.rosebankhosp.co.nz/wp-sitemap-posts-post-7.xml" "Mozilla/5.0 (Linux; Android 7.0;) AppleWebKit/537.36 (KHTML, like Gecko) Mobile Safari/537.36 (compatible; PetalBot;+https://webmaster.petalsearch.com/site/petalbot)"
216.73.216.53 - - [31/Mar/2026:13:03:15 +0000] "GET /wp-includes/abilities-api/class-wp-ability-category.php HTTP/1.1" 200 - "-" "Mozilla/5.0 AppleWebKit/537.36 (KHTML, like Gecko; compatible; ClaudeBot/1.0; +claudebot@anthropic.com)"
66.249.70.135 - - [31/Mar/2026:13:03:15 +0000] "GET /?view%2Fitem%2F128220040 HTTP/1.1" 200 41800 "-" "Mozilla/5.0 (Linux; Android 6.0.1; Nexus 5X Build/MMB29P) AppleWebKit/537.36 (KHTML, like Gecko) Chrome/146.0.7680.153 Mobile Safari/537.36 (compatible; GoogleOther)"
216.73.216.53 - - [31/Mar/2026:13:03:16 +0000] "GET /wp-includes/style-engine/class-wp-style-engine-css-rules-store.php HTTP/1.1" 200 - "-" "Mozilla/5.0 AppleWebKit/537.36 (KHTML, like Gecko; compatible; ClaudeBot/1.0; +claudebot@anthropic.com)"
216.73.216.53 - - [31/Mar/2026:13:03:16 +0000] "GET /wp-includes/ms-default-constants.php HTTP/1.1" 200 - "-" "Mozilla/5.0 AppleWebKit/537.36 (KHTML, like Gecko; compatible; ClaudeBot/1.0; +claudebot@anthropic.com)"
216.73.216.53 - - [31/Mar/2026:13:03:17 +0000] "GET /wp-includes/css/customize-preview-rtl.css HTTP/1.1" 200 3669 "-" "Mozilla/5.0 AppleWebKit/537.36 (KHTML, like Gecko; compatible; ClaudeBot/1.0; +claudebot@anthropic.com)"
103.156.164.53 - - [31/Mar/2026:13:03:17 +0000] "POST /cdn-cgi/rum? HTTP/1.1" 404 31500 "https://www.rosebankhosp.co.nz/gallery/" "Mozilla/5.0 (Linux; Android 10; K) AppleWebKit/537.36 (KHTML, like Gecko) Chrome/138.0.0.0 Mobile Safari/537.36"
216.73.216.53 - - [31/Mar/2026:13:03:17 +0000] "GET /wp-includes/js/underscore.js HTTP/1.1" 200 68735 "-" "Mozilla/5.0 AppleWebKit/537.36 (KHTML, like Gecko; compatible; ClaudeBot/1.0; +claudebot@anthropic.com)"
216.73.216.53 - - [31/Mar/2026:13:03:18 +0000] "GET /wp-includes/bookmark-template.php HTTP/1.1" 200 - "-" "Mozilla/5.0 AppleWebKit/537.36 (KHTML, like Gecko; compatible; ClaudeBot/1.0; +claudebot@anthropic.com)"
216.73.216.53 - - [31/Mar/2026:13:03:18 +0000] "GET /wp-includes/class-wp-simplepie-file.php HTTP/1.1" 500 - "-" "Mozilla/5.0 AppleWebKit/537.36 (KHTML, like Gecko; compatible; ClaudeBot/1.0; +claudebot@anthropic.com)"
216.73.216.53 - - [31/Mar/2026:13:03:19 +0000] "GET /wp-includes/class-wp-rewrite.php HTTP/1.1" 200 - "-" "Mozilla/5.0 AppleWebKit/537.36 (KHTML, like Gecko; compatible; ClaudeBot/1.0; +claudebot@anthropic.com)"
216.73.216.53 - - [31/Mar/2026:13:03:19 +0000] "GET /wp-includes/class-wp-role.php HTTP/1.1" 200 - "-" "Mozilla/5.0 AppleWebKit/537.36 (KHTML, like Gecko; compatible; ClaudeBot/1.0; +claudebot@anthropic.com)"
216.73.216.53 - - [31/Mar/2026:13:03:20 +0000] "GET /wp-includes/class-wp-url-pattern-prefixer.php HTTP/1.1" 200 - "-" "Mozilla/5.0 AppleWebKit/537.36 (KHTML, like Gecko; compatible; ClaudeBot/1.0; +claudebot@anthropic.com)"
216.73.216.53 - - [31/Mar/2026:13:03:20 +0000] "GET /wp-includes/js/wp-pointer.min.js HTTP/1.1" 200 3621 "-" "Mozilla/5.0 AppleWebKit/537.36 (KHTML, like Gecko; compatible; ClaudeBot/1.0; +claudebot@anthropic.com)"
216.73.216.53 - - [31/Mar/2026:13:03:21 +0000] "GET /wp-includes/general-template.php HTTP/1.1" 200 - "-" "Mozilla/5.0 AppleWebKit/537.36 (KHTML, like Gecko; compatible; ClaudeBot/1.0; +claudebot@anthropic.com)"
66.249.70.135 - - [31/Mar/2026:13:03:28 +0000] "GET /200-free-spins-no-deposit-australia/ HTTP/1.1" 200 32978 "-" "Mozilla/5.0 (Linux; Android 6.0.1; Nexus 5X Build/MMB29P) AppleWebKit/537.36 (KHTML, like Gecko) Chrome/146.0.7680.153 Mobile Safari/537.36 (compatible; Googlebot/2.1; +http://www.google.com/bot.html)"
66.249.70.135 - - [31/Mar/2026:13:03:34 +0000] "GET /?view/item/78726565 HTTP/1.1" 301 - "-" "Mozilla/5.0 (Linux; Android 6.0.1; Nexus 5X Build/MMB29P) AppleWebKit/537.36 (KHTML, like Gecko) Chrome/146.0.7680.153 Mobile Safari/537.36 (compatible; GoogleOther)"
66.249.70.135 - - [31/Mar/2026:13:03:36 +0000] "GET /?view%2Fitem%2F78726565 HTTP/1.1" 200 41800 "-" "Mozilla/5.0 (Linux; Android 6.0.1; Nexus 5X Build/MMB29P) AppleWebKit/537.36 (KHTML, like Gecko) Chrome/146.0.7680.153 Mobile Safari/537.36 (compatible; GoogleOther)"
66.249.70.135 - - [31/Mar/2026:13:03:38 +0000] "GET /?p=4738 HTTP/1.1" 301 - "-" "Mozilla/5.0 (Linux; Android 6.0.1; Nexus 5X Build/MMB29P) AppleWebKit/537.36 (KHTML, like Gecko) Chrome/146.0.7680.153 Mobile Safari/537.36 (compatible; Googlebot/2.1; +http://www.google.com/bot.html)"
66.249.70.135 - - [31/Mar/2026:13:03:39 +0000] "GET /best-new-zealand-no-deposit-casino-bonus/ HTTP/1.1" 200 32996 "-" "Mozilla/5.0 (Linux; Android 6.0.1; Nexus 5X Build/MMB29P) AppleWebKit/537.36 (KHTML, like Gecko) Chrome/146.0.7680.153 Mobile Safari/537.36 (compatible; Googlebot/2.1; +http://www.google.com/bot.html)"
66.249.70.135 - - [31/Mar/2026:13:03:43 +0000] "GET /?p=2624 HTTP/1.1" 301 - "-" "Mozilla/5.0 (Linux; Android 6.0.1; Nexus 5X Build/MMB29P) AppleWebKit/537.36 (KHTML, like Gecko) Chrome/146.0.7680.153 Mobile Safari/537.36 (compatible; Googlebot/2.1; +http://www.google.com/bot.html)"
66.249.70.135 - - [31/Mar/2026:13:03:44 +0000] "GET /live-pokies-real-money-ipad/ HTTP/1.1" 200 32942 "-" "Mozilla/5.0 (Linux; Android 6.0.1; Nexus 5X Build/MMB29P) AppleWebKit/537.36 (KHTML, like Gecko) Chrome/146.0.7680.153 Mobile Safari/537.36 (compatible; Googlebot/2.1; +http://www.google.com/bot.html)"
66.249.70.135 - - [31/Mar/2026:13:03:52 +0000] "GET /?p=5500 HTTP/1.1" 301 - "-" "Mozilla/5.0 (Linux; Android 6.0.1; Nexus 5X Build/MMB29P) AppleWebKit/537.36 (KHTML, like Gecko) Chrome/146.0.7680.153 Mobile Safari/537.36 (compatible; Googlebot/2.1; +http://www.google.com/bot.html)"
66.249.70.135 - - [31/Mar/2026:13:03:53 +0000] "GET /au-super-casino/ HTTP/1.1" 200 32898 "-" "Mozilla/5.0 (Linux; Android 6.0.1; Nexus 5X Build/MMB29P) AppleWebKit/537.36 (KHTML, like Gecko) Chrome/146.0.7680.153 Mobile Safari/537.36 (compatible; Googlebot/2.1; +http://www.google.com/bot.html)"
