157.55.39.59 - - [31/Mar/2026:22:18:34 +0000] "GET /?p=4624 HTTP/1.1" 404 - "-" "Mozilla/5.0 AppleWebKit/537.36 (KHTML, like Gecko; compatible; bingbot/2.0; +http://www.bing.com/bingbot.htm) Chrome/116.0.1938.76 Safari/537.36"
192.178.8.105 - - [31/Mar/2026:22:19:06 +0000] "GET /.well-known/traffic-advice HTTP/1.1" 404 - "-" "Chrome Privacy Preserving Prefetch Proxy"
72.14.201.165 - - [31/Mar/2026:22:19:07 +0000] "GET / HTTP/1.1" 404 - "https://www.google.com/" "Mozilla/5.0 (Linux; Android 10; K) AppleWebKit/537.36 (KHTML, like Gecko) Chrome/144.0.0.0 Mobile Safari/537.36"
185.130.46.194 - - [31/Mar/2026:22:19:10 +0000] "GET /wp-content/plugins/king-addons/includes/widgets/Login_Register_Form/script.js HTTP/1.1" 404 - "-" "Mozilla/5.0"
157.55.39.59 - - [31/Mar/2026:22:19:13 +0000] "GET /?p=1491 HTTP/1.1" 404 - "-" "Mozilla/5.0 AppleWebKit/537.36 (KHTML, like Gecko; compatible; bingbot/2.0; +http://www.bing.com/bingbot.htm) Chrome/116.0.1938.76 Safari/537.36"
17.22.253.227 - - [31/Mar/2026:22:19:13 +0000] "GET /?p=11713 HTTP/1.1" 404 - "-" "Mozilla/5.0 (Macintosh; Intel Mac OS X 10_15_7) AppleWebKit/605.1.15 (KHTML, like Gecko) Version/17.4 Safari/605.1.15 (Applebot/0.1; +http://www.apple.com/go/applebot)"
188.72.40.176 - - [31/Mar/2026:22:20:29 +0000] "GET /gambling-pokies-no-wager/ HTTP/1.1" 404 - "https://rosebanklifecare.co.nz/?p=9206" "Mozilla/5.0 (Linux; Android 8.0.0; SM-G955U Build/R16NW) AppleWebKit/537.36 (KHTML, like Gecko) Chrome/72.0.4338.44 Mobile Safari/537.36"
66.249.70.4 - - [31/Mar/2026:22:21:42 +0000] "GET /pokies-with-bonus-deposit-5/ HTTP/1.1" 404 - "-" "Mozilla/5.0 (Linux; Android 6.0.1; Nexus 5X Build/MMB29P) AppleWebKit/537.36 (KHTML, like Gecko) Chrome/146.0.7680.164 Mobile Safari/537.36 (compatible; Googlebot/2.1; +http://www.google.com/bot.html)"
162.120.184.57 - - [31/Mar/2026:22:23:06 +0000] "GET / HTTP/1.1" 404 - "https://www.google.com/" "Mozilla/5.0 (Windows NT 10.0; Win64; x64) AppleWebKit/537.36 (KHTML, like Gecko) Chrome/146.0.0.0 Safari/537.36"
139.80.239.161 - - [31/Mar/2026:22:23:06 +0000] "GET / HTTP/1.1" 404 - "https://www.google.com/" "Mozilla/5.0 (Windows NT 10.0; Win64; x64) AppleWebKit/537.36 (KHTML, like Gecko) Chrome/146.0.0.0 Safari/537.36"
17.246.19.236 - - [31/Mar/2026:22:23:12 +0000] "GET /?p=1695 HTTP/1.1" 404 - "-" "Mozilla/5.0 (Macintosh; Intel Mac OS X 10_15_7) AppleWebKit/605.1.15 (KHTML, like Gecko) Version/17.4 Safari/605.1.15 (Applebot/0.1; +http://www.apple.com/go/applebot)"
66.249.70.3 - - [31/Mar/2026:22:23:55 +0000] "GET /best-no-deposit-bonus-online-pokies/ HTTP/1.1" 404 - "-" "Mozilla/5.0 (Linux; Android 6.0.1; Nexus 5X Build/MMB29P) AppleWebKit/537.36 (KHTML, like Gecko) Chrome/146.0.7680.164 Mobile Safari/537.36 (compatible; Googlebot/2.1; +http://www.google.com/bot.html)"
17.22.253.70 - - [31/Mar/2026:22:25:48 +0000] "GET /?p=5634 HTTP/1.1" 404 - "-" "Mozilla/5.0 (Macintosh; Intel Mac OS X 10_15_7) AppleWebKit/605.1.15 (KHTML, like Gecko) Version/17.4 Safari/605.1.15 (Applebot/0.1; +http://www.apple.com/go/applebot)"
66.249.70.2 - - [31/Mar/2026:22:26:48 +0000] "GET /?view/item/125045777 HTTP/1.1" 404 - "-" "Mozilla/5.0 (Linux; Android 6.0.1; Nexus 5X Build/MMB29P) AppleWebKit/537.36 (KHTML, like Gecko) Chrome/146.0.7680.164 Mobile Safari/537.36 (compatible; Googlebot/2.1; +http://www.google.com/bot.html)"
17.246.15.187 - - [31/Mar/2026:22:27:09 +0000] "GET /?p=10599 HTTP/1.1" 404 - "-" "Mozilla/5.0 (Macintosh; Intel Mac OS X 10_15_7) AppleWebKit/605.1.15 (KHTML, like Gecko) Version/17.4 Safari/605.1.15 (Applebot/0.1; +http://www.apple.com/go/applebot)"
17.246.19.38 - - [31/Mar/2026:22:27:11 +0000] "GET /?p=14860 HTTP/1.1" 404 - "-" "Mozilla/5.0 (Macintosh; Intel Mac OS X 10_15_7) AppleWebKit/605.1.15 (KHTML, like Gecko) Version/17.4 Safari/605.1.15 (Applebot/0.1; +http://www.apple.com/go/applebot)"
66.249.70.4 - - [31/Mar/2026:22:27:43 +0000] "GET /new-online-casinos-australia/ HTTP/1.1" 404 - "-" "Mozilla/5.0 (Linux; Android 6.0.1; Nexus 5X Build/MMB29P) AppleWebKit/537.36 (KHTML, like Gecko) Chrome/146.0.7680.164 Mobile Safari/537.36 (compatible; Googlebot/2.1; +http://www.google.com/bot.html)"
66.249.70.3 - - [31/Mar/2026:22:27:47 +0000] "GET /pokies-return-rate/ HTTP/1.1" 404 - "-" "Mozilla/5.0 (Linux; Android 6.0.1; Nexus 5X Build/MMB29P) AppleWebKit/537.36 (KHTML, like Gecko) Chrome/146.0.7680.164 Mobile Safari/537.36 (compatible; Googlebot/2.1; +http://www.google.com/bot.html)"
66.249.70.2 - - [31/Mar/2026:22:27:59 +0000] "GET /free-pokies-for-mobile/ HTTP/1.1" 404 - "-" "Mozilla/5.0 (Linux; Android 6.0.1; Nexus 5X Build/MMB29P) AppleWebKit/537.36 (KHTML, like Gecko) Chrome/146.0.7680.164 Mobile Safari/537.36 (compatible; Googlebot/2.1; +http://www.google.com/bot.html)"
14.133.71.7 - - [31/Mar/2026:22:28:01 +0000] "GET /?p=8024 HTTP/1.1" 404 - "https://www.google.com/" "Mozilla/5.0 (Linux; Android 10; K) AppleWebKit/537.36 (KHTML, like Gecko) Chrome/146.0.0.0 Mobile Safari/537.36"
14.133.71.7 - - [31/Mar/2026:22:28:02 +0000] "GET /favicon.ico HTTP/1.1" 404 - "https://rosebanklifecare.co.nz/?p=8024" "Mozilla/5.0 (Linux; Android 10; K) AppleWebKit/537.36 (KHTML, like Gecko) Chrome/146.0.0.0 Mobile Safari/537.36"
14.133.71.7 - - [31/Mar/2026:22:28:09 +0000] "GET /?p=8024 HTTP/1.1" 404 - "https://www.google.com/" "Mozilla/5.0 (Linux; Android 10; K) AppleWebKit/537.36 (KHTML, like Gecko) Chrome/146.0.0.0 Mobile Safari/537.36"
14.133.71.7 - - [31/Mar/2026:22:28:09 +0000] "GET /favicon.ico HTTP/1.1" 404 - "https://rosebanklifecare.co.nz/?p=8024" "Mozilla/5.0 (Linux; Android 10; K) AppleWebKit/537.36 (KHTML, like Gecko) Chrome/146.0.0.0 Mobile Safari/537.36"
14.133.71.7 - - [31/Mar/2026:22:28:15 +0000] "GET /?p=8024 HTTP/1.1" 404 - "https://www.google.com/" "Mozilla/5.0 (Linux; Android 10; K) AppleWebKit/537.36 (KHTML, like Gecko) Chrome/146.0.0.0 Mobile Safari/537.36"
17.246.15.24 - - [31/Mar/2026:22:28:16 +0000] "GET /?p=3367 HTTP/1.1" 404 - "-" "Mozilla/5.0 (Macintosh; Intel Mac OS X 10_15_7) AppleWebKit/605.1.15 (KHTML, like Gecko) Version/17.4 Safari/605.1.15 (Applebot/0.1; +http://www.apple.com/go/applebot)"
14.133.71.7 - - [31/Mar/2026:22:28:16 +0000] "GET /favicon.ico HTTP/1.1" 404 - "https://rosebanklifecare.co.nz/?p=8024" "Mozilla/5.0 (Linux; Android 10; K) AppleWebKit/537.36 (KHTML, like Gecko) Chrome/146.0.0.0 Mobile Safari/537.36"
66.249.70.2 - - [31/Mar/2026:22:28:36 +0000] "GET /new-zealand-online-pokies-minimum-10-deposit/ HTTP/1.1" 404 - "-" "Mozilla/5.0 (Linux; Android 6.0.1; Nexus 5X Build/MMB29P) AppleWebKit/537.36 (KHTML, like Gecko) Chrome/146.0.7680.164 Mobile Safari/537.36 (compatible; Googlebot/2.1; +http://www.google.com/bot.html)"
66.249.70.2 - - [31/Mar/2026:22:28:55 +0000] "GET /where-can-i-play-winning-pokies/ HTTP/1.1" 404 - "-" "Mozilla/5.0 (Linux; Android 6.0.1; Nexus 5X Build/MMB29P) AppleWebKit/537.36 (KHTML, like Gecko) Chrome/146.0.7680.164 Mobile Safari/537.36 (compatible; Googlebot/2.1; +http://www.google.com/bot.html)"
66.249.70.3 - - [31/Mar/2026:22:29:11 +0000] "GET /is-it-legal-to-play-no-registration-pokies/ HTTP/1.1" 404 - "-" "Mozilla/5.0 (Linux; Android 6.0.1; Nexus 5X Build/MMB29P) AppleWebKit/537.36 (KHTML, like Gecko) Chrome/146.0.7680.164 Mobile Safari/537.36 (compatible; Googlebot/2.1; +http://www.google.com/bot.html)"
17.22.245.241 - - [31/Mar/2026:22:29:26 +0000] "GET /?p=16180 HTTP/1.1" 404 - "-" "Mozilla/5.0 (Macintosh; Intel Mac OS X 10_15_7) AppleWebKit/605.1.15 (KHTML, like Gecko) Version/17.4 Safari/605.1.15 (Applebot/0.1; +http://www.apple.com/go/applebot)"
66.249.70.3 - - [31/Mar/2026:22:29:46 +0000] "GET /plainville-casino-au/ HTTP/1.1" 404 - "-" "Mozilla/5.0 (Linux; Android 6.0.1; Nexus 5X Build/MMB29P) AppleWebKit/537.36 (KHTML, like Gecko) Chrome/146.0.7680.164 Mobile Safari/537.36 (compatible; Googlebot/2.1; +http://www.google.com/bot.html)"
17.241.227.53 - - [31/Mar/2026:22:29:47 +0000] "GET /?p=6319 HTTP/1.1" 404 - "-" "Mozilla/5.0 (Macintosh; Intel Mac OS X 10_15_7) AppleWebKit/605.1.15 (KHTML, like Gecko) Version/17.4 Safari/605.1.15 (Applebot/0.1; +http://www.apple.com/go/applebot)"
66.249.70.3 - - [31/Mar/2026:22:30:22 +0000] "GET /real-money-casino-nz/ HTTP/1.1" 404 - "-" "Mozilla/5.0 (Linux; Android 6.0.1; Nexus 5X Build/MMB29P) AppleWebKit/537.36 (KHTML, like Gecko) Chrome/146.0.7680.164 Mobile Safari/537.36 (compatible; Googlebot/2.1; +http://www.google.com/bot.html)"
207.46.13.102 - - [31/Mar/2026:22:31:02 +0000] "GET /?p=4052 HTTP/1.1" 404 - "-" "Mozilla/5.0 AppleWebKit/537.36 (KHTML, like Gecko; compatible; bingbot/2.0; +http://www.bing.com/bingbot.htm) Chrome/116.0.1938.76 Safari/537.36"
66.249.70.2 - - [31/Mar/2026:22:31:03 +0000] "GET /gambling-melbourne-city-au/ HTTP/1.1" 404 - "-" "Mozilla/5.0 (Linux; Android 6.0.1; Nexus 5X Build/MMB29P) AppleWebKit/537.36 (KHTML, like Gecko) Chrome/146.0.7680.164 Mobile Safari/537.36 (compatible; Googlebot/2.1; +http://www.google.com/bot.html)"
66.249.70.3 - - [31/Mar/2026:22:31:05 +0000] "GET /australia-slots-to-play-in-au/ HTTP/1.1" 404 - "-" "Mozilla/5.0 (Linux; Android 6.0.1; Nexus 5X Build/MMB29P) AppleWebKit/537.36 (KHTML, like Gecko) Chrome/146.0.7680.164 Mobile Safari/537.36 (compatible; Googlebot/2.1; +http://www.google.com/bot.html)"
156.248.146.89 - - [31/Mar/2026:22:31:12 +0000] "GET /how-to-try-pokies-australia/ HTTP/1.1" 404 - "https://rosebanklifecare.co.nz/?p=3826" "Mozilla/5.0 (Linux; U; Android 7.1.1; zh-cn; OPPO R9sk Build/NMF26F) AppleWebKit/537.36 (KHTML, like Gecko) Version/4.0 Chrome/78.0.3378.44 Mobile Safari/537.36 OppoBrowser/10.5.1.2"
66.249.70.4 - - [31/Mar/2026:22:31:33 +0000] "GET /no-deposit-bonus-free-spins-casino-australian-luck-casino/ HTTP/1.1" 404 - "-" "Mozilla/5.0 (Linux; Android 6.0.1; Nexus 5X Build/MMB29P) AppleWebKit/537.36 (KHTML, like Gecko) Chrome/146.0.7680.164 Mobile Safari/537.36 (compatible; Googlebot/2.1; +http://www.google.com/bot.html)"
74.7.228.38 - - [31/Mar/2026:22:31:57 +0000] "GET /robots.txt HTTP/1.1" 404 - "-" "Mozilla/5.0 (Macintosh; Intel Mac OS X 10_15_7) AppleWebKit/537.36 (KHTML, like Gecko) Chrome/131.0.0.0 Safari/537.36; compatible; OAI-SearchBot/1.3; robots.txt; +https://openai.com/searchbot"
74.7.227.30 - - [31/Mar/2026:22:31:57 +0000] "GET /wp-sitemap.xml HTTP/1.1" 404 - "-" "Mozilla/5.0 AppleWebKit/537.36 (KHTML, like Gecko; compatible; GPTBot/1.3; +https://openai.com/gptbot)"
74.7.227.30 - - [31/Mar/2026:22:32:00 +0000] "GET /?view/item/98335707 HTTP/1.1" 404 - "https://rosebanklifecare.co.nz/wp-sitemap.xml" "Mozilla/5.0 AppleWebKit/537.36 (KHTML, like Gecko; compatible; GPTBot/1.3; +https://openai.com/gptbot)"
74.7.227.30 - - [31/Mar/2026:22:32:03 +0000] "GET /?view/item/163812949 HTTP/1.1" 404 - "https://rosebanklifecare.co.nz/wp-sitemap.xml" "Mozilla/5.0 AppleWebKit/537.36 (KHTML, like Gecko; compatible; GPTBot/1.3; +https://openai.com/gptbot)"
66.249.70.3 - - [31/Mar/2026:22:32:03 +0000] "GET /free-australian-pokies-without-downloading/ HTTP/1.1" 404 - "-" "Mozilla/5.0 (Linux; Android 6.0.1; Nexus 5X Build/MMB29P) AppleWebKit/537.36 (KHTML, like Gecko) Chrome/146.0.7680.164 Mobile Safari/537.36 (compatible; Googlebot/2.1; +http://www.google.com/bot.html)"
74.7.227.30 - - [31/Mar/2026:22:32:05 +0000] "GET /?view/item/65042444 HTTP/1.1" 404 - "https://rosebanklifecare.co.nz/wp-sitemap.xml" "Mozilla/5.0 AppleWebKit/537.36 (KHTML, like Gecko; compatible; GPTBot/1.3; +https://openai.com/gptbot)"
74.7.227.30 - - [31/Mar/2026:22:32:08 +0000] "GET /?view/item/234051757 HTTP/1.1" 404 - "https://rosebanklifecare.co.nz/wp-sitemap.xml" "Mozilla/5.0 AppleWebKit/537.36 (KHTML, like Gecko; compatible; GPTBot/1.3; +https://openai.com/gptbot)"
74.7.227.30 - - [31/Mar/2026:22:32:11 +0000] "GET /?view/item/48162151 HTTP/1.1" 404 - "https://rosebanklifecare.co.nz/wp-sitemap.xml" "Mozilla/5.0 AppleWebKit/537.36 (KHTML, like Gecko; compatible; GPTBot/1.3; +https://openai.com/gptbot)"
74.7.227.30 - - [31/Mar/2026:22:32:14 +0000] "GET /?view/item/282468040 HTTP/1.1" 404 - "https://rosebanklifecare.co.nz/wp-sitemap.xml" "Mozilla/5.0 AppleWebKit/537.36 (KHTML, like Gecko; compatible; GPTBot/1.3; +https://openai.com/gptbot)"
74.7.227.30 - - [31/Mar/2026:22:32:17 +0000] "GET /?view/item/224788626 HTTP/1.1" 404 - "https://rosebanklifecare.co.nz/wp-sitemap.xml" "Mozilla/5.0 AppleWebKit/537.36 (KHTML, like Gecko; compatible; GPTBot/1.3; +https://openai.com/gptbot)"
74.7.227.30 - - [31/Mar/2026:22:32:19 +0000] "GET /?view/item/42775545 HTTP/1.1" 404 - "https://rosebanklifecare.co.nz/wp-sitemap.xml" "Mozilla/5.0 AppleWebKit/537.36 (KHTML, like Gecko; compatible; GPTBot/1.3; +https://openai.com/gptbot)"
74.7.227.30 - - [31/Mar/2026:22:32:22 +0000] "GET /?view/item/254642414 HTTP/1.1" 404 - "https://rosebanklifecare.co.nz/wp-sitemap.xml" "Mozilla/5.0 AppleWebKit/537.36 (KHTML, like Gecko; compatible; GPTBot/1.3; +https://openai.com/gptbot)"
66.249.70.3 - - [31/Mar/2026:22:32:23 +0000] "GET /new-winning-pokies-for-payout/ HTTP/1.1" 404 - "-" "Mozilla/5.0 (Linux; Android 6.0.1; Nexus 5X Build/MMB29P) AppleWebKit/537.36 (KHTML, like Gecko) Chrome/146.0.7680.164 Mobile Safari/537.36 (compatible; Googlebot/2.1; +http://www.google.com/bot.html)"
74.7.227.30 - - [31/Mar/2026:22:32:25 +0000] "GET /?view/item/278281818 HTTP/1.1" 404 - "https://rosebanklifecare.co.nz/wp-sitemap.xml" "Mozilla/5.0 AppleWebKit/537.36 (KHTML, like Gecko; compatible; GPTBot/1.3; +https://openai.com/gptbot)"
74.7.227.30 - - [31/Mar/2026:22:32:28 +0000] "GET /?view/item/49144161 HTTP/1.1" 404 - "https://rosebanklifecare.co.nz/wp-sitemap.xml" "Mozilla/5.0 AppleWebKit/537.36 (KHTML, like Gecko; compatible; GPTBot/1.3; +https://openai.com/gptbot)"
74.7.227.30 - - [31/Mar/2026:22:32:31 +0000] "GET /?view/item/79924161 HTTP/1.1" 404 - "https://rosebanklifecare.co.nz/wp-sitemap.xml" "Mozilla/5.0 AppleWebKit/537.36 (KHTML, like Gecko; compatible; GPTBot/1.3; +https://openai.com/gptbot)"
74.7.227.30 - - [31/Mar/2026:22:32:34 +0000] "GET /?view/item/82523252 HTTP/1.1" 404 - "https://rosebanklifecare.co.nz/wp-sitemap.xml" "Mozilla/5.0 AppleWebKit/537.36 (KHTML, like Gecko; compatible; GPTBot/1.3; +https://openai.com/gptbot)"
74.7.227.30 - - [31/Mar/2026:22:32:37 +0000] "GET /?view/item/262476787 HTTP/1.1" 404 - "https://rosebanklifecare.co.nz/wp-sitemap.xml" "Mozilla/5.0 AppleWebKit/537.36 (KHTML, like Gecko; compatible; GPTBot/1.3; +https://openai.com/gptbot)"
74.7.227.30 - - [31/Mar/2026:22:32:39 +0000] "GET /?view/item/158996828 HTTP/1.1" 404 - "https://rosebanklifecare.co.nz/wp-sitemap.xml" "Mozilla/5.0 AppleWebKit/537.36 (KHTML, like Gecko; compatible; GPTBot/1.3; +https://openai.com/gptbot)"
74.7.227.30 - - [31/Mar/2026:22:32:42 +0000] "GET /?view/item/237170474 HTTP/1.1" 404 - "https://rosebanklifecare.co.nz/wp-sitemap.xml" "Mozilla/5.0 AppleWebKit/537.36 (KHTML, like Gecko; compatible; GPTBot/1.3; +https://openai.com/gptbot)"
66.249.70.2 - - [31/Mar/2026:22:32:44 +0000] "GET /top-gambling-apps-au/ HTTP/1.1" 404 - "-" "Mozilla/5.0 (Linux; Android 6.0.1; Nexus 5X Build/MMB29P) AppleWebKit/537.36 (KHTML, like Gecko) Chrome/146.0.7680.164 Mobile Safari/537.36 (compatible; Googlebot/2.1; +http://www.google.com/bot.html)"
66.249.70.2 - - [31/Mar/2026:22:32:44 +0000] "GET /is-there-casino-in-australia/ HTTP/1.1" 404 - "-" "Mozilla/5.0 (Linux; Android 6.0.1; Nexus 5X Build/MMB29P) AppleWebKit/537.36 (KHTML, like Gecko) Chrome/146.0.7680.164 Mobile Safari/537.36 (compatible; Googlebot/2.1; +http://www.google.com/bot.html)"
74.7.227.30 - - [31/Mar/2026:22:32:45 +0000] "GET /?view/item/140067919 HTTP/1.1" 404 - "https://rosebanklifecare.co.nz/wp-sitemap.xml" "Mozilla/5.0 AppleWebKit/537.36 (KHTML, like Gecko; compatible; GPTBot/1.3; +https://openai.com/gptbot)"
74.7.227.30 - - [31/Mar/2026:22:32:48 +0000] "GET /?view/item/268205060 HTTP/1.1" 404 - "https://rosebanklifecare.co.nz/wp-sitemap.xml" "Mozilla/5.0 AppleWebKit/537.36 (KHTML, like Gecko; compatible; GPTBot/1.3; +https://openai.com/gptbot)"
74.7.227.30 - - [31/Mar/2026:22:32:51 +0000] "GET /?view/item/193950121 HTTP/1.1" 404 - "https://rosebanklifecare.co.nz/wp-sitemap.xml" "Mozilla/5.0 AppleWebKit/537.36 (KHTML, like Gecko; compatible; GPTBot/1.3; +https://openai.com/gptbot)"
74.7.227.30 - - [31/Mar/2026:22:32:54 +0000] "GET /?view/item/187969515 HTTP/1.1" 404 - "https://rosebanklifecare.co.nz/wp-sitemap.xml" "Mozilla/5.0 AppleWebKit/537.36 (KHTML, like Gecko; compatible; GPTBot/1.3; +https://openai.com/gptbot)"
74.7.227.30 - - [31/Mar/2026:22:32:57 +0000] "GET /?view/item/219115707 HTTP/1.1" 404 - "https://rosebanklifecare.co.nz/wp-sitemap.xml" "Mozilla/5.0 AppleWebKit/537.36 (KHTML, like Gecko; compatible; GPTBot/1.3; +https://openai.com/gptbot)"
74.7.227.30 - - [31/Mar/2026:22:32:59 +0000] "GET /?view/item/138229434 HTTP/1.1" 404 - "https://rosebanklifecare.co.nz/wp-sitemap.xml" "Mozilla/5.0 AppleWebKit/537.36 (KHTML, like Gecko; compatible; GPTBot/1.3; +https://openai.com/gptbot)"
74.7.227.30 - - [31/Mar/2026:22:33:02 +0000] "GET /?view/item/155099828 HTTP/1.1" 404 - "https://rosebanklifecare.co.nz/wp-sitemap.xml" "Mozilla/5.0 AppleWebKit/537.36 (KHTML, like Gecko; compatible; GPTBot/1.3; +https://openai.com/gptbot)"
74.7.227.30 - - [31/Mar/2026:22:33:05 +0000] "GET /?view/item/139142474 HTTP/1.1" 404 - "https://rosebanklifecare.co.nz/wp-sitemap.xml" "Mozilla/5.0 AppleWebKit/537.36 (KHTML, like Gecko; compatible; GPTBot/1.3; +https://openai.com/gptbot)"
74.7.227.30 - - [31/Mar/2026:22:33:08 +0000] "GET /?view/item/292366707 HTTP/1.1" 404 - "https://rosebanklifecare.co.nz/wp-sitemap.xml" "Mozilla/5.0 AppleWebKit/537.36 (KHTML, like Gecko; compatible; GPTBot/1.3; +https://openai.com/gptbot)"
74.7.227.30 - - [31/Mar/2026:22:33:10 +0000] "GET /?view/item/279477232 HTTP/1.1" 404 - "https://rosebanklifecare.co.nz/wp-sitemap.xml" "Mozilla/5.0 AppleWebKit/537.36 (KHTML, like Gecko; compatible; GPTBot/1.3; +https://openai.com/gptbot)"
74.7.227.30 - - [31/Mar/2026:22:33:13 +0000] "GET /?view/item/150324313 HTTP/1.1" 404 - "https://rosebanklifecare.co.nz/wp-sitemap.xml" "Mozilla/5.0 AppleWebKit/537.36 (KHTML, like Gecko; compatible; GPTBot/1.3; +https://openai.com/gptbot)"
74.7.227.30 - - [31/Mar/2026:22:33:16 +0000] "GET /?view/item/248425878 HTTP/1.1" 404 - "https://rosebanklifecare.co.nz/wp-sitemap.xml" "Mozilla/5.0 AppleWebKit/537.36 (KHTML, like Gecko; compatible; GPTBot/1.3; +https://openai.com/gptbot)"
74.7.227.30 - - [31/Mar/2026:22:33:19 +0000] "GET /?view/item/254584707 HTTP/1.1" 404 - "https://rosebanklifecare.co.nz/wp-sitemap.xml" "Mozilla/5.0 AppleWebKit/537.36 (KHTML, like Gecko; compatible; GPTBot/1.3; +https://openai.com/gptbot)"
74.7.227.30 - - [31/Mar/2026:22:33:22 +0000] "GET /?view/item/116838676 HTTP/1.1" 404 - "https://rosebanklifecare.co.nz/wp-sitemap.xml" "Mozilla/5.0 AppleWebKit/537.36 (KHTML, like Gecko; compatible; GPTBot/1.3; +https://openai.com/gptbot)"
74.7.227.30 - - [31/Mar/2026:22:33:25 +0000] "GET /?view/item/105419606 HTTP/1.1" 404 - "https://rosebanklifecare.co.nz/wp-sitemap.xml" "Mozilla/5.0 AppleWebKit/537.36 (KHTML, like Gecko; compatible; GPTBot/1.3; +https://openai.com/gptbot)"
74.7.227.30 - - [31/Mar/2026:22:33:27 +0000] "GET /?view/item/134066030 HTTP/1.1" 404 - "https://rosebanklifecare.co.nz/wp-sitemap.xml" "Mozilla/5.0 AppleWebKit/537.36 (KHTML, like Gecko; compatible; GPTBot/1.3; +https://openai.com/gptbot)"
74.7.227.30 - - [31/Mar/2026:22:33:30 +0000] "GET /?view/item/301164070 HTTP/1.1" 404 - "https://rosebanklifecare.co.nz/wp-sitemap.xml" "Mozilla/5.0 AppleWebKit/537.36 (KHTML, like Gecko; compatible; GPTBot/1.3; +https://openai.com/gptbot)"
74.7.227.30 - - [31/Mar/2026:22:33:33 +0000] "GET /?view/item/203564606 HTTP/1.1" 404 - "https://rosebanklifecare.co.nz/wp-sitemap.xml" "Mozilla/5.0 AppleWebKit/537.36 (KHTML, like Gecko; compatible; GPTBot/1.3; +https://openai.com/gptbot)"
74.7.227.30 - - [31/Mar/2026:22:33:36 +0000] "GET /?view/item/159970737 HTTP/1.1" 404 - "https://rosebanklifecare.co.nz/wp-sitemap.xml" "Mozilla/5.0 AppleWebKit/537.36 (KHTML, like Gecko; compatible; GPTBot/1.3; +https://openai.com/gptbot)"
74.7.227.30 - - [31/Mar/2026:22:33:39 +0000] "GET /?view/item/224538202 HTTP/1.1" 404 - "https://rosebanklifecare.co.nz/wp-sitemap.xml" "Mozilla/5.0 AppleWebKit/537.36 (KHTML, like Gecko; compatible; GPTBot/1.3; +https://openai.com/gptbot)"
74.7.227.30 - - [31/Mar/2026:22:33:42 +0000] "GET /?view/item/263233818 HTTP/1.1" 404 - "https://rosebanklifecare.co.nz/wp-sitemap.xml" "Mozilla/5.0 AppleWebKit/537.36 (KHTML, like Gecko; compatible; GPTBot/1.3; +https://openai.com/gptbot)"
66.249.70.3 - - [31/Mar/2026:22:33:42 +0000] "GET /profitable-pokies-without-deposit/ HTTP/1.1" 404 - "-" "Mozilla/5.0 (Linux; Android 6.0.1; Nexus 5X Build/MMB29P) AppleWebKit/537.36 (KHTML, like Gecko) Chrome/146.0.7680.164 Mobile Safari/537.36 (compatible; Googlebot/2.1; +http://www.google.com/bot.html)"
74.7.227.30 - - [31/Mar/2026:22:33:45 +0000] "GET /?view/item/121547828 HTTP/1.1" 404 - "https://rosebanklifecare.co.nz/wp-sitemap.xml" "Mozilla/5.0 AppleWebKit/537.36 (KHTML, like Gecko; compatible; GPTBot/1.3; +https://openai.com/gptbot)"
74.7.227.30 - - [31/Mar/2026:22:33:47 +0000] "GET /?view/item/241390929 HTTP/1.1" 404 - "https://rosebanklifecare.co.nz/wp-sitemap.xml" "Mozilla/5.0 AppleWebKit/537.36 (KHTML, like Gecko; compatible; GPTBot/1.3; +https://openai.com/gptbot)"
74.7.227.30 - - [31/Mar/2026:22:33:50 +0000] "GET /?view/item/244116343 HTTP/1.1" 404 - "https://rosebanklifecare.co.nz/wp-sitemap.xml" "Mozilla/5.0 AppleWebKit/537.36 (KHTML, like Gecko; compatible; GPTBot/1.3; +https://openai.com/gptbot)"
74.7.227.30 - - [31/Mar/2026:22:33:53 +0000] "GET /?view/item/305863545 HTTP/1.1" 404 - "https://rosebanklifecare.co.nz/wp-sitemap.xml" "Mozilla/5.0 AppleWebKit/537.36 (KHTML, like Gecko; compatible; GPTBot/1.3; +https://openai.com/gptbot)"
74.7.227.30 - - [31/Mar/2026:22:33:56 +0000] "GET /?view/item/315847353 HTTP/1.1" 404 - "https://rosebanklifecare.co.nz/wp-sitemap.xml" "Mozilla/5.0 AppleWebKit/537.36 (KHTML, like Gecko; compatible; GPTBot/1.3; +https://openai.com/gptbot)"
66.249.70.2 - - [31/Mar/2026:22:33:56 +0000] "GET /australia-roulette-wheel-payout/ HTTP/1.1" 404 - "-" "Mozilla/5.0 (Linux; Android 6.0.1; Nexus 5X Build/MMB29P) AppleWebKit/537.36 (KHTML, like Gecko) Chrome/146.0.7680.164 Mobile Safari/537.36 (compatible; Googlebot/2.1; +http://www.google.com/bot.html)"
74.7.227.30 - - [31/Mar/2026:22:33:59 +0000] "GET /?view/item/139641979 HTTP/1.1" 404 - "https://rosebanklifecare.co.nz/wp-sitemap.xml" "Mozilla/5.0 AppleWebKit/537.36 (KHTML, like Gecko; compatible; GPTBot/1.3; +https://openai.com/gptbot)"
74.7.227.30 - - [31/Mar/2026:22:34:02 +0000] "GET /?view/item/261560717 HTTP/1.1" 404 - "https://rosebanklifecare.co.nz/wp-sitemap.xml" "Mozilla/5.0 AppleWebKit/537.36 (KHTML, like Gecko; compatible; GPTBot/1.3; +https://openai.com/gptbot)"
74.7.227.30 - - [31/Mar/2026:22:34:05 +0000] "GET /?view/item/165962585 HTTP/1.1" 404 - "https://rosebanklifecare.co.nz/wp-sitemap.xml" "Mozilla/5.0 AppleWebKit/537.36 (KHTML, like Gecko; compatible; GPTBot/1.3; +https://openai.com/gptbot)"
74.7.227.30 - - [31/Mar/2026:22:34:07 +0000] "GET /?view/item/314038818 HTTP/1.1" 404 - "https://rosebanklifecare.co.nz/wp-sitemap.xml" "Mozilla/5.0 AppleWebKit/537.36 (KHTML, like Gecko; compatible; GPTBot/1.3; +https://openai.com/gptbot)"
74.7.227.30 - - [31/Mar/2026:22:34:10 +0000] "GET /?view/item/309973404 HTTP/1.1" 404 - "https://rosebanklifecare.co.nz/wp-sitemap.xml" "Mozilla/5.0 AppleWebKit/537.36 (KHTML, like Gecko; compatible; GPTBot/1.3; +https://openai.com/gptbot)"
74.7.227.30 - - [31/Mar/2026:22:34:13 +0000] "GET /?view/item/254220070 HTTP/1.1" 404 - "https://rosebanklifecare.co.nz/wp-sitemap.xml" "Mozilla/5.0 AppleWebKit/537.36 (KHTML, like Gecko; compatible; GPTBot/1.3; +https://openai.com/gptbot)"
74.7.227.30 - - [31/Mar/2026:22:34:16 +0000] "GET /?view/item/196494202 HTTP/1.1" 404 - "https://rosebanklifecare.co.nz/wp-sitemap.xml" "Mozilla/5.0 AppleWebKit/537.36 (KHTML, like Gecko; compatible; GPTBot/1.3; +https://openai.com/gptbot)"
74.7.227.30 - - [31/Mar/2026:22:34:18 +0000] "GET /?view/item/260800767 HTTP/1.1" 404 - "https://rosebanklifecare.co.nz/wp-sitemap.xml" "Mozilla/5.0 AppleWebKit/537.36 (KHTML, like Gecko; compatible; GPTBot/1.3; +https://openai.com/gptbot)"
74.7.227.30 - - [31/Mar/2026:22:34:21 +0000] "GET /?view/item/278838676 HTTP/1.1" 404 - "https://rosebanklifecare.co.nz/wp-sitemap.xml" "Mozilla/5.0 AppleWebKit/537.36 (KHTML, like Gecko; compatible; GPTBot/1.3; +https://openai.com/gptbot)"
74.7.227.30 - - [31/Mar/2026:22:34:24 +0000] "GET /?view/item/216639919 HTTP/1.1" 404 - "https://rosebanklifecare.co.nz/wp-sitemap.xml" "Mozilla/5.0 AppleWebKit/537.36 (KHTML, like Gecko; compatible; GPTBot/1.3; +https://openai.com/gptbot)"
74.7.227.30 - - [31/Mar/2026:22:34:27 +0000] "GET /?view/item/202293787 HTTP/1.1" 404 - "https://rosebanklifecare.co.nz/wp-sitemap.xml" "Mozilla/5.0 AppleWebKit/537.36 (KHTML, like Gecko; compatible; GPTBot/1.3; +https://openai.com/gptbot)"
74.7.227.30 - - [31/Mar/2026:22:34:30 +0000] "GET /?view/item/189020585 HTTP/1.1" 404 - "https://rosebanklifecare.co.nz/wp-sitemap.xml" "Mozilla/5.0 AppleWebKit/537.36 (KHTML, like Gecko; compatible; GPTBot/1.3; +https://openai.com/gptbot)"
74.7.227.30 - - [31/Mar/2026:22:34:32 +0000] "GET /?view/item/307342464 HTTP/1.1" 404 - "https://rosebanklifecare.co.nz/wp-sitemap.xml" "Mozilla/5.0 AppleWebKit/537.36 (KHTML, like Gecko; compatible; GPTBot/1.3; +https://openai.com/gptbot)"
74.7.227.30 - - [31/Mar/2026:22:34:35 +0000] "GET /?view/item/275611737 HTTP/1.1" 404 - "https://rosebanklifecare.co.nz/wp-sitemap.xml" "Mozilla/5.0 AppleWebKit/537.36 (KHTML, like Gecko; compatible; GPTBot/1.3; +https://openai.com/gptbot)"
74.7.227.30 - - [31/Mar/2026:22:34:38 +0000] "GET /?view/item/122798252 HTTP/1.1" 404 - "https://rosebanklifecare.co.nz/wp-sitemap.xml" "Mozilla/5.0 AppleWebKit/537.36 (KHTML, like Gecko; compatible; GPTBot/1.3; +https://openai.com/gptbot)"
74.7.227.30 - - [31/Mar/2026:22:34:41 +0000] "GET /?view/item/186967131 HTTP/1.1" 404 - "https://rosebanklifecare.co.nz/wp-sitemap.xml" "Mozilla/5.0 AppleWebKit/537.36 (KHTML, like Gecko; compatible; GPTBot/1.3; +https://openai.com/gptbot)"
66.249.70.3 - - [31/Mar/2026:22:34:43 +0000] "GET /deposit-casino-popular-pokies-australia/ HTTP/1.1" 404 - "-" "Mozilla/5.0 (Linux; Android 6.0.1; Nexus 5X Build/MMB29P) AppleWebKit/537.36 (KHTML, like Gecko) Chrome/146.0.7680.164 Mobile Safari/537.36 (compatible; Googlebot/2.1; +http://www.google.com/bot.html)"
74.7.227.30 - - [31/Mar/2026:22:34:44 +0000] "GET /?view/item/316561404 HTTP/1.1" 404 - "https://rosebanklifecare.co.nz/wp-sitemap.xml" "Mozilla/5.0 AppleWebKit/537.36 (KHTML, like Gecko; compatible; GPTBot/1.3; +https://openai.com/gptbot)"
74.7.227.30 - - [31/Mar/2026:22:34:47 +0000] "GET /?view/item/279770414 HTTP/1.1" 404 - "https://rosebanklifecare.co.nz/wp-sitemap.xml" "Mozilla/5.0 AppleWebKit/537.36 (KHTML, like Gecko; compatible; GPTBot/1.3; +https://openai.com/gptbot)"
74.7.227.30 - - [31/Mar/2026:22:34:50 +0000] "GET /?view/item/208780767 HTTP/1.1" 404 - "https://rosebanklifecare.co.nz/wp-sitemap.xml" "Mozilla/5.0 AppleWebKit/537.36 (KHTML, like Gecko; compatible; GPTBot/1.3; +https://openai.com/gptbot)"
74.7.227.30 - - [31/Mar/2026:22:34:53 +0000] "GET /?view/item/157504737 HTTP/1.1" 404 - "https://rosebanklifecare.co.nz/wp-sitemap.xml" "Mozilla/5.0 AppleWebKit/537.36 (KHTML, like Gecko; compatible; GPTBot/1.3; +https://openai.com/gptbot)"
74.7.227.30 - - [31/Mar/2026:22:34:56 +0000] "GET /?view/item/163614484 HTTP/1.1" 404 - "https://rosebanklifecare.co.nz/wp-sitemap.xml" "Mozilla/5.0 AppleWebKit/537.36 (KHTML, like Gecko; compatible; GPTBot/1.3; +https://openai.com/gptbot)"
74.7.227.30 - - [31/Mar/2026:22:34:59 +0000] "GET /?view/item/215661484 HTTP/1.1" 404 - "https://rosebanklifecare.co.nz/wp-sitemap.xml" "Mozilla/5.0 AppleWebKit/537.36 (KHTML, like Gecko; compatible; GPTBot/1.3; +https://openai.com/gptbot)"
74.7.227.30 - - [31/Mar/2026:22:35:02 +0000] "GET /?view/item/223293484 HTTP/1.1" 404 - "https://rosebanklifecare.co.nz/wp-sitemap.xml" "Mozilla/5.0 AppleWebKit/537.36 (KHTML, like Gecko; compatible; GPTBot/1.3; +https://openai.com/gptbot)"
74.7.227.30 - - [31/Mar/2026:22:35:04 +0000] "GET /?view/item/286341181 HTTP/1.1" 404 - "https://rosebanklifecare.co.nz/wp-sitemap.xml" "Mozilla/5.0 AppleWebKit/537.36 (KHTML, like Gecko; compatible; GPTBot/1.3; +https://openai.com/gptbot)"
74.7.227.30 - - [31/Mar/2026:22:35:07 +0000] "GET /?view/item/256233727 HTTP/1.1" 404 - "https://rosebanklifecare.co.nz/wp-sitemap.xml" "Mozilla/5.0 AppleWebKit/537.36 (KHTML, like Gecko; compatible; GPTBot/1.3; +https://openai.com/gptbot)"
74.7.227.30 - - [31/Mar/2026:22:35:10 +0000] "GET /?view/item/155361727 HTTP/1.1" 404 - "https://rosebanklifecare.co.nz/wp-sitemap.xml" "Mozilla/5.0 AppleWebKit/537.36 (KHTML, like Gecko; compatible; GPTBot/1.3; +https://openai.com/gptbot)"
74.7.227.30 - - [31/Mar/2026:22:35:13 +0000] "GET /?view/item/151954323 HTTP/1.1" 404 - "https://rosebanklifecare.co.nz/wp-sitemap.xml" "Mozilla/5.0 AppleWebKit/537.36 (KHTML, like Gecko; compatible; GPTBot/1.3; +https://openai.com/gptbot)"
74.7.227.30 - - [31/Mar/2026:22:35:16 +0000] "GET /?view/item/109760171 HTTP/1.1" 404 - "https://rosebanklifecare.co.nz/wp-sitemap.xml" "Mozilla/5.0 AppleWebKit/537.36 (KHTML, like Gecko; compatible; GPTBot/1.3; +https://openai.com/gptbot)"
74.7.227.30 - - [31/Mar/2026:22:35:19 +0000] "GET /?view/item/193512838 HTTP/1.1" 404 - "https://rosebanklifecare.co.nz/wp-sitemap.xml" "Mozilla/5.0 AppleWebKit/537.36 (KHTML, like Gecko; compatible; GPTBot/1.3; +https://openai.com/gptbot)"
74.7.227.30 - - [31/Mar/2026:22:35:21 +0000] "GET /?view/item/154737787 HTTP/1.1" 404 - "https://rosebanklifecare.co.nz/wp-sitemap.xml" "Mozilla/5.0 AppleWebKit/537.36 (KHTML, like Gecko; compatible; GPTBot/1.3; +https://openai.com/gptbot)"
74.7.227.30 - - [31/Mar/2026:22:35:24 +0000] "GET /?view/item/125958505 HTTP/1.1" 404 - "https://rosebanklifecare.co.nz/wp-sitemap.xml" "Mozilla/5.0 AppleWebKit/537.36 (KHTML, like Gecko; compatible; GPTBot/1.3; +https://openai.com/gptbot)"
74.7.227.30 - - [31/Mar/2026:22:35:27 +0000] "GET /?view/item/196881070 HTTP/1.1" 404 - "https://rosebanklifecare.co.nz/wp-sitemap.xml" "Mozilla/5.0 AppleWebKit/537.36 (KHTML, like Gecko; compatible; GPTBot/1.3; +https://openai.com/gptbot)"
74.7.227.30 - - [31/Mar/2026:22:35:30 +0000] "GET /?view/item/275158353 HTTP/1.1" 404 - "https://rosebanklifecare.co.nz/wp-sitemap.xml" "Mozilla/5.0 AppleWebKit/537.36 (KHTML, like Gecko; compatible; GPTBot/1.3; +https://openai.com/gptbot)"
74.7.227.30 - - [31/Mar/2026:22:35:33 +0000] "GET /?view/item/227941434 HTTP/1.1" 404 - "https://rosebanklifecare.co.nz/wp-sitemap.xml" "Mozilla/5.0 AppleWebKit/537.36 (KHTML, like Gecko; compatible; GPTBot/1.3; +https://openai.com/gptbot)"
74.7.227.30 - - [31/Mar/2026:22:35:36 +0000] "GET /?view/item/223439969 HTTP/1.1" 404 - "https://rosebanklifecare.co.nz/wp-sitemap.xml" "Mozilla/5.0 AppleWebKit/537.36 (KHTML, like Gecko; compatible; GPTBot/1.3; +https://openai.com/gptbot)"
74.7.227.30 - - [31/Mar/2026:22:35:38 +0000] "GET /?view/item/300953606 HTTP/1.1" 404 - "https://rosebanklifecare.co.nz/wp-sitemap.xml" "Mozilla/5.0 AppleWebKit/537.36 (KHTML, like Gecko; compatible; GPTBot/1.3; +https://openai.com/gptbot)"
74.7.227.30 - - [31/Mar/2026:22:35:41 +0000] "GET /?view/item/118464313 HTTP/1.1" 404 - "https://rosebanklifecare.co.nz/wp-sitemap.xml" "Mozilla/5.0 AppleWebKit/537.36 (KHTML, like Gecko; compatible; GPTBot/1.3; +https://openai.com/gptbot)"
74.7.227.30 - - [31/Mar/2026:22:35:44 +0000] "GET /?view/item/112317202 HTTP/1.1" 404 - "https://rosebanklifecare.co.nz/wp-sitemap.xml" "Mozilla/5.0 AppleWebKit/537.36 (KHTML, like Gecko; compatible; GPTBot/1.3; +https://openai.com/gptbot)"
74.7.227.30 - - [31/Mar/2026:22:35:47 +0000] "GET /?view/item/247308070 HTTP/1.1" 404 - "https://rosebanklifecare.co.nz/wp-sitemap.xml" "Mozilla/5.0 AppleWebKit/537.36 (KHTML, like Gecko; compatible; GPTBot/1.3; +https://openai.com/gptbot)"
74.7.227.30 - - [31/Mar/2026:22:35:50 +0000] "GET /?view/item/207004626 HTTP/1.1" 404 - "https://rosebanklifecare.co.nz/wp-sitemap.xml" "Mozilla/5.0 AppleWebKit/537.36 (KHTML, like Gecko; compatible; GPTBot/1.3; +https://openai.com/gptbot)"
74.7.227.30 - - [31/Mar/2026:22:35:53 +0000] "GET /?view/item/103388969 HTTP/1.1" 404 - "https://rosebanklifecare.co.nz/wp-sitemap.xml" "Mozilla/5.0 AppleWebKit/537.36 (KHTML, like Gecko; compatible; GPTBot/1.3; +https://openai.com/gptbot)"
74.7.227.30 - - [31/Mar/2026:22:35:55 +0000] "GET /?view/item/273001161 HTTP/1.1" 404 - "https://rosebanklifecare.co.nz/wp-sitemap.xml" "Mozilla/5.0 AppleWebKit/537.36 (KHTML, like Gecko; compatible; GPTBot/1.3; +https://openai.com/gptbot)"
74.7.227.30 - - [31/Mar/2026:22:35:58 +0000] "GET /?view/item/186384616 HTTP/1.1" 404 - "https://rosebanklifecare.co.nz/wp-sitemap.xml" "Mozilla/5.0 AppleWebKit/537.36 (KHTML, like Gecko; compatible; GPTBot/1.3; +https://openai.com/gptbot)"
74.7.227.30 - - [31/Mar/2026:22:36:01 +0000] "GET /?view/item/201488747 HTTP/1.1" 404 - "https://rosebanklifecare.co.nz/wp-sitemap.xml" "Mozilla/5.0 AppleWebKit/537.36 (KHTML, like Gecko; compatible; GPTBot/1.3; +https://openai.com/gptbot)"
74.7.227.30 - - [31/Mar/2026:22:36:04 +0000] "GET /?view/item/281532262 HTTP/1.1" 404 - "https://rosebanklifecare.co.nz/wp-sitemap.xml" "Mozilla/5.0 AppleWebKit/537.36 (KHTML, like Gecko; compatible; GPTBot/1.3; +https://openai.com/gptbot)"
74.7.227.30 - - [31/Mar/2026:22:36:07 +0000] "GET /?view/item/195054757 HTTP/1.1" 404 - "https://rosebanklifecare.co.nz/wp-sitemap.xml" "Mozilla/5.0 AppleWebKit/537.36 (KHTML, like Gecko; compatible; GPTBot/1.3; +https://openai.com/gptbot)"
74.7.227.30 - - [31/Mar/2026:22:36:10 +0000] "GET /?view/item/186467636 HTTP/1.1" 404 - "https://rosebanklifecare.co.nz/wp-sitemap.xml" "Mozilla/5.0 AppleWebKit/537.36 (KHTML, like Gecko; compatible; GPTBot/1.3; +https://openai.com/gptbot)"
74.7.227.30 - - [31/Mar/2026:22:36:13 +0000] "GET /?view/item/263881131 HTTP/1.1" 404 - "https://rosebanklifecare.co.nz/wp-sitemap.xml" "Mozilla/5.0 AppleWebKit/537.36 (KHTML, like Gecko; compatible; GPTBot/1.3; +https://openai.com/gptbot)"
202.27.39.58 - - [31/Mar/2026:22:36:13 +0000] "GET / HTTP/1.1" 404 - "-" "Mozilla/5.0 (Windows NT 10.0; Win64; x64) AppleWebKit/537.36 (KHTML, like Gecko) Chrome/146.0.0.0 Safari/537.36 Edg/146.0.0.0"
202.27.39.58 - - [31/Mar/2026:22:36:13 +0000] "GET /favicon.ico HTTP/1.1" 404 - "https://rosebanklifecare.co.nz/" "Mozilla/5.0 (Windows NT 10.0; Win64; x64) AppleWebKit/537.36 (KHTML, like Gecko) Chrome/146.0.0.0 Safari/537.36 Edg/146.0.0.0"
74.7.227.30 - - [31/Mar/2026:22:36:15 +0000] "GET /?view/item/145895747 HTTP/1.1" 404 - "https://rosebanklifecare.co.nz/wp-sitemap.xml" "Mozilla/5.0 AppleWebKit/537.36 (KHTML, like Gecko; compatible; GPTBot/1.3; +https://openai.com/gptbot)"
74.7.227.30 - - [31/Mar/2026:22:36:18 +0000] "GET /?view/item/270501979 HTTP/1.1" 404 - "https://rosebanklifecare.co.nz/wp-sitemap.xml" "Mozilla/5.0 AppleWebKit/537.36 (KHTML, like Gecko; compatible; GPTBot/1.3; +https://openai.com/gptbot)"
74.7.227.30 - - [31/Mar/2026:22:36:21 +0000] "GET /?view/item/148473121 HTTP/1.1" 404 - "https://rosebanklifecare.co.nz/wp-sitemap.xml" "Mozilla/5.0 AppleWebKit/537.36 (KHTML, like Gecko; compatible; GPTBot/1.3; +https://openai.com/gptbot)"
74.7.227.30 - - [31/Mar/2026:22:36:24 +0000] "GET /?view/item/106841585 HTTP/1.1" 404 - "https://rosebanklifecare.co.nz/wp-sitemap.xml" "Mozilla/5.0 AppleWebKit/537.36 (KHTML, like Gecko; compatible; GPTBot/1.3; +https://openai.com/gptbot)"
74.7.227.30 - - [31/Mar/2026:22:36:27 +0000] "GET /?view/item/294819202 HTTP/1.1" 404 - "https://rosebanklifecare.co.nz/wp-sitemap.xml" "Mozilla/5.0 AppleWebKit/537.36 (KHTML, like Gecko; compatible; GPTBot/1.3; +https://openai.com/gptbot)"
74.7.227.30 - - [31/Mar/2026:22:36:30 +0000] "GET /?view/item/190264404 HTTP/1.1" 404 - "https://rosebanklifecare.co.nz/wp-sitemap.xml" "Mozilla/5.0 AppleWebKit/537.36 (KHTML, like Gecko; compatible; GPTBot/1.3; +https://openai.com/gptbot)"
74.7.227.30 - - [31/Mar/2026:22:36:32 +0000] "GET /?view/item/305561141 HTTP/1.1" 404 - "https://rosebanklifecare.co.nz/wp-sitemap.xml" "Mozilla/5.0 AppleWebKit/537.36 (KHTML, like Gecko; compatible; GPTBot/1.3; +https://openai.com/gptbot)"
74.7.227.30 - - [31/Mar/2026:22:36:35 +0000] "GET /?view/item/260647323 HTTP/1.1" 404 - "https://rosebanklifecare.co.nz/wp-sitemap.xml" "Mozilla/5.0 AppleWebKit/537.36 (KHTML, like Gecko; compatible; GPTBot/1.3; +https://openai.com/gptbot)"
74.7.227.30 - - [31/Mar/2026:22:36:38 +0000] "GET /?view/item/265756848 HTTP/1.1" 404 - "https://rosebanklifecare.co.nz/wp-sitemap.xml" "Mozilla/5.0 AppleWebKit/537.36 (KHTML, like Gecko; compatible; GPTBot/1.3; +https://openai.com/gptbot)"
74.7.227.30 - - [31/Mar/2026:22:36:41 +0000] "GET /?view/item/259394969 HTTP/1.1" 404 - "https://rosebanklifecare.co.nz/wp-sitemap.xml" "Mozilla/5.0 AppleWebKit/537.36 (KHTML, like Gecko; compatible; GPTBot/1.3; +https://openai.com/gptbot)"
74.7.227.30 - - [31/Mar/2026:22:36:44 +0000] "GET /?view/item/206424565 HTTP/1.1" 404 - "https://rosebanklifecare.co.nz/wp-sitemap.xml" "Mozilla/5.0 AppleWebKit/537.36 (KHTML, like Gecko; compatible; GPTBot/1.3; +https://openai.com/gptbot)"
74.7.227.30 - - [31/Mar/2026:22:36:46 +0000] "GET /?view/item/128302989 HTTP/1.1" 404 - "https://rosebanklifecare.co.nz/wp-sitemap.xml" "Mozilla/5.0 AppleWebKit/537.36 (KHTML, like Gecko; compatible; GPTBot/1.3; +https://openai.com/gptbot)"
74.7.227.30 - - [31/Mar/2026:22:36:49 +0000] "GET /?view/item/240377414 HTTP/1.1" 404 - "https://rosebanklifecare.co.nz/wp-sitemap.xml" "Mozilla/5.0 AppleWebKit/537.36 (KHTML, like Gecko; compatible; GPTBot/1.3; +https://openai.com/gptbot)"
74.7.227.30 - - [31/Mar/2026:22:36:52 +0000] "GET /?view/item/197345939 HTTP/1.1" 404 - "https://rosebanklifecare.co.nz/wp-sitemap.xml" "Mozilla/5.0 AppleWebKit/537.36 (KHTML, like Gecko; compatible; GPTBot/1.3; +https://openai.com/gptbot)"
74.7.227.30 - - [31/Mar/2026:22:36:55 +0000] "GET /?view/item/116286757 HTTP/1.1" 404 - "https://rosebanklifecare.co.nz/wp-sitemap.xml" "Mozilla/5.0 AppleWebKit/537.36 (KHTML, like Gecko; compatible; GPTBot/1.3; +https://openai.com/gptbot)"
74.7.227.30 - - [31/Mar/2026:22:36:58 +0000] "GET /?view/item/313832141 HTTP/1.1" 404 - "https://rosebanklifecare.co.nz/wp-sitemap.xml" "Mozilla/5.0 AppleWebKit/537.36 (KHTML, like Gecko; compatible; GPTBot/1.3; +https://openai.com/gptbot)"
202.27.39.58 - - [31/Mar/2026:22:37:00 +0000] "GET / HTTP/1.1" 404 - "-" "Mozilla/5.0 (Windows NT 10.0; Win64; x64) AppleWebKit/537.36 (KHTML, like Gecko) Chrome/146.0.0.0 Safari/537.36 Edg/146.0.0.0"
74.7.227.30 - - [31/Mar/2026:22:37:01 +0000] "GET /?view/item/219715323 HTTP/1.1" 404 - "https://rosebanklifecare.co.nz/wp-sitemap.xml" "Mozilla/5.0 AppleWebKit/537.36 (KHTML, like Gecko; compatible; GPTBot/1.3; +https://openai.com/gptbot)"
66.249.70.4 - - [31/Mar/2026:22:37:02 +0000] "GET /mobile-pokies-mobile/ HTTP/1.1" 404 - "-" "Mozilla/5.0 (Linux; Android 6.0.1; Nexus 5X Build/MMB29P) AppleWebKit/537.36 (KHTML, like Gecko) Chrome/146.0.7680.164 Mobile Safari/537.36 (compatible; Googlebot/2.1; +http://www.google.com/bot.html)"
74.7.227.30 - - [31/Mar/2026:22:37:04 +0000] "GET /?view/item/230018171 HTTP/1.1" 404 - "https://rosebanklifecare.co.nz/wp-sitemap.xml" "Mozilla/5.0 AppleWebKit/537.36 (KHTML, like Gecko; compatible; GPTBot/1.3; +https://openai.com/gptbot)"
74.7.227.30 - - [31/Mar/2026:22:37:06 +0000] "GET /?view/item/246343959 HTTP/1.1" 404 - "https://rosebanklifecare.co.nz/wp-sitemap.xml" "Mozilla/5.0 AppleWebKit/537.36 (KHTML, like Gecko; compatible; GPTBot/1.3; +https://openai.com/gptbot)"
74.7.227.30 - - [31/Mar/2026:22:37:09 +0000] "GET /?view/item/172980010 HTTP/1.1" 404 - "https://rosebanklifecare.co.nz/wp-sitemap.xml" "Mozilla/5.0 AppleWebKit/537.36 (KHTML, like Gecko; compatible; GPTBot/1.3; +https://openai.com/gptbot)"
74.7.227.30 - - [31/Mar/2026:22:37:12 +0000] "GET /?view/item/108875828 HTTP/1.1" 404 - "https://rosebanklifecare.co.nz/wp-sitemap.xml" "Mozilla/5.0 AppleWebKit/537.36 (KHTML, like Gecko; compatible; GPTBot/1.3; +https://openai.com/gptbot)"
74.7.227.30 - - [31/Mar/2026:22:37:15 +0000] "GET /?view/item/205682858 HTTP/1.1" 404 - "https://rosebanklifecare.co.nz/wp-sitemap.xml" "Mozilla/5.0 AppleWebKit/537.36 (KHTML, like Gecko; compatible; GPTBot/1.3; +https://openai.com/gptbot)"
74.7.227.30 - - [31/Mar/2026:22:37:18 +0000] "GET /?view/item/197407242 HTTP/1.1" 404 - "https://rosebanklifecare.co.nz/wp-sitemap.xml" "Mozilla/5.0 AppleWebKit/537.36 (KHTML, like Gecko; compatible; GPTBot/1.3; +https://openai.com/gptbot)"
74.7.227.30 - - [31/Mar/2026:22:37:20 +0000] "GET /?view/item/296370232 HTTP/1.1" 404 - "https://rosebanklifecare.co.nz/wp-sitemap.xml" "Mozilla/5.0 AppleWebKit/537.36 (KHTML, like Gecko; compatible; GPTBot/1.3; +https://openai.com/gptbot)"
162.120.184.57 - - [31/Mar/2026:22:37:21 +0000] "GET / HTTP/1.1" 404 - "https://www.google.com/" "Mozilla/5.0 (Windows NT 10.0; Win64; x64) AppleWebKit/537.36 (KHTML, like Gecko) Chrome/146.0.0.0 Safari/537.36"
74.7.227.30 - - [31/Mar/2026:22:37:23 +0000] "GET /?view/item/259173121 HTTP/1.1" 404 - "https://rosebanklifecare.co.nz/wp-sitemap.xml" "Mozilla/5.0 AppleWebKit/537.36 (KHTML, like Gecko; compatible; GPTBot/1.3; +https://openai.com/gptbot)"
203.211.78.157 - - [31/Mar/2026:22:37:24 +0000] "GET / HTTP/1.1" 404 - "https://www.google.com/" "Mozilla/5.0 (Windows NT 10.0; Win64; x64) AppleWebKit/537.36 (KHTML, like Gecko) Chrome/146.0.0.0 Safari/537.36"
203.211.78.157 - - [31/Mar/2026:22:37:24 +0000] "GET /favicon.ico HTTP/1.1" 404 - "https://rosebanklifecare.co.nz/" "Mozilla/5.0 (Windows NT 10.0; Win64; x64) AppleWebKit/537.36 (KHTML, like Gecko) Chrome/146.0.0.0 Safari/537.36"
74.7.227.30 - - [31/Mar/2026:22:37:26 +0000] "GET /?view/item/162194525 HTTP/1.1" 404 - "https://rosebanklifecare.co.nz/wp-sitemap.xml" "Mozilla/5.0 AppleWebKit/537.36 (KHTML, like Gecko; compatible; GPTBot/1.3; +https://openai.com/gptbot)"
202.27.39.58 - - [31/Mar/2026:22:37:28 +0000] "GET / HTTP/1.1" 404 - "-" "Mozilla/5.0 (Windows NT 10.0; Win64; x64) AppleWebKit/537.36 (KHTML, like Gecko) Chrome/146.0.0.0 Safari/537.36 Edg/146.0.0.0"
74.7.227.30 - - [31/Mar/2026:22:37:29 +0000] "GET /?view/item/218826343 HTTP/1.1" 404 - "https://rosebanklifecare.co.nz/wp-sitemap.xml" "Mozilla/5.0 AppleWebKit/537.36 (KHTML, like Gecko; compatible; GPTBot/1.3; +https://openai.com/gptbot)"
74.7.227.30 - - [31/Mar/2026:22:37:32 +0000] "GET /?view/item/293323404 HTTP/1.1" 404 - "https://rosebanklifecare.co.nz/wp-sitemap.xml" "Mozilla/5.0 AppleWebKit/537.36 (KHTML, like Gecko; compatible; GPTBot/1.3; +https://openai.com/gptbot)"
74.7.227.30 - - [31/Mar/2026:22:37:35 +0000] "GET /?view/item/317835343 HTTP/1.1" 404 - "https://rosebanklifecare.co.nz/wp-sitemap.xml" "Mozilla/5.0 AppleWebKit/537.36 (KHTML, like Gecko; compatible; GPTBot/1.3; +https://openai.com/gptbot)"
74.7.227.30 - - [31/Mar/2026:22:37:38 +0000] "GET /?view/item/269802010 HTTP/1.1" 404 - "https://rosebanklifecare.co.nz/wp-sitemap.xml" "Mozilla/5.0 AppleWebKit/537.36 (KHTML, like Gecko; compatible; GPTBot/1.3; +https://openai.com/gptbot)"
74.7.227.30 - - [31/Mar/2026:22:37:41 +0000] "GET /?view/item/200490868 HTTP/1.1" 404 - "https://rosebanklifecare.co.nz/wp-sitemap.xml" "Mozilla/5.0 AppleWebKit/537.36 (KHTML, like Gecko; compatible; GPTBot/1.3; +https://openai.com/gptbot)"
74.7.227.30 - - [31/Mar/2026:22:37:43 +0000] "GET /?view/item/273026606 HTTP/1.1" 404 - "https://rosebanklifecare.co.nz/wp-sitemap.xml" "Mozilla/5.0 AppleWebKit/537.36 (KHTML, like Gecko; compatible; GPTBot/1.3; +https://openai.com/gptbot)"
74.7.227.30 - - [31/Mar/2026:22:37:46 +0000] "GET /?view/item/275085676 HTTP/1.1" 404 - "https://rosebanklifecare.co.nz/wp-sitemap.xml" "Mozilla/5.0 AppleWebKit/537.36 (KHTML, like Gecko; compatible; GPTBot/1.3; +https://openai.com/gptbot)"
74.7.227.30 - - [31/Mar/2026:22:37:49 +0000] "GET /?view/item/169441878 HTTP/1.1" 404 - "https://rosebanklifecare.co.nz/wp-sitemap.xml" "Mozilla/5.0 AppleWebKit/537.36 (KHTML, like Gecko; compatible; GPTBot/1.3; +https://openai.com/gptbot)"
74.7.227.30 - - [31/Mar/2026:22:37:52 +0000] "GET /?view/item/188560575 HTTP/1.1" 404 - "https://rosebanklifecare.co.nz/wp-sitemap.xml" "Mozilla/5.0 AppleWebKit/537.36 (KHTML, like Gecko; compatible; GPTBot/1.3; +https://openai.com/gptbot)"
172.204.16.66 - - [31/Mar/2026:22:37:53 +0000] "GET /?p=11395 HTTP/1.1" 404 - "-" "Mozilla/5.0 AppleWebKit/537.36 (KHTML, like Gecko); compatible; ChatGPT-User/1.0; +https://openai.com/bot"
74.7.227.30 - - [31/Mar/2026:22:37:55 +0000] "GET /?view/item/305363585 HTTP/1.1" 404 - "https://rosebanklifecare.co.nz/wp-sitemap.xml" "Mozilla/5.0 AppleWebKit/537.36 (KHTML, like Gecko; compatible; GPTBot/1.3; +https://openai.com/gptbot)"
74.7.227.30 - - [31/Mar/2026:22:37:58 +0000] "GET /?view/item/286742363 HTTP/1.1" 404 - "https://rosebanklifecare.co.nz/wp-sitemap.xml" "Mozilla/5.0 AppleWebKit/537.36 (KHTML, like Gecko; compatible; GPTBot/1.3; +https://openai.com/gptbot)"
74.7.227.30 - - [31/Mar/2026:22:38:00 +0000] "GET /?view/item/130208060 HTTP/1.1" 404 - "https://rosebanklifecare.co.nz/wp-sitemap.xml" "Mozilla/5.0 AppleWebKit/537.36 (KHTML, like Gecko; compatible; GPTBot/1.3; +https://openai.com/gptbot)"
74.7.227.30 - - [31/Mar/2026:22:38:03 +0000] "GET /?view/item/307091474 HTTP/1.1" 404 - "https://rosebanklifecare.co.nz/wp-sitemap.xml" "Mozilla/5.0 AppleWebKit/537.36 (KHTML, like Gecko; compatible; GPTBot/1.3; +https://openai.com/gptbot)"
74.7.227.30 - - [31/Mar/2026:22:38:06 +0000] "GET /?view/item/287845989 HTTP/1.1" 404 - "https://rosebanklifecare.co.nz/wp-sitemap.xml" "Mozilla/5.0 AppleWebKit/537.36 (KHTML, like Gecko; compatible; GPTBot/1.3; +https://openai.com/gptbot)"
74.7.227.30 - - [31/Mar/2026:22:38:09 +0000] "GET /?view/item/113061040 HTTP/1.1" 404 - "https://rosebanklifecare.co.nz/wp-sitemap.xml" "Mozilla/5.0 AppleWebKit/537.36 (KHTML, like Gecko; compatible; GPTBot/1.3; +https://openai.com/gptbot)"
74.7.227.30 - - [31/Mar/2026:22:38:12 +0000] "GET /?view/item/247086676 HTTP/1.1" 404 - "https://rosebanklifecare.co.nz/wp-sitemap.xml" "Mozilla/5.0 AppleWebKit/537.36 (KHTML, like Gecko; compatible; GPTBot/1.3; +https://openai.com/gptbot)"
66.249.70.2 - - [31/Mar/2026:22:38:14 +0000] "GET /pokies-in-australia-games-for-free-with-bonus-rounds/ HTTP/1.1" 404 - "-" "Mozilla/5.0 (Linux; Android 6.0.1; Nexus 5X Build/MMB29P) AppleWebKit/537.36 (KHTML, like Gecko) Chrome/146.0.7680.164 Mobile Safari/537.36 (compatible; Googlebot/2.1; +http://www.google.com/bot.html)"
74.7.227.30 - - [31/Mar/2026:22:38:15 +0000] "GET /?view/item/128417747 HTTP/1.1" 404 - "https://rosebanklifecare.co.nz/wp-sitemap.xml" "Mozilla/5.0 AppleWebKit/537.36 (KHTML, like Gecko; compatible; GPTBot/1.3; +https://openai.com/gptbot)"
74.7.227.30 - - [31/Mar/2026:22:38:17 +0000] "GET /?view/item/173376808 HTTP/1.1" 404 - "https://rosebanklifecare.co.nz/wp-sitemap.xml" "Mozilla/5.0 AppleWebKit/537.36 (KHTML, like Gecko; compatible; GPTBot/1.3; +https://openai.com/gptbot)"
74.7.227.30 - - [31/Mar/2026:22:38:20 +0000] "GET /?view/item/197158848 HTTP/1.1" 404 - "https://rosebanklifecare.co.nz/wp-sitemap.xml" "Mozilla/5.0 AppleWebKit/537.36 (KHTML, like Gecko; compatible; GPTBot/1.3; +https://openai.com/gptbot)"
74.7.227.30 - - [31/Mar/2026:22:38:23 +0000] "GET /?view/item/202349363 HTTP/1.1" 404 - "https://rosebanklifecare.co.nz/wp-sitemap.xml" "Mozilla/5.0 AppleWebKit/537.36 (KHTML, like Gecko; compatible; GPTBot/1.3; +https://openai.com/gptbot)"
74.7.227.30 - - [31/Mar/2026:22:38:26 +0000] "GET /?view/item/180696151 HTTP/1.1" 404 - "https://rosebanklifecare.co.nz/wp-sitemap.xml" "Mozilla/5.0 AppleWebKit/537.36 (KHTML, like Gecko; compatible; GPTBot/1.3; +https://openai.com/gptbot)"
74.7.227.30 - - [31/Mar/2026:22:38:29 +0000] "GET /?view/item/273740060 HTTP/1.1" 404 - "https://rosebanklifecare.co.nz/wp-sitemap.xml" "Mozilla/5.0 AppleWebKit/537.36 (KHTML, like Gecko; compatible; GPTBot/1.3; +https://openai.com/gptbot)"
74.7.227.30 - - [31/Mar/2026:22:38:32 +0000] "GET /?view/item/283255434 HTTP/1.1" 404 - "https://rosebanklifecare.co.nz/wp-sitemap.xml" "Mozilla/5.0 AppleWebKit/537.36 (KHTML, like Gecko; compatible; GPTBot/1.3; +https://openai.com/gptbot)"
74.7.227.30 - - [31/Mar/2026:22:38:34 +0000] "GET /?view/item/288182606 HTTP/1.1" 404 - "https://rosebanklifecare.co.nz/wp-sitemap.xml" "Mozilla/5.0 AppleWebKit/537.36 (KHTML, like Gecko; compatible; GPTBot/1.3; +https://openai.com/gptbot)"
74.7.227.30 - - [31/Mar/2026:22:38:37 +0000] "GET /?view/item/278680737 HTTP/1.1" 404 - "https://rosebanklifecare.co.nz/wp-sitemap.xml" "Mozilla/5.0 AppleWebKit/537.36 (KHTML, like Gecko; compatible; GPTBot/1.3; +https://openai.com/gptbot)"
74.7.227.30 - - [31/Mar/2026:22:38:40 +0000] "GET /?view/item/173813525 HTTP/1.1" 404 - "https://rosebanklifecare.co.nz/wp-sitemap.xml" "Mozilla/5.0 AppleWebKit/537.36 (KHTML, like Gecko; compatible; GPTBot/1.3; +https://openai.com/gptbot)"
74.7.227.30 - - [31/Mar/2026:22:38:43 +0000] "GET /?view/item/162139383 HTTP/1.1" 404 - "https://rosebanklifecare.co.nz/wp-sitemap.xml" "Mozilla/5.0 AppleWebKit/537.36 (KHTML, like Gecko; compatible; GPTBot/1.3; +https://openai.com/gptbot)"
157.55.39.11 - - [31/Mar/2026:22:38:44 +0000] "GET /?p=6736 HTTP/1.1" 404 - "-" "Mozilla/5.0 AppleWebKit/537.36 (KHTML, like Gecko; compatible; bingbot/2.0; +http://www.bing.com/bingbot.htm) Chrome/116.0.1938.76 Safari/537.36"
74.7.227.30 - - [31/Mar/2026:22:38:46 +0000] "GET /?view/item/198952212 HTTP/1.1" 404 - "https://rosebanklifecare.co.nz/wp-sitemap.xml" "Mozilla/5.0 AppleWebKit/537.36 (KHTML, like Gecko; compatible; GPTBot/1.3; +https://openai.com/gptbot)"
74.7.227.30 - - [31/Mar/2026:22:38:48 +0000] "GET /?view/item/318058323 HTTP/1.1" 404 - "https://rosebanklifecare.co.nz/wp-sitemap.xml" "Mozilla/5.0 AppleWebKit/537.36 (KHTML, like Gecko; compatible; GPTBot/1.3; +https://openai.com/gptbot)"
