74.7.227.30 - - [31/Mar/2026:22:57:24 +0000] "GET /?view/item/318965171 HTTP/1.1" 404 - "https://rosebanklifecare.co.nz/wp-sitemap.xml" "Mozilla/5.0 AppleWebKit/537.36 (KHTML, like Gecko; compatible; GPTBot/1.3; +https://openai.com/gptbot)"
74.7.227.30 - - [31/Mar/2026:22:57:26 +0000] "GET /?view/item/318296030 HTTP/1.1" 404 - "https://rosebanklifecare.co.nz/wp-sitemap.xml" "Mozilla/5.0 AppleWebKit/537.36 (KHTML, like Gecko; compatible; GPTBot/1.3; +https://openai.com/gptbot)"
17.246.19.254 - - [31/Mar/2026:22:57:27 +0000] "GET /?p=4357 HTTP/1.1" 404 - "-" "Mozilla/5.0 (Macintosh; Intel Mac OS X 10_15_7) AppleWebKit/605.1.15 (KHTML, like Gecko) Version/17.4 Safari/605.1.15 (Applebot/0.1; +http://www.apple.com/go/applebot)"
74.7.227.30 - - [31/Mar/2026:22:57:29 +0000] "GET /?view/item/274968232 HTTP/1.1" 404 - "https://rosebanklifecare.co.nz/wp-sitemap.xml" "Mozilla/5.0 AppleWebKit/537.36 (KHTML, like Gecko; compatible; GPTBot/1.3; +https://openai.com/gptbot)"
74.7.227.30 - - [31/Mar/2026:22:57:32 +0000] "GET /?view/item/237015787 HTTP/1.1" 404 - "https://rosebanklifecare.co.nz/wp-sitemap.xml" "Mozilla/5.0 AppleWebKit/537.36 (KHTML, like Gecko; compatible; GPTBot/1.3; +https://openai.com/gptbot)"
74.7.227.30 - - [31/Mar/2026:22:57:35 +0000] "GET /?view/item/240825373 HTTP/1.1" 404 - "https://rosebanklifecare.co.nz/wp-sitemap.xml" "Mozilla/5.0 AppleWebKit/537.36 (KHTML, like Gecko; compatible; GPTBot/1.3; +https://openai.com/gptbot)"
74.7.227.30 - - [31/Mar/2026:22:57:38 +0000] "GET /?view/item/231112929 HTTP/1.1" 404 - "https://rosebanklifecare.co.nz/wp-sitemap.xml" "Mozilla/5.0 AppleWebKit/537.36 (KHTML, like Gecko; compatible; GPTBot/1.3; +https://openai.com/gptbot)"
66.249.70.3 - - [31/Mar/2026:22:57:40 +0000] "GET /australia-gambling-ombudsman/ HTTP/1.1" 404 - "-" "Mozilla/5.0 (Linux; Android 6.0.1; Nexus 5X Build/MMB29P) AppleWebKit/537.36 (KHTML, like Gecko) Chrome/146.0.7680.164 Mobile Safari/537.36 (compatible; Googlebot/2.1; +http://www.google.com/bot.html)"
74.7.227.30 - - [31/Mar/2026:22:57:41 +0000] "GET /?view/item/210077000 HTTP/1.1" 404 - "https://rosebanklifecare.co.nz/wp-sitemap.xml" "Mozilla/5.0 AppleWebKit/537.36 (KHTML, like Gecko; compatible; GPTBot/1.3; +https://openai.com/gptbot)"
74.7.227.30 - - [31/Mar/2026:22:57:43 +0000] "GET /?view/item/157265666 HTTP/1.1" 404 - "https://rosebanklifecare.co.nz/wp-sitemap.xml" "Mozilla/5.0 AppleWebKit/537.36 (KHTML, like Gecko; compatible; GPTBot/1.3; +https://openai.com/gptbot)"
74.7.227.30 - - [31/Mar/2026:22:57:46 +0000] "GET /?view/item/235925222 HTTP/1.1" 404 - "https://rosebanklifecare.co.nz/wp-sitemap.xml" "Mozilla/5.0 AppleWebKit/537.36 (KHTML, like Gecko; compatible; GPTBot/1.3; +https://openai.com/gptbot)"
74.7.227.30 - - [31/Mar/2026:22:57:49 +0000] "GET /?view/item/311183555 HTTP/1.1" 404 - "https://rosebanklifecare.co.nz/wp-sitemap.xml" "Mozilla/5.0 AppleWebKit/537.36 (KHTML, like Gecko; compatible; GPTBot/1.3; +https://openai.com/gptbot)"
74.7.227.30 - - [31/Mar/2026:22:57:52 +0000] "GET /?view/item/155087888 HTTP/1.1" 404 - "https://rosebanklifecare.co.nz/wp-sitemap.xml" "Mozilla/5.0 AppleWebKit/537.36 (KHTML, like Gecko; compatible; GPTBot/1.3; +https://openai.com/gptbot)"
66.249.70.2 - - [31/Mar/2026:22:57:54 +0000] "GET /?p=2619 HTTP/1.1" 404 - "-" "Mozilla/5.0 (Linux; Android 6.0.1; Nexus 5X Build/MMB29P) AppleWebKit/537.36 (KHTML, like Gecko) Chrome/146.0.7680.164 Mobile Safari/537.36 (compatible; Googlebot/2.1; +http://www.google.com/bot.html)"
66.249.70.3 - - [31/Mar/2026:22:57:54 +0000] "GET /most-famous-casinos-in-au/ HTTP/1.1" 404 - "-" "Mozilla/5.0 (Linux; Android 6.0.1; Nexus 5X Build/MMB29P) AppleWebKit/537.36 (KHTML, like Gecko) Chrome/146.0.7680.164 Mobile Safari/537.36 (compatible; Googlebot/2.1; +http://www.google.com/bot.html)"
74.7.227.30 - - [31/Mar/2026:22:57:55 +0000] "GET /?view/item/112344424 HTTP/1.1" 404 - "https://rosebanklifecare.co.nz/wp-sitemap.xml" "Mozilla/5.0 AppleWebKit/537.36 (KHTML, like Gecko; compatible; GPTBot/1.3; +https://openai.com/gptbot)"
74.7.227.30 - - [31/Mar/2026:22:57:57 +0000] "GET /?view/item/299654666 HTTP/1.1" 404 - "https://rosebanklifecare.co.nz/wp-sitemap.xml" "Mozilla/5.0 AppleWebKit/537.36 (KHTML, like Gecko; compatible; GPTBot/1.3; +https://openai.com/gptbot)"
74.7.227.30 - - [31/Mar/2026:22:58:00 +0000] "GET /?view/item/224018444 HTTP/1.1" 404 - "https://rosebanklifecare.co.nz/wp-sitemap.xml" "Mozilla/5.0 AppleWebKit/537.36 (KHTML, like Gecko; compatible; GPTBot/1.3; +https://openai.com/gptbot)"
66.249.70.3 - - [31/Mar/2026:22:58:01 +0000] "GET /best-sign-up-bonus-online-casino-au/ HTTP/1.1" 404 - "-" "Mozilla/5.0 (Linux; Android 6.0.1; Nexus 5X Build/MMB29P) AppleWebKit/537.36 (KHTML, like Gecko) Chrome/146.0.7680.164 Mobile Safari/537.36 (compatible; Googlebot/2.1; +http://www.google.com/bot.html)"
74.7.227.30 - - [31/Mar/2026:22:58:03 +0000] "GET /?view/item/277732929 HTTP/1.1" 404 - "https://rosebanklifecare.co.nz/wp-sitemap.xml" "Mozilla/5.0 AppleWebKit/537.36 (KHTML, like Gecko; compatible; GPTBot/1.3; +https://openai.com/gptbot)"
74.7.227.30 - - [31/Mar/2026:22:58:06 +0000] "GET /?view/item/147572111 HTTP/1.1" 404 - "https://rosebanklifecare.co.nz/wp-sitemap.xml" "Mozilla/5.0 AppleWebKit/537.36 (KHTML, like Gecko; compatible; GPTBot/1.3; +https://openai.com/gptbot)"
74.7.227.30 - - [31/Mar/2026:22:58:09 +0000] "GET /?view/item/288838929 HTTP/1.1" 404 - "https://rosebanklifecare.co.nz/wp-sitemap.xml" "Mozilla/5.0 AppleWebKit/537.36 (KHTML, like Gecko; compatible; GPTBot/1.3; +https://openai.com/gptbot)"
74.7.227.30 - - [31/Mar/2026:22:58:11 +0000] "GET /?view/item/277649444 HTTP/1.1" 404 - "https://rosebanklifecare.co.nz/wp-sitemap.xml" "Mozilla/5.0 AppleWebKit/537.36 (KHTML, like Gecko; compatible; GPTBot/1.3; +https://openai.com/gptbot)"
74.7.227.30 - - [31/Mar/2026:22:58:14 +0000] "GET /?view/item/158889838 HTTP/1.1" 404 - "https://rosebanklifecare.co.nz/wp-sitemap.xml" "Mozilla/5.0 AppleWebKit/537.36 (KHTML, like Gecko; compatible; GPTBot/1.3; +https://openai.com/gptbot)"
74.7.227.30 - - [31/Mar/2026:22:58:17 +0000] "GET /?view/item/115559000 HTTP/1.1" 404 - "https://rosebanklifecare.co.nz/wp-sitemap.xml" "Mozilla/5.0 AppleWebKit/537.36 (KHTML, like Gecko; compatible; GPTBot/1.3; +https://openai.com/gptbot)"
74.7.227.30 - - [31/Mar/2026:22:58:20 +0000] "GET /?view/item/303326222 HTTP/1.1" 404 - "https://rosebanklifecare.co.nz/wp-sitemap.xml" "Mozilla/5.0 AppleWebKit/537.36 (KHTML, like Gecko; compatible; GPTBot/1.3; +https://openai.com/gptbot)"
74.7.227.30 - - [31/Mar/2026:22:58:23 +0000] "GET /?view/item/100039404 HTTP/1.1" 404 - "https://rosebanklifecare.co.nz/wp-sitemap.xml" "Mozilla/5.0 AppleWebKit/537.36 (KHTML, like Gecko; compatible; GPTBot/1.3; +https://openai.com/gptbot)"
74.7.227.30 - - [31/Mar/2026:22:58:26 +0000] "GET /?view/item/301778333 HTTP/1.1" 404 - "https://rosebanklifecare.co.nz/wp-sitemap.xml" "Mozilla/5.0 AppleWebKit/537.36 (KHTML, like Gecko; compatible; GPTBot/1.3; +https://openai.com/gptbot)"
74.7.227.30 - - [31/Mar/2026:22:58:28 +0000] "GET /?view/item/101155515 HTTP/1.1" 404 - "https://rosebanklifecare.co.nz/wp-sitemap.xml" "Mozilla/5.0 AppleWebKit/537.36 (KHTML, like Gecko; compatible; GPTBot/1.3; +https://openai.com/gptbot)"
74.7.227.30 - - [31/Mar/2026:22:58:31 +0000] "GET /?view/item/208781777 HTTP/1.1" 404 - "https://rosebanklifecare.co.nz/wp-sitemap.xml" "Mozilla/5.0 AppleWebKit/537.36 (KHTML, like Gecko; compatible; GPTBot/1.3; +https://openai.com/gptbot)"
74.7.227.30 - - [31/Mar/2026:22:58:34 +0000] "GET /?view/item/187055000 HTTP/1.1" 404 - "https://rosebanklifecare.co.nz/wp-sitemap.xml" "Mozilla/5.0 AppleWebKit/537.36 (KHTML, like Gecko; compatible; GPTBot/1.3; +https://openai.com/gptbot)"
74.7.227.30 - - [31/Mar/2026:22:58:37 +0000] "GET /?view/item/174777424 HTTP/1.1" 404 - "https://rosebanklifecare.co.nz/wp-sitemap.xml" "Mozilla/5.0 AppleWebKit/537.36 (KHTML, like Gecko; compatible; GPTBot/1.3; +https://openai.com/gptbot)"
74.7.227.30 - - [31/Mar/2026:22:58:40 +0000] "GET /?view/item/108638333 HTTP/1.1" 404 - "https://rosebanklifecare.co.nz/wp-sitemap.xml" "Mozilla/5.0 AppleWebKit/537.36 (KHTML, like Gecko; compatible; GPTBot/1.3; +https://openai.com/gptbot)"
74.7.227.30 - - [31/Mar/2026:22:58:42 +0000] "GET /?view/item/216710111 HTTP/1.1" 404 - "https://rosebanklifecare.co.nz/wp-sitemap.xml" "Mozilla/5.0 AppleWebKit/537.36 (KHTML, like Gecko; compatible; GPTBot/1.3; +https://openai.com/gptbot)"
74.7.227.30 - - [31/Mar/2026:22:58:45 +0000] "GET /?view/item/169577666 HTTP/1.1" 404 - "https://rosebanklifecare.co.nz/wp-sitemap.xml" "Mozilla/5.0 AppleWebKit/537.36 (KHTML, like Gecko; compatible; GPTBot/1.3; +https://openai.com/gptbot)"
74.7.227.30 - - [31/Mar/2026:22:58:48 +0000] "GET /?view/item/169928666 HTTP/1.1" 404 - "https://rosebanklifecare.co.nz/wp-sitemap.xml" "Mozilla/5.0 AppleWebKit/537.36 (KHTML, like Gecko; compatible; GPTBot/1.3; +https://openai.com/gptbot)"
74.7.227.30 - - [31/Mar/2026:22:58:51 +0000] "GET /?view/item/108998000 HTTP/1.1" 404 - "https://rosebanklifecare.co.nz/wp-sitemap.xml" "Mozilla/5.0 AppleWebKit/537.36 (KHTML, like Gecko; compatible; GPTBot/1.3; +https://openai.com/gptbot)"
74.7.227.30 - - [31/Mar/2026:22:58:53 +0000] "GET /?view/item/266264888 HTTP/1.1" 404 - "https://rosebanklifecare.co.nz/wp-sitemap.xml" "Mozilla/5.0 AppleWebKit/537.36 (KHTML, like Gecko; compatible; GPTBot/1.3; +https://openai.com/gptbot)"
74.7.227.30 - - [31/Mar/2026:22:58:56 +0000] "GET /?view/item/64619555 HTTP/1.1" 404 - "https://rosebanklifecare.co.nz/wp-sitemap.xml" "Mozilla/5.0 AppleWebKit/537.36 (KHTML, like Gecko; compatible; GPTBot/1.3; +https://openai.com/gptbot)"
74.7.227.30 - - [31/Mar/2026:22:58:59 +0000] "GET /?view/item/311143161 HTTP/1.1" 404 - "https://rosebanklifecare.co.nz/wp-sitemap.xml" "Mozilla/5.0 AppleWebKit/537.36 (KHTML, like Gecko; compatible; GPTBot/1.3; +https://openai.com/gptbot)"
74.7.227.30 - - [31/Mar/2026:22:59:02 +0000] "GET /?view/item/97524808 HTTP/1.1" 404 - "https://rosebanklifecare.co.nz/wp-sitemap.xml" "Mozilla/5.0 AppleWebKit/537.36 (KHTML, like Gecko; compatible; GPTBot/1.3; +https://openai.com/gptbot)"
74.7.227.30 - - [31/Mar/2026:22:59:05 +0000] "GET /?view/item/94572010 HTTP/1.1" 404 - "https://rosebanklifecare.co.nz/wp-sitemap.xml" "Mozilla/5.0 AppleWebKit/537.36 (KHTML, like Gecko; compatible; GPTBot/1.3; +https://openai.com/gptbot)"
74.7.227.30 - - [31/Mar/2026:22:59:07 +0000] "GET /?view/item/92160787 HTTP/1.1" 404 - "https://rosebanklifecare.co.nz/wp-sitemap.xml" "Mozilla/5.0 AppleWebKit/537.36 (KHTML, like Gecko; compatible; GPTBot/1.3; +https://openai.com/gptbot)"
74.7.227.30 - - [31/Mar/2026:22:59:10 +0000] "GET /?view/item/71024969 HTTP/1.1" 404 - "https://rosebanklifecare.co.nz/wp-sitemap.xml" "Mozilla/5.0 AppleWebKit/537.36 (KHTML, like Gecko; compatible; GPTBot/1.3; +https://openai.com/gptbot)"
74.7.227.30 - - [31/Mar/2026:22:59:13 +0000] "GET /?view/item/82963707 HTTP/1.1" 404 - "https://rosebanklifecare.co.nz/wp-sitemap.xml" "Mozilla/5.0 AppleWebKit/537.36 (KHTML, like Gecko; compatible; GPTBot/1.3; +https://openai.com/gptbot)"
74.7.227.30 - - [31/Mar/2026:22:59:16 +0000] "GET /?view/item/54673101 HTTP/1.1" 404 - "https://rosebanklifecare.co.nz/wp-sitemap.xml" "Mozilla/5.0 AppleWebKit/537.36 (KHTML, like Gecko; compatible; GPTBot/1.3; +https://openai.com/gptbot)"
74.7.227.30 - - [31/Mar/2026:22:59:19 +0000] "GET /?view/item/76829414 HTTP/1.1" 404 - "https://rosebanklifecare.co.nz/wp-sitemap.xml" "Mozilla/5.0 AppleWebKit/537.36 (KHTML, like Gecko; compatible; GPTBot/1.3; +https://openai.com/gptbot)"
74.7.227.30 - - [31/Mar/2026:22:59:21 +0000] "GET /?view/item/72694818 HTTP/1.1" 404 - "https://rosebanklifecare.co.nz/wp-sitemap.xml" "Mozilla/5.0 AppleWebKit/537.36 (KHTML, like Gecko; compatible; GPTBot/1.3; +https://openai.com/gptbot)"
66.249.70.3 - - [31/Mar/2026:22:59:23 +0000] "GET /play-winning-pokies-game/ HTTP/1.1" 404 - "-" "Mozilla/5.0 (Linux; Android 6.0.1; Nexus 5X Build/MMB29P) AppleWebKit/537.36 (KHTML, like Gecko) Chrome/146.0.7680.164 Mobile Safari/537.36 (compatible; Googlebot/2.1; +http://www.google.com/bot.html)"
66.249.70.3 - - [31/Mar/2026:22:59:23 +0000] "GET /winning-statistics-for-safe-pokies/ HTTP/1.1" 404 - "-" "Mozilla/5.0 (Linux; Android 6.0.1; Nexus 5X Build/MMB29P) AppleWebKit/537.36 (KHTML, like Gecko) Chrome/146.0.7680.164 Mobile Safari/537.36 (compatible; Googlebot/2.1; +http://www.google.com/bot.html)"
74.7.227.30 - - [31/Mar/2026:22:59:24 +0000] "GET /?view/item/82145030 HTTP/1.1" 404 - "https://rosebanklifecare.co.nz/wp-sitemap.xml" "Mozilla/5.0 AppleWebKit/537.36 (KHTML, like Gecko; compatible; GPTBot/1.3; +https://openai.com/gptbot)"
74.7.227.30 - - [31/Mar/2026:22:59:27 +0000] "GET /?view/item/90365414 HTTP/1.1" 404 - "https://rosebanklifecare.co.nz/wp-sitemap.xml" "Mozilla/5.0 AppleWebKit/537.36 (KHTML, like Gecko; compatible; GPTBot/1.3; +https://openai.com/gptbot)"
74.7.227.30 - - [31/Mar/2026:22:59:30 +0000] "GET /?view/item/70341868 HTTP/1.1" 404 - "https://rosebanklifecare.co.nz/wp-sitemap.xml" "Mozilla/5.0 AppleWebKit/537.36 (KHTML, like Gecko; compatible; GPTBot/1.3; +https://openai.com/gptbot)"
74.7.227.30 - - [31/Mar/2026:22:59:33 +0000] "GET /?view/item/81697404 HTTP/1.1" 404 - "https://rosebanklifecare.co.nz/wp-sitemap.xml" "Mozilla/5.0 AppleWebKit/537.36 (KHTML, like Gecko; compatible; GPTBot/1.3; +https://openai.com/gptbot)"
74.7.227.30 - - [31/Mar/2026:22:59:35 +0000] "GET /?view/item/83052919 HTTP/1.1" 404 - "https://rosebanklifecare.co.nz/wp-sitemap.xml" "Mozilla/5.0 AppleWebKit/537.36 (KHTML, like Gecko; compatible; GPTBot/1.3; +https://openai.com/gptbot)"
74.7.227.30 - - [31/Mar/2026:22:59:38 +0000] "GET /?view/item/313246464 HTTP/1.1" 404 - "https://rosebanklifecare.co.nz/wp-sitemap.xml" "Mozilla/5.0 AppleWebKit/537.36 (KHTML, like Gecko; compatible; GPTBot/1.3; +https://openai.com/gptbot)"
74.7.227.30 - - [31/Mar/2026:22:59:41 +0000] "GET /?view/item/127981818 HTTP/1.1" 404 - "https://rosebanklifecare.co.nz/wp-sitemap.xml" "Mozilla/5.0 AppleWebKit/537.36 (KHTML, like Gecko; compatible; GPTBot/1.3; +https://openai.com/gptbot)"
74.7.227.30 - - [31/Mar/2026:22:59:44 +0000] "GET /?view/item/198234343 HTTP/1.1" 404 - "https://rosebanklifecare.co.nz/wp-sitemap.xml" "Mozilla/5.0 AppleWebKit/537.36 (KHTML, like Gecko; compatible; GPTBot/1.3; +https://openai.com/gptbot)"
74.7.227.30 - - [31/Mar/2026:22:59:47 +0000] "GET /?view/item/230067676 HTTP/1.1" 404 - "https://rosebanklifecare.co.nz/wp-sitemap.xml" "Mozilla/5.0 AppleWebKit/537.36 (KHTML, like Gecko; compatible; GPTBot/1.3; +https://openai.com/gptbot)"
74.7.227.30 - - [31/Mar/2026:22:59:49 +0000] "GET /?view/item/305526262 HTTP/1.1" 404 - "https://rosebanklifecare.co.nz/wp-sitemap.xml" "Mozilla/5.0 AppleWebKit/537.36 (KHTML, like Gecko; compatible; GPTBot/1.3; +https://openai.com/gptbot)"
74.7.227.30 - - [31/Mar/2026:22:59:52 +0000] "GET /?view/item/216753535 HTTP/1.1" 404 - "https://rosebanklifecare.co.nz/wp-sitemap.xml" "Mozilla/5.0 AppleWebKit/537.36 (KHTML, like Gecko; compatible; GPTBot/1.3; +https://openai.com/gptbot)"
74.7.227.30 - - [31/Mar/2026:22:59:55 +0000] "GET /?view/item/130430474 HTTP/1.1" 404 - "https://rosebanklifecare.co.nz/wp-sitemap.xml" "Mozilla/5.0 AppleWebKit/537.36 (KHTML, like Gecko; compatible; GPTBot/1.3; +https://openai.com/gptbot)"
74.7.227.30 - - [31/Mar/2026:22:59:58 +0000] "GET /?view/item/94030767 HTTP/1.1" 404 - "https://rosebanklifecare.co.nz/wp-sitemap.xml" "Mozilla/5.0 AppleWebKit/537.36 (KHTML, like Gecko; compatible; GPTBot/1.3; +https://openai.com/gptbot)"
74.7.227.30 - - [31/Mar/2026:23:00:00 +0000] "GET /?view/item/98032383 HTTP/1.1" 404 - "https://rosebanklifecare.co.nz/wp-sitemap.xml" "Mozilla/5.0 AppleWebKit/537.36 (KHTML, like Gecko; compatible; GPTBot/1.3; +https://openai.com/gptbot)"
74.7.227.30 - - [31/Mar/2026:23:00:03 +0000] "GET /?view/item/79732818 HTTP/1.1" 404 - "https://rosebanklifecare.co.nz/wp-sitemap.xml" "Mozilla/5.0 AppleWebKit/537.36 (KHTML, like Gecko; compatible; GPTBot/1.3; +https://openai.com/gptbot)"
74.7.227.30 - - [31/Mar/2026:23:00:06 +0000] "GET /?view/item/41636363 HTTP/1.1" 404 - "https://rosebanklifecare.co.nz/wp-sitemap.xml" "Mozilla/5.0 AppleWebKit/537.36 (KHTML, like Gecko; compatible; GPTBot/1.3; +https://openai.com/gptbot)"
74.7.227.30 - - [31/Mar/2026:23:00:09 +0000] "GET /?view/item/25266484 HTTP/1.1" 404 - "https://rosebanklifecare.co.nz/wp-sitemap.xml" "Mozilla/5.0 AppleWebKit/537.36 (KHTML, like Gecko; compatible; GPTBot/1.3; +https://openai.com/gptbot)"
74.7.227.30 - - [31/Mar/2026:23:00:12 +0000] "GET /?view/item/38037262 HTTP/1.1" 404 - "https://rosebanklifecare.co.nz/wp-sitemap.xml" "Mozilla/5.0 AppleWebKit/537.36 (KHTML, like Gecko; compatible; GPTBot/1.3; +https://openai.com/gptbot)"
74.7.227.30 - - [31/Mar/2026:23:00:14 +0000] "GET /?view/item/70395979 HTTP/1.1" 404 - "https://rosebanklifecare.co.nz/wp-sitemap.xml" "Mozilla/5.0 AppleWebKit/537.36 (KHTML, like Gecko; compatible; GPTBot/1.3; +https://openai.com/gptbot)"
74.7.227.30 - - [31/Mar/2026:23:00:17 +0000] "GET /?view/item/297187878 HTTP/1.1" 404 - "https://rosebanklifecare.co.nz/wp-sitemap.xml" "Mozilla/5.0 AppleWebKit/537.36 (KHTML, like Gecko; compatible; GPTBot/1.3; +https://openai.com/gptbot)"
74.7.227.30 - - [31/Mar/2026:23:00:20 +0000] "GET /?view/item/81002363 HTTP/1.1" 404 - "https://rosebanklifecare.co.nz/wp-sitemap.xml" "Mozilla/5.0 AppleWebKit/537.36 (KHTML, like Gecko; compatible; GPTBot/1.3; +https://openai.com/gptbot)"
74.7.227.30 - - [31/Mar/2026:23:00:23 +0000] "GET /?view/item/79011676 HTTP/1.1" 404 - "https://rosebanklifecare.co.nz/wp-sitemap.xml" "Mozilla/5.0 AppleWebKit/537.36 (KHTML, like Gecko; compatible; GPTBot/1.3; +https://openai.com/gptbot)"
66.249.70.4 - - [31/Mar/2026:23:00:25 +0000] "GET /casino-in-navarre-nz/ HTTP/1.1" 404 - "-" "Mozilla/5.0 (Linux; Android 6.0.1; Nexus 5X Build/MMB29P) AppleWebKit/537.36 (KHTML, like Gecko) Chrome/146.0.7680.164 Mobile Safari/537.36 (compatible; Googlebot/2.1; +http://www.google.com/bot.html)"
74.7.227.30 - - [31/Mar/2026:23:00:26 +0000] "GET /?view/item/93195565 HTTP/1.1" 404 - "https://rosebanklifecare.co.nz/wp-sitemap.xml" "Mozilla/5.0 AppleWebKit/537.36 (KHTML, like Gecko; compatible; GPTBot/1.3; +https://openai.com/gptbot)"
74.7.227.30 - - [31/Mar/2026:23:00:29 +0000] "GET /?view/item/71742040 HTTP/1.1" 404 - "https://rosebanklifecare.co.nz/wp-sitemap.xml" "Mozilla/5.0 AppleWebKit/537.36 (KHTML, like Gecko; compatible; GPTBot/1.3; +https://openai.com/gptbot)"
74.7.227.30 - - [31/Mar/2026:23:00:31 +0000] "GET /?view/item/25198656 HTTP/1.1" 404 - "https://rosebanklifecare.co.nz/wp-sitemap.xml" "Mozilla/5.0 AppleWebKit/537.36 (KHTML, like Gecko; compatible; GPTBot/1.3; +https://openai.com/gptbot)"
74.7.227.30 - - [31/Mar/2026:23:00:34 +0000] "GET /?view/item/73683808 HTTP/1.1" 404 - "https://rosebanklifecare.co.nz/wp-sitemap.xml" "Mozilla/5.0 AppleWebKit/537.36 (KHTML, like Gecko; compatible; GPTBot/1.3; +https://openai.com/gptbot)"
74.7.227.30 - - [31/Mar/2026:23:00:37 +0000] "GET /?view/item/29787313 HTTP/1.1" 404 - "https://rosebanklifecare.co.nz/wp-sitemap.xml" "Mozilla/5.0 AppleWebKit/537.36 (KHTML, like Gecko; compatible; GPTBot/1.3; +https://openai.com/gptbot)"
74.7.227.30 - - [31/Mar/2026:23:00:40 +0000] "GET /?view/item/32738060 HTTP/1.1" 404 - "https://rosebanklifecare.co.nz/wp-sitemap.xml" "Mozilla/5.0 AppleWebKit/537.36 (KHTML, like Gecko; compatible; GPTBot/1.3; +https://openai.com/gptbot)"
74.7.227.30 - - [31/Mar/2026:23:00:43 +0000] "GET /?view/item/82505363 HTTP/1.1" 404 - "https://rosebanklifecare.co.nz/wp-sitemap.xml" "Mozilla/5.0 AppleWebKit/537.36 (KHTML, like Gecko; compatible; GPTBot/1.3; +https://openai.com/gptbot)"
74.7.227.30 - - [31/Mar/2026:23:00:46 +0000] "GET /?view/item/54310737 HTTP/1.1" 404 - "https://rosebanklifecare.co.nz/wp-sitemap.xml" "Mozilla/5.0 AppleWebKit/537.36 (KHTML, like Gecko; compatible; GPTBot/1.3; +https://openai.com/gptbot)"
74.7.227.30 - - [31/Mar/2026:23:00:49 +0000] "GET /?view/item/83118727 HTTP/1.1" 404 - "https://rosebanklifecare.co.nz/wp-sitemap.xml" "Mozilla/5.0 AppleWebKit/537.36 (KHTML, like Gecko; compatible; GPTBot/1.3; +https://openai.com/gptbot)"
74.7.227.30 - - [31/Mar/2026:23:00:51 +0000] "GET /?view/item/40191757 HTTP/1.1" 404 - "https://rosebanklifecare.co.nz/wp-sitemap.xml" "Mozilla/5.0 AppleWebKit/537.36 (KHTML, like Gecko; compatible; GPTBot/1.3; +https://openai.com/gptbot)"
74.7.227.30 - - [31/Mar/2026:23:00:54 +0000] "GET /?view/item/28859636 HTTP/1.1" 404 - "https://rosebanklifecare.co.nz/wp-sitemap.xml" "Mozilla/5.0 AppleWebKit/537.36 (KHTML, like Gecko; compatible; GPTBot/1.3; +https://openai.com/gptbot)"
74.7.227.30 - - [31/Mar/2026:23:00:57 +0000] "GET /?view/item/53778727 HTTP/1.1" 404 - "https://rosebanklifecare.co.nz/wp-sitemap.xml" "Mozilla/5.0 AppleWebKit/537.36 (KHTML, like Gecko; compatible; GPTBot/1.3; +https://openai.com/gptbot)"
74.7.227.30 - - [31/Mar/2026:23:01:00 +0000] "GET /?view/item/99508848 HTTP/1.1" 404 - "https://rosebanklifecare.co.nz/wp-sitemap.xml" "Mozilla/5.0 AppleWebKit/537.36 (KHTML, like Gecko; compatible; GPTBot/1.3; +https://openai.com/gptbot)"
74.7.227.30 - - [31/Mar/2026:23:01:03 +0000] "GET /?view/item/93744010 HTTP/1.1" 404 - "https://rosebanklifecare.co.nz/wp-sitemap.xml" "Mozilla/5.0 AppleWebKit/537.36 (KHTML, like Gecko; compatible; GPTBot/1.3; +https://openai.com/gptbot)"
74.7.227.30 - - [31/Mar/2026:23:01:06 +0000] "GET /?view/item/94266343 HTTP/1.1" 404 - "https://rosebanklifecare.co.nz/wp-sitemap.xml" "Mozilla/5.0 AppleWebKit/537.36 (KHTML, like Gecko; compatible; GPTBot/1.3; +https://openai.com/gptbot)"
74.7.227.30 - - [31/Mar/2026:23:01:08 +0000] "GET /?view/item/72371828 HTTP/1.1" 404 - "https://rosebanklifecare.co.nz/wp-sitemap.xml" "Mozilla/5.0 AppleWebKit/537.36 (KHTML, like Gecko; compatible; GPTBot/1.3; +https://openai.com/gptbot)"
74.7.227.30 - - [31/Mar/2026:23:01:11 +0000] "GET /?view/item/52471464 HTTP/1.1" 404 - "https://rosebanklifecare.co.nz/wp-sitemap.xml" "Mozilla/5.0 AppleWebKit/537.36 (KHTML, like Gecko; compatible; GPTBot/1.3; +https://openai.com/gptbot)"
74.7.227.30 - - [31/Mar/2026:23:01:14 +0000] "GET /?view/item/99369232 HTTP/1.1" 404 - "https://rosebanklifecare.co.nz/wp-sitemap.xml" "Mozilla/5.0 AppleWebKit/537.36 (KHTML, like Gecko; compatible; GPTBot/1.3; +https://openai.com/gptbot)"
74.7.227.30 - - [31/Mar/2026:23:01:17 +0000] "GET /?view/item/28409060 HTTP/1.1" 404 - "https://rosebanklifecare.co.nz/wp-sitemap.xml" "Mozilla/5.0 AppleWebKit/537.36 (KHTML, like Gecko; compatible; GPTBot/1.3; +https://openai.com/gptbot)"
66.249.70.3 - - [31/Mar/2026:23:01:19 +0000] "GET /?view/item/27386111 HTTP/1.1" 404 - "-" "Mozilla/5.0 (Linux; Android 6.0.1; Nexus 5X Build/MMB29P) AppleWebKit/537.36 (KHTML, like Gecko) Chrome/146.0.7680.164 Mobile Safari/537.36 (compatible; Googlebot/2.1; +http://www.google.com/bot.html)"
74.7.227.30 - - [31/Mar/2026:23:01:20 +0000] "GET /?view/item/53221050 HTTP/1.1" 404 - "https://rosebanklifecare.co.nz/wp-sitemap.xml" "Mozilla/5.0 AppleWebKit/537.36 (KHTML, like Gecko; compatible; GPTBot/1.3; +https://openai.com/gptbot)"
74.7.227.30 - - [31/Mar/2026:23:01:23 +0000] "GET /?view/item/31480323 HTTP/1.1" 404 - "https://rosebanklifecare.co.nz/wp-sitemap.xml" "Mozilla/5.0 AppleWebKit/537.36 (KHTML, like Gecko; compatible; GPTBot/1.3; +https://openai.com/gptbot)"
66.249.70.3 - - [31/Mar/2026:23:01:25 +0000] "GET /mini-pokies-online-australia/ HTTP/1.1" 404 - "-" "Mozilla/5.0 (Linux; Android 6.0.1; Nexus 5X Build/MMB29P) AppleWebKit/537.36 (KHTML, like Gecko) Chrome/146.0.7680.164 Mobile Safari/537.36 (compatible; Googlebot/2.1; +http://www.google.com/bot.html)"
74.7.227.30 - - [31/Mar/2026:23:01:26 +0000] "GET /?view/item/22849101 HTTP/1.1" 404 - "https://rosebanklifecare.co.nz/wp-sitemap.xml" "Mozilla/5.0 AppleWebKit/537.36 (KHTML, like Gecko; compatible; GPTBot/1.3; +https://openai.com/gptbot)"
74.7.227.30 - - [31/Mar/2026:23:01:28 +0000] "GET /?view/item/33262101 HTTP/1.1" 404 - "https://rosebanklifecare.co.nz/wp-sitemap.xml" "Mozilla/5.0 AppleWebKit/537.36 (KHTML, like Gecko; compatible; GPTBot/1.3; +https://openai.com/gptbot)"
74.7.227.30 - - [31/Mar/2026:23:01:31 +0000] "GET /?view/item/73138161 HTTP/1.1" 404 - "https://rosebanklifecare.co.nz/wp-sitemap.xml" "Mozilla/5.0 AppleWebKit/537.36 (KHTML, like Gecko; compatible; GPTBot/1.3; +https://openai.com/gptbot)"
74.7.227.30 - - [31/Mar/2026:23:01:34 +0000] "GET /?view/item/81470030 HTTP/1.1" 404 - "https://rosebanklifecare.co.nz/wp-sitemap.xml" "Mozilla/5.0 AppleWebKit/537.36 (KHTML, like Gecko; compatible; GPTBot/1.3; +https://openai.com/gptbot)"
74.7.227.30 - - [31/Mar/2026:23:01:37 +0000] "GET /?view/item/40271303 HTTP/1.1" 404 - "https://rosebanklifecare.co.nz/wp-sitemap.xml" "Mozilla/5.0 AppleWebKit/537.36 (KHTML, like Gecko; compatible; GPTBot/1.3; +https://openai.com/gptbot)"
74.7.227.30 - - [31/Mar/2026:23:01:40 +0000] "GET /?view/item/89863101 HTTP/1.1" 404 - "https://rosebanklifecare.co.nz/wp-sitemap.xml" "Mozilla/5.0 AppleWebKit/537.36 (KHTML, like Gecko; compatible; GPTBot/1.3; +https://openai.com/gptbot)"
74.7.227.30 - - [31/Mar/2026:23:01:43 +0000] "GET /?view/item/25034414 HTTP/1.1" 404 - "https://rosebanklifecare.co.nz/wp-sitemap.xml" "Mozilla/5.0 AppleWebKit/537.36 (KHTML, like Gecko; compatible; GPTBot/1.3; +https://openai.com/gptbot)"
74.7.227.30 - - [31/Mar/2026:23:01:46 +0000] "GET /?view/item/64136030 HTTP/1.1" 404 - "https://rosebanklifecare.co.nz/wp-sitemap.xml" "Mozilla/5.0 AppleWebKit/537.36 (KHTML, like Gecko; compatible; GPTBot/1.3; +https://openai.com/gptbot)"
74.7.227.30 - - [31/Mar/2026:23:01:49 +0000] "GET /?view/item/42490575 HTTP/1.1" 404 - "https://rosebanklifecare.co.nz/wp-sitemap.xml" "Mozilla/5.0 AppleWebKit/537.36 (KHTML, like Gecko; compatible; GPTBot/1.3; +https://openai.com/gptbot)"
74.7.227.30 - - [31/Mar/2026:23:01:52 +0000] "GET /?view/item/98732030 HTTP/1.1" 404 - "https://rosebanklifecare.co.nz/wp-sitemap.xml" "Mozilla/5.0 AppleWebKit/537.36 (KHTML, like Gecko; compatible; GPTBot/1.3; +https://openai.com/gptbot)"
74.7.227.30 - - [31/Mar/2026:23:01:54 +0000] "GET /?view/item/83418979 HTTP/1.1" 404 - "https://rosebanklifecare.co.nz/wp-sitemap.xml" "Mozilla/5.0 AppleWebKit/537.36 (KHTML, like Gecko; compatible; GPTBot/1.3; +https://openai.com/gptbot)"
74.7.227.30 - - [31/Mar/2026:23:01:57 +0000] "GET /?view/item/78345676 HTTP/1.1" 404 - "https://rosebanklifecare.co.nz/wp-sitemap.xml" "Mozilla/5.0 AppleWebKit/537.36 (KHTML, like Gecko; compatible; GPTBot/1.3; +https://openai.com/gptbot)"
74.7.227.30 - - [31/Mar/2026:23:02:00 +0000] "GET /?view/item/82507959 HTTP/1.1" 404 - "https://rosebanklifecare.co.nz/wp-sitemap.xml" "Mozilla/5.0 AppleWebKit/537.36 (KHTML, like Gecko; compatible; GPTBot/1.3; +https://openai.com/gptbot)"
74.7.227.30 - - [31/Mar/2026:23:02:03 +0000] "GET /?view/item/55469363 HTTP/1.1" 404 - "https://rosebanklifecare.co.nz/wp-sitemap.xml" "Mozilla/5.0 AppleWebKit/537.36 (KHTML, like Gecko; compatible; GPTBot/1.3; +https://openai.com/gptbot)"
74.7.227.30 - - [31/Mar/2026:23:02:06 +0000] "GET /?view/item/73449676 HTTP/1.1" 404 - "https://rosebanklifecare.co.nz/wp-sitemap.xml" "Mozilla/5.0 AppleWebKit/537.36 (KHTML, like Gecko; compatible; GPTBot/1.3; +https://openai.com/gptbot)"
74.7.227.30 - - [31/Mar/2026:23:02:09 +0000] "GET /?view/item/22033686 HTTP/1.1" 404 - "https://rosebanklifecare.co.nz/wp-sitemap.xml" "Mozilla/5.0 AppleWebKit/537.36 (KHTML, like Gecko; compatible; GPTBot/1.3; +https://openai.com/gptbot)"
74.7.227.30 - - [31/Mar/2026:23:02:11 +0000] "GET /?view/item/32790949 HTTP/1.1" 404 - "https://rosebanklifecare.co.nz/wp-sitemap.xml" "Mozilla/5.0 AppleWebKit/537.36 (KHTML, like Gecko; compatible; GPTBot/1.3; +https://openai.com/gptbot)"
74.7.227.30 - - [31/Mar/2026:23:02:14 +0000] "GET /?view/item/54482858 HTTP/1.1" 404 - "https://rosebanklifecare.co.nz/wp-sitemap.xml" "Mozilla/5.0 AppleWebKit/537.36 (KHTML, like Gecko; compatible; GPTBot/1.3; +https://openai.com/gptbot)"
74.7.227.30 - - [31/Mar/2026:23:02:17 +0000] "GET /?view/item/47346979 HTTP/1.1" 404 - "https://rosebanklifecare.co.nz/wp-sitemap.xml" "Mozilla/5.0 AppleWebKit/537.36 (KHTML, like Gecko; compatible; GPTBot/1.3; +https://openai.com/gptbot)"
74.7.227.30 - - [31/Mar/2026:23:02:20 +0000] "GET /?view/item/95742454 HTTP/1.1" 404 - "https://rosebanklifecare.co.nz/wp-sitemap.xml" "Mozilla/5.0 AppleWebKit/537.36 (KHTML, like Gecko; compatible; GPTBot/1.3; +https://openai.com/gptbot)"
66.249.70.4 - - [31/Mar/2026:23:02:21 +0000] "GET /casinos-in-southern-au/ HTTP/1.1" 404 - "-" "Mozilla/5.0 (Linux; Android 6.0.1; Nexus 5X Build/MMB29P) AppleWebKit/537.36 (KHTML, like Gecko) Chrome/146.0.7680.164 Mobile Safari/537.36 (compatible; Googlebot/2.1; +http://www.google.com/bot.html)"
74.7.227.30 - - [31/Mar/2026:23:02:23 +0000] "GET /?view/item/47727454 HTTP/1.1" 404 - "https://rosebanklifecare.co.nz/wp-sitemap.xml" "Mozilla/5.0 AppleWebKit/537.36 (KHTML, like Gecko; compatible; GPTBot/1.3; +https://openai.com/gptbot)"
74.7.227.30 - - [31/Mar/2026:23:02:26 +0000] "GET /?view/item/24838878 HTTP/1.1" 404 - "https://rosebanklifecare.co.nz/wp-sitemap.xml" "Mozilla/5.0 AppleWebKit/537.36 (KHTML, like Gecko; compatible; GPTBot/1.3; +https://openai.com/gptbot)"
74.7.227.30 - - [31/Mar/2026:23:02:28 +0000] "GET /?view/item/83919505 HTTP/1.1" 404 - "https://rosebanklifecare.co.nz/wp-sitemap.xml" "Mozilla/5.0 AppleWebKit/537.36 (KHTML, like Gecko; compatible; GPTBot/1.3; +https://openai.com/gptbot)"
74.7.227.30 - - [31/Mar/2026:23:02:31 +0000] "GET /?view/item/61895585 HTTP/1.1" 404 - "https://rosebanklifecare.co.nz/wp-sitemap.xml" "Mozilla/5.0 AppleWebKit/537.36 (KHTML, like Gecko; compatible; GPTBot/1.3; +https://openai.com/gptbot)"
74.7.227.30 - - [31/Mar/2026:23:02:34 +0000] "GET /?view/item/25243545 HTTP/1.1" 404 - "https://rosebanklifecare.co.nz/wp-sitemap.xml" "Mozilla/5.0 AppleWebKit/537.36 (KHTML, like Gecko; compatible; GPTBot/1.3; +https://openai.com/gptbot)"
74.7.227.30 - - [31/Mar/2026:23:02:37 +0000] "GET /?view/item/42607686 HTTP/1.1" 404 - "https://rosebanklifecare.co.nz/wp-sitemap.xml" "Mozilla/5.0 AppleWebKit/537.36 (KHTML, like Gecko; compatible; GPTBot/1.3; +https://openai.com/gptbot)"
74.7.227.30 - - [31/Mar/2026:23:02:40 +0000] "GET /?view/item/85145525 HTTP/1.1" 404 - "https://rosebanklifecare.co.nz/wp-sitemap.xml" "Mozilla/5.0 AppleWebKit/537.36 (KHTML, like Gecko; compatible; GPTBot/1.3; +https://openai.com/gptbot)"
74.7.227.30 - - [31/Mar/2026:23:02:43 +0000] "GET /?view/item/60029909 HTTP/1.1" 404 - "https://rosebanklifecare.co.nz/wp-sitemap.xml" "Mozilla/5.0 AppleWebKit/537.36 (KHTML, like Gecko; compatible; GPTBot/1.3; +https://openai.com/gptbot)"
74.7.227.30 - - [31/Mar/2026:23:02:46 +0000] "GET /?view/item/64001141 HTTP/1.1" 404 - "https://rosebanklifecare.co.nz/wp-sitemap.xml" "Mozilla/5.0 AppleWebKit/537.36 (KHTML, like Gecko; compatible; GPTBot/1.3; +https://openai.com/gptbot)"
66.249.70.3 - - [31/Mar/2026:23:02:47 +0000] "GET /winning-pokies-casino-games/ HTTP/1.1" 404 - "-" "Mozilla/5.0 (Linux; Android 6.0.1; Nexus 5X Build/MMB29P) AppleWebKit/537.36 (KHTML, like Gecko) Chrome/146.0.7680.164 Mobile Safari/537.36 (compatible; Googlebot/2.1; +http://www.google.com/bot.html)"
74.7.227.30 - - [31/Mar/2026:23:02:49 +0000] "GET /?view/item/43947454 HTTP/1.1" 404 - "https://rosebanklifecare.co.nz/wp-sitemap.xml" "Mozilla/5.0 AppleWebKit/537.36 (KHTML, like Gecko; compatible; GPTBot/1.3; +https://openai.com/gptbot)"
74.7.227.30 - - [31/Mar/2026:23:02:51 +0000] "GET /?view/item/39981727 HTTP/1.1" 404 - "https://rosebanklifecare.co.nz/wp-sitemap.xml" "Mozilla/5.0 AppleWebKit/537.36 (KHTML, like Gecko; compatible; GPTBot/1.3; +https://openai.com/gptbot)"
74.7.227.30 - - [31/Mar/2026:23:02:54 +0000] "GET /?view/item/96951505 HTTP/1.1" 404 - "https://rosebanklifecare.co.nz/wp-sitemap.xml" "Mozilla/5.0 AppleWebKit/537.36 (KHTML, like Gecko; compatible; GPTBot/1.3; +https://openai.com/gptbot)"
74.7.227.30 - - [31/Mar/2026:23:02:57 +0000] "GET /?view/item/32826949 HTTP/1.1" 404 - "https://rosebanklifecare.co.nz/wp-sitemap.xml" "Mozilla/5.0 AppleWebKit/537.36 (KHTML, like Gecko; compatible; GPTBot/1.3; +https://openai.com/gptbot)"
74.7.227.30 - - [31/Mar/2026:23:03:00 +0000] "GET /?view/item/59220454 HTTP/1.1" 404 - "https://rosebanklifecare.co.nz/wp-sitemap.xml" "Mozilla/5.0 AppleWebKit/537.36 (KHTML, like Gecko; compatible; GPTBot/1.3; +https://openai.com/gptbot)"
74.7.227.30 - - [31/Mar/2026:23:03:03 +0000] "GET /?view/item/61719070 HTTP/1.1" 404 - "https://rosebanklifecare.co.nz/wp-sitemap.xml" "Mozilla/5.0 AppleWebKit/537.36 (KHTML, like Gecko; compatible; GPTBot/1.3; +https://openai.com/gptbot)"
74.7.227.30 - - [31/Mar/2026:23:03:05 +0000] "GET /?view/item/85909161 HTTP/1.1" 404 - "https://rosebanklifecare.co.nz/wp-sitemap.xml" "Mozilla/5.0 AppleWebKit/537.36 (KHTML, like Gecko; compatible; GPTBot/1.3; +https://openai.com/gptbot)"
74.7.227.30 - - [31/Mar/2026:23:03:08 +0000] "GET /?view/item/59519252 HTTP/1.1" 404 - "https://rosebanklifecare.co.nz/wp-sitemap.xml" "Mozilla/5.0 AppleWebKit/537.36 (KHTML, like Gecko; compatible; GPTBot/1.3; +https://openai.com/gptbot)"
74.7.227.30 - - [31/Mar/2026:23:03:11 +0000] "GET /?view/item/81415242 HTTP/1.1" 404 - "https://rosebanklifecare.co.nz/wp-sitemap.xml" "Mozilla/5.0 AppleWebKit/537.36 (KHTML, like Gecko; compatible; GPTBot/1.3; +https://openai.com/gptbot)"
74.7.227.30 - - [31/Mar/2026:23:03:14 +0000] "GET /?view/item/35183828 HTTP/1.1" 404 - "https://rosebanklifecare.co.nz/wp-sitemap.xml" "Mozilla/5.0 AppleWebKit/537.36 (KHTML, like Gecko; compatible; GPTBot/1.3; +https://openai.com/gptbot)"
185.18.224.35 - - [31/Mar/2026:23:03:15 +0000] "GET /gambling-pokies-australia/ HTTP/1.1" 404 - "https://rosebanklifecare.co.nz/?p=6263" "Mozilla/5.0 (Linux; Android 7.1.1; OPPO R9sk) AppleWebKit/537.36 (KHTML, like Gecko) Chrome/78.0.3237.48 Mobile Safari/537.36 EdgA/42.0.2.3819"
74.7.227.30 - - [31/Mar/2026:23:03:17 +0000] "GET /?view/item/22414515 HTTP/1.1" 404 - "https://rosebanklifecare.co.nz/wp-sitemap.xml" "Mozilla/5.0 AppleWebKit/537.36 (KHTML, like Gecko; compatible; GPTBot/1.3; +https://openai.com/gptbot)"
74.7.227.30 - - [31/Mar/2026:23:03:19 +0000] "GET /?view/item/58826252 HTTP/1.1" 404 - "https://rosebanklifecare.co.nz/wp-sitemap.xml" "Mozilla/5.0 AppleWebKit/537.36 (KHTML, like Gecko; compatible; GPTBot/1.3; +https://openai.com/gptbot)"
74.7.227.30 - - [31/Mar/2026:23:03:22 +0000] "GET /?view/item/36052767 HTTP/1.1" 404 - "https://rosebanklifecare.co.nz/wp-sitemap.xml" "Mozilla/5.0 AppleWebKit/537.36 (KHTML, like Gecko; compatible; GPTBot/1.3; +https://openai.com/gptbot)"
74.7.227.30 - - [31/Mar/2026:23:03:25 +0000] "GET /?view/item/32491131 HTTP/1.1" 404 - "https://rosebanklifecare.co.nz/wp-sitemap.xml" "Mozilla/5.0 AppleWebKit/537.36 (KHTML, like Gecko; compatible; GPTBot/1.3; +https://openai.com/gptbot)"
74.7.227.30 - - [31/Mar/2026:23:03:28 +0000] "GET /?view/item/81474424 HTTP/1.1" 404 - "https://rosebanklifecare.co.nz/wp-sitemap.xml" "Mozilla/5.0 AppleWebKit/537.36 (KHTML, like Gecko; compatible; GPTBot/1.3; +https://openai.com/gptbot)"
66.249.70.4 - - [31/Mar/2026:23:03:29 +0000] "GET /secure-pokies-with-bonus-free-no-download-required/ HTTP/1.1" 404 - "-" "Mozilla/5.0 (Linux; Android 6.0.1; Nexus 5X Build/MMB29P) AppleWebKit/537.36 (KHTML, like Gecko) Chrome/146.0.7680.164 Mobile Safari/537.36 (compatible; Googlebot/2.1; +http://www.google.com/bot.html)"
74.7.227.30 - - [31/Mar/2026:23:03:31 +0000] "GET /?view/item/86521050 HTTP/1.1" 404 - "https://rosebanklifecare.co.nz/wp-sitemap.xml" "Mozilla/5.0 AppleWebKit/537.36 (KHTML, like Gecko; compatible; GPTBot/1.3; +https://openai.com/gptbot)"
66.249.70.2 - - [31/Mar/2026:23:03:33 +0000] "GET /bitcoin-casinos-nz-free-spins/ HTTP/1.1" 404 - "-" "Mozilla/5.0 (Linux; Android 6.0.1; Nexus 5X Build/MMB29P) AppleWebKit/537.36 (KHTML, like Gecko) Chrome/146.0.7680.164 Mobile Safari/537.36 (compatible; Googlebot/2.1; +http://www.google.com/bot.html)"
74.7.227.30 - - [31/Mar/2026:23:03:34 +0000] "GET /?view/item/45052434 HTTP/1.1" 404 - "https://rosebanklifecare.co.nz/wp-sitemap.xml" "Mozilla/5.0 AppleWebKit/537.36 (KHTML, like Gecko; compatible; GPTBot/1.3; +https://openai.com/gptbot)"
74.7.227.30 - - [31/Mar/2026:23:03:37 +0000] "GET /?view/item/55931525 HTTP/1.1" 404 - "https://rosebanklifecare.co.nz/wp-sitemap.xml" "Mozilla/5.0 AppleWebKit/537.36 (KHTML, like Gecko; compatible; GPTBot/1.3; +https://openai.com/gptbot)"
66.249.70.2 - - [31/Mar/2026:23:03:37 +0000] "GET /no-deposit-pokies-bonus-australia/ HTTP/1.1" 404 - "-" "Mozilla/5.0 (Linux; Android 6.0.1; Nexus 5X Build/MMB29P) AppleWebKit/537.36 (KHTML, like Gecko) Chrome/146.0.7680.164 Mobile Safari/537.36 (compatible; Googlebot/2.1; +http://www.google.com/bot.html)"
74.7.227.30 - - [31/Mar/2026:23:03:40 +0000] "GET /?view/item/25636737 HTTP/1.1" 404 - "https://rosebanklifecare.co.nz/wp-sitemap.xml" "Mozilla/5.0 AppleWebKit/537.36 (KHTML, like Gecko; compatible; GPTBot/1.3; +https://openai.com/gptbot)"
74.7.227.30 - - [31/Mar/2026:23:03:42 +0000] "GET /?view/item/86787919 HTTP/1.1" 404 - "https://rosebanklifecare.co.nz/wp-sitemap.xml" "Mozilla/5.0 AppleWebKit/537.36 (KHTML, like Gecko; compatible; GPTBot/1.3; +https://openai.com/gptbot)"
66.249.70.2 - - [31/Mar/2026:23:03:44 +0000] "GET /casino-sites-in-new-zealand/ HTTP/1.1" 404 - "-" "Mozilla/5.0 (Linux; Android 6.0.1; Nexus 5X Build/MMB29P) AppleWebKit/537.36 (KHTML, like Gecko) Chrome/146.0.7680.164 Mobile Safari/537.36 (compatible; Googlebot/2.1; +http://www.google.com/bot.html)"
74.7.227.30 - - [31/Mar/2026:23:03:45 +0000] "GET /?view/item/68910646 HTTP/1.1" 404 - "https://rosebanklifecare.co.nz/wp-sitemap.xml" "Mozilla/5.0 AppleWebKit/537.36 (KHTML, like Gecko; compatible; GPTBot/1.3; +https://openai.com/gptbot)"
66.249.70.2 - - [31/Mar/2026:23:03:47 +0000] "GET /free-top-australian-pokies-with-bonuses/ HTTP/1.1" 404 - "-" "Mozilla/5.0 (Linux; Android 6.0.1; Nexus 5X Build/MMB29P) AppleWebKit/537.36 (KHTML, like Gecko) Chrome/146.0.7680.164 Mobile Safari/537.36 (compatible; Googlebot/2.1; +http://www.google.com/bot.html)"
74.7.227.30 - - [31/Mar/2026:23:03:48 +0000] "GET /?view/item/60928656 HTTP/1.1" 404 - "https://rosebanklifecare.co.nz/wp-sitemap.xml" "Mozilla/5.0 AppleWebKit/537.36 (KHTML, like Gecko; compatible; GPTBot/1.3; +https://openai.com/gptbot)"
74.7.227.30 - - [31/Mar/2026:23:03:51 +0000] "GET /?view/item/76368151 HTTP/1.1" 404 - "https://rosebanklifecare.co.nz/wp-sitemap.xml" "Mozilla/5.0 AppleWebKit/537.36 (KHTML, like Gecko; compatible; GPTBot/1.3; +https://openai.com/gptbot)"
66.249.70.2 - - [31/Mar/2026:23:03:52 +0000] "GET /virtual-pokies-ipad/ HTTP/1.1" 404 - "-" "Mozilla/5.0 (Linux; Android 6.0.1; Nexus 5X Build/MMB29P) AppleWebKit/537.36 (KHTML, like Gecko) Chrome/146.0.7680.164 Mobile Safari/537.36 (compatible; Googlebot/2.1; +http://www.google.com/bot.html)"
74.7.227.30 - - [31/Mar/2026:23:03:54 +0000] "GET /?view/item/68335545 HTTP/1.1" 404 - "https://rosebanklifecare.co.nz/wp-sitemap.xml" "Mozilla/5.0 AppleWebKit/537.36 (KHTML, like Gecko; compatible; GPTBot/1.3; +https://openai.com/gptbot)"
66.249.70.2 - - [31/Mar/2026:23:03:56 +0000] "GET /casinos-in-bossier-city-and-sydney-au/ HTTP/1.1" 404 - "-" "Mozilla/5.0 (Linux; Android 6.0.1; Nexus 5X Build/MMB29P) AppleWebKit/537.36 (KHTML, like Gecko) Chrome/146.0.7680.164 Mobile Safari/537.36 (compatible; Googlebot/2.1; +http://www.google.com/bot.html)"
74.7.227.30 - - [31/Mar/2026:23:03:56 +0000] "GET /?view/item/93960232 HTTP/1.1" 404 - "https://rosebanklifecare.co.nz/wp-sitemap.xml" "Mozilla/5.0 AppleWebKit/537.36 (KHTML, like Gecko; compatible; GPTBot/1.3; +https://openai.com/gptbot)"
74.7.227.30 - - [31/Mar/2026:23:03:59 +0000] "GET /?view/item/58344868 HTTP/1.1" 404 - "https://rosebanklifecare.co.nz/wp-sitemap.xml" "Mozilla/5.0 AppleWebKit/537.36 (KHTML, like Gecko; compatible; GPTBot/1.3; +https://openai.com/gptbot)"
66.249.70.4 - - [31/Mar/2026:23:04:00 +0000] "GET /australian-casino-paypal/ HTTP/1.1" 404 - "-" "Mozilla/5.0 (Linux; Android 6.0.1; Nexus 5X Build/MMB29P) AppleWebKit/537.36 (KHTML, like Gecko) Chrome/146.0.7680.164 Mobile Safari/537.36 (compatible; Googlebot/2.1; +http://www.google.com/bot.html)"
74.7.227.30 - - [31/Mar/2026:23:04:02 +0000] "GET /?view/item/82089787 HTTP/1.1" 404 - "https://rosebanklifecare.co.nz/wp-sitemap.xml" "Mozilla/5.0 AppleWebKit/537.36 (KHTML, like Gecko; compatible; GPTBot/1.3; +https://openai.com/gptbot)"
74.7.227.30 - - [31/Mar/2026:23:04:05 +0000] "GET /?view/item/78363121 HTTP/1.1" 404 - "https://rosebanklifecare.co.nz/wp-sitemap.xml" "Mozilla/5.0 AppleWebKit/537.36 (KHTML, like Gecko; compatible; GPTBot/1.3; +https://openai.com/gptbot)"
207.46.13.52 - - [31/Mar/2026:23:04:05 +0000] "GET /?p=7133 HTTP/1.1" 404 - "-" "Mozilla/5.0 AppleWebKit/537.36 (KHTML, like Gecko; compatible; bingbot/2.0; +http://www.bing.com/bingbot.htm) Chrome/116.0.1938.76 Safari/537.36"
74.7.227.30 - - [31/Mar/2026:23:04:08 +0000] "GET /?view/item/70897959 HTTP/1.1" 404 - "https://rosebanklifecare.co.nz/wp-sitemap.xml" "Mozilla/5.0 AppleWebKit/537.36 (KHTML, like Gecko; compatible; GPTBot/1.3; +https://openai.com/gptbot)"
66.249.70.2 - - [31/Mar/2026:23:04:10 +0000] "GET /online-pokies-new-zealand-no-deposit-signup-bonus/ HTTP/1.1" 404 - "-" "Mozilla/5.0 (Linux; Android 6.0.1; Nexus 5X Build/MMB29P) AppleWebKit/537.36 (KHTML, like Gecko) Chrome/146.0.7680.164 Mobile Safari/537.36 (compatible; Googlebot/2.1; +http://www.google.com/bot.html)"
74.7.227.30 - - [31/Mar/2026:23:04:11 +0000] "GET /?view/item/98991787 HTTP/1.1" 404 - "https://rosebanklifecare.co.nz/wp-sitemap.xml" "Mozilla/5.0 AppleWebKit/537.36 (KHTML, like Gecko; compatible; GPTBot/1.3; +https://openai.com/gptbot)"
74.7.227.30 - - [31/Mar/2026:23:04:13 +0000] "GET /?view/item/86899161 HTTP/1.1" 404 - "https://rosebanklifecare.co.nz/wp-sitemap.xml" "Mozilla/5.0 AppleWebKit/537.36 (KHTML, like Gecko; compatible; GPTBot/1.3; +https://openai.com/gptbot)"
66.249.70.2 - - [31/Mar/2026:23:04:16 +0000] "GET /how-to-crack-casino-pokies/ HTTP/1.1" 404 - "-" "Mozilla/5.0 (Linux; Android 6.0.1; Nexus 5X Build/MMB29P) AppleWebKit/537.36 (KHTML, like Gecko) Chrome/146.0.7680.164 Mobile Safari/537.36 (compatible; Googlebot/2.1; +http://www.google.com/bot.html)"
74.7.227.30 - - [31/Mar/2026:23:04:16 +0000] "GET /?view/item/60647858 HTTP/1.1" 404 - "https://rosebanklifecare.co.nz/wp-sitemap.xml" "Mozilla/5.0 AppleWebKit/537.36 (KHTML, like Gecko; compatible; GPTBot/1.3; +https://openai.com/gptbot)"
74.7.227.30 - - [31/Mar/2026:23:04:19 +0000] "GET /?view/item/82044808 HTTP/1.1" 404 - "https://rosebanklifecare.co.nz/wp-sitemap.xml" "Mozilla/5.0 AppleWebKit/537.36 (KHTML, like Gecko; compatible; GPTBot/1.3; +https://openai.com/gptbot)"
74.7.227.30 - - [31/Mar/2026:23:04:22 +0000] "GET /?view/item/52848121 HTTP/1.1" 404 - "https://rosebanklifecare.co.nz/wp-sitemap.xml" "Mozilla/5.0 AppleWebKit/537.36 (KHTML, like Gecko; compatible; GPTBot/1.3; +https://openai.com/gptbot)"
66.249.70.2 - - [31/Mar/2026:23:04:23 +0000] "GET /lucky-nugget-casino-nz-login/ HTTP/1.1" 404 - "-" "Mozilla/5.0 (Linux; Android 6.0.1; Nexus 5X Build/MMB29P) AppleWebKit/537.36 (KHTML, like Gecko) Chrome/146.0.7680.164 Mobile Safari/537.36 (compatible; Googlebot/2.1; +http://www.google.com/bot.html)"
74.7.227.30 - - [31/Mar/2026:23:04:25 +0000] "GET /?view/item/46074262 HTTP/1.1" 404 - "https://rosebanklifecare.co.nz/wp-sitemap.xml" "Mozilla/5.0 AppleWebKit/537.36 (KHTML, like Gecko; compatible; GPTBot/1.3; +https://openai.com/gptbot)"
66.249.70.2 - - [31/Mar/2026:23:04:27 +0000] "GET /legal-age-gambling-nz/ HTTP/1.1" 404 - "-" "Mozilla/5.0 (Linux; Android 6.0.1; Nexus 5X Build/MMB29P) AppleWebKit/537.36 (KHTML, like Gecko) Chrome/146.0.7680.164 Mobile Safari/537.36 (compatible; Googlebot/2.1; +http://www.google.com/bot.html)"
74.7.227.30 - - [31/Mar/2026:23:04:28 +0000] "GET /?view/item/71418373 HTTP/1.1" 404 - "https://rosebanklifecare.co.nz/wp-sitemap.xml" "Mozilla/5.0 AppleWebKit/537.36 (KHTML, like Gecko; compatible; GPTBot/1.3; +https://openai.com/gptbot)"
74.7.227.30 - - [31/Mar/2026:23:04:31 +0000] "GET /?view/item/87365828 HTTP/1.1" 404 - "https://rosebanklifecare.co.nz/wp-sitemap.xml" "Mozilla/5.0 AppleWebKit/537.36 (KHTML, like Gecko; compatible; GPTBot/1.3; +https://openai.com/gptbot)"
66.249.70.2 - - [31/Mar/2026:23:04:32 +0000] "GET /free-australia-winning-pokies/ HTTP/1.1" 404 - "-" "Mozilla/5.0 (Linux; Android 6.0.1; Nexus 5X Build/MMB29P) AppleWebKit/537.36 (KHTML, like Gecko) Chrome/146.0.7680.164 Mobile Safari/537.36 (compatible; Googlebot/2.1; +http://www.google.com/bot.html)"
74.7.227.30 - - [31/Mar/2026:23:04:33 +0000] "GET /?view/item/73942767 HTTP/1.1" 404 - "https://rosebanklifecare.co.nz/wp-sitemap.xml" "Mozilla/5.0 AppleWebKit/537.36 (KHTML, like Gecko; compatible; GPTBot/1.3; +https://openai.com/gptbot)"
66.249.70.2 - - [31/Mar/2026:23:04:36 +0000] "GET /best-australian-pokies-pay/ HTTP/1.1" 404 - "-" "Mozilla/5.0 (Linux; Android 6.0.1; Nexus 5X Build/MMB29P) AppleWebKit/537.36 (KHTML, like Gecko) Chrome/146.0.7680.164 Mobile Safari/537.36 (compatible; Googlebot/2.1; +http://www.google.com/bot.html)"
74.7.227.30 - - [31/Mar/2026:23:04:36 +0000] "GET /?view/item/40829060 HTTP/1.1" 404 - "https://rosebanklifecare.co.nz/wp-sitemap.xml" "Mozilla/5.0 AppleWebKit/537.36 (KHTML, like Gecko; compatible; GPTBot/1.3; +https://openai.com/gptbot)"
74.7.227.30 - - [31/Mar/2026:23:04:39 +0000] "GET /?view/item/72397929 HTTP/1.1" 404 - "https://rosebanklifecare.co.nz/wp-sitemap.xml" "Mozilla/5.0 AppleWebKit/537.36 (KHTML, like Gecko; compatible; GPTBot/1.3; +https://openai.com/gptbot)"
66.249.70.2 - - [31/Mar/2026:23:04:41 +0000] "GET /pokies-sign-up-offers/ HTTP/1.1" 404 - "-" "Mozilla/5.0 (Linux; Android 6.0.1; Nexus 5X Build/MMB29P) AppleWebKit/537.36 (KHTML, like Gecko) Chrome/146.0.7680.164 Mobile Safari/537.36 (compatible; Googlebot/2.1; +http://www.google.com/bot.html)"
74.7.227.30 - - [31/Mar/2026:23:04:42 +0000] "GET /?view/item/78827525 HTTP/1.1" 404 - "https://rosebanklifecare.co.nz/wp-sitemap.xml" "Mozilla/5.0 AppleWebKit/537.36 (KHTML, like Gecko; compatible; GPTBot/1.3; +https://openai.com/gptbot)"
74.7.227.30 - - [31/Mar/2026:23:04:45 +0000] "GET /?view/item/82775606 HTTP/1.1" 404 - "https://rosebanklifecare.co.nz/wp-sitemap.xml" "Mozilla/5.0 AppleWebKit/537.36 (KHTML, like Gecko; compatible; GPTBot/1.3; +https://openai.com/gptbot)"
74.7.227.30 - - [31/Mar/2026:23:04:48 +0000] "GET /?view/item/55840737 HTTP/1.1" 404 - "https://rosebanklifecare.co.nz/wp-sitemap.xml" "Mozilla/5.0 AppleWebKit/537.36 (KHTML, like Gecko; compatible; GPTBot/1.3; +https://openai.com/gptbot)"
66.249.70.2 - - [31/Mar/2026:23:04:48 +0000] "GET /best-online-pokies-australia-reddit/ HTTP/1.1" 404 - "-" "Mozilla/5.0 (Linux; Android 6.0.1; Nexus 5X Build/MMB29P) AppleWebKit/537.36 (KHTML, like Gecko) Chrome/146.0.7680.164 Mobile Safari/537.36 (compatible; Googlebot/2.1; +http://www.google.com/bot.html)"
74.7.227.30 - - [31/Mar/2026:23:04:51 +0000] "GET /?view/item/62649919 HTTP/1.1" 404 - "https://rosebanklifecare.co.nz/wp-sitemap.xml" "Mozilla/5.0 AppleWebKit/537.36 (KHTML, like Gecko; compatible; GPTBot/1.3; +https://openai.com/gptbot)"
74.7.227.30 - - [31/Mar/2026:23:04:53 +0000] "GET /?view/item/54021262 HTTP/1.1" 404 - "https://rosebanklifecare.co.nz/wp-sitemap.xml" "Mozilla/5.0 AppleWebKit/537.36 (KHTML, like Gecko; compatible; GPTBot/1.3; +https://openai.com/gptbot)"
66.249.70.2 - - [31/Mar/2026:23:04:54 +0000] "GET /popular-pokies-australia-paypal/ HTTP/1.1" 404 - "-" "Mozilla/5.0 (Linux; Android 6.0.1; Nexus 5X Build/MMB29P) AppleWebKit/537.36 (KHTML, like Gecko) Chrome/146.0.7680.164 Mobile Safari/537.36 (compatible; Googlebot/2.1; +http://www.google.com/bot.html)"
17.22.253.250 - - [31/Mar/2026:23:04:55 +0000] "GET /?p=5530 HTTP/1.1" 404 - "-" "Mozilla/5.0 (Macintosh; Intel Mac OS X 10_15_7) AppleWebKit/605.1.15 (KHTML, like Gecko) Version/17.4 Safari/605.1.15 (Applebot/0.1; +http://www.apple.com/go/applebot)"
74.7.227.30 - - [31/Mar/2026:23:04:56 +0000] "GET /?view/item/25708050 HTTP/1.1" 404 - "https://rosebanklifecare.co.nz/wp-sitemap.xml" "Mozilla/5.0 AppleWebKit/537.36 (KHTML, like Gecko; compatible; GPTBot/1.3; +https://openai.com/gptbot)"
74.7.227.30 - - [31/Mar/2026:23:04:59 +0000] "GET /?view/item/35060171 HTTP/1.1" 404 - "https://rosebanklifecare.co.nz/wp-sitemap.xml" "Mozilla/5.0 AppleWebKit/537.36 (KHTML, like Gecko; compatible; GPTBot/1.3; +https://openai.com/gptbot)"
66.249.70.4 - - [31/Mar/2026:23:05:01 +0000] "GET /best-australian-pokies-free-chip/ HTTP/1.1" 404 - "-" "Mozilla/5.0 (Linux; Android 6.0.1; Nexus 5X Build/MMB29P) AppleWebKit/537.36 (KHTML, like Gecko) Chrome/146.0.7680.164 Mobile Safari/537.36 (compatible; Googlebot/2.1; +http://www.google.com/bot.html)"
74.7.227.30 - - [31/Mar/2026:23:05:02 +0000] "GET /?view/item/60438262 HTTP/1.1" 404 - "https://rosebanklifecare.co.nz/wp-sitemap.xml" "Mozilla/5.0 AppleWebKit/537.36 (KHTML, like Gecko; compatible; GPTBot/1.3; +https://openai.com/gptbot)"
66.249.70.3 - - [31/Mar/2026:23:05:04 +0000] "GET /online-pokies-in-new-zealand/ HTTP/1.1" 404 - "-" "Mozilla/5.0 (Linux; Android 6.0.1; Nexus 5X Build/MMB29P) AppleWebKit/537.36 (KHTML, like Gecko) Chrome/146.0.7680.164 Mobile Safari/537.36 (compatible; Googlebot/2.1; +http://www.google.com/bot.html)"
66.249.70.3 - - [31/Mar/2026:23:05:17 +0000] "GET /deposit-casino-pokies-in-new-zealand-right-now/ HTTP/1.1" 404 - "-" "Mozilla/5.0 (Linux; Android 6.0.1; Nexus 5X Build/MMB29P) AppleWebKit/537.36 (KHTML, like Gecko) Chrome/146.0.7680.164 Mobile Safari/537.36 (compatible; Googlebot/2.1; +http://www.google.com/bot.html)"
66.249.70.2 - - [31/Mar/2026:23:05:21 +0000] "GET /free-spins-no-deposit-casino-nz/ HTTP/1.1" 404 - "-" "Mozilla/5.0 (Linux; Android 6.0.1; Nexus 5X Build/MMB29P) AppleWebKit/537.36 (KHTML, like Gecko) Chrome/146.0.7680.164 Mobile Safari/537.36 (compatible; Googlebot/2.1; +http://www.google.com/bot.html)"
