66.249.70.38 - - [31/Mar/2026:15:00:21 +0000] "GET /dinkum-pokies-coupond/ HTTP/1.1" 200 149115 "-" "Mozilla/5.0 (Linux; Android 6.0.1; Nexus 5X Build/MMB29P) AppleWebKit/537.36 (KHTML, like Gecko) Chrome/146.0.7680.153 Mobile Safari/537.36 (compatible; Googlebot/2.1; +http://www.google.com/bot.html)"
57.141.14.38 - - [31/Mar/2026:15:00:26 +0000] "GET /products/detail/45174161/ HTTP/1.1" 404 139215 "-" "meta-externalagent/1.1 (+https://developers.facebook.com/docs/sharing/webmasters/crawler)"
45.79.238.235 - - [31/Mar/2026:15:00:55 +0000] "POST /wp-cron.php?doing_wp_cron=1774969255.6719720363616943359375 HTTP/1.1" 200 - "-" "WordPress/6.9.4; https://schoolofgolf.co.nz"
57.141.14.73 - - [31/Mar/2026:15:00:54 +0000] "GET /products/detail/97438171/ HTTP/1.1" 404 139215 "-" "meta-externalagent/1.1 (+https://developers.facebook.com/docs/sharing/webmasters/crawler)"
66.249.70.37 - - [31/Mar/2026:15:00:57 +0000] "GET /?p=9774 HTTP/1.1" 301 - "-" "Mozilla/5.0 (Linux; Android 6.0.1; Nexus 5X Build/MMB29P) AppleWebKit/537.36 (KHTML, like Gecko) Chrome/146.0.7680.153 Mobile Safari/537.36 (compatible; Googlebot/2.1; +http://www.google.com/bot.html)"
66.249.70.37 - - [31/Mar/2026:15:00:59 +0000] "GET /australian-gambling-in-perth/ HTTP/1.1" 200 149945 "-" "Mozilla/5.0 (Linux; Android 6.0.1; Nexus 5X Build/MMB29P) AppleWebKit/537.36 (KHTML, like Gecko) Chrome/146.0.7680.153 Mobile Safari/537.36 (compatible; Googlebot/2.1; +http://www.google.com/bot.html)"
57.141.14.49 - - [31/Mar/2026:15:01:23 +0000] "GET /products/detail/95840121/ HTTP/1.1" 404 139215 "-" "meta-externalagent/1.1 (+https://developers.facebook.com/docs/sharing/webmasters/crawler)"
57.141.14.27 - - [31/Mar/2026:15:01:51 +0000] "GET /products/detail/76476161/ HTTP/1.1" 404 139215 "-" "meta-externalagent/1.1 (+https://developers.facebook.com/docs/sharing/webmasters/crawler)"
45.79.238.235 - - [31/Mar/2026:15:02:21 +0000] "POST /wp-cron.php?doing_wp_cron=1774969341.5185699462890625000000 HTTP/1.1" 200 - "-" "WordPress/6.9.4; https://schoolofgolf.co.nz"
57.141.14.48 - - [31/Mar/2026:15:02:20 +0000] "GET /products/detail/49028181/ HTTP/1.1" 404 139215 "-" "meta-externalagent/1.1 (+https://developers.facebook.com/docs/sharing/webmasters/crawler)"
57.141.14.75 - - [31/Mar/2026:15:02:49 +0000] "GET /products/detail/90576131/ HTTP/1.1" 404 139215 "-" "meta-externalagent/1.1 (+https://developers.facebook.com/docs/sharing/webmasters/crawler)"
45.79.238.235 - - [31/Mar/2026:15:03:18 +0000] "POST /wp-cron.php?doing_wp_cron=1774969398.5011761188507080078125 HTTP/1.1" 200 - "-" "WordPress/6.9.4; https://schoolofgolf.co.nz"
57.141.14.48 - - [31/Mar/2026:15:03:17 +0000] "GET /products/detail/75348131/ HTTP/1.1" 404 139215 "-" "meta-externalagent/1.1 (+https://developers.facebook.com/docs/sharing/webmasters/crawler)"
66.249.70.38 - - [31/Mar/2026:15:03:25 +0000] "GET /?p=6756 HTTP/1.1" 301 - "-" "Mozilla/5.0 (Linux; Android 6.0.1; Nexus 5X Build/MMB29P) AppleWebKit/537.36 (KHTML, like Gecko) Chrome/146.0.7680.153 Mobile Safari/537.36 (compatible; Googlebot/2.1; +http://www.google.com/bot.html)"
66.249.70.37 - - [31/Mar/2026:15:03:26 +0000] "GET /new-au-pokies-games/ HTTP/1.1" 200 149097 "-" "Mozilla/5.0 (Linux; Android 6.0.1; Nexus 5X Build/MMB29P) AppleWebKit/537.36 (KHTML, like Gecko) Chrome/146.0.7680.153 Mobile Safari/537.36 (compatible; Googlebot/2.1; +http://www.google.com/bot.html)"
66.249.70.38 - - [31/Mar/2026:15:03:30 +0000] "GET /?p=7087 HTTP/1.1" 301 - "-" "Mozilla/5.0 (Linux; Android 6.0.1; Nexus 5X Build/MMB29P) AppleWebKit/537.36 (KHTML, like Gecko) Chrome/146.0.7680.153 Mobile Safari/537.36 (compatible; Googlebot/2.1; +http://www.google.com/bot.html)"
66.249.70.38 - - [31/Mar/2026:15:03:31 +0000] "GET /no-registration-pokies-play-free/ HTTP/1.1" 200 150229 "-" "Mozilla/5.0 (Linux; Android 6.0.1; Nexus 5X Build/MMB29P) AppleWebKit/537.36 (KHTML, like Gecko) Chrome/146.0.7680.153 Mobile Safari/537.36 (compatible; Googlebot/2.1; +http://www.google.com/bot.html)"
57.141.14.82 - - [31/Mar/2026:15:03:47 +0000] "GET /products/detail/55702141/ HTTP/1.1" 404 139215 "-" "meta-externalagent/1.1 (+https://developers.facebook.com/docs/sharing/webmasters/crawler)"
45.79.238.235 - - [31/Mar/2026:15:04:15 +0000] "POST /wp-cron.php?doing_wp_cron=1774969455.8812849521636962890625 HTTP/1.1" 200 - "-" "WordPress/6.9.4; https://schoolofgolf.co.nz"
57.141.14.51 - - [31/Mar/2026:15:04:14 +0000] "GET /products/detail/115862181/ HTTP/1.1" 404 139215 "-" "meta-externalagent/1.1 (+https://developers.facebook.com/docs/sharing/webmasters/crawler)"
57.141.14.79 - - [31/Mar/2026:15:04:43 +0000] "GET /products/detail/103266131/ HTTP/1.1" 404 139215 "-" "meta-externalagent/1.1 (+https://developers.facebook.com/docs/sharing/webmasters/crawler)"
45.79.238.235 - - [31/Mar/2026:15:05:00 +0000] "POST /wp-cron.php?doing_wp_cron=1774969500.8034629821777343750000 HTTP/1.1" 200 - "-" "WordPress/6.9.4; https://schoolofgolf.co.nz"
66.249.70.37 - - [31/Mar/2026:15:04:59 +0000] "GET /pokies-sites-in-australia-for-free-no-download/ HTTP/1.1" 200 149068 "-" "Mozilla/5.0 (Linux; Android 6.0.1; Nexus 5X Build/MMB29P) AppleWebKit/537.36 (KHTML, like Gecko) Chrome/146.0.7680.153 Mobile Safari/537.36 (compatible; Googlebot/2.1; +http://www.google.com/bot.html)"
57.141.14.56 - - [31/Mar/2026:15:05:12 +0000] "GET /products/detail/101574131/ HTTP/1.1" 404 139215 "-" "meta-externalagent/1.1 (+https://developers.facebook.com/docs/sharing/webmasters/crawler)"
57.141.14.109 - - [31/Mar/2026:15:05:39 +0000] "GET /products/detail/115392161/ HTTP/1.1" 404 139215 "-" "meta-externalagent/1.1 (+https://developers.facebook.com/docs/sharing/webmasters/crawler)"
45.79.238.235 - - [31/Mar/2026:15:06:10 +0000] "POST /wp-cron.php?doing_wp_cron=1774969570.0905420780181884765625 HTTP/1.1" 200 - "-" "WordPress/6.9.4; https://schoolofgolf.co.nz"
57.141.14.36 - - [31/Mar/2026:15:06:09 +0000] "GET /products/detail/61718181/ HTTP/1.1" 404 139215 "-" "meta-externalagent/1.1 (+https://developers.facebook.com/docs/sharing/webmasters/crawler)"
66.249.70.38 - - [31/Mar/2026:15:06:22 +0000] "GET /?p=12862 HTTP/1.1" 301 - "-" "Mozilla/5.0 (Linux; Android 6.0.1; Nexus 5X Build/MMB29P) AppleWebKit/537.36 (KHTML, like Gecko) Chrome/146.0.7680.153 Mobile Safari/537.36 (compatible; Googlebot/2.1; +http://www.google.com/bot.html)"
66.249.70.38 - - [31/Mar/2026:15:06:23 +0000] "GET /australia-slot-machines-pay-first-thing-in-the-morning/ HTTP/1.1" 200 149317 "-" "Mozilla/5.0 (Linux; Android 6.0.1; Nexus 5X Build/MMB29P) AppleWebKit/537.36 (KHTML, like Gecko) Chrome/146.0.7680.153 Mobile Safari/537.36 (compatible; Googlebot/2.1; +http://www.google.com/bot.html)"
195.164.49.144 - - [31/Mar/2026:15:06:27 +0000] "GET / HTTP/1.1" 200 171459 "-" "Mozilla/5.0 (iPhone; CPU iPhone OS 18_7 like Mac OS X) AppleWebKit/605.1.15 (KHTML, like Gecko) Version/26.2 Mobile/15E148 Safari/604.1"
185.220.101.25 - - [31/Mar/2026:15:06:31 +0000] "GET /bank_orlen_pl1/ HTTP/1.1" 403 4170 "-" "Mozilla/5.0 (iPhone; CPU iPhone OS 18_7 like Mac OS X) AppleWebKit/605.1.15 (KHTML, like Gecko) Version/26.2 Mobile/15E148 Safari/604.1"
57.141.14.107 - - [31/Mar/2026:15:06:37 +0000] "GET /products/detail/123100111/ HTTP/1.1" 404 139215 "-" "meta-externalagent/1.1 (+https://developers.facebook.com/docs/sharing/webmasters/crawler)"
66.249.70.37 - - [31/Mar/2026:15:06:41 +0000] "GET /?p=10910 HTTP/1.1" 301 - "-" "Mozilla/5.0 (Linux; Android 6.0.1; Nexus 5X Build/MMB29P) AppleWebKit/537.36 (KHTML, like Gecko) Chrome/146.0.7680.153 Mobile Safari/537.36 (compatible; Googlebot/2.1; +http://www.google.com/bot.html)"
66.249.70.37 - - [31/Mar/2026:15:06:42 +0000] "GET /top-australian-pokies-instant-bonus-with-no-deposit/ HTTP/1.1" 200 149889 "-" "Mozilla/5.0 (Linux; Android 6.0.1; Nexus 5X Build/MMB29P) AppleWebKit/537.36 (KHTML, like Gecko) Chrome/146.0.7680.153 Mobile Safari/537.36 (compatible; Googlebot/2.1; +http://www.google.com/bot.html)"
45.79.238.235 - - [31/Mar/2026:15:06:45 +0000] "POST /wp-cron.php?doing_wp_cron=1774969605.7200629711151123046875 HTTP/1.1" 200 - "-" "WordPress/6.9.4; https://schoolofgolf.co.nz"
45.79.238.235 - - [31/Mar/2026:15:06:45 +0000] "POST /wp-cron.php?doing_wp_cron=1774969605.7874031066894531250000 HTTP/1.1" 200 - "-" "WordPress/6.9.4; https://schoolofgolf.co.nz"
66.249.70.37 - - [31/Mar/2026:15:06:45 +0000] "GET /?p=12171 HTTP/1.1" 301 - "-" "Mozilla/5.0 (Linux; Android 6.0.1; Nexus 5X Build/MMB29P) AppleWebKit/537.36 (KHTML, like Gecko) Chrome/146.0.7680.153 Mobile Safari/537.36 (compatible; Googlebot/2.1; +http://www.google.com/bot.html)"
66.249.70.37 - - [31/Mar/2026:15:06:46 +0000] "GET /warm-springs-australian-casino/ HTTP/1.1" 200 149614 "-" "Mozilla/5.0 (Linux; Android 6.0.1; Nexus 5X Build/MMB29P) AppleWebKit/537.36 (KHTML, like Gecko) Chrome/146.0.7680.153 Mobile Safari/537.36 (compatible; Googlebot/2.1; +http://www.google.com/bot.html)"
45.79.238.235 - - [31/Mar/2026:15:07:07 +0000] "POST /wp-cron.php?doing_wp_cron=1774969627.1714050769805908203125 HTTP/1.1" 200 - "-" "WordPress/6.9.4; https://schoolofgolf.co.nz"
57.141.14.19 - - [31/Mar/2026:15:07:06 +0000] "GET /products/detail/87192131/ HTTP/1.1" 404 139215 "-" "meta-externalagent/1.1 (+https://developers.facebook.com/docs/sharing/webmasters/crawler)"
66.249.70.38 - - [31/Mar/2026:15:07:25 +0000] "GET /?p=11309 HTTP/1.1" 301 - "-" "Mozilla/5.0 (Linux; Android 6.0.1; Nexus 5X Build/MMB29P) AppleWebKit/537.36 (KHTML, like Gecko) Chrome/146.0.7680.153 Mobile Safari/537.36 (compatible; Googlebot/2.1; +http://www.google.com/bot.html)"
66.249.70.37 - - [31/Mar/2026:15:07:26 +0000] "GET /tricks-how-to-win-at-pokies-for-real-money/ HTTP/1.1" 200 148716 "-" "Mozilla/5.0 (Linux; Android 6.0.1; Nexus 5X Build/MMB29P) AppleWebKit/537.36 (KHTML, like Gecko) Chrome/146.0.7680.153 Mobile Safari/537.36 (compatible; Googlebot/2.1; +http://www.google.com/bot.html)"
66.249.70.39 - - [31/Mar/2026:15:07:27 +0000] "GET /?p=6457 HTTP/1.1" 301 - "-" "Mozilla/5.0 (Linux; Android 6.0.1; Nexus 5X Build/MMB29P) AppleWebKit/537.36 (KHTML, like Gecko) Chrome/146.0.7680.153 Mobile Safari/537.36 (compatible; Googlebot/2.1; +http://www.google.com/bot.html)"
66.249.70.39 - - [31/Mar/2026:15:07:28 +0000] "GET /all-australian-casino-mobile/ HTTP/1.1" 200 149401 "-" "Mozilla/5.0 (Linux; Android 6.0.1; Nexus 5X Build/MMB29P) AppleWebKit/537.36 (KHTML, like Gecko) Chrome/146.0.7680.153 Mobile Safari/537.36 (compatible; Googlebot/2.1; +http://www.google.com/bot.html)"
57.141.14.86 - - [31/Mar/2026:15:07:34 +0000] "GET /products/detail/48464121/ HTTP/1.1" 404 139215 "-" "meta-externalagent/1.1 (+https://developers.facebook.com/docs/sharing/webmasters/crawler)"
45.79.238.235 - - [31/Mar/2026:15:08:04 +0000] "POST /wp-cron.php?doing_wp_cron=1774969684.7968680858612060546875 HTTP/1.1" 200 - "-" "WordPress/6.9.4; https://schoolofgolf.co.nz"
57.141.14.83 - - [31/Mar/2026:15:08:04 +0000] "GET /products/detail/99224121/ HTTP/1.1" 404 139215 "-" "meta-externalagent/1.1 (+https://developers.facebook.com/docs/sharing/webmasters/crawler)"
66.249.70.38 - - [31/Mar/2026:15:08:08 +0000] "GET /deposit-casino-pokies-10-free/ HTTP/1.1" 200 149043 "-" "Mozilla/5.0 (Linux; Android 6.0.1; Nexus 5X Build/MMB29P) AppleWebKit/537.36 (KHTML, like Gecko) Chrome/146.0.7680.153 Mobile Safari/537.36 (compatible; Googlebot/2.1; +http://www.google.com/bot.html)"
66.249.70.38 - - [31/Mar/2026:15:08:09 +0000] "GET /pokies-in-australia-joining-bonus/ HTTP/1.1" 200 149099 "-" "Mozilla/5.0 (Linux; Android 6.0.1; Nexus 5X Build/MMB29P) AppleWebKit/537.36 (KHTML, like Gecko) Chrome/146.0.7680.153 Mobile Safari/537.36 (compatible; Googlebot/2.1; +http://www.google.com/bot.html)"
66.249.70.38 - - [31/Mar/2026:15:08:28 +0000] "GET /?p=10762 HTTP/1.1" 301 - "-" "Mozilla/5.0 (Linux; Android 6.0.1; Nexus 5X Build/MMB29P) AppleWebKit/537.36 (KHTML, like Gecko) Chrome/146.0.7680.153 Mobile Safari/537.36 (compatible; Googlebot/2.1; +http://www.google.com/bot.html)"
66.249.70.37 - - [31/Mar/2026:15:08:29 +0000] "GET /top-new-pokies-online/ HTTP/1.1" 200 149136 "-" "Mozilla/5.0 (Linux; Android 6.0.1; Nexus 5X Build/MMB29P) AppleWebKit/537.36 (KHTML, like Gecko) Chrome/146.0.7680.153 Mobile Safari/537.36 (compatible; Googlebot/2.1; +http://www.google.com/bot.html)"
57.141.14.106 - - [31/Mar/2026:15:08:31 +0000] "GET /products/detail/123288101/ HTTP/1.1" 404 139215 "-" "meta-externalagent/1.1 (+https://developers.facebook.com/docs/sharing/webmasters/crawler)"
45.79.238.235 - - [31/Mar/2026:15:08:56 +0000] "POST /wp-cron.php?doing_wp_cron=1774969736.9351439476013183593750 HTTP/1.1" 200 - "-" "WordPress/6.9.4; https://schoolofgolf.co.nz"
66.249.70.37 - - [31/Mar/2026:15:08:56 +0000] "GET /?p=11210 HTTP/1.1" 301 - "-" "Mozilla/5.0 (Linux; Android 6.0.1; Nexus 5X Build/MMB29P) AppleWebKit/537.36 (KHTML, like Gecko) Chrome/146.0.7680.153 Mobile Safari/537.36 (compatible; Googlebot/2.1; +http://www.google.com/bot.html)"
66.249.70.37 - - [31/Mar/2026:15:08:57 +0000] "GET /live-pokies-deposit-casino/ HTTP/1.1" 200 149964 "-" "Mozilla/5.0 (Linux; Android 6.0.1; Nexus 5X Build/MMB29P) AppleWebKit/537.36 (KHTML, like Gecko) Chrome/146.0.7680.153 Mobile Safari/537.36 (compatible; Googlebot/2.1; +http://www.google.com/bot.html)"
57.141.14.41 - - [31/Mar/2026:15:09:00 +0000] "GET /products/detail/84654131/ HTTP/1.1" 404 139215 "-" "meta-externalagent/1.1 (+https://developers.facebook.com/docs/sharing/webmasters/crawler)"
57.141.14.5 - - [31/Mar/2026:15:09:28 +0000] "GET /products/detail/74408181/ HTTP/1.1" 404 139215 "-" "meta-externalagent/1.1 (+https://developers.facebook.com/docs/sharing/webmasters/crawler)"
66.249.70.39 - - [31/Mar/2026:15:09:49 +0000] "GET /products/detail/61121373/ HTTP/1.1" 404 139226 "-" "Mozilla/5.0 (Linux; Android 6.0.1; Nexus 5X Build/MMB29P) AppleWebKit/537.36 (KHTML, like Gecko) Chrome/146.0.7680.153 Mobile Safari/537.36 (compatible; GoogleOther)"
45.79.238.235 - - [31/Mar/2026:15:09:59 +0000] "POST /wp-cron.php?doing_wp_cron=1774969798.8907659053802490234375 HTTP/1.1" 200 - "-" "WordPress/6.9.4; https://schoolofgolf.co.nz"
57.141.14.111 - - [31/Mar/2026:15:09:57 +0000] "GET /products/detail/110128171/ HTTP/1.1" 404 139215 "-" "meta-externalagent/1.1 (+https://developers.facebook.com/docs/sharing/webmasters/crawler)"
57.141.14.32 - - [31/Mar/2026:15:10:26 +0000] "GET /products/detail/66230121/ HTTP/1.1" 404 139215 "-" "meta-externalagent/1.1 (+https://developers.facebook.com/docs/sharing/webmasters/crawler)"
45.79.238.235 - - [31/Mar/2026:15:10:55 +0000] "POST /wp-cron.php?doing_wp_cron=1774969855.2708590030670166015625 HTTP/1.1" 200 - "-" "WordPress/6.9.4; https://schoolofgolf.co.nz"
57.141.14.96 - - [31/Mar/2026:15:10:54 +0000] "GET /products/detail/119810151/ HTTP/1.1" 404 139215 "-" "meta-externalagent/1.1 (+https://developers.facebook.com/docs/sharing/webmasters/crawler)"
45.79.238.235 - - [31/Mar/2026:15:11:24 +0000] "POST /wp-cron.php?doing_wp_cron=1774969884.3417050838470458984375 HTTP/1.1" 200 - "-" "WordPress/6.9.4; https://schoolofgolf.co.nz"
57.141.14.105 - - [31/Mar/2026:15:11:23 +0000] "GET /products/detail/89166161/ HTTP/1.1" 404 139215 "-" "meta-externalagent/1.1 (+https://developers.facebook.com/docs/sharing/webmasters/crawler)"
57.141.14.16 - - [31/Mar/2026:15:11:52 +0000] "GET /products/detail/56454101/ HTTP/1.1" 404 139215 "-" "meta-externalagent/1.1 (+https://developers.facebook.com/docs/sharing/webmasters/crawler)"
45.79.238.235 - - [31/Mar/2026:15:12:20 +0000] "POST /wp-cron.php?doing_wp_cron=1774969940.5809628963470458984375 HTTP/1.1" 200 - "-" "WordPress/6.9.4; https://schoolofgolf.co.nz"
66.249.70.37 - - [31/Mar/2026:15:12:19 +0000] "GET /free-winning-pokies-australia/ HTTP/1.1" 200 148056 "-" "Mozilla/5.0 (Linux; Android 6.0.1; Nexus 5X Build/MMB29P) AppleWebKit/537.36 (KHTML, like Gecko) Chrome/146.0.7680.153 Mobile Safari/537.36 (compatible; Googlebot/2.1; +http://www.google.com/bot.html)"
57.141.14.5 - - [31/Mar/2026:15:12:20 +0000] "GET /products/detail/114828101/ HTTP/1.1" 404 139215 "-" "meta-externalagent/1.1 (+https://developers.facebook.com/docs/sharing/webmasters/crawler)"
45.79.238.235 - - [31/Mar/2026:15:12:49 +0000] "POST /wp-cron.php?doing_wp_cron=1774969969.6377670764923095703125 HTTP/1.1" 200 - "-" "WordPress/6.9.4; https://schoolofgolf.co.nz"
57.141.14.40 - - [31/Mar/2026:15:12:48 +0000] "GET /products/detail/90670171/ HTTP/1.1" 404 139215 "-" "meta-externalagent/1.1 (+https://developers.facebook.com/docs/sharing/webmasters/crawler)"
45.79.238.235 - - [31/Mar/2026:15:13:12 +0000] "POST /wp-cron.php?doing_wp_cron=1774969992.1186189651489257812500 HTTP/1.1" 200 - "-" "WordPress/6.9.4; https://schoolofgolf.co.nz"
66.249.70.39 - - [31/Mar/2026:15:13:11 +0000] "GET /?p=6365 HTTP/1.1" 301 - "-" "Mozilla/5.0 (Linux; Android 6.0.1; Nexus 5X Build/MMB29P) AppleWebKit/537.36 (KHTML, like Gecko) Chrome/146.0.7680.153 Mobile Safari/537.36 (compatible; Googlebot/2.1; +http://www.google.com/bot.html)"
66.249.70.38 - - [31/Mar/2026:15:13:12 +0000] "GET /play-best-australian-pokies/ HTTP/1.1" 200 149349 "-" "Mozilla/5.0 (Linux; Android 6.0.1; Nexus 5X Build/MMB29P) AppleWebKit/537.36 (KHTML, like Gecko) Chrome/146.0.7680.153 Mobile Safari/537.36 (compatible; Googlebot/2.1; +http://www.google.com/bot.html)"
57.141.14.71 - - [31/Mar/2026:15:13:17 +0000] "GET /products/detail/59556161/ HTTP/1.1" 404 139215 "-" "meta-externalagent/1.1 (+https://developers.facebook.com/docs/sharing/webmasters/crawler)"
57.141.14.47 - - [31/Mar/2026:15:13:46 +0000] "GET /products/detail/112572131/ HTTP/1.1" 404 139215 "-" "meta-externalagent/1.1 (+https://developers.facebook.com/docs/sharing/webmasters/crawler)"
45.79.238.235 - - [31/Mar/2026:15:14:16 +0000] "POST /wp-cron.php?doing_wp_cron=1774970055.9496650695800781250000 HTTP/1.1" 200 - "-" "WordPress/6.9.4; https://schoolofgolf.co.nz"
57.141.14.88 - - [31/Mar/2026:15:14:14 +0000] "GET /products/detail/102702161/ HTTP/1.1" 404 139215 "-" "meta-externalagent/1.1 (+https://developers.facebook.com/docs/sharing/webmasters/crawler)"
57.141.14.60 - - [31/Mar/2026:15:14:43 +0000] "GET /products/detail/70836101/ HTTP/1.1" 404 139215 "-" "meta-externalagent/1.1 (+https://developers.facebook.com/docs/sharing/webmasters/crawler)"
45.79.238.235 - - [31/Mar/2026:15:15:13 +0000] "POST /wp-cron.php?doing_wp_cron=1774970113.0749731063842773437500 HTTP/1.1" 200 - "-" "WordPress/6.9.4; https://schoolofgolf.co.nz"
57.141.14.111 - - [31/Mar/2026:15:15:12 +0000] "GET /products/detail/102138101/ HTTP/1.1" 404 139215 "-" "meta-externalagent/1.1 (+https://developers.facebook.com/docs/sharing/webmasters/crawler)"
66.249.70.39 - - [31/Mar/2026:15:15:24 +0000] "GET /?p=9608 HTTP/1.1" 301 - "-" "Mozilla/5.0 (Linux; Android 6.0.1; Nexus 5X Build/MMB29P) AppleWebKit/537.36 (KHTML, like Gecko) Chrome/146.0.7680.153 Mobile Safari/537.36 (compatible; Googlebot/2.1; +http://www.google.com/bot.html)"
66.249.70.39 - - [31/Mar/2026:15:15:25 +0000] "GET /gambling-pokies-free-chip/ HTTP/1.1" 200 148893 "-" "Mozilla/5.0 (Linux; Android 6.0.1; Nexus 5X Build/MMB29P) AppleWebKit/537.36 (KHTML, like Gecko) Chrome/146.0.7680.153 Mobile Safari/537.36 (compatible; Googlebot/2.1; +http://www.google.com/bot.html)"
66.249.70.38 - - [31/Mar/2026:15:15:41 +0000] "GET /?p=10107 HTTP/1.1" 301 - "-" "Mozilla/5.0 (Linux; Android 6.0.1; Nexus 5X Build/MMB29P) AppleWebKit/537.36 (KHTML, like Gecko) Chrome/146.0.7680.153 Mobile Safari/537.36 (compatible; Googlebot/2.1; +http://www.google.com/bot.html)"
57.141.14.18 - - [31/Mar/2026:15:15:41 +0000] "GET /products/detail/57018161/ HTTP/1.1" 404 139215 "-" "meta-externalagent/1.1 (+https://developers.facebook.com/docs/sharing/webmasters/crawler)"
66.249.70.38 - - [31/Mar/2026:15:15:42 +0000] "GET /play-tax-free-pokies-online-australia/ HTTP/1.1" 200 149970 "-" "Mozilla/5.0 (Linux; Android 6.0.1; Nexus 5X Build/MMB29P) AppleWebKit/537.36 (KHTML, like Gecko) Chrome/146.0.7680.153 Mobile Safari/537.36 (compatible; Googlebot/2.1; +http://www.google.com/bot.html)"
66.249.70.37 - - [31/Mar/2026:15:15:45 +0000] "GET /?p=6315 HTTP/1.1" 301 - "-" "Mozilla/5.0 (Linux; Android 6.0.1; Nexus 5X Build/MMB29P) AppleWebKit/537.36 (KHTML, like Gecko) Chrome/146.0.7680.153 Mobile Safari/537.36 (compatible; Googlebot/2.1; +http://www.google.com/bot.html)"
66.249.70.37 - - [31/Mar/2026:15:15:46 +0000] "GET /online-slots-au-no-deposit-free-spins/ HTTP/1.1" 200 148731 "-" "Mozilla/5.0 (Linux; Android 6.0.1; Nexus 5X Build/MMB29P) AppleWebKit/537.36 (KHTML, like Gecko) Chrome/146.0.7680.153 Mobile Safari/537.36 (compatible; Googlebot/2.1; +http://www.google.com/bot.html)"
66.249.70.37 - - [31/Mar/2026:15:15:48 +0000] "GET /?p=9339 HTTP/1.1" 301 - "-" "Mozilla/5.0 (Linux; Android 6.0.1; Nexus 5X Build/MMB29P) AppleWebKit/537.36 (KHTML, like Gecko) Chrome/146.0.7680.153 Mobile Safari/537.36 (compatible; Googlebot/2.1; +http://www.google.com/bot.html)"
66.249.70.37 - - [31/Mar/2026:15:15:49 +0000] "GET /free-online-pokies-game-no-download/ HTTP/1.1" 200 149428 "-" "Mozilla/5.0 (Linux; Android 6.0.1; Nexus 5X Build/MMB29P) AppleWebKit/537.36 (KHTML, like Gecko) Chrome/146.0.7680.153 Mobile Safari/537.36 (compatible; Googlebot/2.1; +http://www.google.com/bot.html)"
45.79.238.235 - - [31/Mar/2026:15:16:10 +0000] "POST /wp-cron.php?doing_wp_cron=1774970170.4468100070953369140625 HTTP/1.1" 200 - "-" "WordPress/6.9.4; https://schoolofgolf.co.nz"
57.141.14.38 - - [31/Mar/2026:15:16:09 +0000] "GET /products/detail/113982101/ HTTP/1.1" 404 139215 "-" "meta-externalagent/1.1 (+https://developers.facebook.com/docs/sharing/webmasters/crawler)"
66.249.70.37 - - [31/Mar/2026:15:16:10 +0000] "GET /?p=8780 HTTP/1.1" 301 - "-" "Mozilla/5.0 (Linux; Android 6.0.1; Nexus 5X Build/MMB29P) AppleWebKit/537.36 (KHTML, like Gecko) Chrome/146.0.7680.153 Mobile Safari/537.36 (compatible; Googlebot/2.1; +http://www.google.com/bot.html)"
66.249.70.37 - - [31/Mar/2026:15:16:11 +0000] "GET /play-game-au-pokies/ HTTP/1.1" 200 149753 "-" "Mozilla/5.0 (Linux; Android 6.0.1; Nexus 5X Build/MMB29P) AppleWebKit/537.36 (KHTML, like Gecko) Chrome/146.0.7680.153 Mobile Safari/537.36 (compatible; Googlebot/2.1; +http://www.google.com/bot.html)"
66.249.70.37 - - [31/Mar/2026:15:16:29 +0000] "GET /?p=6527 HTTP/1.1" 301 - "-" "Mozilla/5.0 (Linux; Android 6.0.1; Nexus 5X Build/MMB29P) AppleWebKit/537.36 (KHTML, like Gecko) Chrome/146.0.7680.153 Mobile Safari/537.36 (compatible; Googlebot/2.1; +http://www.google.com/bot.html)"
66.249.70.38 - - [31/Mar/2026:15:16:31 +0000] "GET /top-australian-pokies-best-pokies-machines/ HTTP/1.1" 200 149498 "-" "Mozilla/5.0 (Linux; Android 6.0.1; Nexus 5X Build/MMB29P) AppleWebKit/537.36 (KHTML, like Gecko) Chrome/146.0.7680.153 Mobile Safari/537.36 (compatible; Googlebot/2.1; +http://www.google.com/bot.html)"
57.141.14.83 - - [31/Mar/2026:15:16:37 +0000] "GET /products/detail/60778141/ HTTP/1.1" 404 139215 "-" "meta-externalagent/1.1 (+https://developers.facebook.com/docs/sharing/webmasters/crawler)"
66.249.70.37 - - [31/Mar/2026:15:16:46 +0000] "GET /?p=10771 HTTP/1.1" 301 - "-" "Mozilla/5.0 (Linux; Android 6.0.1; Nexus 5X Build/MMB29P) AppleWebKit/537.36 (KHTML, like Gecko) Chrome/146.0.7680.153 Mobile Safari/537.36 (compatible; Googlebot/2.1; +http://www.google.com/bot.html)"
66.249.70.37 - - [31/Mar/2026:15:16:47 +0000] "GET /pokies-with-welcome-bonus-that-accept-paypal/ HTTP/1.1" 200 149333 "-" "Mozilla/5.0 (Linux; Android 6.0.1; Nexus 5X Build/MMB29P) AppleWebKit/537.36 (KHTML, like Gecko) Chrome/146.0.7680.153 Mobile Safari/537.36 (compatible; Googlebot/2.1; +http://www.google.com/bot.html)"
66.249.70.37 - - [31/Mar/2026:15:16:48 +0000] "GET /?p=5545 HTTP/1.1" 301 - "-" "Mozilla/5.0 (Linux; Android 6.0.1; Nexus 5X Build/MMB29P) AppleWebKit/537.36 (KHTML, like Gecko) Chrome/146.0.7680.153 Mobile Safari/537.36 (compatible; Googlebot/2.1; +http://www.google.com/bot.html)"
66.249.70.37 - - [31/Mar/2026:15:16:50 +0000] "GET /gold-fever-pokies-nz/ HTTP/1.1" 200 149508 "-" "Mozilla/5.0 (Linux; Android 6.0.1; Nexus 5X Build/MMB29P) AppleWebKit/537.36 (KHTML, like Gecko) Chrome/146.0.7680.153 Mobile Safari/537.36 (compatible; Googlebot/2.1; +http://www.google.com/bot.html)"
45.79.238.235 - - [31/Mar/2026:15:17:07 +0000] "POST /wp-cron.php?doing_wp_cron=1774970227.4034700393676757812500 HTTP/1.1" 200 - "-" "WordPress/6.9.4; https://schoolofgolf.co.nz"
57.141.14.14 - - [31/Mar/2026:15:17:06 +0000] "GET /products/detail/89730131/ HTTP/1.1" 404 139215 "-" "meta-externalagent/1.1 (+https://developers.facebook.com/docs/sharing/webmasters/crawler)"
66.249.70.39 - - [31/Mar/2026:15:17:12 +0000] "GET /?p=10144 HTTP/1.1" 301 - "-" "Mozilla/5.0 (Linux; Android 6.0.1; Nexus 5X Build/MMB29P) AppleWebKit/537.36 (KHTML, like Gecko) Chrome/146.0.7680.153 Mobile Safari/537.36 (compatible; Googlebot/2.1; +http://www.google.com/bot.html)"
66.249.70.38 - - [31/Mar/2026:15:17:13 +0000] "GET /new-slot-casino-au/ HTTP/1.1" 200 149378 "-" "Mozilla/5.0 (Linux; Android 6.0.1; Nexus 5X Build/MMB29P) AppleWebKit/537.36 (KHTML, like Gecko) Chrome/146.0.7680.153 Mobile Safari/537.36 (compatible; Googlebot/2.1; +http://www.google.com/bot.html)"
66.249.70.39 - - [31/Mar/2026:15:17:13 +0000] "GET /?p=11992 HTTP/1.1" 301 - "-" "Mozilla/5.0 (Linux; Android 6.0.1; Nexus 5X Build/MMB29P) AppleWebKit/537.36 (KHTML, like Gecko) Chrome/146.0.7680.153 Mobile Safari/537.36 (compatible; Googlebot/2.1; +http://www.google.com/bot.html)"
66.249.70.39 - - [31/Mar/2026:15:17:14 +0000] "GET /online-casinos-sites-nz/ HTTP/1.1" 200 148992 "-" "Mozilla/5.0 (Linux; Android 6.0.1; Nexus 5X Build/MMB29P) AppleWebKit/537.36 (KHTML, like Gecko) Chrome/146.0.7680.153 Mobile Safari/537.36 (compatible; Googlebot/2.1; +http://www.google.com/bot.html)"
66.249.70.37 - - [31/Mar/2026:15:17:16 +0000] "GET /?p=4989 HTTP/1.1" 301 - "-" "Mozilla/5.0 (Linux; Android 6.0.1; Nexus 5X Build/MMB29P) AppleWebKit/537.36 (KHTML, like Gecko) Chrome/146.0.7680.153 Mobile Safari/537.36 (compatible; Googlebot/2.1; +http://www.google.com/bot.html)"
66.249.70.38 - - [31/Mar/2026:15:17:17 +0000] "GET /nsw-pokies-statistics/ HTTP/1.1" 200 149637 "-" "Mozilla/5.0 (Linux; Android 6.0.1; Nexus 5X Build/MMB29P) AppleWebKit/537.36 (KHTML, like Gecko) Chrome/146.0.7680.153 Mobile Safari/537.36 (compatible; Googlebot/2.1; +http://www.google.com/bot.html)"
66.249.70.38 - - [31/Mar/2026:15:17:18 +0000] "GET /?p=8863 HTTP/1.1" 301 - "-" "Mozilla/5.0 (Linux; Android 6.0.1; Nexus 5X Build/MMB29P) AppleWebKit/537.36 (KHTML, like Gecko) Chrome/146.0.7680.153 Mobile Safari/537.36 (compatible; Googlebot/2.1; +http://www.google.com/bot.html)"
66.249.70.38 - - [31/Mar/2026:15:17:19 +0000] "GET /mr-slot-au/ HTTP/1.1" 200 149594 "-" "Mozilla/5.0 (Linux; Android 6.0.1; Nexus 5X Build/MMB29P) AppleWebKit/537.36 (KHTML, like Gecko) Chrome/146.0.7680.153 Mobile Safari/537.36 (compatible; Googlebot/2.1; +http://www.google.com/bot.html)"
66.249.70.37 - - [31/Mar/2026:15:17:26 +0000] "GET /?p=6239 HTTP/1.1" 301 - "-" "Mozilla/5.0 (Linux; Android 6.0.1; Nexus 5X Build/MMB29P) AppleWebKit/537.36 (KHTML, like Gecko) Chrome/146.0.7680.153 Mobile Safari/537.36 (compatible; Googlebot/2.1; +http://www.google.com/bot.html)"
66.249.70.37 - - [31/Mar/2026:15:17:27 +0000] "GET /spin-palace-casino-au/ HTTP/1.1" 200 149980 "-" "Mozilla/5.0 (Linux; Android 6.0.1; Nexus 5X Build/MMB29P) AppleWebKit/537.36 (KHTML, like Gecko) Chrome/146.0.7680.153 Mobile Safari/537.36 (compatible; Googlebot/2.1; +http://www.google.com/bot.html)"
57.141.14.53 - - [31/Mar/2026:15:17:35 +0000] "GET /products/detail/95934161/ HTTP/1.1" 404 139215 "-" "meta-externalagent/1.1 (+https://developers.facebook.com/docs/sharing/webmasters/crawler)"
66.249.70.37 - - [31/Mar/2026:15:17:45 +0000] "GET /?p=12153 HTTP/1.1" 301 - "-" "Mozilla/5.0 (Linux; Android 6.0.1; Nexus 5X Build/MMB29P) AppleWebKit/537.36 (KHTML, like Gecko) Chrome/146.0.7680.153 Mobile Safari/537.36 (compatible; Googlebot/2.1; +http://www.google.com/bot.html)"
66.249.70.37 - - [31/Mar/2026:15:17:46 +0000] "GET /top-online-pokies-in-australia-mac/ HTTP/1.1" 200 149615 "-" "Mozilla/5.0 (Linux; Android 6.0.1; Nexus 5X Build/MMB29P) AppleWebKit/537.36 (KHTML, like Gecko) Chrome/146.0.7680.153 Mobile Safari/537.36 (compatible; Googlebot/2.1; +http://www.google.com/bot.html)"
45.79.238.235 - - [31/Mar/2026:15:17:57 +0000] "POST /wp-cron.php?doing_wp_cron=1774970276.9725248813629150390625 HTTP/1.1" 200 - "-" "WordPress/6.9.4; https://schoolofgolf.co.nz"
66.249.70.37 - - [31/Mar/2026:15:17:56 +0000] "GET /?p=10221 HTTP/1.1" 301 - "-" "Mozilla/5.0 (Linux; Android 6.0.1; Nexus 5X Build/MMB29P) AppleWebKit/537.36 (KHTML, like Gecko) Chrome/146.0.7680.153 Mobile Safari/537.36 (compatible; Googlebot/2.1; +http://www.google.com/bot.html)"
66.249.70.37 - - [31/Mar/2026:15:17:57 +0000] "GET /top-online-pokies-and-casinos-new-zealand-dollars/ HTTP/1.1" 200 149438 "-" "Mozilla/5.0 (Linux; Android 6.0.1; Nexus 5X Build/MMB29P) AppleWebKit/537.36 (KHTML, like Gecko) Chrome/146.0.7680.153 Mobile Safari/537.36 (compatible; Googlebot/2.1; +http://www.google.com/bot.html)"
66.249.70.39 - - [31/Mar/2026:15:18:01 +0000] "GET /?p=6727 HTTP/1.1" 301 - "-" "Mozilla/5.0 (Linux; Android 6.0.1; Nexus 5X Build/MMB29P) AppleWebKit/537.36 (KHTML, like Gecko) Chrome/146.0.7680.153 Mobile Safari/537.36 (compatible; Googlebot/2.1; +http://www.google.com/bot.html)"
66.249.70.39 - - [31/Mar/2026:15:18:02 +0000] "GET /free-australian-pokies-bonus-rounds/ HTTP/1.1" 200 149750 "-" "Mozilla/5.0 (Linux; Android 6.0.1; Nexus 5X Build/MMB29P) AppleWebKit/537.36 (KHTML, like Gecko) Chrome/146.0.7680.153 Mobile Safari/537.36 (compatible; Googlebot/2.1; +http://www.google.com/bot.html)"
57.141.14.99 - - [31/Mar/2026:15:18:03 +0000] "GET /products/detail/52036111/ HTTP/1.1" 404 139215 "-" "meta-externalagent/1.1 (+https://developers.facebook.com/docs/sharing/webmasters/crawler)"
66.249.70.38 - - [31/Mar/2026:15:18:05 +0000] "GET /?p=6739 HTTP/1.1" 301 - "-" "Mozilla/5.0 (Linux; Android 6.0.1; Nexus 5X Build/MMB29P) AppleWebKit/537.36 (KHTML, like Gecko) Chrome/146.0.7680.153 Mobile Safari/537.36 (compatible; Googlebot/2.1; +http://www.google.com/bot.html)"
66.249.70.37 - - [31/Mar/2026:15:18:05 +0000] "GET /is-the-top-online-pokies-and-casinos-in-new-zealand-legit/ HTTP/1.1" 200 149447 "-" "Mozilla/5.0 (Linux; Android 6.0.1; Nexus 5X Build/MMB29P) AppleWebKit/537.36 (KHTML, like Gecko) Chrome/146.0.7680.153 Mobile Safari/537.36 (compatible; Googlebot/2.1; +http://www.google.com/bot.html)"
66.249.70.38 - - [31/Mar/2026:15:18:09 +0000] "GET /?p=10313 HTTP/1.1" 301 - "-" "Mozilla/5.0 (Linux; Android 6.0.1; Nexus 5X Build/MMB29P) AppleWebKit/537.36 (KHTML, like Gecko) Chrome/146.0.7680.153 Mobile Safari/537.36 (compatible; Googlebot/2.1; +http://www.google.com/bot.html)"
66.249.70.37 - - [31/Mar/2026:15:18:10 +0000] "GET /online-roulette-nz-real-money-review/ HTTP/1.1" 200 149323 "-" "Mozilla/5.0 (Linux; Android 6.0.1; Nexus 5X Build/MMB29P) AppleWebKit/537.36 (KHTML, like Gecko) Chrome/146.0.7680.153 Mobile Safari/537.36 (compatible; Googlebot/2.1; +http://www.google.com/bot.html)"
66.249.70.37 - - [31/Mar/2026:15:18:15 +0000] "GET /?p=10238 HTTP/1.1" 301 - "-" "Mozilla/5.0 (Linux; Android 6.0.1; Nexus 5X Build/MMB29P) AppleWebKit/537.36 (KHTML, like Gecko) Chrome/146.0.7680.153 Mobile Safari/537.36 (compatible; Googlebot/2.1; +http://www.google.com/bot.html)"
66.249.70.37 - - [31/Mar/2026:15:18:16 +0000] "GET /bet365-blackjack-betting-au/ HTTP/1.1" 200 149149 "-" "Mozilla/5.0 (Linux; Android 6.0.1; Nexus 5X Build/MMB29P) AppleWebKit/537.36 (KHTML, like Gecko) Chrome/146.0.7680.153 Mobile Safari/537.36 (compatible; Googlebot/2.1; +http://www.google.com/bot.html)"
66.249.70.37 - - [31/Mar/2026:15:18:17 +0000] "GET /?p=10206 HTTP/1.1" 301 - "-" "Mozilla/5.0 (Linux; Android 6.0.1; Nexus 5X Build/MMB29P) AppleWebKit/537.36 (KHTML, like Gecko) Chrome/146.0.7680.153 Mobile Safari/537.36 (compatible; Googlebot/2.1; +http://www.google.com/bot.html)"
66.249.70.37 - - [31/Mar/2026:15:18:18 +0000] "GET /pokies-deposit-casino-real-money/ HTTP/1.1" 200 148455 "-" "Mozilla/5.0 (Linux; Android 6.0.1; Nexus 5X Build/MMB29P) AppleWebKit/537.36 (KHTML, like Gecko) Chrome/146.0.7680.153 Mobile Safari/537.36 (compatible; Googlebot/2.1; +http://www.google.com/bot.html)"
66.249.70.37 - - [31/Mar/2026:15:18:19 +0000] "GET /?p=5303 HTTP/1.1" 301 - "-" "Mozilla/5.0 (Linux; Android 6.0.1; Nexus 5X Build/MMB29P) AppleWebKit/537.36 (KHTML, like Gecko) Chrome/146.0.7680.153 Mobile Safari/537.36 (compatible; Googlebot/2.1; +http://www.google.com/bot.html)"
66.249.70.37 - - [31/Mar/2026:15:18:20 +0000] "GET /are-there-casinos-in-new-australia/ HTTP/1.1" 200 149784 "-" "Mozilla/5.0 (Linux; Android 6.0.1; Nexus 5X Build/MMB29P) AppleWebKit/537.36 (KHTML, like Gecko) Chrome/146.0.7680.153 Mobile Safari/537.36 (compatible; Googlebot/2.1; +http://www.google.com/bot.html)"
66.249.70.37 - - [31/Mar/2026:15:18:21 +0000] "GET /?p=5953 HTTP/1.1" 301 - "-" "Mozilla/5.0 (Linux; Android 6.0.1; Nexus 5X Build/MMB29P) AppleWebKit/537.36 (KHTML, like Gecko) Chrome/146.0.7680.153 Mobile Safari/537.36 (compatible; Googlebot/2.1; +http://www.google.com/bot.html)"
66.249.70.37 - - [31/Mar/2026:15:18:22 +0000] "GET /new-winning-pokies-machine-games/ HTTP/1.1" 200 148854 "-" "Mozilla/5.0 (Linux; Android 6.0.1; Nexus 5X Build/MMB29P) AppleWebKit/537.36 (KHTML, like Gecko) Chrome/146.0.7680.153 Mobile Safari/537.36 (compatible; Googlebot/2.1; +http://www.google.com/bot.html)"
66.249.70.37 - - [31/Mar/2026:15:18:25 +0000] "GET /?p=6558 HTTP/1.1" 301 - "-" "Mozilla/5.0 (Linux; Android 6.0.1; Nexus 5X Build/MMB29P) AppleWebKit/537.36 (KHTML, like Gecko) Chrome/146.0.7680.153 Mobile Safari/537.36 (compatible; Googlebot/2.1; +http://www.google.com/bot.html)"
66.249.70.37 - - [31/Mar/2026:15:18:26 +0000] "GET /best-new-zealand-online-casino-reviews/ HTTP/1.1" 200 149802 "-" "Mozilla/5.0 (Linux; Android 6.0.1; Nexus 5X Build/MMB29P) AppleWebKit/537.36 (KHTML, like Gecko) Chrome/146.0.7680.153 Mobile Safari/537.36 (compatible; Googlebot/2.1; +http://www.google.com/bot.html)"
66.249.70.37 - - [31/Mar/2026:15:18:27 +0000] "GET /?p=8888 HTTP/1.1" 301 - "-" "Mozilla/5.0 (Linux; Android 6.0.1; Nexus 5X Build/MMB29P) AppleWebKit/537.36 (KHTML, like Gecko) Chrome/146.0.7680.153 Mobile Safari/537.36 (compatible; Googlebot/2.1; +http://www.google.com/bot.html)"
66.249.70.37 - - [31/Mar/2026:15:18:28 +0000] "GET /hastings-park-casino/ HTTP/1.1" 200 149480 "-" "Mozilla/5.0 (Linux; Android 6.0.1; Nexus 5X Build/MMB29P) AppleWebKit/537.36 (KHTML, like Gecko) Chrome/146.0.7680.153 Mobile Safari/537.36 (compatible; Googlebot/2.1; +http://www.google.com/bot.html)"
66.249.70.37 - - [31/Mar/2026:15:18:32 +0000] "GET /?p=10258 HTTP/1.1" 301 - "-" "Mozilla/5.0 (Linux; Android 6.0.1; Nexus 5X Build/MMB29P) AppleWebKit/537.36 (KHTML, like Gecko) Chrome/146.0.7680.153 Mobile Safari/537.36 (compatible; Googlebot/2.1; +http://www.google.com/bot.html)"
57.141.14.52 - - [31/Mar/2026:15:18:31 +0000] "GET /products/detail/117084161/ HTTP/1.1" 404 139215 "-" "meta-externalagent/1.1 (+https://developers.facebook.com/docs/sharing/webmasters/crawler)"
66.249.70.37 - - [31/Mar/2026:15:18:32 +0000] "GET /new-zealand-online-gambling-pokies/ HTTP/1.1" 200 149875 "-" "Mozilla/5.0 (Linux; Android 6.0.1; Nexus 5X Build/MMB29P) AppleWebKit/537.36 (KHTML, like Gecko) Chrome/146.0.7680.153 Mobile Safari/537.36 (compatible; Googlebot/2.1; +http://www.google.com/bot.html)"
66.249.70.37 - - [31/Mar/2026:15:18:34 +0000] "GET /?p=10390 HTTP/1.1" 301 - "-" "Mozilla/5.0 (Linux; Android 6.0.1; Nexus 5X Build/MMB29P) AppleWebKit/537.36 (KHTML, like Gecko) Chrome/146.0.7680.153 Mobile Safari/537.36 (compatible; Googlebot/2.1; +http://www.google.com/bot.html)"
66.249.70.37 - - [31/Mar/2026:15:18:35 +0000] "GET /top-nz-no-deposit-bonus-casinos/ HTTP/1.1" 200 149071 "-" "Mozilla/5.0 (Linux; Android 6.0.1; Nexus 5X Build/MMB29P) AppleWebKit/537.36 (KHTML, like Gecko) Chrome/146.0.7680.153 Mobile Safari/537.36 (compatible; Googlebot/2.1; +http://www.google.com/bot.html)"
66.249.70.37 - - [31/Mar/2026:15:18:40 +0000] "GET /?p=7881 HTTP/1.1" 301 - "-" "Mozilla/5.0 (Linux; Android 6.0.1; Nexus 5X Build/MMB29P) AppleWebKit/537.36 (KHTML, like Gecko) Chrome/146.0.7680.153 Mobile Safari/537.36 (compatible; Googlebot/2.1; +http://www.google.com/bot.html)"
66.249.70.37 - - [31/Mar/2026:15:18:41 +0000] "GET /new-pokies-online-free-no-download-no-registration/ HTTP/1.1" 200 149394 "-" "Mozilla/5.0 (Linux; Android 6.0.1; Nexus 5X Build/MMB29P) AppleWebKit/537.36 (KHTML, like Gecko) Chrome/146.0.7680.153 Mobile Safari/537.36 (compatible; Googlebot/2.1; +http://www.google.com/bot.html)"
66.249.70.37 - - [31/Mar/2026:15:18:42 +0000] "GET /?p=10154 HTTP/1.1" 301 - "-" "Mozilla/5.0 (Linux; Android 6.0.1; Nexus 5X Build/MMB29P) AppleWebKit/537.36 (KHTML, like Gecko) Chrome/146.0.7680.153 Mobile Safari/537.36 (compatible; Googlebot/2.1; +http://www.google.com/bot.html)"
66.249.70.37 - - [31/Mar/2026:15:18:43 +0000] "GET /pokie-machine-names-new-zealand/ HTTP/1.1" 200 148869 "-" "Mozilla/5.0 (Linux; Android 6.0.1; Nexus 5X Build/MMB29P) AppleWebKit/537.36 (KHTML, like Gecko) Chrome/146.0.7680.153 Mobile Safari/537.36 (compatible; Googlebot/2.1; +http://www.google.com/bot.html)"
66.249.70.38 - - [31/Mar/2026:15:18:47 +0000] "GET /?p=11004 HTTP/1.1" 301 - "-" "Mozilla/5.0 (Linux; Android 6.0.1; Nexus 5X Build/MMB29P) AppleWebKit/537.36 (KHTML, like Gecko) Chrome/146.0.7680.153 Mobile Safari/537.36 (compatible; Googlebot/2.1; +http://www.google.com/bot.html)"
66.249.70.37 - - [31/Mar/2026:15:18:48 +0000] "GET /nz-20-no-deposit-bonuses-free-spins-bonuses/ HTTP/1.1" 200 149604 "-" "Mozilla/5.0 (Linux; Android 6.0.1; Nexus 5X Build/MMB29P) AppleWebKit/537.36 (KHTML, like Gecko) Chrome/146.0.7680.153 Mobile Safari/537.36 (compatible; Googlebot/2.1; +http://www.google.com/bot.html)"
45.79.238.235 - - [31/Mar/2026:15:18:56 +0000] "POST /wp-cron.php?doing_wp_cron=1774970336.0379469394683837890625 HTTP/1.1" 200 - "-" "WordPress/6.9.4; https://schoolofgolf.co.nz"
66.249.70.37 - - [31/Mar/2026:15:18:55 +0000] "GET /?p=12002 HTTP/1.1" 301 - "-" "Mozilla/5.0 (Linux; Android 6.0.1; Nexus 5X Build/MMB29P) AppleWebKit/537.36 (KHTML, like Gecko) Chrome/146.0.7680.153 Mobile Safari/537.36 (compatible; Googlebot/2.1; +http://www.google.com/bot.html)"
66.249.70.37 - - [31/Mar/2026:15:18:56 +0000] "GET /pokies-10-deposit/ HTTP/1.1" 200 148412 "-" "Mozilla/5.0 (Linux; Android 6.0.1; Nexus 5X Build/MMB29P) AppleWebKit/537.36 (KHTML, like Gecko) Chrome/146.0.7680.153 Mobile Safari/537.36 (compatible; Googlebot/2.1; +http://www.google.com/bot.html)"
66.249.70.37 - - [31/Mar/2026:15:18:59 +0000] "GET /?p=11998 HTTP/1.1" 301 - "-" "Mozilla/5.0 (Linux; Android 6.0.1; Nexus 5X Build/MMB29P) AppleWebKit/537.36 (KHTML, like Gecko) Chrome/146.0.7680.153 Mobile Safari/537.36 (compatible; Googlebot/2.1; +http://www.google.com/bot.html)"
57.141.14.44 - - [31/Mar/2026:15:19:00 +0000] "GET /products/detail/112478181/ HTTP/1.1" 404 139215 "-" "meta-externalagent/1.1 (+https://developers.facebook.com/docs/sharing/webmasters/crawler)"
66.249.70.37 - - [31/Mar/2026:15:19:00 +0000] "GET /top-australian-pokies-games-free-no-download/ HTTP/1.1" 200 149474 "-" "Mozilla/5.0 (Linux; Android 6.0.1; Nexus 5X Build/MMB29P) AppleWebKit/537.36 (KHTML, like Gecko) Chrome/146.0.7680.153 Mobile Safari/537.36 (compatible; Googlebot/2.1; +http://www.google.com/bot.html)"
66.249.70.37 - - [31/Mar/2026:15:19:12 +0000] "GET /?p=11893 HTTP/1.1" 301 - "-" "Mozilla/5.0 (Linux; Android 6.0.1; Nexus 5X Build/MMB29P) AppleWebKit/537.36 (KHTML, like Gecko) Chrome/146.0.7680.153 Mobile Safari/537.36 (compatible; Googlebot/2.1; +http://www.google.com/bot.html)"
66.249.70.37 - - [31/Mar/2026:15:19:13 +0000] "GET /the-best-free-deposit-casino-pokies/ HTTP/1.1" 200 148916 "-" "Mozilla/5.0 (Linux; Android 6.0.1; Nexus 5X Build/MMB29P) AppleWebKit/537.36 (KHTML, like Gecko) Chrome/146.0.7680.153 Mobile Safari/537.36 (compatible; Googlebot/2.1; +http://www.google.com/bot.html)"
66.249.70.37 - - [31/Mar/2026:15:19:22 +0000] "GET /?p=10265 HTTP/1.1" 301 - "-" "Mozilla/5.0 (Linux; Android 6.0.1; Nexus 5X Build/MMB29P) AppleWebKit/537.36 (KHTML, like Gecko) Chrome/146.0.7680.153 Mobile Safari/537.36 (compatible; Googlebot/2.1; +http://www.google.com/bot.html)"
66.249.70.37 - - [31/Mar/2026:15:19:23 +0000] "GET /different-varieties-of-popular-pokies/ HTTP/1.1" 200 149155 "-" "Mozilla/5.0 (Linux; Android 6.0.1; Nexus 5X Build/MMB29P) AppleWebKit/537.36 (KHTML, like Gecko) Chrome/146.0.7680.153 Mobile Safari/537.36 (compatible; Googlebot/2.1; +http://www.google.com/bot.html)"
57.141.14.107 - - [31/Mar/2026:15:19:29 +0000] "GET /products/detail/82022181/ HTTP/1.1" 404 139215 "-" "meta-externalagent/1.1 (+https://developers.facebook.com/docs/sharing/webmasters/crawler)"
45.79.238.235 - - [31/Mar/2026:15:19:59 +0000] "POST /wp-cron.php?doing_wp_cron=1774970399.4097979068756103515625 HTTP/1.1" 200 - "-" "WordPress/6.9.4; https://schoolofgolf.co.nz"
57.141.14.105 - - [31/Mar/2026:15:19:58 +0000] "GET /products/detail/82680101/ HTTP/1.1" 404 139215 "-" "meta-externalagent/1.1 (+https://developers.facebook.com/docs/sharing/webmasters/crawler)"
66.249.70.38 - - [31/Mar/2026:15:20:15 +0000] "GET /?p=11718 HTTP/1.1" 301 - "-" "Mozilla/5.0 (Linux; Android 6.0.1; Nexus 5X Build/MMB29P) AppleWebKit/537.36 (KHTML, like Gecko) Chrome/146.0.7680.153 Mobile Safari/537.36 (compatible; Googlebot/2.1; +http://www.google.com/bot.html)"
66.249.70.37 - - [31/Mar/2026:15:20:17 +0000] "GET /free-games-online-australian-pokies/ HTTP/1.1" 200 149326 "-" "Mozilla/5.0 (Linux; Android 6.0.1; Nexus 5X Build/MMB29P) AppleWebKit/537.36 (KHTML, like Gecko) Chrome/146.0.7680.153 Mobile Safari/537.36 (compatible; Googlebot/2.1; +http://www.google.com/bot.html)"
66.249.70.38 - - [31/Mar/2026:15:20:18 +0000] "GET /?p=4742 HTTP/1.1" 301 - "-" "Mozilla/5.0 (Linux; Android 6.0.1; Nexus 5X Build/MMB29P) AppleWebKit/537.36 (KHTML, like Gecko) Chrome/146.0.7680.153 Mobile Safari/537.36 (compatible; Googlebot/2.1; +http://www.google.com/bot.html)"
66.249.70.38 - - [31/Mar/2026:15:20:19 +0000] "GET /pokies-online-no-deposit-free-spins/ HTTP/1.1" 200 149071 "-" "Mozilla/5.0 (Linux; Android 6.0.1; Nexus 5X Build/MMB29P) AppleWebKit/537.36 (KHTML, like Gecko) Chrome/146.0.7680.153 Mobile Safari/537.36 (compatible; Googlebot/2.1; +http://www.google.com/bot.html)"
66.249.70.38 - - [31/Mar/2026:15:20:20 +0000] "GET /?p=8697 HTTP/1.1" 301 - "-" "Mozilla/5.0 (Linux; Android 6.0.1; Nexus 5X Build/MMB29P) AppleWebKit/537.36 (KHTML, like Gecko) Chrome/146.0.7680.153 Mobile Safari/537.36 (compatible; Googlebot/2.1; +http://www.google.com/bot.html)"
66.249.70.37 - - [31/Mar/2026:15:20:21 +0000] "GET /online-casino-app-new-zealand/ HTTP/1.1" 200 149731 "-" "Mozilla/5.0 (Linux; Android 6.0.1; Nexus 5X Build/MMB29P) AppleWebKit/537.36 (KHTML, like Gecko) Chrome/146.0.7680.153 Mobile Safari/537.36 (compatible; Googlebot/2.1; +http://www.google.com/bot.html)"
66.249.70.37 - - [31/Mar/2026:15:20:22 +0000] "GET /?p=10241 HTTP/1.1" 301 - "-" "Mozilla/5.0 (Linux; Android 6.0.1; Nexus 5X Build/MMB29P) AppleWebKit/537.36 (KHTML, like Gecko) Chrome/146.0.7680.153 Mobile Safari/537.36 (compatible; Googlebot/2.1; +http://www.google.com/bot.html)"
66.249.70.38 - - [31/Mar/2026:15:20:23 +0000] "GET /tax-free-pokies-no-deposit-registration-bonus/ HTTP/1.1" 200 148965 "-" "Mozilla/5.0 (Linux; Android 6.0.1; Nexus 5X Build/MMB29P) AppleWebKit/537.36 (KHTML, like Gecko) Chrome/146.0.7680.153 Mobile Safari/537.36 (compatible; Googlebot/2.1; +http://www.google.com/bot.html)"
66.249.70.37 - - [31/Mar/2026:15:20:24 +0000] "GET /?p=6815 HTTP/1.1" 301 - "-" "Mozilla/5.0 (Linux; Android 6.0.1; Nexus 5X Build/MMB29P) AppleWebKit/537.36 (KHTML, like Gecko) Chrome/146.0.7680.153 Mobile Safari/537.36 (compatible; Googlebot/2.1; +http://www.google.com/bot.html)"
66.249.70.37 - - [31/Mar/2026:15:20:25 +0000] "GET /profitable-pokies-with-bonus-app/ HTTP/1.1" 200 148882 "-" "Mozilla/5.0 (Linux; Android 6.0.1; Nexus 5X Build/MMB29P) AppleWebKit/537.36 (KHTML, like Gecko) Chrome/146.0.7680.153 Mobile Safari/537.36 (compatible; Googlebot/2.1; +http://www.google.com/bot.html)"
66.249.70.37 - - [31/Mar/2026:15:20:26 +0000] "GET /?p=11303 HTTP/1.1" 301 - "-" "Mozilla/5.0 (Linux; Android 6.0.1; Nexus 5X Build/MMB29P) AppleWebKit/537.36 (KHTML, like Gecko) Chrome/146.0.7680.153 Mobile Safari/537.36 (compatible; Googlebot/2.1; +http://www.google.com/bot.html)"
57.141.14.12 - - [31/Mar/2026:15:20:26 +0000] "GET /products/detail/101010161/ HTTP/1.1" 404 139215 "-" "meta-externalagent/1.1 (+https://developers.facebook.com/docs/sharing/webmasters/crawler)"
66.249.70.37 - - [31/Mar/2026:15:20:27 +0000] "GET /no-deposit-slots-au-keep-what-you-win/ HTTP/1.1" 200 149189 "-" "Mozilla/5.0 (Linux; Android 6.0.1; Nexus 5X Build/MMB29P) AppleWebKit/537.36 (KHTML, like Gecko) Chrome/146.0.7680.153 Mobile Safari/537.36 (compatible; Googlebot/2.1; +http://www.google.com/bot.html)"
66.249.70.37 - - [31/Mar/2026:15:20:30 +0000] "GET /?p=10210 HTTP/1.1" 301 - "-" "Mozilla/5.0 (Linux; Android 6.0.1; Nexus 5X Build/MMB29P) AppleWebKit/537.36 (KHTML, like Gecko) Chrome/146.0.7680.153 Mobile Safari/537.36 (compatible; Googlebot/2.1; +http://www.google.com/bot.html)"
66.249.70.37 - - [31/Mar/2026:15:20:31 +0000] "GET /secure-pokies-with-welcome-bonus-fast-payout/ HTTP/1.1" 200 149173 "-" "Mozilla/5.0 (Linux; Android 6.0.1; Nexus 5X Build/MMB29P) AppleWebKit/537.36 (KHTML, like Gecko) Chrome/146.0.7680.153 Mobile Safari/537.36 (compatible; Googlebot/2.1; +http://www.google.com/bot.html)"
66.249.70.37 - - [31/Mar/2026:15:20:36 +0000] "GET /?p=7170 HTTP/1.1" 301 - "-" "Mozilla/5.0 (Linux; Android 6.0.1; Nexus 5X Build/MMB29P) AppleWebKit/537.36 (KHTML, like Gecko) Chrome/146.0.7680.153 Mobile Safari/537.36 (compatible; Googlebot/2.1; +http://www.google.com/bot.html)"
66.249.70.37 - - [31/Mar/2026:15:20:37 +0000] "GET /no-deposit-no-strings-100-free-spins-nz-keep-your-winnings/ HTTP/1.1" 200 148809 "-" "Mozilla/5.0 (Linux; Android 6.0.1; Nexus 5X Build/MMB29P) AppleWebKit/537.36 (KHTML, like Gecko) Chrome/146.0.7680.153 Mobile Safari/537.36 (compatible; Googlebot/2.1; +http://www.google.com/bot.html)"
45.79.238.235 - - [31/Mar/2026:15:20:55 +0000] "POST /wp-cron.php?doing_wp_cron=1774970455.3779270648956298828125 HTTP/1.1" 200 - "-" "WordPress/6.9.4; https://schoolofgolf.co.nz"
57.141.14.94 - - [31/Mar/2026:15:20:54 +0000] "GET /products/detail/108906101/ HTTP/1.1" 404 139215 "-" "meta-externalagent/1.1 (+https://developers.facebook.com/docs/sharing/webmasters/crawler)"
66.249.70.39 - - [31/Mar/2026:15:21:02 +0000] "GET / HTTP/1.1" 200 171459 "-" "Mozilla/5.0 (Linux; Android 6.0.1; Nexus 5X Build/MMB29P) AppleWebKit/537.36 (KHTML, like Gecko) Chrome/146.0.7680.153 Mobile Safari/537.36 (compatible; Googlebot/2.1; +http://www.google.com/bot.html)"
66.249.70.38 - - [31/Mar/2026:15:21:05 +0000] "GET /?p=8786 HTTP/1.1" 301 - "-" "Mozilla/5.0 (Linux; Android 6.0.1; Nexus 5X Build/MMB29P) AppleWebKit/537.36 (KHTML, like Gecko) Chrome/146.0.7680.153 Mobile Safari/537.36 (compatible; Googlebot/2.1; +http://www.google.com/bot.html)"
66.249.70.38 - - [31/Mar/2026:15:21:06 +0000] "GET /free-online-games-to-win-real-money-no-deposit-au/ HTTP/1.1" 200 148762 "-" "Mozilla/5.0 (Linux; Android 6.0.1; Nexus 5X Build/MMB29P) AppleWebKit/537.36 (KHTML, like Gecko) Chrome/146.0.7680.153 Mobile Safari/537.36 (compatible; Googlebot/2.1; +http://www.google.com/bot.html)"
66.249.70.38 - - [31/Mar/2026:15:21:08 +0000] "GET /wp-content/plugins/elementor/assets/css/widget-image.min.css?ver=3.30.2 HTTP/1.1" 304 - "https://schoolofgolf.co.nz/" "Mozilla/5.0 (Linux; Android 6.0.1; Nexus 5X Build/MMB29P) AppleWebKit/537.36 (KHTML, like Gecko) Chrome/146.0.7680.153 Mobile Safari/537.36 (compatible; Googlebot/2.1; +http://www.google.com/bot.html)"
66.249.70.38 - - [31/Mar/2026:15:21:08 +0000] "GET /wp-content/uploads/elementor/css/post-4396.css?ver=1762744710 HTTP/1.1" 304 - "https://schoolofgolf.co.nz/" "Mozilla/5.0 (Linux; Android 6.0.1; Nexus 5X Build/MMB29P) AppleWebKit/537.36 (KHTML, like Gecko) Chrome/146.0.7680.153 Mobile Safari/537.36 (compatible; Googlebot/2.1; +http://www.google.com/bot.html)"
66.249.70.38 - - [31/Mar/2026:15:21:08 +0000] "GET /wp-content/plugins/elementor/assets/css/widget-heading.min.css?ver=3.30.2 HTTP/1.1" 304 - "https://schoolofgolf.co.nz/" "Mozilla/5.0 (Linux; Android 6.0.1; Nexus 5X Build/MMB29P) AppleWebKit/537.36 (KHTML, like Gecko) Chrome/146.0.7680.153 Mobile Safari/537.36 (compatible; Googlebot/2.1; +http://www.google.com/bot.html)"
66.249.70.38 - - [31/Mar/2026:15:21:08 +0000] "GET /wp-content/uploads/elementor/google-fonts/css/oswald.css?ver=1752117580 HTTP/1.1" 304 - "https://schoolofgolf.co.nz/" "Mozilla/5.0 (Linux; Android 6.0.1; Nexus 5X Build/MMB29P) AppleWebKit/537.36 (KHTML, like Gecko) Chrome/146.0.7680.153 Mobile Safari/537.36 (compatible; Googlebot/2.1; +http://www.google.com/bot.html)"
66.249.70.38 - - [31/Mar/2026:15:21:08 +0000] "GET /wp-content/plugins/elementor/assets/js/frontend-modules.min.js?ver=3.30.2 HTTP/1.1" 304 - "https://schoolofgolf.co.nz/" "Mozilla/5.0 (Linux; Android 6.0.1; Nexus 5X Build/MMB29P) AppleWebKit/537.36 (KHTML, like Gecko) Chrome/146.0.7680.153 Mobile Safari/537.36 (compatible; Googlebot/2.1; +http://www.google.com/bot.html)"
66.249.70.37 - - [31/Mar/2026:15:21:09 +0000] "GET /wp-content/plugins/elementor/assets/lib/font-awesome/css/solid.min.css?ver=5.15.3 HTTP/1.1" 304 - "https://schoolofgolf.co.nz/" "Mozilla/5.0 (Linux; Android 6.0.1; Nexus 5X Build/MMB29P) AppleWebKit/537.36 (KHTML, like Gecko) Chrome/146.0.7680.153 Mobile Safari/537.36 (compatible; Googlebot/2.1; +http://www.google.com/bot.html)"
66.249.70.37 - - [31/Mar/2026:15:21:10 +0000] "GET /?p=12789 HTTP/1.1" 301 - "-" "Mozilla/5.0 (Linux; Android 6.0.1; Nexus 5X Build/MMB29P) AppleWebKit/537.36 (KHTML, like Gecko) Chrome/146.0.7680.153 Mobile Safari/537.36 (compatible; Googlebot/2.1; +http://www.google.com/bot.html)"
