66.249.70.37 - - [31/Mar/2026:15:21:11 +0000] "GET /wp-content/plugins/elementor/assets/js/webpack.runtime.min.js?ver=3.30.2 HTTP/1.1" 304 - "https://schoolofgolf.co.nz/" "Mozilla/5.0 (Linux; Android 6.0.1; Nexus 5X Build/MMB29P) AppleWebKit/537.36 (KHTML, like Gecko) Chrome/146.0.7680.153 Mobile Safari/537.36 (compatible; Googlebot/2.1; +http://www.google.com/bot.html)"
66.249.70.37 - - [31/Mar/2026:15:21:12 +0000] "GET /wp-content/plugins/elementor/assets/lib/font-awesome/css/fontawesome.min.css?ver=5.15.3 HTTP/1.1" 304 - "https://schoolofgolf.co.nz/" "Mozilla/5.0 (Linux; Android 6.0.1; Nexus 5X Build/MMB29P) AppleWebKit/537.36 (KHTML, like Gecko) Chrome/146.0.7680.153 Mobile Safari/537.36 (compatible; Googlebot/2.1; +http://www.google.com/bot.html)"
66.249.70.37 - - [31/Mar/2026:15:21:11 +0000] "GET /real-cash-casino-new-zealand/ HTTP/1.1" 200 148454 "-" "Mozilla/5.0 (Linux; Android 6.0.1; Nexus 5X Build/MMB29P) AppleWebKit/537.36 (KHTML, like Gecko) Chrome/146.0.7680.153 Mobile Safari/537.36 (compatible; Googlebot/2.1; +http://www.google.com/bot.html)"
66.249.70.37 - - [31/Mar/2026:15:21:13 +0000] "GET /wp-includes/js/jquery/ui/core.min.js?ver=1.13.3 HTTP/1.1" 304 - "https://schoolofgolf.co.nz/" "Mozilla/5.0 (Linux; Android 6.0.1; Nexus 5X Build/MMB29P) AppleWebKit/537.36 (KHTML, like Gecko) Chrome/146.0.7680.153 Mobile Safari/537.36 (compatible; Googlebot/2.1; +http://www.google.com/bot.html)"
66.249.70.37 - - [31/Mar/2026:15:21:13 +0000] "GET /wp-content/plugins/elementor/assets/js/frontend.min.js?ver=3.30.2 HTTP/1.1" 304 - "https://schoolofgolf.co.nz/" "Mozilla/5.0 (Linux; Android 6.0.1; Nexus 5X Build/MMB29P) AppleWebKit/537.36 (KHTML, like Gecko) Chrome/146.0.7680.153 Mobile Safari/537.36 (compatible; Googlebot/2.1; +http://www.google.com/bot.html)"
66.249.70.37 - - [31/Mar/2026:15:21:14 +0000] "POST /?wc-ajax=get_refreshed_fragments HTTP/1.1" 200 6913 "https://schoolofgolf.co.nz/" "Mozilla/5.0 (Linux; Android 6.0.1; Nexus 5X Build/MMB29P) AppleWebKit/537.36 (KHTML, like Gecko) Chrome/146.0.7680.153 Mobile Safari/537.36 (compatible; Googlebot/2.1; +http://www.google.com/bot.html)"
66.249.70.37 - - [31/Mar/2026:15:21:15 +0000] "GET /wp-content/plugins/elementor/assets/js/shared-frontend-handlers.30dc2f9c080845a413a6.bundle.min.js HTTP/1.1" 304 - "https://schoolofgolf.co.nz/" "Mozilla/5.0 (Linux; Android 6.0.1; Nexus 5X Build/MMB29P) AppleWebKit/537.36 (KHTML, like Gecko) Chrome/146.0.7680.153 Mobile Safari/537.36 (compatible; Googlebot/2.1; +http://www.google.com/bot.html)"
66.249.70.37 - - [31/Mar/2026:15:21:16 +0000] "GET /wp-content/plugins/elementor/assets/js/text-editor.c084ef86600b6f11690d.bundle.min.js HTTP/1.1" 304 - "https://schoolofgolf.co.nz/" "Mozilla/5.0 (Linux; Android 6.0.1; Nexus 5X Build/MMB29P) AppleWebKit/537.36 (KHTML, like Gecko) Chrome/146.0.7680.153 Mobile Safari/537.36 (compatible; Googlebot/2.1; +http://www.google.com/bot.html)"
66.249.70.37 - - [31/Mar/2026:15:21:16 +0000] "GET /wp-content/uploads/2020/09/bg-line-4-cols.svg HTTP/1.1" 304 - "https://schoolofgolf.co.nz/wp-content/uploads/elementor/css/post-4396.css?ver=1762744710" "Mozilla/5.0 (Linux; Android 6.0.1; Nexus 5X Build/MMB29P) AppleWebKit/537.36 (KHTML, like Gecko) Chrome/146.0.7680.153 Mobile Safari/537.36 (compatible; Googlebot/2.1; +http://www.google.com/bot.html)"
57.141.14.49 - - [31/Mar/2026:15:21:23 +0000] "GET /products/detail/112384141/ HTTP/1.1" 404 139215 "-" "meta-externalagent/1.1 (+https://developers.facebook.com/docs/sharing/webmasters/crawler)"
66.249.70.37 - - [31/Mar/2026:15:21:31 +0000] "GET /?p=10951 HTTP/1.1" 301 - "-" "Mozilla/5.0 (Linux; Android 6.0.1; Nexus 5X Build/MMB29P) AppleWebKit/537.36 (KHTML, like Gecko) Chrome/146.0.7680.153 Mobile Safari/537.36 (compatible; Googlebot/2.1; +http://www.google.com/bot.html)"
66.249.70.37 - - [31/Mar/2026:15:21:32 +0000] "GET /aristocrat-pokies-owner/ HTTP/1.1" 200 149981 "-" "Mozilla/5.0 (Linux; Android 6.0.1; Nexus 5X Build/MMB29P) AppleWebKit/537.36 (KHTML, like Gecko) Chrome/146.0.7680.153 Mobile Safari/537.36 (compatible; Googlebot/2.1; +http://www.google.com/bot.html)"
57.141.14.71 - - [31/Mar/2026:15:21:51 +0000] "GET /products/detail/119340131/ HTTP/1.1" 404 139215 "-" "meta-externalagent/1.1 (+https://developers.facebook.com/docs/sharing/webmasters/crawler)"
45.79.238.235 - - [31/Mar/2026:15:22:02 +0000] "POST /wp-cron.php?doing_wp_cron=1774970522.3136169910430908203125 HTTP/1.1" 200 - "-" "WordPress/6.9.4; https://schoolofgolf.co.nz"
66.249.70.39 - - [31/Mar/2026:15:22:01 +0000] "GET /free-casino-game-no-deposit-pokies/ HTTP/1.1" 200 149151 "-" "Mozilla/5.0 (Linux; Android 6.0.1; Nexus 5X Build/MMB29P) AppleWebKit/537.36 (KHTML, like Gecko) Chrome/146.0.7680.153 Mobile Safari/537.36 (compatible; Googlebot/2.1; +http://www.google.com/bot.html)"
66.249.70.37 - - [31/Mar/2026:15:22:12 +0000] "GET /roulette-new-zealand-online/ HTTP/1.1" 200 149227 "-" "Mozilla/5.0 (Linux; Android 6.0.1; Nexus 5X Build/MMB29P) AppleWebKit/537.36 (KHTML, like Gecko) Chrome/146.0.7680.153 Mobile Safari/537.36 (compatible; Googlebot/2.1; +http://www.google.com/bot.html)"
66.249.70.38 - - [31/Mar/2026:15:22:14 +0000] "GET /live-roulette-nz-online/ HTTP/1.1" 200 148674 "-" "Mozilla/5.0 (Linux; Android 6.0.1; Nexus 5X Build/MMB29P) AppleWebKit/537.36 (KHTML, like Gecko) Chrome/146.0.7680.153 Mobile Safari/537.36 (compatible; Googlebot/2.1; +http://www.google.com/bot.html)"
66.249.70.37 - - [31/Mar/2026:15:22:15 +0000] "GET /deposit-casino-pokies-payout-ratio/ HTTP/1.1" 200 149256 "-" "Mozilla/5.0 (Linux; Android 6.0.1; Nexus 5X Build/MMB29P) AppleWebKit/537.36 (KHTML, like Gecko) Chrome/146.0.7680.153 Mobile Safari/537.36 (compatible; Googlebot/2.1; +http://www.google.com/bot.html)"
57.141.14.13 - - [31/Mar/2026:15:22:20 +0000] "GET /products/detail/71212171/ HTTP/1.1" 404 139215 "-" "meta-externalagent/1.1 (+https://developers.facebook.com/docs/sharing/webmasters/crawler)"
141.98.11.44 - - [31/Mar/2026:15:22:25 +0000] "GET /wp-includes/sodium_compat/src/Core/SecretStream/State.php HTTP/1.1" 403 4170 "-" "Mozilla/5.0 (Windows NT 10.0; Win64; x64) AppleWebKit/537.36"
66.249.70.37 - - [31/Mar/2026:15:22:30 +0000] "GET /pokies-in-new-zealand-no-deposit-needed/ HTTP/1.1" 200 148477 "-" "Mozilla/5.0 (Linux; Android 6.0.1; Nexus 5X Build/MMB29P) AppleWebKit/537.36 (KHTML, like Gecko) Chrome/146.0.7680.153 Mobile Safari/537.36 (compatible; Googlebot/2.1; +http://www.google.com/bot.html)"
66.249.70.37 - - [31/Mar/2026:15:22:32 +0000] "GET /site-of-pokies-deals/ HTTP/1.1" 200 149460 "-" "Mozilla/5.0 (Linux; Android 6.0.1; Nexus 5X Build/MMB29P) AppleWebKit/537.36 (KHTML, like Gecko) Chrome/146.0.7680.153 Mobile Safari/537.36 (compatible; Googlebot/2.1; +http://www.google.com/bot.html)"
57.141.14.104 - - [31/Mar/2026:15:22:49 +0000] "GET /products/detail/106462141/ HTTP/1.1" 404 139215 "-" "meta-externalagent/1.1 (+https://developers.facebook.com/docs/sharing/webmasters/crawler)"
45.79.238.235 - - [31/Mar/2026:15:23:19 +0000] "POST /wp-cron.php?doing_wp_cron=1774970599.6027970314025878906250 HTTP/1.1" 200 - "-" "WordPress/6.9.4; https://schoolofgolf.co.nz"
57.141.14.38 - - [31/Mar/2026:15:23:18 +0000] "GET /products/detail/76006141/ HTTP/1.1" 404 139215 "-" "meta-externalagent/1.1 (+https://developers.facebook.com/docs/sharing/webmasters/crawler)"
57.141.14.96 - - [31/Mar/2026:15:23:46 +0000] "GET /products/detail/100916121/ HTTP/1.1" 404 139215 "-" "meta-externalagent/1.1 (+https://developers.facebook.com/docs/sharing/webmasters/crawler)"
45.79.238.235 - - [31/Mar/2026:15:24:15 +0000] "POST /wp-cron.php?doing_wp_cron=1774970655.7383139133453369140625 HTTP/1.1" 200 - "-" "WordPress/6.9.4; https://schoolofgolf.co.nz"
57.141.14.41 - - [31/Mar/2026:15:24:14 +0000] "GET /products/detail/75066101/ HTTP/1.1" 404 139215 "-" "meta-externalagent/1.1 (+https://developers.facebook.com/docs/sharing/webmasters/crawler)"
66.249.70.37 - - [31/Mar/2026:15:24:39 +0000] "GET /trick-to-win-at-popular-pokies/ HTTP/1.1" 200 149029 "-" "Mozilla/5.0 (Linux; Android 6.0.1; Nexus 5X Build/MMB29P) AppleWebKit/537.36 (KHTML, like Gecko) Chrome/146.0.7680.153 Mobile Safari/537.36 (compatible; Googlebot/2.1; +http://www.google.com/bot.html)"
57.141.14.72 - - [31/Mar/2026:15:24:43 +0000] "GET /products/detail/119622161/ HTTP/1.1" 404 139215 "-" "meta-externalagent/1.1 (+https://developers.facebook.com/docs/sharing/webmasters/crawler)"
66.249.70.38 - - [31/Mar/2026:15:24:43 +0000] "GET /free-bonus-no-deposit-keep-what-you-win-nz/ HTTP/1.1" 200 149374 "-" "Mozilla/5.0 (Linux; Android 6.0.1; Nexus 5X Build/MMB29P) AppleWebKit/537.36 (KHTML, like Gecko) Chrome/146.0.7680.153 Mobile Safari/537.36 (compatible; Googlebot/2.1; +http://www.google.com/bot.html)"
66.249.70.38 - - [31/Mar/2026:15:24:45 +0000] "GET /?p=12295 HTTP/1.1" 301 - "-" "Mozilla/5.0 (Linux; Android 6.0.1; Nexus 5X Build/MMB29P) AppleWebKit/537.36 (KHTML, like Gecko) Chrome/146.0.7680.153 Mobile Safari/537.36 (compatible; Googlebot/2.1; +http://www.google.com/bot.html)"
66.249.70.38 - - [31/Mar/2026:15:24:46 +0000] "GET /top-australian-pokies-you-can-win-money-on/ HTTP/1.1" 200 149092 "-" "Mozilla/5.0 (Linux; Android 6.0.1; Nexus 5X Build/MMB29P) AppleWebKit/537.36 (KHTML, like Gecko) Chrome/146.0.7680.153 Mobile Safari/537.36 (compatible; Googlebot/2.1; +http://www.google.com/bot.html)"
66.249.70.38 - - [31/Mar/2026:15:24:48 +0000] "GET /?p=5621 HTTP/1.1" 301 - "-" "Mozilla/5.0 (Linux; Android 6.0.1; Nexus 5X Build/MMB29P) AppleWebKit/537.36 (KHTML, like Gecko) Chrome/146.0.7680.153 Mobile Safari/537.36 (compatible; Googlebot/2.1; +http://www.google.com/bot.html)"
66.249.70.38 - - [31/Mar/2026:15:24:49 +0000] "GET /new-play-n-go-casinos-au/ HTTP/1.1" 200 148814 "-" "Mozilla/5.0 (Linux; Android 6.0.1; Nexus 5X Build/MMB29P) AppleWebKit/537.36 (KHTML, like Gecko) Chrome/146.0.7680.153 Mobile Safari/537.36 (compatible; Googlebot/2.1; +http://www.google.com/bot.html)"
66.249.70.37 - - [31/Mar/2026:15:24:51 +0000] "GET /spectacle-nz-casino/ HTTP/1.1" 200 148966 "-" "Mozilla/5.0 (Linux; Android 6.0.1; Nexus 5X Build/MMB29P) AppleWebKit/537.36 (KHTML, like Gecko) Chrome/146.0.7680.153 Mobile Safari/537.36 (compatible; Googlebot/2.1; +http://www.google.com/bot.html)"
66.249.70.37 - - [31/Mar/2026:15:24:54 +0000] "GET /no-deposit-bonus-nz-casino/ HTTP/1.1" 200 149202 "-" "Mozilla/5.0 (Linux; Android 6.0.1; Nexus 5X Build/MMB29P) AppleWebKit/537.36 (KHTML, like Gecko) Chrome/146.0.7680.153 Mobile Safari/537.36 (compatible; Googlebot/2.1; +http://www.google.com/bot.html)"
45.79.238.235 - - [31/Mar/2026:15:24:57 +0000] "POST /wp-cron.php?doing_wp_cron=1774970697.1088440418243408203125 HTTP/1.1" 200 - "-" "WordPress/6.9.4; https://schoolofgolf.co.nz"
66.249.70.37 - - [31/Mar/2026:15:24:56 +0000] "GET /casino-in-kinston-nz/ HTTP/1.1" 200 149250 "-" "Mozilla/5.0 (Linux; Android 6.0.1; Nexus 5X Build/MMB29P) AppleWebKit/537.36 (KHTML, like Gecko) Chrome/146.0.7680.153 Mobile Safari/537.36 (compatible; Googlebot/2.1; +http://www.google.com/bot.html)"
66.249.70.37 - - [31/Mar/2026:15:24:58 +0000] "GET /best-no-deposit-bonus-online-pokies/ HTTP/1.1" 200 149942 "-" "Mozilla/5.0 (Linux; Android 6.0.1; Nexus 5X Build/MMB29P) AppleWebKit/537.36 (KHTML, like Gecko) Chrome/146.0.7680.153 Mobile Safari/537.36 (compatible; Googlebot/2.1; +http://www.google.com/bot.html)"
66.249.70.37 - - [31/Mar/2026:15:25:02 +0000] "GET /when-can-you-play-pokies-again/ HTTP/1.1" 200 149768 "-" "Mozilla/5.0 (Linux; Android 6.0.1; Nexus 5X Build/MMB29P) AppleWebKit/537.36 (KHTML, like Gecko) Chrome/146.0.7680.153 Mobile Safari/537.36 (compatible; Googlebot/2.1; +http://www.google.com/bot.html)"
66.249.70.37 - - [31/Mar/2026:15:25:05 +0000] "GET /win-big-money-on-deposit-casino-pokies/ HTTP/1.1" 200 149622 "-" "Mozilla/5.0 (Linux; Android 6.0.1; Nexus 5X Build/MMB29P) AppleWebKit/537.36 (KHTML, like Gecko) Chrome/146.0.7680.153 Mobile Safari/537.36 (compatible; Googlebot/2.1; +http://www.google.com/bot.html)"
66.249.70.37 - - [31/Mar/2026:15:25:08 +0000] "GET /bitcoin-casinos-au-players-free-spins-no-deposit-bonus/ HTTP/1.1" 200 149663 "-" "Mozilla/5.0 (Linux; Android 6.0.1; Nexus 5X Build/MMB29P) AppleWebKit/537.36 (KHTML, like Gecko) Chrome/146.0.7680.153 Mobile Safari/537.36 (compatible; Googlebot/2.1; +http://www.google.com/bot.html)"
57.141.14.103 - - [31/Mar/2026:15:25:12 +0000] "GET /products/detail/101668171/ HTTP/1.1" 404 139215 "-" "meta-externalagent/1.1 (+https://developers.facebook.com/docs/sharing/webmasters/crawler)"
66.249.70.37 - - [31/Mar/2026:15:25:15 +0000] "GET /pokies-for-real-money-no-deposit-signup-bonus/ HTTP/1.1" 200 149500 "-" "Mozilla/5.0 (Linux; Android 6.0.1; Nexus 5X Build/MMB29P) AppleWebKit/537.36 (KHTML, like Gecko) Chrome/146.0.7680.153 Mobile Safari/537.36 (compatible; Googlebot/2.1; +http://www.google.com/bot.html)"
66.249.70.37 - - [31/Mar/2026:15:25:27 +0000] "GET /1000-euro-bonus-casino-safe-pokies/ HTTP/1.1" 200 149801 "-" "Mozilla/5.0 (Linux; Android 6.0.1; Nexus 5X Build/MMB29P) AppleWebKit/537.36 (KHTML, like Gecko) Chrome/146.0.7680.153 Mobile Safari/537.36 (compatible; Googlebot/2.1; +http://www.google.com/bot.html)"
66.249.70.37 - - [31/Mar/2026:15:25:29 +0000] "GET /au-online-casino-for-real-money/ HTTP/1.1" 200 149160 "-" "Mozilla/5.0 (Linux; Android 6.0.1; Nexus 5X Build/MMB29P) AppleWebKit/537.36 (KHTML, like Gecko) Chrome/146.0.7680.153 Mobile Safari/537.36 (compatible; Googlebot/2.1; +http://www.google.com/bot.html)"
66.249.70.37 - - [31/Mar/2026:15:25:34 +0000] "GET /what-casino-is-open-right-now-in-new-zealand/ HTTP/1.1" 200 149484 "-" "Mozilla/5.0 (Linux; Android 6.0.1; Nexus 5X Build/MMB29P) AppleWebKit/537.36 (KHTML, like Gecko) Chrome/146.0.7680.153 Mobile Safari/537.36 (compatible; Googlebot/2.1; +http://www.google.com/bot.html)"
66.249.70.37 - - [31/Mar/2026:15:25:36 +0000] "GET /new-casino-chickasha-nz/ HTTP/1.1" 200 149008 "-" "Mozilla/5.0 (Linux; Android 6.0.1; Nexus 5X Build/MMB29P) AppleWebKit/537.36 (KHTML, like Gecko) Chrome/146.0.7680.153 Mobile Safari/537.36 (compatible; Googlebot/2.1; +http://www.google.com/bot.html)"
66.249.70.37 - - [31/Mar/2026:15:25:38 +0000] "GET /australian-slot-machine-finder/ HTTP/1.1" 200 149054 "-" "Mozilla/5.0 (Linux; Android 6.0.1; Nexus 5X Build/MMB29P) AppleWebKit/537.36 (KHTML, like Gecko) Chrome/146.0.7680.153 Mobile Safari/537.36 (compatible; Googlebot/2.1; +http://www.google.com/bot.html)"
57.141.14.37 - - [31/Mar/2026:15:25:40 +0000] "GET /products/detail/90764121/ HTTP/1.1" 404 139215 "-" "meta-externalagent/1.1 (+https://developers.facebook.com/docs/sharing/webmasters/crawler)"
66.249.70.37 - - [31/Mar/2026:15:25:42 +0000] "GET /black-jack-nz-zip-code/ HTTP/1.1" 200 149152 "-" "Mozilla/5.0 (Linux; Android 6.0.1; Nexus 5X Build/MMB29P) AppleWebKit/537.36 (KHTML, like Gecko) Chrome/146.0.7680.153 Mobile Safari/537.36 (compatible; Googlebot/2.1; +http://www.google.com/bot.html)"
66.249.70.37 - - [31/Mar/2026:15:25:48 +0000] "GET /trick-to-safe-pokies/ HTTP/1.1" 200 148999 "-" "Mozilla/5.0 (Linux; Android 6.0.1; Nexus 5X Build/MMB29P) AppleWebKit/537.36 (KHTML, like Gecko) Chrome/146.0.7680.153 Mobile Safari/537.36 (compatible; Googlebot/2.1; +http://www.google.com/bot.html)"
45.79.238.235 - - [31/Mar/2026:15:26:02 +0000] "POST /wp-cron.php?doing_wp_cron=1774970762.8964068889617919921875 HTTP/1.1" 200 - "-" "WordPress/6.9.4; https://schoolofgolf.co.nz"
66.249.70.38 - - [31/Mar/2026:15:26:02 +0000] "GET /lightning-link-pokies-tips/ HTTP/1.1" 200 149110 "-" "Mozilla/5.0 (Linux; Android 6.0.1; Nexus 5X Build/MMB29P) AppleWebKit/537.36 (KHTML, like Gecko) Chrome/146.0.7680.153 Mobile Safari/537.36 (compatible; Googlebot/2.1; +http://www.google.com/bot.html)"
57.141.14.6 - - [31/Mar/2026:15:26:08 +0000] "GET /products/detail/59462121/ HTTP/1.1" 404 139215 "-" "meta-externalagent/1.1 (+https://developers.facebook.com/docs/sharing/webmasters/crawler)"
57.141.14.64 - - [31/Mar/2026:15:26:36 +0000] "GET /products/detail/86534121/ HTTP/1.1" 404 139215 "-" "meta-externalagent/1.1 (+https://developers.facebook.com/docs/sharing/webmasters/crawler)"
45.79.238.235 - - [31/Mar/2026:15:27:07 +0000] "POST /wp-cron.php?doing_wp_cron=1774970827.4410190582275390625000 HTTP/1.1" 200 - "-" "WordPress/6.9.4; https://schoolofgolf.co.nz"
57.141.14.76 - - [31/Mar/2026:15:27:06 +0000] "GET /products/detail/51754171/ HTTP/1.1" 404 139215 "-" "meta-externalagent/1.1 (+https://developers.facebook.com/docs/sharing/webmasters/crawler)"
66.249.70.37 - - [31/Mar/2026:15:27:29 +0000] "GET /pokies-with-bonus-highest-payout/ HTTP/1.1" 200 149332 "-" "Mozilla/5.0 (Linux; Android 6.0.1; Nexus 5X Build/MMB29P) AppleWebKit/537.36 (KHTML, like Gecko) Chrome/146.0.7680.153 Mobile Safari/537.36 (compatible; Googlebot/2.1; +http://www.google.com/bot.html)"
57.141.14.39 - - [31/Mar/2026:15:27:34 +0000] "GET /products/detail/78450101/ HTTP/1.1" 404 139215 "-" "meta-externalagent/1.1 (+https://developers.facebook.com/docs/sharing/webmasters/crawler)"
45.79.238.235 - - [31/Mar/2026:15:28:04 +0000] "POST /wp-cron.php?doing_wp_cron=1774970884.3875739574432373046875 HTTP/1.1" 200 - "-" "WordPress/6.9.4; https://schoolofgolf.co.nz"
57.141.14.98 - - [31/Mar/2026:15:28:03 +0000] "GET /products/detail/67640181/ HTTP/1.1" 404 139215 "-" "meta-externalagent/1.1 (+https://developers.facebook.com/docs/sharing/webmasters/crawler)"
66.249.70.37 - - [31/Mar/2026:15:28:15 +0000] "GET /tax-free-pokies-win-real-cash/ HTTP/1.1" 200 149178 "-" "Mozilla/5.0 (Linux; Android 6.0.1; Nexus 5X Build/MMB29P) AppleWebKit/537.36 (KHTML, like Gecko) Chrome/146.0.7680.153 Mobile Safari/537.36 (compatible; Googlebot/2.1; +http://www.google.com/bot.html)"
66.249.70.37 - - [31/Mar/2026:15:28:20 +0000] "GET /?wc-ajax=get_refreshed_fragments HTTP/1.1" 200 6913 "https://schoolofgolf.co.nz/new-play-n-go-casinos-au/" "Mozilla/5.0 (Linux; Android 6.0.1; Nexus 5X Build/MMB29P) AppleWebKit/537.36 (KHTML, like Gecko) Chrome/146.0.7680.153 Mobile Safari/537.36 (compatible; Googlebot/2.1; +http://www.google.com/bot.html)"
66.249.70.38 - - [31/Mar/2026:15:28:21 +0000] "GET /site-of-pokies-win/ HTTP/1.1" 200 149488 "-" "Mozilla/5.0 (Linux; Android 6.0.1; Nexus 5X Build/MMB29P) AppleWebKit/537.36 (KHTML, like Gecko) Chrome/146.0.7680.153 Mobile Safari/537.36 (compatible; Googlebot/2.1; +http://www.google.com/bot.html)"
66.249.70.37 - - [31/Mar/2026:15:28:27 +0000] "GET /safe-pokies-accepting-paypal/ HTTP/1.1" 200 150179 "-" "Mozilla/5.0 (Linux; Android 6.0.1; Nexus 5X Build/MMB29P) AppleWebKit/537.36 (KHTML, like Gecko) Chrome/146.0.7680.153 Mobile Safari/537.36 (compatible; Googlebot/2.1; +http://www.google.com/bot.html)"
57.141.14.37 - - [31/Mar/2026:15:28:32 +0000] "GET /products/detail/109846141/ HTTP/1.1" 404 139215 "-" "meta-externalagent/1.1 (+https://developers.facebook.com/docs/sharing/webmasters/crawler)"
216.73.216.130 - - [31/Mar/2026:15:28:37 +0000] "GET /robots.txt HTTP/1.1" 304 - "-" "Mozilla/5.0 AppleWebKit/537.36 (KHTML, like Gecko; compatible; ClaudeBot/1.0; +claudebot@anthropic.com)"
216.73.216.130 - - [31/Mar/2026:15:28:37 +0000] "GET /?p=6501 HTTP/1.1" 301 - "-" "Mozilla/5.0 AppleWebKit/537.36 (KHTML, like Gecko; compatible; ClaudeBot/1.0; +claudebot@anthropic.com)"
216.73.216.130 - - [31/Mar/2026:15:28:38 +0000] "GET /?p=5635 HTTP/1.1" 301 - "-" "Mozilla/5.0 AppleWebKit/537.36 (KHTML, like Gecko; compatible; ClaudeBot/1.0; +claudebot@anthropic.com)"
216.73.216.130 - - [31/Mar/2026:15:28:38 +0000] "GET /free-spins-no-deposit-nz-friendly/ HTTP/1.1" 200 150307 "https://schoolofgolf.co.nz/?p=6501" "Mozilla/5.0 AppleWebKit/537.36 (KHTML, like Gecko; compatible; ClaudeBot/1.0; +claudebot@anthropic.com)"
216.73.216.130 - - [31/Mar/2026:15:28:39 +0000] "GET /casino-new-zealand-roulette-tips/ HTTP/1.1" 200 150276 "https://schoolofgolf.co.nz/?p=5635" "Mozilla/5.0 AppleWebKit/537.36 (KHTML, like Gecko; compatible; ClaudeBot/1.0; +claudebot@anthropic.com)"
216.73.216.130 - - [31/Mar/2026:15:28:40 +0000] "GET /?p=6573 HTTP/1.1" 301 - "-" "Mozilla/5.0 AppleWebKit/537.36 (KHTML, like Gecko; compatible; ClaudeBot/1.0; +claudebot@anthropic.com)"
216.73.216.130 - - [31/Mar/2026:15:28:40 +0000] "GET /?p=8969 HTTP/1.1" 301 - "-" "Mozilla/5.0 AppleWebKit/537.36 (KHTML, like Gecko; compatible; ClaudeBot/1.0; +claudebot@anthropic.com)"
216.73.216.130 - - [31/Mar/2026:15:28:41 +0000] "GET /free-au-pokies-play-free/ HTTP/1.1" 200 150692 "https://schoolofgolf.co.nz/?p=6573" "Mozilla/5.0 AppleWebKit/537.36 (KHTML, like Gecko; compatible; ClaudeBot/1.0; +claudebot@anthropic.com)"
216.73.216.130 - - [31/Mar/2026:15:28:41 +0000] "GET /free-pokies-online-play-now/ HTTP/1.1" 200 150421 "https://schoolofgolf.co.nz/?p=8969" "Mozilla/5.0 AppleWebKit/537.36 (KHTML, like Gecko; compatible; ClaudeBot/1.0; +claudebot@anthropic.com)"
216.73.216.130 - - [31/Mar/2026:15:28:42 +0000] "GET /?p=9692 HTTP/1.1" 301 - "-" "Mozilla/5.0 AppleWebKit/537.36 (KHTML, like Gecko; compatible; ClaudeBot/1.0; +claudebot@anthropic.com)"
216.73.216.130 - - [31/Mar/2026:15:28:43 +0000] "GET /?p=7664 HTTP/1.1" 301 - "-" "Mozilla/5.0 AppleWebKit/537.36 (KHTML, like Gecko; compatible; ClaudeBot/1.0; +claudebot@anthropic.com)"
216.73.216.130 - - [31/Mar/2026:15:28:43 +0000] "GET /casino-in-kinston-nz/ HTTP/1.1" 200 150379 "https://schoolofgolf.co.nz/?p=9692" "Mozilla/5.0 AppleWebKit/537.36 (KHTML, like Gecko; compatible; ClaudeBot/1.0; +claudebot@anthropic.com)"
216.73.216.130 - - [31/Mar/2026:15:28:44 +0000] "GET /no-download-best-australian-pokies/ HTTP/1.1" 200 149526 "https://schoolofgolf.co.nz/?p=7664" "Mozilla/5.0 AppleWebKit/537.36 (KHTML, like Gecko; compatible; ClaudeBot/1.0; +claudebot@anthropic.com)"
216.73.216.130 - - [31/Mar/2026:15:28:45 +0000] "GET /?p=6583 HTTP/1.1" 301 - "-" "Mozilla/5.0 AppleWebKit/537.36 (KHTML, like Gecko; compatible; ClaudeBot/1.0; +claudebot@anthropic.com)"
216.73.216.130 - - [31/Mar/2026:15:28:45 +0000] "GET /?p=8980 HTTP/1.1" 301 - "-" "Mozilla/5.0 AppleWebKit/537.36 (KHTML, like Gecko; compatible; ClaudeBot/1.0; +claudebot@anthropic.com)"
216.73.216.130 - - [31/Mar/2026:15:28:46 +0000] "GET /2026-does-online-pokies-payout-work/ HTTP/1.1" 200 150562 "https://schoolofgolf.co.nz/?p=6583" "Mozilla/5.0 AppleWebKit/537.36 (KHTML, like Gecko; compatible; ClaudeBot/1.0; +claudebot@anthropic.com)"
66.249.70.37 - - [31/Mar/2026:15:28:46 +0000] "GET /how-many-casinos-are-in-australia-of-australia/ HTTP/1.1" 200 150215 "-" "Mozilla/5.0 (Linux; Android 6.0.1; Nexus 5X Build/MMB29P) AppleWebKit/537.36 (KHTML, like Gecko) Chrome/146.0.7680.153 Mobile Safari/537.36 (compatible; Googlebot/2.1; +http://www.google.com/bot.html)"
216.73.216.130 - - [31/Mar/2026:15:28:46 +0000] "GET /no-deposit-free-spins-nz-no-wagering/ HTTP/1.1" 200 150479 "https://schoolofgolf.co.nz/?p=8980" "Mozilla/5.0 AppleWebKit/537.36 (KHTML, like Gecko; compatible; ClaudeBot/1.0; +claudebot@anthropic.com)"
216.73.216.130 - - [31/Mar/2026:15:28:47 +0000] "GET /?p=6544 HTTP/1.1" 301 - "-" "Mozilla/5.0 AppleWebKit/537.36 (KHTML, like Gecko; compatible; ClaudeBot/1.0; +claudebot@anthropic.com)"
216.73.216.130 - - [31/Mar/2026:15:28:48 +0000] "GET /?p=8076 HTTP/1.1" 301 - "-" "Mozilla/5.0 AppleWebKit/537.36 (KHTML, like Gecko; compatible; ClaudeBot/1.0; +claudebot@anthropic.com)"
216.73.216.130 - - [31/Mar/2026:15:28:48 +0000] "GET /real-online-casino-nz-that-pays-out/ HTTP/1.1" 200 150353 "https://schoolofgolf.co.nz/?p=6544" "Mozilla/5.0 AppleWebKit/537.36 (KHTML, like Gecko; compatible; ClaudeBot/1.0; +claudebot@anthropic.com)"
216.73.216.130 - - [31/Mar/2026:15:28:49 +0000] "GET /safe-pokies-min-usd-5-deposit/ HTTP/1.1" 200 149937 "https://schoolofgolf.co.nz/?p=8076" "Mozilla/5.0 AppleWebKit/537.36 (KHTML, like Gecko; compatible; ClaudeBot/1.0; +claudebot@anthropic.com)"
216.73.216.130 - - [31/Mar/2026:15:28:50 +0000] "GET /?p=5231 HTTP/1.1" 301 - "-" "Mozilla/5.0 AppleWebKit/537.36 (KHTML, like Gecko; compatible; ClaudeBot/1.0; +claudebot@anthropic.com)"
216.73.216.130 - - [31/Mar/2026:15:28:50 +0000] "GET /?p=7899 HTTP/1.1" 301 - "-" "Mozilla/5.0 AppleWebKit/537.36 (KHTML, like Gecko; compatible; ClaudeBot/1.0; +claudebot@anthropic.com)"
216.73.216.130 - - [31/Mar/2026:15:28:51 +0000] "GET /has-anyone-won-top-australian-pokies/ HTTP/1.1" 200 150415 "https://schoolofgolf.co.nz/?p=5231" "Mozilla/5.0 AppleWebKit/537.36 (KHTML, like Gecko; compatible; ClaudeBot/1.0; +claudebot@anthropic.com)"
216.73.216.130 - - [31/Mar/2026:15:28:51 +0000] "GET /fast-play-pokies-online/ HTTP/1.1" 200 150520 "https://schoolofgolf.co.nz/?p=7899" "Mozilla/5.0 AppleWebKit/537.36 (KHTML, like Gecko; compatible; ClaudeBot/1.0; +claudebot@anthropic.com)"
216.73.216.130 - - [31/Mar/2026:15:28:52 +0000] "GET /?p=9728 HTTP/1.1" 301 - "-" "Mozilla/5.0 AppleWebKit/537.36 (KHTML, like Gecko; compatible; ClaudeBot/1.0; +claudebot@anthropic.com)"
216.73.216.130 - - [31/Mar/2026:15:28:53 +0000] "GET /?p=5902 HTTP/1.1" 301 - "-" "Mozilla/5.0 AppleWebKit/537.36 (KHTML, like Gecko; compatible; ClaudeBot/1.0; +claudebot@anthropic.com)"
216.73.216.130 - - [31/Mar/2026:15:28:53 +0000] "GET /best-rtp-slots-nz/ HTTP/1.1" 200 150559 "https://schoolofgolf.co.nz/?p=9728" "Mozilla/5.0 AppleWebKit/537.36 (KHTML, like Gecko; compatible; ClaudeBot/1.0; +claudebot@anthropic.com)"
216.73.216.130 - - [31/Mar/2026:15:28:53 +0000] "GET /?p=8243 HTTP/1.1" 301 - "-" "Mozilla/5.0 AppleWebKit/537.36 (KHTML, like Gecko; compatible; ClaudeBot/1.0; +claudebot@anthropic.com)"
45.79.238.235 - - [31/Mar/2026:15:28:55 +0000] "POST /wp-cron.php?doing_wp_cron=1774970935.6208350658416748046875 HTTP/1.1" 200 - "-" "WordPress/6.9.4; https://schoolofgolf.co.nz"
216.73.216.130 - - [31/Mar/2026:15:28:54 +0000] "GET /how-do-i-play-pokies-in-australia-for-real-money/ HTTP/1.1" 200 150810 "https://schoolofgolf.co.nz/?p=5902" "Mozilla/5.0 AppleWebKit/537.36 (KHTML, like Gecko; compatible; ClaudeBot/1.0; +claudebot@anthropic.com)"
216.73.216.130 - - [31/Mar/2026:15:28:54 +0000] "GET /?p=5348 HTTP/1.1" 301 - "-" "Mozilla/5.0 AppleWebKit/537.36 (KHTML, like Gecko; compatible; ClaudeBot/1.0; +claudebot@anthropic.com)"
216.73.216.130 - - [31/Mar/2026:15:28:54 +0000] "GET /most-popular-online-casinos-nz/ HTTP/1.1" 200 150678 "https://schoolofgolf.co.nz/?p=8243" "Mozilla/5.0 AppleWebKit/537.36 (KHTML, like Gecko; compatible; ClaudeBot/1.0; +claudebot@anthropic.com)"
216.73.216.130 - - [31/Mar/2026:15:28:56 +0000] "GET /?p=7989 HTTP/1.1" 301 - "-" "Mozilla/5.0 AppleWebKit/537.36 (KHTML, like Gecko; compatible; ClaudeBot/1.0; +claudebot@anthropic.com)"
216.73.216.130 - - [31/Mar/2026:15:28:56 +0000] "GET /galena-au-gambling/ HTTP/1.1" 200 151078 "https://schoolofgolf.co.nz/?p=5348" "Mozilla/5.0 AppleWebKit/537.36 (KHTML, like Gecko; compatible; ClaudeBot/1.0; +claudebot@anthropic.com)"
216.73.216.130 - - [31/Mar/2026:15:28:56 +0000] "GET /?p=7622 HTTP/1.1" 301 - "-" "Mozilla/5.0 AppleWebKit/537.36 (KHTML, like Gecko; compatible; ClaudeBot/1.0; +claudebot@anthropic.com)"
216.73.216.130 - - [31/Mar/2026:15:28:57 +0000] "GET /munsters-slots-au/ HTTP/1.1" 200 150001 "https://schoolofgolf.co.nz/?p=7989" "Mozilla/5.0 AppleWebKit/537.36 (KHTML, like Gecko; compatible; ClaudeBot/1.0; +claudebot@anthropic.com)"
216.73.216.130 - - [31/Mar/2026:15:28:57 +0000] "GET /cash-paying-pokies-in-new-zealand/ HTTP/1.1" 200 150286 "https://schoolofgolf.co.nz/?p=7622" "Mozilla/5.0 AppleWebKit/537.36 (KHTML, like Gecko; compatible; ClaudeBot/1.0; +claudebot@anthropic.com)"
216.73.216.130 - - [31/Mar/2026:15:28:57 +0000] "GET /?p=8142 HTTP/1.1" 301 - "-" "Mozilla/5.0 AppleWebKit/537.36 (KHTML, like Gecko; compatible; ClaudeBot/1.0; +claudebot@anthropic.com)"
216.73.216.130 - - [31/Mar/2026:15:28:58 +0000] "GET /?p=8337 HTTP/1.1" 301 - "-" "Mozilla/5.0 AppleWebKit/537.36 (KHTML, like Gecko; compatible; ClaudeBot/1.0; +claudebot@anthropic.com)"
216.73.216.130 - - [31/Mar/2026:15:28:58 +0000] "GET /how-do-pokies-in-australia-payout/ HTTP/1.1" 200 149797 "https://schoolofgolf.co.nz/?p=8142" "Mozilla/5.0 AppleWebKit/537.36 (KHTML, like Gecko; compatible; ClaudeBot/1.0; +claudebot@anthropic.com)"
216.73.216.130 - - [31/Mar/2026:15:28:58 +0000] "GET /?p=8340 HTTP/1.1" 301 - "-" "Mozilla/5.0 AppleWebKit/537.36 (KHTML, like Gecko; compatible; ClaudeBot/1.0; +claudebot@anthropic.com)"
216.73.216.130 - - [31/Mar/2026:15:28:59 +0000] "GET /best-no-deposit-au-casinos/ HTTP/1.1" 200 150725 "https://schoolofgolf.co.nz/?p=8337" "Mozilla/5.0 AppleWebKit/537.36 (KHTML, like Gecko; compatible; ClaudeBot/1.0; +claudebot@anthropic.com)"
216.73.216.130 - - [31/Mar/2026:15:28:59 +0000] "GET /-150-free-no-deposit-casino-new-zealand/ HTTP/1.1" 404 139215 "https://schoolofgolf.co.nz/?p=8340" "Mozilla/5.0 AppleWebKit/537.36 (KHTML, like Gecko; compatible; ClaudeBot/1.0; +claudebot@anthropic.com)"
216.73.216.130 - - [31/Mar/2026:15:28:59 +0000] "GET /?p=7340 HTTP/1.1" 301 - "-" "Mozilla/5.0 AppleWebKit/537.36 (KHTML, like Gecko; compatible; ClaudeBot/1.0; +claudebot@anthropic.com)"
57.141.14.30 - - [31/Mar/2026:15:29:00 +0000] "GET /products/detail/72716181/ HTTP/1.1" 404 139215 "-" "meta-externalagent/1.1 (+https://developers.facebook.com/docs/sharing/webmasters/crawler)"
216.73.216.130 - - [31/Mar/2026:15:29:00 +0000] "GET /?p=12697 HTTP/1.1" 301 - "-" "Mozilla/5.0 AppleWebKit/537.36 (KHTML, like Gecko; compatible; ClaudeBot/1.0; +claudebot@anthropic.com)"
216.73.216.130 - - [31/Mar/2026:15:29:00 +0000] "GET /australia-winning-pokies-android/ HTTP/1.1" 200 150146 "https://schoolofgolf.co.nz/?p=7340" "Mozilla/5.0 AppleWebKit/537.36 (KHTML, like Gecko; compatible; ClaudeBot/1.0; +claudebot@anthropic.com)"
216.73.216.130 - - [31/Mar/2026:15:29:01 +0000] "GET /port-adelaide-pokies/ HTTP/1.1" 200 150154 "https://schoolofgolf.co.nz/?p=12697" "Mozilla/5.0 AppleWebKit/537.36 (KHTML, like Gecko; compatible; ClaudeBot/1.0; +claudebot@anthropic.com)"
66.249.70.37 - - [31/Mar/2026:15:29:24 +0000] "GET /live-pokies-with-bonus-with-a-high-chance-of-winning/ HTTP/1.1" 200 149236 "-" "Mozilla/5.0 (Linux; Android 6.0.1; Nexus 5X Build/MMB29P) AppleWebKit/537.36 (KHTML, like Gecko) Chrome/146.0.7680.153 Mobile Safari/537.36 (compatible; Googlebot/2.1; +http://www.google.com/bot.html)"
57.141.14.27 - - [31/Mar/2026:15:29:29 +0000] "GET /products/detail/94430151/ HTTP/1.1" 404 139215 "-" "meta-externalagent/1.1 (+https://developers.facebook.com/docs/sharing/webmasters/crawler)"
216.73.216.130 - - [31/Mar/2026:15:29:31 +0000] "GET /?p=7402 HTTP/1.1" 301 - "-" "Mozilla/5.0 AppleWebKit/537.36 (KHTML, like Gecko; compatible; ClaudeBot/1.0; +claudebot@anthropic.com)"
216.73.216.130 - - [31/Mar/2026:15:29:31 +0000] "GET /?p=8768 HTTP/1.1" 301 - "-" "Mozilla/5.0 AppleWebKit/537.36 (KHTML, like Gecko; compatible; ClaudeBot/1.0; +claudebot@anthropic.com)"
216.73.216.130 - - [31/Mar/2026:15:29:31 +0000] "GET /?p=8758 HTTP/1.1" 301 - "-" "Mozilla/5.0 AppleWebKit/537.36 (KHTML, like Gecko; compatible; ClaudeBot/1.0; +claudebot@anthropic.com)"
216.73.216.130 - - [31/Mar/2026:15:29:32 +0000] "GET /site-of-pokies-best-payout-ratio/ HTTP/1.1" 200 151036 "https://schoolofgolf.co.nz/?p=7402" "Mozilla/5.0 AppleWebKit/537.36 (KHTML, like Gecko; compatible; ClaudeBot/1.0; +claudebot@anthropic.com)"
216.73.216.130 - - [31/Mar/2026:15:29:32 +0000] "GET /slots-bonuses-nz/ HTTP/1.1" 200 149546 "https://schoolofgolf.co.nz/?p=8758" "Mozilla/5.0 AppleWebKit/537.36 (KHTML, like Gecko; compatible; ClaudeBot/1.0; +claudebot@anthropic.com)"
216.73.216.130 - - [31/Mar/2026:15:29:32 +0000] "GET /low-deposit-popular-pokies/ HTTP/1.1" 200 150052 "https://schoolofgolf.co.nz/?p=8768" "Mozilla/5.0 AppleWebKit/537.36 (KHTML, like Gecko; compatible; ClaudeBot/1.0; +claudebot@anthropic.com)"
216.73.216.130 - - [31/Mar/2026:15:29:34 +0000] "GET /?p=5580 HTTP/1.1" 301 - "-" "Mozilla/5.0 AppleWebKit/537.36 (KHTML, like Gecko; compatible; ClaudeBot/1.0; +claudebot@anthropic.com)"
216.73.216.130 - - [31/Mar/2026:15:29:34 +0000] "GET /?p=8334 HTTP/1.1" 301 - "-" "Mozilla/5.0 AppleWebKit/537.36 (KHTML, like Gecko; compatible; ClaudeBot/1.0; +claudebot@anthropic.com)"
216.73.216.130 - - [31/Mar/2026:15:29:34 +0000] "GET /?p=7891 HTTP/1.1" 301 - "-" "Mozilla/5.0 AppleWebKit/537.36 (KHTML, like Gecko; compatible; ClaudeBot/1.0; +claudebot@anthropic.com)"
216.73.216.130 - - [31/Mar/2026:15:29:35 +0000] "GET /the-free-online-au-player-slots/ HTTP/1.1" 200 149812 "https://schoolofgolf.co.nz/?p=5580" "Mozilla/5.0 AppleWebKit/537.36 (KHTML, like Gecko; compatible; ClaudeBot/1.0; +claudebot@anthropic.com)"
216.73.216.130 - - [31/Mar/2026:15:29:35 +0000] "GET /how-to-win-with-money-pokies/ HTTP/1.1" 200 150880 "https://schoolofgolf.co.nz/?p=8334" "Mozilla/5.0 AppleWebKit/537.36 (KHTML, like Gecko; compatible; ClaudeBot/1.0; +claudebot@anthropic.com)"
216.73.216.130 - - [31/Mar/2026:15:29:35 +0000] "GET /free-play-deposit-casino-pokies-machine/ HTTP/1.1" 200 150915 "https://schoolofgolf.co.nz/?p=7891" "Mozilla/5.0 AppleWebKit/537.36 (KHTML, like Gecko; compatible; ClaudeBot/1.0; +claudebot@anthropic.com)"
216.73.216.130 - - [31/Mar/2026:15:29:36 +0000] "GET /?p=7434 HTTP/1.1" 301 - "-" "Mozilla/5.0 AppleWebKit/537.36 (KHTML, like Gecko; compatible; ClaudeBot/1.0; +claudebot@anthropic.com)"
216.73.216.130 - - [31/Mar/2026:15:29:37 +0000] "GET /?p=4663 HTTP/1.1" 301 - "-" "Mozilla/5.0 AppleWebKit/537.36 (KHTML, like Gecko; compatible; ClaudeBot/1.0; +claudebot@anthropic.com)"
216.73.216.130 - - [31/Mar/2026:15:29:37 +0000] "GET /?p=7970 HTTP/1.1" 301 - "-" "Mozilla/5.0 AppleWebKit/537.36 (KHTML, like Gecko; compatible; ClaudeBot/1.0; +claudebot@anthropic.com)"
216.73.216.130 - - [31/Mar/2026:15:29:37 +0000] "GET /casinos-nz-online-blackjack-fruit-slots/ HTTP/1.1" 200 150454 "https://schoolofgolf.co.nz/?p=7434" "Mozilla/5.0 AppleWebKit/537.36 (KHTML, like Gecko; compatible; ClaudeBot/1.0; +claudebot@anthropic.com)"
216.73.216.130 - - [31/Mar/2026:15:29:38 +0000] "GET /live-pokies-with-welcome-bonus-gambling/ HTTP/1.1" 200 150846 "https://schoolofgolf.co.nz/?p=4663" "Mozilla/5.0 AppleWebKit/537.36 (KHTML, like Gecko; compatible; ClaudeBot/1.0; +claudebot@anthropic.com)"
216.73.216.130 - - [31/Mar/2026:15:29:38 +0000] "GET /popular-new-pokies-online-and-other-casino-games/ HTTP/1.1" 200 149798 "https://schoolofgolf.co.nz/?p=7970" "Mozilla/5.0 AppleWebKit/537.36 (KHTML, like Gecko; compatible; ClaudeBot/1.0; +claudebot@anthropic.com)"
216.73.216.130 - - [31/Mar/2026:15:29:39 +0000] "GET /?p=5552 HTTP/1.1" 301 - "-" "Mozilla/5.0 AppleWebKit/537.36 (KHTML, like Gecko; compatible; ClaudeBot/1.0; +claudebot@anthropic.com)"
216.73.216.130 - - [31/Mar/2026:15:29:39 +0000] "GET /?p=7732 HTTP/1.1" 301 - "-" "Mozilla/5.0 AppleWebKit/537.36 (KHTML, like Gecko; compatible; ClaudeBot/1.0; +claudebot@anthropic.com)"
216.73.216.130 - - [31/Mar/2026:15:29:40 +0000] "GET /?p=6493 HTTP/1.1" 301 - "-" "Mozilla/5.0 AppleWebKit/537.36 (KHTML, like Gecko; compatible; ClaudeBot/1.0; +claudebot@anthropic.com)"
216.73.216.130 - - [31/Mar/2026:15:29:40 +0000] "GET /tax-free-pokies-australia-app/ HTTP/1.1" 200 150625 "https://schoolofgolf.co.nz/?p=5552" "Mozilla/5.0 AppleWebKit/537.36 (KHTML, like Gecko; compatible; ClaudeBot/1.0; +claudebot@anthropic.com)"
216.73.216.130 - - [31/Mar/2026:15:29:40 +0000] "GET /tax-free-pokies-online-casino-quora/ HTTP/1.1" 200 150599 "https://schoolofgolf.co.nz/?p=7732" "Mozilla/5.0 AppleWebKit/537.36 (KHTML, like Gecko; compatible; ClaudeBot/1.0; +claudebot@anthropic.com)"
216.73.216.130 - - [31/Mar/2026:15:29:41 +0000] "GET /nz-online-gambling-news/ HTTP/1.1" 200 150103 "https://schoolofgolf.co.nz/?p=6493" "Mozilla/5.0 AppleWebKit/537.36 (KHTML, like Gecko; compatible; ClaudeBot/1.0; +claudebot@anthropic.com)"
216.73.216.130 - - [31/Mar/2026:15:29:42 +0000] "GET /?p=5619 HTTP/1.1" 301 - "-" "Mozilla/5.0 AppleWebKit/537.36 (KHTML, like Gecko; compatible; ClaudeBot/1.0; +claudebot@anthropic.com)"
216.73.216.130 - - [31/Mar/2026:15:29:42 +0000] "GET /?p=7430 HTTP/1.1" 301 - "-" "Mozilla/5.0 AppleWebKit/537.36 (KHTML, like Gecko; compatible; ClaudeBot/1.0; +claudebot@anthropic.com)"
216.73.216.130 - - [31/Mar/2026:15:29:42 +0000] "GET /?p=4904 HTTP/1.1" 301 - "-" "Mozilla/5.0 AppleWebKit/537.36 (KHTML, like Gecko; compatible; ClaudeBot/1.0; +claudebot@anthropic.com)"
216.73.216.130 - - [31/Mar/2026:15:29:42 +0000] "GET /?p=8646 HTTP/1.1" 301 - "-" "Mozilla/5.0 AppleWebKit/537.36 (KHTML, like Gecko; compatible; ClaudeBot/1.0; +claudebot@anthropic.com)"
216.73.216.130 - - [31/Mar/2026:15:29:43 +0000] "GET /how-to-bet-on-australia-roulette/ HTTP/1.1" 200 149965 "https://schoolofgolf.co.nz/?p=5619" "Mozilla/5.0 AppleWebKit/537.36 (KHTML, like Gecko; compatible; ClaudeBot/1.0; +claudebot@anthropic.com)"
216.73.216.130 - - [31/Mar/2026:15:29:43 +0000] "GET /golden-pokies-reviews/ HTTP/1.1" 200 150031 "https://schoolofgolf.co.nz/?p=7430" "Mozilla/5.0 AppleWebKit/537.36 (KHTML, like Gecko; compatible; ClaudeBot/1.0; +claudebot@anthropic.com)"
216.73.216.130 - - [31/Mar/2026:15:29:43 +0000] "GET /australian-casino-pokies-min-usd-5-deposit/ HTTP/1.1" 200 150562 "https://schoolofgolf.co.nz/?p=4904" "Mozilla/5.0 AppleWebKit/537.36 (KHTML, like Gecko; compatible; ClaudeBot/1.0; +claudebot@anthropic.com)"
216.73.216.130 - - [31/Mar/2026:15:29:43 +0000] "GET /pokies-with-welcome-bonus-paypal/ HTTP/1.1" 200 150451 "https://schoolofgolf.co.nz/?p=8646" "Mozilla/5.0 AppleWebKit/537.36 (KHTML, like Gecko; compatible; ClaudeBot/1.0; +claudebot@anthropic.com)"
216.73.216.130 - - [31/Mar/2026:15:29:44 +0000] "GET /?p=7642 HTTP/1.1" 301 - "-" "Mozilla/5.0 AppleWebKit/537.36 (KHTML, like Gecko; compatible; ClaudeBot/1.0; +claudebot@anthropic.com)"
216.73.216.130 - - [31/Mar/2026:15:29:44 +0000] "GET /?p=9015 HTTP/1.1" 301 - "-" "Mozilla/5.0 AppleWebKit/537.36 (KHTML, like Gecko; compatible; ClaudeBot/1.0; +claudebot@anthropic.com)"
66.249.70.38 - - [31/Mar/2026:15:29:44 +0000] "GET /?p=10945 HTTP/1.1" 301 - "-" "Mozilla/5.0 (Linux; Android 6.0.1; Nexus 5X Build/MMB29P) AppleWebKit/537.36 (KHTML, like Gecko) Chrome/146.0.7680.153 Mobile Safari/537.36 (compatible; Googlebot/2.1; +http://www.google.com/bot.html)"
216.73.216.130 - - [31/Mar/2026:15:29:45 +0000] "GET /?p=6404 HTTP/1.1" 301 - "-" "Mozilla/5.0 AppleWebKit/537.36 (KHTML, like Gecko; compatible; ClaudeBot/1.0; +claudebot@anthropic.com)"
216.73.216.130 - - [31/Mar/2026:15:29:45 +0000] "GET /?p=11652 HTTP/1.1" 301 - "-" "Mozilla/5.0 AppleWebKit/537.36 (KHTML, like Gecko; compatible; ClaudeBot/1.0; +claudebot@anthropic.com)"
216.73.216.130 - - [31/Mar/2026:15:29:45 +0000] "GET /trick-play-pokies-online/ HTTP/1.1" 200 150501 "https://schoolofgolf.co.nz/?p=7642" "Mozilla/5.0 AppleWebKit/537.36 (KHTML, like Gecko; compatible; ClaudeBot/1.0; +claudebot@anthropic.com)"
216.73.216.130 - - [31/Mar/2026:15:29:45 +0000] "GET /secure-pokies-with-welcome-bonus-that-pay/ HTTP/1.1" 200 150590 "https://schoolofgolf.co.nz/?p=9015" "Mozilla/5.0 AppleWebKit/537.36 (KHTML, like Gecko; compatible; ClaudeBot/1.0; +claudebot@anthropic.com)"
216.73.216.130 - - [31/Mar/2026:15:29:46 +0000] "GET /australia-based-online-casino/ HTTP/1.1" 200 150151 "https://schoolofgolf.co.nz/?p=6404" "Mozilla/5.0 AppleWebKit/537.36 (KHTML, like Gecko; compatible; ClaudeBot/1.0; +claudebot@anthropic.com)"
216.73.216.130 - - [31/Mar/2026:15:29:46 +0000] "GET /free-spins-no-deposit-june-au/ HTTP/1.1" 200 150678 "https://schoolofgolf.co.nz/?p=11652" "Mozilla/5.0 AppleWebKit/537.36 (KHTML, like Gecko; compatible; ClaudeBot/1.0; +claudebot@anthropic.com)"
216.73.216.130 - - [31/Mar/2026:15:29:47 +0000] "GET /?p=4929 HTTP/1.1" 301 - "-" "Mozilla/5.0 AppleWebKit/537.36 (KHTML, like Gecko; compatible; ClaudeBot/1.0; +claudebot@anthropic.com)"
66.249.70.37 - - [31/Mar/2026:15:29:47 +0000] "GET /profitable-pokies-in-new-zealand-no-deposit-bonus/ HTTP/1.1" 200 149210 "-" "Mozilla/5.0 (Linux; Android 6.0.1; Nexus 5X Build/MMB29P) AppleWebKit/537.36 (KHTML, like Gecko) Chrome/146.0.7680.153 Mobile Safari/537.36 (compatible; Googlebot/2.1; +http://www.google.com/bot.html)"
216.73.216.130 - - [31/Mar/2026:15:29:47 +0000] "GET /?p=6677 HTTP/1.1" 301 - "-" "Mozilla/5.0 AppleWebKit/537.36 (KHTML, like Gecko; compatible; ClaudeBot/1.0; +claudebot@anthropic.com)"
216.73.216.130 - - [31/Mar/2026:15:29:47 +0000] "GET /?p=8449 HTTP/1.1" 301 - "-" "Mozilla/5.0 AppleWebKit/537.36 (KHTML, like Gecko; compatible; ClaudeBot/1.0; +claudebot@anthropic.com)"
216.73.216.130 - - [31/Mar/2026:15:29:48 +0000] "GET /?p=5103 HTTP/1.1" 301 - "-" "Mozilla/5.0 AppleWebKit/537.36 (KHTML, like Gecko; compatible; ClaudeBot/1.0; +claudebot@anthropic.com)"
216.73.216.130 - - [31/Mar/2026:15:29:48 +0000] "GET /gambling-pokies-deposit-casino-games/ HTTP/1.1" 200 150993 "https://schoolofgolf.co.nz/?p=4929" "Mozilla/5.0 AppleWebKit/537.36 (KHTML, like Gecko; compatible; ClaudeBot/1.0; +claudebot@anthropic.com)"
216.73.216.130 - - [31/Mar/2026:15:29:48 +0000] "GET /no-registration-pokies-paypal/ HTTP/1.1" 200 150652 "https://schoolofgolf.co.nz/?p=6677" "Mozilla/5.0 AppleWebKit/537.36 (KHTML, like Gecko; compatible; ClaudeBot/1.0; +claudebot@anthropic.com)"
216.73.216.130 - - [31/Mar/2026:15:29:49 +0000] "GET /australian-pokies-with-bonus-games/ HTTP/1.1" 200 150234 "https://schoolofgolf.co.nz/?p=8449" "Mozilla/5.0 AppleWebKit/537.36 (KHTML, like Gecko; compatible; ClaudeBot/1.0; +claudebot@anthropic.com)"
216.73.216.130 - - [31/Mar/2026:15:29:49 +0000] "GET /gambling-facts-australia/ HTTP/1.1" 200 150582 "https://schoolofgolf.co.nz/?p=5103" "Mozilla/5.0 AppleWebKit/537.36 (KHTML, like Gecko; compatible; ClaudeBot/1.0; +claudebot@anthropic.com)"
216.73.216.130 - - [31/Mar/2026:15:29:50 +0000] "GET /?p=9495 HTTP/1.1" 301 - "-" "Mozilla/5.0 AppleWebKit/537.36 (KHTML, like Gecko; compatible; ClaudeBot/1.0; +claudebot@anthropic.com)"
216.73.216.130 - - [31/Mar/2026:15:29:50 +0000] "GET /?p=9258 HTTP/1.1" 301 - "-" "Mozilla/5.0 AppleWebKit/537.36 (KHTML, like Gecko; compatible; ClaudeBot/1.0; +claudebot@anthropic.com)"
216.73.216.130 - - [31/Mar/2026:15:29:50 +0000] "GET /?p=8096 HTTP/1.1" 301 - "-" "Mozilla/5.0 AppleWebKit/537.36 (KHTML, like Gecko; compatible; ClaudeBot/1.0; +claudebot@anthropic.com)"
216.73.216.130 - - [31/Mar/2026:15:29:51 +0000] "GET /?p=7958 HTTP/1.1" 301 - "-" "Mozilla/5.0 AppleWebKit/537.36 (KHTML, like Gecko; compatible; ClaudeBot/1.0; +claudebot@anthropic.com)"
216.73.216.130 - - [31/Mar/2026:15:29:51 +0000] "GET /?p=7529 HTTP/1.1" 301 - "-" "Mozilla/5.0 AppleWebKit/537.36 (KHTML, like Gecko; compatible; ClaudeBot/1.0; +claudebot@anthropic.com)"
216.73.216.130 - - [31/Mar/2026:15:29:51 +0000] "GET /pokies-rules-nz/ HTTP/1.1" 200 150665 "https://schoolofgolf.co.nz/?p=9495" "Mozilla/5.0 AppleWebKit/537.36 (KHTML, like Gecko; compatible; ClaudeBot/1.0; +claudebot@anthropic.com)"
216.73.216.130 - - [31/Mar/2026:15:29:51 +0000] "GET /no-deposit-online-casino-bonus-australia/ HTTP/1.1" 200 150803 "https://schoolofgolf.co.nz/?p=9258" "Mozilla/5.0 AppleWebKit/537.36 (KHTML, like Gecko; compatible; ClaudeBot/1.0; +claudebot@anthropic.com)"
216.73.216.130 - - [31/Mar/2026:15:29:52 +0000] "GET /my-sands-casino-au/ HTTP/1.1" 200 150213 "https://schoolofgolf.co.nz/?p=8096" "Mozilla/5.0 AppleWebKit/537.36 (KHTML, like Gecko; compatible; ClaudeBot/1.0; +claudebot@anthropic.com)"
216.73.216.130 - - [31/Mar/2026:15:29:52 +0000] "GET /gambling-in-nz-statistics/ HTTP/1.1" 200 148961 "https://schoolofgolf.co.nz/?p=7958" "Mozilla/5.0 AppleWebKit/537.36 (KHTML, like Gecko; compatible; ClaudeBot/1.0; +claudebot@anthropic.com)"
216.73.216.130 - - [31/Mar/2026:15:29:52 +0000] "GET /best-payout-slot-games-nz/ HTTP/1.1" 200 150692 "https://schoolofgolf.co.nz/?p=7529" "Mozilla/5.0 AppleWebKit/537.36 (KHTML, like Gecko; compatible; ClaudeBot/1.0; +claudebot@anthropic.com)"
216.73.216.130 - - [31/Mar/2026:15:29:53 +0000] "GET /?p=11067 HTTP/1.1" 301 - "-" "Mozilla/5.0 AppleWebKit/537.36 (KHTML, like Gecko; compatible; ClaudeBot/1.0; +claudebot@anthropic.com)"
216.73.216.130 - - [31/Mar/2026:15:29:53 +0000] "GET /?p=10258 HTTP/1.1" 301 - "-" "Mozilla/5.0 AppleWebKit/537.36 (KHTML, like Gecko; compatible; ClaudeBot/1.0; +claudebot@anthropic.com)"
216.73.216.130 - - [31/Mar/2026:15:29:53 +0000] "GET /?p=10171 HTTP/1.1" 301 - "-" "Mozilla/5.0 AppleWebKit/537.36 (KHTML, like Gecko; compatible; ClaudeBot/1.0; +claudebot@anthropic.com)"
216.73.216.130 - - [31/Mar/2026:15:29:53 +0000] "GET /?p=11245 HTTP/1.1" 301 - "-" "Mozilla/5.0 AppleWebKit/537.36 (KHTML, like Gecko; compatible; ClaudeBot/1.0; +claudebot@anthropic.com)"
216.73.216.130 - - [31/Mar/2026:15:29:54 +0000] "GET /?p=9250 HTTP/1.1" 301 - "-" "Mozilla/5.0 AppleWebKit/537.36 (KHTML, like Gecko; compatible; ClaudeBot/1.0; +claudebot@anthropic.com)"
216.73.216.130 - - [31/Mar/2026:15:29:54 +0000] "GET /richmond-casino-au/ HTTP/1.1" 200 151215 "https://schoolofgolf.co.nz/?p=11067" "Mozilla/5.0 AppleWebKit/537.36 (KHTML, like Gecko; compatible; ClaudeBot/1.0; +claudebot@anthropic.com)"
45.79.238.235 - - [31/Mar/2026:15:29:55 +0000] "POST /wp-cron.php?doing_wp_cron=1774970995.0663928985595703125000 HTTP/1.1" 200 - "-" "WordPress/6.9.4; https://schoolofgolf.co.nz"
216.73.216.130 - - [31/Mar/2026:15:29:54 +0000] "GET /new-zealand-online-gambling-pokies/ HTTP/1.1" 200 151004 "https://schoolofgolf.co.nz/?p=10258" "Mozilla/5.0 AppleWebKit/537.36 (KHTML, like Gecko; compatible; ClaudeBot/1.0; +claudebot@anthropic.com)"
216.73.216.130 - - [31/Mar/2026:15:29:54 +0000] "GET /new-casino-no-deposit-bonus-codes-australia/ HTTP/1.1" 200 149951 "https://schoolofgolf.co.nz/?p=10171" "Mozilla/5.0 AppleWebKit/537.36 (KHTML, like Gecko; compatible; ClaudeBot/1.0; +claudebot@anthropic.com)"
216.73.216.130 - - [31/Mar/2026:15:29:54 +0000] "GET /best-au-slot-machines/ HTTP/1.1" 200 150706 "https://schoolofgolf.co.nz/?p=11245" "Mozilla/5.0 AppleWebKit/537.36 (KHTML, like Gecko; compatible; ClaudeBot/1.0; +claudebot@anthropic.com)"
216.73.216.130 - - [31/Mar/2026:15:29:54 +0000] "GET /online-casino-real-money-paypal-au/ HTTP/1.1" 200 149207 "https://schoolofgolf.co.nz/?p=9250" "Mozilla/5.0 AppleWebKit/537.36 (KHTML, like Gecko; compatible; ClaudeBot/1.0; +claudebot@anthropic.com)"
216.73.216.130 - - [31/Mar/2026:15:29:55 +0000] "GET /?p=7346 HTTP/1.1" 301 - "-" "Mozilla/5.0 AppleWebKit/537.36 (KHTML, like Gecko; compatible; ClaudeBot/1.0; +claudebot@anthropic.com)"
216.73.216.130 - - [31/Mar/2026:15:29:55 +0000] "GET /?p=6432 HTTP/1.1" 301 - "-" "Mozilla/5.0 AppleWebKit/537.36 (KHTML, like Gecko; compatible; ClaudeBot/1.0; +claudebot@anthropic.com)"
216.73.216.130 - - [31/Mar/2026:15:29:55 +0000] "GET /?p=5501 HTTP/1.1" 301 - "-" "Mozilla/5.0 AppleWebKit/537.36 (KHTML, like Gecko; compatible; ClaudeBot/1.0; +claudebot@anthropic.com)"
216.73.216.130 - - [31/Mar/2026:15:29:56 +0000] "GET /?p=8539 HTTP/1.1" 301 - "-" "Mozilla/5.0 AppleWebKit/537.36 (KHTML, like Gecko; compatible; ClaudeBot/1.0; +claudebot@anthropic.com)"
216.73.216.130 - - [31/Mar/2026:15:29:56 +0000] "GET /?p=9980 HTTP/1.1" 301 - "-" "Mozilla/5.0 AppleWebKit/537.36 (KHTML, like Gecko; compatible; ClaudeBot/1.0; +claudebot@anthropic.com)"
216.73.216.130 - - [31/Mar/2026:15:29:57 +0000] "GET /casino-albany-ny/ HTTP/1.1" 200 149828 "https://schoolofgolf.co.nz/?p=6432" "Mozilla/5.0 AppleWebKit/537.36 (KHTML, like Gecko; compatible; ClaudeBot/1.0; +claudebot@anthropic.com)"
216.73.216.130 - - [31/Mar/2026:15:29:57 +0000] "GET /site-of-pokies-in-australia/ HTTP/1.1" 200 150271 "https://schoolofgolf.co.nz/?p=7346" "Mozilla/5.0 AppleWebKit/537.36 (KHTML, like Gecko; compatible; ClaudeBot/1.0; +claudebot@anthropic.com)"
216.73.216.130 - - [31/Mar/2026:15:29:57 +0000] "GET /nz-casino-free-bonus-no-deposit/ HTTP/1.1" 200 149795 "https://schoolofgolf.co.nz/?p=5501" "Mozilla/5.0 AppleWebKit/537.36 (KHTML, like Gecko; compatible; ClaudeBot/1.0; +claudebot@anthropic.com)"
216.73.216.130 - - [31/Mar/2026:15:29:57 +0000] "GET /slot-machines-for-sale-in-australia/ HTTP/1.1" 200 150342 "https://schoolofgolf.co.nz/?p=8539" "Mozilla/5.0 AppleWebKit/537.36 (KHTML, like Gecko; compatible; ClaudeBot/1.0; +claudebot@anthropic.com)"
57.141.14.19 - - [31/Mar/2026:15:29:57 +0000] "GET /products/detail/58522171/ HTTP/1.1" 404 139215 "-" "meta-externalagent/1.1 (+https://developers.facebook.com/docs/sharing/webmasters/crawler)"
216.73.216.130 - - [31/Mar/2026:15:29:58 +0000] "GET /online-pokies-real-money-no-deposit-australia/ HTTP/1.1" 200 151166 "https://schoolofgolf.co.nz/?p=9980" "Mozilla/5.0 AppleWebKit/537.36 (KHTML, like Gecko; compatible; ClaudeBot/1.0; +claudebot@anthropic.com)"
66.249.70.37 - - [31/Mar/2026:15:29:58 +0000] "GET /?p=5038 HTTP/1.1" 301 - "-" "Mozilla/5.0 (Linux; Android 6.0.1; Nexus 5X Build/MMB29P) AppleWebKit/537.36 (KHTML, like Gecko) Chrome/146.0.7680.153 Mobile Safari/537.36 (compatible; Googlebot/2.1; +http://www.google.com/bot.html)"
216.73.216.130 - - [31/Mar/2026:15:29:58 +0000] "GET /?p=6702 HTTP/1.1" 301 - "-" "Mozilla/5.0 AppleWebKit/537.36 (KHTML, like Gecko; compatible; ClaudeBot/1.0; +claudebot@anthropic.com)"
216.73.216.130 - - [31/Mar/2026:15:29:59 +0000] "GET /?p=5595 HTTP/1.1" 301 - "-" "Mozilla/5.0 AppleWebKit/537.36 (KHTML, like Gecko; compatible; ClaudeBot/1.0; +claudebot@anthropic.com)"
216.73.216.130 - - [31/Mar/2026:15:29:59 +0000] "GET /?p=5879 HTTP/1.1" 301 - "-" "Mozilla/5.0 AppleWebKit/537.36 (KHTML, like Gecko; compatible; ClaudeBot/1.0; +claudebot@anthropic.com)"
216.73.216.130 - - [31/Mar/2026:15:29:59 +0000] "GET /?p=9033 HTTP/1.1" 301 - "-" "Mozilla/5.0 AppleWebKit/537.36 (KHTML, like Gecko; compatible; ClaudeBot/1.0; +claudebot@anthropic.com)"
216.73.216.130 - - [31/Mar/2026:15:29:59 +0000] "GET /?p=5544 HTTP/1.1" 301 - "-" "Mozilla/5.0 AppleWebKit/537.36 (KHTML, like Gecko; compatible; ClaudeBot/1.0; +claudebot@anthropic.com)"
216.73.216.130 - - [31/Mar/2026:15:29:59 +0000] "GET /?p=7247 HTTP/1.1" 301 - "-" "Mozilla/5.0 AppleWebKit/537.36 (KHTML, like Gecko; compatible; ClaudeBot/1.0; +claudebot@anthropic.com)"
