66.249.70.38 - - [31/Mar/2026:16:05:25 +0000] "GET /?p=5155 HTTP/1.1" 301 - "-" "Mozilla/5.0 (Linux; Android 6.0.1; Nexus 5X Build/MMB29P) AppleWebKit/537.36 (KHTML, like Gecko) Chrome/146.0.7680.153 Mobile Safari/537.36 (compatible; Googlebot/2.1; +http://www.google.com/bot.html)"
66.249.70.37 - - [31/Mar/2026:16:05:29 +0000] "GET /how-to-gamble-online-in-australia/ HTTP/1.1" 200 149888 "-" "Mozilla/5.0 (Linux; Android 6.0.1; Nexus 5X Build/MMB29P) AppleWebKit/537.36 (KHTML, like Gecko) Chrome/146.0.7680.153 Mobile Safari/537.36 (compatible; Googlebot/2.1; +http://www.google.com/bot.html)"
45.79.238.235 - - [31/Mar/2026:16:05:56 +0000] "POST /wp-cron.php?doing_wp_cron=1774973156.6256821155548095703125 HTTP/1.1" 200 - "-" "WordPress/6.9.4; https://schoolofgolf.co.nz"
57.141.14.19 - - [31/Mar/2026:16:05:55 +0000] "GET /products/detail/41320141/ HTTP/1.1" 404 139215 "-" "meta-externalagent/1.1 (+https://developers.facebook.com/docs/sharing/webmasters/crawler)"
66.249.70.39 - - [31/Mar/2026:16:06:04 +0000] "GET /pokies-for-real-money-best-payout/ HTTP/1.1" 200 149813 "-" "Mozilla/5.0 (Linux; Android 6.0.1; Nexus 5X Build/MMB29P) AppleWebKit/537.36 (KHTML, like Gecko) Chrome/146.0.7680.153 Mobile Safari/537.36 (compatible; Googlebot/2.1; +http://www.google.com/bot.html)"
66.249.70.38 - - [31/Mar/2026:16:06:30 +0000] "GET /?p=7731 HTTP/1.1" 301 - "-" "Mozilla/5.0 (Linux; Android 6.0.1; Nexus 5X Build/MMB29P) AppleWebKit/537.36 (KHTML, like Gecko) Chrome/146.0.7680.153 Mobile Safari/537.36 (compatible; Googlebot/2.1; +http://www.google.com/bot.html)"
66.249.70.37 - - [31/Mar/2026:16:06:44 +0000] "GET /popular-pokies-with-welcome-bonus-paypal-deposit/ HTTP/1.1" 200 149014 "-" "Mozilla/5.0 (Linux; Android 6.0.1; Nexus 5X Build/MMB29P) AppleWebKit/537.36 (KHTML, like Gecko) Chrome/146.0.7680.153 Mobile Safari/537.36 (compatible; Googlebot/2.1; +http://www.google.com/bot.html)"
66.249.70.37 - - [31/Mar/2026:16:06:44 +0000] "GET /?p=6252 HTTP/1.1" 301 - "-" "Mozilla/5.0 (Linux; Android 6.0.1; Nexus 5X Build/MMB29P) AppleWebKit/537.36 (KHTML, like Gecko) Chrome/146.0.7680.153 Mobile Safari/537.36 (compatible; Googlebot/2.1; +http://www.google.com/bot.html)"
45.79.238.235 - - [31/Mar/2026:16:06:55 +0000] "POST /wp-cron.php?doing_wp_cron=1774973215.1017470359802246093750 HTTP/1.1" 200 - "-" "WordPress/6.9.4; https://schoolofgolf.co.nz"
45.79.238.235 - - [31/Mar/2026:16:06:55 +0000] "POST /wp-cron.php?doing_wp_cron=1774973215.2627580165863037109375 HTTP/1.1" 200 - "-" "WordPress/6.9.4; https://schoolofgolf.co.nz"
45.79.238.235 - - [31/Mar/2026:16:06:55 +0000] "POST /wp-cron.php?doing_wp_cron=1774973215.3076310157775878906250 HTTP/1.1" 200 - "-" "WordPress/6.9.4; https://schoolofgolf.co.nz"
66.249.70.37 - - [31/Mar/2026:16:06:54 +0000] "GET /?p=5196 HTTP/1.1" 301 - "-" "Mozilla/5.0 (Linux; Android 6.0.1; Nexus 5X Build/MMB29P) AppleWebKit/537.36 (KHTML, like Gecko) Chrome/146.0.7680.153 Mobile Safari/537.36 (compatible; Googlebot/2.1; +http://www.google.com/bot.html)"
57.141.14.80 - - [31/Mar/2026:16:06:58 +0000] "GET /products/detail/91140101/ HTTP/1.1" 404 139215 "-" "meta-externalagent/1.1 (+https://developers.facebook.com/docs/sharing/webmasters/crawler)"
66.249.70.37 - - [31/Mar/2026:16:06:59 +0000] "GET /best-rated-online-australia-pokies/ HTTP/1.1" 200 148868 "-" "Mozilla/5.0 (Linux; Android 6.0.1; Nexus 5X Build/MMB29P) AppleWebKit/537.36 (KHTML, like Gecko) Chrome/146.0.7680.153 Mobile Safari/537.36 (compatible; Googlebot/2.1; +http://www.google.com/bot.html)"
66.249.70.37 - - [31/Mar/2026:16:07:09 +0000] "GET /top-20-online-casinos-new-zealand/ HTTP/1.1" 200 149040 "-" "Mozilla/5.0 (Linux; Android 6.0.1; Nexus 5X Build/MMB29P) AppleWebKit/537.36 (KHTML, like Gecko) Chrome/146.0.7680.153 Mobile Safari/537.36 (compatible; Googlebot/2.1; +http://www.google.com/bot.html)"
45.79.238.235 - - [31/Mar/2026:16:07:59 +0000] "POST /wp-cron.php?doing_wp_cron=1774973279.5351300239562988281250 HTTP/1.1" 200 - "-" "WordPress/6.9.4; https://schoolofgolf.co.nz"
66.249.70.37 - - [31/Mar/2026:16:07:58 +0000] "GET /?p=5979 HTTP/1.1" 301 - "-" "Mozilla/5.0 (Linux; Android 6.0.1; Nexus 5X Build/MMB29P) AppleWebKit/537.36 (KHTML, like Gecko) Chrome/146.0.7680.153 Mobile Safari/537.36 (compatible; Googlebot/2.1; +http://www.google.com/bot.html)"
57.141.14.96 - - [31/Mar/2026:16:07:59 +0000] "GET /products/detail/51472141/ HTTP/1.1" 404 139215 "-" "meta-externalagent/1.1 (+https://developers.facebook.com/docs/sharing/webmasters/crawler)"
66.249.70.38 - - [31/Mar/2026:16:08:15 +0000] "GET /winning-the-pokies/ HTTP/1.1" 200 149036 "-" "Mozilla/5.0 (Linux; Android 6.0.1; Nexus 5X Build/MMB29P) AppleWebKit/537.36 (KHTML, like Gecko) Chrome/146.0.7680.153 Mobile Safari/537.36 (compatible; Googlebot/2.1; +http://www.google.com/bot.html)"
66.249.70.37 - - [31/Mar/2026:16:08:34 +0000] "GET /play-au-pokies-for-free-with-bonus-round/ HTTP/1.1" 200 149013 "-" "Mozilla/5.0 (Linux; Android 6.0.1; Nexus 5X Build/MMB29P) AppleWebKit/537.36 (KHTML, like Gecko) Chrome/146.0.7680.153 Mobile Safari/537.36 (compatible; Googlebot/2.1; +http://www.google.com/bot.html)"
66.249.70.37 - - [31/Mar/2026:16:08:50 +0000] "GET /?p=12568 HTTP/1.1" 301 - "-" "Mozilla/5.0 (Linux; Android 6.0.1; Nexus 5X Build/MMB29P) AppleWebKit/537.36 (KHTML, like Gecko) Chrome/146.0.7680.153 Mobile Safari/537.36 (compatible; Googlebot/2.1; +http://www.google.com/bot.html)"
45.79.238.235 - - [31/Mar/2026:16:09:02 +0000] "POST /wp-cron.php?doing_wp_cron=1774973342.5816390514373779296875 HTTP/1.1" 200 - "-" "WordPress/6.9.4; https://schoolofgolf.co.nz"
57.141.14.5 - - [31/Mar/2026:16:09:01 +0000] "GET /products/detail/89354151/ HTTP/1.1" 404 139215 "-" "meta-externalagent/1.1 (+https://developers.facebook.com/docs/sharing/webmasters/crawler)"
66.249.70.37 - - [31/Mar/2026:16:09:04 +0000] "GET /real-cash-casino-pokies-online/ HTTP/1.1" 200 149932 "-" "Mozilla/5.0 (Linux; Android 6.0.1; Nexus 5X Build/MMB29P) AppleWebKit/537.36 (KHTML, like Gecko) Chrome/146.0.7680.153 Mobile Safari/537.36 (compatible; Googlebot/2.1; +http://www.google.com/bot.html)"
66.249.70.37 - - [31/Mar/2026:16:09:07 +0000] "GET /free-spins-sign-up-bonus-no-deposit-au/ HTTP/1.1" 200 150485 "-" "Mozilla/5.0 (Linux; Android 6.0.1; Nexus 5X Build/MMB29P) AppleWebKit/537.36 (KHTML, like Gecko) Chrome/146.0.7680.153 Mobile Safari/537.36 (compatible; Googlebot/2.1; +http://www.google.com/bot.html)"
66.249.70.38 - - [31/Mar/2026:16:09:29 +0000] "GET /?p=7251 HTTP/1.1" 301 - "-" "Mozilla/5.0 (Linux; Android 6.0.1; Nexus 5X Build/MMB29P) AppleWebKit/537.36 (KHTML, like Gecko) Chrome/146.0.7680.153 Mobile Safari/537.36 (compatible; Googlebot/2.1; +http://www.google.com/bot.html)"
66.249.70.38 - - [31/Mar/2026:16:09:33 +0000] "GET /payout-ratio-pokies-for-real-money/ HTTP/1.1" 200 149612 "-" "Mozilla/5.0 (Linux; Android 6.0.1; Nexus 5X Build/MMB29P) AppleWebKit/537.36 (KHTML, like Gecko) Chrome/146.0.7680.153 Mobile Safari/537.36 (compatible; Googlebot/2.1; +http://www.google.com/bot.html)"
66.249.70.37 - - [31/Mar/2026:16:09:45 +0000] "GET /site-of-pokies-no-wagering-requirements/ HTTP/1.1" 200 149349 "-" "Mozilla/5.0 (Linux; Android 6.0.1; Nexus 5X Build/MMB29P) AppleWebKit/537.36 (KHTML, like Gecko) Chrome/146.0.7680.153 Mobile Safari/537.36 (compatible; Googlebot/2.1; +http://www.google.com/bot.html)"
45.79.238.235 - - [31/Mar/2026:16:10:00 +0000] "POST /wp-cron.php?doing_wp_cron=1774973400.2716588973999023437500 HTTP/1.1" 200 - "-" "WordPress/6.9.4; https://schoolofgolf.co.nz"
66.249.70.39 - - [31/Mar/2026:16:09:59 +0000] "GET /best-new-zealand-online-casino-reviews/ HTTP/1.1" 200 149802 "-" "Mozilla/5.0 (Linux; Android 6.0.1; Nexus 5X Build/MMB29P) AppleWebKit/537.36 (KHTML, like Gecko) Chrome/146.0.7680.153 Mobile Safari/537.36 (compatible; Googlebot/2.1; +http://www.google.com/bot.html)"
57.141.14.29 - - [31/Mar/2026:16:10:03 +0000] "GET /products/detail/84936161/ HTTP/1.1" 404 139215 "-" "meta-externalagent/1.1 (+https://developers.facebook.com/docs/sharing/webmasters/crawler)"
66.249.70.37 - - [31/Mar/2026:16:10:33 +0000] "GET /slots-nz-bonus-codes/ HTTP/1.1" 200 149103 "-" "Mozilla/5.0 (Linux; Android 6.0.1; Nexus 5X Build/MMB29P) AppleWebKit/537.36 (KHTML, like Gecko) Chrome/146.0.7680.153 Mobile Safari/537.36 (compatible; Googlebot/2.1; +http://www.google.com/bot.html)"
45.79.238.235 - - [31/Mar/2026:16:10:57 +0000] "POST /wp-cron.php?doing_wp_cron=1774973457.2090930938720703125000 HTTP/1.1" 200 - "-" "WordPress/6.9.4; https://schoolofgolf.co.nz"
66.249.70.37 - - [31/Mar/2026:16:10:56 +0000] "GET /?p=10157 HTTP/1.1" 301 - "-" "Mozilla/5.0 (Linux; Android 6.0.1; Nexus 5X Build/MMB29P) AppleWebKit/537.36 (KHTML, like Gecko) Chrome/146.0.7680.153 Mobile Safari/537.36 (compatible; Googlebot/2.1; +http://www.google.com/bot.html)"
66.249.70.37 - - [31/Mar/2026:16:10:58 +0000] "GET /win-money-in-online-pokies/ HTTP/1.1" 200 148901 "-" "Mozilla/5.0 (Linux; Android 6.0.1; Nexus 5X Build/MMB29P) AppleWebKit/537.36 (KHTML, like Gecko) Chrome/146.0.7680.153 Mobile Safari/537.36 (compatible; Googlebot/2.1; +http://www.google.com/bot.html)"
57.141.14.26 - - [31/Mar/2026:16:11:05 +0000] "GET /products/detail/117930161/ HTTP/1.1" 404 139215 "-" "meta-externalagent/1.1 (+https://developers.facebook.com/docs/sharing/webmasters/crawler)"
66.249.70.37 - - [31/Mar/2026:16:11:20 +0000] "GET /?p=7675 HTTP/1.1" 301 - "-" "Mozilla/5.0 (Linux; Android 6.0.1; Nexus 5X Build/MMB29P) AppleWebKit/537.36 (KHTML, like Gecko) Chrome/146.0.7680.153 Mobile Safari/537.36 (compatible; Googlebot/2.1; +http://www.google.com/bot.html)"
66.249.70.37 - - [31/Mar/2026:16:11:21 +0000] "GET /au-pokies-fun/ HTTP/1.1" 200 148935 "-" "Mozilla/5.0 (Linux; Android 6.0.1; Nexus 5X Build/MMB29P) AppleWebKit/537.36 (KHTML, like Gecko) Chrome/146.0.7680.153 Mobile Safari/537.36 (compatible; Googlebot/2.1; +http://www.google.com/bot.html)"
45.79.238.235 - - [31/Mar/2026:16:12:08 +0000] "POST /wp-cron.php?doing_wp_cron=1774973528.3995599746704101562500 HTTP/1.1" 200 - "-" "WordPress/6.9.4; https://schoolofgolf.co.nz"
57.141.14.49 - - [31/Mar/2026:16:12:07 +0000] "GET /products/detail/73186111/ HTTP/1.1" 404 139215 "-" "meta-externalagent/1.1 (+https://developers.facebook.com/docs/sharing/webmasters/crawler)"
45.79.238.235 - - [31/Mar/2026:16:13:08 +0000] "POST /wp-cron.php?doing_wp_cron=1774973588.4322159290313720703125 HTTP/1.1" 200 - "-" "WordPress/6.9.4; https://schoolofgolf.co.nz"
66.249.70.37 - - [31/Mar/2026:16:13:07 +0000] "GET /casino-free-games-best-australian-pokies/ HTTP/1.1" 200 149460 "-" "Mozilla/5.0 (Linux; Android 6.0.1; Nexus 5X Build/MMB29P) AppleWebKit/537.36 (KHTML, like Gecko) Chrome/146.0.7680.153 Mobile Safari/537.36 (compatible; Googlebot/2.1; +http://www.google.com/bot.html)"
57.141.14.86 - - [31/Mar/2026:16:13:10 +0000] "GET /products/detail/48652111/ HTTP/1.1" 404 139215 "-" "meta-externalagent/1.1 (+https://developers.facebook.com/docs/sharing/webmasters/crawler)"
66.249.70.38 - - [31/Mar/2026:16:13:35 +0000] "GET /free-casino-pokies-download/ HTTP/1.1" 200 149074 "-" "Mozilla/5.0 (Linux; Android 6.0.1; Nexus 5X Build/MMB29P) AppleWebKit/537.36 (KHTML, like Gecko) Chrome/146.0.7680.153 Mobile Safari/537.36 (compatible; Googlebot/2.1; +http://www.google.com/bot.html)"
45.79.238.235 - - [31/Mar/2026:16:14:12 +0000] "POST /wp-cron.php?doing_wp_cron=1774973652.8681380748748779296875 HTTP/1.1" 200 - "-" "WordPress/6.9.4; https://schoolofgolf.co.nz"
57.141.14.3 - - [31/Mar/2026:16:14:11 +0000] "GET /products/detail/116520101/ HTTP/1.1" 404 139215 "-" "meta-externalagent/1.1 (+https://developers.facebook.com/docs/sharing/webmasters/crawler)"
45.79.238.235 - - [31/Mar/2026:16:15:16 +0000] "POST /wp-cron.php?doing_wp_cron=1774973715.5441589355468750000000 HTTP/1.1" 200 - "-" "WordPress/6.9.4; https://schoolofgolf.co.nz"
57.141.14.21 - - [31/Mar/2026:16:15:14 +0000] "GET /products/detail/42260181/ HTTP/1.1" 404 139215 "-" "meta-externalagent/1.1 (+https://developers.facebook.com/docs/sharing/webmasters/crawler)"
66.249.70.38 - - [31/Mar/2026:16:15:46 +0000] "GET /can-you-make-money-deposit-casino-pokies/ HTTP/1.1" 200 149707 "-" "Mozilla/5.0 (Linux; Android 6.0.1; Nexus 5X Build/MMB29P) AppleWebKit/537.36 (KHTML, like Gecko) Chrome/146.0.7680.153 Mobile Safari/537.36 (compatible; Googlebot/2.1; +http://www.google.com/bot.html)"
45.79.238.235 - - [31/Mar/2026:16:16:17 +0000] "POST /wp-cron.php?doing_wp_cron=1774973777.4286859035491943359375 HTTP/1.1" 200 - "-" "WordPress/6.9.4; https://schoolofgolf.co.nz"
57.141.14.61 - - [31/Mar/2026:16:16:16 +0000] "GET /products/detail/76100181/ HTTP/1.1" 404 139215 "-" "meta-externalagent/1.1 (+https://developers.facebook.com/docs/sharing/webmasters/crawler)"
45.79.238.235 - - [31/Mar/2026:16:17:19 +0000] "POST /wp-cron.php?doing_wp_cron=1774973839.5322179794311523437500 HTTP/1.1" 200 - "-" "WordPress/6.9.4; https://schoolofgolf.co.nz"
57.141.14.2 - - [31/Mar/2026:16:17:18 +0000] "GET /products/detail/84748171/ HTTP/1.1" 404 139215 "-" "meta-externalagent/1.1 (+https://developers.facebook.com/docs/sharing/webmasters/crawler)"
45.79.238.235 - - [31/Mar/2026:16:18:21 +0000] "POST /wp-cron.php?doing_wp_cron=1774973901.5138640403747558593750 HTTP/1.1" 200 - "-" "WordPress/6.9.4; https://schoolofgolf.co.nz"
57.141.14.61 - - [31/Mar/2026:16:18:20 +0000] "GET /products/detail/48840101/ HTTP/1.1" 404 139215 "-" "meta-externalagent/1.1 (+https://developers.facebook.com/docs/sharing/webmasters/crawler)"
45.79.238.235 - - [31/Mar/2026:16:19:24 +0000] "POST /wp-cron.php?doing_wp_cron=1774973964.6458129882812500000000 HTTP/1.1" 200 - "-" "WordPress/6.9.4; https://schoolofgolf.co.nz"
57.141.14.78 - - [31/Mar/2026:16:19:23 +0000] "GET /products/detail/61906171/ HTTP/1.1" 404 139215 "-" "meta-externalagent/1.1 (+https://developers.facebook.com/docs/sharing/webmasters/crawler)"
45.79.238.235 - - [31/Mar/2026:16:20:26 +0000] "POST /wp-cron.php?doing_wp_cron=1774974025.7968120574951171875000 HTTP/1.1" 200 - "-" "WordPress/6.9.4; https://schoolofgolf.co.nz"
57.141.14.52 - - [31/Mar/2026:16:20:24 +0000] "GET /products/detail/74972151/ HTTP/1.1" 404 139215 "-" "meta-externalagent/1.1 (+https://developers.facebook.com/docs/sharing/webmasters/crawler)"
45.79.238.235 - - [31/Mar/2026:16:21:29 +0000] "POST /wp-cron.php?doing_wp_cron=1774974088.9546411037445068359375 HTTP/1.1" 200 - "-" "WordPress/6.9.4; https://schoolofgolf.co.nz"
57.141.14.78 - - [31/Mar/2026:16:21:28 +0000] "GET /products/detail/96686121/ HTTP/1.1" 404 139215 "-" "meta-externalagent/1.1 (+https://developers.facebook.com/docs/sharing/webmasters/crawler)"
45.79.238.235 - - [31/Mar/2026:16:22:29 +0000] "POST /wp-cron.php?doing_wp_cron=1774974149.1606590747833251953125 HTTP/1.1" 200 - "-" "WordPress/6.9.4; https://schoolofgolf.co.nz"
57.141.14.18 - - [31/Mar/2026:16:22:28 +0000] "GET /products/detail/110222121/ HTTP/1.1" 404 139215 "-" "meta-externalagent/1.1 (+https://developers.facebook.com/docs/sharing/webmasters/crawler)"
141.98.11.44 - - [31/Mar/2026:16:22:47 +0000] "GET /wp-includes/sodium_compat/src/Core/SecretStream/State.php HTTP/1.1" 403 4170 "-" "Mozilla/5.0 (Windows NT 10.0; Win64; x64) AppleWebKit/537.36"
45.79.238.235 - - [31/Mar/2026:16:23:00 +0000] "POST /wp-cron.php?doing_wp_cron=1774974180.4035799503326416015625 HTTP/1.1" 200 - "-" "WordPress/6.9.4; https://schoolofgolf.co.nz"
66.249.70.37 - - [31/Mar/2026:16:22:59 +0000] "GET /?p=6360 HTTP/1.1" 301 - "-" "Mozilla/5.0 (Linux; Android 6.0.1; Nexus 5X Build/MMB29P) AppleWebKit/537.36 (KHTML, like Gecko) Chrome/146.0.7680.153 Mobile Safari/537.36 (compatible; Googlebot/2.1; +http://www.google.com/bot.html)"
66.249.70.37 - - [31/Mar/2026:16:23:22 +0000] "GET /products/detail/152529080/ HTTP/1.1" 404 139226 "-" "Mozilla/5.0 (Linux; Android 6.0.1; Nexus 5X Build/MMB29P) AppleWebKit/537.36 (KHTML, like Gecko) Chrome/146.0.7680.153 Mobile Safari/537.36 (compatible; GoogleOther)"
52.167.144.186 - - [31/Mar/2026:16:23:26 +0000] "GET /free-pokies-with-welcome-bonus-games-no-download/ HTTP/1.1" 200 151062 "-" "Mozilla/5.0 AppleWebKit/537.36 (KHTML, like Gecko; compatible; bingbot/2.0; +http://www.bing.com/bingbot.htm) Chrome/116.0.1938.76 Safari/537.36"
57.141.14.112 - - [31/Mar/2026:16:23:30 +0000] "GET /products/detail/117178111/ HTTP/1.1" 404 139215 "-" "meta-externalagent/1.1 (+https://developers.facebook.com/docs/sharing/webmasters/crawler)"
66.249.70.37 - - [31/Mar/2026:16:23:34 +0000] "GET /casinos-in-tulsa-nz-area/ HTTP/1.1" 200 149752 "-" "Mozilla/5.0 (Linux; Android 6.0.1; Nexus 5X Build/MMB29P) AppleWebKit/537.36 (KHTML, like Gecko) Chrome/146.0.7680.153 Mobile Safari/537.36 (compatible; Googlebot/2.1; +http://www.google.com/bot.html)"
45.79.238.235 - - [31/Mar/2026:16:24:17 +0000] "POST /wp-cron.php?doing_wp_cron=1774974256.9545969963073730468750 HTTP/1.1" 200 - "-" "WordPress/6.9.4; https://schoolofgolf.co.nz"
66.249.70.39 - - [31/Mar/2026:16:24:16 +0000] "GET /?p=6701 HTTP/1.1" 301 - "-" "Mozilla/5.0 (Linux; Android 6.0.1; Nexus 5X Build/MMB29P) AppleWebKit/537.36 (KHTML, like Gecko) Chrome/146.0.7680.153 Mobile Safari/537.36 (compatible; Googlebot/2.1; +http://www.google.com/bot.html)"
57.141.14.27 - - [31/Mar/2026:16:24:33 +0000] "GET /products/detail/45268111/ HTTP/1.1" 404 139215 "-" "meta-externalagent/1.1 (+https://developers.facebook.com/docs/sharing/webmasters/crawler)"
66.249.70.38 - - [31/Mar/2026:16:24:34 +0000] "GET /play-top-australian-pokies-real-money/ HTTP/1.1" 200 149412 "-" "Mozilla/5.0 (Linux; Android 6.0.1; Nexus 5X Build/MMB29P) AppleWebKit/537.36 (KHTML, like Gecko) Chrome/146.0.7680.153 Mobile Safari/537.36 (compatible; Googlebot/2.1; +http://www.google.com/bot.html)"
66.249.70.37 - - [31/Mar/2026:16:24:53 +0000] "GET /live-pokies-machines-games-free/ HTTP/1.1" 200 149112 "-" "Mozilla/5.0 (Linux; Android 6.0.1; Nexus 5X Build/MMB29P) AppleWebKit/537.36 (KHTML, like Gecko) Chrome/146.0.7680.153 Mobile Safari/537.36 (compatible; Googlebot/2.1; +http://www.google.com/bot.html)"
45.79.238.235 - - [31/Mar/2026:16:25:36 +0000] "POST /wp-cron.php?doing_wp_cron=1774974336.1955080032348632812500 HTTP/1.1" 200 - "-" "WordPress/6.9.4; https://schoolofgolf.co.nz"
57.141.14.13 - - [31/Mar/2026:16:25:35 +0000] "GET /products/detail/46584131/ HTTP/1.1" 404 139215 "-" "meta-externalagent/1.1 (+https://developers.facebook.com/docs/sharing/webmasters/crawler)"
45.79.238.235 - - [31/Mar/2026:16:26:08 +0000] "POST /wp-cron.php?doing_wp_cron=1774974368.4618580341339111328125 HTTP/1.1" 200 - "-" "WordPress/6.9.4; https://schoolofgolf.co.nz"
66.249.70.39 - - [31/Mar/2026:16:26:07 +0000] "GET /which-online-casino-accepts-new-zealand-express/ HTTP/1.1" 200 148937 "-" "Mozilla/5.0 (Linux; Android 6.0.1; Nexus 5X Build/MMB29P) AppleWebKit/537.36 (KHTML, like Gecko) Chrome/146.0.7680.153 Mobile Safari/537.36 (compatible; Googlebot/2.1; +http://www.google.com/bot.html)"
66.249.70.38 - - [31/Mar/2026:16:26:10 +0000] "GET /is-gambling-legal-in-western-new-zealand/ HTTP/1.1" 200 149630 "-" "Mozilla/5.0 (Linux; Android 6.0.1; Nexus 5X Build/MMB29P) AppleWebKit/537.36 (KHTML, like Gecko) Chrome/146.0.7680.153 Mobile Safari/537.36 (compatible; Googlebot/2.1; +http://www.google.com/bot.html)"
66.249.70.37 - - [31/Mar/2026:16:26:10 +0000] "GET /stardew-valley-nz-op-no-free-slots-on-server/ HTTP/1.1" 200 149094 "-" "Mozilla/5.0 (Linux; Android 6.0.1; Nexus 5X Build/MMB29P) AppleWebKit/537.36 (KHTML, like Gecko) Chrome/146.0.7680.153 Mobile Safari/537.36 (compatible; Googlebot/2.1; +http://www.google.com/bot.html)"
66.249.70.38 - - [31/Mar/2026:16:26:11 +0000] "GET /do-new-winning-pokies-pay/ HTTP/1.1" 200 149703 "-" "Mozilla/5.0 (Linux; Android 6.0.1; Nexus 5X Build/MMB29P) AppleWebKit/537.36 (KHTML, like Gecko) Chrome/146.0.7680.153 Mobile Safari/537.36 (compatible; Googlebot/2.1; +http://www.google.com/bot.html)"
66.249.70.37 - - [31/Mar/2026:16:26:16 +0000] "GET /top-australian-pokies-games-that-pay/ HTTP/1.1" 200 148783 "-" "Mozilla/5.0 (Linux; Android 6.0.1; Nexus 5X Build/MMB29P) AppleWebKit/537.36 (KHTML, like Gecko) Chrome/146.0.7680.153 Mobile Safari/537.36 (compatible; Googlebot/2.1; +http://www.google.com/bot.html)"
66.249.70.37 - - [31/Mar/2026:16:26:17 +0000] "GET /top-online-pokies-and-casinos-5-best/ HTTP/1.1" 200 148969 "-" "Mozilla/5.0 (Linux; Android 6.0.1; Nexus 5X Build/MMB29P) AppleWebKit/537.36 (KHTML, like Gecko) Chrome/146.0.7680.153 Mobile Safari/537.36 (compatible; Googlebot/2.1; +http://www.google.com/bot.html)"
57.141.14.107 - - [31/Mar/2026:16:26:37 +0000] "GET /products/detail/114358171/ HTTP/1.1" 404 139215 "-" "meta-externalagent/1.1 (+https://developers.facebook.com/docs/sharing/webmasters/crawler)"
66.249.70.37 - - [31/Mar/2026:16:26:42 +0000] "GET /?p=11045 HTTP/1.1" 301 - "-" "Mozilla/5.0 (Linux; Android 6.0.1; Nexus 5X Build/MMB29P) AppleWebKit/537.36 (KHTML, like Gecko) Chrome/146.0.7680.153 Mobile Safari/537.36 (compatible; Googlebot/2.1; +http://www.google.com/bot.html)"
45.79.238.235 - - [31/Mar/2026:16:27:13 +0000] "POST /wp-cron.php?doing_wp_cron=1774974433.0847361087799072265625 HTTP/1.1" 200 - "-" "WordPress/6.9.4; https://schoolofgolf.co.nz"
66.249.70.37 - - [31/Mar/2026:16:27:12 +0000] "GET /top-rated-online-casinos-new-zealand/ HTTP/1.1" 200 149277 "-" "Mozilla/5.0 (Linux; Android 6.0.1; Nexus 5X Build/MMB29P) AppleWebKit/537.36 (KHTML, like Gecko) Chrome/146.0.7680.153 Mobile Safari/537.36 (compatible; Googlebot/2.1; +http://www.google.com/bot.html)"
57.141.14.11 - - [31/Mar/2026:16:27:40 +0000] "GET /products/detail/118494131/ HTTP/1.1" 404 139215 "-" "meta-externalagent/1.1 (+https://developers.facebook.com/docs/sharing/webmasters/crawler)"
45.79.238.235 - - [31/Mar/2026:16:28:38 +0000] "POST /wp-cron.php?doing_wp_cron=1774974517.9205949306488037109375 HTTP/1.1" 200 - "-" "WordPress/6.9.4; https://schoolofgolf.co.nz"
66.249.70.39 - - [31/Mar/2026:16:28:37 +0000] "GET /?p=4863 HTTP/1.1" 301 - "-" "Mozilla/5.0 (Linux; Android 6.0.1; Nexus 5X Build/MMB29P) AppleWebKit/537.36 (KHTML, like Gecko) Chrome/146.0.7680.153 Mobile Safari/537.36 (compatible; Googlebot/2.1; +http://www.google.com/bot.html)"
57.141.14.41 - - [31/Mar/2026:16:28:41 +0000] "GET /products/detail/63974151/ HTTP/1.1" 404 139215 "-" "meta-externalagent/1.1 (+https://developers.facebook.com/docs/sharing/webmasters/crawler)"
45.79.238.235 - - [31/Mar/2026:16:29:04 +0000] "POST /wp-cron.php?doing_wp_cron=1774974544.3619740009307861328125 HTTP/1.1" 200 - "-" "WordPress/6.9.4; https://schoolofgolf.co.nz"
66.249.70.37 - - [31/Mar/2026:16:29:03 +0000] "GET /learn-new-zealand-roulette-nz/ HTTP/1.1" 200 149174 "-" "Mozilla/5.0 (Linux; Android 6.0.1; Nexus 5X Build/MMB29P) AppleWebKit/537.36 (KHTML, like Gecko) Chrome/146.0.7680.153 Mobile Safari/537.36 (compatible; Googlebot/2.1; +http://www.google.com/bot.html)"
57.141.14.100 - - [31/Mar/2026:16:29:43 +0000] "GET /products/detail/81552161/ HTTP/1.1" 404 139215 "-" "meta-externalagent/1.1 (+https://developers.facebook.com/docs/sharing/webmasters/crawler)"
45.79.238.235 - - [31/Mar/2026:16:30:38 +0000] "POST /wp-cron.php?doing_wp_cron=1774974638.2176868915557861328125 HTTP/1.1" 200 - "-" "WordPress/6.9.4; https://schoolofgolf.co.nz"
66.249.70.38 - - [31/Mar/2026:16:30:37 +0000] "GET /harrahs-ak-chin-casino-nz/ HTTP/1.1" 200 149692 "-" "Mozilla/5.0 (Linux; Android 6.0.1; Nexus 5X Build/MMB29P) AppleWebKit/537.36 (KHTML, like Gecko) Chrome/146.0.7680.153 Mobile Safari/537.36 (compatible; Googlebot/2.1; +http://www.google.com/bot.html)"
57.141.14.97 - - [31/Mar/2026:16:30:46 +0000] "GET /products/detail/50062171/ HTTP/1.1" 404 139215 "-" "meta-externalagent/1.1 (+https://developers.facebook.com/docs/sharing/webmasters/crawler)"
45.79.238.235 - - [31/Mar/2026:16:31:48 +0000] "POST /wp-cron.php?doing_wp_cron=1774974708.8590950965881347656250 HTTP/1.1" 200 - "-" "WordPress/6.9.4; https://schoolofgolf.co.nz"
57.141.14.42 - - [31/Mar/2026:16:31:47 +0000] "GET /products/detail/79954111/ HTTP/1.1" 404 139215 "-" "meta-externalagent/1.1 (+https://developers.facebook.com/docs/sharing/webmasters/crawler)"
45.79.238.235 - - [31/Mar/2026:16:31:59 +0000] "POST /wp-cron.php?doing_wp_cron=1774974719.6328270435333251953125 HTTP/1.1" 200 - "-" "WordPress/6.9.4; https://schoolofgolf.co.nz"
66.249.70.39 - - [31/Mar/2026:16:31:58 +0000] "GET /?p=10938 HTTP/1.1" 301 - "-" "Mozilla/5.0 (Linux; Android 6.0.1; Nexus 5X Build/MMB29P) AppleWebKit/537.36 (KHTML, like Gecko) Chrome/146.0.7680.153 Mobile Safari/537.36 (compatible; Googlebot/2.1; +http://www.google.com/bot.html)"
66.249.70.39 - - [31/Mar/2026:16:32:23 +0000] "GET /try-pokies-in-new-zealand-win/ HTTP/1.1" 200 148663 "-" "Mozilla/5.0 (Linux; Android 6.0.1; Nexus 5X Build/MMB29P) AppleWebKit/537.36 (KHTML, like Gecko) Chrome/146.0.7680.153 Mobile Safari/537.36 (compatible; Googlebot/2.1; +http://www.google.com/bot.html)"
57.141.14.90 - - [31/Mar/2026:16:32:50 +0000] "GET /products/detail/65854141/ HTTP/1.1" 404 139215 "-" "meta-externalagent/1.1 (+https://developers.facebook.com/docs/sharing/webmasters/crawler)"
45.79.238.235 - - [31/Mar/2026:16:33:52 +0000] "POST /wp-cron.php?doing_wp_cron=1774974832.6607370376586914062500 HTTP/1.1" 200 - "-" "WordPress/6.9.4; https://schoolofgolf.co.nz"
57.141.14.49 - - [31/Mar/2026:16:33:51 +0000] "GET /products/detail/106086161/ HTTP/1.1" 404 139215 "-" "meta-externalagent/1.1 (+https://developers.facebook.com/docs/sharing/webmasters/crawler)"
45.79.238.235 - - [31/Mar/2026:16:34:55 +0000] "POST /wp-cron.php?doing_wp_cron=1774974895.3283219337463378906250 HTTP/1.1" 200 - "-" "WordPress/6.9.4; https://schoolofgolf.co.nz"
57.141.14.21 - - [31/Mar/2026:16:34:54 +0000] "GET /products/detail/41602171/ HTTP/1.1" 404 139215 "-" "meta-externalagent/1.1 (+https://developers.facebook.com/docs/sharing/webmasters/crawler)"
45.79.238.235 - - [31/Mar/2026:16:35:57 +0000] "POST /wp-cron.php?doing_wp_cron=1774974957.3369081020355224609375 HTTP/1.1" 200 - "-" "WordPress/6.9.4; https://schoolofgolf.co.nz"
57.141.14.33 - - [31/Mar/2026:16:35:55 +0000] "GET /products/detail/75630161/ HTTP/1.1" 404 139215 "-" "meta-externalagent/1.1 (+https://developers.facebook.com/docs/sharing/webmasters/crawler)"
45.79.238.235 - - [31/Mar/2026:16:36:59 +0000] "POST /wp-cron.php?doing_wp_cron=1774975019.5471129417419433593750 HTTP/1.1" 200 - "-" "WordPress/6.9.4; https://schoolofgolf.co.nz"
57.141.14.96 - - [31/Mar/2026:16:36:58 +0000] "GET /products/detail/96592171/ HTTP/1.1" 404 139215 "-" "meta-externalagent/1.1 (+https://developers.facebook.com/docs/sharing/webmasters/crawler)"
66.249.70.38 - - [31/Mar/2026:16:37:29 +0000] "GET /?p=7200 HTTP/1.1" 301 - "-" "Mozilla/5.0 (Linux; Android 6.0.1; Nexus 5X Build/MMB29P) AppleWebKit/537.36 (KHTML, like Gecko) Chrome/146.0.7680.153 Mobile Safari/537.36 (compatible; Googlebot/2.1; +http://www.google.com/bot.html)"
45.79.238.235 - - [31/Mar/2026:16:37:55 +0000] "POST /wp-cron.php?doing_wp_cron=1774975075.1358520984649658203125 HTTP/1.1" 200 - "-" "WordPress/6.9.4; https://schoolofgolf.co.nz"
66.249.70.38 - - [31/Mar/2026:16:37:54 +0000] "GET /no-max-cashout-no-deposit-bonus-new-zealand/ HTTP/1.1" 200 149221 "-" "Mozilla/5.0 (Linux; Android 6.0.1; Nexus 5X Build/MMB29P) AppleWebKit/537.36 (KHTML, like Gecko) Chrome/146.0.7680.153 Mobile Safari/537.36 (compatible; Googlebot/2.1; +http://www.google.com/bot.html)"
57.141.14.97 - - [31/Mar/2026:16:38:00 +0000] "GET /products/detail/102514171/ HTTP/1.1" 404 139215 "-" "meta-externalagent/1.1 (+https://developers.facebook.com/docs/sharing/webmasters/crawler)"
66.249.70.37 - - [31/Mar/2026:16:38:46 +0000] "GET /?p=10784 HTTP/1.1" 301 - "-" "Mozilla/5.0 (Linux; Android 6.0.1; Nexus 5X Build/MMB29P) AppleWebKit/537.36 (KHTML, like Gecko) Chrome/146.0.7680.153 Mobile Safari/537.36 (compatible; Googlebot/2.1; +http://www.google.com/bot.html)"
45.79.238.235 - - [31/Mar/2026:16:39:04 +0000] "POST /wp-cron.php?doing_wp_cron=1774975144.3251719474792480468750 HTTP/1.1" 200 - "-" "WordPress/6.9.4; https://schoolofgolf.co.nz"
57.141.14.109 - - [31/Mar/2026:16:39:03 +0000] "GET /products/detail/91422131/ HTTP/1.1" 404 139215 "-" "meta-externalagent/1.1 (+https://developers.facebook.com/docs/sharing/webmasters/crawler)"
66.249.70.38 - - [31/Mar/2026:16:39:12 +0000] "GET /tax-free-pokies-with-bonus-free-no-download-no-registration/ HTTP/1.1" 200 149168 "-" "Mozilla/5.0 (Linux; Android 6.0.1; Nexus 5X Build/MMB29P) AppleWebKit/537.36 (KHTML, like Gecko) Chrome/146.0.7680.153 Mobile Safari/537.36 (compatible; Googlebot/2.1; +http://www.google.com/bot.html)"
45.79.238.235 - - [31/Mar/2026:16:40:05 +0000] "POST /wp-cron.php?doing_wp_cron=1774975205.7595050334930419921875 HTTP/1.1" 200 - "-" "WordPress/6.9.4; https://schoolofgolf.co.nz"
57.141.14.72 - - [31/Mar/2026:16:40:04 +0000] "GET /products/detail/71964131/ HTTP/1.1" 404 139215 "-" "meta-externalagent/1.1 (+https://developers.facebook.com/docs/sharing/webmasters/crawler)"
66.249.70.37 - - [31/Mar/2026:16:40:25 +0000] "GET /?p=8643 HTTP/1.1" 301 - "-" "Mozilla/5.0 (Linux; Android 6.0.1; Nexus 5X Build/MMB29P) AppleWebKit/537.36 (KHTML, like Gecko) Chrome/146.0.7680.153 Mobile Safari/537.36 (compatible; Googlebot/2.1; +http://www.google.com/bot.html)"
40.77.167.27 - - [31/Mar/2026:16:40:38 +0000] "GET /free-spins-no-deposit-codes-australia/ HTTP/1.1" 200 150815 "-" "Mozilla/5.0 AppleWebKit/537.36 (KHTML, like Gecko; compatible; bingbot/2.0; +http://www.bing.com/bingbot.htm) Chrome/116.0.1938.76 Safari/537.36"
66.249.70.38 - - [31/Mar/2026:16:40:42 +0000] "GET /top-online-pokies-and-casinos-games/ HTTP/1.1" 200 149530 "-" "Mozilla/5.0 (Linux; Android 6.0.1; Nexus 5X Build/MMB29P) AppleWebKit/537.36 (KHTML, like Gecko) Chrome/146.0.7680.153 Mobile Safari/537.36 (compatible; Googlebot/2.1; +http://www.google.com/bot.html)"
45.79.238.235 - - [31/Mar/2026:16:41:08 +0000] "POST /wp-cron.php?doing_wp_cron=1774975267.9440469741821289062500 HTTP/1.1" 200 - "-" "WordPress/6.9.4; https://schoolofgolf.co.nz"
57.141.14.92 - - [31/Mar/2026:16:41:06 +0000] "GET /products/detail/85970151/ HTTP/1.1" 404 139215 "-" "meta-externalagent/1.1 (+https://developers.facebook.com/docs/sharing/webmasters/crawler)"
45.79.238.235 - - [31/Mar/2026:16:42:10 +0000] "POST /wp-cron.php?doing_wp_cron=1774975330.0979919433593750000000 HTTP/1.1" 200 - "-" "WordPress/6.9.4; https://schoolofgolf.co.nz"
57.141.14.59 - - [31/Mar/2026:16:42:09 +0000] "GET /products/detail/124416131/ HTTP/1.1" 404 139215 "-" "meta-externalagent/1.1 (+https://developers.facebook.com/docs/sharing/webmasters/crawler)"
45.79.238.235 - - [31/Mar/2026:16:43:11 +0000] "POST /wp-cron.php?doing_wp_cron=1774975391.4338829517364501953125 HTTP/1.1" 200 - "-" "WordPress/6.9.4; https://schoolofgolf.co.nz"
57.141.14.60 - - [31/Mar/2026:16:43:10 +0000] "GET /products/detail/66888131/ HTTP/1.1" 404 139215 "-" "meta-externalagent/1.1 (+https://developers.facebook.com/docs/sharing/webmasters/crawler)"
45.79.238.235 - - [31/Mar/2026:16:44:14 +0000] "POST /wp-cron.php?doing_wp_cron=1774975453.9419009685516357421875 HTTP/1.1" 200 - "-" "WordPress/6.9.4; https://schoolofgolf.co.nz"
57.141.14.27 - - [31/Mar/2026:16:44:13 +0000] "GET /products/detail/95370101/ HTTP/1.1" 404 139215 "-" "meta-externalagent/1.1 (+https://developers.facebook.com/docs/sharing/webmasters/crawler)"
45.79.238.235 - - [31/Mar/2026:16:45:16 +0000] "POST /wp-cron.php?doing_wp_cron=1774975516.4442930221557617187500 HTTP/1.1" 200 - "-" "WordPress/6.9.4; https://schoolofgolf.co.nz"
57.141.14.41 - - [31/Mar/2026:16:45:15 +0000] "GET /products/detail/51378101/ HTTP/1.1" 404 139215 "-" "meta-externalagent/1.1 (+https://developers.facebook.com/docs/sharing/webmasters/crawler)"
185.93.89.27 - - [31/Mar/2026:16:45:44 +0000] "GET /my-app/.env HTTP/1.1" 403 4170 "-" "Go-http-client/1.1"
185.93.89.27 - - [31/Mar/2026:16:45:44 +0000] "GET /.env HTTP/1.1" 403 4170 "-" "Go-http-client/1.1"
45.79.238.235 - - [31/Mar/2026:16:46:11 +0000] "POST /wp-cron.php?doing_wp_cron=1774975571.3881309032440185546875 HTTP/1.1" 200 - "-" "WordPress/6.9.4; https://schoolofgolf.co.nz"
66.249.70.38 - - [31/Mar/2026:16:46:10 +0000] "GET /?p=5009 HTTP/1.1" 301 - "-" "Mozilla/5.0 (Linux; Android 6.0.1; Nexus 5X Build/MMB29P) AppleWebKit/537.36 (KHTML, like Gecko) Chrome/146.0.7680.153 Mobile Safari/537.36 (compatible; Googlebot/2.1; +http://www.google.com/bot.html)"
57.141.14.53 - - [31/Mar/2026:16:46:17 +0000] "GET /products/detail/79014161/ HTTP/1.1" 404 139215 "-" "meta-externalagent/1.1 (+https://developers.facebook.com/docs/sharing/webmasters/crawler)"
66.249.70.38 - - [31/Mar/2026:16:46:35 +0000] "GET /australian-pokies-signup-bonus/ HTTP/1.1" 200 149228 "-" "Mozilla/5.0 (Linux; Android 6.0.1; Nexus 5X Build/MMB29P) AppleWebKit/537.36 (KHTML, like Gecko) Chrome/146.0.7680.153 Mobile Safari/537.36 (compatible; Googlebot/2.1; +http://www.google.com/bot.html)"
45.79.238.235 - - [31/Mar/2026:16:47:15 +0000] "POST /wp-cron.php?doing_wp_cron=1774975635.5341479778289794921875 HTTP/1.1" 200 - "-" "WordPress/6.9.4; https://schoolofgolf.co.nz"
66.249.70.37 - - [31/Mar/2026:16:47:14 +0000] "GET /?p=12909 HTTP/1.1" 301 - "-" "Mozilla/5.0 (Linux; Android 6.0.1; Nexus 5X Build/MMB29P) AppleWebKit/537.36 (KHTML, like Gecko) Chrome/146.0.7680.153 Mobile Safari/537.36 (compatible; Googlebot/2.1; +http://www.google.com/bot.html)"
57.141.14.89 - - [31/Mar/2026:16:47:19 +0000] "GET /products/detail/60120131/ HTTP/1.1" 404 139215 "-" "meta-externalagent/1.1 (+https://developers.facebook.com/docs/sharing/webmasters/crawler)"
66.249.70.37 - - [31/Mar/2026:16:47:39 +0000] "GET /play-free-online-pokies-for-real-money/ HTTP/1.1" 200 149211 "-" "Mozilla/5.0 (Linux; Android 6.0.1; Nexus 5X Build/MMB29P) AppleWebKit/537.36 (KHTML, like Gecko) Chrome/146.0.7680.153 Mobile Safari/537.36 (compatible; Googlebot/2.1; +http://www.google.com/bot.html)"
34.82.150.148 - - [31/Mar/2026:16:48:03 +0000] "GET / HTTP/1.1" 200 171448 "-" "Mozilla/5.0 (Windows NT 10.0; Win64; x64) AppleWebKit/537.36 (KHTML, like Gecko) Chrome/78.0.3904.108 Safari/537.36"
34.82.150.148 - - [31/Mar/2026:16:48:04 +0000] "GET //wp-includes/wlwmanifest.xml HTTP/1.1" 403 4170 "-" "Mozilla/5.0 (Windows NT 10.0; Win64; x64) AppleWebKit/537.36 (KHTML, like Gecko) Chrome/78.0.3904.108 Safari/537.36"
34.82.150.148 - - [31/Mar/2026:16:48:04 +0000] "GET //xmlrpc.php?rsd HTTP/1.1" 200 822 "-" "Mozilla/5.0 (Windows NT 10.0; Win64; x64) AppleWebKit/537.36 (KHTML, like Gecko) Chrome/78.0.3904.108 Safari/537.36"
34.82.150.148 - - [31/Mar/2026:16:48:05 +0000] "GET //?author=1 HTTP/1.1" 301 - "-" "Mozilla/5.0 (Windows NT 10.0; Win64; x64) AppleWebKit/537.36 (KHTML, like Gecko) Chrome/78.0.3904.108 Safari/537.36"
34.82.150.148 - - [31/Mar/2026:16:48:06 +0000] "GET //?author=2 HTTP/1.1" 301 - "-" "Mozilla/5.0 (Windows NT 10.0; Win64; x64) AppleWebKit/537.36 (KHTML, like Gecko) Chrome/78.0.3904.108 Safari/537.36"
34.82.150.148 - - [31/Mar/2026:16:48:07 +0000] "GET //wp-json/wp/v2/users/ HTTP/1.1" 200 1611 "-" "Mozilla/5.0 (Windows NT 10.0; Win64; x64) AppleWebKit/537.36 (KHTML, like Gecko) Chrome/78.0.3904.108 Safari/537.36"
34.82.150.148 - - [31/Mar/2026:16:48:09 +0000] "POST //xmlrpc.php HTTP/1.1" 403 4170 "-" "Mozilla/5.0 (Windows NT 10.0; Win64; x64) AppleWebKit/537.36 (KHTML, like Gecko) Chrome/78.0.3904.108 Safari/537.36"
66.249.70.38 - - [31/Mar/2026:16:48:19 +0000] "GET /mobile-pokies-australia-free-bonus-no-deposit/ HTTP/1.1" 200 149347 "-" "Mozilla/5.0 (Linux; Android 6.0.1; Nexus 5X Build/MMB29P) AppleWebKit/537.36 (KHTML, like Gecko) Chrome/146.0.7680.153 Mobile Safari/537.36 (compatible; Googlebot/2.1; +http://www.google.com/bot.html)"
57.141.14.107 - - [31/Mar/2026:16:48:21 +0000] "GET /products/detail/78732131/ HTTP/1.1" 404 139215 "-" "meta-externalagent/1.1 (+https://developers.facebook.com/docs/sharing/webmasters/crawler)"
40.77.167.156 - - [31/Mar/2026:16:48:33 +0000] "GET /popular-pokies-with-welcome-bonus-game-to-win/ HTTP/1.1" 200 150990 "-" "Mozilla/5.0 AppleWebKit/537.36 (KHTML, like Gecko; compatible; bingbot/2.0; +http://www.bing.com/bingbot.htm) Chrome/116.0.1938.76 Safari/537.36"
45.79.238.235 - - [31/Mar/2026:16:49:24 +0000] "POST /wp-cron.php?doing_wp_cron=1774975764.6796209812164306640625 HTTP/1.1" 200 - "-" "WordPress/6.9.4; https://schoolofgolf.co.nz"
57.141.14.19 - - [31/Mar/2026:16:49:23 +0000] "GET /products/detail/43012141/ HTTP/1.1" 404 139215 "-" "meta-externalagent/1.1 (+https://developers.facebook.com/docs/sharing/webmasters/crawler)"
45.79.238.235 - - [31/Mar/2026:16:50:27 +0000] "POST /wp-cron.php?doing_wp_cron=1774975826.8917889595031738281250 HTTP/1.1" 200 - "-" "WordPress/6.9.4; https://schoolofgolf.co.nz"
57.141.14.88 - - [31/Mar/2026:16:50:25 +0000] "GET /products/detail/124322181/ HTTP/1.1" 404 139215 "-" "meta-externalagent/1.1 (+https://developers.facebook.com/docs/sharing/webmasters/crawler)"
45.79.238.235 - - [31/Mar/2026:16:51:00 +0000] "POST /wp-cron.php?doing_wp_cron=1774975860.9246430397033691406250 HTTP/1.1" 200 - "-" "WordPress/6.9.4; https://schoolofgolf.co.nz"
157.55.39.200 - - [31/Mar/2026:16:50:59 +0000] "GET /online-au-casinos-for-real-money/ HTTP/1.1" 200 150178 "-" "Mozilla/5.0 AppleWebKit/537.36 (KHTML, like Gecko; compatible; bingbot/2.0; +http://www.bing.com/bingbot.htm) Chrome/116.0.1938.76 Safari/537.36"
57.141.14.96 - - [31/Mar/2026:16:51:27 +0000] "GET /products/detail/108060101/ HTTP/1.1" 404 139215 "-" "meta-externalagent/1.1 (+https://developers.facebook.com/docs/sharing/webmasters/crawler)"
45.79.238.235 - - [31/Mar/2026:16:51:58 +0000] "POST /wp-cron.php?doing_wp_cron=1774975918.4690771102905273437500 HTTP/1.1" 200 - "-" "WordPress/6.9.4; https://schoolofgolf.co.nz"
62.60.131.158 - - [31/Mar/2026:16:51:57 +0000] "GET / HTTP/1.1" 200 171448 "-" "Go-http-client/1.1"
62.60.131.158 - - [31/Mar/2026:16:52:04 +0000] "GET /wp-sitemap-users-1.xml HTTP/1.1" 200 256 "-" "Go-http-client/1.1"
62.60.131.158 - - [31/Mar/2026:16:52:04 +0000] "GET /wp-json/wp/v2/posts?per_page=20&_embed=author&_fields=_embedded HTTP/1.1" 200 2 "-" "Go-http-client/1.1"
62.60.131.158 - - [31/Mar/2026:16:52:04 +0000] "GET /author-sitemap.xml HTTP/1.1" 404 139215 "-" "Go-http-client/1.1"
62.60.131.158 - - [31/Mar/2026:16:52:04 +0000] "GET /?rest_route=/wp/v2/users&per_page=100&_fields=slug HTTP/1.1" 200 18 "-" "Go-http-client/1.1"
62.60.131.158 - - [31/Mar/2026:16:52:04 +0000] "GET /feed/atom/ HTTP/1.1" 200 596 "-" "Go-http-client/1.1"
62.60.131.158 - - [31/Mar/2026:16:52:04 +0000] "GET /comments/feed/ HTTP/1.1" 200 737 "-" "Go-http-client/1.1"
62.60.131.158 - - [31/Mar/2026:16:52:04 +0000] "GET /wp-json/oembed/1.0/embed?url=https%3A%2F%2Fschoolofgolf.co.nz&format=json HTTP/1.1" 200 2119 "-" "Go-http-client/1.1"
62.60.131.158 - - [31/Mar/2026:16:52:04 +0000] "GET /feed/ HTTP/1.1" 200 843 "-" "Go-http-client/1.1"
62.60.131.158 - - [31/Mar/2026:16:52:04 +0000] "POST /graphql HTTP/1.1" 404 139215 "-" "Go-http-client/1.1"
62.60.131.158 - - [31/Mar/2026:16:52:04 +0000] "GET /wp-json/wp/v2/users?per_page=100&_fields=slug HTTP/1.1" 200 18 "-" "Go-http-client/1.1"
62.60.131.158 - - [31/Mar/2026:16:52:05 +0000] "GET /wp-json/wp/v2/posts?per_page=100&_fields=author HTTP/1.1" 200 2 "-" "Go-http-client/1.1"
62.60.131.158 - - [31/Mar/2026:16:52:06 +0000] "GET /wp-json/wp/v2/pages?per_page=100&_fields=author HTTP/1.1" 200 131 "-" "Go-http-client/1.1"
62.60.131.158 - - [31/Mar/2026:16:52:07 +0000] "GET /?author=1 HTTP/1.1" 404 139215 "-" "Go-http-client/1.1"
62.60.131.158 - - [31/Mar/2026:16:52:09 +0000] "GET /?author=2 HTTP/1.1" 404 139215 "-" "Go-http-client/1.1"
62.60.131.158 - - [31/Mar/2026:16:52:11 +0000] "GET /author-sitemap.xml HTTP/1.1" 404 139215 "-" "Go-http-client/1.1"
62.60.131.158 - - [31/Mar/2026:16:52:11 +0000] "GET /?author=3 HTTP/1.1" 404 139215 "-" "Go-http-client/1.1"
62.60.131.158 - - [31/Mar/2026:16:52:12 +0000] "POST /graphql HTTP/1.1" 404 139215 "-" "Go-http-client/1.1"
62.60.131.158 - - [31/Mar/2026:16:52:16 +0000] "GET /author-sitemap.xml HTTP/1.1" 404 139215 "-" "Go-http-client/1.1"
62.60.131.158 - - [31/Mar/2026:16:52:20 +0000] "POST /graphql HTTP/1.1" 404 139215 "-" "Go-http-client/1.1"
62.60.131.158 - - [31/Mar/2026:16:52:22 +0000] "GET /author-sitemap.xml HTTP/1.1" 404 139215 "-" "Go-http-client/1.1"
62.60.131.158 - - [31/Mar/2026:16:52:28 +0000] "POST /graphql HTTP/1.1" 404 139215 "-" "Go-http-client/1.1"
62.60.131.158 - - [31/Mar/2026:16:52:33 +0000] "POST /api/graphql HTTP/1.1" 404 139215 "-" "Go-http-client/1.1"
62.60.131.158 - - [31/Mar/2026:16:52:36 +0000] "POST /api/graphql HTTP/1.1" 404 139215 "-" "Go-http-client/1.1"
62.60.131.158 - - [31/Mar/2026:16:52:42 +0000] "POST /api/graphql HTTP/1.1" 404 139215 "-" "Go-http-client/1.1"
62.60.131.158 - - [31/Mar/2026:16:52:48 +0000] "POST /api/graphql HTTP/1.1" 404 139215 "-" "Go-http-client/1.1"
45.79.238.235 - - [31/Mar/2026:16:53:17 +0000] "POST /wp-cron.php?doing_wp_cron=1774975996.7848260402679443359375 HTTP/1.1" 200 - "-" "WordPress/6.9.4; https://schoolofgolf.co.nz"
66.249.70.38 - - [31/Mar/2026:16:53:15 +0000] "GET /products/detail/167357040/ HTTP/1.1" 404 139226 "-" "Mozilla/5.0 (Linux; Android 6.0.1; Nexus 5X Build/MMB29P) AppleWebKit/537.36 (KHTML, like Gecko) Chrome/146.0.7680.153 Mobile Safari/537.36 (compatible; GoogleOther)"
141.98.11.44 - - [31/Mar/2026:16:55:49 +0000] "GET /wp-includes/sodium_compat/src/Core/SecretStream/State.php HTTP/1.1" 403 4170 "-" "Mozilla/5.0 (Windows NT 10.0; Win64; x64) AppleWebKit/537.36"
45.79.238.235 - - [31/Mar/2026:16:56:00 +0000] "POST /wp-cron.php?doing_wp_cron=1774976159.8580489158630371093750 HTTP/1.1" 200 - "-" "WordPress/6.9.4; https://schoolofgolf.co.nz"
66.249.70.39 - - [31/Mar/2026:16:55:58 +0000] "GET /casino-off-i-35-in-new-zealand/ HTTP/1.1" 200 148649 "-" "Mozilla/5.0 (Linux; Android 6.0.1; Nexus 5X Build/MMB29P) AppleWebKit/537.36 (KHTML, like Gecko) Chrome/146.0.7680.153 Mobile Safari/537.36 (compatible; Googlebot/2.1; +http://www.google.com/bot.html)"
66.249.70.37 - - [31/Mar/2026:16:56:07 +0000] "GET /?p=11567 HTTP/1.1" 301 - "-" "Mozilla/5.0 (Linux; Android 6.0.1; Nexus 5X Build/MMB29P) AppleWebKit/537.36 (KHTML, like Gecko) Chrome/146.0.7680.153 Mobile Safari/537.36 (compatible; Googlebot/2.1; +http://www.google.com/bot.html)"
66.249.70.37 - - [31/Mar/2026:16:56:35 +0000] "GET /5-cent-deposit-casino-pokies/ HTTP/1.1" 200 149578 "-" "Mozilla/5.0 (Linux; Android 6.0.1; Nexus 5X Build/MMB29P) AppleWebKit/537.36 (KHTML, like Gecko) Chrome/146.0.7680.153 Mobile Safari/537.36 (compatible; Googlebot/2.1; +http://www.google.com/bot.html)"
45.79.238.235 - - [31/Mar/2026:16:56:57 +0000] "POST /wp-cron.php?doing_wp_cron=1774976217.0077450275421142578125 HTTP/1.1" 200 - "-" "WordPress/6.9.4; https://schoolofgolf.co.nz"
66.249.70.37 - - [31/Mar/2026:16:56:56 +0000] "GET /top-online-pokies-and-casinos-10-nz/ HTTP/1.1" 200 149027 "-" "Mozilla/5.0 (Linux; Android 6.0.1; Nexus 5X Build/MMB29P) AppleWebKit/537.36 (KHTML, like Gecko) Chrome/146.0.7680.153 Mobile Safari/537.36 (compatible; Googlebot/2.1; +http://www.google.com/bot.html)"
66.249.70.38 - - [31/Mar/2026:16:57:13 +0000] "GET /?p=5000 HTTP/1.1" 301 - "-" "Mozilla/5.0 (Linux; Android 6.0.1; Nexus 5X Build/MMB29P) AppleWebKit/537.36 (KHTML, like Gecko) Chrome/146.0.7680.153 Mobile Safari/537.36 (compatible; Googlebot/2.1; +http://www.google.com/bot.html)"
57.141.14.106 - - [31/Mar/2026:16:57:35 +0000] "GET /products/detail/102890151/ HTTP/1.1" 404 139215 "-" "meta-externalagent/1.1 (+https://developers.facebook.com/docs/sharing/webmasters/crawler)"
66.249.70.38 - - [31/Mar/2026:16:57:41 +0000] "GET /live-winning-pokies-casino-quora/ HTTP/1.1" 200 149530 "-" "Mozilla/5.0 (Linux; Android 6.0.1; Nexus 5X Build/MMB29P) AppleWebKit/537.36 (KHTML, like Gecko) Chrome/146.0.7680.153 Mobile Safari/537.36 (compatible; Googlebot/2.1; +http://www.google.com/bot.html)"
45.79.238.235 - - [31/Mar/2026:16:58:05 +0000] "POST /wp-cron.php?doing_wp_cron=1774976285.4669311046600341796875 HTTP/1.1" 200 - "-" "WordPress/6.9.4; https://schoolofgolf.co.nz"
57.141.14.44 - - [31/Mar/2026:16:58:04 +0000] "GET /products/detail/58428131/ HTTP/1.1" 404 139215 "-" "meta-externalagent/1.1 (+https://developers.facebook.com/docs/sharing/webmasters/crawler)"
216.73.216.103 - - [31/Mar/2026:16:58:21 +0000] "GET /robots.txt HTTP/1.1" 304 - "-" "Mozilla/5.0 AppleWebKit/537.36 (KHTML, like Gecko; compatible; ClaudeBot/1.0; +claudebot@anthropic.com)"
216.73.216.103 - - [31/Mar/2026:16:58:21 +0000] "GET /?p=9902 HTTP/1.1" 301 - "-" "Mozilla/5.0 AppleWebKit/537.36 (KHTML, like Gecko; compatible; ClaudeBot/1.0; +claudebot@anthropic.com)"
216.73.216.103 - - [31/Mar/2026:16:58:21 +0000] "GET /?p=8409 HTTP/1.1" 301 - "-" "Mozilla/5.0 AppleWebKit/537.36 (KHTML, like Gecko; compatible; ClaudeBot/1.0; +claudebot@anthropic.com)"
66.249.70.37 - - [31/Mar/2026:16:58:21 +0000] "GET /?p=9811 HTTP/1.1" 301 - "-" "Mozilla/5.0 (Linux; Android 6.0.1; Nexus 5X Build/MMB29P) AppleWebKit/537.36 (KHTML, like Gecko) Chrome/146.0.7680.153 Mobile Safari/537.36 (compatible; Googlebot/2.1; +http://www.google.com/bot.html)"
216.73.216.103 - - [31/Mar/2026:16:58:22 +0000] "GET /online-pokies-machines-real-money/ HTTP/1.1" 200 150239 "https://schoolofgolf.co.nz/?p=9902" "Mozilla/5.0 AppleWebKit/537.36 (KHTML, like Gecko; compatible; ClaudeBot/1.0; +claudebot@anthropic.com)"
216.73.216.103 - - [31/Mar/2026:16:58:22 +0000] "GET /best-mobile-slots-au/ HTTP/1.1" 200 149916 "https://schoolofgolf.co.nz/?p=8409" "Mozilla/5.0 AppleWebKit/537.36 (KHTML, like Gecko; compatible; ClaudeBot/1.0; +claudebot@anthropic.com)"
216.73.216.103 - - [31/Mar/2026:16:58:23 +0000] "GET /?p=5682 HTTP/1.1" 301 - "-" "Mozilla/5.0 AppleWebKit/537.36 (KHTML, like Gecko; compatible; ClaudeBot/1.0; +claudebot@anthropic.com)"
216.73.216.103 - - [31/Mar/2026:16:58:24 +0000] "GET /?p=9486 HTTP/1.1" 301 - "-" "Mozilla/5.0 AppleWebKit/537.36 (KHTML, like Gecko; compatible; ClaudeBot/1.0; +claudebot@anthropic.com)"
216.73.216.103 - - [31/Mar/2026:16:58:24 +0000] "GET /mobile-pokies-legal-in-australia/ HTTP/1.1" 200 150614 "https://schoolofgolf.co.nz/?p=5682" "Mozilla/5.0 AppleWebKit/537.36 (KHTML, like Gecko; compatible; ClaudeBot/1.0; +claudebot@anthropic.com)"
216.73.216.103 - - [31/Mar/2026:16:58:25 +0000] "GET /top-australian-pokies-play-free/ HTTP/1.1" 200 149979 "https://schoolofgolf.co.nz/?p=9486" "Mozilla/5.0 AppleWebKit/537.36 (KHTML, like Gecko; compatible; ClaudeBot/1.0; +claudebot@anthropic.com)"
216.73.216.103 - - [31/Mar/2026:16:58:26 +0000] "GET /?p=12554 HTTP/1.1" 301 - "-" "Mozilla/5.0 AppleWebKit/537.36 (KHTML, like Gecko; compatible; ClaudeBot/1.0; +claudebot@anthropic.com)"
216.73.216.103 - - [31/Mar/2026:16:58:26 +0000] "GET /?p=7286 HTTP/1.1" 301 - "-" "Mozilla/5.0 AppleWebKit/537.36 (KHTML, like Gecko; compatible; ClaudeBot/1.0; +claudebot@anthropic.com)"
216.73.216.103 - - [31/Mar/2026:16:58:27 +0000] "GET /secure-pokies-free-chip/ HTTP/1.1" 200 150084 "https://schoolofgolf.co.nz/?p=12554" "Mozilla/5.0 AppleWebKit/537.36 (KHTML, like Gecko; compatible; ClaudeBot/1.0; +claudebot@anthropic.com)"
216.73.216.103 - - [31/Mar/2026:16:58:27 +0000] "GET /new-no-deposit-bonus-casino-australia/ HTTP/1.1" 200 150062 "https://schoolofgolf.co.nz/?p=7286" "Mozilla/5.0 AppleWebKit/537.36 (KHTML, like Gecko; compatible; ClaudeBot/1.0; +claudebot@anthropic.com)"
216.73.216.103 - - [31/Mar/2026:16:58:28 +0000] "GET /?p=8352 HTTP/1.1" 301 - "-" "Mozilla/5.0 AppleWebKit/537.36 (KHTML, like Gecko; compatible; ClaudeBot/1.0; +claudebot@anthropic.com)"
216.73.216.103 - - [31/Mar/2026:16:58:29 +0000] "GET /?p=5507 HTTP/1.1" 301 - "-" "Mozilla/5.0 AppleWebKit/537.36 (KHTML, like Gecko; compatible; ClaudeBot/1.0; +claudebot@anthropic.com)"
216.73.216.103 - - [31/Mar/2026:16:58:29 +0000] "GET /top-online-pokies-and-casinos-played/ HTTP/1.1" 200 150656 "https://schoolofgolf.co.nz/?p=8352" "Mozilla/5.0 AppleWebKit/537.36 (KHTML, like Gecko; compatible; ClaudeBot/1.0; +claudebot@anthropic.com)"
216.73.216.103 - - [31/Mar/2026:16:58:30 +0000] "GET /5-no-deposit-casino-au/ HTTP/1.1" 200 150839 "https://schoolofgolf.co.nz/?p=5507" "Mozilla/5.0 AppleWebKit/537.36 (KHTML, like Gecko; compatible; ClaudeBot/1.0; +claudebot@anthropic.com)"
216.73.216.103 - - [31/Mar/2026:16:58:31 +0000] "GET /?p=12486 HTTP/1.1" 301 - "-" "Mozilla/5.0 AppleWebKit/537.36 (KHTML, like Gecko; compatible; ClaudeBot/1.0; +claudebot@anthropic.com)"
216.73.216.103 - - [31/Mar/2026:16:58:31 +0000] "GET /?p=9488 HTTP/1.1" 301 - "-" "Mozilla/5.0 AppleWebKit/537.36 (KHTML, like Gecko; compatible; ClaudeBot/1.0; +claudebot@anthropic.com)"
216.73.216.103 - - [31/Mar/2026:16:58:32 +0000] "GET /free-pokies-best/ HTTP/1.1" 200 150695 "https://schoolofgolf.co.nz/?p=12486" "Mozilla/5.0 AppleWebKit/537.36 (KHTML, like Gecko; compatible; ClaudeBot/1.0; +claudebot@anthropic.com)"
66.249.70.38 - - [31/Mar/2026:16:58:32 +0000] "GET /?p=7940 HTTP/1.1" 301 - "-" "Mozilla/5.0 (Linux; Android 6.0.1; Nexus 5X Build/MMB29P) AppleWebKit/537.36 (KHTML, like Gecko) Chrome/146.0.7680.153 Mobile Safari/537.36 (compatible; Googlebot/2.1; +http://www.google.com/bot.html)"
216.73.216.103 - - [31/Mar/2026:16:58:32 +0000] "GET /cheat-pokies-for-real-money/ HTTP/1.1" 200 150857 "https://schoolofgolf.co.nz/?p=9488" "Mozilla/5.0 AppleWebKit/537.36 (KHTML, like Gecko; compatible; ClaudeBot/1.0; +claudebot@anthropic.com)"
57.141.14.37 - - [31/Mar/2026:16:58:33 +0000] "GET /products/detail/97532121/ HTTP/1.1" 404 139215 "-" "meta-externalagent/1.1 (+https://developers.facebook.com/docs/sharing/webmasters/crawler)"
216.73.216.103 - - [31/Mar/2026:16:58:33 +0000] "GET /?p=8944 HTTP/1.1" 301 - "-" "Mozilla/5.0 AppleWebKit/537.36 (KHTML, like Gecko; compatible; ClaudeBot/1.0; +claudebot@anthropic.com)"
216.73.216.103 - - [31/Mar/2026:16:58:34 +0000] "GET /?p=9744 HTTP/1.1" 301 - "-" "Mozilla/5.0 AppleWebKit/537.36 (KHTML, like Gecko; compatible; ClaudeBot/1.0; +claudebot@anthropic.com)"
216.73.216.103 - - [31/Mar/2026:16:58:34 +0000] "GET /uptown-pokies-free-spin-codes/ HTTP/1.1" 200 150374 "https://schoolofgolf.co.nz/?p=8944" "Mozilla/5.0 AppleWebKit/537.36 (KHTML, like Gecko; compatible; ClaudeBot/1.0; +claudebot@anthropic.com)"
