216.73.216.130 - - [31/Mar/2026:15:38:48 +0000] "GET /?p=12402 HTTP/1.1" 301 - "-" "Mozilla/5.0 AppleWebKit/537.36 (KHTML, like Gecko; compatible; ClaudeBot/1.0; +claudebot@anthropic.com)"
216.73.216.130 - - [31/Mar/2026:15:38:48 +0000] "GET /no-deposit-casino-real-money-new-zealand/ HTTP/1.1" 200 150424 "https://schoolofgolf.co.nz/?p=10124" "Mozilla/5.0 AppleWebKit/537.36 (KHTML, like Gecko; compatible; ClaudeBot/1.0; +claudebot@anthropic.com)"
216.73.216.130 - - [31/Mar/2026:15:38:48 +0000] "GET /?p=11950 HTTP/1.1" 301 - "-" "Mozilla/5.0 AppleWebKit/537.36 (KHTML, like Gecko; compatible; ClaudeBot/1.0; +claudebot@anthropic.com)"
216.73.216.130 - - [31/Mar/2026:15:38:48 +0000] "GET /?p=11318 HTTP/1.1" 301 - "-" "Mozilla/5.0 AppleWebKit/537.36 (KHTML, like Gecko; compatible; ClaudeBot/1.0; +claudebot@anthropic.com)"
216.73.216.130 - - [31/Mar/2026:15:38:49 +0000] "GET /pokies-sites-for-real-money-in-new-zealand/ HTTP/1.1" 200 150569 "https://schoolofgolf.co.nz/?p=12402" "Mozilla/5.0 AppleWebKit/537.36 (KHTML, like Gecko; compatible; ClaudeBot/1.0; +claudebot@anthropic.com)"
216.73.216.130 - - [31/Mar/2026:15:38:49 +0000] "GET /au-online-casinos-new/ HTTP/1.1" 200 150806 "https://schoolofgolf.co.nz/?p=11950" "Mozilla/5.0 AppleWebKit/537.36 (KHTML, like Gecko; compatible; ClaudeBot/1.0; +claudebot@anthropic.com)"
216.73.216.130 - - [31/Mar/2026:15:38:50 +0000] "GET /?p=7836 HTTP/1.1" 301 - "-" "Mozilla/5.0 AppleWebKit/537.36 (KHTML, like Gecko; compatible; ClaudeBot/1.0; +claudebot@anthropic.com)"
216.73.216.130 - - [31/Mar/2026:15:38:50 +0000] "GET /why-no-craps-in-new-zealand/ HTTP/1.1" 200 150356 "https://schoolofgolf.co.nz/?p=11318" "Mozilla/5.0 AppleWebKit/537.36 (KHTML, like Gecko; compatible; ClaudeBot/1.0; +claudebot@anthropic.com)"
216.73.216.130 - - [31/Mar/2026:15:38:50 +0000] "GET /?p=10658 HTTP/1.1" 301 - "-" "Mozilla/5.0 AppleWebKit/537.36 (KHTML, like Gecko; compatible; ClaudeBot/1.0; +claudebot@anthropic.com)"
216.73.216.130 - - [31/Mar/2026:15:38:51 +0000] "GET /secure-pokies-with-welcome-bonus-that-use-paypal/ HTTP/1.1" 200 151050 "https://schoolofgolf.co.nz/?p=7836" "Mozilla/5.0 AppleWebKit/537.36 (KHTML, like Gecko; compatible; ClaudeBot/1.0; +claudebot@anthropic.com)"
216.73.216.130 - - [31/Mar/2026:15:38:51 +0000] "GET /?p=11949 HTTP/1.1" 301 - "-" "Mozilla/5.0 AppleWebKit/537.36 (KHTML, like Gecko; compatible; ClaudeBot/1.0; +claudebot@anthropic.com)"
216.73.216.130 - - [31/Mar/2026:15:38:51 +0000] "GET /?p=9678 HTTP/1.1" 301 - "-" "Mozilla/5.0 AppleWebKit/537.36 (KHTML, like Gecko; compatible; ClaudeBot/1.0; +claudebot@anthropic.com)"
216.73.216.130 - - [31/Mar/2026:15:38:52 +0000] "GET /casinos-in-thurston-nz-nz/ HTTP/1.1" 200 150671 "https://schoolofgolf.co.nz/?p=10658" "Mozilla/5.0 AppleWebKit/537.36 (KHTML, like Gecko; compatible; ClaudeBot/1.0; +claudebot@anthropic.com)"
216.73.216.130 - - [31/Mar/2026:15:38:52 +0000] "GET /?p=12101 HTTP/1.1" 301 - "-" "Mozilla/5.0 AppleWebKit/537.36 (KHTML, like Gecko; compatible; ClaudeBot/1.0; +claudebot@anthropic.com)"
216.73.216.130 - - [31/Mar/2026:15:38:52 +0000] "GET /lacey-nz-casino/ HTTP/1.1" 200 150008 "https://schoolofgolf.co.nz/?p=11949" "Mozilla/5.0 AppleWebKit/537.36 (KHTML, like Gecko; compatible; ClaudeBot/1.0; +claudebot@anthropic.com)"
216.73.216.130 - - [31/Mar/2026:15:38:53 +0000] "GET /online-casino-no-deposit-free-spins-au/ HTTP/1.1" 200 151002 "https://schoolofgolf.co.nz/?p=9678" "Mozilla/5.0 AppleWebKit/537.36 (KHTML, like Gecko; compatible; ClaudeBot/1.0; +claudebot@anthropic.com)"
216.73.216.130 - - [31/Mar/2026:15:38:53 +0000] "GET /?p=6222 HTTP/1.1" 301 - "-" "Mozilla/5.0 AppleWebKit/537.36 (KHTML, like Gecko; compatible; ClaudeBot/1.0; +claudebot@anthropic.com)"
216.73.216.130 - - [31/Mar/2026:15:38:53 +0000] "GET /casino-au-hinton/ HTTP/1.1" 200 150862 "https://schoolofgolf.co.nz/?p=12101" "Mozilla/5.0 AppleWebKit/537.36 (KHTML, like Gecko; compatible; ClaudeBot/1.0; +claudebot@anthropic.com)"
45.79.238.235 - - [31/Mar/2026:15:38:55 +0000] "POST /wp-cron.php?doing_wp_cron=1774971535.0289540290832519531250 HTTP/1.1" 200 - "-" "WordPress/6.9.4; https://schoolofgolf.co.nz"
216.73.216.130 - - [31/Mar/2026:15:38:54 +0000] "GET /?p=8786 HTTP/1.1" 301 - "-" "Mozilla/5.0 AppleWebKit/537.36 (KHTML, like Gecko; compatible; ClaudeBot/1.0; +claudebot@anthropic.com)"
216.73.216.130 - - [31/Mar/2026:15:38:54 +0000] "GET /?p=12358 HTTP/1.1" 301 - "-" "Mozilla/5.0 AppleWebKit/537.36 (KHTML, like Gecko; compatible; ClaudeBot/1.0; +claudebot@anthropic.com)"
216.73.216.130 - - [31/Mar/2026:15:38:54 +0000] "GET /live-pokies-bonus-no-wagering/ HTTP/1.1" 200 150337 "https://schoolofgolf.co.nz/?p=6222" "Mozilla/5.0 AppleWebKit/537.36 (KHTML, like Gecko; compatible; ClaudeBot/1.0; +claudebot@anthropic.com)"
216.73.216.130 - - [31/Mar/2026:15:38:55 +0000] "GET /?p=11459 HTTP/1.1" 301 - "-" "Mozilla/5.0 AppleWebKit/537.36 (KHTML, like Gecko; compatible; ClaudeBot/1.0; +claudebot@anthropic.com)"
216.73.216.130 - - [31/Mar/2026:15:38:55 +0000] "GET /free-online-games-to-win-real-money-no-deposit-au/ HTTP/1.1" 200 149891 "https://schoolofgolf.co.nz/?p=8786" "Mozilla/5.0 AppleWebKit/537.36 (KHTML, like Gecko; compatible; ClaudeBot/1.0; +claudebot@anthropic.com)"
216.73.216.130 - - [31/Mar/2026:15:38:55 +0000] "GET /australian-diamonds-slots-machines/ HTTP/1.1" 200 150375 "https://schoolofgolf.co.nz/?p=12358" "Mozilla/5.0 AppleWebKit/537.36 (KHTML, like Gecko; compatible; ClaudeBot/1.0; +claudebot@anthropic.com)"
216.73.216.130 - - [31/Mar/2026:15:38:56 +0000] "GET /?p=12229 HTTP/1.1" 301 - "-" "Mozilla/5.0 AppleWebKit/537.36 (KHTML, like Gecko; compatible; ClaudeBot/1.0; +claudebot@anthropic.com)"
216.73.216.130 - - [31/Mar/2026:15:38:56 +0000] "GET /which-online-casino-accepts-new-zealand-express/ HTTP/1.1" 200 150066 "https://schoolofgolf.co.nz/?p=11459" "Mozilla/5.0 AppleWebKit/537.36 (KHTML, like Gecko; compatible; ClaudeBot/1.0; +claudebot@anthropic.com)"
216.73.216.130 - - [31/Mar/2026:15:38:56 +0000] "GET /?p=10385 HTTP/1.1" 301 - "-" "Mozilla/5.0 AppleWebKit/537.36 (KHTML, like Gecko; compatible; ClaudeBot/1.0; +claudebot@anthropic.com)"
216.73.216.130 - - [31/Mar/2026:15:38:57 +0000] "GET /?p=10801 HTTP/1.1" 301 - "-" "Mozilla/5.0 AppleWebKit/537.36 (KHTML, like Gecko; compatible; ClaudeBot/1.0; +claudebot@anthropic.com)"
216.73.216.130 - - [31/Mar/2026:15:38:57 +0000] "GET /free-new-au-pokies-no-download/ HTTP/1.1" 200 150194 "https://schoolofgolf.co.nz/?p=12229" "Mozilla/5.0 AppleWebKit/537.36 (KHTML, like Gecko; compatible; ClaudeBot/1.0; +claudebot@anthropic.com)"
216.73.216.130 - - [31/Mar/2026:15:38:57 +0000] "GET /all-au-no-deposit-casinos/ HTTP/1.1" 200 149959 "https://schoolofgolf.co.nz/?p=10385" "Mozilla/5.0 AppleWebKit/537.36 (KHTML, like Gecko; compatible; ClaudeBot/1.0; +claudebot@anthropic.com)"
216.73.216.130 - - [31/Mar/2026:15:38:57 +0000] "GET /?p=5426 HTTP/1.1" 301 - "-" "Mozilla/5.0 AppleWebKit/537.36 (KHTML, like Gecko; compatible; ClaudeBot/1.0; +claudebot@anthropic.com)"
216.73.216.130 - - [31/Mar/2026:15:38:58 +0000] "GET /play-winning-pokies-for-real-money-no-download/ HTTP/1.1" 200 149541 "https://schoolofgolf.co.nz/?p=10801" "Mozilla/5.0 AppleWebKit/537.36 (KHTML, like Gecko; compatible; ClaudeBot/1.0; +claudebot@anthropic.com)"
216.73.216.130 - - [31/Mar/2026:15:38:58 +0000] "GET /?p=7924 HTTP/1.1" 301 - "-" "Mozilla/5.0 AppleWebKit/537.36 (KHTML, like Gecko; compatible; ClaudeBot/1.0; +claudebot@anthropic.com)"
216.73.216.130 - - [31/Mar/2026:15:38:59 +0000] "GET /?p=5389 HTTP/1.1" 301 - "-" "Mozilla/5.0 AppleWebKit/537.36 (KHTML, like Gecko; compatible; ClaudeBot/1.0; +claudebot@anthropic.com)"
216.73.216.130 - - [31/Mar/2026:15:38:59 +0000] "GET /casino-in-london-nz/ HTTP/1.1" 200 150279 "https://schoolofgolf.co.nz/?p=5426" "Mozilla/5.0 AppleWebKit/537.36 (KHTML, like Gecko; compatible; ClaudeBot/1.0; +claudebot@anthropic.com)"
216.73.216.130 - - [31/Mar/2026:15:38:59 +0000] "GET /?p=7810 HTTP/1.1" 301 - "-" "Mozilla/5.0 AppleWebKit/537.36 (KHTML, like Gecko; compatible; ClaudeBot/1.0; +claudebot@anthropic.com)"
216.73.216.130 - - [31/Mar/2026:15:38:59 +0000] "GET /games-casino-popular-pokies/ HTTP/1.1" 200 149739 "https://schoolofgolf.co.nz/?p=7924" "Mozilla/5.0 AppleWebKit/537.36 (KHTML, like Gecko; compatible; ClaudeBot/1.0; +claudebot@anthropic.com)"
216.73.216.130 - - [31/Mar/2026:15:39:00 +0000] "GET /secure-pokies-real-money-guide/ HTTP/1.1" 200 149408 "https://schoolofgolf.co.nz/?p=5389" "Mozilla/5.0 AppleWebKit/537.36 (KHTML, like Gecko; compatible; ClaudeBot/1.0; +claudebot@anthropic.com)"
216.73.216.130 - - [31/Mar/2026:15:39:01 +0000] "GET /?p=11343 HTTP/1.1" 301 - "-" "Mozilla/5.0 AppleWebKit/537.36 (KHTML, like Gecko; compatible; ClaudeBot/1.0; +claudebot@anthropic.com)"
216.73.216.130 - - [31/Mar/2026:15:39:01 +0000] "GET /free-australian-pokies-at-deposit-casino/ HTTP/1.1" 200 150540 "https://schoolofgolf.co.nz/?p=7810" "Mozilla/5.0 AppleWebKit/537.36 (KHTML, like Gecko; compatible; ClaudeBot/1.0; +claudebot@anthropic.com)"
216.73.216.130 - - [31/Mar/2026:15:39:02 +0000] "GET /?p=9389 HTTP/1.1" 301 - "-" "Mozilla/5.0 AppleWebKit/537.36 (KHTML, like Gecko; compatible; ClaudeBot/1.0; +claudebot@anthropic.com)"
216.73.216.130 - - [31/Mar/2026:15:39:02 +0000] "GET /?p=11002 HTTP/1.1" 301 - "-" "Mozilla/5.0 AppleWebKit/537.36 (KHTML, like Gecko; compatible; ClaudeBot/1.0; +claudebot@anthropic.com)"
216.73.216.130 - - [31/Mar/2026:15:39:03 +0000] "GET /tax-free-pokies-casino-bonus/ HTTP/1.1" 200 150680 "https://schoolofgolf.co.nz/?p=11343" "Mozilla/5.0 AppleWebKit/537.36 (KHTML, like Gecko; compatible; ClaudeBot/1.0; +claudebot@anthropic.com)"
216.73.216.130 - - [31/Mar/2026:15:39:04 +0000] "GET /?p=10865 HTTP/1.1" 301 - "-" "Mozilla/5.0 AppleWebKit/537.36 (KHTML, like Gecko; compatible; ClaudeBot/1.0; +claudebot@anthropic.com)"
216.73.216.130 - - [31/Mar/2026:15:39:04 +0000] "GET /free-spins-on-registration-au-no-deposit/ HTTP/1.1" 200 149997 "https://schoolofgolf.co.nz/?p=9389" "Mozilla/5.0 AppleWebKit/537.36 (KHTML, like Gecko; compatible; ClaudeBot/1.0; +claudebot@anthropic.com)"
216.73.216.130 - - [31/Mar/2026:15:39:04 +0000] "GET /real-online-pokies-no-deposit-bonus/ HTTP/1.1" 200 150543 "https://schoolofgolf.co.nz/?p=11002" "Mozilla/5.0 AppleWebKit/537.36 (KHTML, like Gecko; compatible; ClaudeBot/1.0; +claudebot@anthropic.com)"
216.73.216.130 - - [31/Mar/2026:15:39:05 +0000] "GET /?p=10136 HTTP/1.1" 301 - "-" "Mozilla/5.0 AppleWebKit/537.36 (KHTML, like Gecko; compatible; ClaudeBot/1.0; +claudebot@anthropic.com)"
216.73.216.130 - - [31/Mar/2026:15:39:05 +0000] "GET /pokies-in-new-zealand-joining-bonus/ HTTP/1.1" 200 150341 "https://schoolofgolf.co.nz/?p=10865" "Mozilla/5.0 AppleWebKit/537.36 (KHTML, like Gecko; compatible; ClaudeBot/1.0; +claudebot@anthropic.com)"
216.73.216.130 - - [31/Mar/2026:15:39:05 +0000] "GET /?p=11260 HTTP/1.1" 301 - "-" "Mozilla/5.0 AppleWebKit/537.36 (KHTML, like Gecko; compatible; ClaudeBot/1.0; +claudebot@anthropic.com)"
216.73.216.130 - - [31/Mar/2026:15:39:06 +0000] "GET /popular-pokies-with-welcome-bonus-free-trial/ HTTP/1.1" 200 150282 "https://schoolofgolf.co.nz/?p=10136" "Mozilla/5.0 AppleWebKit/537.36 (KHTML, like Gecko; compatible; ClaudeBot/1.0; +claudebot@anthropic.com)"
216.73.216.130 - - [31/Mar/2026:15:39:06 +0000] "GET /?p=5194 HTTP/1.1" 301 - "-" "Mozilla/5.0 AppleWebKit/537.36 (KHTML, like Gecko; compatible; ClaudeBot/1.0; +claudebot@anthropic.com)"
216.73.216.130 - - [31/Mar/2026:15:39:06 +0000] "GET /?p=10977 HTTP/1.1" 301 - "-" "Mozilla/5.0 AppleWebKit/537.36 (KHTML, like Gecko; compatible; ClaudeBot/1.0; +claudebot@anthropic.com)"
216.73.216.130 - - [31/Mar/2026:15:39:06 +0000] "GET /nz-casino-codes/ HTTP/1.1" 200 149810 "https://schoolofgolf.co.nz/?p=11260" "Mozilla/5.0 AppleWebKit/537.36 (KHTML, like Gecko; compatible; ClaudeBot/1.0; +claudebot@anthropic.com)"
216.73.216.130 - - [31/Mar/2026:15:39:07 +0000] "GET /new-pokies-online-free-chips/ HTTP/1.1" 200 151000 "https://schoolofgolf.co.nz/?p=5194" "Mozilla/5.0 AppleWebKit/537.36 (KHTML, like Gecko; compatible; ClaudeBot/1.0; +claudebot@anthropic.com)"
216.73.216.130 - - [31/Mar/2026:15:39:08 +0000] "GET /?p=11347 HTTP/1.1" 301 - "-" "Mozilla/5.0 AppleWebKit/537.36 (KHTML, like Gecko; compatible; ClaudeBot/1.0; +claudebot@anthropic.com)"
216.73.216.130 - - [31/Mar/2026:15:39:08 +0000] "GET /gambling-definition-nz-law/ HTTP/1.1" 200 150334 "https://schoolofgolf.co.nz/?p=10977" "Mozilla/5.0 AppleWebKit/537.36 (KHTML, like Gecko; compatible; ClaudeBot/1.0; +claudebot@anthropic.com)"
216.73.216.130 - - [31/Mar/2026:15:39:08 +0000] "GET /?p=9556 HTTP/1.1" 301 - "-" "Mozilla/5.0 AppleWebKit/537.36 (KHTML, like Gecko; compatible; ClaudeBot/1.0; +claudebot@anthropic.com)"
216.73.216.130 - - [31/Mar/2026:15:39:09 +0000] "GET /?p=6043 HTTP/1.1" 301 - "-" "Mozilla/5.0 AppleWebKit/537.36 (KHTML, like Gecko; compatible; ClaudeBot/1.0; +claudebot@anthropic.com)"
216.73.216.130 - - [31/Mar/2026:15:39:09 +0000] "GET /aristocrat-pokie-machine-do-not-have-key-repairs/ HTTP/1.1" 200 150716 "https://schoolofgolf.co.nz/?p=11347" "Mozilla/5.0 AppleWebKit/537.36 (KHTML, like Gecko; compatible; ClaudeBot/1.0; +claudebot@anthropic.com)"
216.73.216.130 - - [31/Mar/2026:15:39:09 +0000] "GET /?p=11101 HTTP/1.1" 301 - "-" "Mozilla/5.0 AppleWebKit/537.36 (KHTML, like Gecko; compatible; ClaudeBot/1.0; +claudebot@anthropic.com)"
216.73.216.130 - - [31/Mar/2026:15:39:09 +0000] "GET /online-live-casino-nz/ HTTP/1.1" 200 150113 "https://schoolofgolf.co.nz/?p=9556" "Mozilla/5.0 AppleWebKit/537.36 (KHTML, like Gecko; compatible; ClaudeBot/1.0; +claudebot@anthropic.com)"
216.73.216.130 - - [31/Mar/2026:15:39:10 +0000] "GET /?p=12052 HTTP/1.1" 301 - "-" "Mozilla/5.0 AppleWebKit/537.36 (KHTML, like Gecko; compatible; ClaudeBot/1.0; +claudebot@anthropic.com)"
216.73.216.130 - - [31/Mar/2026:15:39:10 +0000] "GET /pearl-dive-black-jack-nz/ HTTP/1.1" 200 150332 "https://schoolofgolf.co.nz/?p=6043" "Mozilla/5.0 AppleWebKit/537.36 (KHTML, like Gecko; compatible; ClaudeBot/1.0; +claudebot@anthropic.com)"
216.73.216.130 - - [31/Mar/2026:15:39:10 +0000] "GET /blackjack-harley-davidson-florence-au/ HTTP/1.1" 200 150716 "https://schoolofgolf.co.nz/?p=11101" "Mozilla/5.0 AppleWebKit/537.36 (KHTML, like Gecko; compatible; ClaudeBot/1.0; +claudebot@anthropic.com)"
216.73.216.130 - - [31/Mar/2026:15:39:10 +0000] "GET /?p=8661 HTTP/1.1" 301 - "-" "Mozilla/5.0 AppleWebKit/537.36 (KHTML, like Gecko; compatible; ClaudeBot/1.0; +claudebot@anthropic.com)"
216.73.216.130 - - [31/Mar/2026:15:39:11 +0000] "GET /live-roulette-online-australia/ HTTP/1.1" 200 150134 "https://schoolofgolf.co.nz/?p=12052" "Mozilla/5.0 AppleWebKit/537.36 (KHTML, like Gecko; compatible; ClaudeBot/1.0; +claudebot@anthropic.com)"
216.73.216.130 - - [31/Mar/2026:15:39:11 +0000] "GET /?p=10841 HTTP/1.1" 301 - "-" "Mozilla/5.0 AppleWebKit/537.36 (KHTML, like Gecko; compatible; ClaudeBot/1.0; +claudebot@anthropic.com)"
216.73.216.130 - - [31/Mar/2026:15:39:12 +0000] "GET /au-online-casinos/ HTTP/1.1" 200 150469 "https://schoolofgolf.co.nz/?p=8661" "Mozilla/5.0 AppleWebKit/537.36 (KHTML, like Gecko; compatible; ClaudeBot/1.0; +claudebot@anthropic.com)"
216.73.216.130 - - [31/Mar/2026:15:39:12 +0000] "GET /?p=10667 HTTP/1.1" 301 - "-" "Mozilla/5.0 AppleWebKit/537.36 (KHTML, like Gecko; compatible; ClaudeBot/1.0; +claudebot@anthropic.com)"
216.73.216.130 - - [31/Mar/2026:15:39:13 +0000] "GET /?p=11013 HTTP/1.1" 301 - "-" "Mozilla/5.0 AppleWebKit/537.36 (KHTML, like Gecko; compatible; ClaudeBot/1.0; +claudebot@anthropic.com)"
216.73.216.130 - - [31/Mar/2026:15:39:13 +0000] "GET /pokies-in-australia-deposit-casino/ HTTP/1.1" 200 150267 "https://schoolofgolf.co.nz/?p=10841" "Mozilla/5.0 AppleWebKit/537.36 (KHTML, like Gecko; compatible; ClaudeBot/1.0; +claudebot@anthropic.com)"
216.73.216.130 - - [31/Mar/2026:15:39:13 +0000] "GET /?p=11372 HTTP/1.1" 301 - "-" "Mozilla/5.0 AppleWebKit/537.36 (KHTML, like Gecko; compatible; ClaudeBot/1.0; +claudebot@anthropic.com)"
216.73.216.130 - - [31/Mar/2026:15:39:13 +0000] "GET /online-casino-nz-mobile/ HTTP/1.1" 200 150216 "https://schoolofgolf.co.nz/?p=10667" "Mozilla/5.0 AppleWebKit/537.36 (KHTML, like Gecko; compatible; ClaudeBot/1.0; +claudebot@anthropic.com)"
216.73.216.130 - - [31/Mar/2026:15:39:14 +0000] "GET /gambling-age-in-new-zealand/ HTTP/1.1" 200 150341 "https://schoolofgolf.co.nz/?p=11013" "Mozilla/5.0 AppleWebKit/537.36 (KHTML, like Gecko; compatible; ClaudeBot/1.0; +claudebot@anthropic.com)"
216.73.216.130 - - [31/Mar/2026:15:39:14 +0000] "GET /?p=7123 HTTP/1.1" 301 - "-" "Mozilla/5.0 AppleWebKit/537.36 (KHTML, like Gecko; compatible; ClaudeBot/1.0; +claudebot@anthropic.com)"
216.73.216.130 - - [31/Mar/2026:15:39:14 +0000] "GET /free-20-line-new-pokies-online/ HTTP/1.1" 200 150528 "https://schoolofgolf.co.nz/?p=11372" "Mozilla/5.0 AppleWebKit/537.36 (KHTML, like Gecko; compatible; ClaudeBot/1.0; +claudebot@anthropic.com)"
216.73.216.130 - - [31/Mar/2026:15:39:14 +0000] "GET /?p=10933 HTTP/1.1" 301 - "-" "Mozilla/5.0 AppleWebKit/537.36 (KHTML, like Gecko; compatible; ClaudeBot/1.0; +claudebot@anthropic.com)"
216.73.216.130 - - [31/Mar/2026:15:39:15 +0000] "GET /?p=9000 HTTP/1.1" 301 - "-" "Mozilla/5.0 AppleWebKit/537.36 (KHTML, like Gecko; compatible; ClaudeBot/1.0; +claudebot@anthropic.com)"
216.73.216.130 - - [31/Mar/2026:15:39:15 +0000] "GET /free-spins-no-deposit-online-casino-nz/ HTTP/1.1" 200 150589 "https://schoolofgolf.co.nz/?p=7123" "Mozilla/5.0 AppleWebKit/537.36 (KHTML, like Gecko; compatible; ClaudeBot/1.0; +claudebot@anthropic.com)"
216.73.216.130 - - [31/Mar/2026:15:39:15 +0000] "GET /?p=10600 HTTP/1.1" 301 - "-" "Mozilla/5.0 AppleWebKit/537.36 (KHTML, like Gecko; compatible; ClaudeBot/1.0; +claudebot@anthropic.com)"
216.73.216.130 - - [31/Mar/2026:15:39:16 +0000] "GET /plenty-pokies-deposit-casino/ HTTP/1.1" 200 150090 "https://schoolofgolf.co.nz/?p=10933" "Mozilla/5.0 AppleWebKit/537.36 (KHTML, like Gecko; compatible; ClaudeBot/1.0; +claudebot@anthropic.com)"
216.73.216.130 - - [31/Mar/2026:15:39:16 +0000] "GET /secure-pokies-machine-to-play-for-free/ HTTP/1.1" 200 150457 "https://schoolofgolf.co.nz/?p=9000" "Mozilla/5.0 AppleWebKit/537.36 (KHTML, like Gecko; compatible; ClaudeBot/1.0; +claudebot@anthropic.com)"
216.73.216.130 - - [31/Mar/2026:15:39:16 +0000] "GET /?p=9582 HTTP/1.1" 301 - "-" "Mozilla/5.0 AppleWebKit/537.36 (KHTML, like Gecko; compatible; ClaudeBot/1.0; +claudebot@anthropic.com)"
216.73.216.130 - - [31/Mar/2026:15:39:16 +0000] "GET /difference-between-australia-and-european-roulette/ HTTP/1.1" 200 149872 "https://schoolofgolf.co.nz/?p=10600" "Mozilla/5.0 AppleWebKit/537.36 (KHTML, like Gecko; compatible; ClaudeBot/1.0; +claudebot@anthropic.com)"
216.73.216.130 - - [31/Mar/2026:15:39:17 +0000] "GET /?p=10969 HTTP/1.1" 301 - "-" "Mozilla/5.0 AppleWebKit/537.36 (KHTML, like Gecko; compatible; ClaudeBot/1.0; +claudebot@anthropic.com)"
216.73.216.130 - - [31/Mar/2026:15:39:17 +0000] "GET /?p=13029 HTTP/1.1" 301 - "-" "Mozilla/5.0 AppleWebKit/537.36 (KHTML, like Gecko; compatible; ClaudeBot/1.0; +claudebot@anthropic.com)"
216.73.216.130 - - [31/Mar/2026:15:39:17 +0000] "GET /paysafe-casino-pokies-australia/ HTTP/1.1" 200 150422 "https://schoolofgolf.co.nz/?p=9582" "Mozilla/5.0 AppleWebKit/537.36 (KHTML, like Gecko; compatible; ClaudeBot/1.0; +claudebot@anthropic.com)"
216.73.216.130 - - [31/Mar/2026:15:39:18 +0000] "GET /?p=6453 HTTP/1.1" 301 - "-" "Mozilla/5.0 AppleWebKit/537.36 (KHTML, like Gecko; compatible; ClaudeBot/1.0; +claudebot@anthropic.com)"
216.73.216.130 - - [31/Mar/2026:15:39:18 +0000] "GET /pokies-new-zealand-statistics/ HTTP/1.1" 200 150946 "https://schoolofgolf.co.nz/?p=10969" "Mozilla/5.0 AppleWebKit/537.36 (KHTML, like Gecko; compatible; ClaudeBot/1.0; +claudebot@anthropic.com)"
216.73.216.130 - - [31/Mar/2026:15:39:18 +0000] "GET /top-online-casinos-new-zealand/ HTTP/1.1" 200 150913 "https://schoolofgolf.co.nz/?p=13029" "Mozilla/5.0 AppleWebKit/537.36 (KHTML, like Gecko; compatible; ClaudeBot/1.0; +claudebot@anthropic.com)"
216.73.216.130 - - [31/Mar/2026:15:39:19 +0000] "GET /?p=12562 HTTP/1.1" 301 - "-" "Mozilla/5.0 AppleWebKit/537.36 (KHTML, like Gecko; compatible; ClaudeBot/1.0; +claudebot@anthropic.com)"
216.73.216.130 - - [31/Mar/2026:15:39:19 +0000] "GET /profitable-pokies-payout/ HTTP/1.1" 200 150258 "https://schoolofgolf.co.nz/?p=6453" "Mozilla/5.0 AppleWebKit/537.36 (KHTML, like Gecko; compatible; ClaudeBot/1.0; +claudebot@anthropic.com)"
216.73.216.130 - - [31/Mar/2026:15:39:19 +0000] "GET /?p=12353 HTTP/1.1" 301 - "-" "Mozilla/5.0 AppleWebKit/537.36 (KHTML, like Gecko; compatible; ClaudeBot/1.0; +claudebot@anthropic.com)"
216.73.216.130 - - [31/Mar/2026:15:39:19 +0000] "GET /?p=10315 HTTP/1.1" 301 - "-" "Mozilla/5.0 AppleWebKit/537.36 (KHTML, like Gecko; compatible; ClaudeBot/1.0; +claudebot@anthropic.com)"
216.73.216.130 - - [31/Mar/2026:15:39:20 +0000] "GET /money-pokies-for-beginners/ HTTP/1.1" 200 150543 "https://schoolofgolf.co.nz/?p=12562" "Mozilla/5.0 AppleWebKit/537.36 (KHTML, like Gecko; compatible; ClaudeBot/1.0; +claudebot@anthropic.com)"
216.73.216.130 - - [31/Mar/2026:15:39:20 +0000] "GET /play-lightning-strike-pokies-free/ HTTP/1.1" 200 150223 "https://schoolofgolf.co.nz/?p=12353" "Mozilla/5.0 AppleWebKit/537.36 (KHTML, like Gecko; compatible; ClaudeBot/1.0; +claudebot@anthropic.com)"
216.73.216.130 - - [31/Mar/2026:15:39:20 +0000] "GET /?p=7278 HTTP/1.1" 301 - "-" "Mozilla/5.0 AppleWebKit/537.36 (KHTML, like Gecko; compatible; ClaudeBot/1.0; +claudebot@anthropic.com)"
216.73.216.130 - - [31/Mar/2026:15:39:20 +0000] "GET /avalon-online-pokies/ HTTP/1.1" 200 150371 "https://schoolofgolf.co.nz/?p=10315" "Mozilla/5.0 AppleWebKit/537.36 (KHTML, like Gecko; compatible; ClaudeBot/1.0; +claudebot@anthropic.com)"
216.73.216.130 - - [31/Mar/2026:15:39:21 +0000] "GET /best-casino-slot-machines-in-melbourne-au/ HTTP/1.1" 200 150203 "https://schoolofgolf.co.nz/?p=7278" "Mozilla/5.0 AppleWebKit/537.36 (KHTML, like Gecko; compatible; ClaudeBot/1.0; +claudebot@anthropic.com)"
216.73.216.130 - - [31/Mar/2026:15:39:21 +0000] "GET /?p=5661 HTTP/1.1" 301 - "-" "Mozilla/5.0 AppleWebKit/537.36 (KHTML, like Gecko; compatible; ClaudeBot/1.0; +claudebot@anthropic.com)"
216.73.216.130 - - [31/Mar/2026:15:39:21 +0000] "GET /?p=11359 HTTP/1.1" 301 - "-" "Mozilla/5.0 AppleWebKit/537.36 (KHTML, like Gecko; compatible; ClaudeBot/1.0; +claudebot@anthropic.com)"
216.73.216.130 - - [31/Mar/2026:15:39:22 +0000] "GET /?p=5412 HTTP/1.1" 301 - "-" "Mozilla/5.0 AppleWebKit/537.36 (KHTML, like Gecko; compatible; ClaudeBot/1.0; +claudebot@anthropic.com)"
216.73.216.130 - - [31/Mar/2026:15:39:23 +0000] "GET /online-casino-paypal-debit-nz/ HTTP/1.1" 200 150195 "https://schoolofgolf.co.nz/?p=11359" "Mozilla/5.0 AppleWebKit/537.36 (KHTML, like Gecko; compatible; ClaudeBot/1.0; +claudebot@anthropic.com)"
216.73.216.130 - - [31/Mar/2026:15:39:23 +0000] "GET /top-online-pokies-and-casinos-usa-real-money/ HTTP/1.1" 200 150389 "https://schoolofgolf.co.nz/?p=5661" "Mozilla/5.0 AppleWebKit/537.36 (KHTML, like Gecko; compatible; ClaudeBot/1.0; +claudebot@anthropic.com)"
216.73.216.130 - - [31/Mar/2026:15:39:23 +0000] "GET /?p=11281 HTTP/1.1" 301 - "-" "Mozilla/5.0 AppleWebKit/537.36 (KHTML, like Gecko; compatible; ClaudeBot/1.0; +claudebot@anthropic.com)"
216.73.216.130 - - [31/Mar/2026:15:39:23 +0000] "GET /au-pokies-bonus/ HTTP/1.1" 200 150345 "https://schoolofgolf.co.nz/?p=5412" "Mozilla/5.0 AppleWebKit/537.36 (KHTML, like Gecko; compatible; ClaudeBot/1.0; +claudebot@anthropic.com)"
216.73.216.130 - - [31/Mar/2026:15:39:24 +0000] "GET /?p=9805 HTTP/1.1" 301 - "-" "Mozilla/5.0 AppleWebKit/537.36 (KHTML, like Gecko; compatible; ClaudeBot/1.0; +claudebot@anthropic.com)"
216.73.216.130 - - [31/Mar/2026:15:39:25 +0000] "GET /try-pokies-for-real-money-game/ HTTP/1.1" 200 150503 "https://schoolofgolf.co.nz/?p=11281" "Mozilla/5.0 AppleWebKit/537.36 (KHTML, like Gecko; compatible; ClaudeBot/1.0; +claudebot@anthropic.com)"
216.73.216.130 - - [31/Mar/2026:15:39:25 +0000] "GET /?p=11149 HTTP/1.1" 301 - "-" "Mozilla/5.0 AppleWebKit/537.36 (KHTML, like Gecko; compatible; ClaudeBot/1.0; +claudebot@anthropic.com)"
216.73.216.130 - - [31/Mar/2026:15:39:25 +0000] "GET /?p=7125 HTTP/1.1" 301 - "-" "Mozilla/5.0 AppleWebKit/537.36 (KHTML, like Gecko; compatible; ClaudeBot/1.0; +claudebot@anthropic.com)"
216.73.216.130 - - [31/Mar/2026:15:39:25 +0000] "GET /free-pokies-online-australia/ HTTP/1.1" 200 149571 "https://schoolofgolf.co.nz/?p=9805" "Mozilla/5.0 AppleWebKit/537.36 (KHTML, like Gecko; compatible; ClaudeBot/1.0; +claudebot@anthropic.com)"
216.73.216.130 - - [31/Mar/2026:15:39:26 +0000] "GET /?p=10448 HTTP/1.1" 301 - "-" "Mozilla/5.0 AppleWebKit/537.36 (KHTML, like Gecko; compatible; ClaudeBot/1.0; +claudebot@anthropic.com)"
216.73.216.130 - - [31/Mar/2026:15:39:26 +0000] "GET /au-club-casino-mobile/ HTTP/1.1" 200 151213 "https://schoolofgolf.co.nz/?p=11149" "Mozilla/5.0 AppleWebKit/537.36 (KHTML, like Gecko; compatible; ClaudeBot/1.0; +claudebot@anthropic.com)"
216.73.216.130 - - [31/Mar/2026:15:39:26 +0000] "GET /win-real-money-at-pokies-in-australia/ HTTP/1.1" 200 150522 "https://schoolofgolf.co.nz/?p=7125" "Mozilla/5.0 AppleWebKit/537.36 (KHTML, like Gecko; compatible; ClaudeBot/1.0; +claudebot@anthropic.com)"
216.73.216.130 - - [31/Mar/2026:15:39:27 +0000] "GET /?p=11161 HTTP/1.1" 301 - "-" "Mozilla/5.0 AppleWebKit/537.36 (KHTML, like Gecko; compatible; ClaudeBot/1.0; +claudebot@anthropic.com)"
216.73.216.130 - - [31/Mar/2026:15:39:27 +0000] "GET /best-pokies-apps/ HTTP/1.1" 200 150665 "https://schoolofgolf.co.nz/?p=10448" "Mozilla/5.0 AppleWebKit/537.36 (KHTML, like Gecko; compatible; ClaudeBot/1.0; +claudebot@anthropic.com)"
216.73.216.130 - - [31/Mar/2026:15:39:27 +0000] "GET /?p=5466 HTTP/1.1" 301 - "-" "Mozilla/5.0 AppleWebKit/537.36 (KHTML, like Gecko; compatible; ClaudeBot/1.0; +claudebot@anthropic.com)"
216.73.216.130 - - [31/Mar/2026:15:39:27 +0000] "GET /?p=10309 HTTP/1.1" 301 - "-" "Mozilla/5.0 AppleWebKit/537.36 (KHTML, like Gecko; compatible; ClaudeBot/1.0; +claudebot@anthropic.com)"
216.73.216.130 - - [31/Mar/2026:15:39:28 +0000] "GET /best-new-online-slots-au/ HTTP/1.1" 200 150841 "https://schoolofgolf.co.nz/?p=11161" "Mozilla/5.0 AppleWebKit/537.36 (KHTML, like Gecko; compatible; ClaudeBot/1.0; +claudebot@anthropic.com)"
216.73.216.130 - - [31/Mar/2026:15:39:28 +0000] "GET /?p=11242 HTTP/1.1" 301 - "-" "Mozilla/5.0 AppleWebKit/537.36 (KHTML, like Gecko; compatible; ClaudeBot/1.0; +claudebot@anthropic.com)"
216.73.216.130 - - [31/Mar/2026:15:39:28 +0000] "GET /electronic-pokies-best-in-new-zealand/ HTTP/1.1" 200 150610 "https://schoolofgolf.co.nz/?p=5466" "Mozilla/5.0 AppleWebKit/537.36 (KHTML, like Gecko; compatible; ClaudeBot/1.0; +claudebot@anthropic.com)"
216.73.216.130 - - [31/Mar/2026:15:39:29 +0000] "GET /best-popular-pokies-to-play-in-australia/ HTTP/1.1" 200 150509 "https://schoolofgolf.co.nz/?p=10309" "Mozilla/5.0 AppleWebKit/537.36 (KHTML, like Gecko; compatible; ClaudeBot/1.0; +claudebot@anthropic.com)"
216.73.216.130 - - [31/Mar/2026:15:39:29 +0000] "GET /?p=5424 HTTP/1.1" 301 - "-" "Mozilla/5.0 AppleWebKit/537.36 (KHTML, like Gecko; compatible; ClaudeBot/1.0; +claudebot@anthropic.com)"
216.73.216.130 - - [31/Mar/2026:15:39:29 +0000] "GET /real-au-online-casinos/ HTTP/1.1" 200 149646 "https://schoolofgolf.co.nz/?p=11242" "Mozilla/5.0 AppleWebKit/537.36 (KHTML, like Gecko; compatible; ClaudeBot/1.0; +claudebot@anthropic.com)"
216.73.216.130 - - [31/Mar/2026:15:39:30 +0000] "GET /?p=9427 HTTP/1.1" 301 - "-" "Mozilla/5.0 AppleWebKit/537.36 (KHTML, like Gecko; compatible; ClaudeBot/1.0; +claudebot@anthropic.com)"
216.73.216.130 - - [31/Mar/2026:15:39:30 +0000] "GET /?p=10437 HTTP/1.1" 301 - "-" "Mozilla/5.0 AppleWebKit/537.36 (KHTML, like Gecko; compatible; ClaudeBot/1.0; +claudebot@anthropic.com)"
216.73.216.130 - - [31/Mar/2026:15:39:30 +0000] "GET /can-you-win-playing-casino-pokies/ HTTP/1.1" 200 150556 "https://schoolofgolf.co.nz/?p=5424" "Mozilla/5.0 AppleWebKit/537.36 (KHTML, like Gecko; compatible; ClaudeBot/1.0; +claudebot@anthropic.com)"
216.73.216.130 - - [31/Mar/2026:15:39:31 +0000] "GET /?p=12252 HTTP/1.1" 301 - "-" "Mozilla/5.0 AppleWebKit/537.36 (KHTML, like Gecko; compatible; ClaudeBot/1.0; +claudebot@anthropic.com)"
216.73.216.130 - - [31/Mar/2026:15:39:31 +0000] "GET /is-there-a-casino-in-sydney-australia/ HTTP/1.1" 200 150351 "https://schoolofgolf.co.nz/?p=9427" "Mozilla/5.0 AppleWebKit/537.36 (KHTML, like Gecko; compatible; ClaudeBot/1.0; +claudebot@anthropic.com)"
216.73.216.130 - - [31/Mar/2026:15:39:32 +0000] "GET /au-online-casino-for-real-money/ HTTP/1.1" 200 150289 "https://schoolofgolf.co.nz/?p=10437" "Mozilla/5.0 AppleWebKit/537.36 (KHTML, like Gecko; compatible; ClaudeBot/1.0; +claudebot@anthropic.com)"
216.73.216.130 - - [31/Mar/2026:15:39:32 +0000] "GET /?p=5107 HTTP/1.1" 301 - "-" "Mozilla/5.0 AppleWebKit/537.36 (KHTML, like Gecko; compatible; ClaudeBot/1.0; +claudebot@anthropic.com)"
216.73.216.130 - - [31/Mar/2026:15:39:33 +0000] "GET /free-online-pokies-bonus-rounds/ HTTP/1.1" 200 149668 "https://schoolofgolf.co.nz/?p=12252" "Mozilla/5.0 AppleWebKit/537.36 (KHTML, like Gecko; compatible; ClaudeBot/1.0; +claudebot@anthropic.com)"
216.73.216.130 - - [31/Mar/2026:15:39:34 +0000] "GET /?p=8456 HTTP/1.1" 301 - "-" "Mozilla/5.0 AppleWebKit/537.36 (KHTML, like Gecko; compatible; ClaudeBot/1.0; +claudebot@anthropic.com)"
216.73.216.130 - - [31/Mar/2026:15:39:34 +0000] "GET /?p=10899 HTTP/1.1" 301 - "-" "Mozilla/5.0 AppleWebKit/537.36 (KHTML, like Gecko; compatible; ClaudeBot/1.0; +claudebot@anthropic.com)"
216.73.216.130 - - [31/Mar/2026:15:39:34 +0000] "GET /electronic-pokies-allowed-in-australia/ HTTP/1.1" 200 150634 "https://schoolofgolf.co.nz/?p=5107" "Mozilla/5.0 AppleWebKit/537.36 (KHTML, like Gecko; compatible; ClaudeBot/1.0; +claudebot@anthropic.com)"
216.73.216.130 - - [31/Mar/2026:15:39:34 +0000] "GET /?p=12121 HTTP/1.1" 301 - "-" "Mozilla/5.0 AppleWebKit/537.36 (KHTML, like Gecko; compatible; ClaudeBot/1.0; +claudebot@anthropic.com)"
216.73.216.130 - - [31/Mar/2026:15:39:35 +0000] "GET /play-pokies-free-online-no-download/ HTTP/1.1" 200 150790 "https://schoolofgolf.co.nz/?p=8456" "Mozilla/5.0 AppleWebKit/537.36 (KHTML, like Gecko; compatible; ClaudeBot/1.0; +claudebot@anthropic.com)"
216.73.216.130 - - [31/Mar/2026:15:39:35 +0000] "GET /free-pokies-online-casino-games/ HTTP/1.1" 200 149967 "https://schoolofgolf.co.nz/?p=10899" "Mozilla/5.0 AppleWebKit/537.36 (KHTML, like Gecko; compatible; ClaudeBot/1.0; +claudebot@anthropic.com)"
216.73.216.130 - - [31/Mar/2026:15:39:35 +0000] "GET /?p=8860 HTTP/1.1" 301 - "-" "Mozilla/5.0 AppleWebKit/537.36 (KHTML, like Gecko; compatible; ClaudeBot/1.0; +claudebot@anthropic.com)"
216.73.216.130 - - [31/Mar/2026:15:39:35 +0000] "GET /western-nz-casinos/ HTTP/1.1" 200 150581 "https://schoolofgolf.co.nz/?p=12121" "Mozilla/5.0 AppleWebKit/537.36 (KHTML, like Gecko; compatible; ClaudeBot/1.0; +claudebot@anthropic.com)"
216.73.216.130 - - [31/Mar/2026:15:39:36 +0000] "GET /tax-free-pokies-without-deposit/ HTTP/1.1" 200 150529 "https://schoolofgolf.co.nz/?p=8860" "Mozilla/5.0 AppleWebKit/537.36 (KHTML, like Gecko; compatible; ClaudeBot/1.0; +claudebot@anthropic.com)"
45.79.238.235 - - [31/Mar/2026:15:40:04 +0000] "POST /wp-cron.php?doing_wp_cron=1774971604.3075919151306152343750 HTTP/1.1" 200 - "-" "WordPress/6.9.4; https://schoolofgolf.co.nz"
57.141.14.42 - - [31/Mar/2026:15:40:03 +0000] "GET /products/detail/102326181/ HTTP/1.1" 404 139215 "-" "meta-externalagent/1.1 (+https://developers.facebook.com/docs/sharing/webmasters/crawler)"
66.249.70.37 - - [31/Mar/2026:15:40:33 +0000] "GET /diamond-jo-casino-dubuque-nz/ HTTP/1.1" 200 149092 "-" "Mozilla/5.0 (Linux; Android 6.0.1; Nexus 5X Build/MMB29P) AppleWebKit/537.36 (KHTML, like Gecko) Chrome/146.0.7680.153 Mobile Safari/537.36 (compatible; Googlebot/2.1; +http://www.google.com/bot.html)"
45.79.238.235 - - [31/Mar/2026:15:41:05 +0000] "POST /wp-cron.php?doing_wp_cron=1774971665.7177009582519531250000 HTTP/1.1" 200 - "-" "WordPress/6.9.4; https://schoolofgolf.co.nz"
57.141.14.41 - - [31/Mar/2026:15:41:04 +0000] "GET /products/detail/80236141/ HTTP/1.1" 404 139215 "-" "meta-externalagent/1.1 (+https://developers.facebook.com/docs/sharing/webmasters/crawler)"
45.79.238.235 - - [31/Mar/2026:15:42:09 +0000] "POST /wp-cron.php?doing_wp_cron=1774971728.9331450462341308593750 HTTP/1.1" 200 - "-" "WordPress/6.9.4; https://schoolofgolf.co.nz"
57.141.14.79 - - [31/Mar/2026:15:42:07 +0000] "GET /products/detail/92174181/ HTTP/1.1" 404 139215 "-" "meta-externalagent/1.1 (+https://developers.facebook.com/docs/sharing/webmasters/crawler)"
45.79.238.235 - - [31/Mar/2026:15:43:11 +0000] "POST /wp-cron.php?doing_wp_cron=1774971790.5578949451446533203125 HTTP/1.1" 200 - "-" "WordPress/6.9.4; https://schoolofgolf.co.nz"
57.141.14.3 - - [31/Mar/2026:15:43:09 +0000] "GET /products/detail/41884111/ HTTP/1.1" 404 139215 "-" "meta-externalagent/1.1 (+https://developers.facebook.com/docs/sharing/webmasters/crawler)"
45.79.238.235 - - [31/Mar/2026:15:44:12 +0000] "POST /wp-cron.php?doing_wp_cron=1774971852.1569530963897705078125 HTTP/1.1" 200 - "-" "WordPress/6.9.4; https://schoolofgolf.co.nz"
57.141.14.110 - - [31/Mar/2026:15:44:11 +0000] "GET /products/detail/59274131/ HTTP/1.1" 404 139215 "-" "meta-externalagent/1.1 (+https://developers.facebook.com/docs/sharing/webmasters/crawler)"
45.79.238.235 - - [31/Mar/2026:15:45:14 +0000] "POST /wp-cron.php?doing_wp_cron=1774971914.6467781066894531250000 HTTP/1.1" 200 - "-" "WordPress/6.9.4; https://schoolofgolf.co.nz"
57.141.14.71 - - [31/Mar/2026:15:45:13 +0000] "GET /products/detail/43482161/ HTTP/1.1" 404 139215 "-" "meta-externalagent/1.1 (+https://developers.facebook.com/docs/sharing/webmasters/crawler)"
45.79.238.235 - - [31/Mar/2026:15:46:16 +0000] "POST /wp-cron.php?doing_wp_cron=1774971976.7517280578613281250000 HTTP/1.1" 200 - "-" "WordPress/6.9.4; https://schoolofgolf.co.nz"
57.141.14.44 - - [31/Mar/2026:15:46:15 +0000] "GET /products/detail/55608101/ HTTP/1.1" 404 139215 "-" "meta-externalagent/1.1 (+https://developers.facebook.com/docs/sharing/webmasters/crawler)"
52.167.144.198 - - [31/Mar/2026:15:46:25 +0000] "GET /how-much-can-you-win-no-registration-pokies/ HTTP/1.1" 200 150193 "-" "Mozilla/5.0 AppleWebKit/537.36 (KHTML, like Gecko; compatible; bingbot/2.0; +http://www.bing.com/bingbot.htm) Chrome/116.0.1938.76 Safari/537.36"
45.79.238.235 - - [31/Mar/2026:15:47:01 +0000] "POST /wp-cron.php?doing_wp_cron=1774972021.2013890743255615234375 HTTP/1.1" 200 - "-" "WordPress/6.9.4; https://schoolofgolf.co.nz"
66.249.70.38 - - [31/Mar/2026:15:47:00 +0000] "GET /top-australian-pokies-that-win/ HTTP/1.1" 200 148692 "-" "Mozilla/5.0 (Linux; Android 6.0.1; Nexus 5X Build/MMB29P) AppleWebKit/537.36 (KHTML, like Gecko) Chrome/146.0.7680.153 Mobile Safari/537.36 (compatible; Googlebot/2.1; +http://www.google.com/bot.html)"
66.249.70.38 - - [31/Mar/2026:15:47:16 +0000] "GET /?p=12057 HTTP/1.1" 301 - "-" "Mozilla/5.0 (Linux; Android 6.0.1; Nexus 5X Build/MMB29P) AppleWebKit/537.36 (KHTML, like Gecko) Chrome/146.0.7680.153 Mobile Safari/537.36 (compatible; Googlebot/2.1; +http://www.google.com/bot.html)"
66.249.70.38 - - [31/Mar/2026:15:47:17 +0000] "GET /casino-free-online-pokies-games/ HTTP/1.1" 200 148758 "-" "Mozilla/5.0 (Linux; Android 6.0.1; Nexus 5X Build/MMB29P) AppleWebKit/537.36 (KHTML, like Gecko) Chrome/146.0.7680.153 Mobile Safari/537.36 (compatible; Googlebot/2.1; +http://www.google.com/bot.html)"
57.141.14.99 - - [31/Mar/2026:15:47:17 +0000] "GET /products/detail/75818151/ HTTP/1.1" 404 139215 "-" "meta-externalagent/1.1 (+https://developers.facebook.com/docs/sharing/webmasters/crawler)"
45.79.238.235 - - [31/Mar/2026:15:48:21 +0000] "POST /wp-cron.php?doing_wp_cron=1774972100.9626979827880859375000 HTTP/1.1" 200 - "-" "WordPress/6.9.4; https://schoolofgolf.co.nz"
57.141.14.9 - - [31/Mar/2026:15:48:20 +0000] "GET /products/detail/48088141/ HTTP/1.1" 404 139215 "-" "meta-externalagent/1.1 (+https://developers.facebook.com/docs/sharing/webmasters/crawler)"
66.249.70.37 - - [31/Mar/2026:15:48:41 +0000] "GET /?p=10731 HTTP/1.1" 301 - "-" "Mozilla/5.0 (Linux; Android 6.0.1; Nexus 5X Build/MMB29P) AppleWebKit/537.36 (KHTML, like Gecko) Chrome/146.0.7680.153 Mobile Safari/537.36 (compatible; Googlebot/2.1; +http://www.google.com/bot.html)"
66.249.70.38 - - [31/Mar/2026:15:48:43 +0000] "GET /top-online-pokies-and-casinos-legit-usa/ HTTP/1.1" 200 149153 "-" "Mozilla/5.0 (Linux; Android 6.0.1; Nexus 5X Build/MMB29P) AppleWebKit/537.36 (KHTML, like Gecko) Chrome/146.0.7680.153 Mobile Safari/537.36 (compatible; Googlebot/2.1; +http://www.google.com/bot.html)"
45.79.238.235 - - [31/Mar/2026:15:49:23 +0000] "POST /wp-cron.php?doing_wp_cron=1774972163.1403739452362060546875 HTTP/1.1" 200 - "-" "WordPress/6.9.4; https://schoolofgolf.co.nz"
57.141.14.76 - - [31/Mar/2026:15:49:22 +0000] "GET /products/detail/42918101/ HTTP/1.1" 404 139215 "-" "meta-externalagent/1.1 (+https://developers.facebook.com/docs/sharing/webmasters/crawler)"
45.79.238.235 - - [31/Mar/2026:15:50:25 +0000] "POST /wp-cron.php?doing_wp_cron=1774972225.1336250305175781250000 HTTP/1.1" 200 - "-" "WordPress/6.9.4; https://schoolofgolf.co.nz"
57.141.14.40 - - [31/Mar/2026:15:50:24 +0000] "GET /products/detail/94900171/ HTTP/1.1" 404 139215 "-" "meta-externalagent/1.1 (+https://developers.facebook.com/docs/sharing/webmasters/crawler)"
141.98.11.44 - - [31/Mar/2026:15:51:12 +0000] "GET /wp-includes/sodium_compat/src/Core/SecretStream/State.php HTTP/1.1" 403 4170 "-" "Mozilla/5.0 (Windows NT 10.0; Win64; x64) AppleWebKit/537.36"
45.79.238.235 - - [31/Mar/2026:15:51:26 +0000] "POST /wp-cron.php?doing_wp_cron=1774972286.4990029335021972656250 HTTP/1.1" 200 - "-" "WordPress/6.9.4; https://schoolofgolf.co.nz"
57.141.14.69 - - [31/Mar/2026:15:51:25 +0000] "GET /products/detail/90858161/ HTTP/1.1" 404 139215 "-" "meta-externalagent/1.1 (+https://developers.facebook.com/docs/sharing/webmasters/crawler)"
45.79.238.235 - - [31/Mar/2026:15:52:30 +0000] "POST /wp-cron.php?doing_wp_cron=1774972350.3152730464935302734375 HTTP/1.1" 200 - "-" "WordPress/6.9.4; https://schoolofgolf.co.nz"
57.141.14.66 - - [31/Mar/2026:15:52:29 +0000] "GET /products/detail/74596171/ HTTP/1.1" 404 139215 "-" "meta-externalagent/1.1 (+https://developers.facebook.com/docs/sharing/webmasters/crawler)"
66.249.70.38 - - [31/Mar/2026:15:52:40 +0000] "GET /products/detail/76577202/ HTTP/1.1" 404 139226 "-" "Mozilla/5.0 (Linux; Android 6.0.1; Nexus 5X Build/MMB29P) AppleWebKit/537.36 (KHTML, like Gecko) Chrome/146.0.7680.153 Mobile Safari/537.36 (compatible; GoogleOther)"
45.79.238.235 - - [31/Mar/2026:15:53:32 +0000] "POST /wp-cron.php?doing_wp_cron=1774972411.5406239032745361328125 HTTP/1.1" 200 - "-" "WordPress/6.9.4; https://schoolofgolf.co.nz"
57.141.14.77 - - [31/Mar/2026:15:53:30 +0000] "GET /products/detail/48558161/ HTTP/1.1" 404 139215 "-" "meta-externalagent/1.1 (+https://developers.facebook.com/docs/sharing/webmasters/crawler)"
45.79.238.235 - - [31/Mar/2026:15:54:33 +0000] "POST /wp-cron.php?doing_wp_cron=1774972473.6221299171447753906250 HTTP/1.1" 200 - "-" "WordPress/6.9.4; https://schoolofgolf.co.nz"
57.141.14.21 - - [31/Mar/2026:15:54:32 +0000] "GET /products/detail/71870181/ HTTP/1.1" 404 139215 "-" "meta-externalagent/1.1 (+https://developers.facebook.com/docs/sharing/webmasters/crawler)"
45.79.238.235 - - [31/Mar/2026:15:55:36 +0000] "POST /wp-cron.php?doing_wp_cron=1774972536.0220201015472412109375 HTTP/1.1" 200 - "-" "WordPress/6.9.4; https://schoolofgolf.co.nz"
57.141.14.51 - - [31/Mar/2026:15:55:35 +0000] "GET /products/detail/117554181/ HTTP/1.1" 404 139215 "-" "meta-externalagent/1.1 (+https://developers.facebook.com/docs/sharing/webmasters/crawler)"
45.79.238.235 - - [31/Mar/2026:15:56:37 +0000] "POST /wp-cron.php?doing_wp_cron=1774972597.7056090831756591796875 HTTP/1.1" 200 - "-" "WordPress/6.9.4; https://schoolofgolf.co.nz"
57.141.14.61 - - [31/Mar/2026:15:56:36 +0000] "GET /products/detail/47430131/ HTTP/1.1" 404 139215 "-" "meta-externalagent/1.1 (+https://developers.facebook.com/docs/sharing/webmasters/crawler)"
45.79.238.235 - - [31/Mar/2026:15:57:11 +0000] "POST /wp-cron.php?doing_wp_cron=1774972631.0348079204559326171875 HTTP/1.1" 200 - "-" "WordPress/6.9.4; https://schoolofgolf.co.nz"
66.249.70.37 - - [31/Mar/2026:15:57:10 +0000] "GET /?p=12980 HTTP/1.1" 301 - "-" "Mozilla/5.0 (Linux; Android 6.0.1; Nexus 5X Build/MMB29P) AppleWebKit/537.36 (KHTML, like Gecko) Chrome/146.0.7680.153 Mobile Safari/537.36 (compatible; Googlebot/2.1; +http://www.google.com/bot.html)"
66.249.70.38 - - [31/Mar/2026:15:57:12 +0000] "GET /apple-pay-online-casino-australia/ HTTP/1.1" 200 149299 "-" "Mozilla/5.0 (Linux; Android 6.0.1; Nexus 5X Build/MMB29P) AppleWebKit/537.36 (KHTML, like Gecko) Chrome/146.0.7680.153 Mobile Safari/537.36 (compatible; Googlebot/2.1; +http://www.google.com/bot.html)"
66.249.70.38 - - [31/Mar/2026:15:57:32 +0000] "GET /?p=10835 HTTP/1.1" 301 - "-" "Mozilla/5.0 (Linux; Android 6.0.1; Nexus 5X Build/MMB29P) AppleWebKit/537.36 (KHTML, like Gecko) Chrome/146.0.7680.153 Mobile Safari/537.36 (compatible; Googlebot/2.1; +http://www.google.com/bot.html)"
66.249.70.37 - - [31/Mar/2026:15:57:33 +0000] "GET /casino-online-australia-free/ HTTP/1.1" 200 149140 "-" "Mozilla/5.0 (Linux; Android 6.0.1; Nexus 5X Build/MMB29P) AppleWebKit/537.36 (KHTML, like Gecko) Chrome/146.0.7680.153 Mobile Safari/537.36 (compatible; Googlebot/2.1; +http://www.google.com/bot.html)"
57.141.14.83 - - [31/Mar/2026:15:57:38 +0000] "GET /products/detail/82774141/ HTTP/1.1" 404 139215 "-" "meta-externalagent/1.1 (+https://developers.facebook.com/docs/sharing/webmasters/crawler)"
45.79.238.235 - - [31/Mar/2026:15:58:41 +0000] "POST /wp-cron.php?doing_wp_cron=1774972721.7772519588470458984375 HTTP/1.1" 200 - "-" "WordPress/6.9.4; https://schoolofgolf.co.nz"
57.141.14.55 - - [31/Mar/2026:15:58:40 +0000] "GET /products/detail/63034111/ HTTP/1.1" 404 139215 "-" "meta-externalagent/1.1 (+https://developers.facebook.com/docs/sharing/webmasters/crawler)"
45.79.238.235 - - [31/Mar/2026:15:58:55 +0000] "POST /wp-cron.php?doing_wp_cron=1774972735.9680171012878417968750 HTTP/1.1" 200 - "-" "WordPress/6.9.4; https://schoolofgolf.co.nz"
66.249.70.39 - - [31/Mar/2026:15:58:54 +0000] "GET /?p=7638 HTTP/1.1" 301 - "-" "Mozilla/5.0 (Linux; Android 6.0.1; Nexus 5X Build/MMB29P) AppleWebKit/537.36 (KHTML, like Gecko) Chrome/146.0.7680.153 Mobile Safari/537.36 (compatible; Googlebot/2.1; +http://www.google.com/bot.html)"
66.249.70.39 - - [31/Mar/2026:15:58:56 +0000] "GET /spartacus-slot-au/ HTTP/1.1" 200 149038 "-" "Mozilla/5.0 (Linux; Android 6.0.1; Nexus 5X Build/MMB29P) AppleWebKit/537.36 (KHTML, like Gecko) Chrome/146.0.7680.153 Mobile Safari/537.36 (compatible; Googlebot/2.1; +http://www.google.com/bot.html)"
66.249.70.37 - - [31/Mar/2026:15:59:22 +0000] "GET /?p=11128 HTTP/1.1" 301 - "-" "Mozilla/5.0 (Linux; Android 6.0.1; Nexus 5X Build/MMB29P) AppleWebKit/537.36 (KHTML, like Gecko) Chrome/146.0.7680.153 Mobile Safari/537.36 (compatible; Googlebot/2.1; +http://www.google.com/bot.html)"
66.249.70.39 - - [31/Mar/2026:15:59:23 +0000] "GET /real-money-slots-au-casino-list/ HTTP/1.1" 200 148803 "-" "Mozilla/5.0 (Linux; Android 6.0.1; Nexus 5X Build/MMB29P) AppleWebKit/537.36 (KHTML, like Gecko) Chrome/146.0.7680.153 Mobile Safari/537.36 (compatible; Googlebot/2.1; +http://www.google.com/bot.html)"
40.77.167.158 - - [31/Mar/2026:15:59:41 +0000] "GET /?p=5965 HTTP/1.1" 301 - "-" "Mozilla/5.0 AppleWebKit/537.36 (KHTML, like Gecko; compatible; bingbot/2.0; +http://www.bing.com/bingbot.htm) Chrome/116.0.1938.76 Safari/537.36"
57.141.14.88 - - [31/Mar/2026:15:59:43 +0000] "GET /products/detail/43106181/ HTTP/1.1" 404 139215 "-" "meta-externalagent/1.1 (+https://developers.facebook.com/docs/sharing/webmasters/crawler)"
45.79.238.235 - - [31/Mar/2026:16:00:10 +0000] "POST /wp-cron.php?doing_wp_cron=1774972810.2713611125946044921875 HTTP/1.1" 200 - "-" "WordPress/6.9.4; https://schoolofgolf.co.nz"
66.249.70.37 - - [31/Mar/2026:16:00:08 +0000] "GET /best-online-mobile-casino-au-roulette/ HTTP/1.1" 200 149533 "-" "Mozilla/5.0 (Linux; Android 6.0.1; Nexus 5X Build/MMB29P) AppleWebKit/537.36 (KHTML, like Gecko) Chrome/146.0.7680.153 Mobile Safari/537.36 (compatible; Googlebot/2.1; +http://www.google.com/bot.html)"
66.249.70.37 - - [31/Mar/2026:16:00:41 +0000] "GET /?p=6895 HTTP/1.1" 301 - "-" "Mozilla/5.0 (Linux; Android 6.0.1; Nexus 5X Build/MMB29P) AppleWebKit/537.36 (KHTML, like Gecko) Chrome/146.0.7680.153 Mobile Safari/537.36 (compatible; Googlebot/2.1; +http://www.google.com/bot.html)"
66.249.70.37 - - [31/Mar/2026:16:00:44 +0000] "GET /casino-in-winnipeg-australia/ HTTP/1.1" 200 149569 "-" "Mozilla/5.0 (Linux; Android 6.0.1; Nexus 5X Build/MMB29P) AppleWebKit/537.36 (KHTML, like Gecko) Chrome/146.0.7680.153 Mobile Safari/537.36 (compatible; Googlebot/2.1; +http://www.google.com/bot.html)"
57.141.14.14 - - [31/Mar/2026:16:00:44 +0000] "GET /products/detail/81458121/ HTTP/1.1" 404 139215 "-" "meta-externalagent/1.1 (+https://developers.facebook.com/docs/sharing/webmasters/crawler)"
45.79.238.235 - - [31/Mar/2026:16:01:24 +0000] "POST /wp-cron.php?doing_wp_cron=1774972883.9658460617065429687500 HTTP/1.1" 200 - "-" "WordPress/6.9.4; https://schoolofgolf.co.nz"
66.249.70.39 - - [31/Mar/2026:16:01:23 +0000] "GET /?p=9337 HTTP/1.1" 301 - "-" "Mozilla/5.0 (Linux; Android 6.0.1; Nexus 5X Build/MMB29P) AppleWebKit/537.36 (KHTML, like Gecko) Chrome/146.0.7680.153 Mobile Safari/537.36 (compatible; Googlebot/2.1; +http://www.google.com/bot.html)"
66.249.70.39 - - [31/Mar/2026:16:01:24 +0000] "GET /pokies-payour-slip-crown-casino/ HTTP/1.1" 200 149143 "-" "Mozilla/5.0 (Linux; Android 6.0.1; Nexus 5X Build/MMB29P) AppleWebKit/537.36 (KHTML, like Gecko) Chrome/146.0.7680.153 Mobile Safari/537.36 (compatible; Googlebot/2.1; +http://www.google.com/bot.html)"
57.141.14.11 - - [31/Mar/2026:16:01:47 +0000] "GET /products/detail/114734151/ HTTP/1.1" 404 139215 "-" "meta-externalagent/1.1 (+https://developers.facebook.com/docs/sharing/webmasters/crawler)"
45.79.238.235 - - [31/Mar/2026:16:02:24 +0000] "POST /wp-cron.php?doing_wp_cron=1774972944.3056468963623046875000 HTTP/1.1" 200 - "-" "WordPress/6.9.4; https://schoolofgolf.co.nz"
66.249.70.37 - - [31/Mar/2026:16:02:23 +0000] "GET /?p=11790 HTTP/1.1" 301 - "-" "Mozilla/5.0 (Linux; Android 6.0.1; Nexus 5X Build/MMB29P) AppleWebKit/537.36 (KHTML, like Gecko) Chrome/146.0.7680.153 Mobile Safari/537.36 (compatible; Googlebot/2.1; +http://www.google.com/bot.html)"
66.249.70.38 - - [31/Mar/2026:16:02:25 +0000] "GET /electronic-pokies-free-no-download/ HTTP/1.1" 200 149195 "-" "Mozilla/5.0 (Linux; Android 6.0.1; Nexus 5X Build/MMB29P) AppleWebKit/537.36 (KHTML, like Gecko) Chrome/146.0.7680.153 Mobile Safari/537.36 (compatible; Googlebot/2.1; +http://www.google.com/bot.html)"
66.249.70.38 - - [31/Mar/2026:16:02:47 +0000] "GET /free-play-pokies-in-new-zealand-no-downloads/ HTTP/1.1" 200 149951 "-" "Mozilla/5.0 (Linux; Android 6.0.1; Nexus 5X Build/MMB29P) AppleWebKit/537.36 (KHTML, like Gecko) Chrome/146.0.7680.153 Mobile Safari/537.36 (compatible; Googlebot/2.1; +http://www.google.com/bot.html)"
57.141.14.41 - - [31/Mar/2026:16:02:49 +0000] "GET /products/detail/46772121/ HTTP/1.1" 404 139215 "-" "meta-externalagent/1.1 (+https://developers.facebook.com/docs/sharing/webmasters/crawler)"
45.79.238.235 - - [31/Mar/2026:16:03:52 +0000] "POST /wp-cron.php?doing_wp_cron=1774973031.7602200508117675781250 HTTP/1.1" 200 - "-" "WordPress/6.9.4; https://schoolofgolf.co.nz"
57.141.14.101 - - [31/Mar/2026:16:03:50 +0000] "GET /products/detail/95652131/ HTTP/1.1" 404 139215 "-" "meta-externalagent/1.1 (+https://developers.facebook.com/docs/sharing/webmasters/crawler)"
45.79.238.235 - - [31/Mar/2026:16:04:33 +0000] "POST /wp-cron.php?doing_wp_cron=1774973073.6429889202117919921875 HTTP/1.1" 200 - "-" "WordPress/6.9.4; https://schoolofgolf.co.nz"
66.249.70.38 - - [31/Mar/2026:16:04:32 +0000] "GET /?p=11057 HTTP/1.1" 301 - "-" "Mozilla/5.0 (Linux; Android 6.0.1; Nexus 5X Build/MMB29P) AppleWebKit/537.36 (KHTML, like Gecko) Chrome/146.0.7680.153 Mobile Safari/537.36 (compatible; Googlebot/2.1; +http://www.google.com/bot.html)"
66.249.70.37 - - [31/Mar/2026:16:04:36 +0000] "GET /?p=10569 HTTP/1.1" 301 - "-" "Mozilla/5.0 (Linux; Android 6.0.1; Nexus 5X Build/MMB29P) AppleWebKit/537.36 (KHTML, like Gecko) Chrome/146.0.7680.153 Mobile Safari/537.36 (compatible; Googlebot/2.1; +http://www.google.com/bot.html)"
66.249.70.38 - - [31/Mar/2026:16:04:44 +0000] "GET /casino-pokies-app-for-android/ HTTP/1.1" 200 148351 "-" "Mozilla/5.0 (Linux; Android 6.0.1; Nexus 5X Build/MMB29P) AppleWebKit/537.36 (KHTML, like Gecko) Chrome/146.0.7680.153 Mobile Safari/537.36 (compatible; Googlebot/2.1; +http://www.google.com/bot.html)"
66.249.70.38 - - [31/Mar/2026:16:04:47 +0000] "GET /casino-online-nz-best/ HTTP/1.1" 200 149600 "-" "Mozilla/5.0 (Linux; Android 6.0.1; Nexus 5X Build/MMB29P) AppleWebKit/537.36 (KHTML, like Gecko) Chrome/146.0.7680.153 Mobile Safari/537.36 (compatible; Googlebot/2.1; +http://www.google.com/bot.html)"
66.249.70.37 - - [31/Mar/2026:16:04:50 +0000] "GET /odds-of-winning-new-pokies-online/ HTTP/1.1" 200 149128 "-" "Mozilla/5.0 (Linux; Android 6.0.1; Nexus 5X Build/MMB29P) AppleWebKit/537.36 (KHTML, like Gecko) Chrome/146.0.7680.153 Mobile Safari/537.36 (compatible; Googlebot/2.1; +http://www.google.com/bot.html)"
57.141.14.105 - - [31/Mar/2026:16:04:53 +0000] "GET /products/detail/68392141/ HTTP/1.1" 404 139215 "-" "meta-externalagent/1.1 (+https://developers.facebook.com/docs/sharing/webmasters/crawler)"
45.79.238.235 - - [31/Mar/2026:16:05:26 +0000] "POST /wp-cron.php?doing_wp_cron=1774973126.3634839057922363281250 HTTP/1.1" 200 - "-" "WordPress/6.9.4; https://schoolofgolf.co.nz"
