35.204.138.50 - - [31/Mar/2026:12:35:02 +0000] "GET /wp-content/plugins/woocommerce/assets/js/js-cookie/js.cookie.min.js?ver=2.1.4-wc.10.2.4 HTTP/1.1" 304 - "-" "Mozilla/5.0 (Windows NT 10.0; WOW64) AppleWebKit/537.36 (KHTML, like Gecko) Chrome/125.0.2535.13 Safari/537.36 Edg/125.0.2535.13"
35.204.138.50 - - [31/Mar/2026:12:35:02 +0000] "GET /wp-content/plugins/elementor/assets/js/webpack.runtime.min.js HTTP/1.1" 200 5700 "-" "Mozilla/5.0 (Macintosh; Intel Mac OS X 11_5; rv:113.0) Gecko/20100101 Firefox/113.0"
35.204.138.50 - - [31/Mar/2026:12:35:02 +0000] "GET /wp-content/plugins/woocommerce/assets/js/js-cookie/js.cookie.min.js HTTP/1.1" 200 1720 "-" "Mozilla/5.0 (Macintosh; Intel Mac OS X 13_1) AppleWebKit/537.36 (KHTML, like Gecko) Chrome/127.0.6533.72 Safari/537.36"
35.204.138.50 - - [31/Mar/2026:12:35:02 +0000] "GET /wp-includes/js/jquery/ui/core.min.js?ver=1.13.3 HTTP/1.1" 304 - "-" "Mozilla/5.0 (Windows NT 11.0; WOW64) AppleWebKit/537.36 (KHTML, like Gecko) Chrome/131.0.0.0 Safari/537.36 Edg/131.0.0.0"
35.204.138.50 - - [31/Mar/2026:12:35:02 +0000] "GET /wp-content/plugins/astra-pro-sites/inc/lib/onboarding/assets/dist/template-preview/main.js?ver=06758d4d807d9d22c6ea HTTP/1.1" 304 - "-" "Mozilla/5.0 (Windows NT 10.0; WOW64; rv:117.0.1) Gecko/20100101 Firefox/117.0.1"
35.204.138.50 - - [31/Mar/2026:12:35:02 +0000] "GET /wp-content/themes/astra/assets/js/minified/frontend.min.js?ver=4.11.5 HTTP/1.1" 304 - "-" "Mozilla/5.0 (Windows NT 10.0; WOW64; rv:113.0.1) Gecko/20100101 Firefox/113.0.1"
35.204.138.50 - - [31/Mar/2026:12:35:02 +0000] "GET /wp-content/plugins/woocommerce/assets/js/frontend/add-to-cart.min.js?ver=10.2.4 HTTP/1.1" 304 - "-" "Mozilla/5.0 (Windows NT 10.0; Win64; x64; rv:115.7.0) Gecko/20100101 Firefox/115.7.0"
35.204.138.50 - - [31/Mar/2026:12:35:03 +0000] "GET /wp-content/plugins/woocommerce/assets/js/frontend/cart-fragments.min.js?ver=10.2.4 HTTP/1.1" 304 - "-" "Mozilla/5.0 (Macintosh; Intel Mac OS X 14_6; rv:124.0.1) Gecko/20100101 Firefox/124.0.1"
35.204.138.50 - - [31/Mar/2026:12:35:03 +0000] "GET /wp-content/plugins/woocommerce/assets/js/frontend/order-attribution.min.js HTTP/1.1" 200 2346 "-" "Mozilla/5.0 (X11; Debian; Linux x86_64) AppleWebKit/537.36 (KHTML, like Gecko) Chrome/120.0.6099.199 Safari/537.36"
35.204.138.50 - - [31/Mar/2026:12:35:03 +0000] "GET /wp-content/plugins/astra-pro-sites/inc/lib/onboarding/assets/dist/template-preview/main.js HTTP/1.1" 200 6581 "-" "Mozilla/5.0 (Windows NT 11.0; WOW64) AppleWebKit/537.36 (KHTML, like Gecko) Chrome/119.0.2151.44 Safari/537.36 Edg/119.0.2151.44"
35.204.138.50 - - [31/Mar/2026:12:35:03 +0000] "GET /wp-content/themes/astra/assets/js/minified/mobile-cart.min.js HTTP/1.1" 200 5458 "-" "Mozilla/5.0 (Windows NT 10.0; Win64; x64) AppleWebKit/537.36 (KHTML, like Gecko) Chrome/117.0.2045.31 Safari/537.36 Edg/117.0.2045.31"
35.204.138.50 - - [31/Mar/2026:12:35:03 +0000] "GET /wp-content/plugins/woocommerce/assets/js/frontend/order-attribution.min.js?ver=10.2.4 HTTP/1.1" 304 - "-" "Mozilla/5.0 (X11; openSUSE; Linux x86_64) AppleWebKit/537.36 (KHTML, like Gecko) Chrome/120.0.6099.216 Safari/537.36"
35.204.138.50 - - [31/Mar/2026:12:35:03 +0000] "GET /wp-content/plugins/woocommerce/assets/js/jquery-blockui/jquery.blockUI.min.js?ver=2.7.0-wc.10.2.4 HTTP/1.1" 304 - "-" "Mozilla/5.0 (Windows NT 10.0; Win64; x64; rv:123.0) Gecko/20100101 Firefox/123.0"
35.204.138.50 - - [31/Mar/2026:12:35:03 +0000] "GET /wp-content/themes/astra/assets/js/minified/frontend.min.js HTTP/1.1" 200 25251 "-" "Mozilla/5.0 (Macintosh; Intel Mac OS X 13_2) AppleWebKit/605.1.15 (KHTML, like Gecko) Version/17.5 Safari/605.1.15"
35.204.138.50 - - [31/Mar/2026:12:35:03 +0000] "GET /wp-includes/js/jquery/jquery-migrate.min.js HTTP/1.1" 200 13577 "-" "Mozilla/5.0 (Windows NT 11.0; WOW64) AppleWebKit/537.36 (KHTML, like Gecko) Chrome/125.0.6422.112 Safari/537.36"
35.204.138.50 - - [31/Mar/2026:12:35:04 +0000] "GET /wp-includes/js/wp-emoji-release.min.js?ver=6.9.4 HTTP/1.1" 304 - "-" "Mozilla/5.0 (Macintosh; Intel Mac OS X 12_3) AppleWebKit/537.36 (KHTML, like Gecko) Chrome/125.0.6422.141 Safari/537.36"
35.204.138.50 - - [31/Mar/2026:12:35:04 +0000] "GET /wp-content/plugins/woocommerce/assets/js/sourcebuster/sourcebuster.min.js?ver=10.2.4 HTTP/1.1" 304 - "-" "Mozilla/5.0 (X11; Ubuntu; Linux x86_64; rv:115.8.0) Gecko/20100101 Firefox/115.8.0"
35.204.138.50 - - [31/Mar/2026:12:35:04 +0000] "GET /wp-content/plugins/woocommerce/assets/js/jquery-blockui/jquery.blockUI.min.js HTTP/1.1" 200 9636 "-" "Mozilla/5.0 (Windows NT 11.0; Win64; x64; rv:116.0.3) Gecko/20100101 Firefox/116.0.3"
66.249.70.37 - - [31/Mar/2026:12:35:11 +0000] "GET /casino-winning-tax-australia/ HTTP/1.1" 200 149077 "-" "Mozilla/5.0 (Linux; Android 6.0.1; Nexus 5X Build/MMB29P) AppleWebKit/537.36 (KHTML, like Gecko) Chrome/146.0.7680.153 Mobile Safari/537.36 (compatible; Googlebot/2.1; +http://www.google.com/bot.html)"
57.141.14.48 - - [31/Mar/2026:12:35:17 +0000] "GET /products/detail/68768121/ HTTP/1.1" 404 139215 "-" "meta-externalagent/1.1 (+https://developers.facebook.com/docs/sharing/webmasters/crawler)"
45.79.238.235 - - [31/Mar/2026:12:36:25 +0000] "POST /wp-cron.php?doing_wp_cron=1774960585.1978459358215332031250 HTTP/1.1" 200 - "-" "WordPress/6.9.4; https://schoolofgolf.co.nz"
57.141.14.51 - - [31/Mar/2026:12:36:24 +0000] "GET /products/detail/57770121/ HTTP/1.1" 404 139215 "-" "meta-externalagent/1.1 (+https://developers.facebook.com/docs/sharing/webmasters/crawler)"
66.249.70.39 - - [31/Mar/2026:12:36:27 +0000] "GET /?p=9646 HTTP/1.1" 301 - "-" "Mozilla/5.0 (Linux; Android 6.0.1; Nexus 5X Build/MMB29P) AppleWebKit/537.36 (KHTML, like Gecko) Chrome/146.0.7680.153 Mobile Safari/537.36 (compatible; Googlebot/2.1; +http://www.google.com/bot.html)"
66.249.70.38 - - [31/Mar/2026:12:36:29 +0000] "GET /top-pokies-online/ HTTP/1.1" 200 148970 "-" "Mozilla/5.0 (Linux; Android 6.0.1; Nexus 5X Build/MMB29P) AppleWebKit/537.36 (KHTML, like Gecko) Chrome/146.0.7680.153 Mobile Safari/537.36 (compatible; Googlebot/2.1; +http://www.google.com/bot.html)"
45.79.238.235 - - [31/Mar/2026:12:37:32 +0000] "POST /wp-cron.php?doing_wp_cron=1774960651.9609239101409912109375 HTTP/1.1" 200 - "-" "WordPress/6.9.4; https://schoolofgolf.co.nz"
57.141.14.110 - - [31/Mar/2026:12:37:31 +0000] "GET /products/detail/44610101/ HTTP/1.1" 404 139215 "-" "meta-externalagent/1.1 (+https://developers.facebook.com/docs/sharing/webmasters/crawler)"
45.79.238.235 - - [31/Mar/2026:12:38:16 +0000] "POST /wp-cron.php?doing_wp_cron=1774960696.0646789073944091796875 HTTP/1.1" 200 - "-" "WordPress/6.9.4; https://schoolofgolf.co.nz"
66.249.70.39 - - [31/Mar/2026:12:38:15 +0000] "GET /?p=10903 HTTP/1.1" 301 - "-" "Mozilla/5.0 (Linux; Android 6.0.1; Nexus 5X Build/MMB29P) AppleWebKit/537.36 (KHTML, like Gecko) Chrome/146.0.7680.153 Mobile Safari/537.36 (compatible; Googlebot/2.1; +http://www.google.com/bot.html)"
66.249.70.37 - - [31/Mar/2026:12:38:16 +0000] "GET /secure-pokies-deposit-casino-australia/ HTTP/1.1" 200 149165 "-" "Mozilla/5.0 (Linux; Android 6.0.1; Nexus 5X Build/MMB29P) AppleWebKit/537.36 (KHTML, like Gecko) Chrome/146.0.7680.153 Mobile Safari/537.36 (compatible; Googlebot/2.1; +http://www.google.com/bot.html)"
57.141.14.45 - - [31/Mar/2026:12:38:37 +0000] "GET /products/detail/64350131/ HTTP/1.1" 404 139215 "-" "meta-externalagent/1.1 (+https://developers.facebook.com/docs/sharing/webmasters/crawler)"
45.79.238.235 - - [31/Mar/2026:12:39:44 +0000] "POST /wp-cron.php?doing_wp_cron=1774960784.9281818866729736328125 HTTP/1.1" 200 - "-" "WordPress/6.9.4; https://schoolofgolf.co.nz"
57.141.14.15 - - [31/Mar/2026:12:39:43 +0000] "GET /products/detail/66794181/ HTTP/1.1" 404 139215 "-" "meta-externalagent/1.1 (+https://developers.facebook.com/docs/sharing/webmasters/crawler)"
45.79.238.235 - - [31/Mar/2026:12:40:51 +0000] "POST /wp-cron.php?doing_wp_cron=1774960851.5277380943298339843750 HTTP/1.1" 200 - "-" "WordPress/6.9.4; https://schoolofgolf.co.nz"
57.141.14.29 - - [31/Mar/2026:12:40:50 +0000] "GET /products/detail/116144121/ HTTP/1.1" 404 139215 "-" "meta-externalagent/1.1 (+https://developers.facebook.com/docs/sharing/webmasters/crawler)"
45.79.238.235 - - [31/Mar/2026:12:41:58 +0000] "POST /wp-cron.php?doing_wp_cron=1774960918.7211780548095703125000 HTTP/1.1" 200 - "-" "WordPress/6.9.4; https://schoolofgolf.co.nz"
57.141.14.63 - - [31/Mar/2026:12:41:57 +0000] "GET /products/detail/104300121/ HTTP/1.1" 404 139215 "-" "meta-externalagent/1.1 (+https://developers.facebook.com/docs/sharing/webmasters/crawler)"
45.79.238.235 - - [31/Mar/2026:12:43:05 +0000] "POST /wp-cron.php?doing_wp_cron=1774960984.7616910934448242187500 HTTP/1.1" 200 - "-" "WordPress/6.9.4; https://schoolofgolf.co.nz"
57.141.14.103 - - [31/Mar/2026:12:43:03 +0000] "GET /products/detail/51566181/ HTTP/1.1" 404 139215 "-" "meta-externalagent/1.1 (+https://developers.facebook.com/docs/sharing/webmasters/crawler)"
45.79.238.235 - - [31/Mar/2026:12:44:12 +0000] "POST /wp-cron.php?doing_wp_cron=1774961051.9869329929351806640625 HTTP/1.1" 200 - "-" "WordPress/6.9.4; https://schoolofgolf.co.nz"
57.141.14.51 - - [31/Mar/2026:12:44:10 +0000] "GET /products/detail/103642111/ HTTP/1.1" 404 139215 "-" "meta-externalagent/1.1 (+https://developers.facebook.com/docs/sharing/webmasters/crawler)"
66.249.70.39 - - [31/Mar/2026:12:45:11 +0000] "GET /products/detail/301574040/ HTTP/1.1" 404 139226 "-" "Mozilla/5.0 (Linux; Android 6.0.1; Nexus 5X Build/MMB29P) AppleWebKit/537.36 (KHTML, like Gecko) Chrome/146.0.7680.153 Mobile Safari/537.36 (compatible; GoogleOther)"
57.141.14.75 - - [31/Mar/2026:12:45:17 +0000] "GET /products/detail/45644181/ HTTP/1.1" 404 139215 "-" "meta-externalagent/1.1 (+https://developers.facebook.com/docs/sharing/webmasters/crawler)"
57.141.14.111 - - [31/Mar/2026:12:46:24 +0000] "GET /products/detail/93584151/ HTTP/1.1" 404 139215 "-" "meta-externalagent/1.1 (+https://developers.facebook.com/docs/sharing/webmasters/crawler)"
57.141.14.14 - - [31/Mar/2026:12:47:31 +0000] "GET /products/detail/47054151/ HTTP/1.1" 404 139215 "-" "meta-externalagent/1.1 (+https://developers.facebook.com/docs/sharing/webmasters/crawler)"
66.249.70.37 - - [31/Mar/2026:12:47:52 +0000] "GET /new-mobile-nz-casinos/ HTTP/1.1" 200 149220 "-" "Mozilla/5.0 (Linux; Android 6.0.1; Nexus 5X Build/MMB29P) AppleWebKit/537.36 (KHTML, like Gecko) Chrome/146.0.7680.153 Mobile Safari/537.36 (compatible; Googlebot/2.1; +http://www.google.com/bot.html)"
45.79.238.235 - - [31/Mar/2026:12:47:56 +0000] "POST /wp-cron.php?doing_wp_cron=1774961276.5214469432830810546875 HTTP/1.1" 200 - "-" "WordPress/6.9.4; https://schoolofgolf.co.nz"
66.249.70.38 - - [31/Mar/2026:12:47:55 +0000] "GET /free-las-vegas-free-pokies/ HTTP/1.1" 200 149227 "-" "Mozilla/5.0 (Linux; Android 6.0.1; Nexus 5X Build/MMB29P) AppleWebKit/537.36 (KHTML, like Gecko) Chrome/146.0.7680.153 Mobile Safari/537.36 (compatible; Googlebot/2.1; +http://www.google.com/bot.html)"
66.249.70.38 - - [31/Mar/2026:12:48:13 +0000] "GET /free-casino-pokies-no-download-no-registration-888/ HTTP/1.1" 200 149520 "-" "Mozilla/5.0 (Linux; Android 6.0.1; Nexus 5X Build/MMB29P) AppleWebKit/537.36 (KHTML, like Gecko) Chrome/146.0.7680.153 Mobile Safari/537.36 (compatible; Googlebot/2.1; +http://www.google.com/bot.html)"
66.249.70.38 - - [31/Mar/2026:12:48:14 +0000] "GET /sun-cruz-casino-port-richey-nz/ HTTP/1.1" 200 148839 "-" "Mozilla/5.0 (Linux; Android 6.0.1; Nexus 5X Build/MMB29P) AppleWebKit/537.36 (KHTML, like Gecko) Chrome/146.0.7680.153 Mobile Safari/537.36 (compatible; Googlebot/2.1; +http://www.google.com/bot.html)"
57.141.14.38 - - [31/Mar/2026:12:48:37 +0000] "GET /products/detail/85030111/ HTTP/1.1" 404 139215 "-" "meta-externalagent/1.1 (+https://developers.facebook.com/docs/sharing/webmasters/crawler)"
66.249.70.38 - - [31/Mar/2026:12:49:11 +0000] "GET /?p=9476 HTTP/1.1" 301 - "-" "Mozilla/5.0 (Linux; Android 6.0.1; Nexus 5X Build/MMB29P) AppleWebKit/537.36 (KHTML, like Gecko) Chrome/146.0.7680.153 Mobile Safari/537.36 (compatible; Googlebot/2.1; +http://www.google.com/bot.html)"
66.249.70.38 - - [31/Mar/2026:12:49:13 +0000] "GET /?p=6300 HTTP/1.1" 301 - "-" "Mozilla/5.0 (Linux; Android 6.0.1; Nexus 5X Build/MMB29P) AppleWebKit/537.36 (KHTML, like Gecko) Chrome/146.0.7680.153 Mobile Safari/537.36 (compatible; Googlebot/2.1; +http://www.google.com/bot.html)"
66.249.70.38 - - [31/Mar/2026:12:49:14 +0000] "GET /no-deposit-au-mobile-casino/ HTTP/1.1" 200 150016 "-" "Mozilla/5.0 (Linux; Android 6.0.1; Nexus 5X Build/MMB29P) AppleWebKit/537.36 (KHTML, like Gecko) Chrome/146.0.7680.153 Mobile Safari/537.36 (compatible; Googlebot/2.1; +http://www.google.com/bot.html)"
66.249.70.37 - - [31/Mar/2026:12:49:18 +0000] "GET /native-new-zealand-online-casino/ HTTP/1.1" 200 149764 "-" "Mozilla/5.0 (Linux; Android 6.0.1; Nexus 5X Build/MMB29P) AppleWebKit/537.36 (KHTML, like Gecko) Chrome/146.0.7680.153 Mobile Safari/537.36 (compatible; Googlebot/2.1; +http://www.google.com/bot.html)"
57.141.14.88 - - [31/Mar/2026:12:49:45 +0000] "GET /products/detail/66324161/ HTTP/1.1" 404 139215 "-" "meta-externalagent/1.1 (+https://developers.facebook.com/docs/sharing/webmasters/crawler)"
66.249.70.37 - - [31/Mar/2026:12:49:51 +0000] "GET /?p=5867 HTTP/1.1" 301 - "-" "Mozilla/5.0 (Linux; Android 6.0.1; Nexus 5X Build/MMB29P) AppleWebKit/537.36 (KHTML, like Gecko) Chrome/146.0.7680.153 Mobile Safari/537.36 (compatible; Googlebot/2.1; +http://www.google.com/bot.html)"
66.249.70.37 - - [31/Mar/2026:12:49:52 +0000] "GET /apple-pay-casino-au/ HTTP/1.1" 200 148857 "-" "Mozilla/5.0 (Linux; Android 6.0.1; Nexus 5X Build/MMB29P) AppleWebKit/537.36 (KHTML, like Gecko) Chrome/146.0.7680.153 Mobile Safari/537.36 (compatible; Googlebot/2.1; +http://www.google.com/bot.html)"
57.141.14.75 - - [31/Mar/2026:12:50:51 +0000] "GET /products/detail/71118131/ HTTP/1.1" 404 139215 "-" "meta-externalagent/1.1 (+https://developers.facebook.com/docs/sharing/webmasters/crawler)"
40.77.167.121 - - [31/Mar/2026:12:51:06 +0000] "GET /?p=8574 HTTP/1.1" 301 - "-" "Mozilla/5.0 AppleWebKit/537.36 (KHTML, like Gecko; compatible; bingbot/2.0; +http://www.bing.com/bingbot.htm) Chrome/116.0.1938.76 Safari/537.36"
40.77.167.121 - - [31/Mar/2026:12:51:10 +0000] "GET /new-zealand-roulette-game-free-play/ HTTP/1.1" 200 149915 "-" "Mozilla/5.0 AppleWebKit/537.36 (KHTML, like Gecko; compatible; bingbot/2.0; +http://www.bing.com/bingbot.htm) Chrome/116.0.1938.76 Safari/537.36"
40.77.167.121 - - [31/Mar/2026:12:51:16 +0000] "GET /blackjack-hills-saint-george-au/ HTTP/1.1" 200 150154 "-" "Mozilla/5.0 AppleWebKit/537.36 (KHTML, like Gecko; compatible; bingbot/2.0; +http://www.bing.com/bingbot.htm) Chrome/116.0.1938.76 Safari/537.36"
57.141.14.8 - - [31/Mar/2026:12:51:57 +0000] "GET /products/detail/71306121/ HTTP/1.1" 404 139215 "-" "meta-externalagent/1.1 (+https://developers.facebook.com/docs/sharing/webmasters/crawler)"
66.249.70.39 - - [31/Mar/2026:12:52:08 +0000] "GET /?p=5266 HTTP/1.1" 301 - "-" "Mozilla/5.0 (Linux; Android 6.0.1; Nexus 5X Build/MMB29P) AppleWebKit/537.36 (KHTML, like Gecko) Chrome/146.0.7680.153 Mobile Safari/537.36 (compatible; Googlebot/2.1; +http://www.google.com/bot.html)"
66.249.70.39 - - [31/Mar/2026:12:52:09 +0000] "GET /?p=7624 HTTP/1.1" 301 - "-" "Mozilla/5.0 (Linux; Android 6.0.1; Nexus 5X Build/MMB29P) AppleWebKit/537.36 (KHTML, like Gecko) Chrome/146.0.7680.153 Mobile Safari/537.36 (compatible; Googlebot/2.1; +http://www.google.com/bot.html)"
66.249.70.39 - - [31/Mar/2026:12:52:10 +0000] "GET /online-casino-bonus-codes-nz/ HTTP/1.1" 200 149236 "-" "Mozilla/5.0 (Linux; Android 6.0.1; Nexus 5X Build/MMB29P) AppleWebKit/537.36 (KHTML, like Gecko) Chrome/146.0.7680.153 Mobile Safari/537.36 (compatible; Googlebot/2.1; +http://www.google.com/bot.html)"
66.249.70.39 - - [31/Mar/2026:12:52:10 +0000] "GET /top-australian-pokies-no-deposit-welcome-bonus/ HTTP/1.1" 200 149482 "-" "Mozilla/5.0 (Linux; Android 6.0.1; Nexus 5X Build/MMB29P) AppleWebKit/537.36 (KHTML, like Gecko) Chrome/146.0.7680.153 Mobile Safari/537.36 (compatible; Googlebot/2.1; +http://www.google.com/bot.html)"
66.249.70.37 - - [31/Mar/2026:12:52:13 +0000] "GET /?p=11025 HTTP/1.1" 301 - "-" "Mozilla/5.0 (Linux; Android 6.0.1; Nexus 5X Build/MMB29P) AppleWebKit/537.36 (KHTML, like Gecko) Chrome/146.0.7680.153 Mobile Safari/537.36 (compatible; Googlebot/2.1; +http://www.google.com/bot.html)"
66.249.70.38 - - [31/Mar/2026:12:52:13 +0000] "GET /?p=9137 HTTP/1.1" 301 - "-" "Mozilla/5.0 (Linux; Android 6.0.1; Nexus 5X Build/MMB29P) AppleWebKit/537.36 (KHTML, like Gecko) Chrome/146.0.7680.153 Mobile Safari/537.36 (compatible; Googlebot/2.1; +http://www.google.com/bot.html)"
66.249.70.37 - - [31/Mar/2026:12:52:14 +0000] "GET /legal-gambling-online-new-zealand/ HTTP/1.1" 200 149619 "-" "Mozilla/5.0 (Linux; Android 6.0.1; Nexus 5X Build/MMB29P) AppleWebKit/537.36 (KHTML, like Gecko) Chrome/146.0.7680.153 Mobile Safari/537.36 (compatible; Googlebot/2.1; +http://www.google.com/bot.html)"
66.249.70.38 - - [31/Mar/2026:12:52:15 +0000] "GET /play-live-roulette-online-nz/ HTTP/1.1" 200 148915 "-" "Mozilla/5.0 (Linux; Android 6.0.1; Nexus 5X Build/MMB29P) AppleWebKit/537.36 (KHTML, like Gecko) Chrome/146.0.7680.153 Mobile Safari/537.36 (compatible; Googlebot/2.1; +http://www.google.com/bot.html)"
66.249.70.37 - - [31/Mar/2026:12:52:24 +0000] "GET /?p=10625 HTTP/1.1" 301 - "-" "Mozilla/5.0 (Linux; Android 6.0.1; Nexus 5X Build/MMB29P) AppleWebKit/537.36 (KHTML, like Gecko) Chrome/146.0.7680.153 Mobile Safari/537.36 (compatible; Googlebot/2.1; +http://www.google.com/bot.html)"
66.249.70.37 - - [31/Mar/2026:12:52:25 +0000] "GET /new-zealand-online-pokies-free-chip/ HTTP/1.1" 200 149411 "-" "Mozilla/5.0 (Linux; Android 6.0.1; Nexus 5X Build/MMB29P) AppleWebKit/537.36 (KHTML, like Gecko) Chrome/146.0.7680.153 Mobile Safari/537.36 (compatible; Googlebot/2.1; +http://www.google.com/bot.html)"
66.249.70.37 - - [31/Mar/2026:12:52:46 +0000] "GET /?p=8701 HTTP/1.1" 301 - "-" "Mozilla/5.0 (Linux; Android 6.0.1; Nexus 5X Build/MMB29P) AppleWebKit/537.36 (KHTML, like Gecko) Chrome/146.0.7680.153 Mobile Safari/537.36 (compatible; Googlebot/2.1; +http://www.google.com/bot.html)"
66.249.70.37 - - [31/Mar/2026:12:52:47 +0000] "GET /?p=12263 HTTP/1.1" 301 - "-" "Mozilla/5.0 (Linux; Android 6.0.1; Nexus 5X Build/MMB29P) AppleWebKit/537.36 (KHTML, like Gecko) Chrome/146.0.7680.153 Mobile Safari/537.36 (compatible; Googlebot/2.1; +http://www.google.com/bot.html)"
66.249.70.37 - - [31/Mar/2026:12:52:48 +0000] "GET /play-free-new-zealand-roulette/ HTTP/1.1" 200 148963 "-" "Mozilla/5.0 (Linux; Android 6.0.1; Nexus 5X Build/MMB29P) AppleWebKit/537.36 (KHTML, like Gecko) Chrome/146.0.7680.153 Mobile Safari/537.36 (compatible; Googlebot/2.1; +http://www.google.com/bot.html)"
66.249.70.37 - - [31/Mar/2026:12:52:48 +0000] "GET /play-winning-pokies-for-free-with-bonus-games/ HTTP/1.1" 200 149713 "-" "Mozilla/5.0 (Linux; Android 6.0.1; Nexus 5X Build/MMB29P) AppleWebKit/537.36 (KHTML, like Gecko) Chrome/146.0.7680.153 Mobile Safari/537.36 (compatible; Googlebot/2.1; +http://www.google.com/bot.html)"
66.249.70.37 - - [31/Mar/2026:12:52:50 +0000] "GET /?p=8456 HTTP/1.1" 301 - "-" "Mozilla/5.0 (Linux; Android 6.0.1; Nexus 5X Build/MMB29P) AppleWebKit/537.36 (KHTML, like Gecko) Chrome/146.0.7680.153 Mobile Safari/537.36 (compatible; Googlebot/2.1; +http://www.google.com/bot.html)"
66.249.70.37 - - [31/Mar/2026:12:52:50 +0000] "GET /?p=11939 HTTP/1.1" 301 - "-" "Mozilla/5.0 (Linux; Android 6.0.1; Nexus 5X Build/MMB29P) AppleWebKit/537.36 (KHTML, like Gecko) Chrome/146.0.7680.153 Mobile Safari/537.36 (compatible; Googlebot/2.1; +http://www.google.com/bot.html)"
66.249.70.37 - - [31/Mar/2026:12:52:51 +0000] "GET /?p=11088 HTTP/1.1" 301 - "-" "Mozilla/5.0 (Linux; Android 6.0.1; Nexus 5X Build/MMB29P) AppleWebKit/537.36 (KHTML, like Gecko) Chrome/146.0.7680.153 Mobile Safari/537.36 (compatible; Googlebot/2.1; +http://www.google.com/bot.html)"
66.249.70.37 - - [31/Mar/2026:12:52:51 +0000] "GET /play-pokies-free-online-no-download/ HTTP/1.1" 200 149661 "-" "Mozilla/5.0 (Linux; Android 6.0.1; Nexus 5X Build/MMB29P) AppleWebKit/537.36 (KHTML, like Gecko) Chrome/146.0.7680.153 Mobile Safari/537.36 (compatible; Googlebot/2.1; +http://www.google.com/bot.html)"
66.249.70.37 - - [31/Mar/2026:12:52:52 +0000] "GET /tax-free-pokies-you-can-win-money-on/ HTTP/1.1" 200 149007 "-" "Mozilla/5.0 (Linux; Android 6.0.1; Nexus 5X Build/MMB29P) AppleWebKit/537.36 (KHTML, like Gecko) Chrome/146.0.7680.153 Mobile Safari/537.36 (compatible; Googlebot/2.1; +http://www.google.com/bot.html)"
66.249.70.37 - - [31/Mar/2026:12:52:53 +0000] "GET /how-to-play-online-slots-in-new-zealand/ HTTP/1.1" 200 149769 "-" "Mozilla/5.0 (Linux; Android 6.0.1; Nexus 5X Build/MMB29P) AppleWebKit/537.36 (KHTML, like Gecko) Chrome/146.0.7680.153 Mobile Safari/537.36 (compatible; Googlebot/2.1; +http://www.google.com/bot.html)"
66.249.70.37 - - [31/Mar/2026:12:52:53 +0000] "GET /?p=5804 HTTP/1.1" 301 - "-" "Mozilla/5.0 (Linux; Android 6.0.1; Nexus 5X Build/MMB29P) AppleWebKit/537.36 (KHTML, like Gecko) Chrome/146.0.7680.153 Mobile Safari/537.36 (compatible; Googlebot/2.1; +http://www.google.com/bot.html)"
66.249.70.37 - - [31/Mar/2026:12:52:55 +0000] "GET /secure-pokies-with-bonus-for-free-without-registration/ HTTP/1.1" 200 149320 "-" "Mozilla/5.0 (Linux; Android 6.0.1; Nexus 5X Build/MMB29P) AppleWebKit/537.36 (KHTML, like Gecko) Chrome/146.0.7680.153 Mobile Safari/537.36 (compatible; Googlebot/2.1; +http://www.google.com/bot.html)"
66.249.70.37 - - [31/Mar/2026:12:52:55 +0000] "GET /?p=12977 HTTP/1.1" 301 - "-" "Mozilla/5.0 (Linux; Android 6.0.1; Nexus 5X Build/MMB29P) AppleWebKit/537.36 (KHTML, like Gecko) Chrome/146.0.7680.153 Mobile Safari/537.36 (compatible; Googlebot/2.1; +http://www.google.com/bot.html)"
66.249.70.37 - - [31/Mar/2026:12:52:56 +0000] "GET /best-popular-pokies-win-real-money/ HTTP/1.1" 200 148599 "-" "Mozilla/5.0 (Linux; Android 6.0.1; Nexus 5X Build/MMB29P) AppleWebKit/537.36 (KHTML, like Gecko) Chrome/146.0.7680.153 Mobile Safari/537.36 (compatible; Googlebot/2.1; +http://www.google.com/bot.html)"
57.141.14.79 - - [31/Mar/2026:12:53:04 +0000] "GET /products/detail/119058101/ HTTP/1.1" 404 139215 "-" "meta-externalagent/1.1 (+https://developers.facebook.com/docs/sharing/webmasters/crawler)"
74.7.227.29 - - [31/Mar/2026:12:53:54 +0000] "GET /wp-sitemap.xml HTTP/1.1" 200 558 "-" "Mozilla/5.0 AppleWebKit/537.36 (KHTML, like Gecko; compatible; GPTBot/1.3; +https://openai.com/gptbot)"
57.141.14.28 - - [31/Mar/2026:12:54:10 +0000] "GET /products/detail/44986171/ HTTP/1.1" 404 139215 "-" "meta-externalagent/1.1 (+https://developers.facebook.com/docs/sharing/webmasters/crawler)"
57.141.14.11 - - [31/Mar/2026:12:55:17 +0000] "GET /products/detail/87568111/ HTTP/1.1" 404 139215 "-" "meta-externalagent/1.1 (+https://developers.facebook.com/docs/sharing/webmasters/crawler)"
66.249.70.38 - - [31/Mar/2026:12:56:17 +0000] "GET /?p=11341 HTTP/1.1" 301 - "-" "Mozilla/5.0 (Linux; Android 6.0.1; Nexus 5X Build/MMB29P) AppleWebKit/537.36 (KHTML, like Gecko) Chrome/146.0.7680.153 Mobile Safari/537.36 (compatible; Googlebot/2.1; +http://www.google.com/bot.html)"
66.249.70.38 - - [31/Mar/2026:12:56:18 +0000] "GET /electronic-pokies-that-accept-australian-players/ HTTP/1.1" 200 148192 "-" "Mozilla/5.0 (Linux; Android 6.0.1; Nexus 5X Build/MMB29P) AppleWebKit/537.36 (KHTML, like Gecko) Chrome/146.0.7680.153 Mobile Safari/537.36 (compatible; Googlebot/2.1; +http://www.google.com/bot.html)"
57.141.14.39 - - [31/Mar/2026:12:56:24 +0000] "GET /products/detail/61530101/ HTTP/1.1" 404 139215 "-" "meta-externalagent/1.1 (+https://developers.facebook.com/docs/sharing/webmasters/crawler)"
66.249.70.39 - - [31/Mar/2026:12:57:06 +0000] "GET /?p=10465 HTTP/1.1" 301 - "-" "Mozilla/5.0 (Linux; Android 6.0.1; Nexus 5X Build/MMB29P) AppleWebKit/537.36 (KHTML, like Gecko) Chrome/146.0.7680.153 Mobile Safari/537.36 (compatible; Googlebot/2.1; +http://www.google.com/bot.html)"
66.249.70.39 - - [31/Mar/2026:12:57:07 +0000] "GET /how-can-i-get-a-pokie-machine-in-my-pub/ HTTP/1.1" 200 149148 "-" "Mozilla/5.0 (Linux; Android 6.0.1; Nexus 5X Build/MMB29P) AppleWebKit/537.36 (KHTML, like Gecko) Chrome/146.0.7680.153 Mobile Safari/537.36 (compatible; Googlebot/2.1; +http://www.google.com/bot.html)"
57.141.14.64 - - [31/Mar/2026:12:57:31 +0000] "GET /products/detail/62846121/ HTTP/1.1" 404 139215 "-" "meta-externalagent/1.1 (+https://developers.facebook.com/docs/sharing/webmasters/crawler)"
66.249.70.37 - - [31/Mar/2026:12:58:24 +0000] "GET /?p=10071 HTTP/1.1" 301 - "-" "Mozilla/5.0 (Linux; Android 6.0.1; Nexus 5X Build/MMB29P) AppleWebKit/537.36 (KHTML, like Gecko) Chrome/146.0.7680.153 Mobile Safari/537.36 (compatible; Googlebot/2.1; +http://www.google.com/bot.html)"
66.249.70.38 - - [31/Mar/2026:12:58:29 +0000] "GET /popular-pokies-bonus-registration/ HTTP/1.1" 200 149665 "-" "Mozilla/5.0 (Linux; Android 6.0.1; Nexus 5X Build/MMB29P) AppleWebKit/537.36 (KHTML, like Gecko) Chrome/146.0.7680.153 Mobile Safari/537.36 (compatible; Googlebot/2.1; +http://www.google.com/bot.html)"
57.141.14.8 - - [31/Mar/2026:12:58:37 +0000] "GET /products/detail/82586151/ HTTP/1.1" 404 139215 "-" "meta-externalagent/1.1 (+https://developers.facebook.com/docs/sharing/webmasters/crawler)"
66.249.70.39 - - [31/Mar/2026:12:58:47 +0000] "GET /?p=12813 HTTP/1.1" 301 - "-" "Mozilla/5.0 (Linux; Android 6.0.1; Nexus 5X Build/MMB29P) AppleWebKit/537.36 (KHTML, like Gecko) Chrome/146.0.7680.153 Mobile Safari/537.36 (compatible; Googlebot/2.1; +http://www.google.com/bot.html)"
66.249.70.38 - - [31/Mar/2026:12:58:48 +0000] "GET /no-registration-australian-pokies-for-fun-free/ HTTP/1.1" 200 148990 "-" "Mozilla/5.0 (Linux; Android 6.0.1; Nexus 5X Build/MMB29P) AppleWebKit/537.36 (KHTML, like Gecko) Chrome/146.0.7680.153 Mobile Safari/537.36 (compatible; Googlebot/2.1; +http://www.google.com/bot.html)"
66.249.70.38 - - [31/Mar/2026:12:58:51 +0000] "GET /?p=7593 HTTP/1.1" 301 - "-" "Mozilla/5.0 (Linux; Android 6.0.1; Nexus 5X Build/MMB29P) AppleWebKit/537.36 (KHTML, like Gecko) Chrome/146.0.7680.153 Mobile Safari/537.36 (compatible; Googlebot/2.1; +http://www.google.com/bot.html)"
66.249.70.37 - - [31/Mar/2026:12:58:52 +0000] "GET /online-free-play-winning-pokies/ HTTP/1.1" 200 149423 "-" "Mozilla/5.0 (Linux; Android 6.0.1; Nexus 5X Build/MMB29P) AppleWebKit/537.36 (KHTML, like Gecko) Chrome/146.0.7680.153 Mobile Safari/537.36 (compatible; Googlebot/2.1; +http://www.google.com/bot.html)"
66.249.70.39 - - [31/Mar/2026:12:59:19 +0000] "GET /how-old-do-u-have-to-be-to-enter-casino-in-australia/ HTTP/1.1" 200 148976 "-" "Mozilla/5.0 (Linux; Android 6.0.1; Nexus 5X Build/MMB29P) AppleWebKit/537.36 (KHTML, like Gecko) Chrome/146.0.7680.153 Mobile Safari/537.36 (compatible; Googlebot/2.1; +http://www.google.com/bot.html)"
57.141.14.98 - - [31/Mar/2026:12:59:44 +0000] "GET /products/detail/55326161/ HTTP/1.1" 404 139215 "-" "meta-externalagent/1.1 (+https://developers.facebook.com/docs/sharing/webmasters/crawler)"
57.141.14.21 - - [31/Mar/2026:13:00:55 +0000] "GET /products/detail/87662151/ HTTP/1.1" 404 139215 "-" "meta-externalagent/1.1 (+https://developers.facebook.com/docs/sharing/webmasters/crawler)"
66.249.70.37 - - [31/Mar/2026:13:01:39 +0000] "GET /products/detail/256984333/ HTTP/1.1" 404 139226 "-" "Mozilla/5.0 (Linux; Android 6.0.1; Nexus 5X Build/MMB29P) AppleWebKit/537.36 (KHTML, like Gecko) Chrome/146.0.7680.153 Mobile Safari/537.36 (compatible; GoogleOther)"
146.70.36.134 - - [31/Mar/2026:13:02:41 +0000] "GET /wp-admin/ HTTP/1.1" 302 - "-" "-"
146.70.36.134 - - [31/Mar/2026:13:02:42 +0000] "GET /wp-login.php?redirect_to=https%3A%2F%2Fschoolofgolf.co.nz%2Fwp-admin%2F&reauth=1 HTTP/1.1" 200 6102 "-" "-"
146.70.36.134 - - [31/Mar/2026:13:02:57 +0000] "GET /local-gambling-in-australia/ HTTP/1.1" 200 150586 "-" "-"
146.70.36.134 - - [31/Mar/2026:13:03:02 +0000] "GET /site-of-pokies/ HTTP/1.1" 200 150082 "-" "-"
57.141.14.16 - - [31/Mar/2026:13:03:04 +0000] "GET /products/detail/126202171/ HTTP/1.1" 404 139215 "-" "meta-externalagent/1.1 (+https://developers.facebook.com/docs/sharing/webmasters/crawler)"
57.141.14.84 - - [31/Mar/2026:13:04:11 +0000] "GET /products/detail/120092181/ HTTP/1.1" 404 139215 "-" "meta-externalagent/1.1 (+https://developers.facebook.com/docs/sharing/webmasters/crawler)"
66.249.70.39 - - [31/Mar/2026:13:04:30 +0000] "GET /?p=12432 HTTP/1.1" 301 - "-" "Mozilla/5.0 (Linux; Android 6.0.1; Nexus 5X Build/MMB29P) AppleWebKit/537.36 (KHTML, like Gecko) Chrome/146.0.7680.153 Mobile Safari/537.36 (compatible; Googlebot/2.1; +http://www.google.com/bot.html)"
66.249.70.38 - - [31/Mar/2026:13:04:32 +0000] "GET /where-to-play-top-australian-pokies-for-money/ HTTP/1.1" 200 149835 "-" "Mozilla/5.0 (Linux; Android 6.0.1; Nexus 5X Build/MMB29P) AppleWebKit/537.36 (KHTML, like Gecko) Chrome/146.0.7680.153 Mobile Safari/537.36 (compatible; Googlebot/2.1; +http://www.google.com/bot.html)"
141.98.11.44 - - [31/Mar/2026:13:04:37 +0000] "GET /wp-includes/sodium_compat/src/Core/SecretStream/State.php HTTP/1.1" 200 - "-" "Mozilla/5.0 (Windows NT 10.0; Win64; x64) AppleWebKit/537.36"
57.141.14.111 - - [31/Mar/2026:13:05:17 +0000] "GET /products/detail/56642181/ HTTP/1.1" 404 139215 "-" "meta-externalagent/1.1 (+https://developers.facebook.com/docs/sharing/webmasters/crawler)"
20.238.71.89 - - [31/Mar/2026:13:05:51 +0000] "GET /wp-admin/admin.php HTTP/1.1" 302 - "-" "-"
20.238.71.89 - - [31/Mar/2026:13:05:52 +0000] "GET /wp-login.php?redirect_to=https%3A%2F%2Fschoolofgolf.co.nz%2Fwp-admin%2Fadmin.php&reauth=1 HTTP/1.1" 200 6111 "-" "-"
57.141.14.63 - - [31/Mar/2026:13:06:23 +0000] "GET /products/detail/122630181/ HTTP/1.1" 404 139215 "-" "meta-externalagent/1.1 (+https://developers.facebook.com/docs/sharing/webmasters/crawler)"
45.79.238.235 - - [31/Mar/2026:13:06:42 +0000] "POST /wp-cron.php?doing_wp_cron=1774962402.7055490016937255859375 HTTP/1.1" 200 - "-" "WordPress/6.9.4; https://schoolofgolf.co.nz"
66.249.70.37 - - [31/Mar/2026:13:06:41 +0000] "GET /secure-pokies-machine-to-play-for-free/ HTTP/1.1" 200 149328 "-" "Mozilla/5.0 (Linux; Android 6.0.1; Nexus 5X Build/MMB29P) AppleWebKit/537.36 (KHTML, like Gecko) Chrome/146.0.7680.153 Mobile Safari/537.36 (compatible; Googlebot/2.1; +http://www.google.com/bot.html)"
207.46.13.153 - - [31/Mar/2026:13:07:08 +0000] "GET /best-no-deposit-bonus-online-pokies/ HTTP/1.1" 200 151071 "-" "Mozilla/5.0 AppleWebKit/537.36 (KHTML, like Gecko; compatible; bingbot/2.0; +http://www.bing.com/bingbot.htm) Chrome/116.0.1938.76 Safari/537.36"
66.249.70.37 - - [31/Mar/2026:13:07:25 +0000] "GET /free-spins-1-deposit-au/ HTTP/1.1" 200 149802 "-" "Mozilla/5.0 (Linux; Android 6.0.1; Nexus 5X Build/MMB29P) AppleWebKit/537.36 (KHTML, like Gecko) Chrome/146.0.7680.153 Mobile Safari/537.36 (compatible; Googlebot/2.1; +http://www.google.com/bot.html)"
57.141.14.99 - - [31/Mar/2026:13:07:30 +0000] "GET /products/detail/75912101/ HTTP/1.1" 404 139215 "-" "meta-externalagent/1.1 (+https://developers.facebook.com/docs/sharing/webmasters/crawler)"
57.141.14.104 - - [31/Mar/2026:13:08:37 +0000] "GET /products/detail/117836121/ HTTP/1.1" 404 139215 "-" "meta-externalagent/1.1 (+https://developers.facebook.com/docs/sharing/webmasters/crawler)"
57.141.14.59 - - [31/Mar/2026:13:09:43 +0000] "GET /products/detail/98566111/ HTTP/1.1" 404 139215 "-" "meta-externalagent/1.1 (+https://developers.facebook.com/docs/sharing/webmasters/crawler)"
66.249.70.37 - - [31/Mar/2026:13:10:03 +0000] "GET /products/detail/246278727/ HTTP/1.1" 404 139226 "-" "Mozilla/5.0 (Linux; Android 6.0.1; Nexus 5X Build/MMB29P) AppleWebKit/537.36 (KHTML, like Gecko) Chrome/146.0.7680.153 Mobile Safari/537.36 (compatible; GoogleOther)"
57.141.14.63 - - [31/Mar/2026:13:10:50 +0000] "GET /products/detail/79296101/ HTTP/1.1" 404 139215 "-" "meta-externalagent/1.1 (+https://developers.facebook.com/docs/sharing/webmasters/crawler)"
146.70.36.134 - - [31/Mar/2026:13:11:11 +0000] "GET /wp-admin/network/ HTTP/1.1" 302 - "-" "-"
146.70.36.134 - - [31/Mar/2026:13:11:13 +0000] "GET /wp-login.php?redirect_to=https%3A%2F%2Fschoolofgolf.co.nz%2Fwp-admin%2Fnetwork%2F&reauth=1 HTTP/1.1" 200 6110 "-" "-"
146.70.36.134 - - [31/Mar/2026:13:11:15 +0000] "GET /wp-admin/user/ HTTP/1.1" 302 - "-" "-"
146.70.36.134 - - [31/Mar/2026:13:11:16 +0000] "GET /wp-login.php?redirect_to=https%3A%2F%2Fschoolofgolf.co.nz%2Fwp-admin%2Fuser%2F&reauth=1 HTTP/1.1" 200 6107 "-" "-"
146.70.36.134 - - [31/Mar/2026:13:11:26 +0000] "GET /wp-admin/ HTTP/1.1" 302 - "-" "-"
146.70.36.134 - - [31/Mar/2026:13:11:27 +0000] "GET /wp-login.php?redirect_to=https%3A%2F%2Fschoolofgolf.co.nz%2Fwp-admin%2F&reauth=1 HTTP/1.1" 200 6102 "-" "-"
66.249.70.39 - - [31/Mar/2026:13:11:34 +0000] "GET /products/detail/263112212/ HTTP/1.1" 404 139226 "-" "Mozilla/5.0 (Linux; Android 6.0.1; Nexus 5X Build/MMB29P) AppleWebKit/537.36 (KHTML, like Gecko) Chrome/146.0.7680.153 Mobile Safari/537.36 (compatible; GoogleOther)"
45.79.238.235 - - [31/Mar/2026:13:11:58 +0000] "POST /wp-cron.php?doing_wp_cron=1774962718.4965660572052001953125 HTTP/1.1" 200 - "-" "WordPress/6.9.4; https://schoolofgolf.co.nz"
57.141.14.48 - - [31/Mar/2026:13:11:57 +0000] "GET /products/detail/90012161/ HTTP/1.1" 404 139215 "-" "meta-externalagent/1.1 (+https://developers.facebook.com/docs/sharing/webmasters/crawler)"
66.249.70.38 - - [31/Mar/2026:13:12:07 +0000] "GET /?p=10402 HTTP/1.1" 301 - "-" "Mozilla/5.0 (Linux; Android 6.0.1; Nexus 5X Build/MMB29P) AppleWebKit/537.36 (KHTML, like Gecko) Chrome/146.0.7680.153 Mobile Safari/537.36 (compatible; Googlebot/2.1; +http://www.google.com/bot.html)"
66.249.70.37 - - [31/Mar/2026:13:12:13 +0000] "GET /eagle-casino-nz/ HTTP/1.1" 200 148812 "-" "Mozilla/5.0 (Linux; Android 6.0.1; Nexus 5X Build/MMB29P) AppleWebKit/537.36 (KHTML, like Gecko) Chrome/146.0.7680.153 Mobile Safari/537.36 (compatible; Googlebot/2.1; +http://www.google.com/bot.html)"
66.249.70.37 - - [31/Mar/2026:13:12:21 +0000] "GET /?p=11123 HTTP/1.1" 301 - "-" "Mozilla/5.0 (Linux; Android 6.0.1; Nexus 5X Build/MMB29P) AppleWebKit/537.36 (KHTML, like Gecko) Chrome/146.0.7680.153 Mobile Safari/537.36 (compatible; Googlebot/2.1; +http://www.google.com/bot.html)"
66.249.70.37 - - [31/Mar/2026:13:12:23 +0000] "GET /play-au-pokies-with-paypal/ HTTP/1.1" 200 149222 "-" "Mozilla/5.0 (Linux; Android 6.0.1; Nexus 5X Build/MMB29P) AppleWebKit/537.36 (KHTML, like Gecko) Chrome/146.0.7680.153 Mobile Safari/537.36 (compatible; Googlebot/2.1; +http://www.google.com/bot.html)"
66.249.70.37 - - [31/Mar/2026:13:12:25 +0000] "GET /aristocrat-pokies-play-for-fun/ HTTP/1.1" 200 149200 "-" "Mozilla/5.0 (Linux; Android 6.0.1; Nexus 5X Build/MMB29P) AppleWebKit/537.36 (KHTML, like Gecko) Chrome/146.0.7680.153 Mobile Safari/537.36 (compatible; Googlebot/2.1; +http://www.google.com/bot.html)"
66.249.70.37 - - [31/Mar/2026:13:12:27 +0000] "GET /wp-content/themes/astra/assets/css/minified/main.min.css?ver=4.11.5 HTTP/1.1" 304 - "https://schoolofgolf.co.nz/eagle-casino-nz/" "Mozilla/5.0 (Linux; Android 6.0.1; Nexus 5X Build/MMB29P) AppleWebKit/537.36 (KHTML, like Gecko) Chrome/146.0.7680.153 Mobile Safari/537.36 (compatible; Googlebot/2.1; +http://www.google.com/bot.html)"
45.79.238.235 - - [31/Mar/2026:13:12:57 +0000] "POST /wp-cron.php?doing_wp_cron=1774962777.4132199287414550781250 HTTP/1.1" 200 - "-" "WordPress/6.9.4; https://schoolofgolf.co.nz"
66.249.70.37 - - [31/Mar/2026:13:12:56 +0000] "GET /?p=5319 HTTP/1.1" 301 - "-" "Mozilla/5.0 (Linux; Android 6.0.1; Nexus 5X Build/MMB29P) AppleWebKit/537.36 (KHTML, like Gecko) Chrome/146.0.7680.153 Mobile Safari/537.36 (compatible; Googlebot/2.1; +http://www.google.com/bot.html)"
66.249.70.37 - - [31/Mar/2026:13:12:59 +0000] "GET /casino-in-morgantown-nz/ HTTP/1.1" 200 149551 "-" "Mozilla/5.0 (Linux; Android 6.0.1; Nexus 5X Build/MMB29P) AppleWebKit/537.36 (KHTML, like Gecko) Chrome/146.0.7680.153 Mobile Safari/537.36 (compatible; Googlebot/2.1; +http://www.google.com/bot.html)"
57.141.14.41 - - [31/Mar/2026:13:13:04 +0000] "GET /products/detail/120186131/ HTTP/1.1" 404 139215 "-" "meta-externalagent/1.1 (+https://developers.facebook.com/docs/sharing/webmasters/crawler)"
45.79.238.235 - - [31/Mar/2026:13:14:12 +0000] "POST /wp-cron.php?doing_wp_cron=1774962852.0599360466003417968750 HTTP/1.1" 200 - "-" "WordPress/6.9.4; https://schoolofgolf.co.nz"
57.141.14.83 - - [31/Mar/2026:13:14:11 +0000] "GET /products/detail/122160161/ HTTP/1.1" 404 139215 "-" "meta-externalagent/1.1 (+https://developers.facebook.com/docs/sharing/webmasters/crawler)"
66.249.70.39 - - [31/Mar/2026:13:14:45 +0000] "GET /?p=9378 HTTP/1.1" 301 - "-" "Mozilla/5.0 (Linux; Android 6.0.1; Nexus 5X Build/MMB29P) AppleWebKit/537.36 (KHTML, like Gecko) Chrome/146.0.7680.153 Mobile Safari/537.36 (compatible; Googlebot/2.1; +http://www.google.com/bot.html)"
66.249.70.38 - - [31/Mar/2026:13:14:47 +0000] "GET /777-pokies-promo-code/ HTTP/1.1" 200 148797 "-" "Mozilla/5.0 (Linux; Android 6.0.1; Nexus 5X Build/MMB29P) AppleWebKit/537.36 (KHTML, like Gecko) Chrome/146.0.7680.153 Mobile Safari/537.36 (compatible; Googlebot/2.1; +http://www.google.com/bot.html)"
45.79.238.235 - - [31/Mar/2026:13:15:20 +0000] "POST /wp-cron.php?doing_wp_cron=1774962920.1448440551757812500000 HTTP/1.1" 200 - "-" "WordPress/6.9.4; https://schoolofgolf.co.nz"
57.141.14.110 - - [31/Mar/2026:13:15:18 +0000] "GET /products/detail/125732151/ HTTP/1.1" 404 139215 "-" "meta-externalagent/1.1 (+https://developers.facebook.com/docs/sharing/webmasters/crawler)"
45.79.238.235 - - [31/Mar/2026:13:16:25 +0000] "POST /wp-cron.php?doing_wp_cron=1774962984.9163630008697509765625 HTTP/1.1" 200 - "-" "WordPress/6.9.4; https://schoolofgolf.co.nz"
57.141.14.28 - - [31/Mar/2026:13:16:23 +0000] "GET /products/detail/83056171/ HTTP/1.1" 404 139215 "-" "meta-externalagent/1.1 (+https://developers.facebook.com/docs/sharing/webmasters/crawler)"
45.79.238.235 - - [31/Mar/2026:13:17:32 +0000] "POST /wp-cron.php?doing_wp_cron=1774963052.2476029396057128906250 HTTP/1.1" 200 - "-" "WordPress/6.9.4; https://schoolofgolf.co.nz"
57.141.14.77 - - [31/Mar/2026:13:17:31 +0000] "GET /products/detail/55138171/ HTTP/1.1" 404 139215 "-" "meta-externalagent/1.1 (+https://developers.facebook.com/docs/sharing/webmasters/crawler)"
45.79.238.235 - - [31/Mar/2026:13:18:38 +0000] "POST /wp-cron.php?doing_wp_cron=1774963118.7139348983764648437500 HTTP/1.1" 200 - "-" "WordPress/6.9.4; https://schoolofgolf.co.nz"
57.141.14.47 - - [31/Mar/2026:13:18:37 +0000] "GET /products/detail/42730111/ HTTP/1.1" 404 139215 "-" "meta-externalagent/1.1 (+https://developers.facebook.com/docs/sharing/webmasters/crawler)"
45.79.238.235 - - [31/Mar/2026:13:19:37 +0000] "POST /wp-cron.php?doing_wp_cron=1774963177.9320650100708007812500 HTTP/1.1" 200 - "-" "WordPress/6.9.4; https://schoolofgolf.co.nz"
52.167.144.169 - - [31/Mar/2026:13:19:36 +0000] "GET /pokies-with-welcome-bonus-free-download/ HTTP/1.1" 200 150847 "-" "Mozilla/5.0 AppleWebKit/537.36 (KHTML, like Gecko; compatible; bingbot/2.0; +http://www.bing.com/bingbot.htm) Chrome/116.0.1938.76 Safari/537.36"
57.141.14.15 - - [31/Mar/2026:13:19:43 +0000] "GET /products/detail/82868181/ HTTP/1.1" 404 139215 "-" "meta-externalagent/1.1 (+https://developers.facebook.com/docs/sharing/webmasters/crawler)"
45.79.238.235 - - [31/Mar/2026:13:19:58 +0000] "POST /wp-cron.php?doing_wp_cron=1774963198.7540240287780761718750 HTTP/1.1" 200 - "-" "WordPress/6.9.4; https://schoolofgolf.co.nz"
66.249.70.38 - - [31/Mar/2026:13:19:57 +0000] "GET /deposit-casino-games-free-popular-pokies/ HTTP/1.1" 200 149225 "-" "Mozilla/5.0 (Linux; Android 6.0.1; Nexus 5X Build/MMB29P) AppleWebKit/537.36 (KHTML, like Gecko) Chrome/146.0.7680.153 Mobile Safari/537.36 (compatible; Googlebot/2.1; +http://www.google.com/bot.html)"
57.141.14.88 - - [31/Mar/2026:13:20:51 +0000] "GET /products/detail/58710161/ HTTP/1.1" 404 139215 "-" "meta-externalagent/1.1 (+https://developers.facebook.com/docs/sharing/webmasters/crawler)"
45.79.238.235 - - [31/Mar/2026:13:21:59 +0000] "POST /wp-cron.php?doing_wp_cron=1774963318.6630771160125732421875 HTTP/1.1" 200 - "-" "WordPress/6.9.4; https://schoolofgolf.co.nz"
57.141.14.108 - - [31/Mar/2026:13:21:57 +0000] "GET /products/detail/63128151/ HTTP/1.1" 404 139215 "-" "meta-externalagent/1.1 (+https://developers.facebook.com/docs/sharing/webmasters/crawler)"
66.249.70.39 - - [31/Mar/2026:13:22:45 +0000] "GET /products/detail/179940737/ HTTP/1.1" 404 139226 "-" "Mozilla/5.0 (Linux; Android 6.0.1; Nexus 5X Build/MMB29P) AppleWebKit/537.36 (KHTML, like Gecko) Chrome/146.0.7680.153 Mobile Safari/537.36 (compatible; GoogleOther)"
45.79.238.235 - - [31/Mar/2026:13:23:05 +0000] "POST /wp-cron.php?doing_wp_cron=1774963385.5531980991363525390625 HTTP/1.1" 200 - "-" "WordPress/6.9.4; https://schoolofgolf.co.nz"
57.141.14.60 - - [31/Mar/2026:13:23:04 +0000] "GET /products/detail/113136101/ HTTP/1.1" 404 139215 "-" "meta-externalagent/1.1 (+https://developers.facebook.com/docs/sharing/webmasters/crawler)"
45.79.238.235 - - [31/Mar/2026:13:24:11 +0000] "POST /wp-cron.php?doing_wp_cron=1774963451.5875320434570312500000 HTTP/1.1" 200 - "-" "WordPress/6.9.4; https://schoolofgolf.co.nz"
57.141.14.18 - - [31/Mar/2026:13:24:10 +0000] "GET /products/detail/62564181/ HTTP/1.1" 404 139215 "-" "meta-externalagent/1.1 (+https://developers.facebook.com/docs/sharing/webmasters/crawler)"
45.79.238.235 - - [31/Mar/2026:13:25:18 +0000] "POST /wp-cron.php?doing_wp_cron=1774963518.6019361019134521484375 HTTP/1.1" 200 - "-" "WordPress/6.9.4; https://schoolofgolf.co.nz"
57.141.14.36 - - [31/Mar/2026:13:25:17 +0000] "GET /products/detail/70460121/ HTTP/1.1" 404 139215 "-" "meta-externalagent/1.1 (+https://developers.facebook.com/docs/sharing/webmasters/crawler)"
45.79.238.235 - - [31/Mar/2026:13:25:57 +0000] "POST /wp-cron.php?doing_wp_cron=1774963557.1871159076690673828125 HTTP/1.1" 200 - "-" "WordPress/6.9.4; https://schoolofgolf.co.nz"
66.249.70.39 - - [31/Mar/2026:13:25:56 +0000] "GET /?p=9849 HTTP/1.1" 301 - "-" "Mozilla/5.0 (Linux; Android 6.0.1; Nexus 5X Build/MMB29P) AppleWebKit/537.36 (KHTML, like Gecko) Chrome/146.0.7680.153 Mobile Safari/537.36 (compatible; Googlebot/2.1; +http://www.google.com/bot.html)"
66.249.70.37 - - [31/Mar/2026:13:26:01 +0000] "GET /top-online-pokies-and-casinos-around-the-world/ HTTP/1.1" 200 149859 "-" "Mozilla/5.0 (Linux; Android 6.0.1; Nexus 5X Build/MMB29P) AppleWebKit/537.36 (KHTML, like Gecko) Chrome/146.0.7680.153 Mobile Safari/537.36 (compatible; Googlebot/2.1; +http://www.google.com/bot.html)"
66.249.70.37 - - [31/Mar/2026:13:26:23 +0000] "GET /?p=8548 HTTP/1.1" 301 - "-" "Mozilla/5.0 (Linux; Android 6.0.1; Nexus 5X Build/MMB29P) AppleWebKit/537.36 (KHTML, like Gecko) Chrome/146.0.7680.153 Mobile Safari/537.36 (compatible; Googlebot/2.1; +http://www.google.com/bot.html)"
57.141.14.110 - - [31/Mar/2026:13:26:24 +0000] "GET /products/detail/101762121/ HTTP/1.1" 404 139215 "-" "meta-externalagent/1.1 (+https://developers.facebook.com/docs/sharing/webmasters/crawler)"
66.249.70.38 - - [31/Mar/2026:13:26:27 +0000] "GET /pokies-in-australia-joining-bonus/ HTTP/1.1" 200 149099 "-" "Mozilla/5.0 (Linux; Android 6.0.1; Nexus 5X Build/MMB29P) AppleWebKit/537.36 (KHTML, like Gecko) Chrome/146.0.7680.153 Mobile Safari/537.36 (compatible; Googlebot/2.1; +http://www.google.com/bot.html)"
66.249.70.37 - - [31/Mar/2026:13:26:50 +0000] "GET /?p=11284 HTTP/1.1" 301 - "-" "Mozilla/5.0 (Linux; Android 6.0.1; Nexus 5X Build/MMB29P) AppleWebKit/537.36 (KHTML, like Gecko) Chrome/146.0.7680.153 Mobile Safari/537.36 (compatible; Googlebot/2.1; +http://www.google.com/bot.html)"
45.79.238.235 - - [31/Mar/2026:13:26:55 +0000] "POST /wp-cron.php?doing_wp_cron=1774963615.3291380405426025390625 HTTP/1.1" 200 - "-" "WordPress/6.9.4; https://schoolofgolf.co.nz"
66.249.70.37 - - [31/Mar/2026:13:26:54 +0000] "GET /gambling-pokies-real-money-free-bonus/ HTTP/1.1" 200 148629 "-" "Mozilla/5.0 (Linux; Android 6.0.1; Nexus 5X Build/MMB29P) AppleWebKit/537.36 (KHTML, like Gecko) Chrome/146.0.7680.153 Mobile Safari/537.36 (compatible; Googlebot/2.1; +http://www.google.com/bot.html)"
57.141.14.74 - - [31/Mar/2026:13:27:30 +0000] "GET /products/detail/57394141/ HTTP/1.1" 404 139215 "-" "meta-externalagent/1.1 (+https://developers.facebook.com/docs/sharing/webmasters/crawler)"
45.79.238.235 - - [31/Mar/2026:13:28:13 +0000] "POST /wp-cron.php?doing_wp_cron=1774963692.9953460693359375000000 HTTP/1.1" 200 - "-" "WordPress/6.9.4; https://schoolofgolf.co.nz"
66.249.70.38 - - [31/Mar/2026:13:28:12 +0000] "GET /?p=7091 HTTP/1.1" 301 - "-" "Mozilla/5.0 (Linux; Android 6.0.1; Nexus 5X Build/MMB29P) AppleWebKit/537.36 (KHTML, like Gecko) Chrome/146.0.7680.153 Mobile Safari/537.36 (compatible; Googlebot/2.1; +http://www.google.com/bot.html)"
66.249.70.38 - - [31/Mar/2026:13:28:14 +0000] "GET /slots-nz-bonus-codes/ HTTP/1.1" 200 149103 "-" "Mozilla/5.0 (Linux; Android 6.0.1; Nexus 5X Build/MMB29P) AppleWebKit/537.36 (KHTML, like Gecko) Chrome/146.0.7680.153 Mobile Safari/537.36 (compatible; Googlebot/2.1; +http://www.google.com/bot.html)"
57.141.14.52 - - [31/Mar/2026:13:28:37 +0000] "GET /products/detail/126014181/ HTTP/1.1" 404 139215 "-" "meta-externalagent/1.1 (+https://developers.facebook.com/docs/sharing/webmasters/crawler)"
45.79.238.235 - - [31/Mar/2026:13:29:00 +0000] "POST /wp-cron.php?doing_wp_cron=1774963740.5287649631500244140625 HTTP/1.1" 200 - "-" "WordPress/6.9.4; https://schoolofgolf.co.nz"
52.167.144.213 - - [31/Mar/2026:13:28:59 +0000] "GET /minimum-deposit-casinos-au/ HTTP/1.1" 200 149962 "-" "Mozilla/5.0 AppleWebKit/537.36 (KHTML, like Gecko; compatible; bingbot/2.0; +http://www.bing.com/bingbot.htm) Chrome/116.0.1938.76 Safari/537.36"
57.141.14.30 - - [31/Mar/2026:13:29:43 +0000] "GET /products/detail/74784161/ HTTP/1.1" 404 139215 "-" "meta-externalagent/1.1 (+https://developers.facebook.com/docs/sharing/webmasters/crawler)"
66.249.70.39 - - [31/Mar/2026:13:29:49 +0000] "GET /new-zealand-roulette-spin-results/ HTTP/1.1" 200 148942 "-" "Mozilla/5.0 (Linux; Android 6.0.1; Nexus 5X Build/MMB29P) AppleWebKit/537.36 (KHTML, like Gecko) Chrome/146.0.7680.153 Mobile Safari/537.36 (compatible; Googlebot/2.1; +http://www.google.com/bot.html)"
45.79.238.235 - - [31/Mar/2026:13:30:51 +0000] "POST /wp-cron.php?doing_wp_cron=1774963851.6422810554504394531250 HTTP/1.1" 200 - "-" "WordPress/6.9.4; https://schoolofgolf.co.nz"
57.141.14.48 - - [31/Mar/2026:13:30:50 +0000] "GET /products/detail/80706161/ HTTP/1.1" 404 139215 "-" "meta-externalagent/1.1 (+https://developers.facebook.com/docs/sharing/webmasters/crawler)"
45.79.238.235 - - [31/Mar/2026:13:31:58 +0000] "POST /wp-cron.php?doing_wp_cron=1774963918.6728579998016357421875 HTTP/1.1" 200 - "-" "WordPress/6.9.4; https://schoolofgolf.co.nz"
57.141.14.5 - - [31/Mar/2026:13:31:57 +0000] "GET /products/detail/58146101/ HTTP/1.1" 404 139215 "-" "meta-externalagent/1.1 (+https://developers.facebook.com/docs/sharing/webmasters/crawler)"
45.79.238.235 - - [31/Mar/2026:13:33:05 +0000] "POST /wp-cron.php?doing_wp_cron=1774963985.4069809913635253906250 HTTP/1.1" 200 - "-" "WordPress/6.9.4; https://schoolofgolf.co.nz"
57.141.14.68 - - [31/Mar/2026:13:33:04 +0000] "GET /products/detail/71400161/ HTTP/1.1" 404 139215 "-" "meta-externalagent/1.1 (+https://developers.facebook.com/docs/sharing/webmasters/crawler)"
45.79.238.235 - - [31/Mar/2026:13:34:12 +0000] "POST /wp-cron.php?doing_wp_cron=1774964052.0399610996246337890625 HTTP/1.1" 200 - "-" "WordPress/6.9.4; https://schoolofgolf.co.nz"
57.141.14.84 - - [31/Mar/2026:13:34:11 +0000] "GET /products/detail/64256181/ HTTP/1.1" 404 139215 "-" "meta-externalagent/1.1 (+https://developers.facebook.com/docs/sharing/webmasters/crawler)"
45.79.238.235 - - [31/Mar/2026:13:35:18 +0000] "POST /wp-cron.php?doing_wp_cron=1774964118.6758460998535156250000 HTTP/1.1" 200 - "-" "WordPress/6.9.4; https://schoolofgolf.co.nz"
57.141.14.78 - - [31/Mar/2026:13:35:17 +0000] "GET /products/detail/100822171/ HTTP/1.1" 404 139215 "-" "meta-externalagent/1.1 (+https://developers.facebook.com/docs/sharing/webmasters/crawler)"
45.79.238.235 - - [31/Mar/2026:13:36:25 +0000] "POST /wp-cron.php?doing_wp_cron=1774964185.5426120758056640625000 HTTP/1.1" 200 - "-" "WordPress/6.9.4; https://schoolofgolf.co.nz"
57.141.14.11 - - [31/Mar/2026:13:36:24 +0000] "GET /products/detail/75160141/ HTTP/1.1" 404 139215 "-" "meta-externalagent/1.1 (+https://developers.facebook.com/docs/sharing/webmasters/crawler)"
45.79.238.235 - - [31/Mar/2026:13:37:20 +0000] "POST /wp-cron.php?doing_wp_cron=1774964240.7532238960266113281250 HTTP/1.1" 200 - "-" "WordPress/6.9.4; https://schoolofgolf.co.nz"
66.249.70.39 - - [31/Mar/2026:13:37:19 +0000] "GET /au-and-casinos-guide-blackjack-and-fruit-slots/ HTTP/1.1" 200 149069 "-" "Mozilla/5.0 (Linux; Android 6.0.1; Nexus 5X Build/MMB29P) AppleWebKit/537.36 (KHTML, like Gecko) Chrome/146.0.7680.153 Mobile Safari/537.36 (compatible; Googlebot/2.1; +http://www.google.com/bot.html)"
57.141.14.14 - - [31/Mar/2026:13:37:31 +0000] "GET /products/detail/97908101/ HTTP/1.1" 404 139215 "-" "meta-externalagent/1.1 (+https://developers.facebook.com/docs/sharing/webmasters/crawler)"
45.79.238.235 - - [31/Mar/2026:13:38:04 +0000] "POST /wp-cron.php?doing_wp_cron=1774964284.2023708820343017578125 HTTP/1.1" 200 - "-" "WordPress/6.9.4; https://schoolofgolf.co.nz"
66.249.70.39 - - [31/Mar/2026:13:38:03 +0000] "GET /deposit-casino-pokies-instant-payout/ HTTP/1.1" 200 149301 "-" "Mozilla/5.0 (Linux; Android 6.0.1; Nexus 5X Build/MMB29P) AppleWebKit/537.36 (KHTML, like Gecko) Chrome/146.0.7680.153 Mobile Safari/537.36 (compatible; Googlebot/2.1; +http://www.google.com/bot.html)"
57.141.14.44 - - [31/Mar/2026:13:38:37 +0000] "GET /products/detail/77698141/ HTTP/1.1" 404 139215 "-" "meta-externalagent/1.1 (+https://developers.facebook.com/docs/sharing/webmasters/crawler)"
