216.73.216.103 - - [31/Mar/2026:17:29:43 +0000] "GET /?p=12216 HTTP/1.1" 301 - "-" "Mozilla/5.0 AppleWebKit/537.36 (KHTML, like Gecko; compatible; ClaudeBot/1.0; +claudebot@anthropic.com)"
216.73.216.103 - - [31/Mar/2026:17:29:44 +0000] "GET /?p=11875 HTTP/1.1" 301 - "-" "Mozilla/5.0 AppleWebKit/537.36 (KHTML, like Gecko; compatible; ClaudeBot/1.0; +claudebot@anthropic.com)"
216.73.216.103 - - [31/Mar/2026:17:29:44 +0000] "GET /no-deposit-casino-bonus-with-no-max-cash-new-zealand/ HTTP/1.1" 200 149923 "https://schoolofgolf.co.nz/?p=12216" "Mozilla/5.0 AppleWebKit/537.36 (KHTML, like Gecko; compatible; ClaudeBot/1.0; +claudebot@anthropic.com)"
216.73.216.103 - - [31/Mar/2026:17:29:45 +0000] "GET /mobile-pokies-games-with-bonus/ HTTP/1.1" 200 150021 "https://schoolofgolf.co.nz/?p=11875" "Mozilla/5.0 AppleWebKit/537.36 (KHTML, like Gecko; compatible; ClaudeBot/1.0; +claudebot@anthropic.com)"
216.73.216.103 - - [31/Mar/2026:17:29:46 +0000] "GET /?p=10266 HTTP/1.1" 301 - "-" "Mozilla/5.0 AppleWebKit/537.36 (KHTML, like Gecko; compatible; ClaudeBot/1.0; +claudebot@anthropic.com)"
216.73.216.103 - - [31/Mar/2026:17:29:47 +0000] "GET /?p=13042 HTTP/1.1" 301 - "-" "Mozilla/5.0 AppleWebKit/537.36 (KHTML, like Gecko; compatible; ClaudeBot/1.0; +claudebot@anthropic.com)"
216.73.216.103 - - [31/Mar/2026:17:29:47 +0000] "GET /lucky-lady-casino-gardena-au/ HTTP/1.1" 200 150816 "https://schoolofgolf.co.nz/?p=10266" "Mozilla/5.0 AppleWebKit/537.36 (KHTML, like Gecko; compatible; ClaudeBot/1.0; +claudebot@anthropic.com)"
216.73.216.103 - - [31/Mar/2026:17:29:48 +0000] "GET /free-bonus-slots-au/ HTTP/1.1" 200 150018 "https://schoolofgolf.co.nz/?p=13042" "Mozilla/5.0 AppleWebKit/537.36 (KHTML, like Gecko; compatible; ClaudeBot/1.0; +claudebot@anthropic.com)"
216.73.216.103 - - [31/Mar/2026:17:29:49 +0000] "GET /?p=5999 HTTP/1.1" 301 - "-" "Mozilla/5.0 AppleWebKit/537.36 (KHTML, like Gecko; compatible; ClaudeBot/1.0; +claudebot@anthropic.com)"
216.73.216.103 - - [31/Mar/2026:17:29:50 +0000] "GET /?p=10857 HTTP/1.1" 301 - "-" "Mozilla/5.0 AppleWebKit/537.36 (KHTML, like Gecko; compatible; ClaudeBot/1.0; +claudebot@anthropic.com)"
216.73.216.103 - - [31/Mar/2026:17:29:50 +0000] "GET /pokies-gambling-online/ HTTP/1.1" 200 150284 "https://schoolofgolf.co.nz/?p=5999" "Mozilla/5.0 AppleWebKit/537.36 (KHTML, like Gecko; compatible; ClaudeBot/1.0; +claudebot@anthropic.com)"
216.73.216.103 - - [31/Mar/2026:17:29:51 +0000] "GET /the-ultimate-pokies-with-welcome-bonus-experience/ HTTP/1.1" 200 149579 "https://schoolofgolf.co.nz/?p=10857" "Mozilla/5.0 AppleWebKit/537.36 (KHTML, like Gecko; compatible; ClaudeBot/1.0; +claudebot@anthropic.com)"
216.73.216.103 - - [31/Mar/2026:17:29:52 +0000] "GET /?p=10917 HTTP/1.1" 301 - "-" "Mozilla/5.0 AppleWebKit/537.36 (KHTML, like Gecko; compatible; ClaudeBot/1.0; +claudebot@anthropic.com)"
216.73.216.103 - - [31/Mar/2026:17:29:53 +0000] "GET /?p=11606 HTTP/1.1" 301 - "-" "Mozilla/5.0 AppleWebKit/537.36 (KHTML, like Gecko; compatible; ClaudeBot/1.0; +claudebot@anthropic.com)"
216.73.216.103 - - [31/Mar/2026:17:29:53 +0000] "GET /tax-free-pokies-to-win-money/ HTTP/1.1" 200 151124 "https://schoolofgolf.co.nz/?p=10917" "Mozilla/5.0 AppleWebKit/537.36 (KHTML, like Gecko; compatible; ClaudeBot/1.0; +claudebot@anthropic.com)"
45.79.238.235 - - [31/Mar/2026:17:29:55 +0000] "POST /wp-cron.php?doing_wp_cron=1774978195.2335200309753417968750 HTTP/1.1" 200 - "-" "WordPress/6.9.4; https://schoolofgolf.co.nz"
216.73.216.103 - - [31/Mar/2026:17:29:54 +0000] "GET /games-deposit-casino-money-pokies/ HTTP/1.1" 200 150180 "https://schoolofgolf.co.nz/?p=11606" "Mozilla/5.0 AppleWebKit/537.36 (KHTML, like Gecko; compatible; ClaudeBot/1.0; +claudebot@anthropic.com)"
216.73.216.103 - - [31/Mar/2026:17:29:54 +0000] "GET /?p=10585 HTTP/1.1" 301 - "-" "Mozilla/5.0 AppleWebKit/537.36 (KHTML, like Gecko; compatible; ClaudeBot/1.0; +claudebot@anthropic.com)"
216.73.216.103 - - [31/Mar/2026:17:29:55 +0000] "GET /?p=12760 HTTP/1.1" 301 - "-" "Mozilla/5.0 AppleWebKit/537.36 (KHTML, like Gecko; compatible; ClaudeBot/1.0; +claudebot@anthropic.com)"
216.73.216.103 - - [31/Mar/2026:17:29:55 +0000] "GET /play-best-australian-pokies-win-real-money/ HTTP/1.1" 200 150543 "https://schoolofgolf.co.nz/?p=10585" "Mozilla/5.0 AppleWebKit/537.36 (KHTML, like Gecko; compatible; ClaudeBot/1.0; +claudebot@anthropic.com)"
216.73.216.103 - - [31/Mar/2026:17:29:56 +0000] "GET /best-australian-pokies-bonus/ HTTP/1.1" 200 150276 "https://schoolofgolf.co.nz/?p=12760" "Mozilla/5.0 AppleWebKit/537.36 (KHTML, like Gecko; compatible; ClaudeBot/1.0; +claudebot@anthropic.com)"
216.73.216.103 - - [31/Mar/2026:17:29:57 +0000] "GET /?p=10536 HTTP/1.1" 301 - "-" "Mozilla/5.0 AppleWebKit/537.36 (KHTML, like Gecko; compatible; ClaudeBot/1.0; +claudebot@anthropic.com)"
216.73.216.103 - - [31/Mar/2026:17:29:58 +0000] "GET /?p=7648 HTTP/1.1" 301 - "-" "Mozilla/5.0 AppleWebKit/537.36 (KHTML, like Gecko; compatible; ClaudeBot/1.0; +claudebot@anthropic.com)"
216.73.216.103 - - [31/Mar/2026:17:29:58 +0000] "GET /is-there-a-casino-in-roswell-nz/ HTTP/1.1" 200 150719 "https://schoolofgolf.co.nz/?p=10536" "Mozilla/5.0 AppleWebKit/537.36 (KHTML, like Gecko; compatible; ClaudeBot/1.0; +claudebot@anthropic.com)"
57.141.14.29 - - [31/Mar/2026:17:29:59 +0000] "GET /products/detail/111726131/ HTTP/1.1" 404 139215 "-" "meta-externalagent/1.1 (+https://developers.facebook.com/docs/sharing/webmasters/crawler)"
216.73.216.103 - - [31/Mar/2026:17:29:59 +0000] "GET /good-pokies-casino-sites/ HTTP/1.1" 200 150395 "https://schoolofgolf.co.nz/?p=7648" "Mozilla/5.0 AppleWebKit/537.36 (KHTML, like Gecko; compatible; ClaudeBot/1.0; +claudebot@anthropic.com)"
216.73.216.103 - - [31/Mar/2026:17:30:00 +0000] "GET /?p=11460 HTTP/1.1" 301 - "-" "Mozilla/5.0 AppleWebKit/537.36 (KHTML, like Gecko; compatible; ClaudeBot/1.0; +claudebot@anthropic.com)"
216.73.216.103 - - [31/Mar/2026:17:30:01 +0000] "GET /?p=12053 HTTP/1.1" 301 - "-" "Mozilla/5.0 AppleWebKit/537.36 (KHTML, like Gecko; compatible; ClaudeBot/1.0; +claudebot@anthropic.com)"
216.73.216.103 - - [31/Mar/2026:17:30:01 +0000] "GET /european-roulette-online-au/ HTTP/1.1" 200 150389 "https://schoolofgolf.co.nz/?p=11460" "Mozilla/5.0 AppleWebKit/537.36 (KHTML, like Gecko; compatible; ClaudeBot/1.0; +claudebot@anthropic.com)"
216.73.216.103 - - [31/Mar/2026:17:30:02 +0000] "GET /how-to-win-big-pokies/ HTTP/1.1" 200 150494 "https://schoolofgolf.co.nz/?p=12053" "Mozilla/5.0 AppleWebKit/537.36 (KHTML, like Gecko; compatible; ClaudeBot/1.0; +claudebot@anthropic.com)"
216.73.216.103 - - [31/Mar/2026:17:30:02 +0000] "GET /?p=10826 HTTP/1.1" 301 - "-" "Mozilla/5.0 AppleWebKit/537.36 (KHTML, like Gecko; compatible; ClaudeBot/1.0; +claudebot@anthropic.com)"
216.73.216.103 - - [31/Mar/2026:17:30:03 +0000] "GET /?p=12619 HTTP/1.1" 301 - "-" "Mozilla/5.0 AppleWebKit/537.36 (KHTML, like Gecko; compatible; ClaudeBot/1.0; +claudebot@anthropic.com)"
216.73.216.103 - - [31/Mar/2026:17:30:03 +0000] "GET /real-australian-online-pokies/ HTTP/1.1" 200 150026 "https://schoolofgolf.co.nz/?p=10826" "Mozilla/5.0 AppleWebKit/537.36 (KHTML, like Gecko; compatible; ClaudeBot/1.0; +claudebot@anthropic.com)"
216.73.216.103 - - [31/Mar/2026:17:30:04 +0000] "GET /5-of-the-best-casino-pokies/ HTTP/1.1" 200 149714 "https://schoolofgolf.co.nz/?p=12619" "Mozilla/5.0 AppleWebKit/537.36 (KHTML, like Gecko; compatible; ClaudeBot/1.0; +claudebot@anthropic.com)"
216.73.216.103 - - [31/Mar/2026:17:30:05 +0000] "GET /?p=11716 HTTP/1.1" 301 - "-" "Mozilla/5.0 AppleWebKit/537.36 (KHTML, like Gecko; compatible; ClaudeBot/1.0; +claudebot@anthropic.com)"
216.73.216.103 - - [31/Mar/2026:17:30:06 +0000] "GET /?p=12350 HTTP/1.1" 301 - "-" "Mozilla/5.0 AppleWebKit/537.36 (KHTML, like Gecko; compatible; ClaudeBot/1.0; +claudebot@anthropic.com)"
216.73.216.103 - - [31/Mar/2026:17:30:06 +0000] "GET /pokies-in-australia-payout-percentage/ HTTP/1.1" 200 150579 "https://schoolofgolf.co.nz/?p=11716" "Mozilla/5.0 AppleWebKit/537.36 (KHTML, like Gecko; compatible; ClaudeBot/1.0; +claudebot@anthropic.com)"
216.73.216.103 - - [31/Mar/2026:17:30:07 +0000] "GET /secure-pokies-with-welcome-bonus-that-accept-neosurf/ HTTP/1.1" 200 150962 "https://schoolofgolf.co.nz/?p=12350" "Mozilla/5.0 AppleWebKit/537.36 (KHTML, like Gecko; compatible; ClaudeBot/1.0; +claudebot@anthropic.com)"
216.73.216.103 - - [31/Mar/2026:17:30:07 +0000] "GET /?p=10812 HTTP/1.1" 301 - "-" "Mozilla/5.0 AppleWebKit/537.36 (KHTML, like Gecko; compatible; ClaudeBot/1.0; +claudebot@anthropic.com)"
216.73.216.103 - - [31/Mar/2026:17:30:09 +0000] "GET /seminole-casino-immokalee-nz/ HTTP/1.1" 200 149907 "https://schoolofgolf.co.nz/?p=10812" "Mozilla/5.0 AppleWebKit/537.36 (KHTML, like Gecko; compatible; ClaudeBot/1.0; +claudebot@anthropic.com)"
216.73.216.103 - - [31/Mar/2026:17:30:09 +0000] "GET /?p=11837 HTTP/1.1" 301 - "-" "Mozilla/5.0 AppleWebKit/537.36 (KHTML, like Gecko; compatible; ClaudeBot/1.0; +claudebot@anthropic.com)"
216.73.216.103 - - [31/Mar/2026:17:30:10 +0000] "GET /mobile-pokies-without-downloading/ HTTP/1.1" 200 149756 "https://schoolofgolf.co.nz/?p=11837" "Mozilla/5.0 AppleWebKit/537.36 (KHTML, like Gecko; compatible; ClaudeBot/1.0; +claudebot@anthropic.com)"
216.73.216.103 - - [31/Mar/2026:17:30:10 +0000] "GET /?p=10650 HTTP/1.1" 301 - "-" "Mozilla/5.0 AppleWebKit/537.36 (KHTML, like Gecko; compatible; ClaudeBot/1.0; +claudebot@anthropic.com)"
216.73.216.103 - - [31/Mar/2026:17:30:11 +0000] "GET /?p=11771 HTTP/1.1" 301 - "-" "Mozilla/5.0 AppleWebKit/537.36 (KHTML, like Gecko; compatible; ClaudeBot/1.0; +claudebot@anthropic.com)"
216.73.216.103 - - [31/Mar/2026:17:30:11 +0000] "GET /recommended-pokies-casinos/ HTTP/1.1" 200 150737 "https://schoolofgolf.co.nz/?p=10650" "Mozilla/5.0 AppleWebKit/537.36 (KHTML, like Gecko; compatible; ClaudeBot/1.0; +claudebot@anthropic.com)"
216.73.216.103 - - [31/Mar/2026:17:30:13 +0000] "GET /native-new-zealand-casinos-in-new-york-state/ HTTP/1.1" 200 149852 "https://schoolofgolf.co.nz/?p=11771" "Mozilla/5.0 AppleWebKit/537.36 (KHTML, like Gecko; compatible; ClaudeBot/1.0; +claudebot@anthropic.com)"
216.73.216.103 - - [31/Mar/2026:17:30:13 +0000] "GET /?p=12723 HTTP/1.1" 301 - "-" "Mozilla/5.0 AppleWebKit/537.36 (KHTML, like Gecko; compatible; ClaudeBot/1.0; +claudebot@anthropic.com)"
216.73.216.103 - - [31/Mar/2026:17:30:14 +0000] "GET /?p=9021 HTTP/1.1" 301 - "-" "Mozilla/5.0 AppleWebKit/537.36 (KHTML, like Gecko; compatible; ClaudeBot/1.0; +claudebot@anthropic.com)"
216.73.216.103 - - [31/Mar/2026:17:30:14 +0000] "GET /nz-visa-slots-availability-in-hyderabad/ HTTP/1.1" 200 150507 "https://schoolofgolf.co.nz/?p=12723" "Mozilla/5.0 AppleWebKit/537.36 (KHTML, like Gecko; compatible; ClaudeBot/1.0; +claudebot@anthropic.com)"
216.73.216.103 - - [31/Mar/2026:17:30:15 +0000] "GET /remington-casino-okc-nz/ HTTP/1.1" 200 150344 "https://schoolofgolf.co.nz/?p=9021" "Mozilla/5.0 AppleWebKit/537.36 (KHTML, like Gecko; compatible; ClaudeBot/1.0; +claudebot@anthropic.com)"
216.73.216.103 - - [31/Mar/2026:17:30:16 +0000] "GET /?p=7677 HTTP/1.1" 301 - "-" "Mozilla/5.0 AppleWebKit/537.36 (KHTML, like Gecko; compatible; ClaudeBot/1.0; +claudebot@anthropic.com)"
216.73.216.103 - - [31/Mar/2026:17:30:17 +0000] "GET /?p=10866 HTTP/1.1" 301 - "-" "Mozilla/5.0 AppleWebKit/537.36 (KHTML, like Gecko; compatible; ClaudeBot/1.0; +claudebot@anthropic.com)"
216.73.216.103 - - [31/Mar/2026:17:30:17 +0000] "GET /how-to-play-safe-pokies-games/ HTTP/1.1" 200 149614 "https://schoolofgolf.co.nz/?p=7677" "Mozilla/5.0 AppleWebKit/537.36 (KHTML, like Gecko; compatible; ClaudeBot/1.0; +claudebot@anthropic.com)"
216.73.216.103 - - [31/Mar/2026:17:30:18 +0000] "GET /slot-machine-payouts-new-zealand/ HTTP/1.1" 200 150839 "https://schoolofgolf.co.nz/?p=10866" "Mozilla/5.0 AppleWebKit/537.36 (KHTML, like Gecko; compatible; ClaudeBot/1.0; +claudebot@anthropic.com)"
216.73.216.103 - - [31/Mar/2026:17:30:19 +0000] "GET /?p=10925 HTTP/1.1" 301 - "-" "Mozilla/5.0 AppleWebKit/537.36 (KHTML, like Gecko; compatible; ClaudeBot/1.0; +claudebot@anthropic.com)"
216.73.216.103 - - [31/Mar/2026:17:30:20 +0000] "GET /?p=10254 HTTP/1.1" 301 - "-" "Mozilla/5.0 AppleWebKit/537.36 (KHTML, like Gecko; compatible; ClaudeBot/1.0; +claudebot@anthropic.com)"
216.73.216.103 - - [31/Mar/2026:17:30:20 +0000] "GET /top-online-gambling-sites-nz/ HTTP/1.1" 200 150570 "https://schoolofgolf.co.nz/?p=10925" "Mozilla/5.0 AppleWebKit/537.36 (KHTML, like Gecko; compatible; ClaudeBot/1.0; +claudebot@anthropic.com)"
216.73.216.103 - - [31/Mar/2026:17:30:21 +0000] "GET /best-casinos-in-the-south-au/ HTTP/1.1" 200 150594 "https://schoolofgolf.co.nz/?p=10254" "Mozilla/5.0 AppleWebKit/537.36 (KHTML, like Gecko; compatible; ClaudeBot/1.0; +claudebot@anthropic.com)"
216.73.216.103 - - [31/Mar/2026:17:30:21 +0000] "GET /?p=12550 HTTP/1.1" 301 - "-" "Mozilla/5.0 AppleWebKit/537.36 (KHTML, like Gecko; compatible; ClaudeBot/1.0; +claudebot@anthropic.com)"
216.73.216.103 - - [31/Mar/2026:17:30:22 +0000] "GET /?p=11439 HTTP/1.1" 301 - "-" "Mozilla/5.0 AppleWebKit/537.36 (KHTML, like Gecko; compatible; ClaudeBot/1.0; +claudebot@anthropic.com)"
216.73.216.103 - - [31/Mar/2026:17:30:22 +0000] "GET /site-of-pokies-for-cash/ HTTP/1.1" 200 150723 "https://schoolofgolf.co.nz/?p=12550" "Mozilla/5.0 AppleWebKit/537.36 (KHTML, like Gecko; compatible; ClaudeBot/1.0; +claudebot@anthropic.com)"
216.73.216.103 - - [31/Mar/2026:17:30:23 +0000] "GET /2-player-pokies-online/ HTTP/1.1" 200 150246 "https://schoolofgolf.co.nz/?p=11439" "Mozilla/5.0 AppleWebKit/537.36 (KHTML, like Gecko; compatible; ClaudeBot/1.0; +claudebot@anthropic.com)"
216.73.216.103 - - [31/Mar/2026:17:30:24 +0000] "GET /?p=11420 HTTP/1.1" 301 - "-" "Mozilla/5.0 AppleWebKit/537.36 (KHTML, like Gecko; compatible; ClaudeBot/1.0; +claudebot@anthropic.com)"
216.73.216.103 - - [31/Mar/2026:17:30:25 +0000] "GET /?p=10576 HTTP/1.1" 301 - "-" "Mozilla/5.0 AppleWebKit/537.36 (KHTML, like Gecko; compatible; ClaudeBot/1.0; +claudebot@anthropic.com)"
216.73.216.103 - - [31/Mar/2026:17:30:25 +0000] "GET /site-of-pokies-win-real-cash/ HTTP/1.1" 200 150707 "https://schoolofgolf.co.nz/?p=11420" "Mozilla/5.0 AppleWebKit/537.36 (KHTML, like Gecko; compatible; ClaudeBot/1.0; +claudebot@anthropic.com)"
216.73.216.103 - - [31/Mar/2026:17:30:26 +0000] "GET /new-zealand-casino-gambling/ HTTP/1.1" 200 149781 "https://schoolofgolf.co.nz/?p=10576" "Mozilla/5.0 AppleWebKit/537.36 (KHTML, like Gecko; compatible; ClaudeBot/1.0; +claudebot@anthropic.com)"
216.73.216.103 - - [31/Mar/2026:17:30:27 +0000] "GET /?p=10457 HTTP/1.1" 301 - "-" "Mozilla/5.0 AppleWebKit/537.36 (KHTML, like Gecko; compatible; ClaudeBot/1.0; +claudebot@anthropic.com)"
216.73.216.103 - - [31/Mar/2026:17:30:28 +0000] "GET /?p=5687 HTTP/1.1" 301 - "-" "Mozilla/5.0 AppleWebKit/537.36 (KHTML, like Gecko; compatible; ClaudeBot/1.0; +claudebot@anthropic.com)"
57.141.14.41 - - [31/Mar/2026:17:30:27 +0000] "GET /products/detail/79202151/ HTTP/1.1" 404 139215 "-" "meta-externalagent/1.1 (+https://developers.facebook.com/docs/sharing/webmasters/crawler)"
216.73.216.103 - - [31/Mar/2026:17:30:28 +0000] "GET /7-clans-paradise-casino-red-rock-au/ HTTP/1.1" 200 150575 "https://schoolofgolf.co.nz/?p=10457" "Mozilla/5.0 AppleWebKit/537.36 (KHTML, like Gecko; compatible; ClaudeBot/1.0; +claudebot@anthropic.com)"
216.73.216.103 - - [31/Mar/2026:17:30:29 +0000] "GET /win-at-casino-pokies/ HTTP/1.1" 200 149859 "https://schoolofgolf.co.nz/?p=5687" "Mozilla/5.0 AppleWebKit/537.36 (KHTML, like Gecko; compatible; ClaudeBot/1.0; +claudebot@anthropic.com)"
216.73.216.103 - - [31/Mar/2026:17:30:30 +0000] "GET /?p=10824 HTTP/1.1" 301 - "-" "Mozilla/5.0 AppleWebKit/537.36 (KHTML, like Gecko; compatible; ClaudeBot/1.0; +claudebot@anthropic.com)"
216.73.216.103 - - [31/Mar/2026:17:30:30 +0000] "GET /?p=10820 HTTP/1.1" 301 - "-" "Mozilla/5.0 AppleWebKit/537.36 (KHTML, like Gecko; compatible; ClaudeBot/1.0; +claudebot@anthropic.com)"
66.249.70.39 - - [31/Mar/2026:17:30:31 +0000] "GET /?p=12183 HTTP/1.1" 301 - "-" "Mozilla/5.0 (Linux; Android 6.0.1; Nexus 5X Build/MMB29P) AppleWebKit/537.36 (KHTML, like Gecko) Chrome/146.0.7680.153 Mobile Safari/537.36 (compatible; Googlebot/2.1; +http://www.google.com/bot.html)"
216.73.216.103 - - [31/Mar/2026:17:30:31 +0000] "GET /pokies-in-australia-machine-win-real-money/ HTTP/1.1" 200 150695 "https://schoolofgolf.co.nz/?p=10824" "Mozilla/5.0 AppleWebKit/537.36 (KHTML, like Gecko; compatible; ClaudeBot/1.0; +claudebot@anthropic.com)"
216.73.216.103 - - [31/Mar/2026:17:30:32 +0000] "GET /no-deposit-bonus-pokies-australia/ HTTP/1.1" 200 149519 "https://schoolofgolf.co.nz/?p=10820" "Mozilla/5.0 AppleWebKit/537.36 (KHTML, like Gecko; compatible; ClaudeBot/1.0; +claudebot@anthropic.com)"
216.73.216.103 - - [31/Mar/2026:17:30:33 +0000] "GET /?p=11846 HTTP/1.1" 301 - "-" "Mozilla/5.0 AppleWebKit/537.36 (KHTML, like Gecko; compatible; ClaudeBot/1.0; +claudebot@anthropic.com)"
216.73.216.103 - - [31/Mar/2026:17:30:33 +0000] "GET /?p=10628 HTTP/1.1" 301 - "-" "Mozilla/5.0 AppleWebKit/537.36 (KHTML, like Gecko; compatible; ClaudeBot/1.0; +claudebot@anthropic.com)"
216.73.216.103 - - [31/Mar/2026:17:30:34 +0000] "GET /online-pokies-bonus-registration/ HTTP/1.1" 200 149807 "https://schoolofgolf.co.nz/?p=11846" "Mozilla/5.0 AppleWebKit/537.36 (KHTML, like Gecko; compatible; ClaudeBot/1.0; +claudebot@anthropic.com)"
216.73.216.103 - - [31/Mar/2026:17:30:34 +0000] "GET /best-penny-slots-in-australia/ HTTP/1.1" 200 149521 "https://schoolofgolf.co.nz/?p=10628" "Mozilla/5.0 AppleWebKit/537.36 (KHTML, like Gecko; compatible; ClaudeBot/1.0; +claudebot@anthropic.com)"
216.73.216.103 - - [31/Mar/2026:17:30:36 +0000] "GET /best-pokies-apps HTTP/1.1" 301 - "-" "Mozilla/5.0 AppleWebKit/537.36 (KHTML, like Gecko; compatible; ClaudeBot/1.0; +claudebot@anthropic.com)"
216.73.216.103 - - [31/Mar/2026:17:30:36 +0000] "GET /good-pokies-app-for-android HTTP/1.1" 301 - "-" "Mozilla/5.0 AppleWebKit/537.36 (KHTML, like Gecko; compatible; ClaudeBot/1.0; +claudebot@anthropic.com)"
216.73.216.103 - - [31/Mar/2026:17:30:37 +0000] "GET /best-pokies-apps/ HTTP/1.1" 200 150665 "https://schoolofgolf.co.nz/best-pokies-apps" "Mozilla/5.0 AppleWebKit/537.36 (KHTML, like Gecko; compatible; ClaudeBot/1.0; +claudebot@anthropic.com)"
216.73.216.103 - - [31/Mar/2026:17:30:37 +0000] "GET /good-pokies-app-for-android/ HTTP/1.1" 200 150860 "https://schoolofgolf.co.nz/good-pokies-app-for-android" "Mozilla/5.0 AppleWebKit/537.36 (KHTML, like Gecko; compatible; ClaudeBot/1.0; +claudebot@anthropic.com)"
216.73.216.103 - - [31/Mar/2026:17:30:39 +0000] "GET /rival-nz-casino HTTP/1.1" 301 - "-" "Mozilla/5.0 AppleWebKit/537.36 (KHTML, like Gecko; compatible; ClaudeBot/1.0; +claudebot@anthropic.com)"
216.73.216.103 - - [31/Mar/2026:17:30:39 +0000] "GET /secure-pokies-for-fun-only HTTP/1.1" 301 - "-" "Mozilla/5.0 AppleWebKit/537.36 (KHTML, like Gecko; compatible; ClaudeBot/1.0; +claudebot@anthropic.com)"
216.73.216.103 - - [31/Mar/2026:17:30:40 +0000] "GET /rival-nz-casino/ HTTP/1.1" 200 149984 "https://schoolofgolf.co.nz/rival-nz-casino" "Mozilla/5.0 AppleWebKit/537.36 (KHTML, like Gecko; compatible; ClaudeBot/1.0; +claudebot@anthropic.com)"
216.73.216.103 - - [31/Mar/2026:17:30:40 +0000] "GET /secure-pokies-for-fun-only/ HTTP/1.1" 200 149609 "https://schoolofgolf.co.nz/secure-pokies-for-fun-only" "Mozilla/5.0 AppleWebKit/537.36 (KHTML, like Gecko; compatible; ClaudeBot/1.0; +claudebot@anthropic.com)"
216.73.216.103 - - [31/Mar/2026:17:30:41 +0000] "GET /pokies-wins HTTP/1.1" 301 - "-" "Mozilla/5.0 AppleWebKit/537.36 (KHTML, like Gecko; compatible; ClaudeBot/1.0; +claudebot@anthropic.com)"
216.73.216.103 - - [31/Mar/2026:17:30:42 +0000] "GET /play-au-casino-promo-code HTTP/1.1" 301 - "-" "Mozilla/5.0 AppleWebKit/537.36 (KHTML, like Gecko; compatible; ClaudeBot/1.0; +claudebot@anthropic.com)"
216.73.216.103 - - [31/Mar/2026:17:30:43 +0000] "GET /pokies-wins/ HTTP/1.1" 200 150039 "https://schoolofgolf.co.nz/pokies-wins" "Mozilla/5.0 AppleWebKit/537.36 (KHTML, like Gecko; compatible; ClaudeBot/1.0; +claudebot@anthropic.com)"
216.73.216.103 - - [31/Mar/2026:17:30:43 +0000] "GET /play-au-casino-promo-code/ HTTP/1.1" 200 150252 "https://schoolofgolf.co.nz/play-au-casino-promo-code" "Mozilla/5.0 AppleWebKit/537.36 (KHTML, like Gecko; compatible; ClaudeBot/1.0; +claudebot@anthropic.com)"
216.73.216.103 - - [31/Mar/2026:17:30:44 +0000] "GET /australian-live-blackjack HTTP/1.1" 301 - "-" "Mozilla/5.0 AppleWebKit/537.36 (KHTML, like Gecko; compatible; ClaudeBot/1.0; +claudebot@anthropic.com)"
216.73.216.103 - - [31/Mar/2026:17:30:45 +0000] "GET /live-pokies-live HTTP/1.1" 301 - "-" "Mozilla/5.0 AppleWebKit/537.36 (KHTML, like Gecko; compatible; ClaudeBot/1.0; +claudebot@anthropic.com)"
216.73.216.103 - - [31/Mar/2026:17:30:46 +0000] "GET /australian-live-blackjack/ HTTP/1.1" 200 151028 "https://schoolofgolf.co.nz/australian-live-blackjack" "Mozilla/5.0 AppleWebKit/537.36 (KHTML, like Gecko; compatible; ClaudeBot/1.0; +claudebot@anthropic.com)"
216.73.216.103 - - [31/Mar/2026:17:30:47 +0000] "GET /live-pokies-live/ HTTP/1.1" 200 150531 "https://schoolofgolf.co.nz/live-pokies-live" "Mozilla/5.0 AppleWebKit/537.36 (KHTML, like Gecko; compatible; ClaudeBot/1.0; +claudebot@anthropic.com)"
216.73.216.103 - - [31/Mar/2026:17:30:48 +0000] "GET /profitable-pokies-australia HTTP/1.1" 301 - "-" "Mozilla/5.0 AppleWebKit/537.36 (KHTML, like Gecko; compatible; ClaudeBot/1.0; +claudebot@anthropic.com)"
216.73.216.103 - - [31/Mar/2026:17:30:48 +0000] "GET /nz-internet-gambling HTTP/1.1" 301 - "-" "Mozilla/5.0 AppleWebKit/537.36 (KHTML, like Gecko; compatible; ClaudeBot/1.0; +claudebot@anthropic.com)"
216.73.216.103 - - [31/Mar/2026:17:30:49 +0000] "GET /profitable-pokies-australia/ HTTP/1.1" 200 149697 "https://schoolofgolf.co.nz/profitable-pokies-australia" "Mozilla/5.0 AppleWebKit/537.36 (KHTML, like Gecko; compatible; ClaudeBot/1.0; +claudebot@anthropic.com)"
216.73.216.103 - - [31/Mar/2026:17:30:49 +0000] "GET /nz-internet-gambling/ HTTP/1.1" 200 150449 "https://schoolofgolf.co.nz/nz-internet-gambling" "Mozilla/5.0 AppleWebKit/537.36 (KHTML, like Gecko; compatible; ClaudeBot/1.0; +claudebot@anthropic.com)"
216.73.216.103 - - [31/Mar/2026:17:30:51 +0000] "GET /gambling-aurora-au HTTP/1.1" 301 - "-" "Mozilla/5.0 AppleWebKit/537.36 (KHTML, like Gecko; compatible; ClaudeBot/1.0; +claudebot@anthropic.com)"
216.73.216.103 - - [31/Mar/2026:17:30:52 +0000] "GET /sydney-pokies HTTP/1.1" 301 - "-" "Mozilla/5.0 AppleWebKit/537.36 (KHTML, like Gecko; compatible; ClaudeBot/1.0; +claudebot@anthropic.com)"
216.73.216.103 - - [31/Mar/2026:17:30:53 +0000] "GET /gambling-aurora-au/ HTTP/1.1" 200 149322 "https://schoolofgolf.co.nz/gambling-aurora-au" "Mozilla/5.0 AppleWebKit/537.36 (KHTML, like Gecko; compatible; ClaudeBot/1.0; +claudebot@anthropic.com)"
216.73.216.103 - - [31/Mar/2026:17:30:53 +0000] "GET /sydney-pokies/ HTTP/1.1" 200 149953 "https://schoolofgolf.co.nz/sydney-pokies" "Mozilla/5.0 AppleWebKit/537.36 (KHTML, like Gecko; compatible; ClaudeBot/1.0; +claudebot@anthropic.com)"
45.79.238.235 - - [31/Mar/2026:17:30:55 +0000] "POST /wp-cron.php?doing_wp_cron=1774978255.5515060424804687500000 HTTP/1.1" 200 - "-" "WordPress/6.9.4; https://schoolofgolf.co.nz"
66.249.70.37 - - [31/Mar/2026:17:30:54 +0000] "GET /mobile-pokies-payout-percentage/ HTTP/1.1" 200 149401 "-" "Mozilla/5.0 (Linux; Android 6.0.1; Nexus 5X Build/MMB29P) AppleWebKit/537.36 (KHTML, like Gecko) Chrome/146.0.7680.153 Mobile Safari/537.36 (compatible; Googlebot/2.1; +http://www.google.com/bot.html)"
216.73.216.103 - - [31/Mar/2026:17:30:55 +0000] "GET /mobile-pokies-win HTTP/1.1" 301 - "-" "Mozilla/5.0 AppleWebKit/537.36 (KHTML, like Gecko; compatible; ClaudeBot/1.0; +claudebot@anthropic.com)"
216.73.216.103 - - [31/Mar/2026:17:30:55 +0000] "GET /?p=10899 HTTP/1.1" 301 - "-" "Mozilla/5.0 AppleWebKit/537.36 (KHTML, like Gecko; compatible; ClaudeBot/1.0; +claudebot@anthropic.com)"
57.141.14.76 - - [31/Mar/2026:17:30:56 +0000] "GET /products/detail/99976171/ HTTP/1.1" 404 139215 "-" "meta-externalagent/1.1 (+https://developers.facebook.com/docs/sharing/webmasters/crawler)"
216.73.216.103 - - [31/Mar/2026:17:30:56 +0000] "GET /mobile-pokies-win/ HTTP/1.1" 200 150224 "https://schoolofgolf.co.nz/mobile-pokies-win" "Mozilla/5.0 AppleWebKit/537.36 (KHTML, like Gecko; compatible; ClaudeBot/1.0; +claudebot@anthropic.com)"
216.73.216.103 - - [31/Mar/2026:17:30:57 +0000] "GET /free-pokies-online-casino-games/ HTTP/1.1" 200 149967 "https://schoolofgolf.co.nz/?p=10899" "Mozilla/5.0 AppleWebKit/537.36 (KHTML, like Gecko; compatible; ClaudeBot/1.0; +claudebot@anthropic.com)"
216.73.216.103 - - [31/Mar/2026:17:30:58 +0000] "GET /?p=12121 HTTP/1.1" 301 - "-" "Mozilla/5.0 AppleWebKit/537.36 (KHTML, like Gecko; compatible; ClaudeBot/1.0; +claudebot@anthropic.com)"
141.98.11.44 - - [31/Mar/2026:17:31:00 +0000] "GET /wp-includes/sodium_compat/src/Core/SecretStream/State.php HTTP/1.1" 403 4170 "-" "Mozilla/5.0 (Windows NT 10.0; Win64; x64) AppleWebKit/537.36"
216.73.216.103 - - [31/Mar/2026:17:30:59 +0000] "GET /?p=8860 HTTP/1.1" 301 - "-" "Mozilla/5.0 AppleWebKit/537.36 (KHTML, like Gecko; compatible; ClaudeBot/1.0; +claudebot@anthropic.com)"
216.73.216.103 - - [31/Mar/2026:17:31:00 +0000] "GET /western-nz-casinos/ HTTP/1.1" 200 150581 "https://schoolofgolf.co.nz/?p=12121" "Mozilla/5.0 AppleWebKit/537.36 (KHTML, like Gecko; compatible; ClaudeBot/1.0; +claudebot@anthropic.com)"
216.73.216.103 - - [31/Mar/2026:17:31:00 +0000] "GET /tax-free-pokies-without-deposit/ HTTP/1.1" 200 150529 "https://schoolofgolf.co.nz/?p=8860" "Mozilla/5.0 AppleWebKit/537.36 (KHTML, like Gecko; compatible; ClaudeBot/1.0; +claudebot@anthropic.com)"
216.73.216.103 - - [31/Mar/2026:17:31:01 +0000] "GET /?p=6662 HTTP/1.1" 301 - "-" "Mozilla/5.0 AppleWebKit/537.36 (KHTML, like Gecko; compatible; ClaudeBot/1.0; +claudebot@anthropic.com)"
216.73.216.103 - - [31/Mar/2026:17:31:02 +0000] "GET /?p=9509 HTTP/1.1" 301 - "-" "Mozilla/5.0 AppleWebKit/537.36 (KHTML, like Gecko; compatible; ClaudeBot/1.0; +claudebot@anthropic.com)"
216.73.216.103 - - [31/Mar/2026:17:31:02 +0000] "GET /best-slot-site-au/ HTTP/1.1" 200 149930 "https://schoolofgolf.co.nz/?p=6662" "Mozilla/5.0 AppleWebKit/537.36 (KHTML, like Gecko; compatible; ClaudeBot/1.0; +claudebot@anthropic.com)"
216.73.216.103 - - [31/Mar/2026:17:31:03 +0000] "GET /all-aboard-pokies-max-bet/ HTTP/1.1" 200 149877 "https://schoolofgolf.co.nz/?p=9509" "Mozilla/5.0 AppleWebKit/537.36 (KHTML, like Gecko; compatible; ClaudeBot/1.0; +claudebot@anthropic.com)"
216.73.216.103 - - [31/Mar/2026:17:31:04 +0000] "GET /?p=12894 HTTP/1.1" 301 - "-" "Mozilla/5.0 AppleWebKit/537.36 (KHTML, like Gecko; compatible; ClaudeBot/1.0; +claudebot@anthropic.com)"
216.73.216.103 - - [31/Mar/2026:17:31:05 +0000] "GET /?p=9417 HTTP/1.1" 301 - "-" "Mozilla/5.0 AppleWebKit/537.36 (KHTML, like Gecko; compatible; ClaudeBot/1.0; +claudebot@anthropic.com)"
216.73.216.103 - - [31/Mar/2026:17:31:06 +0000] "GET /no-deposit-free-spin-pokies-new-zealand/ HTTP/1.1" 200 151128 "https://schoolofgolf.co.nz/?p=12894" "Mozilla/5.0 AppleWebKit/537.36 (KHTML, like Gecko; compatible; ClaudeBot/1.0; +claudebot@anthropic.com)"
216.73.216.103 - - [31/Mar/2026:17:31:06 +0000] "GET /australian-casino-tulsa-au/ HTTP/1.1" 200 150064 "https://schoolofgolf.co.nz/?p=9417" "Mozilla/5.0 AppleWebKit/537.36 (KHTML, like Gecko; compatible; ClaudeBot/1.0; +claudebot@anthropic.com)"
216.73.216.103 - - [31/Mar/2026:17:31:07 +0000] "GET /?p=11360 HTTP/1.1" 301 - "-" "Mozilla/5.0 AppleWebKit/537.36 (KHTML, like Gecko; compatible; ClaudeBot/1.0; +claudebot@anthropic.com)"
216.73.216.103 - - [31/Mar/2026:17:31:08 +0000] "GET /?p=10094 HTTP/1.1" 301 - "-" "Mozilla/5.0 AppleWebKit/537.36 (KHTML, like Gecko; compatible; ClaudeBot/1.0; +claudebot@anthropic.com)"
216.73.216.103 - - [31/Mar/2026:17:31:08 +0000] "GET /profitable-pokies-with-bonus-that-accept-australian-players/ HTTP/1.1" 200 150638 "https://schoolofgolf.co.nz/?p=11360" "Mozilla/5.0 AppleWebKit/537.36 (KHTML, like Gecko; compatible; ClaudeBot/1.0; +claudebot@anthropic.com)"
216.73.216.103 - - [31/Mar/2026:17:31:10 +0000] "GET /new-zealand-online-casino-for-uk/ HTTP/1.1" 200 150111 "https://schoolofgolf.co.nz/?p=10094" "Mozilla/5.0 AppleWebKit/537.36 (KHTML, like Gecko; compatible; ClaudeBot/1.0; +claudebot@anthropic.com)"
57.141.14.71 - - [31/Mar/2026:17:31:24 +0000] "GET /products/detail/121784181/ HTTP/1.1" 404 139215 "-" "meta-externalagent/1.1 (+https://developers.facebook.com/docs/sharing/webmasters/crawler)"
66.249.70.37 - - [31/Mar/2026:17:31:27 +0000] "GET /?p=4959 HTTP/1.1" 301 - "-" "Mozilla/5.0 (Linux; Android 6.0.1; Nexus 5X Build/MMB29P) AppleWebKit/537.36 (KHTML, like Gecko) Chrome/146.0.7680.153 Mobile Safari/537.36 (compatible; Googlebot/2.1; +http://www.google.com/bot.html)"
66.249.70.37 - - [31/Mar/2026:17:31:36 +0000] "GET /?p=8816 HTTP/1.1" 301 - "-" "Mozilla/5.0 (Linux; Android 6.0.1; Nexus 5X Build/MMB29P) AppleWebKit/537.36 (KHTML, like Gecko) Chrome/146.0.7680.153 Mobile Safari/537.36 (compatible; Googlebot/2.1; +http://www.google.com/bot.html)"
66.249.70.37 - - [31/Mar/2026:17:31:37 +0000] "GET /?p=9409 HTTP/1.1" 301 - "-" "Mozilla/5.0 (Linux; Android 6.0.1; Nexus 5X Build/MMB29P) AppleWebKit/537.36 (KHTML, like Gecko) Chrome/146.0.7680.153 Mobile Safari/537.36 (compatible; Googlebot/2.1; +http://www.google.com/bot.html)"
66.249.70.37 - - [31/Mar/2026:17:31:45 +0000] "GET /pokies-with-welcome-bonus-payout-percentages/ HTTP/1.1" 200 148786 "-" "Mozilla/5.0 (Linux; Android 6.0.1; Nexus 5X Build/MMB29P) AppleWebKit/537.36 (KHTML, like Gecko) Chrome/146.0.7680.153 Mobile Safari/537.36 (compatible; Googlebot/2.1; +http://www.google.com/bot.html)"
66.249.70.37 - - [31/Mar/2026:17:31:50 +0000] "GET /big-wins-no-deposit-pokies/ HTTP/1.1" 200 148757 "-" "Mozilla/5.0 (Linux; Android 6.0.1; Nexus 5X Build/MMB29P) AppleWebKit/537.36 (KHTML, like Gecko) Chrome/146.0.7680.153 Mobile Safari/537.36 (compatible; Googlebot/2.1; +http://www.google.com/bot.html)"
57.141.14.105 - - [31/Mar/2026:17:31:53 +0000] "GET /products/detail/97250181/ HTTP/1.1" 404 139215 "-" "meta-externalagent/1.1 (+https://developers.facebook.com/docs/sharing/webmasters/crawler)"
45.79.238.235 - - [31/Mar/2026:17:32:00 +0000] "POST /wp-cron.php?doing_wp_cron=1774978320.1279339790344238281250 HTTP/1.1" 200 - "-" "WordPress/6.9.4; https://schoolofgolf.co.nz"
66.249.70.37 - - [31/Mar/2026:17:31:59 +0000] "GET /osage-casino-sand-springs-au/ HTTP/1.1" 200 149359 "-" "Mozilla/5.0 (Linux; Android 6.0.1; Nexus 5X Build/MMB29P) AppleWebKit/537.36 (KHTML, like Gecko) Chrome/146.0.7680.153 Mobile Safari/537.36 (compatible; Googlebot/2.1; +http://www.google.com/bot.html)"
66.249.70.37 - - [31/Mar/2026:17:32:00 +0000] "GET /highest-paying-pokies-for-real-money/ HTTP/1.1" 200 149447 "-" "Mozilla/5.0 (Linux; Android 6.0.1; Nexus 5X Build/MMB29P) AppleWebKit/537.36 (KHTML, like Gecko) Chrome/146.0.7680.153 Mobile Safari/537.36 (compatible; Googlebot/2.1; +http://www.google.com/bot.html)"
57.141.14.92 - - [31/Mar/2026:17:32:22 +0000] "GET /products/detail/120938181/ HTTP/1.1" 404 139215 "-" "meta-externalagent/1.1 (+https://developers.facebook.com/docs/sharing/webmasters/crawler)"
66.249.70.37 - - [31/Mar/2026:17:32:27 +0000] "GET /wp-content/themes/astra/assets/js/minified/mobile-cart.min.js?ver=4.11.5 HTTP/1.1" 304 - "https://schoolofgolf.co.nz/highest-paying-pokies-for-real-money/" "Mozilla/5.0 (Linux; Android 6.0.1; Nexus 5X Build/MMB29P) AppleWebKit/537.36 (KHTML, like Gecko) Chrome/146.0.7680.153 Mobile Safari/537.36 (compatible; Googlebot/2.1; +http://www.google.com/bot.html)"
57.141.14.91 - - [31/Mar/2026:17:32:50 +0000] "GET /products/detail/79766121/ HTTP/1.1" 404 139215 "-" "meta-externalagent/1.1 (+https://developers.facebook.com/docs/sharing/webmasters/crawler)"
45.79.238.235 - - [31/Mar/2026:17:33:20 +0000] "POST /wp-cron.php?doing_wp_cron=1774978400.1897609233856201171875 HTTP/1.1" 200 - "-" "WordPress/6.9.4; https://schoolofgolf.co.nz"
57.141.14.110 - - [31/Mar/2026:17:33:18 +0000] "GET /products/detail/79390141/ HTTP/1.1" 404 139215 "-" "meta-externalagent/1.1 (+https://developers.facebook.com/docs/sharing/webmasters/crawler)"
57.141.14.104 - - [31/Mar/2026:17:33:48 +0000] "GET /products/detail/49874181/ HTTP/1.1" 404 139215 "-" "meta-externalagent/1.1 (+https://developers.facebook.com/docs/sharing/webmasters/crawler)"
45.79.238.235 - - [31/Mar/2026:17:34:12 +0000] "POST /wp-cron.php?doing_wp_cron=1774978452.1971759796142578125000 HTTP/1.1" 200 - "-" "WordPress/6.9.4; https://schoolofgolf.co.nz"
66.249.70.37 - - [31/Mar/2026:17:34:11 +0000] "GET /online-casino-for-nz-players/ HTTP/1.1" 200 149031 "-" "Mozilla/5.0 (Linux; Android 6.0.1; Nexus 5X Build/MMB29P) AppleWebKit/537.36 (KHTML, like Gecko) Chrome/146.0.7680.153 Mobile Safari/537.36 (compatible; Googlebot/2.1; +http://www.google.com/bot.html)"
57.141.14.110 - - [31/Mar/2026:17:34:16 +0000] "GET /products/detail/107966151/ HTTP/1.1" 404 139215 "-" "meta-externalagent/1.1 (+https://developers.facebook.com/docs/sharing/webmasters/crawler)"
57.141.14.62 - - [31/Mar/2026:17:34:45 +0000] "GET /products/detail/65760101/ HTTP/1.1" 404 139215 "-" "meta-externalagent/1.1 (+https://developers.facebook.com/docs/sharing/webmasters/crawler)"
45.79.238.235 - - [31/Mar/2026:17:35:00 +0000] "POST /wp-cron.php?doing_wp_cron=1774978499.8615040779113769531250 HTTP/1.1" 200 - "-" "WordPress/6.9.4; https://schoolofgolf.co.nz"
52.167.144.136 - - [31/Mar/2026:17:34:58 +0000] "GET /the-gardens-casino-hawaiian-gardens-au/ HTTP/1.1" 200 149989 "-" "Mozilla/5.0 AppleWebKit/537.36 (KHTML, like Gecko; compatible; bingbot/2.0; +http://www.bing.com/bingbot.htm) Chrome/116.0.1938.76 Safari/537.36"
57.141.14.99 - - [31/Mar/2026:17:35:13 +0000] "GET /products/detail/60308121/ HTTP/1.1" 404 139215 "-" "meta-externalagent/1.1 (+https://developers.facebook.com/docs/sharing/webmasters/crawler)"
66.249.70.39 - - [31/Mar/2026:17:35:16 +0000] "GET /?p=6546 HTTP/1.1" 301 - "-" "Mozilla/5.0 (Linux; Android 6.0.1; Nexus 5X Build/MMB29P) AppleWebKit/537.36 (KHTML, like Gecko) Chrome/146.0.7680.153 Mobile Safari/537.36 (compatible; Googlebot/2.1; +http://www.google.com/bot.html)"
66.249.70.38 - - [31/Mar/2026:17:35:37 +0000] "GET /best-online-slots-games-nz/ HTTP/1.1" 200 148721 "-" "Mozilla/5.0 (Linux; Android 6.0.1; Nexus 5X Build/MMB29P) AppleWebKit/537.36 (KHTML, like Gecko) Chrome/146.0.7680.153 Mobile Safari/537.36 (compatible; Googlebot/2.1; +http://www.google.com/bot.html)"
57.141.14.94 - - [31/Mar/2026:17:35:42 +0000] "GET /products/detail/107026111/ HTTP/1.1" 404 139215 "-" "meta-externalagent/1.1 (+https://developers.facebook.com/docs/sharing/webmasters/crawler)"
45.79.238.235 - - [31/Mar/2026:17:36:06 +0000] "POST /wp-cron.php?doing_wp_cron=1774978566.8543570041656494140625 HTTP/1.1" 200 - "-" "WordPress/6.9.4; https://schoolofgolf.co.nz"
66.249.70.38 - - [31/Mar/2026:17:36:05 +0000] "GET /australian-real-money-casino-pokies/ HTTP/1.1" 200 148894 "-" "Mozilla/5.0 (Linux; Android 6.0.1; Nexus 5X Build/MMB29P) AppleWebKit/537.36 (KHTML, like Gecko) Chrome/146.0.7680.153 Mobile Safari/537.36 (compatible; Googlebot/2.1; +http://www.google.com/bot.html)"
57.141.14.55 - - [31/Mar/2026:17:36:10 +0000] "GET /products/detail/111256111/ HTTP/1.1" 404 139215 "-" "meta-externalagent/1.1 (+https://developers.facebook.com/docs/sharing/webmasters/crawler)"
57.141.14.30 - - [31/Mar/2026:17:36:38 +0000] "GET /products/detail/54856141/ HTTP/1.1" 404 139215 "-" "meta-externalagent/1.1 (+https://developers.facebook.com/docs/sharing/webmasters/crawler)"
66.249.70.37 - - [31/Mar/2026:17:36:52 +0000] "GET /?p=8399 HTTP/1.1" 301 - "-" "Mozilla/5.0 (Linux; Android 6.0.1; Nexus 5X Build/MMB29P) AppleWebKit/537.36 (KHTML, like Gecko) Chrome/146.0.7680.153 Mobile Safari/537.36 (compatible; Googlebot/2.1; +http://www.google.com/bot.html)"
45.79.238.235 - - [31/Mar/2026:17:37:08 +0000] "POST /wp-cron.php?doing_wp_cron=1774978628.7908360958099365234375 HTTP/1.1" 200 - "-" "WordPress/6.9.4; https://schoolofgolf.co.nz"
57.141.14.68 - - [31/Mar/2026:17:37:07 +0000] "GET /products/detail/98378121/ HTTP/1.1" 404 139215 "-" "meta-externalagent/1.1 (+https://developers.facebook.com/docs/sharing/webmasters/crawler)"
66.249.70.37 - - [31/Mar/2026:17:37:13 +0000] "GET /australian-real-online-pokies/ HTTP/1.1" 200 149075 "-" "Mozilla/5.0 (Linux; Android 6.0.1; Nexus 5X Build/MMB29P) AppleWebKit/537.36 (KHTML, like Gecko) Chrome/146.0.7680.153 Mobile Safari/537.36 (compatible; Googlebot/2.1; +http://www.google.com/bot.html)"
66.249.70.37 - - [31/Mar/2026:17:37:22 +0000] "GET /2026-edition-of-the-australia-casino-guide/ HTTP/1.1" 200 149684 "-" "Mozilla/5.0 (Linux; Android 6.0.1; Nexus 5X Build/MMB29P) AppleWebKit/537.36 (KHTML, like Gecko) Chrome/146.0.7680.153 Mobile Safari/537.36 (compatible; Googlebot/2.1; +http://www.google.com/bot.html)"
57.141.14.34 - - [31/Mar/2026:17:37:36 +0000] "GET /products/detail/41978151/ HTTP/1.1" 404 139215 "-" "meta-externalagent/1.1 (+https://developers.facebook.com/docs/sharing/webmasters/crawler)"
45.79.238.235 - - [31/Mar/2026:17:38:06 +0000] "POST /wp-cron.php?doing_wp_cron=1774978686.1163558959960937500000 HTTP/1.1" 200 - "-" "WordPress/6.9.4; https://schoolofgolf.co.nz"
57.141.14.34 - - [31/Mar/2026:17:38:05 +0000] "GET /products/detail/121126171/ HTTP/1.1" 404 139215 "-" "meta-externalagent/1.1 (+https://developers.facebook.com/docs/sharing/webmasters/crawler)"
57.141.14.11 - - [31/Mar/2026:17:38:33 +0000] "GET /products/detail/56360151/ HTTP/1.1" 404 139215 "-" "meta-externalagent/1.1 (+https://developers.facebook.com/docs/sharing/webmasters/crawler)"
45.79.238.235 - - [31/Mar/2026:17:39:00 +0000] "POST /wp-cron.php?doing_wp_cron=1774978740.6721339225769042968750 HTTP/1.1" 200 - "-" "WordPress/6.9.4; https://schoolofgolf.co.nz"
66.249.70.39 - - [31/Mar/2026:17:38:59 +0000] "GET /?p=10494 HTTP/1.1" 301 - "-" "Mozilla/5.0 (Linux; Android 6.0.1; Nexus 5X Build/MMB29P) AppleWebKit/537.36 (KHTML, like Gecko) Chrome/146.0.7680.153 Mobile Safari/537.36 (compatible; Googlebot/2.1; +http://www.google.com/bot.html)"
66.249.70.38 - - [31/Mar/2026:17:39:20 +0000] "GET /best-online-pokies-app/ HTTP/1.1" 200 148685 "-" "Mozilla/5.0 (Linux; Android 6.0.1; Nexus 5X Build/MMB29P) AppleWebKit/537.36 (KHTML, like Gecko) Chrome/146.0.7680.153 Mobile Safari/537.36 (compatible; Googlebot/2.1; +http://www.google.com/bot.html)"
107.172.180.205 - - [31/Mar/2026:17:44:15 +0000] "GET / HTTP/1.1" 200 171448 "http://www.schoolofgolf.co.nz/" "Mozilla/5.0 (Macintosh; Intel Mac OS X 15_7_3) AppleWebKit/605.1.15 (KHTML, like Gecko) Version/26.0 Safari/605.1.15"
45.79.238.235 - - [31/Mar/2026:17:47:45 +0000] "POST /wp-cron.php?doing_wp_cron=1774979265.0243799686431884765625 HTTP/1.1" 200 - "-" "WordPress/6.9.4; https://schoolofgolf.co.nz"
66.249.70.38 - - [31/Mar/2026:17:47:44 +0000] "GET /?p=10744 HTTP/1.1" 301 - "-" "Mozilla/5.0 (Linux; Android 6.0.1; Nexus 5X Build/MMB29P) AppleWebKit/537.36 (KHTML, like Gecko) Chrome/146.0.7680.153 Mobile Safari/537.36 (compatible; Googlebot/2.1; +http://www.google.com/bot.html)"
45.79.238.235 - - [31/Mar/2026:17:48:08 +0000] "POST /wp-cron.php?doing_wp_cron=1774979288.4464690685272216796875 HTTP/1.1" 200 - "-" "WordPress/6.9.4; https://schoolofgolf.co.nz"
66.249.70.39 - - [31/Mar/2026:17:48:07 +0000] "GET /deposit-casino-pokies-where-you-win/ HTTP/1.1" 200 149135 "-" "Mozilla/5.0 (Linux; Android 6.0.1; Nexus 5X Build/MMB29P) AppleWebKit/537.36 (KHTML, like Gecko) Chrome/146.0.7680.153 Mobile Safari/537.36 (compatible; Googlebot/2.1; +http://www.google.com/bot.html)"
66.249.70.37 - - [31/Mar/2026:17:48:48 +0000] "GET /?p=7733 HTTP/1.1" 301 - "-" "Mozilla/5.0 (Linux; Android 6.0.1; Nexus 5X Build/MMB29P) AppleWebKit/537.36 (KHTML, like Gecko) Chrome/146.0.7680.153 Mobile Safari/537.36 (compatible; Googlebot/2.1; +http://www.google.com/bot.html)"
45.79.238.235 - - [31/Mar/2026:17:49:12 +0000] "POST /wp-cron.php?doing_wp_cron=1774979351.6528348922729492187500 HTTP/1.1" 200 - "-" "WordPress/6.9.4; https://schoolofgolf.co.nz"
66.249.70.38 - - [31/Mar/2026:17:49:10 +0000] "GET /pokies-with-welcome-bonus-strategy-tips/ HTTP/1.1" 200 149424 "-" "Mozilla/5.0 (Linux; Android 6.0.1; Nexus 5X Build/MMB29P) AppleWebKit/537.36 (KHTML, like Gecko) Chrome/146.0.7680.153 Mobile Safari/537.36 (compatible; Googlebot/2.1; +http://www.google.com/bot.html)"
66.249.70.38 - - [31/Mar/2026:17:49:18 +0000] "GET /most-famous-casino-in-nz/ HTTP/1.1" 200 149025 "-" "Mozilla/5.0 (Linux; Android 6.0.1; Nexus 5X Build/MMB29P) AppleWebKit/537.36 (KHTML, like Gecko) Chrome/146.0.7680.153 Mobile Safari/537.36 (compatible; Googlebot/2.1; +http://www.google.com/bot.html)"
45.79.238.235 - - [31/Mar/2026:17:49:56 +0000] "POST /wp-cron.php?doing_wp_cron=1774979396.2843959331512451171875 HTTP/1.1" 200 - "-" "WordPress/6.9.4; https://schoolofgolf.co.nz"
66.249.70.37 - - [31/Mar/2026:17:49:55 +0000] "GET /electronic-pokies-real-money-paypal/ HTTP/1.1" 200 148916 "-" "Mozilla/5.0 (Linux; Android 6.0.1; Nexus 5X Build/MMB29P) AppleWebKit/537.36 (KHTML, like Gecko) Chrome/146.0.7680.153 Mobile Safari/537.36 (compatible; Googlebot/2.1; +http://www.google.com/bot.html)"
45.79.238.235 - - [31/Mar/2026:17:52:05 +0000] "POST /wp-cron.php?doing_wp_cron=1774979524.9580409526824951171875 HTTP/1.1" 200 - "-" "WordPress/6.9.4; https://schoolofgolf.co.nz"
66.249.70.37 - - [31/Mar/2026:17:52:04 +0000] "GET /meadowlands-au-casino/ HTTP/1.1" 200 149750 "-" "Mozilla/5.0 (Linux; Android 6.0.1; Nexus 5X Build/MMB29P) AppleWebKit/537.36 (KHTML, like Gecko) Chrome/146.0.7680.153 Mobile Safari/537.36 (compatible; Googlebot/2.1; +http://www.google.com/bot.html)"
66.249.70.38 - - [31/Mar/2026:17:52:07 +0000] "POST /?wc-ajax=get_refreshed_fragments HTTP/1.1" 200 6913 "https://schoolofgolf.co.nz/meadowlands-au-casino/" "Mozilla/5.0 (Linux; Android 6.0.1; Nexus 5X Build/MMB29P) AppleWebKit/537.36 (KHTML, like Gecko) Chrome/146.0.7680.153 Mobile Safari/537.36 (compatible; Googlebot/2.1; +http://www.google.com/bot.html)"
188.245.210.41 - - [31/Mar/2026:17:52:22 +0000] "GET /meta.json HTTP/1.1" 404 139215 "-" "Mozilla/5.0"
45.79.238.235 - - [31/Mar/2026:17:53:38 +0000] "POST /wp-cron.php?doing_wp_cron=1774979618.1282129287719726562500 HTTP/1.1" 200 - "-" "WordPress/6.9.4; https://schoolofgolf.co.nz"
66.249.70.39 - - [31/Mar/2026:17:53:37 +0000] "GET /?p=5001 HTTP/1.1" 301 - "-" "Mozilla/5.0 (Linux; Android 6.0.1; Nexus 5X Build/MMB29P) AppleWebKit/537.36 (KHTML, like Gecko) Chrome/146.0.7680.153 Mobile Safari/537.36 (compatible; Googlebot/2.1; +http://www.google.com/bot.html)"
45.79.238.235 - - [31/Mar/2026:17:53:59 +0000] "POST /wp-cron.php?doing_wp_cron=1774979639.7940130233764648437500 HTTP/1.1" 200 - "-" "WordPress/6.9.4; https://schoolofgolf.co.nz"
66.249.70.38 - - [31/Mar/2026:17:53:58 +0000] "GET /safe-pokies-machine-free-play/ HTTP/1.1" 200 149518 "-" "Mozilla/5.0 (Linux; Android 6.0.1; Nexus 5X Build/MMB29P) AppleWebKit/537.36 (KHTML, like Gecko) Chrome/146.0.7680.153 Mobile Safari/537.36 (compatible; Googlebot/2.1; +http://www.google.com/bot.html)"
45.79.238.235 - - [31/Mar/2026:17:55:34 +0000] "POST /wp-cron.php?doing_wp_cron=1774979734.7084970474243164062500 HTTP/1.1" 200 - "-" "WordPress/6.9.4; https://schoolofgolf.co.nz"
66.249.70.37 - - [31/Mar/2026:17:55:33 +0000] "GET /?p=12320 HTTP/1.1" 301 - "-" "Mozilla/5.0 (Linux; Android 6.0.1; Nexus 5X Build/MMB29P) AppleWebKit/537.36 (KHTML, like Gecko) Chrome/146.0.7680.153 Mobile Safari/537.36 (compatible; Googlebot/2.1; +http://www.google.com/bot.html)"
45.79.238.235 - - [31/Mar/2026:17:56:03 +0000] "POST /wp-cron.php?doing_wp_cron=1774979763.2319331169128417968750 HTTP/1.1" 200 - "-" "WordPress/6.9.4; https://schoolofgolf.co.nz"
66.249.70.38 - - [31/Mar/2026:17:56:02 +0000] "GET /free-pokies-heart-of-vegas/ HTTP/1.1" 200 150149 "-" "Mozilla/5.0 (Linux; Android 6.0.1; Nexus 5X Build/MMB29P) AppleWebKit/537.36 (KHTML, like Gecko) Chrome/146.0.7680.153 Mobile Safari/537.36 (compatible; Googlebot/2.1; +http://www.google.com/bot.html)"
52.167.144.175 - - [31/Mar/2026:17:56:35 +0000] "GET /electronic-pokies-app-for-android/ HTTP/1.1" 200 149916 "-" "Mozilla/5.0 AppleWebKit/537.36 (KHTML, like Gecko; compatible; bingbot/2.0; +http://www.bing.com/bingbot.htm) Chrome/116.0.1938.76 Safari/537.36"
45.79.238.235 - - [31/Mar/2026:17:57:31 +0000] "POST /wp-cron.php?doing_wp_cron=1774979851.8110039234161376953125 HTTP/1.1" 200 - "-" "WordPress/6.9.4; https://schoolofgolf.co.nz"
66.249.70.38 - - [31/Mar/2026:17:57:31 +0000] "GET /?p=6338 HTTP/1.1" 301 - "-" "Mozilla/5.0 (Linux; Android 6.0.1; Nexus 5X Build/MMB29P) AppleWebKit/537.36 (KHTML, like Gecko) Chrome/146.0.7680.164 Mobile Safari/537.36 (compatible; GoogleOther)"
66.249.70.39 - - [31/Mar/2026:17:57:33 +0000] "GET /how-old-to-get-in-casino-in-australia/ HTTP/1.1" 200 150196 "-" "Mozilla/5.0 (Linux; Android 6.0.1; Nexus 5X Build/MMB29P) AppleWebKit/537.36 (KHTML, like Gecko) Chrome/146.0.7680.164 Mobile Safari/537.36 (compatible; GoogleOther)"
66.249.70.39 - - [31/Mar/2026:17:57:34 +0000] "GET /online-pokies-australia-win/ HTTP/1.1" 200 149173 "-" "Mozilla/5.0 (Linux; Android 6.0.1; Nexus 5X Build/MMB29P) AppleWebKit/537.36 (KHTML, like Gecko) Chrome/146.0.7680.153 Mobile Safari/537.36 (compatible; Googlebot/2.1; +http://www.google.com/bot.html)"
66.249.70.38 - - [31/Mar/2026:17:57:34 +0000] "GET /free-pokies-online-4u/ HTTP/1.1" 200 149405 "-" "Mozilla/5.0 (Linux; Android 6.0.1; Nexus 5X Build/MMB29P) AppleWebKit/537.36 (KHTML, like Gecko) Chrome/146.0.7680.153 Mobile Safari/537.36 (compatible; Googlebot/2.1; +http://www.google.com/bot.html)"
66.249.70.38 - - [31/Mar/2026:17:57:36 +0000] "GET /wp-content/plugins/header-footer-elementor/assets/css/header-footer-elementor.css?ver=2.4.4 HTTP/1.1" 304 - "https://schoolofgolf.co.nz/how-old-to-get-in-casino-in-australia/" "Mozilla/5.0 (Linux; Android 6.0.1; Nexus 5X Build/MMB29P) AppleWebKit/537.36 (KHTML, like Gecko) Chrome/146.0.7680.164 Mobile Safari/537.36 (compatible; GoogleOther)"
66.249.70.38 - - [31/Mar/2026:17:57:37 +0000] "GET /wp-content/uploads/elementor/css/post-4397.css?ver=1752117576 HTTP/1.1" 304 - "https://schoolofgolf.co.nz/how-old-to-get-in-casino-in-australia/" "Mozilla/5.0 (Linux; Android 6.0.1; Nexus 5X Build/MMB29P) AppleWebKit/537.36 (KHTML, like Gecko) Chrome/146.0.7680.164 Mobile Safari/537.36 (compatible; GoogleOther)"
66.249.70.37 - - [31/Mar/2026:17:57:44 +0000] "GET /wp-content/plugins/elementor/assets/lib/font-awesome/css/solid.css?ver=5.15.3 HTTP/1.1" 304 - "https://schoolofgolf.co.nz/how-old-to-get-in-casino-in-australia/" "Mozilla/5.0 (Linux; Android 6.0.1; Nexus 5X Build/MMB29P) AppleWebKit/537.36 (KHTML, like Gecko) Chrome/146.0.7680.164 Mobile Safari/537.36 (compatible; GoogleOther)"
66.249.70.37 - - [31/Mar/2026:17:57:47 +0000] "GET /wp-content/plugins/astra-addon/assets/js/minified/purify.min.js?ver=4.11.4 HTTP/1.1" 304 - "https://schoolofgolf.co.nz/how-old-to-get-in-casino-in-australia/" "Mozilla/5.0 (Linux; Android 6.0.1; Nexus 5X Build/MMB29P) AppleWebKit/537.36 (KHTML, like Gecko) Chrome/146.0.7680.164 Mobile Safari/537.36 (compatible; GoogleOther)"
66.249.70.37 - - [31/Mar/2026:17:57:49 +0000] "GET /wp-content/plugins/elementor/assets/css/widget-icon-list.min.css?ver=3.24.3 HTTP/1.1" 304 - "https://schoolofgolf.co.nz/how-old-to-get-in-casino-in-australia/" "Mozilla/5.0 (Linux; Android 6.0.1; Nexus 5X Build/MMB29P) AppleWebKit/537.36 (KHTML, like Gecko) Chrome/146.0.7680.164 Mobile Safari/537.36 (compatible; GoogleOther)"
66.249.70.37 - - [31/Mar/2026:17:57:53 +0000] "GET /willie-nelson-slot-machine/ HTTP/1.1" 200 149472 "-" "Mozilla/5.0 (Linux; Android 6.0.1; Nexus 5X Build/MMB29P) AppleWebKit/537.36 (KHTML, like Gecko) Chrome/146.0.7680.153 Mobile Safari/537.36 (compatible; Googlebot/2.1; +http://www.google.com/bot.html)"
45.79.238.235 - - [31/Mar/2026:17:58:02 +0000] "POST /wp-cron.php?doing_wp_cron=1774979882.1589179039001464843750 HTTP/1.1" 200 - "-" "WordPress/6.9.4; https://schoolofgolf.co.nz"
66.249.70.39 - - [31/Mar/2026:17:58:01 +0000] "GET /play-australian-pokies-games-for-fun-only/ HTTP/1.1" 200 148774 "-" "Mozilla/5.0 (Linux; Android 6.0.1; Nexus 5X Build/MMB29P) AppleWebKit/537.36 (KHTML, like Gecko) Chrome/146.0.7680.153 Mobile Safari/537.36 (compatible; Googlebot/2.1; +http://www.google.com/bot.html)"
66.249.70.37 - - [31/Mar/2026:17:58:02 +0000] "GET /online-slot-machines-nz/ HTTP/1.1" 200 149795 "-" "Mozilla/5.0 (Linux; Android 6.0.1; Nexus 5X Build/MMB29P) AppleWebKit/537.36 (KHTML, like Gecko) Chrome/146.0.7680.153 Mobile Safari/537.36 (compatible; Googlebot/2.1; +http://www.google.com/bot.html)"
20.15.133.165 - - [31/Mar/2026:17:58:36 +0000] "GET /robots.txt HTTP/1.1" 304 - "-" "Mozilla/5.0 AppleWebKit/537.36 (KHTML, like Gecko; compatible; bingbot/2.0; +http://www.bing.com/bingbot.htm) Chrome/116.0.1938.76 Safari/537.36"
20.15.133.184 - - [31/Mar/2026:17:58:41 +0000] "GET /mobile-pokies-for-real-money-no-download/ HTTP/1.1" 200 150684 "-" "Mozilla/5.0 AppleWebKit/537.36 (KHTML, like Gecko; compatible; bingbot/2.0; +http://www.bing.com/bingbot.htm) Chrome/116.0.1938.76 Safari/537.36"
45.79.238.235 - - [31/Mar/2026:18:01:03 +0000] "POST /wp-cron.php?doing_wp_cron=1774980062.9570488929748535156250 HTTP/1.1" 200 - "-" "WordPress/6.9.4; https://schoolofgolf.co.nz"
66.249.70.38 - - [31/Mar/2026:18:01:01 +0000] "GET /the-highest-quality-casino-and-pokies-with-bonus-games-on-the-market/ HTTP/1.1" 200 149777 "-" "Mozilla/5.0 (Linux; Android 6.0.1; Nexus 5X Build/MMB29P) AppleWebKit/537.36 (KHTML, like Gecko) Chrome/146.0.7680.153 Mobile Safari/537.36 (compatible; Googlebot/2.1; +http://www.google.com/bot.html)"
45.79.238.235 - - [31/Mar/2026:18:02:11 +0000] "POST /wp-cron.php?doing_wp_cron=1774980131.7819659709930419921875 HTTP/1.1" 200 - "-" "WordPress/6.9.4; https://schoolofgolf.co.nz"
