154.209.193.240 - - [31/Mar/2026:19:41:56 +0000] "GET /wp-admin/js/media-upload.min.js?ver=6.9.4 HTTP/1.1" 200 1152 "https://sumitkumarlaw.co.nz/wp-admin/" "Mozilla/5.0 (Windows NT 10.0; Win64; x64) AppleWebKit/537.36 (KHTML, like Gecko) Chrome/144.0.0.0 Safari/537.36"
154.209.193.240 - - [31/Mar/2026:19:41:56 +0000] "GET /wp-includes/js/dist/date.min.js?ver=795a56839718d3ff7eae HTTP/1.1" 200 783699 "https://sumitkumarlaw.co.nz/wp-admin/" "Mozilla/5.0 (Windows NT 10.0; Win64; x64) AppleWebKit/537.36 (KHTML, like Gecko) Chrome/144.0.0.0 Safari/537.36"
154.209.193.240 - - [31/Mar/2026:19:41:56 +0000] "GET /wp-admin/js/plugin-install.min.js?ver=6.9.4 HTTP/1.1" 200 2403 "https://sumitkumarlaw.co.nz/wp-admin/" "Mozilla/5.0 (Windows NT 10.0; Win64; x64) AppleWebKit/537.36 (KHTML, like Gecko) Chrome/144.0.0.0 Safari/537.36"
154.209.193.240 - - [31/Mar/2026:19:41:56 +0000] "GET /wp-includes/js/wp-sanitize.min.js?ver=6.9.4 HTTP/1.1" 200 444 "https://sumitkumarlaw.co.nz/wp-admin/" "Mozilla/5.0 (Windows NT 10.0; Win64; x64) AppleWebKit/537.36 (KHTML, like Gecko) Chrome/144.0.0.0 Safari/537.36"
154.209.193.240 - - [31/Mar/2026:19:41:56 +0000] "GET /wp-includes/js/shortcode.min.js?ver=6.9.4 HTTP/1.1" 200 2643 "https://sumitkumarlaw.co.nz/wp-admin/" "Mozilla/5.0 (Windows NT 10.0; Win64; x64) AppleWebKit/537.36 (KHTML, like Gecko) Chrome/144.0.0.0 Safari/537.36"
154.209.193.240 - - [31/Mar/2026:19:41:56 +0000] "GET /wp-includes/js/heartbeat.min.js?ver=6.9.4 HTTP/1.1" 200 5947 "https://sumitkumarlaw.co.nz/wp-admin/" "Mozilla/5.0 (Windows NT 10.0; Win64; x64) AppleWebKit/537.36 (KHTML, like Gecko) Chrome/144.0.0.0 Safari/537.36"
154.209.193.240 - - [31/Mar/2026:19:41:56 +0000] "GET /wp-admin/js/svg-painter.js?ver=6.9.4 HTTP/1.1" 200 3280 "https://sumitkumarlaw.co.nz/wp-admin/" "Mozilla/5.0 (Windows NT 10.0; Win64; x64) AppleWebKit/537.36 (KHTML, like Gecko) Chrome/144.0.0.0 Safari/537.36"
154.209.193.240 - - [31/Mar/2026:19:41:56 +0000] "GET /wp-admin/js/updates.min.js?ver=6.9.4 HTTP/1.1" 200 48443 "https://sumitkumarlaw.co.nz/wp-admin/" "Mozilla/5.0 (Windows NT 10.0; Win64; x64) AppleWebKit/537.36 (KHTML, like Gecko) Chrome/144.0.0.0 Safari/537.36"
154.209.193.240 - - [31/Mar/2026:19:41:56 +0000] "GET /wp-includes/js/dist/vendor/react.min.js?ver=18.3.1.1 HTTP/1.1" 200 10628 "https://sumitkumarlaw.co.nz/wp-admin/" "Mozilla/5.0 (Windows NT 10.0; Win64; x64) AppleWebKit/537.36 (KHTML, like Gecko) Chrome/144.0.0.0 Safari/537.36"
154.209.193.240 - - [31/Mar/2026:19:41:56 +0000] "GET /wp-includes/js/dist/is-shallow-equal.min.js?ver=e0f9f1d78d83f5196979 HTTP/1.1" 200 1018 "https://sumitkumarlaw.co.nz/wp-admin/" "Mozilla/5.0 (Windows NT 10.0; Win64; x64) AppleWebKit/537.36 (KHTML, like Gecko) Chrome/144.0.0.0 Safari/537.36"
154.209.193.240 - - [31/Mar/2026:19:41:56 +0000] "GET /wp-includes/js/dist/element.min.js?ver=6a582b0c827fa25df3dd HTTP/1.1" 200 12112 "https://sumitkumarlaw.co.nz/wp-admin/" "Mozilla/5.0 (Windows NT 10.0; Win64; x64) AppleWebKit/537.36 (KHTML, like Gecko) Chrome/144.0.0.0 Safari/537.36"
154.209.193.240 - - [31/Mar/2026:19:41:56 +0000] "GET /wp-includes/js/dist/vendor/react-jsx-runtime.min.js?ver=18.3.1 HTTP/1.1" 200 900 "https://sumitkumarlaw.co.nz/wp-admin/" "Mozilla/5.0 (Windows NT 10.0; Win64; x64) AppleWebKit/537.36 (KHTML, like Gecko) Chrome/144.0.0.0 Safari/537.36"
154.209.193.240 - - [31/Mar/2026:19:41:56 +0000] "GET /wp-includes/js/dist/dom.min.js?ver=26edef3be6483da3de2e HTTP/1.1" 200 12598 "https://sumitkumarlaw.co.nz/wp-admin/" "Mozilla/5.0 (Windows NT 10.0; Win64; x64) AppleWebKit/537.36 (KHTML, like Gecko) Chrome/144.0.0.0 Safari/537.36"
154.209.193.240 - - [31/Mar/2026:19:41:56 +0000] "GET /wp-includes/js/dist/vendor/react-dom.min.js?ver=18.3.1.1 HTTP/1.1" 200 128946 "https://sumitkumarlaw.co.nz/wp-admin/" "Mozilla/5.0 (Windows NT 10.0; Win64; x64) AppleWebKit/537.36 (KHTML, like Gecko) Chrome/144.0.0.0 Safari/537.36"
154.209.193.240 - - [31/Mar/2026:19:41:56 +0000] "GET /wp-includes/js/dist/escape-html.min.js?ver=6561a406d2d232a6fbd2 HTTP/1.1" 200 1000 "https://sumitkumarlaw.co.nz/wp-admin/" "Mozilla/5.0 (Windows NT 10.0; Win64; x64) AppleWebKit/537.36 (KHTML, like Gecko) Chrome/144.0.0.0 Safari/537.36"
154.209.193.240 - - [31/Mar/2026:19:41:56 +0000] "GET /wp-includes/js/wp-auth-check.min.js?ver=6.9.4 HTTP/1.1" 200 1658 "https://sumitkumarlaw.co.nz/wp-admin/" "Mozilla/5.0 (Windows NT 10.0; Win64; x64) AppleWebKit/537.36 (KHTML, like Gecko) Chrome/144.0.0.0 Safari/537.36"
154.209.193.240 - - [31/Mar/2026:19:41:56 +0000] "GET /wp-includes/js/dist/keycodes.min.js?ver=34c8fb5e7a594a1c8037 HTTP/1.1" 200 2568 "https://sumitkumarlaw.co.nz/wp-admin/" "Mozilla/5.0 (Windows NT 10.0; Win64; x64) AppleWebKit/537.36 (KHTML, like Gecko) Chrome/144.0.0.0 Safari/537.36"
154.209.193.240 - - [31/Mar/2026:19:41:56 +0000] "GET /wp-includes/js/dist/priority-queue.min.js?ver=2d59d091223ee9a33838 HTTP/1.1" 200 3382 "https://sumitkumarlaw.co.nz/wp-admin/" "Mozilla/5.0 (Windows NT 10.0; Win64; x64) AppleWebKit/537.36 (KHTML, like Gecko) Chrome/144.0.0.0 Safari/537.36"
154.209.193.240 - - [31/Mar/2026:19:41:56 +0000] "GET /wp-includes/js/dist/compose.min.js?ver=7a9b375d8c19cf9d3d9b HTTP/1.1" 200 36634 "https://sumitkumarlaw.co.nz/wp-admin/" "Mozilla/5.0 (Windows NT 10.0; Win64; x64) AppleWebKit/537.36 (KHTML, like Gecko) Chrome/144.0.0.0 Safari/537.36"
154.209.193.240 - - [31/Mar/2026:19:41:56 +0000] "GET /wp-includes/js/dist/redux-routine.min.js?ver=8bb92d45458b29590f53 HTTP/1.1" 200 8889 "https://sumitkumarlaw.co.nz/wp-admin/" "Mozilla/5.0 (Windows NT 10.0; Win64; x64) AppleWebKit/537.36 (KHTML, like Gecko) Chrome/144.0.0.0 Safari/537.36"
154.209.193.240 - - [31/Mar/2026:19:41:56 +0000] "GET /wp-includes/js/dist/keyboard-shortcuts.min.js?ver=fbc45a34ce65c5723afa HTTP/1.1" 200 3056 "https://sumitkumarlaw.co.nz/wp-admin/" "Mozilla/5.0 (Windows NT 10.0; Win64; x64) AppleWebKit/537.36 (KHTML, like Gecko) Chrome/144.0.0.0 Safari/537.36"
154.209.193.240 - - [31/Mar/2026:19:41:56 +0000] "GET /wp-includes/js/dist/private-apis.min.js?ver=4f465748bda624774139 HTTP/1.1" 200 2833 "https://sumitkumarlaw.co.nz/wp-admin/" "Mozilla/5.0 (Windows NT 10.0; Win64; x64) AppleWebKit/537.36 (KHTML, like Gecko) Chrome/144.0.0.0 Safari/537.36"
154.209.193.240 - - [31/Mar/2026:19:41:56 +0000] "GET /wp-includes/js/dist/primitives.min.js?ver=0b5dcc337aa7cbf75570 HTTP/1.1" 200 1661 "https://sumitkumarlaw.co.nz/wp-admin/" "Mozilla/5.0 (Windows NT 10.0; Win64; x64) AppleWebKit/537.36 (KHTML, like Gecko) Chrome/144.0.0.0 Safari/537.36"
154.209.193.240 - - [31/Mar/2026:19:41:56 +0000] "GET /wp-includes/js/dist/block-serialization-default-parser.min.js?ver=14d44daebf663d05d330 HTTP/1.1" 200 2400 "https://sumitkumarlaw.co.nz/wp-admin/" "Mozilla/5.0 (Windows NT 10.0; Win64; x64) AppleWebKit/537.36 (KHTML, like Gecko) Chrome/144.0.0.0 Safari/537.36"
154.209.193.240 - - [31/Mar/2026:19:41:56 +0000] "GET /wp-includes/js/dist/data.min.js?ver=f940198280891b0b6318 HTTP/1.1" 200 25446 "https://sumitkumarlaw.co.nz/wp-admin/" "Mozilla/5.0 (Windows NT 10.0; Win64; x64) AppleWebKit/537.36 (KHTML, like Gecko) Chrome/144.0.0.0 Safari/537.36"
154.209.193.240 - - [31/Mar/2026:19:41:56 +0000] "GET /wp-includes/js/dist/html-entities.min.js?ver=e8b78b18a162491d5e5f HTTP/1.1" 200 792 "https://sumitkumarlaw.co.nz/wp-admin/" "Mozilla/5.0 (Windows NT 10.0; Win64; x64) AppleWebKit/537.36 (KHTML, like Gecko) Chrome/144.0.0.0 Safari/537.36"
154.209.193.240 - - [31/Mar/2026:19:41:56 +0000] "GET /wp-includes/js/dist/warning.min.js?ver=d69bc18c456d01c11d5a HTTP/1.1" 200 303 "https://sumitkumarlaw.co.nz/wp-admin/" "Mozilla/5.0 (Windows NT 10.0; Win64; x64) AppleWebKit/537.36 (KHTML, like Gecko) Chrome/144.0.0.0 Safari/537.36"
154.209.193.240 - - [31/Mar/2026:19:41:56 +0000] "GET /wp-includes/js/dist/autop.min.js?ver=9fb50649848277dd318d HTTP/1.1" 200 5614 "https://sumitkumarlaw.co.nz/wp-admin/" "Mozilla/5.0 (Windows NT 10.0; Win64; x64) AppleWebKit/537.36 (KHTML, like Gecko) Chrome/144.0.0.0 Safari/537.36"
154.209.193.240 - - [31/Mar/2026:19:41:56 +0000] "GET /wp-includes/js/dist/commands.min.js?ver=cac8f4817ab7cea0ac49 HTTP/1.1" 200 49929 "https://sumitkumarlaw.co.nz/wp-admin/" "Mozilla/5.0 (Windows NT 10.0; Win64; x64) AppleWebKit/537.36 (KHTML, like Gecko) Chrome/144.0.0.0 Safari/537.36"
154.209.193.240 - - [31/Mar/2026:19:41:56 +0000] "GET /wp-includes/js/dist/blob.min.js?ver=9113eed771d446f4a556 HTTP/1.1" 200 1108 "https://sumitkumarlaw.co.nz/wp-admin/" "Mozilla/5.0 (Windows NT 10.0; Win64; x64) AppleWebKit/537.36 (KHTML, like Gecko) Chrome/144.0.0.0 Safari/537.36"
154.209.193.240 - - [31/Mar/2026:19:41:56 +0000] "GET /wp-includes/js/dist/components.min.js?ver=0d72a218dfea8f6f442f HTTP/1.1" 200 805479 "https://sumitkumarlaw.co.nz/wp-admin/" "Mozilla/5.0 (Windows NT 10.0; Win64; x64) AppleWebKit/537.36 (KHTML, like Gecko) Chrome/144.0.0.0 Safari/537.36"
154.209.193.240 - - [31/Mar/2026:19:41:56 +0000] "GET /wp-includes/js/dist/api-fetch.min.js?ver=3a4d9af2b423048b0dee HTTP/1.1" 200 5799 "https://sumitkumarlaw.co.nz/wp-admin/" "Mozilla/5.0 (Windows NT 10.0; Win64; x64) AppleWebKit/537.36 (KHTML, like Gecko) Chrome/144.0.0.0 Safari/537.36"
154.209.193.240 - - [31/Mar/2026:19:41:56 +0000] "GET /wp-includes/js/dist/rich-text.min.js?ver=5bdbb44f3039529e3645 HTTP/1.1" 200 37297 "https://sumitkumarlaw.co.nz/wp-admin/" "Mozilla/5.0 (Windows NT 10.0; Win64; x64) AppleWebKit/537.36 (KHTML, like Gecko) Chrome/144.0.0.0 Safari/537.36"
154.209.193.240 - - [31/Mar/2026:19:41:56 +0000] "GET /wp-includes/js/dist/preferences-persistence.min.js?ver=e954d3a4426d311f7d1a HTTP/1.1" 200 5457 "https://sumitkumarlaw.co.nz/wp-admin/" "Mozilla/5.0 (Windows NT 10.0; Win64; x64) AppleWebKit/537.36 (KHTML, like Gecko) Chrome/144.0.0.0 Safari/537.36"
154.209.193.240 - - [31/Mar/2026:19:41:56 +0000] "GET /wp-includes/js/dist/blocks.min.js?ver=57eca4d23daac7159d88 HTTP/1.1" 200 176880 "https://sumitkumarlaw.co.nz/wp-admin/" "Mozilla/5.0 (Windows NT 10.0; Win64; x64) AppleWebKit/537.36 (KHTML, like Gecko) Chrome/144.0.0.0 Safari/537.36"
154.209.193.240 - - [31/Mar/2026:19:41:56 +0000] "GET /wp-includes/js/dist/notices.min.js?ver=f62fbf15dcc23301922f HTTP/1.1" 200 2078 "https://sumitkumarlaw.co.nz/wp-admin/" "Mozilla/5.0 (Windows NT 10.0; Win64; x64) AppleWebKit/537.36 (KHTML, like Gecko) Chrome/144.0.0.0 Safari/537.36"
154.209.193.240 - - [31/Mar/2026:19:41:56 +0000] "GET /wp-includes/js/dist/shortcode.min.js?ver=0b3174183b858f2df320 HTTP/1.1" 200 2898 "https://sumitkumarlaw.co.nz/wp-admin/" "Mozilla/5.0 (Windows NT 10.0; Win64; x64) AppleWebKit/537.36 (KHTML, like Gecko) Chrome/144.0.0.0 Safari/537.36"
154.209.193.240 - - [31/Mar/2026:19:41:56 +0000] "GET /wp-includes/js/dist/preferences.min.js?ver=2ca086aed510c242a1ed HTTP/1.1" 200 7014 "https://sumitkumarlaw.co.nz/wp-admin/" "Mozilla/5.0 (Windows NT 10.0; Win64; x64) AppleWebKit/537.36 (KHTML, like Gecko) Chrome/144.0.0.0 Safari/537.36"
154.209.193.240 - - [31/Mar/2026:19:41:56 +0000] "GET /wp-includes/js/dist/router.min.js?ver=2dfc4b954318a03e6a76 HTTP/1.1" 200 13763 "https://sumitkumarlaw.co.nz/wp-admin/" "Mozilla/5.0 (Windows NT 10.0; Win64; x64) AppleWebKit/537.36 (KHTML, like Gecko) Chrome/144.0.0.0 Safari/537.36"
154.209.193.240 - - [31/Mar/2026:19:41:56 +0000] "GET /wp-includes/js/dist/style-engine.min.js?ver=7c6fcedc37dadafb8a81 HTTP/1.1" 200 6059 "https://sumitkumarlaw.co.nz/wp-admin/" "Mozilla/5.0 (Windows NT 10.0; Win64; x64) AppleWebKit/537.36 (KHTML, like Gecko) Chrome/144.0.0.0 Safari/537.36"
154.209.193.240 - - [31/Mar/2026:19:41:56 +0000] "GET /wp-content/plugins/wpforms-lite/assets/lite/js/admin/education/lite-connect.min.js?ver=1.8.4.1 HTTP/1.1" 200 5238 "https://sumitkumarlaw.co.nz/wp-admin/" "Mozilla/5.0 (Windows NT 10.0; Win64; x64) AppleWebKit/537.36 (KHTML, like Gecko) Chrome/144.0.0.0 Safari/537.36"
154.209.193.240 - - [31/Mar/2026:19:41:56 +0000] "GET /wp-includes/js/dist/core-data.min.js?ver=15baadfe6e1374188072 HTTP/1.1" 200 70383 "https://sumitkumarlaw.co.nz/wp-admin/" "Mozilla/5.0 (Windows NT 10.0; Win64; x64) AppleWebKit/537.36 (KHTML, like Gecko) Chrome/144.0.0.0 Safari/537.36"
154.209.193.240 - - [31/Mar/2026:19:41:56 +0000] "GET /wp-includes/js/dist/core-commands.min.js?ver=effe2d88d7f0c50a8ce9 HTTP/1.1" 200 10639 "https://sumitkumarlaw.co.nz/wp-admin/" "Mozilla/5.0 (Windows NT 10.0; Win64; x64) AppleWebKit/537.36 (KHTML, like Gecko) Chrome/144.0.0.0 Safari/537.36"
154.209.193.240 - - [31/Mar/2026:19:41:56 +0000] "GET /wp-content/plugins/elementor/assets/lib/backbone/backbone.radio.min.js?ver=1.0.4 HTTP/1.1" 200 3753 "https://sumitkumarlaw.co.nz/wp-admin/" "Mozilla/5.0 (Windows NT 10.0; Win64; x64) AppleWebKit/537.36 (KHTML, like Gecko) Chrome/144.0.0.0 Safari/537.36"
154.209.193.240 - - [31/Mar/2026:19:41:56 +0000] "GET /wp-includes/js/jquery/ui/draggable.min.js?ver=1.13.3 HTTP/1.1" 200 18420 "https://sumitkumarlaw.co.nz/wp-admin/" "Mozilla/5.0 (Windows NT 10.0; Win64; x64) AppleWebKit/537.36 (KHTML, like Gecko) Chrome/144.0.0.0 Safari/537.36"
154.209.193.240 - - [31/Mar/2026:19:41:56 +0000] "GET /wp-includes/js/backbone.min.js?ver=1.6.0 HTTP/1.1" 200 24301 "https://sumitkumarlaw.co.nz/wp-admin/" "Mozilla/5.0 (Windows NT 10.0; Win64; x64) AppleWebKit/537.36 (KHTML, like Gecko) Chrome/144.0.0.0 Safari/537.36"
154.209.193.240 - - [31/Mar/2026:19:41:56 +0000] "GET /wp-content/plugins/elementor/assets/lib/backbone/backbone.marionette.min.js?ver=2.4.5.e1 HTTP/1.1" 200 45156 "https://sumitkumarlaw.co.nz/wp-admin/" "Mozilla/5.0 (Windows NT 10.0; Win64; x64) AppleWebKit/537.36 (KHTML, like Gecko) Chrome/144.0.0.0 Safari/537.36"
154.209.193.240 - - [31/Mar/2026:19:41:56 +0000] "GET /wp-includes/js/dist/block-editor.min.js?ver=addf558a422e2ee57920 HTTP/1.1" 200 892243 "https://sumitkumarlaw.co.nz/wp-admin/" "Mozilla/5.0 (Windows NT 10.0; Win64; x64) AppleWebKit/537.36 (KHTML, like Gecko) Chrome/144.0.0.0 Safari/537.36"
154.209.193.240 - - [31/Mar/2026:19:41:56 +0000] "GET /wp-content/plugins/wpforms-lite/assets/lib/jquery.confirm/jquery-confirm.min.js?ver=3.3.4 HTTP/1.1" 200 28222 "https://sumitkumarlaw.co.nz/wp-admin/" "Mozilla/5.0 (Windows NT 10.0; Win64; x64) AppleWebKit/537.36 (KHTML, like Gecko) Chrome/144.0.0.0 Safari/537.36"
154.209.193.240 - - [31/Mar/2026:19:41:56 +0000] "GET /wp-includes/js/dist/token-list.min.js?ver=cfdf635a436c3953a965 HTTP/1.1" 200 1299 "https://sumitkumarlaw.co.nz/wp-admin/" "Mozilla/5.0 (Windows NT 10.0; Win64; x64) AppleWebKit/537.36 (KHTML, like Gecko) Chrome/144.0.0.0 Safari/537.36"
154.209.193.240 - - [31/Mar/2026:19:41:56 +0000] "GET /wp-content/plugins/elementor/assets/js/common-modules.min.js?ver=3.16.6 HTTP/1.1" 200 105377 "https://sumitkumarlaw.co.nz/wp-admin/" "Mozilla/5.0 (Windows NT 10.0; Win64; x64) AppleWebKit/537.36 (KHTML, like Gecko) Chrome/144.0.0.0 Safari/537.36"
154.209.193.240 - - [31/Mar/2026:19:41:56 +0000] "GET /wp-content/plugins/elementor/assets/js/dev-tools.min.js?ver=3.16.6 HTTP/1.1" 200 7689 "https://sumitkumarlaw.co.nz/wp-admin/" "Mozilla/5.0 (Windows NT 10.0; Win64; x64) AppleWebKit/537.36 (KHTML, like Gecko) Chrome/144.0.0.0 Safari/537.36"
154.209.193.240 - - [31/Mar/2026:19:41:56 +0000] "GET /wp-content/plugins/elementor/assets/lib/dialog/dialog.min.js?ver=4.9.0 HTTP/1.1" 200 10749 "https://sumitkumarlaw.co.nz/wp-admin/" "Mozilla/5.0 (Windows NT 10.0; Win64; x64) AppleWebKit/537.36 (KHTML, like Gecko) Chrome/144.0.0.0 Safari/537.36"
154.209.193.240 - - [31/Mar/2026:19:41:56 +0000] "GET /wp-content/plugins/elementor/assets/js/web-cli.min.js?ver=3.16.6 HTTP/1.1" 200 179035 "https://sumitkumarlaw.co.nz/wp-admin/" "Mozilla/5.0 (Windows NT 10.0; Win64; x64) AppleWebKit/537.36 (KHTML, like Gecko) Chrome/144.0.0.0 Safari/537.36"
154.209.193.240 - - [31/Mar/2026:19:41:56 +0000] "GET /wp-content/plugins/elementor/assets/js/common.min.js?ver=3.16.6 HTTP/1.1" 200 159745 "https://sumitkumarlaw.co.nz/wp-admin/" "Mozilla/5.0 (Windows NT 10.0; Win64; x64) AppleWebKit/537.36 (KHTML, like Gecko) Chrome/144.0.0.0 Safari/537.36"
154.209.193.240 - - [31/Mar/2026:19:41:56 +0000] "GET /wp-content/plugins/elementor/assets/js/app-loader.min.js?ver=3.16.6 HTTP/1.1" 200 92186 "https://sumitkumarlaw.co.nz/wp-admin/" "Mozilla/5.0 (Windows NT 10.0; Win64; x64) AppleWebKit/537.36 (KHTML, like Gecko) Chrome/144.0.0.0 Safari/537.36"
154.209.193.240 - - [31/Mar/2026:19:41:56 +0000] "GET /wp-content/plugins/elementor/assets/js/admin-modules.min.js?ver=3.16.6 HTTP/1.1" 200 18006 "https://sumitkumarlaw.co.nz/wp-admin/" "Mozilla/5.0 (Windows NT 10.0; Win64; x64) AppleWebKit/537.36 (KHTML, like Gecko) Chrome/144.0.0.0 Safari/537.36"
154.209.193.240 - - [31/Mar/2026:19:41:56 +0000] "GET /wp-content/plugins/wpforms-lite/assets/lite/js/admin/dashboard-widget.min.js?ver=1.8.4.1 HTTP/1.1" 200 3257 "https://sumitkumarlaw.co.nz/wp-admin/" "Mozilla/5.0 (Windows NT 10.0; Win64; x64) AppleWebKit/537.36 (KHTML, like Gecko) Chrome/144.0.0.0 Safari/537.36"
154.209.193.240 - - [31/Mar/2026:19:41:56 +0000] "GET /wp-content/plugins/elementor/assets/js/import-export-admin.min.js?ver=3.16.6 HTTP/1.1" 200 6328 "https://sumitkumarlaw.co.nz/wp-admin/" "Mozilla/5.0 (Windows NT 10.0; Win64; x64) AppleWebKit/537.36 (KHTML, like Gecko) Chrome/144.0.0.0 Safari/537.36"
154.209.193.240 - - [31/Mar/2026:19:41:56 +0000] "GET /wp-content/plugins/elementor/assets/js/admin.min.js?ver=3.16.6 HTTP/1.1" 200 51826 "https://sumitkumarlaw.co.nz/wp-admin/" "Mozilla/5.0 (Windows NT 10.0; Win64; x64) AppleWebKit/537.36 (KHTML, like Gecko) Chrome/144.0.0.0 Safari/537.36"
154.209.193.240 - - [31/Mar/2026:19:41:56 +0000] "GET /wp-content/plugins/wpforms-lite/assets/lib/chart.min.js?ver=2.7.2 HTTP/1.1" 200 159638 "https://sumitkumarlaw.co.nz/wp-admin/" "Mozilla/5.0 (Windows NT 10.0; Win64; x64) AppleWebKit/537.36 (KHTML, like Gecko) Chrome/144.0.0.0 Safari/537.36"
154.209.193.240 - - [31/Mar/2026:19:41:56 +0000] "GET /wp-content/plugins/insert-headers-and-footers/build/notices.js?ver=2.3.4 HTTP/1.1" 200 617 "https://sumitkumarlaw.co.nz/wp-admin/" "Mozilla/5.0 (Windows NT 10.0; Win64; x64) AppleWebKit/537.36 (KHTML, like Gecko) Chrome/144.0.0.0 Safari/537.36"
154.209.193.240 - - [31/Mar/2026:19:41:56 +0000] "GET /wp-content/plugins/astra-pro-sites/inc/assets/js/install-theme.js?ver=3.4.4 HTTP/1.1" 200 2880 "https://sumitkumarlaw.co.nz/wp-admin/" "Mozilla/5.0 (Windows NT 10.0; Win64; x64) AppleWebKit/537.36 (KHTML, like Gecko) Chrome/144.0.0.0 Safari/537.36"
154.209.193.240 - - [31/Mar/2026:19:41:56 +0000] "GET /wp-content/plugins/wpforms-lite/assets/js/components/admin/notices.min.js?ver=1.8.4.1 HTTP/1.1" 200 656 "https://sumitkumarlaw.co.nz/wp-admin/" "Mozilla/5.0 (Windows NT 10.0; Win64; x64) AppleWebKit/537.36 (KHTML, like Gecko) Chrome/144.0.0.0 Safari/537.36"
154.209.193.240 - - [31/Mar/2026:19:41:56 +0000] "GET /wp-includes/js/wplink.min.js?ver=6.9.4 HTTP/1.1" 200 11317 "https://sumitkumarlaw.co.nz/wp-admin/" "Mozilla/5.0 (Windows NT 10.0; Win64; x64) AppleWebKit/537.36 (KHTML, like Gecko) Chrome/144.0.0.0 Safari/537.36"
154.209.193.240 - - [31/Mar/2026:19:41:56 +0000] "GET /wp-includes/js/jquery/ui/autocomplete.min.js?ver=1.13.3 HTTP/1.1" 200 8536 "https://sumitkumarlaw.co.nz/wp-admin/" "Mozilla/5.0 (Windows NT 10.0; Win64; x64) AppleWebKit/537.36 (KHTML, like Gecko) Chrome/144.0.0.0 Safari/537.36"
154.209.193.240 - - [31/Mar/2026:19:41:56 +0000] "GET /wp-includes/js/jquery/ui/menu.min.js?ver=1.13.3 HTTP/1.1" 200 10199 "https://sumitkumarlaw.co.nz/wp-admin/" "Mozilla/5.0 (Windows NT 10.0; Win64; x64) AppleWebKit/537.36 (KHTML, like Gecko) Chrome/144.0.0.0 Safari/537.36"
154.209.193.240 - - [31/Mar/2026:19:41:57 +0000] "GET /wp-json/wp/v2/users/me?context=edit&_locale=user HTTP/1.1" 200 2209 "https://sumitkumarlaw.co.nz/wp-admin/" "Mozilla/5.0 (Windows NT 10.0; Win64; x64) AppleWebKit/537.36 (KHTML, like Gecko) Chrome/144.0.0.0 Safari/537.36"
154.209.193.240 - - [31/Mar/2026:19:41:57 +0000] "GET /wp-includes/js/thickbox/loadingAnimation.gif HTTP/1.1" 200 15238 "https://sumitkumarlaw.co.nz/wp-admin/" "Mozilla/5.0 (Windows NT 10.0; Win64; x64) AppleWebKit/537.36 (KHTML, like Gecko) Chrome/144.0.0.0 Safari/537.36"
154.209.193.240 - - [31/Mar/2026:19:41:57 +0000] "POST /wp-admin/admin-ajax.php HTTP/1.1" 200 1849 "https://sumitkumarlaw.co.nz/wp-admin/" "Mozilla/5.0 (Windows NT 10.0; Win64; x64) AppleWebKit/537.36 (KHTML, like Gecko) Chrome/144.0.0.0 Safari/537.36"
154.209.193.240 - - [31/Mar/2026:19:42:00 +0000] "GET /wp-admin/admin.php?page=wp-php-console HTTP/1.1" 200 92511 "https://sumitkumarlaw.co.nz/wp-admin/" "Mozilla/5.0 (Windows NT 10.0; Win64; x64) AppleWebKit/537.36 (KHTML, like Gecko) Chrome/144.0.0.0 Safari/537.36"
154.209.193.240 - - [31/Mar/2026:19:42:01 +0000] "GET /wp-admin/load-styles.php?c=0&dir=ltr&load%5Bchunk_0%5D=dashicons,admin-bar,common,forms,admin-menu,dashboard,list-tables,edit,revisions,media,themes,about,nav-menus,wp-pointer,widgets&load%5Bchunk_1%5D=,site-icon,l10n,buttons,wp-auth-check,wp-components,wp-commands&ver=6.9.4 HTTP/1.1" 200 525904 "https://sumitkumarlaw.co.nz/wp-admin/admin.php?page=wp-php-console" "Mozilla/5.0 (Windows NT 10.0; Win64; x64) AppleWebKit/537.36 (KHTML, like Gecko) Chrome/144.0.0.0 Safari/537.36"
45.79.238.235 - - [31/Mar/2026:19:41:54 +0000] "POST /wp-admin/admin-ajax.php?action=as_async_request_queue_runner&nonce=58a3f62cc3 HTTP/1.1" 200 - "-" "WordPress/6.9.4; https://sumitkumarlaw.co.nz"
154.209.193.240 - - [31/Mar/2026:19:41:57 +0000] "GET /wp-admin/admin-ajax.php?action=dashboard-widgets&widget=dashboard_primary&pagenow=dashboard HTTP/1.1" 200 915 "https://sumitkumarlaw.co.nz/wp-admin/" "Mozilla/5.0 (Windows NT 10.0; Win64; x64) AppleWebKit/537.36 (KHTML, like Gecko) Chrome/144.0.0.0 Safari/537.36"
154.209.193.240 - - [31/Mar/2026:19:42:02 +0000] "GET /wp-json/wp/v2/users/me?context=edit&_locale=user HTTP/1.1" 200 2209 "https://sumitkumarlaw.co.nz/wp-admin/admin.php?page=wp-php-console" "Mozilla/5.0 (Windows NT 10.0; Win64; x64) AppleWebKit/537.36 (KHTML, like Gecko) Chrome/144.0.0.0 Safari/537.36"
45.79.238.235 - - [31/Mar/2026:19:41:50 +0000] "POST /wp-admin/admin-ajax.php?action=wp_astra_site_importer&nonce=9d15610f84 HTTP/1.1" 200 - "-" "WordPress/6.9.4; https://sumitkumarlaw.co.nz"
154.209.193.240 - - [31/Mar/2026:19:43:04 +0000] "POST /wp-admin/admin-ajax.php HTTP/1.1" 200 47 "https://sumitkumarlaw.co.nz/wp-admin/admin.php?page=wp-php-console" "Mozilla/5.0 (Windows NT 10.0; Win64; x64) AppleWebKit/537.36 (KHTML, like Gecko) Chrome/144.0.0.0 Safari/537.36"
45.79.238.235 - - [31/Mar/2026:19:44:06 +0000] "POST /wp-cron.php?doing_wp_cron=1774986245.8277149200439453125000 HTTP/1.1" 200 - "-" "WordPress/6.9.4; https://sumitkumarlaw.co.nz"
154.209.193.240 - - [31/Mar/2026:19:44:05 +0000] "POST /wp-admin/admin-ajax.php HTTP/1.1" 200 47 "https://sumitkumarlaw.co.nz/wp-admin/admin.php?page=wp-php-console" "Mozilla/5.0 (Windows NT 10.0; Win64; x64) AppleWebKit/537.36 (KHTML, like Gecko) Chrome/144.0.0.0 Safari/537.36"
154.209.193.240 - - [31/Mar/2026:19:45:41 +0000] "POST /wp-admin/admin-ajax.php HTTP/1.1" 200 47 "https://sumitkumarlaw.co.nz/wp-admin/admin.php?page=wp-php-console" "Mozilla/5.0 (Windows NT 10.0; Win64; x64) AppleWebKit/537.36 (KHTML, like Gecko) Chrome/144.0.0.0 Safari/537.36"
165.245.238.80 - - [31/Mar/2026:19:45:43 +0000] "POST /wp-login.php HTTP/1.1" 200 6286 "-" "Mozilla/5.0"
45.79.238.235 - - [31/Mar/2026:19:46:42 +0000] "POST /wp-cron.php?doing_wp_cron=1774986402.2673809528350830078125 HTTP/1.1" 200 - "-" "WordPress/6.9.4; https://sumitkumarlaw.co.nz"
154.209.193.240 - - [31/Mar/2026:19:46:41 +0000] "POST /wp-admin/admin-ajax.php HTTP/1.1" 200 47 "https://sumitkumarlaw.co.nz/wp-admin/admin.php?page=wp-php-console" "Mozilla/5.0 (Windows NT 10.0; Win64; x64) AppleWebKit/537.36 (KHTML, like Gecko) Chrome/144.0.0.0 Safari/537.36"
141.98.11.44 - - [31/Mar/2026:19:48:32 +0000] "GET /wp-includes/sodium_compat/src/Core/SecretStream/State.php HTTP/1.1" 403 4170 "-" "Mozilla/5.0 (Windows NT 10.0; Win64; x64) AppleWebKit/537.36"
45.79.238.235 - - [31/Mar/2026:19:48:41 +0000] "POST /wp-cron.php?doing_wp_cron=1774986521.9599430561065673828125 HTTP/1.1" 200 - "-" "WordPress/6.9.4; https://sumitkumarlaw.co.nz"
154.209.193.240 - - [31/Mar/2026:19:48:41 +0000] "POST /wp-admin/admin-ajax.php HTTP/1.1" 200 47 "https://sumitkumarlaw.co.nz/wp-admin/admin.php?page=wp-php-console" "Mozilla/5.0 (Windows NT 10.0; Win64; x64) AppleWebKit/537.36 (KHTML, like Gecko) Chrome/144.0.0.0 Safari/537.36"
45.79.238.235 - - [31/Mar/2026:19:50:36 +0000] "POST /wp-cron.php?doing_wp_cron=1774986636.7673690319061279296875 HTTP/1.1" 200 - "-" "WordPress/6.9.4; https://sumitkumarlaw.co.nz"
137.184.54.121 - - [31/Mar/2026:19:50:36 +0000] "POST /wp-login.php HTTP/1.1" 200 6286 "-" "Mozilla/5.0"
154.209.193.240 - - [31/Mar/2026:19:50:41 +0000] "POST /wp-admin/admin-ajax.php HTTP/1.1" 200 47 "https://sumitkumarlaw.co.nz/wp-admin/admin.php?page=wp-php-console" "Mozilla/5.0 (Windows NT 10.0; Win64; x64) AppleWebKit/537.36 (KHTML, like Gecko) Chrome/144.0.0.0 Safari/537.36"
45.79.238.235 - - [31/Mar/2026:19:51:02 +0000] "POST /wp-cron.php?doing_wp_cron=1774986662.6363940238952636718750 HTTP/1.1" 200 - "-" "WordPress/6.9.4; https://sumitkumarlaw.co.nz"
46.203.117.249 - - [31/Mar/2026:19:51:01 +0000] "GET /2026/02/25/best-online-no-deposit-pokies-aus/ HTTP/1.1" 200 105548 "-" "Mozilla/5.0 (Macintosh; Intel Mac OS X 10_15_7) AppleWebKit/537.36 (KHTML, like Gecko) Chrome/104.0.0.0 Safari/537.36"
83.229.55.148 - - [31/Mar/2026:19:51:04 +0000] "GET /2026/02/25/what-is-the-largest-gambling-casino-in-the-new-zealand/ HTTP/1.1" 200 104880 "-" "Mozilla/5.0 (Macintosh; Intel Mac OS X 10_15_7) AppleWebKit/537.36 (KHTML, like Gecko) Chrome/104.0.0.0 Safari/537.36"
161.178.140.192 - - [31/Mar/2026:19:51:05 +0000] "POST /wp-login.php HTTP/1.1" 200 6286 "-" "Mozilla/5.0"
82.41.160.232 - - [31/Mar/2026:19:51:06 +0000] "GET /?p=1067 HTTP/1.1" 301 - "-" "Mozilla/5.0 (Macintosh; Intel Mac OS X 10_15_7) AppleWebKit/537.36 (KHTML, like Gecko) Chrome/104.0.0.0 Safari/537.36"
82.41.160.232 - - [31/Mar/2026:19:51:06 +0000] "GET /2026/02/25/where-can-i-play-roulette-in-new-zealand/ HTTP/1.1" 200 104966 "-" "Mozilla/5.0 (Macintosh; Intel Mac OS X 10_15_7) AppleWebKit/537.36 (KHTML, like Gecko) Chrome/104.0.0.0 Safari/537.36"
146.120.248.10 - - [31/Mar/2026:19:51:28 +0000] "GET /?p=2324 HTTP/1.1" 301 - "https://sumitkumarlaw.co.nz/" "Mozilla/5.0 (Windows NT 10.0; Win64; x64) AppleWebKit/537.36 (KHTML, like Gecko) Chrome/135.0.0.0 Safari/537.36 Edg/135.0.0.0"
103.133.7.102 - - [31/Mar/2026:19:51:30 +0000] "GET /2026/02/25/morton-nz-casino/ HTTP/1.1" 200 105167 "https://sumitkumarlaw.co.nz/" "Mozilla/5.0 (Windows NT 10.0; Win64; x64) AppleWebKit/537.36 (KHTML, like Gecko) Chrome/135.0.0.0 Safari/537.36 Edg/135.0.0.0"
154.209.193.240 - - [31/Mar/2026:19:51:42 +0000] "POST /wp-admin/admin-ajax.php HTTP/1.1" 200 47 "https://sumitkumarlaw.co.nz/wp-admin/admin.php?page=wp-php-console" "Mozilla/5.0 (Windows NT 10.0; Win64; x64) AppleWebKit/537.36 (KHTML, like Gecko) Chrome/144.0.0.0 Safari/537.36"
45.79.238.235 - - [31/Mar/2026:19:53:10 +0000] "POST /wp-cron.php?doing_wp_cron=1774986790.2144908905029296875000 HTTP/1.1" 200 - "-" "WordPress/6.9.4; https://sumitkumarlaw.co.nz"
82.25.163.62 - - [31/Mar/2026:19:53:09 +0000] "GET /?p=879 HTTP/1.1" 301 - "-" "Mozilla/5.0 (Macintosh; Intel Mac OS X 10_15_7) AppleWebKit/537.36 (KHTML, like Gecko) Chrome/104.0.0.0 Safari/537.36"
82.25.163.62 - - [31/Mar/2026:19:53:10 +0000] "GET /2026/02/25/online-casino-no-deposit-bonus-no-playthrough-australia/ HTTP/1.1" 200 104961 "-" "Mozilla/5.0 (Macintosh; Intel Mac OS X 10_15_7) AppleWebKit/537.36 (KHTML, like Gecko) Chrome/104.0.0.0 Safari/537.36"
46.202.242.201 - - [31/Mar/2026:19:53:13 +0000] "GET /2026/02/25/free-pokies-games-for-mobiles-jackpot-pokies-online/ HTTP/1.1" 200 104842 "-" "Mozilla/5.0 (Macintosh; Intel Mac OS X 10_15_7) AppleWebKit/537.36 (KHTML, like Gecko) Chrome/104.0.0.0 Safari/537.36"
82.38.252.101 - - [31/Mar/2026:19:53:16 +0000] "GET /author/ HTTP/1.1" 404 96945 "-" "Mozilla/5.0 (Macintosh; Intel Mac OS X 10_15_7) AppleWebKit/537.36 (KHTML, like Gecko) Chrome/104.0.0.0 Safari/537.36"
47.82.10.102 - - [31/Mar/2026:19:53:17 +0000] "GET /?p=839 HTTP/1.1" 301 - "https://sumitkumarlaw.co.nz/" "Mozilla/5.0 (Windows NT 10.0; Win64; x64) AppleWebKit/537.36 (KHTML, like Gecko) Chrome/135.0.0.0 Safari/537.36"
47.82.10.102 - - [31/Mar/2026:19:53:18 +0000] "GET /2026/02/25/roulette-wheel-nz/ HTTP/1.1" 200 104461 "https://sumitkumarlaw.co.nz/" "Mozilla/5.0 (Windows NT 10.0; Win64; x64) AppleWebKit/537.36 (KHTML, like Gecko) Chrome/135.0.0.0 Safari/537.36"
82.41.55.165 - - [31/Mar/2026:19:53:18 +0000] "GET /?p=929 HTTP/1.1" 301 - "-" "Mozilla/5.0 (Macintosh; Intel Mac OS X 10_15_7) AppleWebKit/537.36 (KHTML, like Gecko) Chrome/104.0.0.0 Safari/537.36"
82.41.55.165 - - [31/Mar/2026:19:53:19 +0000] "GET /2026/02/25/virtual-pokies-games-with-bonus-rounds/ HTTP/1.1" 200 104867 "-" "Mozilla/5.0 (Macintosh; Intel Mac OS X 10_15_7) AppleWebKit/537.36 (KHTML, like Gecko) Chrome/104.0.0.0 Safari/537.36"
82.38.229.105 - - [31/Mar/2026:19:53:21 +0000] "GET /2026/02/25/no-registration-pokies-promotions/ HTTP/1.1" 200 104993 "-" "Mozilla/5.0 (Macintosh; Intel Mac OS X 10_15_7) AppleWebKit/537.36 (KHTML, like Gecko) Chrome/104.0.0.0 Safari/537.36"
213.255.221.9 - - [31/Mar/2026:19:53:23 +0000] "GET /author/admin/ HTTP/1.1" 200 105643 "-" "Mozilla/5.0 (Macintosh; Intel Mac OS X 10_15_7) AppleWebKit/537.36 (KHTML, like Gecko) Chrome/104.0.0.0 Safari/537.36"
82.24.166.27 - - [31/Mar/2026:19:53:25 +0000] "GET /?p=843 HTTP/1.1" 301 - "-" "Mozilla/5.0 (Macintosh; Intel Mac OS X 10_15_7) AppleWebKit/537.36 (KHTML, like Gecko) Chrome/104.0.0.0 Safari/537.36"
82.24.166.27 - - [31/Mar/2026:19:53:26 +0000] "GET /2026/02/25/best-slot-odds-in-new-zealand/ HTTP/1.1" 200 105173 "-" "Mozilla/5.0 (Macintosh; Intel Mac OS X 10_15_7) AppleWebKit/537.36 (KHTML, like Gecko) Chrome/104.0.0.0 Safari/537.36"
82.41.213.233 - - [31/Mar/2026:19:53:29 +0000] "GET /?p=1041 HTTP/1.1" 301 - "-" "Mozilla/5.0 (Macintosh; Intel Mac OS X 10_15_7) AppleWebKit/537.36 (KHTML, like Gecko) Chrome/104.0.0.0 Safari/537.36"
82.41.213.233 - - [31/Mar/2026:19:53:30 +0000] "GET /2026/02/25/windsor-casino-new-zealand/ HTTP/1.1" 200 104546 "-" "Mozilla/5.0 (Macintosh; Intel Mac OS X 10_15_7) AppleWebKit/537.36 (KHTML, like Gecko) Chrome/104.0.0.0 Safari/537.36"
154.209.193.240 - - [31/Mar/2026:19:53:43 +0000] "POST /wp-admin/admin-ajax.php HTTP/1.1" 200 47 "https://sumitkumarlaw.co.nz/wp-admin/admin.php?page=wp-php-console" "Mozilla/5.0 (Windows NT 10.0; Win64; x64) AppleWebKit/537.36 (KHTML, like Gecko) Chrome/144.0.0.0 Safari/537.36"
45.79.238.235 - - [31/Mar/2026:19:54:51 +0000] "POST /wp-cron.php?doing_wp_cron=1774986891.6593079566955566406250 HTTP/1.1" 200 - "-" "WordPress/6.9.4; https://sumitkumarlaw.co.nz"
154.209.193.240 - - [31/Mar/2026:19:54:50 +0000] "POST /wp-admin/admin-ajax.php HTTP/1.1" 200 47 "https://sumitkumarlaw.co.nz/wp-admin/admin.php?page=wp-php-console" "Mozilla/5.0 (Windows NT 10.0; Win64; x64) AppleWebKit/537.36 (KHTML, like Gecko) Chrome/144.0.0.0 Safari/537.36"
45.79.238.235 - - [31/Mar/2026:19:54:54 +0000] "POST /wp-cron.php?doing_wp_cron=1774986894.8487110137939453125000 HTTP/1.1" 200 - "-" "WordPress/6.9.4; https://sumitkumarlaw.co.nz"
43.157.191.20 - - [31/Mar/2026:19:54:54 +0000] "GET / HTTP/1.1" 200 154894 "http://sumitkumarlaw.co.nz" "Mozilla/5.0 (iPhone; CPU iPhone OS 13_2_3 like Mac OS X) AppleWebKit/605.1.15 (KHTML, like Gecko) Version/13.0.3 Mobile/15E148 Safari/604.1"
45.79.238.235 - - [31/Mar/2026:19:55:58 +0000] "POST /wp-cron.php?doing_wp_cron=1774986958.8116409778594970703125 HTTP/1.1" 200 - "-" "WordPress/6.9.4; https://sumitkumarlaw.co.nz"
154.209.193.240 - - [31/Mar/2026:19:55:57 +0000] "POST /wp-admin/admin-ajax.php HTTP/1.1" 200 47 "https://sumitkumarlaw.co.nz/wp-admin/admin.php?page=wp-php-console" "Mozilla/5.0 (Windows NT 10.0; Win64; x64) AppleWebKit/537.36 (KHTML, like Gecko) Chrome/144.0.0.0 Safari/537.36"
45.79.238.235 - - [31/Mar/2026:19:57:01 +0000] "POST /wp-cron.php?doing_wp_cron=1774987021.2829530239105224609375 HTTP/1.1" 200 - "-" "WordPress/6.9.4; https://sumitkumarlaw.co.nz"
154.209.193.240 - - [31/Mar/2026:19:56:57 +0000] "POST /wp-admin/admin-ajax.php HTTP/1.1" 200 47 "https://sumitkumarlaw.co.nz/wp-admin/admin.php?page=wp-php-console" "Mozilla/5.0 (Windows NT 10.0; Win64; x64) AppleWebKit/537.36 (KHTML, like Gecko) Chrome/144.0.0.0 Safari/537.36"
45.79.238.235 - - [31/Mar/2026:19:57:09 +0000] "POST /wp-cron.php?doing_wp_cron=1774987029.6375079154968261718750 HTTP/1.1" 200 - "-" "WordPress/6.9.4; https://sumitkumarlaw.co.nz"
45.79.238.235 - - [31/Mar/2026:19:57:00 +0000] "POST /wp-admin/admin-ajax.php?action=as_async_request_queue_runner&nonce=58a3f62cc3 HTTP/1.1" 200 - "-" "WordPress/6.9.4; https://sumitkumarlaw.co.nz"
154.209.193.240 - - [31/Mar/2026:19:56:44 +0000] "POST /wp-admin/admin.php?page=wp-php-console HTTP/1.1" 200 40420 "https://sumitkumarlaw.co.nz/wp-admin/admin.php?page=wp-php-console" "Mozilla/5.0 (Windows NT 10.0; Win64; x64) AppleWebKit/537.36 (KHTML, like Gecko) Chrome/144.0.0.0 Safari/537.36"
45.79.238.235 - - [31/Mar/2026:19:58:47 +0000] "GET /index.php?feed=xmlsitemap26 HTTP/1.1" 500 2653 "-" "-"
45.79.238.235 - - [31/Mar/2026:19:58:47 +0000] "GET /sitemap26.xml HTTP/1.1" 500 2653 "-" "-"
45.79.238.235 - - [31/Mar/2026:19:58:54 +0000] "POST /wp-cron.php?doing_wp_cron=1774987134.2054901123046875000000 HTTP/1.1" 200 - "-" "WordPress/6.9.4; https://sumitkumarlaw.co.nz"
154.209.193.240 - - [31/Mar/2026:19:59:02 +0000] "POST /wp-admin/admin.php?page=wp-php-console HTTP/1.1" 500 3109 "https://sumitkumarlaw.co.nz/wp-admin/admin.php?page=wp-php-console" "Mozilla/5.0 (Windows NT 10.0; Win64; x64) AppleWebKit/537.36 (KHTML, like Gecko) Chrome/144.0.0.0 Safari/537.36"
154.209.193.240 - - [31/Mar/2026:19:59:05 +0000] "GET /wp-admin/ HTTP/1.1" 500 3109 "-" "Mozilla/5.0 (Windows NT 10.0; Win64; x64) AppleWebKit/537.36 (KHTML, like Gecko) Chrome/144.0.0.0 Safari/537.36"
154.209.193.240 - - [31/Mar/2026:19:59:18 +0000] "GET /wp-admin/ HTTP/1.1" 200 162195 "-" "Mozilla/5.0 (Windows NT 10.0; Win64; x64) AppleWebKit/537.36 (KHTML, like Gecko) Chrome/144.0.0.0 Safari/537.36"
154.209.193.240 - - [31/Mar/2026:19:59:21 +0000] "GET /wp-json/wp/v2/users/me?context=edit&_locale=user HTTP/1.1" 200 2209 "https://sumitkumarlaw.co.nz/wp-admin/" "Mozilla/5.0 (Windows NT 10.0; Win64; x64) AppleWebKit/537.36 (KHTML, like Gecko) Chrome/144.0.0.0 Safari/537.36"
66.249.70.69 - - [31/Mar/2026:19:59:23 +0000] "GET /2026/02/25/how-to-trick-pokies-in-australia/ HTTP/1.1" 200 103361 "-" "Mozilla/5.0 (Linux; Android 6.0.1; Nexus 5X Build/MMB29P) AppleWebKit/537.36 (KHTML, like Gecko) Chrome/146.0.7680.164 Mobile Safari/537.36 (compatible; Googlebot/2.1; +http://www.google.com/bot.html)"
154.209.193.240 - - [31/Mar/2026:19:59:24 +0000] "GET /wp-admin/admin.php?page=wp-php-console HTTP/1.1" 200 89588 "https://sumitkumarlaw.co.nz/wp-admin/" "Mozilla/5.0 (Windows NT 10.0; Win64; x64) AppleWebKit/537.36 (KHTML, like Gecko) Chrome/144.0.0.0 Safari/537.36"
154.209.193.240 - - [31/Mar/2026:19:59:26 +0000] "GET /wp-json/wp/v2/users/me?context=edit&_locale=user HTTP/1.1" 200 2209 "https://sumitkumarlaw.co.nz/wp-admin/admin.php?page=wp-php-console" "Mozilla/5.0 (Windows NT 10.0; Win64; x64) AppleWebKit/537.36 (KHTML, like Gecko) Chrome/144.0.0.0 Safari/537.36"
66.249.70.67 - - [31/Mar/2026:19:59:27 +0000] "GET /2026/02/25/money-pokies-machines-to-play-for-free/ HTTP/1.1" 200 103564 "-" "Mozilla/5.0 (Linux; Android 6.0.1; Nexus 5X Build/MMB29P) AppleWebKit/537.36 (KHTML, like Gecko) Chrome/146.0.7680.164 Mobile Safari/537.36 (compatible; Googlebot/2.1; +http://www.google.com/bot.html)"
154.209.193.240 - - [31/Mar/2026:20:00:27 +0000] "POST /wp-admin/admin-ajax.php HTTP/1.1" 200 47 "https://sumitkumarlaw.co.nz/wp-admin/admin.php?page=wp-php-console" "Mozilla/5.0 (Windows NT 10.0; Win64; x64) AppleWebKit/537.36 (KHTML, like Gecko) Chrome/144.0.0.0 Safari/537.36"
45.79.238.235 - - [31/Mar/2026:20:00:27 +0000] "GET /index.php?feed=xmlsitemap26 HTTP/1.1" 200 4277516 "-" "-"
154.209.193.240 - - [31/Mar/2026:20:00:18 +0000] "POST /wp-admin/admin.php?page=wp-php-console HTTP/1.1" 200 39735 "https://sumitkumarlaw.co.nz/wp-admin/admin.php?page=wp-php-console" "Mozilla/5.0 (Windows NT 10.0; Win64; x64) AppleWebKit/537.36 (KHTML, like Gecko) Chrome/144.0.0.0 Safari/537.36"
154.209.193.240 - - [31/Mar/2026:20:00:50 +0000] "GET /wp-admin/admin.php?page=wp-php-console HTTP/1.1" 200 89588 "https://sumitkumarlaw.co.nz/wp-admin/" "Mozilla/5.0 (Windows NT 10.0; Win64; x64) AppleWebKit/537.36 (KHTML, like Gecko) Chrome/144.0.0.0 Safari/537.36"
154.209.193.240 - - [31/Mar/2026:20:00:51 +0000] "GET /wp-json/wp/v2/users/me?context=edit&_locale=user HTTP/1.1" 200 2209 "https://sumitkumarlaw.co.nz/wp-admin/admin.php?page=wp-php-console" "Mozilla/5.0 (Windows NT 10.0; Win64; x64) AppleWebKit/537.36 (KHTML, like Gecko) Chrome/144.0.0.0 Safari/537.36"
74.235.238.88 - - [31/Mar/2026:20:00:59 +0000] "GET /wp-admin/network/about.php HTTP/1.1" 302 - "-" "-"
74.235.238.88 - - [31/Mar/2026:20:00:59 +0000] "GET /wp-login.php?redirect_to=https%3A%2F%2Fsumitkumarlaw.co.nz%2Fwp-admin%2Fnetwork%2Fabout.php&reauth=1 HTTP/1.1" 200 5933 "-" "-"
154.209.193.240 - - [31/Mar/2026:20:01:52 +0000] "POST /wp-admin/admin-ajax.php HTTP/1.1" 200 47 "https://sumitkumarlaw.co.nz/wp-admin/admin.php?page=wp-php-console" "Mozilla/5.0 (Windows NT 10.0; Win64; x64) AppleWebKit/537.36 (KHTML, like Gecko) Chrome/144.0.0.0 Safari/537.36"
165.245.238.80 - - [31/Mar/2026:20:02:01 +0000] "POST /wp-login.php HTTP/1.1" 200 6286 "-" "Mozilla/5.0"
66.249.70.67 - - [31/Mar/2026:20:02:14 +0000] "GET /2026/02/25/latest-nz-player-online-casinos/ HTTP/1.1" 200 103211 "-" "Mozilla/5.0 (Linux; Android 6.0.1; Nexus 5X Build/MMB29P) AppleWebKit/537.36 (KHTML, like Gecko) Chrome/146.0.7680.164 Mobile Safari/537.36 (compatible; Googlebot/2.1; +http://www.google.com/bot.html)"
74.235.238.88 - - [31/Mar/2026:20:02:25 +0000] "GET /2026/02/25/types-of-gambling-in-australia/ HTTP/1.1" 200 104896 "-" "-"
45.79.238.235 - - [31/Mar/2026:20:02:36 +0000] "POST /wp-cron.php?doing_wp_cron=1774987355.9048330783843994140625 HTTP/1.1" 200 - "-" "WordPress/6.9.4; https://sumitkumarlaw.co.nz"
154.209.193.240 - - [31/Mar/2026:20:01:03 +0000] "POST /wp-admin/admin.php?page=wp-php-console HTTP/1.1" 200 90816 "https://sumitkumarlaw.co.nz/wp-admin/admin.php?page=wp-php-console" "Mozilla/5.0 (Windows NT 10.0; Win64; x64) AppleWebKit/537.36 (KHTML, like Gecko) Chrome/144.0.0.0 Safari/537.36"
154.209.193.240 - - [31/Mar/2026:20:02:36 +0000] "GET /wp-json/wp/v2/users/me?context=edit&_locale=user HTTP/1.1" 200 2209 "https://sumitkumarlaw.co.nz/wp-admin/admin.php?page=wp-php-console" "Mozilla/5.0 (Windows NT 10.0; Win64; x64) AppleWebKit/537.36 (KHTML, like Gecko) Chrome/144.0.0.0 Safari/537.36"
137.184.54.121 - - [31/Mar/2026:20:03:27 +0000] "POST /wp-login.php HTTP/1.1" 200 6286 "-" "Mozilla/5.0"
154.209.193.240 - - [31/Mar/2026:20:03:38 +0000] "POST /wp-admin/admin-ajax.php HTTP/1.1" 200 47 "https://sumitkumarlaw.co.nz/wp-admin/admin.php?page=wp-php-console" "Mozilla/5.0 (Windows NT 10.0; Win64; x64) AppleWebKit/537.36 (KHTML, like Gecko) Chrome/144.0.0.0 Safari/537.36"
154.209.193.240 - - [31/Mar/2026:20:03:56 +0000] "GET /sitemap26.xml HTTP/1.1" 200 3798630 "-" "Mozilla/5.0 (Windows NT 10.0; Win64; x64) AppleWebKit/537.36 (KHTML, like Gecko) Chrome/144.0.0.0 Safari/537.36"
154.209.193.240 - - [31/Mar/2026:20:04:43 +0000] "GET /wp-admin/ HTTP/1.1" 200 162528 "-" "Mozilla/5.0 (Windows NT 10.0; Win64; x64) AppleWebKit/537.36 (KHTML, like Gecko) Chrome/144.0.0.0 Safari/537.36"
45.79.238.235 - - [31/Mar/2026:20:05:00 +0000] "POST /wp-cron.php?doing_wp_cron=1774987500.1238598823547363281250 HTTP/1.1" 200 - "-" "WordPress/6.9.4; https://sumitkumarlaw.co.nz"
154.209.193.240 - - [31/Mar/2026:20:04:54 +0000] "GET /wp-json/wp/v2/users/me?context=edit&_locale=user HTTP/1.1" 200 2209 "https://sumitkumarlaw.co.nz/wp-admin/" "Mozilla/5.0 (Windows NT 10.0; Win64; x64) AppleWebKit/537.36 (KHTML, like Gecko) Chrome/144.0.0.0 Safari/537.36"
45.79.238.235 - - [31/Mar/2026:20:06:20 +0000] "POST /wp-cron.php?doing_wp_cron=1774987580.3315489292144775390625 HTTP/1.1" 200 - "-" "WordPress/6.9.4; https://sumitkumarlaw.co.nz"
154.209.193.240 - - [31/Mar/2026:20:06:16 +0000] "POST /wp-admin/admin-ajax.php HTTP/1.1" 200 47 "https://sumitkumarlaw.co.nz/wp-admin/" "Mozilla/5.0 (Windows NT 10.0; Win64; x64) AppleWebKit/537.36 (KHTML, like Gecko) Chrome/144.0.0.0 Safari/537.36"
154.209.193.240 - - [31/Mar/2026:20:06:16 +0000] "GET /wp-admin/ HTTP/1.1" 200 162528 "-" "Mozilla/5.0 (Windows NT 10.0; Win64; x64) AppleWebKit/537.36 (KHTML, like Gecko) Chrome/144.0.0.0 Safari/537.36"
154.209.193.240 - - [31/Mar/2026:20:06:21 +0000] "GET /wp-json/wp/v2/users/me?context=edit&_locale=user HTTP/1.1" 200 2209 "https://sumitkumarlaw.co.nz/wp-admin/" "Mozilla/5.0 (Windows NT 10.0; Win64; x64) AppleWebKit/537.36 (KHTML, like Gecko) Chrome/144.0.0.0 Safari/537.36"
154.209.193.240 - - [31/Mar/2026:20:06:40 +0000] "GET /sitemap26.xml HTTP/1.1" 304 - "-" "Mozilla/5.0 (Windows NT 10.0; Win64; x64) AppleWebKit/537.36 (KHTML, like Gecko) Chrome/144.0.0.0 Safari/537.36"
154.209.193.240 - - [31/Mar/2026:20:06:48 +0000] "GET /?p=8361 HTTP/1.1" 301 - "-" "Mozilla/5.0 (Windows NT 10.0; Win64; x64) AppleWebKit/537.36 (KHTML, like Gecko) Chrome/144.0.0.0 Safari/537.36"
154.209.193.240 - - [31/Mar/2026:20:06:50 +0000] "GET /2026/03/31/using-bitcoin-for-online-gambling/ HTTP/1.1" 200 135095 "-" "Mozilla/5.0 (Windows NT 10.0; Win64; x64) AppleWebKit/537.36 (KHTML, like Gecko) Chrome/144.0.0.0 Safari/537.36"
45.79.238.235 - - [31/Mar/2026:20:06:53 +0000] "POST /wp-cron.php?doing_wp_cron=1774987613.3883719444274902343750 HTTP/1.1" 200 - "-" "WordPress/6.9.4; https://sumitkumarlaw.co.nz"
154.209.193.240 - - [31/Mar/2026:20:06:50 +0000] "GET /wp-admin/admin.php?page=wpcode HTTP/1.1" 200 179770 "https://sumitkumarlaw.co.nz/wp-admin/" "Mozilla/5.0 (Windows NT 10.0; Win64; x64) AppleWebKit/537.36 (KHTML, like Gecko) Chrome/144.0.0.0 Safari/537.36"
154.209.193.240 - - [31/Mar/2026:20:06:53 +0000] "GET /wp-includes/css/admin-bar.min.css?ver=6.9.4 HTTP/1.1" 200 20365 "https://sumitkumarlaw.co.nz/2026/03/31/using-bitcoin-for-online-gambling/" "Mozilla/5.0 (Windows NT 10.0; Win64; x64) AppleWebKit/537.36 (KHTML, like Gecko) Chrome/144.0.0.0 Safari/537.36"
154.209.193.240 - - [31/Mar/2026:20:06:54 +0000] "GET /wp-content/plugins/insert-headers-and-footers/admin/images/icon-duplicator.png?v=2.3.4 HTTP/1.1" 200 4104 "https://sumitkumarlaw.co.nz/wp-admin/admin.php?page=wpcode" "Mozilla/5.0 (Windows NT 10.0; Win64; x64) AppleWebKit/537.36 (KHTML, like Gecko) Chrome/144.0.0.0 Safari/537.36"
154.209.193.240 - - [31/Mar/2026:20:06:54 +0000] "GET /wp-content/plugins/insert-headers-and-footers/admin/images/icon-wpconsent.png?v=2.3.4 HTTP/1.1" 200 5949 "https://sumitkumarlaw.co.nz/wp-admin/admin.php?page=wpcode" "Mozilla/5.0 (Windows NT 10.0; Win64; x64) AppleWebKit/537.36 (KHTML, like Gecko) Chrome/144.0.0.0 Safari/537.36"
154.209.193.240 - - [31/Mar/2026:20:06:54 +0000] "GET /wp-content/plugins/insert-headers-and-footers/build/admin.css?ver=bae49c7ed345c719c806 HTTP/1.1" 200 175464 "https://sumitkumarlaw.co.nz/wp-admin/admin.php?page=wpcode" "Mozilla/5.0 (Windows NT 10.0; Win64; x64) AppleWebKit/537.36 (KHTML, like Gecko) Chrome/144.0.0.0 Safari/537.36"
154.209.193.240 - - [31/Mar/2026:20:06:54 +0000] "GET /wp-content/plugins/insert-headers-and-footers/admin/images/icon-search-replace-wpcode.png?v=2.3.4 HTTP/1.1" 200 2051 "https://sumitkumarlaw.co.nz/wp-admin/admin.php?page=wpcode" "Mozilla/5.0 (Windows NT 10.0; Win64; x64) AppleWebKit/537.36 (KHTML, like Gecko) Chrome/144.0.0.0 Safari/537.36"
154.209.193.240 - - [31/Mar/2026:20:06:54 +0000] "GET /wp-content/plugins/insert-headers-and-footers/build/admin.js?ver=bae49c7ed345c719c806 HTTP/1.1" 200 222768 "https://sumitkumarlaw.co.nz/wp-admin/admin.php?page=wpcode" "Mozilla/5.0 (Windows NT 10.0; Win64; x64) AppleWebKit/537.36 (KHTML, like Gecko) Chrome/144.0.0.0 Safari/537.36"
154.209.193.240 - - [31/Mar/2026:20:06:54 +0000] "GET /wp-content/plugins/insert-headers-and-footers/admin/images/spinner.svg HTTP/1.1" 200 444 "https://sumitkumarlaw.co.nz/wp-admin/admin.php?page=wpcode" "Mozilla/5.0 (Windows NT 10.0; Win64; x64) AppleWebKit/537.36 (KHTML, like Gecko) Chrome/144.0.0.0 Safari/537.36"
154.209.193.240 - - [31/Mar/2026:20:06:54 +0000] "GET /wp-json/wp/v2/users/me?context=edit&_locale=user HTTP/1.1" 200 2209 "https://sumitkumarlaw.co.nz/wp-admin/admin.php?page=wpcode" "Mozilla/5.0 (Windows NT 10.0; Win64; x64) AppleWebKit/537.36 (KHTML, like Gecko) Chrome/144.0.0.0 Safari/537.36"
154.209.193.240 - - [31/Mar/2026:20:06:55 +0000] "POST /wp-admin/admin-ajax.php HTTP/1.1" 200 47 "https://sumitkumarlaw.co.nz/wp-admin/admin.php?page=wpcode" "Mozilla/5.0 (Windows NT 10.0; Win64; x64) AppleWebKit/537.36 (KHTML, like Gecko) Chrome/144.0.0.0 Safari/537.36"
154.209.193.240 - - [31/Mar/2026:20:06:56 +0000] "GET /wp-admin/admin.php?page=wpcode-snippet-manager HTTP/1.1" 200 424840 "https://sumitkumarlaw.co.nz/wp-admin/admin.php?page=wpcode" "Mozilla/5.0 (Windows NT 10.0; Win64; x64) AppleWebKit/537.36 (KHTML, like Gecko) Chrome/144.0.0.0 Safari/537.36"
154.209.193.240 - - [31/Mar/2026:20:06:58 +0000] "GET /wp-content/plugins/insert-headers-and-footers/admin/images/icon-wpforms.png HTTP/1.1" 200 15960 "https://sumitkumarlaw.co.nz/wp-admin/admin.php?page=wpcode-snippet-manager" "Mozilla/5.0 (Windows NT 10.0; Win64; x64) AppleWebKit/537.36 (KHTML, like Gecko) Chrome/144.0.0.0 Safari/537.36"
154.209.193.240 - - [31/Mar/2026:20:06:58 +0000] "GET /wp-content/plugins/insert-headers-and-footers/admin/images/icon-all-in-one-seo-pack.png HTTP/1.1" 200 6732 "https://sumitkumarlaw.co.nz/wp-admin/admin.php?page=wpcode-snippet-manager" "Mozilla/5.0 (Windows NT 10.0; Win64; x64) AppleWebKit/537.36 (KHTML, like Gecko) Chrome/144.0.0.0 Safari/537.36"
154.209.193.240 - - [31/Mar/2026:20:06:58 +0000] "GET /wp-content/plugins/insert-headers-and-footers/admin/images/icon-edd.png HTTP/1.1" 200 8182 "https://sumitkumarlaw.co.nz/wp-admin/admin.php?page=wpcode-snippet-manager" "Mozilla/5.0 (Windows NT 10.0; Win64; x64) AppleWebKit/537.36 (KHTML, like Gecko) Chrome/144.0.0.0 Safari/537.36"
154.209.193.240 - - [31/Mar/2026:20:06:58 +0000] "GET /wp-content/plugins/insert-headers-and-footers/admin/images/icon-charitable.jpg HTTP/1.1" 200 5627 "https://sumitkumarlaw.co.nz/wp-admin/admin.php?page=wpcode-snippet-manager" "Mozilla/5.0 (Windows NT 10.0; Win64; x64) AppleWebKit/537.36 (KHTML, like Gecko) Chrome/144.0.0.0 Safari/537.36"
154.209.193.240 - - [31/Mar/2026:20:06:58 +0000] "GET /wp-includes/js/codemirror/codemirror.min.css?ver=5.29.1-alpha-ee20357 HTTP/1.1" 200 15899 "https://sumitkumarlaw.co.nz/wp-admin/admin.php?page=wpcode-snippet-manager" "Mozilla/5.0 (Windows NT 10.0; Win64; x64) AppleWebKit/537.36 (KHTML, like Gecko) Chrome/144.0.0.0 Safari/537.36"
154.209.193.240 - - [31/Mar/2026:20:06:58 +0000] "GET /wp-content/plugins/insert-headers-and-footers/admin/images/icon-wp-simple-pay.png HTTP/1.1" 200 2406 "https://sumitkumarlaw.co.nz/wp-admin/admin.php?page=wpcode-snippet-manager" "Mozilla/5.0 (Windows NT 10.0; Win64; x64) AppleWebKit/537.36 (KHTML, like Gecko) Chrome/144.0.0.0 Safari/537.36"
154.209.193.240 - - [31/Mar/2026:20:06:58 +0000] "GET /wp-admin/load-styles.php?c=0&dir=ltr&load%5Bchunk_0%5D=code-editor&ver=6.9.4 HTTP/1.1" 200 1436 "https://sumitkumarlaw.co.nz/wp-admin/admin.php?page=wpcode-snippet-manager" "Mozilla/5.0 (Windows NT 10.0; Win64; x64) AppleWebKit/537.36 (KHTML, like Gecko) Chrome/144.0.0.0 Safari/537.36"
154.209.193.240 - - [31/Mar/2026:20:06:59 +0000] "GET /wp-admin/js/code-editor.min.js?ver=6.9.4 HTTP/1.1" 200 3083 "https://sumitkumarlaw.co.nz/wp-admin/admin.php?page=wpcode-snippet-manager" "Mozilla/5.0 (Windows NT 10.0; Win64; x64) AppleWebKit/537.36 (KHTML, like Gecko) Chrome/144.0.0.0 Safari/537.36"
154.209.193.240 - - [31/Mar/2026:20:06:59 +0000] "GET /wp-includes/js/codemirror/codemirror.min.js?ver=5.29.1-alpha-ee20357 HTTP/1.1" 200 585414 "https://sumitkumarlaw.co.nz/wp-admin/admin.php?page=wpcode-snippet-manager" "Mozilla/5.0 (Windows NT 10.0; Win64; x64) AppleWebKit/537.36 (KHTML, like Gecko) Chrome/144.0.0.0 Safari/537.36"
154.209.193.240 - - [31/Mar/2026:20:06:59 +0000] "GET /wp-json/wp/v2/users/me?context=edit&_locale=user HTTP/1.1" 200 2209 "https://sumitkumarlaw.co.nz/wp-admin/admin.php?page=wpcode-snippet-manager" "Mozilla/5.0 (Windows NT 10.0; Win64; x64) AppleWebKit/537.36 (KHTML, like Gecko) Chrome/144.0.0.0 Safari/537.36"
154.209.193.240 - - [31/Mar/2026:20:06:59 +0000] "GET /wp-admin/admin.php?page=wpcode-snippet-manager&custom=1 HTTP/1.1" 200 428684 "https://sumitkumarlaw.co.nz/wp-admin/admin.php?page=wpcode-snippet-manager" "Mozilla/5.0 (Windows NT 10.0; Win64; x64) AppleWebKit/537.36 (KHTML, like Gecko) Chrome/144.0.0.0 Safari/537.36"
154.209.193.240 - - [31/Mar/2026:20:07:01 +0000] "GET /wp-includes/js/codemirror/htmlhint.js?ver=0.9.14-xwp HTTP/1.1" 200 17735 "https://sumitkumarlaw.co.nz/wp-admin/admin.php?page=wpcode-snippet-manager&custom=1" "Mozilla/5.0 (Windows NT 10.0; Win64; x64) AppleWebKit/537.36 (KHTML, like Gecko) Chrome/144.0.0.0 Safari/537.36"
154.209.193.240 - - [31/Mar/2026:20:07:01 +0000] "GET /wp-includes/js/codemirror/csslint.js?ver=1.0.5 HTTP/1.1" 200 366769 "https://sumitkumarlaw.co.nz/wp-admin/admin.php?page=wpcode-snippet-manager&custom=1" "Mozilla/5.0 (Windows NT 10.0; Win64; x64) AppleWebKit/537.36 (KHTML, like Gecko) Chrome/144.0.0.0 Safari/537.36"
154.209.193.240 - - [31/Mar/2026:20:07:01 +0000] "GET /wp-includes/js/codemirror/esprima.js?ver=4.0.0 HTTP/1.1" 200 283149 "https://sumitkumarlaw.co.nz/wp-admin/admin.php?page=wpcode-snippet-manager&custom=1" "Mozilla/5.0 (Windows NT 10.0; Win64; x64) AppleWebKit/537.36 (KHTML, like Gecko) Chrome/144.0.0.0 Safari/537.36"
