66.249.70.67 - - [31/Mar/2026:16:26:08 +0000] "GET /2026/02/25/top-online-pokies-and-casinos-new-zealand-deals/ HTTP/1.1" 200 104250 "-" "Mozilla/5.0 (Linux; Android 6.0.1; Nexus 5X Build/MMB29P) AppleWebKit/537.36 (KHTML, like Gecko) Chrome/146.0.7680.153 Mobile Safari/537.36 (compatible; Googlebot/2.1; +http://www.google.com/bot.html)"
165.245.238.80 - - [31/Mar/2026:16:26:21 +0000] "POST /wp-login.php HTTP/1.1" 200 6286 "-" "Mozilla/5.0"
66.249.70.68 - - [31/Mar/2026:16:26:28 +0000] "GET /?p=8318 HTTP/1.1" 301 - "-" "Mozilla/5.0 (Linux; Android 6.0.1; Nexus 5X Build/MMB29P) AppleWebKit/537.36 (KHTML, like Gecko) Chrome/146.0.7680.153 Mobile Safari/537.36 (compatible; Googlebot/2.1; +http://www.google.com/bot.html)"
66.249.70.67 - - [31/Mar/2026:16:26:47 +0000] "GET /?p=3879 HTTP/1.1" 301 - "-" "Mozilla/5.0 (Linux; Android 6.0.1; Nexus 5X Build/MMB29P) AppleWebKit/537.36 (KHTML, like Gecko) Chrome/146.0.7680.153 Mobile Safari/537.36 (compatible; Googlebot/2.1; +http://www.google.com/bot.html)"
45.79.238.235 - - [31/Mar/2026:16:26:59 +0000] "POST /wp-cron.php?doing_wp_cron=1774974419.8920650482177734375000 HTTP/1.1" 200 - "-" "WordPress/6.9.4; https://sumitkumarlaw.co.nz"
66.249.70.67 - - [31/Mar/2026:16:26:59 +0000] "GET /2026/02/25/free-game-new-pokies-online-machine/ HTTP/1.1" 200 104262 "-" "Mozilla/5.0 (Linux; Android 6.0.1; Nexus 5X Build/MMB29P) AppleWebKit/537.36 (KHTML, like Gecko) Chrome/146.0.7680.153 Mobile Safari/537.36 (compatible; Googlebot/2.1; +http://www.google.com/bot.html)"
66.249.70.67 - - [31/Mar/2026:16:27:16 +0000] "GET /2026/02/25/are-all-casinos-owned-by-australian-tribes/ HTTP/1.1" 200 103866 "-" "Mozilla/5.0 (Linux; Android 6.0.1; Nexus 5X Build/MMB29P) AppleWebKit/537.36 (KHTML, like Gecko) Chrome/146.0.7680.153 Mobile Safari/537.36 (compatible; Googlebot/2.1; +http://www.google.com/bot.html)"
45.79.238.235 - - [31/Mar/2026:16:29:56 +0000] "POST /wp-cron.php?doing_wp_cron=1774974596.3947110176086425781250 HTTP/1.1" 200 - "-" "WordPress/6.9.4; https://sumitkumarlaw.co.nz"
66.249.70.68 - - [31/Mar/2026:16:29:55 +0000] "GET /?p=3061 HTTP/1.1" 301 - "-" "Mozilla/5.0 (Linux; Android 6.0.1; Nexus 5X Build/MMB29P) AppleWebKit/537.36 (KHTML, like Gecko) Chrome/146.0.7680.153 Mobile Safari/537.36 (compatible; Googlebot/2.1; +http://www.google.com/bot.html)"
66.249.70.68 - - [31/Mar/2026:16:33:39 +0000] "GET /?p=6839 HTTP/1.1" 301 - "-" "Mozilla/5.0 (Linux; Android 6.0.1; Nexus 5X Build/MMB29P) AppleWebKit/537.36 (KHTML, like Gecko) Chrome/146.0.7680.153 Mobile Safari/537.36 (compatible; Googlebot/2.1; +http://www.google.com/bot.html)"
66.249.70.68 - - [31/Mar/2026:16:34:04 +0000] "GET /2026/02/25/choosing-the-best-deposit-casino-to-play-pokies-for-real-money/ HTTP/1.1" 200 104420 "-" "Mozilla/5.0 (Linux; Android 6.0.1; Nexus 5X Build/MMB29P) AppleWebKit/537.36 (KHTML, like Gecko) Chrome/146.0.7680.153 Mobile Safari/537.36 (compatible; Googlebot/2.1; +http://www.google.com/bot.html)"
74.7.175.179 - - [31/Mar/2026:16:34:52 +0000] "GET /robots.txt HTTP/1.1" 304 - "-" "Mozilla/5.0 (Macintosh; Intel Mac OS X 10_15_7) AppleWebKit/537.36 (KHTML, like Gecko) Chrome/131.0.0.0 Safari/537.36; compatible; OAI-SearchBot/1.3; robots.txt; +https://openai.com/searchbot"
137.184.54.121 - - [31/Mar/2026:16:35:08 +0000] "POST /wp-login.php HTTP/1.1" 200 6286 "-" "Mozilla/5.0"
66.249.70.68 - - [31/Mar/2026:16:35:22 +0000] "GET /?p=1063 HTTP/1.1" 301 - "-" "Mozilla/5.0 (Linux; Android 6.0.1; Nexus 5X Build/MMB29P) AppleWebKit/537.36 (KHTML, like Gecko) Chrome/146.0.7680.153 Mobile Safari/537.36 (compatible; Googlebot/2.1; +http://www.google.com/bot.html)"
66.249.70.68 - - [31/Mar/2026:16:35:47 +0000] "GET /2026/02/25/50-free-pokies-deposit-casino/ HTTP/1.1" 200 103216 "-" "Mozilla/5.0 (Linux; Android 6.0.1; Nexus 5X Build/MMB29P) AppleWebKit/537.36 (KHTML, like Gecko) Chrome/146.0.7680.153 Mobile Safari/537.36 (compatible; Googlebot/2.1; +http://www.google.com/bot.html)"
20.151.2.242 - - [31/Mar/2026:16:37:18 +0000] "GET /wp-admin/admin.php HTTP/1.1" 302 - "-" "-"
20.151.2.242 - - [31/Mar/2026:16:37:18 +0000] "GET /wp-login.php?redirect_to=https%3A%2F%2Fsumitkumarlaw.co.nz%2Fwp-admin%2Fadmin.php&reauth=1 HTTP/1.1" 200 5925 "-" "-"
72.14.201.165 - - [31/Mar/2026:16:40:25 +0000] "GET /2026/02/25/2026-casino-no-deposit-bonus-nz/ HTTP/1.1" 200 104015 "https://www.google.com/" "Mozilla/5.0 (X11; CrOS x86_64 14541.0.0) AppleWebKit/537.36 (KHTML, like Gecko) Chrome/146.0.0.0 Safari/537.36"
45.79.238.235 - - [31/Mar/2026:16:40:26 +0000] "POST /wp-cron.php?doing_wp_cron=1774975225.6185328960418701171875 HTTP/1.1" 200 - "-" "WordPress/6.9.4; https://sumitkumarlaw.co.nz"
192.178.8.71 - - [31/Mar/2026:16:40:24 +0000] "GET /.well-known/traffic-advice HTTP/1.1" 404 96945 "-" "Chrome Privacy Preserving Prefetch Proxy"
165.245.238.80 - - [31/Mar/2026:16:40:46 +0000] "POST /wp-login.php HTTP/1.1" 200 6286 "-" "Mozilla/5.0"
45.79.238.235 - - [31/Mar/2026:16:40:53 +0000] "POST /wp-cron.php?doing_wp_cron=1774975253.9679899215698242187500 HTTP/1.1" 200 - "-" "WordPress/6.9.4; https://sumitkumarlaw.co.nz"
193.186.4.165 - - [31/Mar/2026:16:40:53 +0000] "GET /2026/02/25/2026-casino-no-deposit-bonus-nz/ HTTP/1.1" 200 104015 "https://www.google.com/" "Mozilla/5.0 (X11; CrOS x86_64 14541.0.0) AppleWebKit/537.36 (KHTML, like Gecko) Chrome/146.0.0.0 Safari/537.36"
72.14.201.165 - - [31/Mar/2026:16:41:18 +0000] "GET /2026/02/25/2026-casino-no-deposit-bonus-nz/ HTTP/1.1" 200 104015 "https://www.google.com/" "Mozilla/5.0 (X11; CrOS x86_64 14541.0.0) AppleWebKit/537.36 (KHTML, like Gecko) Chrome/146.0.0.0 Safari/537.36"
66.249.70.67 - - [31/Mar/2026:16:41:26 +0000] "GET /?p=4303 HTTP/1.1" 301 - "-" "Mozilla/5.0 (Linux; Android 6.0.1; Nexus 5X Build/MMB29P) AppleWebKit/537.36 (KHTML, like Gecko) Chrome/146.0.7680.153 Mobile Safari/537.36 (compatible; Googlebot/2.1; +http://www.google.com/bot.html)"
66.249.70.69 - - [31/Mar/2026:16:41:27 +0000] "GET /?p=5062 HTTP/1.1" 301 - "-" "Mozilla/5.0 (Linux; Android 6.0.1; Nexus 5X Build/MMB29P) AppleWebKit/537.36 (KHTML, like Gecko) Chrome/146.0.7680.153 Mobile Safari/537.36 (compatible; Googlebot/2.1; +http://www.google.com/bot.html)"
66.249.70.67 - - [31/Mar/2026:16:41:27 +0000] "GET /?p=8110 HTTP/1.1" 301 - "-" "Mozilla/5.0 (Linux; Android 6.0.1; Nexus 5X Build/MMB29P) AppleWebKit/537.36 (KHTML, like Gecko) Chrome/146.0.7680.153 Mobile Safari/537.36 (compatible; Googlebot/2.1; +http://www.google.com/bot.html)"
66.249.70.68 - - [31/Mar/2026:16:41:45 +0000] "GET /2026/02/25/-3-minimum-deposit-slots-nz/ HTTP/1.1" 404 96956 "-" "Mozilla/5.0 (Linux; Android 6.0.1; Nexus 5X Build/MMB29P) AppleWebKit/537.36 (KHTML, like Gecko) Chrome/146.0.7680.153 Mobile Safari/537.36 (compatible; Googlebot/2.1; +http://www.google.com/bot.html)"
66.249.70.68 - - [31/Mar/2026:16:41:46 +0000] "GET /2026/02/25/top-australian-pokies-play-for-real-money/ HTTP/1.1" 200 103749 "-" "Mozilla/5.0 (Linux; Android 6.0.1; Nexus 5X Build/MMB29P) AppleWebKit/537.36 (KHTML, like Gecko) Chrome/146.0.7680.153 Mobile Safari/537.36 (compatible; Googlebot/2.1; +http://www.google.com/bot.html)"
66.249.70.67 - - [31/Mar/2026:16:41:47 +0000] "GET /2026/02/25/online-casinos-australian-players/ HTTP/1.1" 200 103954 "-" "Mozilla/5.0 (Linux; Android 6.0.1; Nexus 5X Build/MMB29P) AppleWebKit/537.36 (KHTML, like Gecko) Chrome/146.0.7680.153 Mobile Safari/537.36 (compatible; Googlebot/2.1; +http://www.google.com/bot.html)"
45.79.238.235 - - [31/Mar/2026:16:43:53 +0000] "POST /wp-cron.php?doing_wp_cron=1774975433.3163280487060546875000 HTTP/1.1" 200 - "-" "WordPress/6.9.4; https://sumitkumarlaw.co.nz"
66.249.70.69 - - [31/Mar/2026:16:43:52 +0000] "GET /?p=5394 HTTP/1.1" 301 - "-" "Mozilla/5.0 (Linux; Android 6.0.1; Nexus 5X Build/MMB29P) AppleWebKit/537.36 (KHTML, like Gecko) Chrome/146.0.7680.153 Mobile Safari/537.36 (compatible; Googlebot/2.1; +http://www.google.com/bot.html)"
66.249.70.67 - - [31/Mar/2026:16:44:17 +0000] "GET /2026/02/25/top-online-pokies-and-casinos-welcome-bonuses-4k/ HTTP/1.1" 200 104180 "-" "Mozilla/5.0 (Linux; Android 6.0.1; Nexus 5X Build/MMB29P) AppleWebKit/537.36 (KHTML, like Gecko) Chrome/146.0.7680.153 Mobile Safari/537.36 (compatible; Googlebot/2.1; +http://www.google.com/bot.html)"
45.79.238.235 - - [31/Mar/2026:16:46:23 +0000] "POST /wp-cron.php?doing_wp_cron=1774975583.7032449245452880859375 HTTP/1.1" 200 - "-" "WordPress/6.9.4; https://sumitkumarlaw.co.nz"
137.184.54.121 - - [31/Mar/2026:16:46:23 +0000] "POST /wp-login.php HTTP/1.1" 200 6286 "-" "Mozilla/5.0"
45.79.238.235 - - [31/Mar/2026:16:47:30 +0000] "POST /wp-cron.php?doing_wp_cron=1774975650.2733659744262695312500 HTTP/1.1" 200 - "-" "WordPress/6.9.4; https://sumitkumarlaw.co.nz"
162.120.184.57 - - [31/Mar/2026:16:47:29 +0000] "GET /2026/02/25/2026-casino-no-deposit-bonus-nz/ HTTP/1.1" 200 104015 "https://www.google.com/" "Mozilla/5.0 (X11; CrOS x86_64 14541.0.0) AppleWebKit/537.36 (KHTML, like Gecko) Chrome/146.0.0.0 Safari/537.36"
45.79.238.235 - - [31/Mar/2026:16:49:11 +0000] "POST /wp-cron.php?doing_wp_cron=1774975751.1583480834960937500000 HTTP/1.1" 200 - "-" "WordPress/6.9.4; https://sumitkumarlaw.co.nz"
82.38.252.11 - - [31/Mar/2026:16:49:10 +0000] "GET /?p=847 HTTP/1.1" 301 - "-" "Mozilla/5.0 (Macintosh; Intel Mac OS X 10_15_7) AppleWebKit/537.36 (KHTML, like Gecko) Chrome/104.0.0.0 Safari/537.36"
82.38.252.11 - - [31/Mar/2026:16:49:12 +0000] "GET /2026/02/25/profitable-pokies-with-welcome-bonus-winning-tips/ HTTP/1.1" 200 104098 "-" "Mozilla/5.0 (Macintosh; Intel Mac OS X 10_15_7) AppleWebKit/537.36 (KHTML, like Gecko) Chrome/104.0.0.0 Safari/537.36"
82.24.167.78 - - [31/Mar/2026:16:49:14 +0000] "GET /?p=869 HTTP/1.1" 301 - "-" "Mozilla/5.0 (Macintosh; Intel Mac OS X 10_15_7) AppleWebKit/537.36 (KHTML, like Gecko) Chrome/104.0.0.0 Safari/537.36"
82.24.167.78 - - [31/Mar/2026:16:49:15 +0000] "GET /2026/02/25/australian-pokies-win-real-prizes/ HTTP/1.1" 200 104386 "-" "Mozilla/5.0 (Macintosh; Intel Mac OS X 10_15_7) AppleWebKit/537.36 (KHTML, like Gecko) Chrome/104.0.0.0 Safari/537.36"
82.24.134.153 - - [31/Mar/2026:16:49:17 +0000] "GET /?p=804 HTTP/1.1" 301 - "-" "Mozilla/5.0 (Macintosh; Intel Mac OS X 10_15_7) AppleWebKit/537.36 (KHTML, like Gecko) Chrome/104.0.0.0 Safari/537.36"
82.24.134.153 - - [31/Mar/2026:16:49:18 +0000] "GET /2026/02/25/australia-no-deposit-bonus-codes/ HTTP/1.1" 200 104005 "-" "Mozilla/5.0 (Macintosh; Intel Mac OS X 10_15_7) AppleWebKit/537.36 (KHTML, like Gecko) Chrome/104.0.0.0 Safari/537.36"
82.24.164.48 - - [31/Mar/2026:16:49:23 +0000] "GET /?p=793 HTTP/1.1" 301 - "-" "Mozilla/5.0 (Macintosh; Intel Mac OS X 10_15_7) AppleWebKit/537.36 (KHTML, like Gecko) Chrome/104.0.0.0 Safari/537.36"
82.24.164.48 - - [31/Mar/2026:16:49:24 +0000] "GET /2026/02/25/are-online-casinos-illegal-in-new-zealand/ HTTP/1.1" 200 104456 "-" "Mozilla/5.0 (Macintosh; Intel Mac OS X 10_15_7) AppleWebKit/537.36 (KHTML, like Gecko) Chrome/104.0.0.0 Safari/537.36"
156.245.246.6 - - [31/Mar/2026:16:49:24 +0000] "GET /index.php?rest_route=/wp/v2/posts&per_page=100&_fields=id%2Ccomment_status&page=1 HTTP/1.1" 200 34 "https://sumitkumarlaw.co.nz" "Mozilla/5.0 (iPhone; CPU iPhone OS 18_4 like Mac OS X) AppleWebKit/605.1.15 (KHTML, like Gecko) Version/18.4 Mobile/15E148 Safari/604.1"
185.115.108.198 - - [31/Mar/2026:16:49:33 +0000] "GET /2026/02/25/toronto-australia-casino/ HTTP/1.1" 200 104285 "-" "Mozilla/5.0 (Macintosh; Intel Mac OS X 10_15_7) AppleWebKit/537.36 (KHTML, like Gecko) Chrome/104.0.0.0 Safari/537.36"
45.79.238.235 - - [31/Mar/2026:16:51:05 +0000] "POST /wp-cron.php?doing_wp_cron=1774975865.4660539627075195312500 HTTP/1.1" 200 - "-" "WordPress/6.9.4; https://sumitkumarlaw.co.nz"
91.204.209.28 - - [31/Mar/2026:16:51:04 +0000] "GET /2026/02/25/top-10-online-casino-new-zealand/ HTTP/1.1" 200 105161 "-" "WordPress/6.9.4; https://finbuddys.com"
45.79.238.235 - - [31/Mar/2026:16:53:30 +0000] "POST /wp-cron.php?doing_wp_cron=1774976010.4276909828186035156250 HTTP/1.1" 200 - "-" "WordPress/6.9.4; https://sumitkumarlaw.co.nz"
122.63.134.100 - - [31/Mar/2026:16:53:29 +0000] "GET /2026/02/25/25-free-spins-on-registration-no-deposit-nz/ HTTP/1.1" 200 103830 "https://www.google.co.nz/" "Mozilla/5.0 (iPhone; CPU iPhone OS 16_7_15 like Mac OS X) AppleWebKit/605.1.15 (KHTML, like Gecko) Version/16.6.2 Mobile/15E148 Safari/604.1"
122.63.134.100 - - [31/Mar/2026:16:53:31 +0000] "GET /wp-content/themes/astra/assets/css/minified/frontend.min.css?ver=4.4.0 HTTP/1.1" 304 - "https://sumitkumarlaw.co.nz/2026/02/25/25-free-spins-on-registration-no-deposit-nz/" "Mozilla/5.0 (iPhone; CPU iPhone OS 16_7_15 like Mac OS X) AppleWebKit/605.1.15 (KHTML, like Gecko) Version/16.6.2 Mobile/15E148 Safari/604.1"
122.63.134.100 - - [31/Mar/2026:16:53:31 +0000] "GET /wp-content/uploads/astra-addon/astra-addon-6604edca6629b0-88455585.css?ver=4.4.0 HTTP/1.1" 304 - "https://sumitkumarlaw.co.nz/2026/02/25/25-free-spins-on-registration-no-deposit-nz/" "Mozilla/5.0 (iPhone; CPU iPhone OS 16_7_15 like Mac OS X) AppleWebKit/605.1.15 (KHTML, like Gecko) Version/16.6.2 Mobile/15E148 Safari/604.1"
122.63.134.100 - - [31/Mar/2026:16:53:31 +0000] "GET /wp-content/uploads/astra-addon/astra-addon-6604edca66e0e9-59157626.js?ver=4.4.0 HTTP/1.1" 304 - "https://sumitkumarlaw.co.nz/2026/02/25/25-free-spins-on-registration-no-deposit-nz/" "Mozilla/5.0 (iPhone; CPU iPhone OS 16_7_15 like Mac OS X) AppleWebKit/605.1.15 (KHTML, like Gecko) Version/16.6.2 Mobile/15E148 Safari/604.1"
122.63.134.100 - - [31/Mar/2026:16:53:31 +0000] "GET /wp-includes/css/dist/block-library/style.min.css?ver=6.9.4 HTTP/1.1" 304 - "https://sumitkumarlaw.co.nz/2026/02/25/25-free-spins-on-registration-no-deposit-nz/" "Mozilla/5.0 (iPhone; CPU iPhone OS 16_7_15 like Mac OS X) AppleWebKit/605.1.15 (KHTML, like Gecko) Version/16.6.2 Mobile/15E148 Safari/604.1"
122.63.134.100 - - [31/Mar/2026:16:53:31 +0000] "GET /wp-content/themes/astra/assets/js/minified/frontend.min.js?ver=4.4.0 HTTP/1.1" 304 - "https://sumitkumarlaw.co.nz/2026/02/25/25-free-spins-on-registration-no-deposit-nz/" "Mozilla/5.0 (iPhone; CPU iPhone OS 16_7_15 like Mac OS X) AppleWebKit/605.1.15 (KHTML, like Gecko) Version/16.6.2 Mobile/15E148 Safari/604.1"
122.63.134.100 - - [31/Mar/2026:16:53:31 +0000] "GET /wp-includes/js/jquery/jquery.min.js?ver=3.7.1 HTTP/1.1" 304 - "https://sumitkumarlaw.co.nz/2026/02/25/25-free-spins-on-registration-no-deposit-nz/" "Mozilla/5.0 (iPhone; CPU iPhone OS 16_7_15 like Mac OS X) AppleWebKit/605.1.15 (KHTML, like Gecko) Version/16.6.2 Mobile/15E148 Safari/604.1"
122.63.134.100 - - [31/Mar/2026:16:53:31 +0000] "GET /wp-includes/js/jquery/jquery-migrate.min.js?ver=3.4.1 HTTP/1.1" 304 - "https://sumitkumarlaw.co.nz/2026/02/25/25-free-spins-on-registration-no-deposit-nz/" "Mozilla/5.0 (iPhone; CPU iPhone OS 16_7_15 like Mac OS X) AppleWebKit/605.1.15 (KHTML, like Gecko) Version/16.6.2 Mobile/15E148 Safari/604.1"
122.63.134.100 - - [31/Mar/2026:16:53:31 +0000] "GET /wp-content/uploads/2024/03/image-2-1024x507.png HTTP/1.1" 304 - "https://sumitkumarlaw.co.nz/2026/02/25/25-free-spins-on-registration-no-deposit-nz/" "Mozilla/5.0 (iPhone; CPU iPhone OS 16_7_15 like Mac OS X) AppleWebKit/605.1.15 (KHTML, like Gecko) Version/16.6.2 Mobile/15E148 Safari/604.1"
122.63.134.100 - - [31/Mar/2026:16:53:41 +0000] "GET /favicon.ico HTTP/1.1" 302 - "https://sumitkumarlaw.co.nz/2026/02/25/25-free-spins-on-registration-no-deposit-nz/" "Mozilla/5.0 (iPhone; CPU iPhone OS 16_7_15 like Mac OS X) AppleWebKit/605.1.15 (KHTML, like Gecko) Version/16.6.2 Mobile/15E148 Safari/604.1"
122.63.134.100 - - [31/Mar/2026:16:53:42 +0000] "GET /wp-includes/images/w-logo-blue-white-bg.png HTTP/1.1" 304 - "https://sumitkumarlaw.co.nz/2026/02/25/25-free-spins-on-registration-no-deposit-nz/" "Mozilla/5.0 (iPhone; CPU iPhone OS 16_7_15 like Mac OS X) AppleWebKit/605.1.15 (KHTML, like Gecko) Version/16.6.2 Mobile/15E148 Safari/604.1"
45.79.238.235 - - [31/Mar/2026:16:55:23 +0000] "POST /wp-cron.php?doing_wp_cron=1774976123.5693070888519287109375 HTTP/1.1" 200 - "-" "WordPress/6.9.4; https://sumitkumarlaw.co.nz"
198.98.48.6 - - [31/Mar/2026:16:55:23 +0000] "GET /wp-login.php HTTP/1.1" 200 5916 "-" "Mozilla/5.0 (Windows NT 10.0; Win64; x64) AppleWebKit/537.36 (KHTML, like Gecko) Chrome/134.0.0.0 Safari/537.36"
198.98.48.6 - - [31/Mar/2026:16:55:24 +0000] "POST /wp-login.php HTTP/1.1" 200 6348 "https://sumitkumarlaw.co.nz/wp-admin/" "Mozilla/5.0 (Windows NT 10.0; Win64; x64) AppleWebKit/537.36 (KHTML, like Gecko) Chrome/134.0.0.0 Safari/537.36"
165.245.238.80 - - [31/Mar/2026:16:55:27 +0000] "POST /wp-login.php HTTP/1.1" 200 6286 "-" "Mozilla/5.0"
141.98.11.44 - - [31/Mar/2026:16:55:50 +0000] "GET /wp-includes/sodium_compat/src/Core/SecretStream/State.php HTTP/1.1" 403 4170 "-" "Mozilla/5.0 (Windows NT 10.0; Win64; x64) AppleWebKit/537.36"
45.79.238.235 - - [31/Mar/2026:16:56:17 +0000] "POST /wp-cron.php?doing_wp_cron=1774976177.3191399574279785156250 HTTP/1.1" 200 - "-" "WordPress/6.9.4; https://sumitkumarlaw.co.nz"
45.61.188.43 - - [31/Mar/2026:16:56:16 +0000] "GET /wp-login.php HTTP/1.1" 200 5916 "-" "Mozilla/5.0 (Windows NT 10.0; Win64; x64) AppleWebKit/537.36 (KHTML, like Gecko) Chrome/134.0.0.0 Safari/537.36"
45.61.188.43 - - [31/Mar/2026:16:56:17 +0000] "POST /wp-login.php HTTP/1.1" 200 6348 "https://sumitkumarlaw.co.nz/wp-admin/" "Mozilla/5.0 (Windows NT 10.0; Win64; x64) AppleWebKit/537.36 (KHTML, like Gecko) Chrome/134.0.0.0 Safari/537.36"
66.249.70.68 - - [31/Mar/2026:16:56:43 +0000] "GET /?p=5506 HTTP/1.1" 301 - "-" "Mozilla/5.0 (Linux; Android 6.0.1; Nexus 5X Build/MMB29P) AppleWebKit/537.36 (KHTML, like Gecko) Chrome/146.0.7680.153 Mobile Safari/537.36 (compatible; Googlebot/2.1; +http://www.google.com/bot.html)"
45.79.238.235 - - [31/Mar/2026:16:57:10 +0000] "POST /wp-cron.php?doing_wp_cron=1774976230.2195980548858642578125 HTTP/1.1" 200 - "-" "WordPress/6.9.4; https://sumitkumarlaw.co.nz"
66.249.70.69 - - [31/Mar/2026:16:57:09 +0000] "GET /2026/02/25/live-pokies-with-welcome-bonus-payout/ HTTP/1.1" 200 103748 "-" "Mozilla/5.0 (Linux; Android 6.0.1; Nexus 5X Build/MMB29P) AppleWebKit/537.36 (KHTML, like Gecko) Chrome/146.0.7680.153 Mobile Safari/537.36 (compatible; Googlebot/2.1; +http://www.google.com/bot.html)"
137.184.54.121 - - [31/Mar/2026:16:57:41 +0000] "POST /wp-login.php HTTP/1.1" 200 6286 "-" "Mozilla/5.0"
45.79.238.235 - - [31/Mar/2026:16:57:59 +0000] "POST /wp-cron.php?doing_wp_cron=1774976279.5029959678649902343750 HTTP/1.1" 200 - "-" "WordPress/6.9.4; https://sumitkumarlaw.co.nz"
66.249.70.67 - - [31/Mar/2026:16:57:59 +0000] "GET /?p=7306 HTTP/1.1" 301 - "-" "Mozilla/5.0 (Linux; Android 6.0.1; Nexus 5X Build/MMB29P) AppleWebKit/537.36 (KHTML, like Gecko) Chrome/146.0.7680.153 Mobile Safari/537.36 (compatible; Googlebot/2.1; +http://www.google.com/bot.html)"
66.249.70.67 - - [31/Mar/2026:16:58:06 +0000] "GET /?p=4226 HTTP/1.1" 301 - "-" "Mozilla/5.0 (Linux; Android 6.0.1; Nexus 5X Build/MMB29P) AppleWebKit/537.36 (KHTML, like Gecko) Chrome/146.0.7680.153 Mobile Safari/537.36 (compatible; Googlebot/2.1; +http://www.google.com/bot.html)"
47.128.97.128 - - [31/Mar/2026:16:58:21 +0000] "GET /?p=7964 HTTP/1.1" 301 - "-" "Mozilla/5.0 (Linux; Android 5.0) AppleWebKit/537.36 (KHTML, like Gecko) Mobile Safari/537.36 (compatible; Bytespider; spider-feedback@bytedance.com)"
47.128.97.128 - - [31/Mar/2026:16:58:22 +0000] "GET /2026/02/25/7s-wild-pokies-real-money/ HTTP/1.1" 200 104886 "-" "Mozilla/5.0 (Linux; Android 5.0) AppleWebKit/537.36 (KHTML, like Gecko) Mobile Safari/537.36 (compatible; Bytespider; spider-feedback@bytedance.com)"
66.249.70.67 - - [31/Mar/2026:16:58:25 +0000] "GET /2026/02/25/pokies-with-welcome-bonus-for-beginners/ HTTP/1.1" 200 103706 "-" "Mozilla/5.0 (Linux; Android 6.0.1; Nexus 5X Build/MMB29P) AppleWebKit/537.36 (KHTML, like Gecko) Chrome/146.0.7680.153 Mobile Safari/537.36 (compatible; Googlebot/2.1; +http://www.google.com/bot.html)"
66.249.70.67 - - [31/Mar/2026:16:58:35 +0000] "GET /2026/02/25/treasure-island-casino-red-wing-au-events/ HTTP/1.1" 200 102803 "-" "Mozilla/5.0 (Linux; Android 6.0.1; Nexus 5X Build/MMB29P) AppleWebKit/537.36 (KHTML, like Gecko) Chrome/146.0.7680.153 Mobile Safari/537.36 (compatible; Googlebot/2.1; +http://www.google.com/bot.html)"
45.79.238.235 - - [31/Mar/2026:17:00:07 +0000] "POST /wp-cron.php?doing_wp_cron=1774976407.7551150321960449218750 HTTP/1.1" 200 - "-" "WordPress/6.9.4; https://sumitkumarlaw.co.nz"
66.249.70.69 - - [31/Mar/2026:17:00:06 +0000] "GET /?p=7585 HTTP/1.1" 301 - "-" "Mozilla/5.0 (Linux; Android 6.0.1; Nexus 5X Build/MMB29P) AppleWebKit/537.36 (KHTML, like Gecko) Chrome/146.0.7680.153 Mobile Safari/537.36 (compatible; Googlebot/2.1; +http://www.google.com/bot.html)"
66.249.70.68 - - [31/Mar/2026:17:00:37 +0000] "GET /2026/02/25/live-pokies-no-download-or-registration/ HTTP/1.1" 200 104237 "-" "Mozilla/5.0 (Linux; Android 6.0.1; Nexus 5X Build/MMB29P) AppleWebKit/537.36 (KHTML, like Gecko) Chrome/146.0.7680.153 Mobile Safari/537.36 (compatible; Googlebot/2.1; +http://www.google.com/bot.html)"
66.249.70.67 - - [31/Mar/2026:17:00:39 +0000] "GET /2026/02/25/codes-for-deposit-casino-pokies/ HTTP/1.1" 200 103467 "-" "Mozilla/5.0 (Linux; Android 6.0.1; Nexus 5X Build/MMB29P) AppleWebKit/537.36 (KHTML, like Gecko) Chrome/146.0.7680.153 Mobile Safari/537.36 (compatible; Googlebot/2.1; +http://www.google.com/bot.html)"
45.79.238.235 - - [31/Mar/2026:17:02:33 +0000] "POST /wp-cron.php?doing_wp_cron=1774976553.1637909412384033203125 HTTP/1.1" 200 - "-" "WordPress/6.9.4; https://sumitkumarlaw.co.nz"
66.249.70.68 - - [31/Mar/2026:17:02:32 +0000] "GET /?p=1179 HTTP/1.1" 301 - "-" "Mozilla/5.0 (Linux; Android 6.0.1; Nexus 5X Build/MMB29P) AppleWebKit/537.36 (KHTML, like Gecko) Chrome/146.0.7680.153 Mobile Safari/537.36 (compatible; Googlebot/2.1; +http://www.google.com/bot.html)"
66.249.70.67 - - [31/Mar/2026:17:02:40 +0000] "GET /?p=4261 HTTP/1.1" 301 - "-" "Mozilla/5.0 (Linux; Android 6.0.1; Nexus 5X Build/MMB29P) AppleWebKit/537.36 (KHTML, like Gecko) Chrome/146.0.7680.153 Mobile Safari/537.36 (compatible; Googlebot/2.1; +http://www.google.com/bot.html)"
45.79.238.235 - - [31/Mar/2026:17:03:05 +0000] "POST /wp-cron.php?doing_wp_cron=1774976585.2209138870239257812500 HTTP/1.1" 200 - "-" "WordPress/6.9.4; https://sumitkumarlaw.co.nz"
66.249.70.69 - - [31/Mar/2026:17:03:04 +0000] "GET /2026/02/25/gold-coast-casino-las-vegas-nevada/ HTTP/1.1" 200 103895 "-" "Mozilla/5.0 (Linux; Android 6.0.1; Nexus 5X Build/MMB29P) AppleWebKit/537.36 (KHTML, like Gecko) Chrome/146.0.7680.153 Mobile Safari/537.36 (compatible; Googlebot/2.1; +http://www.google.com/bot.html)"
66.249.70.68 - - [31/Mar/2026:17:03:11 +0000] "GET /2026/02/25/deposit-casino-free-game-pokies-with-welcome/ HTTP/1.1" 200 103502 "-" "Mozilla/5.0 (Linux; Android 6.0.1; Nexus 5X Build/MMB29P) AppleWebKit/537.36 (KHTML, like Gecko) Chrome/146.0.7680.153 Mobile Safari/537.36 (compatible; Googlebot/2.1; +http://www.google.com/bot.html)"
66.249.70.67 - - [31/Mar/2026:17:03:31 +0000] "GET /2026/02/25/play-pokies-online-free-win-real-cash/ HTTP/1.1" 200 103800 "-" "Mozilla/5.0 (Linux; Android 6.0.1; Nexus 5X Build/MMB29P) AppleWebKit/537.36 (KHTML, like Gecko) Chrome/146.0.7680.153 Mobile Safari/537.36 (compatible; Googlebot/2.1; +http://www.google.com/bot.html)"
66.249.70.67 - - [31/Mar/2026:17:03:36 +0000] "GET /?p=7650 HTTP/1.1" 301 - "-" "Mozilla/5.0 (Linux; Android 6.0.1; Nexus 5X Build/MMB29P) AppleWebKit/537.36 (KHTML, like Gecko) Chrome/146.0.7680.153 Mobile Safari/537.36 (compatible; Googlebot/2.1; +http://www.google.com/bot.html)"
45.79.238.235 - - [31/Mar/2026:17:04:05 +0000] "POST /wp-cron.php?doing_wp_cron=1774976645.8070778846740722656250 HTTP/1.1" 200 - "-" "WordPress/6.9.4; https://sumitkumarlaw.co.nz"
66.249.70.67 - - [31/Mar/2026:17:04:04 +0000] "GET /2026/02/25/online-au-casinos-for-real-money/ HTTP/1.1" 200 103645 "-" "Mozilla/5.0 (Linux; Android 6.0.1; Nexus 5X Build/MMB29P) AppleWebKit/537.36 (KHTML, like Gecko) Chrome/146.0.7680.153 Mobile Safari/537.36 (compatible; Googlebot/2.1; +http://www.google.com/bot.html)"
66.249.70.67 - - [31/Mar/2026:17:04:32 +0000] "GET /?p=5185 HTTP/1.1" 301 - "-" "Mozilla/5.0 (Linux; Android 6.0.1; Nexus 5X Build/MMB29P) AppleWebKit/537.36 (KHTML, like Gecko) Chrome/146.0.7680.153 Mobile Safari/537.36 (compatible; Googlebot/2.1; +http://www.google.com/bot.html)"
45.79.238.235 - - [31/Mar/2026:17:05:01 +0000] "POST /wp-cron.php?doing_wp_cron=1774976701.7792189121246337890625 HTTP/1.1" 200 - "-" "WordPress/6.9.4; https://sumitkumarlaw.co.nz"
66.249.70.67 - - [31/Mar/2026:17:05:01 +0000] "GET /2026/02/25/victorious-pokies-in-new-zealand-free/ HTTP/1.1" 200 103079 "-" "Mozilla/5.0 (Linux; Android 6.0.1; Nexus 5X Build/MMB29P) AppleWebKit/537.36 (KHTML, like Gecko) Chrome/146.0.7680.153 Mobile Safari/537.36 (compatible; Googlebot/2.1; +http://www.google.com/bot.html)"
66.249.70.67 - - [31/Mar/2026:17:05:36 +0000] "GET /?p=8317 HTTP/1.1" 301 - "-" "Mozilla/5.0 (Linux; Android 6.0.1; Nexus 5X Build/MMB29P) AppleWebKit/537.36 (KHTML, like Gecko) Chrome/146.0.7680.153 Mobile Safari/537.36 (compatible; Googlebot/2.1; +http://www.google.com/bot.html)"
45.79.238.235 - - [31/Mar/2026:17:06:06 +0000] "POST /wp-cron.php?doing_wp_cron=1774976766.5798399448394775390625 HTTP/1.1" 200 - "-" "WordPress/6.9.4; https://sumitkumarlaw.co.nz"
66.249.70.68 - - [31/Mar/2026:17:06:05 +0000] "GET /2026/02/25/online-casino-not-nz/ HTTP/1.1" 200 102903 "-" "Mozilla/5.0 (Linux; Android 6.0.1; Nexus 5X Build/MMB29P) AppleWebKit/537.36 (KHTML, like Gecko) Chrome/146.0.7680.153 Mobile Safari/537.36 (compatible; Googlebot/2.1; +http://www.google.com/bot.html)"
66.249.70.67 - - [31/Mar/2026:17:06:46 +0000] "GET /?p=5804 HTTP/1.1" 301 - "-" "Mozilla/5.0 (Linux; Android 6.0.1; Nexus 5X Build/MMB29P) AppleWebKit/537.36 (KHTML, like Gecko) Chrome/146.0.7680.153 Mobile Safari/537.36 (compatible; Googlebot/2.1; +http://www.google.com/bot.html)"
45.79.238.235 - - [31/Mar/2026:17:07:18 +0000] "POST /wp-cron.php?doing_wp_cron=1774976838.3533630371093750000000 HTTP/1.1" 200 - "-" "WordPress/6.9.4; https://sumitkumarlaw.co.nz"
66.249.70.68 - - [31/Mar/2026:17:07:17 +0000] "GET /2026/02/25/mobile-no-deposit-pokies/ HTTP/1.1" 200 104293 "-" "Mozilla/5.0 (Linux; Android 6.0.1; Nexus 5X Build/MMB29P) AppleWebKit/537.36 (KHTML, like Gecko) Chrome/146.0.7680.153 Mobile Safari/537.36 (compatible; Googlebot/2.1; +http://www.google.com/bot.html)"
122.63.65.114 - - [31/Mar/2026:17:07:37 +0000] "GET /?p=5123 HTTP/1.1" 301 - "https://www.google.com/" "Mozilla/5.0 (Linux; Android 10; K) AppleWebKit/537.36 (KHTML, like Gecko) SamsungBrowser/29.0 Chrome/136.0.0.0 Mobile Safari/537.36"
122.63.65.114 - - [31/Mar/2026:17:07:37 +0000] "GET /2026/02/25/profitable-pokies-with-bonus-no-deposit-keep-winnings/ HTTP/1.1" 200 105250 "https://www.google.com/" "Mozilla/5.0 (Linux; Android 10; K) AppleWebKit/537.36 (KHTML, like Gecko) SamsungBrowser/29.0 Chrome/136.0.0.0 Mobile Safari/537.36"
122.63.65.114 - - [31/Mar/2026:17:07:39 +0000] "GET /wp-content/themes/astra/assets/css/minified/frontend.min.css?ver=4.4.0 HTTP/1.1" 304 - "https://sumitkumarlaw.co.nz/2026/02/25/profitable-pokies-with-bonus-no-deposit-keep-winnings/" "Mozilla/5.0 (Linux; Android 10; K) AppleWebKit/537.36 (KHTML, like Gecko) SamsungBrowser/29.0 Chrome/136.0.0.0 Mobile Safari/537.36"
122.63.65.114 - - [31/Mar/2026:17:07:39 +0000] "GET /wp-content/uploads/astra-addon/astra-addon-6604edca6629b0-88455585.css?ver=4.4.0 HTTP/1.1" 304 - "https://sumitkumarlaw.co.nz/2026/02/25/profitable-pokies-with-bonus-no-deposit-keep-winnings/" "Mozilla/5.0 (Linux; Android 10; K) AppleWebKit/537.36 (KHTML, like Gecko) SamsungBrowser/29.0 Chrome/136.0.0.0 Mobile Safari/537.36"
122.63.65.114 - - [31/Mar/2026:17:07:39 +0000] "GET /wp-includes/css/dist/block-library/style.min.css?ver=6.9.4 HTTP/1.1" 304 - "https://sumitkumarlaw.co.nz/2026/02/25/profitable-pokies-with-bonus-no-deposit-keep-winnings/" "Mozilla/5.0 (Linux; Android 10; K) AppleWebKit/537.36 (KHTML, like Gecko) SamsungBrowser/29.0 Chrome/136.0.0.0 Mobile Safari/537.36"
122.63.65.114 - - [31/Mar/2026:17:07:39 +0000] "GET /wp-includes/js/jquery/jquery.min.js?ver=3.7.1 HTTP/1.1" 304 - "https://sumitkumarlaw.co.nz/2026/02/25/profitable-pokies-with-bonus-no-deposit-keep-winnings/" "Mozilla/5.0 (Linux; Android 10; K) AppleWebKit/537.36 (KHTML, like Gecko) SamsungBrowser/29.0 Chrome/136.0.0.0 Mobile Safari/537.36"
122.63.65.114 - - [31/Mar/2026:17:07:39 +0000] "GET /wp-includes/js/jquery/jquery-migrate.min.js?ver=3.4.1 HTTP/1.1" 304 - "https://sumitkumarlaw.co.nz/2026/02/25/profitable-pokies-with-bonus-no-deposit-keep-winnings/" "Mozilla/5.0 (Linux; Android 10; K) AppleWebKit/537.36 (KHTML, like Gecko) SamsungBrowser/29.0 Chrome/136.0.0.0 Mobile Safari/537.36"
122.63.65.114 - - [31/Mar/2026:17:07:39 +0000] "GET /wp-content/uploads/2024/03/image-2-768x381.png HTTP/1.1" 304 - "https://sumitkumarlaw.co.nz/2026/02/25/profitable-pokies-with-bonus-no-deposit-keep-winnings/" "Mozilla/5.0 (Linux; Android 10; K) AppleWebKit/537.36 (KHTML, like Gecko) SamsungBrowser/29.0 Chrome/136.0.0.0 Mobile Safari/537.36"
122.63.65.114 - - [31/Mar/2026:17:07:39 +0000] "GET /wp-content/themes/astra/assets/js/minified/frontend.min.js?ver=4.4.0 HTTP/1.1" 304 - "https://sumitkumarlaw.co.nz/2026/02/25/profitable-pokies-with-bonus-no-deposit-keep-winnings/" "Mozilla/5.0 (Linux; Android 10; K) AppleWebKit/537.36 (KHTML, like Gecko) SamsungBrowser/29.0 Chrome/136.0.0.0 Mobile Safari/537.36"
122.63.65.114 - - [31/Mar/2026:17:07:39 +0000] "GET /wp-content/uploads/astra-addon/astra-addon-6604edca66e0e9-59157626.js?ver=4.4.0 HTTP/1.1" 304 - "https://sumitkumarlaw.co.nz/2026/02/25/profitable-pokies-with-bonus-no-deposit-keep-winnings/" "Mozilla/5.0 (Linux; Android 10; K) AppleWebKit/537.36 (KHTML, like Gecko) SamsungBrowser/29.0 Chrome/136.0.0.0 Mobile Safari/537.36"
122.63.65.114 - - [31/Mar/2026:17:07:44 +0000] "GET /wp-includes/images/w-logo-blue-white-bg.png HTTP/1.1" 304 - "https://sumitkumarlaw.co.nz/2026/02/25/profitable-pokies-with-bonus-no-deposit-keep-winnings/" "Mozilla/5.0 (Linux; Android 10; K) AppleWebKit/537.36 (KHTML, like Gecko) SamsungBrowser/29.0 Chrome/136.0.0.0 Mobile Safari/537.36"
45.79.238.235 - - [31/Mar/2026:17:08:30 +0000] "POST /wp-cron.php?doing_wp_cron=1774976910.9503140449523925781250 HTTP/1.1" 200 - "-" "WordPress/6.9.4; https://sumitkumarlaw.co.nz"
74.7.227.133 - - [31/Mar/2026:17:08:30 +0000] "GET /wp-sitemap.xml HTTP/1.1" 200 557 "-" "Mozilla/5.0 AppleWebKit/537.36 (KHTML, like Gecko; compatible; GPTBot/1.3; +https://openai.com/gptbot)"
45.79.238.235 - - [31/Mar/2026:17:09:22 +0000] "POST /wp-cron.php?doing_wp_cron=1774976962.1585359573364257812500 HTTP/1.1" 200 - "-" "WordPress/6.9.4; https://sumitkumarlaw.co.nz"
137.184.54.121 - - [31/Mar/2026:17:09:21 +0000] "POST /wp-login.php HTTP/1.1" 200 6286 "-" "Mozilla/5.0"
45.79.238.235 - - [31/Mar/2026:17:10:31 +0000] "POST /wp-cron.php?doing_wp_cron=1774977031.3356599807739257812500 HTTP/1.1" 200 - "-" "WordPress/6.9.4; https://sumitkumarlaw.co.nz"
165.245.238.80 - - [31/Mar/2026:17:10:30 +0000] "POST /wp-login.php HTTP/1.1" 200 6286 "-" "Mozilla/5.0"
66.249.70.68 - - [31/Mar/2026:17:10:31 +0000] "GET /2026/02/25/safe-pokies-easy-withdrawal/ HTTP/1.1" 200 103553 "-" "Mozilla/5.0 (Linux; Android 6.0.1; Nexus 5X Build/MMB29P) AppleWebKit/537.36 (KHTML, like Gecko) Chrome/146.0.7680.153 Mobile Safari/537.36 (compatible; Googlebot/2.1; +http://www.google.com/bot.html)"
45.79.238.235 - - [31/Mar/2026:17:10:55 +0000] "POST /wp-cron.php?doing_wp_cron=1774977054.9635310173034667968750 HTTP/1.1" 200 - "-" "WordPress/6.9.4; https://sumitkumarlaw.co.nz"
66.249.70.68 - - [31/Mar/2026:17:10:54 +0000] "GET /?p=8015 HTTP/1.1" 301 - "-" "Mozilla/5.0 (Linux; Android 6.0.1; Nexus 5X Build/MMB29P) AppleWebKit/537.36 (KHTML, like Gecko) Chrome/146.0.7680.153 Mobile Safari/537.36 (compatible; Googlebot/2.1; +http://www.google.com/bot.html)"
66.249.70.69 - - [31/Mar/2026:17:11:20 +0000] "GET /2026/02/25/120-free-spins-au/ HTTP/1.1" 200 103675 "-" "Mozilla/5.0 (Linux; Android 6.0.1; Nexus 5X Build/MMB29P) AppleWebKit/537.36 (KHTML, like Gecko) Chrome/146.0.7680.153 Mobile Safari/537.36 (compatible; Googlebot/2.1; +http://www.google.com/bot.html)"
45.79.238.235 - - [31/Mar/2026:17:11:58 +0000] "POST /wp-cron.php?doing_wp_cron=1774977118.1532878875732421875000 HTTP/1.1" 200 - "-" "WordPress/6.9.4; https://sumitkumarlaw.co.nz"
66.249.70.67 - - [31/Mar/2026:17:11:57 +0000] "GET /?p=3477 HTTP/1.1" 301 - "-" "Mozilla/5.0 (Linux; Android 6.0.1; Nexus 5X Build/MMB29P) AppleWebKit/537.36 (KHTML, like Gecko) Chrome/146.0.7680.153 Mobile Safari/537.36 (compatible; Googlebot/2.1; +http://www.google.com/bot.html)"
66.249.70.68 - - [31/Mar/2026:17:12:06 +0000] "GET /2026/02/25/2026-new-au-online-casinos/ HTTP/1.1" 200 103688 "-" "Mozilla/5.0 (Linux; Android 6.0.1; Nexus 5X Build/MMB29P) AppleWebKit/537.36 (KHTML, like Gecko) Chrome/146.0.7680.153 Mobile Safari/537.36 (compatible; Googlebot/2.1; +http://www.google.com/bot.html)"
66.249.70.67 - - [31/Mar/2026:17:12:23 +0000] "GET /2026/02/25/good-pokies-payouts/ HTTP/1.1" 200 103423 "-" "Mozilla/5.0 (Linux; Android 6.0.1; Nexus 5X Build/MMB29P) AppleWebKit/537.36 (KHTML, like Gecko) Chrome/146.0.7680.153 Mobile Safari/537.36 (compatible; Googlebot/2.1; +http://www.google.com/bot.html)"
45.79.238.235 - - [31/Mar/2026:17:13:22 +0000] "POST /wp-cron.php?doing_wp_cron=1774977202.7528650760650634765625 HTTP/1.1" 200 - "-" "WordPress/6.9.4; https://sumitkumarlaw.co.nz"
66.249.70.67 - - [31/Mar/2026:17:13:21 +0000] "GET /2026/02/25/free-popular-pokies-cash-prizes/ HTTP/1.1" 200 104058 "-" "Mozilla/5.0 (Linux; Android 6.0.1; Nexus 5X Build/MMB29P) AppleWebKit/537.36 (KHTML, like Gecko) Chrome/146.0.7680.153 Mobile Safari/537.36 (compatible; Googlebot/2.1; +http://www.google.com/bot.html)"
45.79.238.235 - - [31/Mar/2026:17:14:33 +0000] "POST /wp-cron.php?doing_wp_cron=1774977273.6825449466705322265625 HTTP/1.1" 200 - "-" "WordPress/6.9.4; https://sumitkumarlaw.co.nz"
161.178.140.192 - - [31/Mar/2026:17:14:33 +0000] "GET /wp-login.php HTTP/1.1" 200 5916 "-" "Mozilla/5.0"
161.178.140.192 - - [31/Mar/2026:17:14:34 +0000] "GET /?author=1 HTTP/1.1" 200 105482 "-" "Mozilla/5.0"
161.178.140.192 - - [31/Mar/2026:17:14:35 +0000] "GET /?author=2 HTTP/1.1" 200 105482 "-" "Mozilla/5.0"
45.79.238.235 - - [31/Mar/2026:17:15:13 +0000] "POST /wp-cron.php?doing_wp_cron=1774977313.0156209468841552734375 HTTP/1.1" 200 - "-" "WordPress/6.9.4; https://sumitkumarlaw.co.nz"
45.79.238.235 - - [31/Mar/2026:17:15:13 +0000] "POST /wp-cron.php?doing_wp_cron=1774977313.0849070549011230468750 HTTP/1.1" 200 - "-" "WordPress/6.9.4; https://sumitkumarlaw.co.nz"
45.79.238.235 - - [31/Mar/2026:17:15:13 +0000] "POST /wp-cron.php?doing_wp_cron=1774977313.1249070167541503906250 HTTP/1.1" 200 - "-" "WordPress/6.9.4; https://sumitkumarlaw.co.nz"
66.249.70.67 - - [31/Mar/2026:17:15:12 +0000] "GET /?p=7054 HTTP/1.1" 301 - "-" "Mozilla/5.0 (Linux; Android 6.0.1; Nexus 5X Build/MMB29P) AppleWebKit/537.36 (KHTML, like Gecko) Chrome/146.0.7680.153 Mobile Safari/537.36 (compatible; Googlebot/2.1; +http://www.google.com/bot.html)"
66.249.70.67 - - [31/Mar/2026:17:15:39 +0000] "GET /2026/02/25/new-au-pokies-games-free-play/ HTTP/1.1" 200 103883 "-" "Mozilla/5.0 (Linux; Android 6.0.1; Nexus 5X Build/MMB29P) AppleWebKit/537.36 (KHTML, like Gecko) Chrome/146.0.7680.153 Mobile Safari/537.36 (compatible; Googlebot/2.1; +http://www.google.com/bot.html)"
45.79.238.235 - - [31/Mar/2026:17:16:16 +0000] "POST /wp-cron.php?doing_wp_cron=1774977376.1471209526062011718750 HTTP/1.1" 200 - "-" "WordPress/6.9.4; https://sumitkumarlaw.co.nz"
66.249.70.67 - - [31/Mar/2026:17:16:15 +0000] "GET /?p=2309 HTTP/1.1" 301 - "-" "Mozilla/5.0 (Linux; Android 6.0.1; Nexus 5X Build/MMB29P) AppleWebKit/537.36 (KHTML, like Gecko) Chrome/146.0.7680.153 Mobile Safari/537.36 (compatible; Googlebot/2.1; +http://www.google.com/bot.html)"
66.249.70.68 - - [31/Mar/2026:17:16:41 +0000] "GET /2026/02/25/10-dollar-deposit-casinos-australia/ HTTP/1.1" 200 102701 "-" "Mozilla/5.0 (Linux; Android 6.0.1; Nexus 5X Build/MMB29P) AppleWebKit/537.36 (KHTML, like Gecko) Chrome/146.0.7680.153 Mobile Safari/537.36 (compatible; Googlebot/2.1; +http://www.google.com/bot.html)"
45.79.238.235 - - [31/Mar/2026:17:18:30 +0000] "POST /wp-cron.php?doing_wp_cron=1774977510.1672248840332031250000 HTTP/1.1" 200 - "-" "WordPress/6.9.4; https://sumitkumarlaw.co.nz"
66.249.70.67 - - [31/Mar/2026:17:18:29 +0000] "GET /?p=7158 HTTP/1.1" 301 - "-" "Mozilla/5.0 (Linux; Android 6.0.1; Nexus 5X Build/MMB29P) AppleWebKit/537.36 (KHTML, like Gecko) Chrome/146.0.7680.153 Mobile Safari/537.36 (compatible; Googlebot/2.1; +http://www.google.com/bot.html)"
43.166.251.233 - - [31/Mar/2026:17:18:35 +0000] "GET / HTTP/1.1" 200 154894 "http://www.sumitkumarlaw.co.nz" "Mozilla/5.0 (iPhone; CPU iPhone OS 13_2_3 like Mac OS X) AppleWebKit/605.1.15 (KHTML, like Gecko) Version/13.0.3 Mobile/15E148 Safari/604.1"
66.249.70.68 - - [31/Mar/2026:17:18:37 +0000] "GET /2026/02/25/does-gambling-affect-credit-score-nz/ HTTP/1.1" 200 103221 "-" "Mozilla/5.0 (Linux; Android 6.0.1; Nexus 5X Build/MMB29P) AppleWebKit/537.36 (KHTML, like Gecko) Chrome/146.0.7680.153 Mobile Safari/537.36 (compatible; Googlebot/2.1; +http://www.google.com/bot.html)"
66.249.70.67 - - [31/Mar/2026:17:18:41 +0000] "GET /?p=4891 HTTP/1.1" 301 - "-" "Mozilla/5.0 (Linux; Android 6.0.1; Nexus 5X Build/MMB29P) AppleWebKit/537.36 (KHTML, like Gecko) Chrome/146.0.7680.153 Mobile Safari/537.36 (compatible; Googlebot/2.1; +http://www.google.com/bot.html)"
45.79.238.235 - - [31/Mar/2026:17:18:56 +0000] "POST /wp-cron.php?doing_wp_cron=1774977536.5865380764007568359375 HTTP/1.1" 200 - "-" "WordPress/6.9.4; https://sumitkumarlaw.co.nz"
66.249.70.67 - - [31/Mar/2026:17:18:55 +0000] "GET /2026/02/25/free-spins-on-registration-no-deposit-au/ HTTP/1.1" 200 104142 "-" "Mozilla/5.0 (Linux; Android 6.0.1; Nexus 5X Build/MMB29P) AppleWebKit/537.36 (KHTML, like Gecko) Chrome/146.0.7680.153 Mobile Safari/537.36 (compatible; Googlebot/2.1; +http://www.google.com/bot.html)"
66.249.70.67 - - [31/Mar/2026:17:19:08 +0000] "GET /2026/02/25/winstar-casino-in-nz/ HTTP/1.1" 200 104199 "-" "Mozilla/5.0 (Linux; Android 6.0.1; Nexus 5X Build/MMB29P) AppleWebKit/537.36 (KHTML, like Gecko) Chrome/146.0.7680.153 Mobile Safari/537.36 (compatible; Googlebot/2.1; +http://www.google.com/bot.html)"
66.249.70.67 - - [31/Mar/2026:17:19:30 +0000] "GET /?p=3056 HTTP/1.1" 301 - "-" "Mozilla/5.0 (Linux; Android 6.0.1; Nexus 5X Build/MMB29P) AppleWebKit/537.36 (KHTML, like Gecko) Chrome/146.0.7680.153 Mobile Safari/537.36 (compatible; Googlebot/2.1; +http://www.google.com/bot.html)"
66.249.70.67 - - [31/Mar/2026:17:19:43 +0000] "GET /?p=2286 HTTP/1.1" 301 - "-" "Mozilla/5.0 (Linux; Android 6.0.1; Nexus 5X Build/MMB29P) AppleWebKit/537.36 (KHTML, like Gecko) Chrome/146.0.7680.153 Mobile Safari/537.36 (compatible; Googlebot/2.1; +http://www.google.com/bot.html)"
45.79.238.235 - - [31/Mar/2026:17:19:58 +0000] "POST /wp-cron.php?doing_wp_cron=1774977597.9273099899291992187500 HTTP/1.1" 200 - "-" "WordPress/6.9.4; https://sumitkumarlaw.co.nz"
66.249.70.67 - - [31/Mar/2026:17:19:56 +0000] "GET /2026/02/25/online-casino-australia-free-signup-bonus/ HTTP/1.1" 200 104275 "-" "Mozilla/5.0 (Linux; Android 6.0.1; Nexus 5X Build/MMB29P) AppleWebKit/537.36 (KHTML, like Gecko) Chrome/146.0.7680.153 Mobile Safari/537.36 (compatible; Googlebot/2.1; +http://www.google.com/bot.html)"
66.249.70.68 - - [31/Mar/2026:17:20:10 +0000] "GET /2026/02/25/free-no-download-deposit-casino-pokies-no-registration/ HTTP/1.1" 200 103750 "-" "Mozilla/5.0 (Linux; Android 6.0.1; Nexus 5X Build/MMB29P) AppleWebKit/537.36 (KHTML, like Gecko) Chrome/146.0.7680.153 Mobile Safari/537.36 (compatible; Googlebot/2.1; +http://www.google.com/bot.html)"
66.249.70.67 - - [31/Mar/2026:17:20:48 +0000] "GET /2026/02/25/free-spins-no-deposit-new-casino-au/ HTTP/1.1" 200 103098 "-" "Mozilla/5.0 (Linux; Android 6.0.1; Nexus 5X Build/MMB29P) AppleWebKit/537.36 (KHTML, like Gecko) Chrome/146.0.7680.153 Mobile Safari/537.36 (compatible; Googlebot/2.1; +http://www.google.com/bot.html)"
45.79.238.235 - - [31/Mar/2026:17:21:06 +0000] "POST /wp-cron.php?doing_wp_cron=1774977666.1787550449371337890625 HTTP/1.1" 200 - "-" "WordPress/6.9.4; https://sumitkumarlaw.co.nz"
137.184.54.121 - - [31/Mar/2026:17:21:05 +0000] "POST /wp-login.php HTTP/1.1" 200 6286 "-" "Mozilla/5.0"
66.249.70.69 - - [31/Mar/2026:17:21:38 +0000] "GET /?p=1511 HTTP/1.1" 301 - "-" "Mozilla/5.0 (Linux; Android 6.0.1; Nexus 5X Build/MMB29P) AppleWebKit/537.36 (KHTML, like Gecko) Chrome/146.0.7680.153 Mobile Safari/537.36 (compatible; Googlebot/2.1; +http://www.google.com/bot.html)"
45.79.238.235 - - [31/Mar/2026:17:22:02 +0000] "POST /wp-cron.php?doing_wp_cron=1774977721.8965220451354980468750 HTTP/1.1" 200 - "-" "WordPress/6.9.4; https://sumitkumarlaw.co.nz"
66.249.70.67 - - [31/Mar/2026:17:22:01 +0000] "GET /2026/02/25/gambling-pokies-for-real-money-no-deposit/ HTTP/1.1" 200 103745 "-" "Mozilla/5.0 (Linux; Android 6.0.1; Nexus 5X Build/MMB29P) AppleWebKit/537.36 (KHTML, like Gecko) Chrome/146.0.7680.153 Mobile Safari/537.36 (compatible; Googlebot/2.1; +http://www.google.com/bot.html)"
204.76.203.25 - - [31/Mar/2026:17:22:35 +0000] "GET /.env HTTP/1.1" 403 4170 "-" "Mozilla/5.0 (Windows NT 10.0; Win64; x64) AppleWebKit/537.36 (KHTML, like Gecko) Chrome/134.0.0.0 Safari/537.3"
45.79.238.235 - - [31/Mar/2026:17:24:02 +0000] "POST /wp-cron.php?doing_wp_cron=1774977842.7221460342407226562500 HTTP/1.1" 200 - "-" "WordPress/6.9.4; https://sumitkumarlaw.co.nz"
66.249.70.68 - - [31/Mar/2026:17:24:01 +0000] "GET /2026/02/25/online-casinos-allowed-in-au/ HTTP/1.1" 200 104295 "-" "Mozilla/5.0 (Linux; Android 6.0.1; Nexus 5X Build/MMB29P) AppleWebKit/537.36 (KHTML, like Gecko) Chrome/146.0.7680.153 Mobile Safari/537.36 (compatible; Googlebot/2.1; +http://www.google.com/bot.html)"
45.79.238.235 - - [31/Mar/2026:17:25:33 +0000] "POST /wp-cron.php?doing_wp_cron=1774977933.4429540634155273437500 HTTP/1.1" 200 - "-" "WordPress/6.9.4; https://sumitkumarlaw.co.nz"
165.245.238.80 - - [31/Mar/2026:17:25:32 +0000] "POST /wp-login.php HTTP/1.1" 200 6286 "-" "Mozilla/5.0"
45.79.238.235 - - [31/Mar/2026:17:25:57 +0000] "POST /wp-cron.php?doing_wp_cron=1774977957.8311738967895507812500 HTTP/1.1" 200 - "-" "WordPress/6.9.4; https://sumitkumarlaw.co.nz"
66.249.70.69 - - [31/Mar/2026:17:25:57 +0000] "GET /2026/02/25/new-zealand-casino-guide-blackjack-chart/ HTTP/1.1" 200 103374 "-" "Mozilla/5.0 (Linux; Android 6.0.1; Nexus 5X Build/MMB29P) AppleWebKit/537.36 (KHTML, like Gecko) Chrome/146.0.7680.153 Mobile Safari/537.36 (compatible; Googlebot/2.1; +http://www.google.com/bot.html)"
66.249.70.68 - - [31/Mar/2026:17:25:57 +0000] "GET /2026/02/25/free-deposit-casino-pokies-play-no-download/ HTTP/1.1" 200 104463 "-" "Mozilla/5.0 (Linux; Android 6.0.1; Nexus 5X Build/MMB29P) AppleWebKit/537.36 (KHTML, like Gecko) Chrome/146.0.7680.153 Mobile Safari/537.36 (compatible; Googlebot/2.1; +http://www.google.com/bot.html)"
66.249.70.67 - - [31/Mar/2026:17:25:59 +0000] "GET /2026/02/25/free-casino-games-new-pokies-online/ HTTP/1.1" 200 103464 "-" "Mozilla/5.0 (Linux; Android 6.0.1; Nexus 5X Build/MMB29P) AppleWebKit/537.36 (KHTML, like Gecko) Chrome/146.0.7680.153 Mobile Safari/537.36 (compatible; Googlebot/2.1; +http://www.google.com/bot.html)"
66.249.70.67 - - [31/Mar/2026:17:26:37 +0000] "GET /2026/02/25/slots-nz-free/ HTTP/1.1" 200 103487 "-" "Mozilla/5.0 (Linux; Android 6.0.1; Nexus 5X Build/MMB29P) AppleWebKit/537.36 (KHTML, like Gecko) Chrome/146.0.7680.153 Mobile Safari/537.36 (compatible; Googlebot/2.1; +http://www.google.com/bot.html)"
45.79.238.235 - - [31/Mar/2026:17:28:30 +0000] "POST /wp-cron.php?doing_wp_cron=1774978110.6227428913116455078125 HTTP/1.1" 200 - "-" "WordPress/6.9.4; https://sumitkumarlaw.co.nz"
66.249.70.67 - - [31/Mar/2026:17:28:28 +0000] "GET /?p=2776 HTTP/1.1" 301 - "-" "Mozilla/5.0 (Linux; Android 6.0.1; Nexus 5X Build/MMB29P) AppleWebKit/537.36 (KHTML, like Gecko) Chrome/146.0.7680.153 Mobile Safari/537.36 (compatible; Googlebot/2.1; +http://www.google.com/bot.html)"
45.79.238.235 - - [31/Mar/2026:17:28:53 +0000] "POST /wp-cron.php?doing_wp_cron=1774978133.0122900009155273437500 HTTP/1.1" 200 - "-" "WordPress/6.9.4; https://sumitkumarlaw.co.nz"
66.249.70.67 - - [31/Mar/2026:17:28:52 +0000] "GET /?p=6033 HTTP/1.1" 301 - "-" "Mozilla/5.0 (Linux; Android 6.0.1; Nexus 5X Build/MMB29P) AppleWebKit/537.36 (KHTML, like Gecko) Chrome/146.0.7680.153 Mobile Safari/537.36 (compatible; Googlebot/2.1; +http://www.google.com/bot.html)"
66.249.70.68 - - [31/Mar/2026:17:28:51 +0000] "GET /2026/02/25/casino-in-canberra-county-au/ HTTP/1.1" 200 103963 "-" "Mozilla/5.0 (Linux; Android 6.0.1; Nexus 5X Build/MMB29P) AppleWebKit/537.36 (KHTML, like Gecko) Chrome/146.0.7680.153 Mobile Safari/537.36 (compatible; Googlebot/2.1; +http://www.google.com/bot.html)"
66.249.70.67 - - [31/Mar/2026:17:29:13 +0000] "GET /2026/02/25/secure-pokies-with-bonus-free-no-download/ HTTP/1.1" 200 103813 "-" "Mozilla/5.0 (Linux; Android 6.0.1; Nexus 5X Build/MMB29P) AppleWebKit/537.36 (KHTML, like Gecko) Chrome/146.0.7680.153 Mobile Safari/537.36 (compatible; Googlebot/2.1; +http://www.google.com/bot.html)"
66.249.70.67 - - [31/Mar/2026:17:29:50 +0000] "GET /2026/02/25/free-online-pokies-australia-wheres-the-gold/ HTTP/1.1" 200 103649 "-" "Mozilla/5.0 (Linux; Android 6.0.1; Nexus 5X Build/MMB29P) AppleWebKit/537.36 (KHTML, like Gecko) Chrome/146.0.7680.153 Mobile Safari/537.36 (compatible; Googlebot/2.1; +http://www.google.com/bot.html)"
45.79.238.235 - - [31/Mar/2026:17:29:57 +0000] "POST /wp-cron.php?doing_wp_cron=1774978197.8535580635070800781250 HTTP/1.1" 200 - "-" "WordPress/6.9.4; https://sumitkumarlaw.co.nz"
66.249.70.67 - - [31/Mar/2026:17:29:57 +0000] "GET /2026/02/25/new-online-casinos-australia-no-deposit-registration-bonus/ HTTP/1.1" 200 103736 "-" "Mozilla/5.0 (Linux; Android 6.0.1; Nexus 5X Build/MMB29P) AppleWebKit/537.36 (KHTML, like Gecko) Chrome/146.0.7680.153 Mobile Safari/537.36 (compatible; Googlebot/2.1; +http://www.google.com/bot.html)"
66.249.70.69 - - [31/Mar/2026:17:30:39 +0000] "GET /?p=4993 HTTP/1.1" 301 - "-" "Mozilla/5.0 (Linux; Android 6.0.1; Nexus 5X Build/MMB29P) AppleWebKit/537.36 (KHTML, like Gecko) Chrome/146.0.7680.153 Mobile Safari/537.36 (compatible; Googlebot/2.1; +http://www.google.com/bot.html)"
141.98.11.44 - - [31/Mar/2026:17:31:01 +0000] "GET /wp-includes/sodium_compat/src/Core/SecretStream/State.php HTTP/1.1" 403 4170 "-" "Mozilla/5.0 (Windows NT 10.0; Win64; x64) AppleWebKit/537.36"
45.79.238.235 - - [31/Mar/2026:17:31:05 +0000] "POST /wp-cron.php?doing_wp_cron=1774978265.8248920440673828125000 HTTP/1.1" 200 - "-" "WordPress/6.9.4; https://sumitkumarlaw.co.nz"
66.249.70.68 - - [31/Mar/2026:17:31:04 +0000] "GET /2026/02/25/new-au-pokies-minimum-5-deposit/ HTTP/1.1" 200 103006 "-" "Mozilla/5.0 (Linux; Android 6.0.1; Nexus 5X Build/MMB29P) AppleWebKit/537.36 (KHTML, like Gecko) Chrome/146.0.7680.153 Mobile Safari/537.36 (compatible; Googlebot/2.1; +http://www.google.com/bot.html)"
45.79.238.235 - - [31/Mar/2026:17:32:53 +0000] "POST /wp-cron.php?doing_wp_cron=1774978372.9502079486846923828125 HTTP/1.1" 200 - "-" "WordPress/6.9.4; https://sumitkumarlaw.co.nz"
137.184.54.121 - - [31/Mar/2026:17:32:51 +0000] "POST /wp-login.php HTTP/1.1" 200 6286 "-" "Mozilla/5.0"
45.79.238.235 - - [31/Mar/2026:17:37:07 +0000] "POST /wp-cron.php?doing_wp_cron=1774978626.7450170516967773437500 HTTP/1.1" 200 - "-" "WordPress/6.9.4; https://sumitkumarlaw.co.nz"
66.249.70.68 - - [31/Mar/2026:17:37:04 +0000] "GET /?p=2768 HTTP/1.1" 301 - "-" "Mozilla/5.0 (Linux; Android 6.0.1; Nexus 5X Build/MMB29P) AppleWebKit/537.36 (KHTML, like Gecko) Chrome/146.0.7680.153 Mobile Safari/537.36 (compatible; Googlebot/2.1; +http://www.google.com/bot.html)"
66.249.70.67 - - [31/Mar/2026:17:37:26 +0000] "GET /2026/02/25/play-australian-pokies-and-pokies-machines/ HTTP/1.1" 200 103552 "-" "Mozilla/5.0 (Linux; Android 6.0.1; Nexus 5X Build/MMB29P) AppleWebKit/537.36 (KHTML, like Gecko) Chrome/146.0.7680.153 Mobile Safari/537.36 (compatible; Googlebot/2.1; +http://www.google.com/bot.html)"
66.249.70.67 - - [31/Mar/2026:17:37:28 +0000] "GET /2026/02/25/for-online-pokies-in-au/ HTTP/1.1" 200 103345 "-" "Mozilla/5.0 (Linux; Android 6.0.1; Nexus 5X Build/MMB29P) AppleWebKit/537.36 (KHTML, like Gecko) Chrome/146.0.7680.153 Mobile Safari/537.36 (compatible; Googlebot/2.1; +http://www.google.com/bot.html)"
15.204.12.43 - - [31/Mar/2026:17:37:28 +0000] "GET /blog-verify HTTP/1.1" 404 96945 "-" "Mozilla/5.0 (Windows NT 10.0; Win64; x64) AppleWebKit/537.36 (KHTML, like Gecko) Chrome/127.0.0.0 Safari/537.36"
34.63.122.47 - - [31/Mar/2026:17:39:25 +0000] "GET / HTTP/1.1" 200 154883 "http://sumitkumarlaw.co.nz" "Mozilla/5.0 (compatible; CMS-Checker/1.0; +https://example.com)"
45.79.238.235 - - [31/Mar/2026:17:40:46 +0000] "POST /wp-cron.php?doing_wp_cron=1774978846.2662460803985595703125 HTTP/1.1" 200 - "-" "WordPress/6.9.4; https://sumitkumarlaw.co.nz"
165.245.238.80 - - [31/Mar/2026:17:40:45 +0000] "POST /wp-login.php HTTP/1.1" 200 6286 "-" "Mozilla/5.0"
45.79.238.235 - - [31/Mar/2026:17:44:35 +0000] "POST /wp-cron.php?doing_wp_cron=1774979074.8298499584197998046875 HTTP/1.1" 200 - "-" "WordPress/6.9.4; https://sumitkumarlaw.co.nz"
66.249.70.68 - - [31/Mar/2026:17:44:34 +0000] "GET /?p=7680 HTTP/1.1" 301 - "-" "Mozilla/5.0 (Linux; Android 6.0.1; Nexus 5X Build/MMB29P) AppleWebKit/537.36 (KHTML, like Gecko) Chrome/146.0.7680.153 Mobile Safari/537.36 (compatible; Googlebot/2.1; +http://www.google.com/bot.html)"
137.184.54.121 - - [31/Mar/2026:17:44:40 +0000] "POST /wp-login.php HTTP/1.1" 200 6286 "-" "Mozilla/5.0"
45.79.238.235 - - [31/Mar/2026:17:45:01 +0000] "POST /wp-cron.php?doing_wp_cron=1774979101.1420619487762451171875 HTTP/1.1" 200 - "-" "WordPress/6.9.4; https://sumitkumarlaw.co.nz"
