ruạṛ
74.7.227.133 - - [31/Mar/2026:11:56:49 +0000] "GET /wp-json/wp/v2/posts/1321 HTTP/1.1" 200 8956 "https://sumitkumarlaw.co.nz/?p=1321" "Mozilla/5.0 AppleWebKit/537.36 (KHTML, like Gecko; compatible; GPTBot/1.3; +https://openai.com/gptbot)"
66.249.70.67 - - [31/Mar/2026:11:56:49 +0000] "GET /?p=8352 HTTP/1.1" 301 - "-" "Mozilla/5.0 (Linux; Android 6.0.1; Nexus 5X Build/MMB29P) AppleWebKit/537.36 (KHTML, like Gecko) Chrome/146.0.7680.153 Mobile Safari/537.36 (compatible; Googlebot/2.1; +http://www.google.com/bot.html)"
74.7.227.133 - - [31/Mar/2026:11:56:50 +0000] "GET /wp-json/wp/v2/posts/2852 HTTP/1.1" 200 8093 "https://sumitkumarlaw.co.nz/?p=2852" "Mozilla/5.0 AppleWebKit/537.36 (KHTML, like Gecko; compatible; GPTBot/1.3; +https://openai.com/gptbot)"
74.7.227.133 - - [31/Mar/2026:11:56:51 +0000] "GET /wp-json/wp/v2/posts/2276 HTTP/1.1" 200 7422 "https://sumitkumarlaw.co.nz/?p=2276" "Mozilla/5.0 AppleWebKit/537.36 (KHTML, like Gecko; compatible; GPTBot/1.3; +https://openai.com/gptbot)"
74.7.227.133 - - [31/Mar/2026:11:56:51 +0000] "GET /wp-json/wp/v2/posts/1001 HTTP/1.1" 200 7982 "https://sumitkumarlaw.co.nz/?p=1001" "Mozilla/5.0 AppleWebKit/537.36 (KHTML, like Gecko; compatible; GPTBot/1.3; +https://openai.com/gptbot)"
74.7.227.133 - - [31/Mar/2026:11:56:52 +0000] "GET /wp-json/wp/v2/posts/2237 HTTP/1.1" 200 8747 "https://sumitkumarlaw.co.nz/?p=2237" "Mozilla/5.0 AppleWebKit/537.36 (KHTML, like Gecko; compatible; GPTBot/1.3; +https://openai.com/gptbot)"
45.79.238.235 - - [31/Mar/2026:11:56:53 +0000] "POST /wp-cron.php?doing_wp_cron=1774958213.0108590126037597656250 HTTP/1.1" 200 - "-" "WordPress/6.9.4; https://sumitkumarlaw.co.nz"
74.7.227.133 - - [31/Mar/2026:11:56:52 +0000] "GET /wp-json/wp/v2/posts/2432 HTTP/1.1" 200 9072 "https://sumitkumarlaw.co.nz/?p=2432" "Mozilla/5.0 AppleWebKit/537.36 (KHTML, like Gecko; compatible; GPTBot/1.3; +https://openai.com/gptbot)"
74.7.227.133 - - [31/Mar/2026:11:56:53 +0000] "GET /wp-json/wp/v2/posts/2621 HTTP/1.1" 200 8175 "https://sumitkumarlaw.co.nz/?p=2621" "Mozilla/5.0 AppleWebKit/537.36 (KHTML, like Gecko; compatible; GPTBot/1.3; +https://openai.com/gptbot)"
74.7.227.133 - - [31/Mar/2026:11:56:53 +0000] "GET /wp-json/wp/v2/posts/1219 HTTP/1.1" 200 7674 "https://sumitkumarlaw.co.nz/?p=1219" "Mozilla/5.0 AppleWebKit/537.36 (KHTML, like Gecko; compatible; GPTBot/1.3; +https://openai.com/gptbot)"
74.7.227.133 - - [31/Mar/2026:11:56:54 +0000] "GET /wp-json/wp/v2/posts/1332 HTTP/1.1" 200 8891 "https://sumitkumarlaw.co.nz/?p=1332" "Mozilla/5.0 AppleWebKit/537.36 (KHTML, like Gecko; compatible; GPTBot/1.3; +https://openai.com/gptbot)"
74.7.227.133 - - [31/Mar/2026:11:56:56 +0000] "GET /wp-json/wp/v2/posts/1177 HTTP/1.1" 200 7474 "https://sumitkumarlaw.co.nz/?p=1177" "Mozilla/5.0 AppleWebKit/537.36 (KHTML, like Gecko; compatible; GPTBot/1.3; +https://openai.com/gptbot)"
74.7.227.133 - - [31/Mar/2026:11:56:58 +0000] "GET /wp-json/wp/v2/posts/2080 HTTP/1.1" 200 8277 "https://sumitkumarlaw.co.nz/?p=2080" "Mozilla/5.0 AppleWebKit/537.36 (KHTML, like Gecko; compatible; GPTBot/1.3; +https://openai.com/gptbot)"
74.7.227.133 - - [31/Mar/2026:11:56:58 +0000] "GET /wp-json/wp/v2/posts/2235 HTTP/1.1" 200 8192 "https://sumitkumarlaw.co.nz/?p=2235" "Mozilla/5.0 AppleWebKit/537.36 (KHTML, like Gecko; compatible; GPTBot/1.3; +https://openai.com/gptbot)"
74.7.227.133 - - [31/Mar/2026:11:56:59 +0000] "GET /wp-json/wp/v2/posts/1522 HTTP/1.1" 200 8694 "https://sumitkumarlaw.co.nz/?p=1522" "Mozilla/5.0 AppleWebKit/537.36 (KHTML, like Gecko; compatible; GPTBot/1.3; +https://openai.com/gptbot)"
74.7.227.133 - - [31/Mar/2026:11:56:59 +0000] "GET /wp-json/wp/v2/posts/1441 HTTP/1.1" 200 8358 "https://sumitkumarlaw.co.nz/?p=1441" "Mozilla/5.0 AppleWebKit/537.36 (KHTML, like Gecko; compatible; GPTBot/1.3; +https://openai.com/gptbot)"
74.7.227.133 - - [31/Mar/2026:11:57:00 +0000] "GET /wp-json/wp/v2/posts/2215 HTTP/1.1" 200 8557 "https://sumitkumarlaw.co.nz/?p=2215" "Mozilla/5.0 AppleWebKit/537.36 (KHTML, like Gecko; compatible; GPTBot/1.3; +https://openai.com/gptbot)"
74.7.227.133 - - [31/Mar/2026:11:57:00 +0000] "GET /wp-json/wp/v2/posts/2030 HTTP/1.1" 200 9069 "https://sumitkumarlaw.co.nz/?p=2030" "Mozilla/5.0 AppleWebKit/537.36 (KHTML, like Gecko; compatible; GPTBot/1.3; +https://openai.com/gptbot)"
74.7.227.133 - - [31/Mar/2026:11:57:01 +0000] "GET /wp-json/wp/v2/posts/2482 HTTP/1.1" 200 8105 "https://sumitkumarlaw.co.nz/?p=2482" "Mozilla/5.0 AppleWebKit/537.36 (KHTML, like Gecko; compatible; GPTBot/1.3; +https://openai.com/gptbot)"
74.7.227.133 - - [31/Mar/2026:11:57:04 +0000] "GET /wp-json/wp/v2/posts/1331 HTTP/1.1" 200 8353 "https://sumitkumarlaw.co.nz/?p=1331" "Mozilla/5.0 AppleWebKit/537.36 (KHTML, like Gecko; compatible; GPTBot/1.3; +https://openai.com/gptbot)"
74.7.227.133 - - [31/Mar/2026:11:57:06 +0000] "GET /wp-json/wp/v2/posts/1021 HTTP/1.1" 200 8782 "https://sumitkumarlaw.co.nz/?p=1021" "Mozilla/5.0 AppleWebKit/537.36 (KHTML, like Gecko; compatible; GPTBot/1.3; +https://openai.com/gptbot)"
74.7.227.133 - - [31/Mar/2026:11:57:09 +0000] "GET /wp-json/wp/v2/posts/2050 HTTP/1.1" 200 9198 "https://sumitkumarlaw.co.nz/?p=2050" "Mozilla/5.0 AppleWebKit/537.36 (KHTML, like Gecko; compatible; GPTBot/1.3; +https://openai.com/gptbot)"
74.7.227.133 - - [31/Mar/2026:11:57:09 +0000] "GET /wp-json/wp/v2/posts/2001 HTTP/1.1" 200 8150 "https://sumitkumarlaw.co.nz/?p=2001" "Mozilla/5.0 AppleWebKit/537.36 (KHTML, like Gecko; compatible; GPTBot/1.3; +https://openai.com/gptbot)"
74.7.227.133 - - [31/Mar/2026:11:57:10 +0000] "GET /wp-json/wp/v2/posts/2334 HTTP/1.1" 200 8227 "https://sumitkumarlaw.co.nz/?p=2334" "Mozilla/5.0 AppleWebKit/537.36 (KHTML, like Gecko; compatible; GPTBot/1.3; +https://openai.com/gptbot)"
74.7.227.133 - - [31/Mar/2026:11:57:12 +0000] "GET /wp-json/wp/v2/posts/1226 HTTP/1.1" 200 9010 "https://sumitkumarlaw.co.nz/?p=1226" "Mozilla/5.0 AppleWebKit/537.36 (KHTML, like Gecko; compatible; GPTBot/1.3; +https://openai.com/gptbot)"
74.7.227.133 - - [31/Mar/2026:11:57:15 +0000] "GET /wp-json/wp/v2/posts/1229 HTTP/1.1" 200 8370 "https://sumitkumarlaw.co.nz/?p=1229" "Mozilla/5.0 AppleWebKit/537.36 (KHTML, like Gecko; compatible; GPTBot/1.3; +https://openai.com/gptbot)"
66.249.70.69 - - [31/Mar/2026:11:57:15 +0000] "GET /2026/02/25/electronic-pokies-games-with-bonuses/ HTTP/1.1" 200 103590 "-" "Mozilla/5.0 (Linux; Android 6.0.1; Nexus 5X Build/MMB29P) AppleWebKit/537.36 (KHTML, like Gecko) Chrome/146.0.7680.153 Mobile Safari/537.36 (compatible; Googlebot/2.1; +http://www.google.com/bot.html)"
74.7.227.133 - - [31/Mar/2026:11:57:16 +0000] "GET /wp-json/wp/v2/posts/2677 HTTP/1.1" 200 8348 "https://sumitkumarlaw.co.nz/?p=2677" "Mozilla/5.0 AppleWebKit/537.36 (KHTML, like Gecko; compatible; GPTBot/1.3; +https://openai.com/gptbot)"
66.249.70.67 - - [31/Mar/2026:11:57:17 +0000] "GET /?p=6660 HTTP/1.1" 301 - "-" "Mozilla/5.0 (Linux; Android 6.0.1; Nexus 5X Build/MMB29P) AppleWebKit/537.36 (KHTML, like Gecko) Chrome/146.0.7680.153 Mobile Safari/537.36 (compatible; Googlebot/2.1; +http://www.google.com/bot.html)"
74.7.227.133 - - [31/Mar/2026:11:57:16 +0000] "GET /wp-json/wp/v2/posts/1252 HTTP/1.1" 200 8859 "https://sumitkumarlaw.co.nz/?p=1252" "Mozilla/5.0 AppleWebKit/537.36 (KHTML, like Gecko; compatible; GPTBot/1.3; +https://openai.com/gptbot)"
74.7.227.133 - - [31/Mar/2026:11:57:18 +0000] "GET /wp-json/wp/v2/posts/2182 HTTP/1.1" 200 8647 "https://sumitkumarlaw.co.nz/?p=2182" "Mozilla/5.0 AppleWebKit/537.36 (KHTML, like Gecko; compatible; GPTBot/1.3; +https://openai.com/gptbot)"
74.7.227.133 - - [31/Mar/2026:11:57:19 +0000] "GET /wp-json/wp/v2/posts/1772 HTTP/1.1" 200 8753 "https://sumitkumarlaw.co.nz/?p=1772" "Mozilla/5.0 AppleWebKit/537.36 (KHTML, like Gecko; compatible; GPTBot/1.3; +https://openai.com/gptbot)"
74.7.227.133 - - [31/Mar/2026:11:57:19 +0000] "GET /wp-json/wp/v2/posts/2757 HTTP/1.1" 200 8899 "https://sumitkumarlaw.co.nz/?p=2757" "Mozilla/5.0 AppleWebKit/537.36 (KHTML, like Gecko; compatible; GPTBot/1.3; +https://openai.com/gptbot)"
74.7.227.133 - - [31/Mar/2026:11:57:20 +0000] "GET /wp-json/wp/v2/posts/2545 HTTP/1.1" 200 8521 "https://sumitkumarlaw.co.nz/?p=2545" "Mozilla/5.0 AppleWebKit/537.36 (KHTML, like Gecko; compatible; GPTBot/1.3; +https://openai.com/gptbot)"
74.7.227.133 - - [31/Mar/2026:11:57:20 +0000] "GET /wp-json/wp/v2/posts/1142 HTTP/1.1" 200 8832 "https://sumitkumarlaw.co.nz/?p=1142" "Mozilla/5.0 AppleWebKit/537.36 (KHTML, like Gecko; compatible; GPTBot/1.3; +https://openai.com/gptbot)"
74.7.227.133 - - [31/Mar/2026:11:57:21 +0000] "GET /wp-json/wp/v2/posts/1218 HTTP/1.1" 200 8939 "https://sumitkumarlaw.co.nz/?p=1218" "Mozilla/5.0 AppleWebKit/537.36 (KHTML, like Gecko; compatible; GPTBot/1.3; +https://openai.com/gptbot)"
74.7.227.133 - - [31/Mar/2026:11:57:23 +0000] "GET /wp-json/wp/v2/posts/2414 HTTP/1.1" 200 8014 "https://sumitkumarlaw.co.nz/?p=2414" "Mozilla/5.0 AppleWebKit/537.36 (KHTML, like Gecko; compatible; GPTBot/1.3; +https://openai.com/gptbot)"
74.7.227.133 - - [31/Mar/2026:11:57:23 +0000] "GET /wp-json/wp/v2/posts/2209 HTTP/1.1" 200 9446 "https://sumitkumarlaw.co.nz/?p=2209" "Mozilla/5.0 AppleWebKit/537.36 (KHTML, like Gecko; compatible; GPTBot/1.3; +https://openai.com/gptbot)"
74.7.227.133 - - [31/Mar/2026:11:57:24 +0000] "GET /wp-json/wp/v2/posts/2161 HTTP/1.1" 200 7961 "https://sumitkumarlaw.co.nz/?p=2161" "Mozilla/5.0 AppleWebKit/537.36 (KHTML, like Gecko; compatible; GPTBot/1.3; +https://openai.com/gptbot)"
74.7.227.133 - - [31/Mar/2026:11:57:24 +0000] "GET /wp-json/wp/v2/posts/1323 HTTP/1.1" 200 8384 "https://sumitkumarlaw.co.nz/?p=1323" "Mozilla/5.0 AppleWebKit/537.36 (KHTML, like Gecko; compatible; GPTBot/1.3; +https://openai.com/gptbot)"
74.7.227.133 - - [31/Mar/2026:11:57:25 +0000] "GET /wp-json/wp/v2/posts/1151 HTTP/1.1" 200 7968 "https://sumitkumarlaw.co.nz/?p=1151" "Mozilla/5.0 AppleWebKit/537.36 (KHTML, like Gecko; compatible; GPTBot/1.3; +https://openai.com/gptbot)"
74.7.227.133 - - [31/Mar/2026:11:57:25 +0000] "GET /wp-json/wp/v2/posts/1242 HTTP/1.1" 200 9176 "https://sumitkumarlaw.co.nz/?p=1242" "Mozilla/5.0 AppleWebKit/537.36 (KHTML, like Gecko; compatible; GPTBot/1.3; +https://openai.com/gptbot)"
74.7.227.133 - - [31/Mar/2026:11:57:26 +0000] "GET /wp-json/wp/v2/posts/2203 HTTP/1.1" 200 8944 "https://sumitkumarlaw.co.nz/?p=2203" "Mozilla/5.0 AppleWebKit/537.36 (KHTML, like Gecko; compatible; GPTBot/1.3; +https://openai.com/gptbot)"
74.7.227.133 - - [31/Mar/2026:11:57:27 +0000] "GET /wp-json/wp/v2/posts/1821 HTTP/1.1" 200 8183 "https://sumitkumarlaw.co.nz/?p=1821" "Mozilla/5.0 AppleWebKit/537.36 (KHTML, like Gecko; compatible; GPTBot/1.3; +https://openai.com/gptbot)"
74.7.227.133 - - [31/Mar/2026:11:57:28 +0000] "GET /wp-json/wp/v2/posts/2032 HTTP/1.1" 200 8799 "https://sumitkumarlaw.co.nz/?p=2032" "Mozilla/5.0 AppleWebKit/537.36 (KHTML, like Gecko; compatible; GPTBot/1.3; +https://openai.com/gptbot)"
74.7.227.133 - - [31/Mar/2026:11:57:29 +0000] "GET /wp-json/wp/v2/posts/1661 HTTP/1.1" 200 8368 "https://sumitkumarlaw.co.nz/?p=1661" "Mozilla/5.0 AppleWebKit/537.36 (KHTML, like Gecko; compatible; GPTBot/1.3; +https://openai.com/gptbot)"
74.7.227.133 - - [31/Mar/2026:11:57:29 +0000] "GET /wp-json/wp/v2/posts/2752 HTTP/1.1" 200 8857 "https://sumitkumarlaw.co.nz/?p=2752" "Mozilla/5.0 AppleWebKit/537.36 (KHTML, like Gecko; compatible; GPTBot/1.3; +https://openai.com/gptbot)"
74.7.227.133 - - [31/Mar/2026:11:57:30 +0000] "GET /wp-json/wp/v2/posts/2208 HTTP/1.1" 200 7872 "https://sumitkumarlaw.co.nz/?p=2208" "Mozilla/5.0 AppleWebKit/537.36 (KHTML, like Gecko; compatible; GPTBot/1.3; +https://openai.com/gptbot)"
74.7.227.133 - - [31/Mar/2026:11:57:30 +0000] "GET /wp-json/wp/v2/posts/1919 HTTP/1.1" 200 8599 "https://sumitkumarlaw.co.nz/?p=1919" "Mozilla/5.0 AppleWebKit/537.36 (KHTML, like Gecko; compatible; GPTBot/1.3; +https://openai.com/gptbot)"
74.7.227.133 - - [31/Mar/2026:11:57:32 +0000] "GET /wp-json/wp/v2/posts/1525 HTTP/1.1" 200 7913 "https://sumitkumarlaw.co.nz/?p=1525" "Mozilla/5.0 AppleWebKit/537.36 (KHTML, like Gecko; compatible; GPTBot/1.3; +https://openai.com/gptbot)"
74.7.227.133 - - [31/Mar/2026:11:57:33 +0000] "GET /wp-json/oembed/1.0/embed?url=https%3A%2F%2Fsumitkumarlaw.co.nz%2F2026%2F02%2F25%2Fwhen-are-the-pokies-open-in-melbourne%2F HTTP/1.1" 200 2312 "https://sumitkumarlaw.co.nz/?p=1438" "Mozilla/5.0 AppleWebKit/537.36 (KHTML, like Gecko; compatible; GPTBot/1.3; +https://openai.com/gptbot)"
74.7.227.133 - - [31/Mar/2026:11:57:34 +0000] "GET /wp-json/oembed/1.0/embed?url=https%3A%2F%2Fsumitkumarlaw.co.nz%2F2026%2F02%2F25%2Fnew-online-au-casinos-no-deposit-bonus%2F HTTP/1.1" 200 2317 "https://sumitkumarlaw.co.nz/?p=1595" "Mozilla/5.0 AppleWebKit/537.36 (KHTML, like Gecko; compatible; GPTBot/1.3; +https://openai.com/gptbot)"
74.7.227.133 - - [31/Mar/2026:11:57:34 +0000] "GET /wp-json/oembed/1.0/embed?url=https%3A%2F%2Fsumitkumarlaw.co.nz%2F2026%2F02%2F25%2Fno-deposit-bonus-pokies-in-australia-sites%2F HTTP/1.1" 200 2337 "https://sumitkumarlaw.co.nz/?p=2980" "Mozilla/5.0 AppleWebKit/537.36 (KHTML, like Gecko; compatible; GPTBot/1.3; +https://openai.com/gptbot)"
74.7.227.133 - - [31/Mar/2026:11:57:35 +0000] "GET /wp-json/oembed/1.0/embed?url=https%3A%2F%2Fsumitkumarlaw.co.nz%2F2026%2F02%2F25%2Fonline-nz-casino-no-deposit-bonus-codes%2F HTTP/1.1" 200 2322 "https://sumitkumarlaw.co.nz/?p=2070" "Mozilla/5.0 AppleWebKit/537.36 (KHTML, like Gecko; compatible; GPTBot/1.3; +https://openai.com/gptbot)"
74.7.227.133 - - [31/Mar/2026:11:57:35 +0000] "GET /wp-json/oembed/1.0/embed?url=https%3A%2F%2Fsumitkumarlaw.co.nz%2F2026%2F02%2F25%2Fonline-casino-no-deposit-bonus-new-zealand%2F HTTP/1.1" 200 2337 "https://sumitkumarlaw.co.nz/?p=1242" "Mozilla/5.0 AppleWebKit/537.36 (KHTML, like Gecko; compatible; GPTBot/1.3; +https://openai.com/gptbot)"
74.7.227.133 - - [31/Mar/2026:11:57:36 +0000] "GET /wp-json/oembed/1.0/embed?url=https%3A%2F%2Fsumitkumarlaw.co.nz%2F2026%2F02%2F25%2Fwin-big-at-pokies-in-new-zealand%2F HTTP/1.1" 200 2287 "https://sumitkumarlaw.co.nz/?p=2222" "Mozilla/5.0 AppleWebKit/537.36 (KHTML, like Gecko; compatible; GPTBot/1.3; +https://openai.com/gptbot)"
74.7.227.133 - - [31/Mar/2026:11:57:36 +0000] "GET /wp-json/oembed/1.0/embed?url=https%3A%2F%2Fsumitkumarlaw.co.nz%2F2026%2F02%2F25%2Fplay-new-au-pokies-for-real-cash%2F HTTP/1.1" 200 2287 "https://sumitkumarlaw.co.nz/?p=1515" "Mozilla/5.0 AppleWebKit/537.36 (KHTML, like Gecko; compatible; GPTBot/1.3; +https://openai.com/gptbot)"
74.7.227.133 - - [31/Mar/2026:11:57:38 +0000] "GET /wp-json/oembed/1.0/embed?url=https%3A%2F%2Fsumitkumarlaw.co.nz%2F2026%2F02%2F25%2Fhow-do-no-deposit-pokies-pay-you%2F HTTP/1.1" 200 2287 "https://sumitkumarlaw.co.nz/?p=1610" "Mozilla/5.0 AppleWebKit/537.36 (KHTML, like Gecko; compatible; GPTBot/1.3; +https://openai.com/gptbot)"
66.249.70.68 - - [31/Mar/2026:11:57:38 +0000] "GET /2026/02/25/is-it-legal-to-play-pokies-with-bonus/ HTTP/1.1" 200 103463 "-" "Mozilla/5.0 (Linux; Android 6.0.1; Nexus 5X Build/MMB29P) AppleWebKit/537.36 (KHTML, like Gecko) Chrome/146.0.7680.153 Mobile Safari/537.36 (compatible; Googlebot/2.1; +http://www.google.com/bot.html)"
74.7.227.133 - - [31/Mar/2026:11:57:38 +0000] "GET /wp-json/oembed/1.0/embed?url=https%3A%2F%2Fsumitkumarlaw.co.nz%2F2026%2F02%2F25%2Fcrack-new-au-pokies%2F HTTP/1.1" 200 2222 "https://sumitkumarlaw.co.nz/?p=1461" "Mozilla/5.0 AppleWebKit/537.36 (KHTML, like Gecko; compatible; GPTBot/1.3; +https://openai.com/gptbot)"
74.7.227.133 - - [31/Mar/2026:11:57:39 +0000] "GET /wp-json/oembed/1.0/embed?url=https%3A%2F%2Fsumitkumarlaw.co.nz%2F2026%2F02%2F25%2Fcasino-in-fulton-nz%2F HTTP/1.1" 200 2222 "https://sumitkumarlaw.co.nz/?p=1334" "Mozilla/5.0 AppleWebKit/537.36 (KHTML, like Gecko; compatible; GPTBot/1.3; +https://openai.com/gptbot)"
74.7.227.133 - - [31/Mar/2026:11:57:39 +0000] "GET /wp-json/oembed/1.0/embed?url=https%3A%2F%2Fsumitkumarlaw.co.nz%2F2026%2F02%2F25%2Ffast-play-au-pokies%2F HTTP/1.1" 200 2222 "https://sumitkumarlaw.co.nz/?p=1781" "Mozilla/5.0 AppleWebKit/537.36 (KHTML, like Gecko; compatible; GPTBot/1.3; +https://openai.com/gptbot)"
66.249.70.68 - - [31/Mar/2026:11:57:40 +0000] "GET /?p=6724 HTTP/1.1" 301 - "-" "Mozilla/5.0 (Linux; Android 6.0.1; Nexus 5X Build/MMB29P) AppleWebKit/537.36 (KHTML, like Gecko) Chrome/146.0.7680.153 Mobile Safari/537.36 (compatible; Googlebot/2.1; +http://www.google.com/bot.html)"
74.7.227.133 - - [31/Mar/2026:11:57:40 +0000] "GET /wp-json/oembed/1.0/embed?url=https%3A%2F%2Fsumitkumarlaw.co.nz%2F2026%2F02%2F25%2Fcasino-in-exeter-nz%2F HTTP/1.1" 200 2222 "https://sumitkumarlaw.co.nz/?p=1113" "Mozilla/5.0 AppleWebKit/537.36 (KHTML, like Gecko; compatible; GPTBot/1.3; +https://openai.com/gptbot)"
74.7.227.133 - - [31/Mar/2026:11:57:42 +0000] "GET /wp-json/oembed/1.0/embed?url=https%3A%2F%2Fsumitkumarlaw.co.nz%2F2026%2F02%2F25%2Fau-pokies-for-money%2F HTTP/1.1" 200 2222 "https://sumitkumarlaw.co.nz/?p=1207" "Mozilla/5.0 AppleWebKit/537.36 (KHTML, like Gecko; compatible; GPTBot/1.3; +https://openai.com/gptbot)"
66.249.70.67 - - [31/Mar/2026:11:57:42 +0000] "GET /2026/02/25/nz-casino-bonus-codes/ HTTP/1.1" 200 103898 "-" "Mozilla/5.0 (Linux; Android 6.0.1; Nexus 5X Build/MMB29P) AppleWebKit/537.36 (KHTML, like Gecko) Chrome/146.0.7680.153 Mobile Safari/537.36 (compatible; Googlebot/2.1; +http://www.google.com/bot.html)"
74.7.227.133 - - [31/Mar/2026:11:57:43 +0000] "GET /wp-json/oembed/1.0/embed?url=https%3A%2F%2Fsumitkumarlaw.co.nz%2F2026%2F02%2F25%2Fcasino-chip-free-nz%2F HTTP/1.1" 200 2222 "https://sumitkumarlaw.co.nz/?p=1268" "Mozilla/5.0 AppleWebKit/537.36 (KHTML, like Gecko; compatible; GPTBot/1.3; +https://openai.com/gptbot)"
74.7.227.133 - - [31/Mar/2026:11:57:43 +0000] "GET /wp-json/oembed/1.0/embed?url=https%3A%2F%2Fsumitkumarlaw.co.nz%2F2026%2F02%2F25%2Freal-casino-games-au%2F HTTP/1.1" 200 2227 "https://sumitkumarlaw.co.nz/?p=1505" "Mozilla/5.0 AppleWebKit/537.36 (KHTML, like Gecko; compatible; GPTBot/1.3; +https://openai.com/gptbot)"
74.7.227.133 - - [31/Mar/2026:11:57:44 +0000] "GET /wp-json/oembed/1.0/embed?url=https%3A%2F%2Fsumitkumarlaw.co.nz%2F2026%2F02%2F25%2Ffree-casino-chips-au%2F HTTP/1.1" 200 2227 "https://sumitkumarlaw.co.nz/?p=1551" "Mozilla/5.0 AppleWebKit/537.36 (KHTML, like Gecko; compatible; GPTBot/1.3; +https://openai.com/gptbot)"
74.7.227.133 - - [31/Mar/2026:11:57:46 +0000] "GET /wp-json/oembed/1.0/embed?url=https%3A%2F%2Fsumitkumarlaw.co.nz%2F2026%2F02%2F25%2Fcasino-in-ardmore-nz%2F HTTP/1.1" 200 2227 "https://sumitkumarlaw.co.nz/?p=2223" "Mozilla/5.0 AppleWebKit/537.36 (KHTML, like Gecko; compatible; GPTBot/1.3; +https://openai.com/gptbot)"
74.7.227.133 - - [31/Mar/2026:11:57:47 +0000] "GET /wp-json/oembed/1.0/embed?url=https%3A%2F%2Fsumitkumarlaw.co.nz%2F2026%2F02%2F25%2Ftop-nz-casino-slots%2F HTTP/1.1" 200 2222 "https://sumitkumarlaw.co.nz/?p=4123" "Mozilla/5.0 AppleWebKit/537.36 (KHTML, like Gecko; compatible; GPTBot/1.3; +https://openai.com/gptbot)"
74.7.227.133 - - [31/Mar/2026:11:57:47 +0000] "GET /wp-json/oembed/1.0/embed?url=https%3A%2F%2Fsumitkumarlaw.co.nz%2F2026%2F02%2F25%2Fall-casino-bonus-nz%2F HTTP/1.1" 200 2222 "https://sumitkumarlaw.co.nz/?p=1199" "Mozilla/5.0 AppleWebKit/537.36 (KHTML, like Gecko; compatible; GPTBot/1.3; +https://openai.com/gptbot)"
74.7.227.133 - - [31/Mar/2026:11:57:48 +0000] "GET /wp-json/oembed/1.0/embed?url=https%3A%2F%2Fsumitkumarlaw.co.nz%2F2026%2F02%2F25%2Fbest-payout-slots-nz%2F HTTP/1.1" 200 2227 "https://sumitkumarlaw.co.nz/?p=1896" "Mozilla/5.0 AppleWebKit/537.36 (KHTML, like Gecko; compatible; GPTBot/1.3; +https://openai.com/gptbot)"
74.7.227.133 - - [31/Mar/2026:11:57:48 +0000] "GET /wp-json/oembed/1.0/embed?url=https%3A%2F%2Fsumitkumarlaw.co.nz%2F2026%2F02%2F25%2Fmardi-gras-au-casino%2F HTTP/1.1" 200 2227 "https://sumitkumarlaw.co.nz/?p=1075" "Mozilla/5.0 AppleWebKit/537.36 (KHTML, like Gecko; compatible; GPTBot/1.3; +https://openai.com/gptbot)"
74.7.227.133 - - [31/Mar/2026:11:57:49 +0000] "GET /wp-json/oembed/1.0/embed?url=https%3A%2F%2Fsumitkumarlaw.co.nz%2F2026%2F02%2F25%2Fcasino-in-bristol-au%2F HTTP/1.1" 200 2227 "https://sumitkumarlaw.co.nz/?p=1737" "Mozilla/5.0 AppleWebKit/537.36 (KHTML, like Gecko; compatible; GPTBot/1.3; +https://openai.com/gptbot)"
74.7.227.133 - - [31/Mar/2026:11:57:49 +0000] "GET /wp-json/oembed/1.0/embed?url=https%3A%2F%2Fsumitkumarlaw.co.nz%2F2026%2F02%2F25%2Fcasino-in-modesto-nz%2F HTTP/1.1" 200 2227 "https://sumitkumarlaw.co.nz/?p=1026" "Mozilla/5.0 AppleWebKit/537.36 (KHTML, like Gecko; compatible; GPTBot/1.3; +https://openai.com/gptbot)"
74.7.227.133 - - [31/Mar/2026:11:57:50 +0000] "GET /wp-json/oembed/1.0/embed?url=https%3A%2F%2Fsumitkumarlaw.co.nz%2F2026%2F02%2F25%2Fslots-au-free-spins%2F HTTP/1.1" 200 2222 "https://sumitkumarlaw.co.nz/?p=1723" "Mozilla/5.0 AppleWebKit/537.36 (KHTML, like Gecko; compatible; GPTBot/1.3; +https://openai.com/gptbot)"
74.7.227.133 - - [31/Mar/2026:11:57:51 +0000] "GET /wp-json/oembed/1.0/embed?url=https%3A%2F%2Fsumitkumarlaw.co.nz%2F2026%2F02%2F25%2Fau-casino-club-flash%2F HTTP/1.1" 200 2227 "https://sumitkumarlaw.co.nz/?p=1889" "Mozilla/5.0 AppleWebKit/537.36 (KHTML, like Gecko; compatible; GPTBot/1.3; +https://openai.com/gptbot)"
74.7.227.133 - - [31/Mar/2026:11:57:52 +0000] "GET /wp-json/oembed/1.0/embed?url=https%3A%2F%2Fsumitkumarlaw.co.nz%2F2026%2F02%2F25%2Fslot-machines-in-nz%2F HTTP/1.1" 200 2222 "https://sumitkumarlaw.co.nz/?p=1711" "Mozilla/5.0 AppleWebKit/537.36 (KHTML, like Gecko; compatible; GPTBot/1.3; +https://openai.com/gptbot)"
74.7.227.133 - - [31/Mar/2026:11:57:52 +0000] "GET /wp-json/oembed/1.0/embed?url=https%3A%2F%2Fsumitkumarlaw.co.nz%2F2026%2F02%2F25%2Flargest-casino-in-nz%2F HTTP/1.1" 200 2227 "https://sumitkumarlaw.co.nz/?p=1482" "Mozilla/5.0 AppleWebKit/537.36 (KHTML, like Gecko; compatible; GPTBot/1.3; +https://openai.com/gptbot)"
45.79.238.235 - - [31/Mar/2026:11:57:53 +0000] "POST /wp-cron.php?doing_wp_cron=1774958273.1951889991760253906250 HTTP/1.1" 200 - "-" "WordPress/6.9.4; https://sumitkumarlaw.co.nz"
74.7.227.133 - - [31/Mar/2026:11:57:53 +0000] "GET /wp-json/oembed/1.0/embed?url=https%3A%2F%2Fsumitkumarlaw.co.nz%2F2026%2F02%2F25%2Fno-deposit-nz-casino%2F HTTP/1.1" 200 2227 "https://sumitkumarlaw.co.nz/?p=1390" "Mozilla/5.0 AppleWebKit/537.36 (KHTML, like Gecko; compatible; GPTBot/1.3; +https://openai.com/gptbot)"
74.7.227.133 - - [31/Mar/2026:11:57:53 +0000] "GET /wp-json/oembed/1.0/embed?url=https%3A%2F%2Fsumitkumarlaw.co.nz%2F2026%2F02%2F25%2Ffree-for-fun-pokies%2F HTTP/1.1" 200 2222 "https://sumitkumarlaw.co.nz/?p=1627" "Mozilla/5.0 AppleWebKit/537.36 (KHTML, like Gecko; compatible; GPTBot/1.3; +https://openai.com/gptbot)"
74.7.227.133 - - [31/Mar/2026:11:57:54 +0000] "GET /wp-json/oembed/1.0/embed?url=https%3A%2F%2Fsumitkumarlaw.co.nz%2F2026%2F02%2F25%2Fcasinos-in-golden-nz%2F HTTP/1.1" 200 2227 "https://sumitkumarlaw.co.nz/?p=1743" "Mozilla/5.0 AppleWebKit/537.36 (KHTML, like Gecko; compatible; GPTBot/1.3; +https://openai.com/gptbot)"
74.7.227.133 - - [31/Mar/2026:11:57:54 +0000] "GET /wp-json/oembed/1.0/embed?url=https%3A%2F%2Fsumitkumarlaw.co.nz%2F2026%2F02%2F25%2Ffree-chip-au-casino%2F HTTP/1.1" 200 2222 "https://sumitkumarlaw.co.nz/?p=1747" "Mozilla/5.0 AppleWebKit/537.36 (KHTML, like Gecko; compatible; GPTBot/1.3; +https://openai.com/gptbot)"
74.7.227.133 - - [31/Mar/2026:11:57:56 +0000] "GET /wp-json/oembed/1.0/embed?url=https%3A%2F%2Fsumitkumarlaw.co.nz%2F2026%2F02%2F25%2Fgood-pokies-you-win%2F HTTP/1.1" 200 2222 "https://sumitkumarlaw.co.nz/?p=1848" "Mozilla/5.0 AppleWebKit/537.36 (KHTML, like Gecko; compatible; GPTBot/1.3; +https://openai.com/gptbot)"
74.7.227.133 - - [31/Mar/2026:11:57:56 +0000] "GET /wp-json/oembed/1.0/embed?url=https%3A%2F%2Fsumitkumarlaw.co.nz%2F2026%2F02%2F25%2Ftop-paying-slots-au%2F HTTP/1.1" 200 2222 "https://sumitkumarlaw.co.nz/?p=1131" "Mozilla/5.0 AppleWebKit/537.36 (KHTML, like Gecko; compatible; GPTBot/1.3; +https://openai.com/gptbot)"
74.7.227.133 - - [31/Mar/2026:11:57:57 +0000] "GET /wp-json/oembed/1.0/embed?url=https%3A%2F%2Fsumitkumarlaw.co.nz%2F2026%2F02%2F25%2Fcasino-in-durham-au%2F HTTP/1.1" 200 2222 "https://sumitkumarlaw.co.nz/?p=1423" "Mozilla/5.0 AppleWebKit/537.36 (KHTML, like Gecko; compatible; GPTBot/1.3; +https://openai.com/gptbot)"
74.7.227.133 - - [31/Mar/2026:11:57:57 +0000] "GET /wp-json/oembed/1.0/embed?url=https%3A%2F%2Fsumitkumarlaw.co.nz%2F2026%2F02%2F25%2Fcasino-by-red-wing-nz%2F HTTP/1.1" 200 2232 "https://sumitkumarlaw.co.nz/?p=1191" "Mozilla/5.0 AppleWebKit/537.36 (KHTML, like Gecko; compatible; GPTBot/1.3; +https://openai.com/gptbot)"
74.7.227.133 - - [31/Mar/2026:11:57:58 +0000] "GET /wp-json/oembed/1.0/embed?url=https%3A%2F%2Fsumitkumarlaw.co.nz%2F2026%2F02%2F25%2Ftop-online-pokies-and-casinos-crypto%2F HTTP/1.1" 200 2307 "https://sumitkumarlaw.co.nz/?p=1797" "Mozilla/5.0 AppleWebKit/537.36 (KHTML, like Gecko; compatible; GPTBot/1.3; +https://openai.com/gptbot)"
74.7.227.133 - - [31/Mar/2026:11:58:00 +0000] "GET /wp-json/oembed/1.0/embed?url=https%3A%2F%2Fsumitkumarlaw.co.nz%2F2026%2F02%2F25%2Fpokies-with-bonus-chances-of-winning%2F HTTP/1.1" 200 2307 "https://sumitkumarlaw.co.nz/?p=1232" "Mozilla/5.0 AppleWebKit/537.36 (KHTML, like Gecko; compatible; GPTBot/1.3; +https://openai.com/gptbot)"
74.7.227.133 - - [31/Mar/2026:11:58:00 +0000] "GET /wp-json/oembed/1.0/embed?url=https%3A%2F%2Fsumitkumarlaw.co.nz%2F2026%2F02%2F25%2Ffree-popular-pokies-games-to-play%2F HTTP/1.1" 200 2292 "https://sumitkumarlaw.co.nz/?p=1509" "Mozilla/5.0 AppleWebKit/537.36 (KHTML, like Gecko; compatible; GPTBot/1.3; +https://openai.com/gptbot)"
74.7.227.133 - - [31/Mar/2026:11:58:01 +0000] "GET /wp-json/oembed/1.0/embed?url=https%3A%2F%2Fsumitkumarlaw.co.nz%2F2026%2F02%2F25%2Fbest-sign-up-bonus-casinos-australia%2F HTTP/1.1" 200 2307 "https://sumitkumarlaw.co.nz/?p=1246" "Mozilla/5.0 AppleWebKit/537.36 (KHTML, like Gecko; compatible; GPTBot/1.3; +https://openai.com/gptbot)"
74.7.227.133 - - [31/Mar/2026:11:58:01 +0000] "GET /wp-json/oembed/1.0/embed?url=https%3A%2F%2Fsumitkumarlaw.co.nz%2F2026%2F02%2F25%2Fsafe-pokies-welcome-bonus-no-deposit%2F HTTP/1.1" 200 2307 "https://sumitkumarlaw.co.nz/?p=1830" "Mozilla/5.0 AppleWebKit/537.36 (KHTML, like Gecko; compatible; GPTBot/1.3; +https://openai.com/gptbot)"
74.7.227.133 - - [31/Mar/2026:11:58:02 +0000] "GET /wp-json/oembed/1.0/embed?url=https%3A%2F%2Fsumitkumarlaw.co.nz%2F2026%2F02%2F25%2Ftry-pokies-in-new-zealand-games-free%2F HTTP/1.1" 200 2307 "https://sumitkumarlaw.co.nz/?p=1783" "Mozilla/5.0 AppleWebKit/537.36 (KHTML, like Gecko; compatible; GPTBot/1.3; +https://openai.com/gptbot)"
74.7.227.133 - - [31/Mar/2026:11:58:02 +0000] "GET /wp-json/oembed/1.0/embed?url=https%3A%2F%2Fsumitkumarlaw.co.nz%2F2026%2F02%2F25%2Fnew-au-pokies-machine-games-for-free%2F HTTP/1.1" 200 2307 "https://sumitkumarlaw.co.nz/?p=1887" "Mozilla/5.0 AppleWebKit/537.36 (KHTML, like Gecko; compatible; GPTBot/1.3; +https://openai.com/gptbot)"
74.7.227.133 - - [31/Mar/2026:11:58:03 +0000] "GET /wp-json/oembed/1.0/embed?url=https%3A%2F%2Fsumitkumarlaw.co.nz%2F2026%2F02%2F25%2Fpokies-with-welcome-bonus-no-sign-up%2F HTTP/1.1" 200 2307 "https://sumitkumarlaw.co.nz/?p=2237" "Mozilla/5.0 AppleWebKit/537.36 (KHTML, like Gecko; compatible; GPTBot/1.3; +https://openai.com/gptbot)"
74.7.227.133 - - [31/Mar/2026:11:58:04 +0000] "GET /wp-json/oembed/1.0/embed?url=https%3A%2F%2Fsumitkumarlaw.co.nz%2F2026%2F02%2F25%2Fplay-winning-pokies-for-free-for-fun%2F HTTP/1.1" 200 2307 "https://sumitkumarlaw.co.nz/?p=2365" "Mozilla/5.0 AppleWebKit/537.36 (KHTML, like Gecko; compatible; GPTBot/1.3; +https://openai.com/gptbot)"
74.7.227.133 - - [31/Mar/2026:11:58:06 +0000] "GET /wp-json/oembed/1.0/embed?url=https%3A%2F%2Fsumitkumarlaw.co.nz%2F2026%2F02%2F25%2Fnew-pokies-online-that-pay-real-cash%2F HTTP/1.1" 200 2307 "https://sumitkumarlaw.co.nz/?p=2348" "Mozilla/5.0 AppleWebKit/537.36 (KHTML, like Gecko; compatible; GPTBot/1.3; +https://openai.com/gptbot)"
74.7.227.133 - - [31/Mar/2026:11:58:06 +0000] "GET /wp-json/oembed/1.0/embed?url=https%3A%2F%2Fsumitkumarlaw.co.nz%2F2026%2F02%2F25%2Ffree-spins-no-deposit-no-wagering-au%2F HTTP/1.1" 200 2307 "https://sumitkumarlaw.co.nz/?p=1365" "Mozilla/5.0 AppleWebKit/537.36 (KHTML, like Gecko; compatible; GPTBot/1.3; +https://openai.com/gptbot)"
74.7.227.133 - - [31/Mar/2026:11:58:07 +0000] "GET /wp-json/oembed/1.0/embed?url=https%3A%2F%2Fsumitkumarlaw.co.nz%2F2026%2F02%2F25%2Fbest-australian-pokies-400-bonus%2F HTTP/1.1" 200 2287 "https://sumitkumarlaw.co.nz/?p=1755" "Mozilla/5.0 AppleWebKit/537.36 (KHTML, like Gecko; compatible; GPTBot/1.3; +https://openai.com/gptbot)"
74.7.227.133 - - [31/Mar/2026:11:58:09 +0000] "GET /wp-json/oembed/1.0/embed?url=https%3A%2F%2Fsumitkumarlaw.co.nz%2F2026%2F02%2F25%2Fplay-online-pokies-free-new-zealand%2F HTTP/1.1" 200 2302 "https://sumitkumarlaw.co.nz/?p=1919" "Mozilla/5.0 AppleWebKit/537.36 (KHTML, like Gecko; compatible; GPTBot/1.3; +https://openai.com/gptbot)"
74.7.227.133 - - [31/Mar/2026:11:58:10 +0000] "GET /wp-json/oembed/1.0/embed?url=https%3A%2F%2Fsumitkumarlaw.co.nz%2F2026%2F02%2F25%2Ftop-online-pokies-and-casinos-pa%2F HTTP/1.1" 200 2287 "https://sumitkumarlaw.co.nz/?p=1407" "Mozilla/5.0 AppleWebKit/537.36 (KHTML, like Gecko; compatible; GPTBot/1.3; +https://openai.com/gptbot)"
74.7.227.133 - - [31/Mar/2026:11:58:11 +0000] "GET /wp-json/oembed/1.0/embed?url=https%3A%2F%2Fsumitkumarlaw.co.nz%2F2026%2F02%2F25%2Fpokies-machines-to-play-for-free%2F HTTP/1.1" 200 2287 "https://sumitkumarlaw.co.nz/?p=1954" "Mozilla/5.0 AppleWebKit/537.36 (KHTML, like Gecko; compatible; GPTBot/1.3; +https://openai.com/gptbot)"
74.7.227.133 - - [31/Mar/2026:11:58:11 +0000] "GET /wp-json/oembed/1.0/embed?url=https%3A%2F%2Fsumitkumarlaw.co.nz%2F2026%2F02%2F25%2Ftop-australian-pokies-for-real-cash%2F HTTP/1.1" 200 2302 "https://sumitkumarlaw.co.nz/?p=1552" "Mozilla/5.0 AppleWebKit/537.36 (KHTML, like Gecko; compatible; GPTBot/1.3; +https://openai.com/gptbot)"
74.7.227.133 - - [31/Mar/2026:11:58:12 +0000] "GET /wp-json/oembed/1.0/embed?url=https%3A%2F%2Fsumitkumarlaw.co.nz%2F2026%2F02%2F25%2Fbest-online-casino-for-nz-players%2F HTTP/1.1" 200 2292 "https://sumitkumarlaw.co.nz/?p=2301" "Mozilla/5.0 AppleWebKit/537.36 (KHTML, like Gecko; compatible; GPTBot/1.3; +https://openai.com/gptbot)"
74.7.227.133 - - [31/Mar/2026:11:58:14 +0000] "GET /wp-json/oembed/1.0/embed?url=https%3A%2F%2Fsumitkumarlaw.co.nz%2F2026%2F02%2F25%2Fnew-zealand-pokie-machines-for-sale%2F HTTP/1.1" 200 2302 "https://sumitkumarlaw.co.nz/?p=1291" "Mozilla/5.0 AppleWebKit/537.36 (KHTML, like Gecko; compatible; GPTBot/1.3; +https://openai.com/gptbot)"
74.7.227.133 - - [31/Mar/2026:11:58:14 +0000] "GET /wp-json/oembed/1.0/embed?url=https%3A%2F%2Fsumitkumarlaw.co.nz%2F2026%2F02%2F25%2Fdeposit-casino-pokies-games-with%2F HTTP/1.1" 200 2287 "https://sumitkumarlaw.co.nz/?p=2637" "Mozilla/5.0 AppleWebKit/537.36 (KHTML, like Gecko; compatible; GPTBot/1.3; +https://openai.com/gptbot)"
66.249.70.67 - - [31/Mar/2026:11:58:15 +0000] "GET /2026/02/25/play-free-online-pokies-more-chilli/ HTTP/1.1" 200 103847 "-" "Mozilla/5.0 (Linux; Android 6.0.1; Nexus 5X Build/MMB29P) AppleWebKit/537.36 (KHTML, like Gecko) Chrome/146.0.7680.153 Mobile Safari/537.36 (compatible; Googlebot/2.1; +http://www.google.com/bot.html)"
74.7.227.133 - - [31/Mar/2026:11:58:15 +0000] "GET /wp-json/oembed/1.0/embed?url=https%3A%2F%2Fsumitkumarlaw.co.nz%2F2026%2F02%2F25%2Ftop-new-zealand-real-money-casino%2F HTTP/1.1" 200 2292 "https://sumitkumarlaw.co.nz/?p=2038" "Mozilla/5.0 AppleWebKit/537.36 (KHTML, like Gecko; compatible; GPTBot/1.3; +https://openai.com/gptbot)"
74.7.227.133 - - [31/Mar/2026:11:58:15 +0000] "GET /wp-json/oembed/1.0/embed?url=https%3A%2F%2Fsumitkumarlaw.co.nz%2F2026%2F02%2F25%2Ftry-pokies-online-free-australia%2F HTTP/1.1" 200 2287 "https://sumitkumarlaw.co.nz/?p=2421" "Mozilla/5.0 AppleWebKit/537.36 (KHTML, like Gecko; compatible; GPTBot/1.3; +https://openai.com/gptbot)"
74.7.227.133 - - [31/Mar/2026:11:58:16 +0000] "GET /wp-json/oembed/1.0/embed?url=https%3A%2F%2Fsumitkumarlaw.co.nz%2F2026%2F02%2F25%2Fbest-casino-bonus-low-wagering-nz%2F HTTP/1.1" 200 2292 "https://sumitkumarlaw.co.nz/?p=2656" "Mozilla/5.0 AppleWebKit/537.36 (KHTML, like Gecko; compatible; GPTBot/1.3; +https://openai.com/gptbot)"
74.7.227.133 - - [31/Mar/2026:11:58:16 +0000] "GET /wp-json/oembed/1.0/embed?url=https%3A%2F%2Fsumitkumarlaw.co.nz%2F2026%2F02%2F25%2Freal-online-pokies-in-new-zealand%2F HTTP/1.1" 200 2292 "https://sumitkumarlaw.co.nz/?p=1219" "Mozilla/5.0 AppleWebKit/537.36 (KHTML, like Gecko; compatible; GPTBot/1.3; +https://openai.com/gptbot)"
74.7.227.133 - - [31/Mar/2026:11:58:18 +0000] "GET /wp-json/oembed/1.0/embed?url=https%3A%2F%2Fsumitkumarlaw.co.nz%2F2026%2F02%2F25%2Fcasino-free-games-no-deposit-pokies%2F HTTP/1.1" 200 2302 "https://sumitkumarlaw.co.nz/?p=1744" "Mozilla/5.0 AppleWebKit/537.36 (KHTML, like Gecko; compatible; GPTBot/1.3; +https://openai.com/gptbot)"
74.7.227.133 - - [31/Mar/2026:11:58:19 +0000] "GET /wp-json/oembed/1.0/embed?url=https%3A%2F%2Fsumitkumarlaw.co.nz%2F2026%2F02%2F25%2Fonline-pokies-that-pay-real-cash%2F HTTP/1.1" 200 2287 "https://sumitkumarlaw.co.nz/?p=1183" "Mozilla/5.0 AppleWebKit/537.36 (KHTML, like Gecko; compatible; GPTBot/1.3; +https://openai.com/gptbot)"
74.7.227.133 - - [31/Mar/2026:11:58:20 +0000] "GET /wp-json/oembed/1.0/embed?url=https%3A%2F%2Fsumitkumarlaw.co.nz%2F2026%2F02%2F25%2Flist-of-new-zealand-online-casinos%2F HTTP/1.1" 200 2297 "https://sumitkumarlaw.co.nz/?p=2089" "Mozilla/5.0 AppleWebKit/537.36 (KHTML, like Gecko; compatible; GPTBot/1.3; +https://openai.com/gptbot)"
74.7.227.133 - - [31/Mar/2026:11:58:20 +0000] "GET /wp-json/oembed/1.0/embed?url=https%3A%2F%2Fsumitkumarlaw.co.nz%2F2026%2F02%2F25%2Fhighest-payout-pokies-for-real-money%2F HTTP/1.1" 200 2307 "https://sumitkumarlaw.co.nz/?p=2803" "Mozilla/5.0 AppleWebKit/537.36 (KHTML, like Gecko; compatible; GPTBot/1.3; +https://openai.com/gptbot)"
74.7.227.133 - - [31/Mar/2026:11:58:21 +0000] "GET /wp-json/oembed/1.0/embed?url=https%3A%2F%2Fsumitkumarlaw.co.nz%2F2026%2F02%2F25%2Fpokies-for-real-money-free-games%2F HTTP/1.1" 200 2287 "https://sumitkumarlaw.co.nz/?p=2363" "Mozilla/5.0 AppleWebKit/537.36 (KHTML, like Gecko; compatible; GPTBot/1.3; +https://openai.com/gptbot)"
74.7.227.133 - - [31/Mar/2026:11:58:21 +0000] "GET /wp-json/oembed/1.0/embed?url=https%3A%2F%2Fsumitkumarlaw.co.nz%2F2026%2F02%2F25%2Fplay-keno-online-for-money-australia%2F HTTP/1.1" 200 2307 "https://sumitkumarlaw.co.nz/?p=1527" "Mozilla/5.0 AppleWebKit/537.36 (KHTML, like Gecko; compatible; GPTBot/1.3; +https://openai.com/gptbot)"
74.7.227.133 - - [31/Mar/2026:11:58:22 +0000] "GET /wp-json/oembed/1.0/embed?url=https%3A%2F%2Fsumitkumarlaw.co.nz%2F2026%2F02%2F25%2Fpokies-open-good-friday-adelaide%2F HTTP/1.1" 200 2287 "https://sumitkumarlaw.co.nz/?p=1476" "Mozilla/5.0 AppleWebKit/537.36 (KHTML, like Gecko; compatible; GPTBot/1.3; +https://openai.com/gptbot)"
74.7.227.133 - - [31/Mar/2026:11:58:22 +0000] "GET /wp-json/oembed/1.0/embed?url=https%3A%2F%2Fsumitkumarlaw.co.nz%2F2026%2F02%2F25%2Fwin-online-pokies-for-real-money%2F HTTP/1.1" 200 2287 "https://sumitkumarlaw.co.nz/?p=1153" "Mozilla/5.0 AppleWebKit/537.36 (KHTML, like Gecko; compatible; GPTBot/1.3; +https://openai.com/gptbot)"
74.7.227.133 - - [31/Mar/2026:11:58:24 +0000] "GET /wp-json/oembed/1.0/embed?url=https%3A%2F%2Fsumitkumarlaw.co.nz%2F2026%2F02%2F25%2Fbest-real-money-online-casinos-au%2F HTTP/1.1" 200 2292 "https://sumitkumarlaw.co.nz/?p=1314" "Mozilla/5.0 AppleWebKit/537.36 (KHTML, like Gecko; compatible; GPTBot/1.3; +https://openai.com/gptbot)"
74.7.227.133 - - [31/Mar/2026:11:58:25 +0000] "GET /wp-json/oembed/1.0/embed?url=https%3A%2F%2Fsumitkumarlaw.co.nz%2F2026%2F02%2F25%2Ffree-play-pokies-with-bonus-games%2F HTTP/1.1" 200 2292 "https://sumitkumarlaw.co.nz/?p=2552" "Mozilla/5.0 AppleWebKit/537.36 (KHTML, like Gecko; compatible; GPTBot/1.3; +https://openai.com/gptbot)"
74.7.227.133 - - [31/Mar/2026:11:58:25 +0000] "GET /wp-json/oembed/1.0/embed?url=https%3A%2F%2Fsumitkumarlaw.co.nz%2F2026%2F02%2F25%2Ffree-casinos-pokies-for-real-money%2F HTTP/1.1" 200 2297 "https://sumitkumarlaw.co.nz/?p=1057" "Mozilla/5.0 AppleWebKit/537.36 (KHTML, like Gecko; compatible; GPTBot/1.3; +https://openai.com/gptbot)"
74.7.227.133 - - [31/Mar/2026:11:58:26 +0000] "GET /wp-json/oembed/1.0/embed?url=https%3A%2F%2Fsumitkumarlaw.co.nz%2F2026%2F02%2F25%2Fvirtual-pokies-games-for-real-money%2F HTTP/1.1" 200 2302 "https://sumitkumarlaw.co.nz/?p=1702" "Mozilla/5.0 AppleWebKit/537.36 (KHTML, like Gecko; compatible; GPTBot/1.3; +https://openai.com/gptbot)"
74.7.227.133 - - [31/Mar/2026:11:58:28 +0000] "GET /wp-json/oembed/1.0/embed?url=https%3A%2F%2Fsumitkumarlaw.co.nz%2F2026%2F02%2F25%2Fwalgreens-howell-nz-casino-drive%2F HTTP/1.1" 200 2287 "https://sumitkumarlaw.co.nz/?p=2005" "Mozilla/5.0 AppleWebKit/537.36 (KHTML, like Gecko; compatible; GPTBot/1.3; +https://openai.com/gptbot)"
74.7.227.133 - - [31/Mar/2026:11:58:29 +0000] "GET /wp-json/oembed/1.0/embed?url=https%3A%2F%2Fsumitkumarlaw.co.nz%2F2026%2F02%2F25%2Faristocrat-pokies-test-mode-wins%2F HTTP/1.1" 200 2287 "https://sumitkumarlaw.co.nz/?p=2493" "Mozilla/5.0 AppleWebKit/537.36 (KHTML, like Gecko; compatible; GPTBot/1.3; +https://openai.com/gptbot)"
66.249.70.68 - - [31/Mar/2026:11:58:29 +0000] "GET /?p=3060 HTTP/1.1" 301 - "-" "Mozilla/5.0 (Linux; Android 6.0.1; Nexus 5X Build/MMB29P) AppleWebKit/537.36 (KHTML, like Gecko) Chrome/146.0.7680.153 Mobile Safari/537.36 (compatible; Googlebot/2.1; +http://www.google.com/bot.html)"
74.7.227.133 - - [31/Mar/2026:11:58:29 +0000] "GET /wp-json/oembed/1.0/embed?url=https%3A%2F%2Fsumitkumarlaw.co.nz%2F2026%2F02%2F25%2Fdeposit-casino-pokies-free-chips%2F HTTP/1.1" 200 2287 "https://sumitkumarlaw.co.nz/?p=1106" "Mozilla/5.0 AppleWebKit/537.36 (KHTML, like Gecko; compatible; GPTBot/1.3; +https://openai.com/gptbot)"
74.7.227.133 - - [31/Mar/2026:11:58:30 +0000] "GET /wp-json/oembed/1.0/embed?url=https%3A%2F%2Fsumitkumarlaw.co.nz%2F2026%2F02%2F25%2Fno-deposit-instant-withdrawal-nz%2F HTTP/1.1" 200 2287 "https://sumitkumarlaw.co.nz/?p=2749" "Mozilla/5.0 AppleWebKit/537.36 (KHTML, like Gecko; compatible; GPTBot/1.3; +https://openai.com/gptbot)"
74.7.227.133 - - [31/Mar/2026:11:58:30 +0000] "GET /wp-json/oembed/1.0/embed?url=https%3A%2F%2Fsumitkumarlaw.co.nz%2F2026%2F02%2F25%2Ftop-australian-pokies-to-win-money%2F HTTP/1.1" 200 2297 "https://sumitkumarlaw.co.nz/?p=2908" "Mozilla/5.0 AppleWebKit/537.36 (KHTML, like Gecko; compatible; GPTBot/1.3; +https://openai.com/gptbot)"
74.7.227.133 - - [31/Mar/2026:11:58:31 +0000] "GET /wp-json/oembed/1.0/embed?url=https%3A%2F%2Fsumitkumarlaw.co.nz%2F2026%2F02%2F25%2Feasy-win-pokies-with-welcome-bonus%2F HTTP/1.1" 200 2297 "https://sumitkumarlaw.co.nz/?p=1959" "Mozilla/5.0 AppleWebKit/537.36 (KHTML, like Gecko; compatible; GPTBot/1.3; +https://openai.com/gptbot)"
74.7.227.133 - - [31/Mar/2026:11:58:33 +0000] "GET /wp-json/oembed/1.0/embed?url=https%3A%2F%2Fsumitkumarlaw.co.nz%2F2026%2F02%2F25%2Ftop-online-pokies-australia-euro%2F HTTP/1.1" 200 2287 "https://sumitkumarlaw.co.nz/?p=2779" "Mozilla/5.0 AppleWebKit/537.36 (KHTML, like Gecko; compatible; GPTBot/1.3; +https://openai.com/gptbot)"
74.7.227.133 - - [31/Mar/2026:11:58:33 +0000] "GET /wp-json/oembed/1.0/embed?url=https%3A%2F%2Fsumitkumarlaw.co.nz%2F2026%2F02%2F25%2Flive-pokies-with-bonus-for-wagering%2F HTTP/1.1" 200 2302 "https://sumitkumarlaw.co.nz/?p=1116" "Mozilla/5.0 AppleWebKit/537.36 (KHTML, like Gecko; compatible; GPTBot/1.3; +https://openai.com/gptbot)"
74.7.227.133 - - [31/Mar/2026:11:58:34 +0000] "GET /wp-json/oembed/1.0/embed?url=https%3A%2F%2Fsumitkumarlaw.co.nz%2F2026%2F02%2F25%2Flive-pokies-with-welcome-bonus-app%2F HTTP/1.1" 200 2297 "https://sumitkumarlaw.co.nz/?p=1746" "Mozilla/5.0 AppleWebKit/537.36 (KHTML, like Gecko; compatible; GPTBot/1.3; +https://openai.com/gptbot)"
74.7.227.133 - - [31/Mar/2026:11:58:34 +0000] "GET /wp-json/oembed/1.0/embed?url=https%3A%2F%2Fsumitkumarlaw.co.nz%2F2026%2F02%2F25%2Fpokies-in-new-zealand-paypal-deposit%2F HTTP/1.1" 200 2307 "https://sumitkumarlaw.co.nz/?p=1044" "Mozilla/5.0 AppleWebKit/537.36 (KHTML, like Gecko; compatible; GPTBot/1.3; +https://openai.com/gptbot)"
74.7.227.133 - - [31/Mar/2026:11:58:35 +0000] "GET /wp-json/oembed/1.0/embed?url=https%3A%2F%2Fsumitkumarlaw.co.nz%2F2026%2F02%2F25%2Fpokies-in-new-zealand-low-deposit%2F HTTP/1.1" 200 2292 "https://sumitkumarlaw.co.nz/?p=1430" "Mozilla/5.0 AppleWebKit/537.36 (KHTML, like Gecko; compatible; GPTBot/1.3; +https://openai.com/gptbot)"
74.7.227.133 - - [31/Mar/2026:11:58:35 +0000] "GET /wp-json/oembed/1.0/embed?url=https%3A%2F%2Fsumitkumarlaw.co.nz%2F2026%2F02%2F25%2Fgold-coast-casino-las-vegas-nevada%2F HTTP/1.1" 200 2297 "https://sumitkumarlaw.co.nz/?p=1179" "Mozilla/5.0 AppleWebKit/537.36 (KHTML, like Gecko; compatible; GPTBot/1.3; +https://openai.com/gptbot)"
74.7.227.133 - - [31/Mar/2026:11:58:37 +0000] "GET /wp-json/oembed/1.0/embed?url=https%3A%2F%2Fsumitkumarlaw.co.nz%2F2026%2F02%2F25%2Fsecure-pokies-with-bonus-payouts%2F HTTP/1.1" 200 2287 "https://sumitkumarlaw.co.nz/?p=2621" "Mozilla/5.0 AppleWebKit/537.36 (KHTML, like Gecko; compatible; GPTBot/1.3; +https://openai.com/gptbot)"
74.7.227.133 - - [31/Mar/2026:11:58:38 +0000] "GET /wp-json/oembed/1.0/embed?url=https%3A%2F%2Fsumitkumarlaw.co.nz%2F2026%2F02%2F25%2Fthe-best-pokies-with-welcome-bonus%2F HTTP/1.1" 200 2297 "https://sumitkumarlaw.co.nz/?p=1332" "Mozilla/5.0 AppleWebKit/537.36 (KHTML, like Gecko; compatible; GPTBot/1.3; +https://openai.com/gptbot)"
74.7.227.133 - - [31/Mar/2026:11:58:39 +0000] "GET /wp-json/oembed/1.0/embed?url=https%3A%2F%2Fsumitkumarlaw.co.nz%2F2026%2F02%2F25%2Fbig-payouts-pokies-for-real-money%2F HTTP/1.1" 200 2292 "https://sumitkumarlaw.co.nz/?p=1472" "Mozilla/5.0 AppleWebKit/537.36 (KHTML, like Gecko; compatible; GPTBot/1.3; +https://openai.com/gptbot)"
74.7.227.133 - - [31/Mar/2026:11:58:39 +0000] "GET /wp-json/oembed/1.0/embed?url=https%3A%2F%2Fsumitkumarlaw.co.nz%2F2026%2F02%2F25%2Fpokies-sites-with-bonus-machine-free%2F HTTP/1.1" 200 2307 "https://sumitkumarlaw.co.nz/?p=979" "Mozilla/5.0 AppleWebKit/537.36 (KHTML, like Gecko; compatible; GPTBot/1.3; +https://openai.com/gptbot)"
74.7.227.133 - - [31/Mar/2026:11:58:40 +0000] "GET /wp-json/oembed/1.0/embed?url=https%3A%2F%2Fsumitkumarlaw.co.nz%2F2026%2F02%2F25%2Fplay-online-roulette-new-zealand%2F HTTP/1.1" 200 2287 "https://sumitkumarlaw.co.nz/?p=1899" "Mozilla/5.0 AppleWebKit/537.36 (KHTML, like Gecko; compatible; GPTBot/1.3; +https://openai.com/gptbot)"
74.7.227.133 - - [31/Mar/2026:11:58:42 +0000] "GET /wp-json/oembed/1.0/embed?url=https%3A%2F%2Fsumitkumarlaw.co.nz%2F2026%2F02%2F25%2Fslot-machine-finder-in-new-zealand%2F HTTP/1.1" 200 2297 "https://sumitkumarlaw.co.nz/?p=1645" "Mozilla/5.0 AppleWebKit/537.36 (KHTML, like Gecko; compatible; GPTBot/1.3; +https://openai.com/gptbot)"
74.7.227.133 - - [31/Mar/2026:11:58:43 +0000] "GET /wp-json/oembed/1.0/embed?url=https%3A%2F%2Fsumitkumarlaw.co.nz%2F2026%2F02%2F25%2Ffree-online-pokies-no-deposit-bonus%2F HTTP/1.1" 200 2302 "https://sumitkumarlaw.co.nz/?p=1840" "Mozilla/5.0 AppleWebKit/537.36 (KHTML, like Gecko; compatible; GPTBot/1.3; +https://openai.com/gptbot)"
74.7.227.133 - - [31/Mar/2026:11:58:43 +0000] "GET /wp-json/oembed/1.0/embed?url=https%3A%2F%2Fsumitkumarlaw.co.nz%2F2026%2F02%2F25%2Ftax-free-pokies-games-with-bonuses%2F HTTP/1.1" 200 2297 "https://sumitkumarlaw.co.nz/?p=5377" "Mozilla/5.0 AppleWebKit/537.36 (KHTML, like Gecko; compatible; GPTBot/1.3; +https://openai.com/gptbot)"
74.7.227.133 - - [31/Mar/2026:11:58:44 +0000] "GET /wp-json/oembed/1.0/embed?url=https%3A%2F%2Fsumitkumarlaw.co.nz%2F2026%2F02%2F25%2Fonline-pokies-chances-of-winning%2F HTTP/1.1" 200 2287 "https://sumitkumarlaw.co.nz/?p=2077" "Mozilla/5.0 AppleWebKit/537.36 (KHTML, like Gecko; compatible; GPTBot/1.3; +https://openai.com/gptbot)"
74.7.227.133 - - [31/Mar/2026:11:58:44 +0000] "GET /wp-json/oembed/1.0/embed?url=https%3A%2F%2Fsumitkumarlaw.co.nz%2F2026%2F02%2F25%2Fbest-odds-pokies-with-welcome-bonus%2F HTTP/1.1" 200 2302 "https://sumitkumarlaw.co.nz/?p=1756" "Mozilla/5.0 AppleWebKit/537.36 (KHTML, like Gecko; compatible; GPTBot/1.3; +https://openai.com/gptbot)"
74.7.227.133 - - [31/Mar/2026:11:58:45 +0000] "GET /wp-json/oembed/1.0/embed?url=https%3A%2F%2Fsumitkumarlaw.co.nz%2F2026%2F02%2F25%2Fquickest-online-casino-payout-au%2F HTTP/1.1" 200 2287 "https://sumitkumarlaw.co.nz/?p=1668" "Mozilla/5.0 AppleWebKit/537.36 (KHTML, like Gecko; compatible; GPTBot/1.3; +https://openai.com/gptbot)"
74.7.227.133 - - [31/Mar/2026:11:58:45 +0000] "GET /wp-json/oembed/1.0/embed?url=https%3A%2F%2Fsumitkumarlaw.co.nz%2F2026%2F02%2F25%2Fbest-real-money-online-casino-nz%2F HTTP/1.1" 503 - "https://sumitkumarlaw.co.nz/?p=2978" "Mozilla/5.0 AppleWebKit/537.36 (KHTML, like Gecko; compatible; GPTBot/1.3; +https://openai.com/gptbot)"
74.7.227.133 - - [31/Mar/2026:11:58:47 +0000] "GET /wp-json/oembed/1.0/embed?url=https%3A%2F%2Fsumitkumarlaw.co.nz%2F2026%2F02%2F25%2Fonline-casino-nz-no-verification%2F HTTP/1.1" 503 - "https://sumitkumarlaw.co.nz/?p=1456" "Mozilla/5.0 AppleWebKit/537.36 (KHTML, like Gecko; compatible; GPTBot/1.3; +https://openai.com/gptbot)"
74.7.227.133 - - [31/Mar/2026:11:58:48 +0000] "GET /wp-json/oembed/1.0/embed?url=https%3A%2F%2Fsumitkumarlaw.co.nz%2F2026%2F02%2F25%2Freal-gambling-online-new-zealand%2F HTTP/1.1" 503 - "https://sumitkumarlaw.co.nz/?p=1436" "Mozilla/5.0 AppleWebKit/537.36 (KHTML, like Gecko; compatible; GPTBot/1.3; +https://openai.com/gptbot)"
66.249.70.67 - - [31/Mar/2026:11:58:50 +0000] "GET /?p=4878 HTTP/1.1" 503 - "-" "Mozilla/5.0 (Linux; Android 6.0.1; Nexus 5X Build/MMB29P) AppleWebKit/537.36 (KHTML, like Gecko) Chrome/146.0.7680.153 Mobile Safari/537.36 (compatible; Googlebot/2.1; +http://www.google.com/bot.html)"
74.7.227.133 - - [31/Mar/2026:11:58:53 +0000] "GET /wp-json/oembed/1.0/embed?url=https%3A%2F%2Fsumitkumarlaw.co.nz%2F2026%2F02%2F25%2Fprepaid-visa-for-online-gambling-nz%2F HTTP/1.1" 503 - "https://sumitkumarlaw.co.nz/?p=1228" "Mozilla/5.0 AppleWebKit/537.36 (KHTML, like Gecko; compatible; GPTBot/1.3; +https://openai.com/gptbot)"
74.7.227.133 - - [31/Mar/2026:11:59:08 +0000] "GET /wp-json/oembed/1.0/embed?url=https%3A%2F%2Fsumitkumarlaw.co.nz%2F2026%2F02%2F25%2Freal-pokies-real-money-australia%2F HTTP/1.1" 503 - "https://sumitkumarlaw.co.nz/?p=1180" "Mozilla/5.0 AppleWebKit/537.36 (KHTML, like Gecko; compatible; GPTBot/1.3; +https://openai.com/gptbot)"
66.249.70.69 - - [31/Mar/2026:11:59:14 +0000] "GET /2026/02/25/can-i-play-winning-pokies-with-money-in-new-zealand-quora/ HTTP/1.1" 503 - "-" "Mozilla/5.0 (Linux; Android 6.0.1; Nexus 5X Build/MMB29P) AppleWebKit/537.36 (KHTML, like Gecko) Chrome/146.0.7680.153 Mobile Safari/537.36 (compatible; Googlebot/2.1; +http://www.google.com/bot.html)"
74.7.227.133 - - [31/Mar/2026:11:59:51 +0000] "GET /wp-json/oembed/1.0/embed?url=https%3A%2F%2Fsumitkumarlaw.co.nz%2F2026%2F02%2F25%2Fnew-free-spins-no-deposit-australia%2F HTTP/1.1" 503 - "https://sumitkumarlaw.co.nz/?p=1220" "Mozilla/5.0 AppleWebKit/537.36 (KHTML, like Gecko; compatible; GPTBot/1.3; +https://openai.com/gptbot)"
66.249.70.67 - - [31/Mar/2026:11:59:59 +0000] "GET /?p=3219 HTTP/1.1" 503 - "-" "Mozilla/5.0 (Linux; Android 6.0.1; Nexus 5X Build/MMB29P) AppleWebKit/537.36 (KHTML, like Gecko) Chrome/146.0.7680.153 Mobile Safari/537.36 (compatible; Googlebot/2.1; +http://www.google.com/bot.html)"
66.249.70.69 - - [31/Mar/2026:12:00:34 +0000] "GET /?p=3395 HTTP/1.1" 503 - "-" "Mozilla/5.0 (Linux; Android 6.0.1; Nexus 5X Build/MMB29P) AppleWebKit/537.36 (KHTML, like Gecko) Chrome/146.0.7680.153 Mobile Safari/537.36 (compatible; Googlebot/2.1; +http://www.google.com/bot.html)"
74.7.227.133 - - [31/Mar/2026:12:00:55 +0000] "GET /wp-json/oembed/1.0/embed?url=https%3A%2F%2Fsumitkumarlaw.co.nz%2F2026%2F02%2F25%2Fdo-you-win-no-registration-pokies%2F HTTP/1.1" 503 - "https://sumitkumarlaw.co.nz/?p=1151" "Mozilla/5.0 AppleWebKit/537.36 (KHTML, like Gecko; compatible; GPTBot/1.3; +https://openai.com/gptbot)"
74.7.227.133 - - [31/Mar/2026:12:06:28 +0000] "GET /wp-json/oembed/1.0/embed?url=https%3A%2F%2Fsumitkumarlaw.co.nz%2F2026%2F02%2F25%2Ftop-online-casinos-nz-real-money%2F HTTP/1.1" 500 2431 "https://sumitkumarlaw.co.nz/?p=2130" "Mozilla/5.0 AppleWebKit/537.36 (KHTML, like Gecko; compatible; GPTBot/1.3; +https://openai.com/gptbot)"
74.7.227.133 - - [31/Mar/2026:12:05:05 +0000] "GET /wp-json/oembed/1.0/embed?url=https%3A%2F%2Fsumitkumarlaw.co.nz%2F2026%2F02%2F25%2Fvirtual-pokies-deposit-by-phone-bill%2F HTTP/1.1" 500 2508 "https://sumitkumarlaw.co.nz/?p=1385" "Mozilla/5.0 AppleWebKit/537.36 (KHTML, like Gecko; compatible; GPTBot/1.3; +https://openai.com/gptbot)"
45.79.238.235 - - [31/Mar/2026:12:06:40 +0000] "POST /wp-cron.php?doing_wp_cron=1774958800.2506859302520751953125 HTTP/1.1" 200 - "-" "WordPress/6.9.4; https://sumitkumarlaw.co.nz"
66.249.70.68 - - [31/Mar/2026:12:06:37 +0000] "GET /?p=7494 HTTP/1.1" 301 - "-" "Mozilla/5.0 (Linux; Android 6.0.1; Nexus 5X Build/MMB29P) AppleWebKit/537.36 (KHTML, like Gecko) Chrome/146.0.7680.153 Mobile Safari/537.36 (compatible; Googlebot/2.1; +http://www.google.com/bot.html)"
45.79.238.235 - - [31/Mar/2026:12:07:00 +0000] "POST /wp-cron.php?doing_wp_cron=1774958820.1328370571136474609375 HTTP/1.1" 200 - "-" "WordPress/6.9.4; https://sumitkumarlaw.co.nz"
82.21.67.122 - - [31/Mar/2026:12:06:58 +0000] "GET /?p=1692 HTTP/1.1" 301 - "-" "Mozilla/5.0 (Macintosh; Intel Mac OS X 10_15_7) AppleWebKit/537.36 (KHTML, like Gecko) Chrome/104.0.0.0 Safari/537.36"
82.21.67.122 - - [31/Mar/2026:12:07:00 +0000] "GET /2026/02/25/black-jack-harley-davidson-florence-nz/ HTTP/1.1" 200 105258 "-" "Mozilla/5.0 (Macintosh; Intel Mac OS X 10_15_7) AppleWebKit/537.36 (KHTML, like Gecko) Chrome/104.0.0.0 Safari/537.36"
82.41.163.225 - - [31/Mar/2026:12:07:08 +0000] "GET /author/ HTTP/1.1" 404 96945 "-" "Mozilla/5.0 (Macintosh; Intel Mac OS X 10_15_7) AppleWebKit/537.36 (KHTML, like Gecko) Chrome/104.0.0.0 Safari/537.36"
