74.7.227.133 - - [31/Mar/2026:12:49:18 +0000] "GET /wp-json/oembed/1.0/embed?format=xml&url=https%3A%2F%2Fsumitkumarlaw.co.nz%2F2026%2F02%2F25%2Flatest-nz-mobile-casino%2F HTTP/1.1" 200 2391 "https://sumitkumarlaw.co.nz/?p=1674" "Mozilla/5.0 AppleWebKit/537.36 (KHTML, like Gecko; compatible; GPTBot/1.3; +https://openai.com/gptbot)"
74.7.227.133 - - [31/Mar/2026:12:49:19 +0000] "GET /wp-json/oembed/1.0/embed?format=xml&url=https%3A%2F%2Fsumitkumarlaw.co.nz%2F2026%2F02%2F25%2F10cent-vintage-pokie-machine%2F HTTP/1.1" 200 2416 "https://sumitkumarlaw.co.nz/?p=1379" "Mozilla/5.0 AppleWebKit/537.36 (KHTML, like Gecko; compatible; GPTBot/1.3; +https://openai.com/gptbot)"
74.7.227.133 - - [31/Mar/2026:12:49:20 +0000] "GET /wp-json/oembed/1.0/embed?format=xml&url=https%3A%2F%2Fsumitkumarlaw.co.nz%2F2026%2F02%2F25%2Ffree-australian-pokies-game-no-download%2F HTTP/1.1" 200 2471 "https://sumitkumarlaw.co.nz/?p=1720" "Mozilla/5.0 AppleWebKit/537.36 (KHTML, like Gecko; compatible; GPTBot/1.3; +https://openai.com/gptbot)"
74.7.227.133 - - [31/Mar/2026:12:49:20 +0000] "GET /wp-json/oembed/1.0/embed?format=xml&url=https%3A%2F%2Fsumitkumarlaw.co.nz%2F2026%2F02%2F25%2Fnew-au-pokies-deposit-10%2F HTTP/1.1" 200 2396 "https://sumitkumarlaw.co.nz/?p=1034" "Mozilla/5.0 AppleWebKit/537.36 (KHTML, like Gecko; compatible; GPTBot/1.3; +https://openai.com/gptbot)"
74.7.227.133 - - [31/Mar/2026:12:49:21 +0000] "GET /wp-json/oembed/1.0/embed?format=xml&url=https%3A%2F%2Fsumitkumarlaw.co.nz%2F2026%2F02%2F25%2Fonline-casino-nz-top-10%2F HTTP/1.1" 200 2391 "https://sumitkumarlaw.co.nz/?p=1388" "Mozilla/5.0 AppleWebKit/537.36 (KHTML, like Gecko; compatible; GPTBot/1.3; +https://openai.com/gptbot)"
74.7.227.133 - - [31/Mar/2026:12:49:22 +0000] "GET /wp-json/oembed/1.0/embed?format=xml&url=https%3A%2F%2Fsumitkumarlaw.co.nz%2F2026%2F02%2F25%2Fplay-free-pokies-on-mobile%2F HTTP/1.1" 200 2406 "https://sumitkumarlaw.co.nz/?p=1429" "Mozilla/5.0 AppleWebKit/537.36 (KHTML, like Gecko; compatible; GPTBot/1.3; +https://openai.com/gptbot)"
74.7.227.133 - - [31/Mar/2026:12:49:23 +0000] "GET /wp-json/oembed/1.0/embed?format=xml&url=https%3A%2F%2Fsumitkumarlaw.co.nz%2F2026%2F02%2F25%2Fdeposit-10-play-with-80-slots-nz%2F HTTP/1.1" 200 2436 "https://sumitkumarlaw.co.nz/?p=1965" "Mozilla/5.0 AppleWebKit/537.36 (KHTML, like Gecko; compatible; GPTBot/1.3; +https://openai.com/gptbot)"
74.7.227.133 - - [31/Mar/2026:12:49:23 +0000] "GET /wp-json/oembed/1.0/embed?format=xml&url=https%3A%2F%2Fsumitkumarlaw.co.nz%2F2026%2F02%2F25%2F2026-online-casino-au-bonus-codes%2F HTTP/1.1" 200 2441 "https://sumitkumarlaw.co.nz/?p=1264" "Mozilla/5.0 AppleWebKit/537.36 (KHTML, like Gecko; compatible; GPTBot/1.3; +https://openai.com/gptbot)"
74.7.227.133 - - [31/Mar/2026:12:49:24 +0000] "GET /wp-json/oembed/1.0/embed?format=xml&url=https%3A%2F%2Fsumitkumarlaw.co.nz%2F2026%2F02%2F25%2Fau-list-online-casino%2F HTTP/1.1" 200 2381 "https://sumitkumarlaw.co.nz/?p=2398" "Mozilla/5.0 AppleWebKit/537.36 (KHTML, like Gecko; compatible; GPTBot/1.3; +https://openai.com/gptbot)"
74.7.227.133 - - [31/Mar/2026:12:49:25 +0000] "GET /wp-json/oembed/1.0/embed?format=xml&url=https%3A%2F%2Fsumitkumarlaw.co.nz%2F2026%2F02%2F25%2Faustralian-casinos-list%2F HTTP/1.1" 200 2391 "https://sumitkumarlaw.co.nz/?p=1427" "Mozilla/5.0 AppleWebKit/537.36 (KHTML, like Gecko; compatible; GPTBot/1.3; +https://openai.com/gptbot)"
74.7.227.133 - - [31/Mar/2026:12:49:26 +0000] "GET /wp-json/oembed/1.0/embed?format=xml&url=https%3A%2F%2Fsumitkumarlaw.co.nz%2F2026%2F02%2F25%2Fpokies-min-10-deposit%2F HTTP/1.1" 200 2381 "https://sumitkumarlaw.co.nz/?p=2292" "Mozilla/5.0 AppleWebKit/537.36 (KHTML, like Gecko; compatible; GPTBot/1.3; +https://openai.com/gptbot)"
74.7.227.133 - - [31/Mar/2026:12:49:26 +0000] "GET /wp-json/oembed/1.0/embed?format=xml&url=https%3A%2F%2Fsumitkumarlaw.co.nz%2F2026%2F02%2F25%2Fare-the-pokies-open-in-melbourne-today%2F HTTP/1.1" 200 2466 "https://sumitkumarlaw.co.nz/?p=1832" "Mozilla/5.0 AppleWebKit/537.36 (KHTML, like Gecko; compatible; GPTBot/1.3; +https://openai.com/gptbot)"
74.7.227.133 - - [31/Mar/2026:12:49:27 +0000] "GET /wp-json/oembed/1.0/embed?format=xml&url=https%3A%2F%2Fsumitkumarlaw.co.nz%2F2026%2F02%2F25%2Fmoney-pokies-super-guide%2F HTTP/1.1" 200 2396 "https://sumitkumarlaw.co.nz/?p=1175" "Mozilla/5.0 AppleWebKit/537.36 (KHTML, like Gecko; compatible; GPTBot/1.3; +https://openai.com/gptbot)"
74.7.227.133 - - [31/Mar/2026:12:49:28 +0000] "GET /wp-json/oembed/1.0/embed?format=xml&url=https%3A%2F%2Fsumitkumarlaw.co.nz%2F2026%2F02%2F25%2Fplay-free-pokies-online-for-fun-no-download%2F HTTP/1.1" 200 2491 "https://sumitkumarlaw.co.nz/?p=1165" "Mozilla/5.0 AppleWebKit/537.36 (KHTML, like Gecko; compatible; GPTBot/1.3; +https://openai.com/gptbot)"
74.7.227.133 - - [31/Mar/2026:12:49:29 +0000] "GET /wp-json/oembed/1.0/embed?format=xml&url=https%3A%2F%2Fsumitkumarlaw.co.nz%2F2026%2F02%2F25%2Ffree-online-pokies-with-bonuses-no-download%2F HTTP/1.1" 200 2491 "https://sumitkumarlaw.co.nz/?p=1825" "Mozilla/5.0 AppleWebKit/537.36 (KHTML, like Gecko; compatible; GPTBot/1.3; +https://openai.com/gptbot)"
66.249.70.69 - - [31/Mar/2026:12:49:29 +0000] "GET /2026/02/25/reliable-best-australian-pokies/ HTTP/1.1" 200 103665 "-" "Mozilla/5.0 (Linux; Android 6.0.1; Nexus 5X Build/MMB29P) AppleWebKit/537.36 (KHTML, like Gecko) Chrome/146.0.7680.153 Mobile Safari/537.36 (compatible; Googlebot/2.1; +http://www.google.com/bot.html)"
74.7.227.133 - - [31/Mar/2026:12:49:30 +0000] "GET /wp-json/oembed/1.0/embed?format=xml&url=https%3A%2F%2Fsumitkumarlaw.co.nz%2F2026%2F02%2F25%2Fplay-casino-pokies-machines-free-no-download%2F HTTP/1.1" 200 2496 "https://sumitkumarlaw.co.nz/?p=1716" "Mozilla/5.0 AppleWebKit/537.36 (KHTML, like Gecko; compatible; GPTBot/1.3; +https://openai.com/gptbot)"
74.7.227.133 - - [31/Mar/2026:12:49:30 +0000] "GET /wp-json/oembed/1.0/embed?format=xml&url=https%3A%2F%2Fsumitkumarlaw.co.nz%2F2026%2F02%2F25%2Ffree-deposit-casino-pokies-games-no-download%2F HTTP/1.1" 200 2496 "https://sumitkumarlaw.co.nz/?p=1491" "Mozilla/5.0 AppleWebKit/537.36 (KHTML, like Gecko; compatible; GPTBot/1.3; +https://openai.com/gptbot)"
74.7.227.133 - - [31/Mar/2026:12:49:31 +0000] "GET /wp-json/oembed/1.0/embed?format=xml&url=https%3A%2F%2Fsumitkumarlaw.co.nz%2F2026%2F02%2F25%2Flive-pokies-no-download-or-registration%2F HTTP/1.1" 200 2471 "https://sumitkumarlaw.co.nz/?p=2413" "Mozilla/5.0 AppleWebKit/537.36 (KHTML, like Gecko; compatible; GPTBot/1.3; +https://openai.com/gptbot)"
74.7.227.133 - - [31/Mar/2026:12:49:32 +0000] "GET /wp-json/oembed/1.0/embed?format=xml&url=https%3A%2F%2Fsumitkumarlaw.co.nz%2F2026%2F02%2F25%2Fbet365-gambling-online-nz%2F HTTP/1.1" 200 2401 "https://sumitkumarlaw.co.nz/?p=1489" "Mozilla/5.0 AppleWebKit/537.36 (KHTML, like Gecko; compatible; GPTBot/1.3; +https://openai.com/gptbot)"
74.7.227.133 - - [31/Mar/2026:12:49:33 +0000] "GET /wp-json/oembed/1.0/embed?format=xml&url=https%3A%2F%2Fsumitkumarlaw.co.nz%2F2026%2F02%2F25%2Fpokies-150-no-deposit%2F HTTP/1.1" 200 2381 "https://sumitkumarlaw.co.nz/?p=1345" "Mozilla/5.0 AppleWebKit/537.36 (KHTML, like Gecko; compatible; GPTBot/1.3; +https://openai.com/gptbot)"
74.7.227.133 - - [31/Mar/2026:12:49:34 +0000] "GET /wp-json/oembed/1.0/embed?format=xml&url=https%3A%2F%2Fsumitkumarlaw.co.nz%2F2026%2F02%2F25%2Fnew-pokies-online-365%2F HTTP/1.1" 200 2381 "https://sumitkumarlaw.co.nz/?p=1710" "Mozilla/5.0 AppleWebKit/537.36 (KHTML, like Gecko; compatible; GPTBot/1.3; +https://openai.com/gptbot)"
74.7.227.133 - - [31/Mar/2026:12:49:35 +0000] "GET /wp-json/oembed/1.0/embed?format=xml&url=https%3A%2F%2Fsumitkumarlaw.co.nz%2F2026%2F02%2F25%2Ftop-100-online-pokies%2F HTTP/1.1" 200 2381 "https://sumitkumarlaw.co.nz/?p=1857" "Mozilla/5.0 AppleWebKit/537.36 (KHTML, like Gecko; compatible; GPTBot/1.3; +https://openai.com/gptbot)"
74.7.227.133 - - [31/Mar/2026:12:49:35 +0000] "GET /wp-json/oembed/1.0/embed?format=xml&url=https%3A%2F%2Fsumitkumarlaw.co.nz%2F2026%2F02%2F25%2Fsafe-pokies-100-bonus%2F HTTP/1.1" 200 2381 "https://sumitkumarlaw.co.nz/?p=1362" "Mozilla/5.0 AppleWebKit/537.36 (KHTML, like Gecko; compatible; GPTBot/1.3; +https://openai.com/gptbot)"
74.7.227.133 - - [31/Mar/2026:12:49:36 +0000] "GET /wp-json/oembed/1.0/embed?format=xml&url=https%3A%2F%2Fsumitkumarlaw.co.nz%2F2026%2F02%2F25%2F888-winning-pokies%2F HTTP/1.1" 200 2366 "https://sumitkumarlaw.co.nz/?p=2073" "Mozilla/5.0 AppleWebKit/537.36 (KHTML, like Gecko; compatible; GPTBot/1.3; +https://openai.com/gptbot)"
74.7.227.133 - - [31/Mar/2026:12:49:37 +0000] "GET /wp-json/oembed/1.0/embed?format=xml&url=https%3A%2F%2Fsumitkumarlaw.co.nz%2F2026%2F02%2F25%2Ftop-100-money-pokies%2F HTTP/1.1" 200 2376 "https://sumitkumarlaw.co.nz/?p=1911" "Mozilla/5.0 AppleWebKit/537.36 (KHTML, like Gecko; compatible; GPTBot/1.3; +https://openai.com/gptbot)"
74.7.227.133 - - [31/Mar/2026:12:49:38 +0000] "GET /wp-json/oembed/1.0/embed?format=xml&url=https%3A%2F%2Fsumitkumarlaw.co.nz%2F2026%2F02%2F25%2Fcasino-au-top-10%2F HTTP/1.1" 200 2356 "https://sumitkumarlaw.co.nz/?p=1547" "Mozilla/5.0 AppleWebKit/537.36 (KHTML, like Gecko; compatible; GPTBot/1.3; +https://openai.com/gptbot)"
74.7.227.133 - - [31/Mar/2026:12:49:39 +0000] "GET /wp-json/oembed/1.0/embed?url=https%3A%2F%2Fsumitkumarlaw.co.nz%2F2026%2F02%2F25%2Fcasino-pokies-signup-bonus-no-deposit%2F HTTP/1.1" 200 2312 "https://sumitkumarlaw.co.nz/?p=1443" "Mozilla/5.0 AppleWebKit/537.36 (KHTML, like Gecko; compatible; GPTBot/1.3; +https://openai.com/gptbot)"
74.7.227.133 - - [31/Mar/2026:12:49:39 +0000] "GET /wp-json/oembed/1.0/embed?url=https%3A%2F%2Fsumitkumarlaw.co.nz%2F2026%2F02%2F25%2Fpokies-in-australia-free-signup-bonus%2F HTTP/1.1" 200 2312 "https://sumitkumarlaw.co.nz/?p=2024" "Mozilla/5.0 AppleWebKit/537.36 (KHTML, like Gecko; compatible; GPTBot/1.3; +https://openai.com/gptbot)"
74.7.227.133 - - [31/Mar/2026:12:49:40 +0000] "GET /wp-json/oembed/1.0/embed?url=https%3A%2F%2Fsumitkumarlaw.co.nz%2F2026%2F02%2F25%2Fgambling-pokies-signup-bonus%2F HTTP/1.1" 200 2267 "https://sumitkumarlaw.co.nz/?p=2117" "Mozilla/5.0 AppleWebKit/537.36 (KHTML, like Gecko; compatible; GPTBot/1.3; +https://openai.com/gptbot)"
74.7.227.133 - - [31/Mar/2026:12:49:41 +0000] "GET /wp-json/oembed/1.0/embed?format=xml&url=https%3A%2F%2Fsumitkumarlaw.co.nz%2F2026%2F02%2F25%2Fpokies-in-australia-free-signup-bonus%2F HTTP/1.1" 200 2461 "https://sumitkumarlaw.co.nz/?p=2024" "Mozilla/5.0 AppleWebKit/537.36 (KHTML, like Gecko; compatible; GPTBot/1.3; +https://openai.com/gptbot)"
74.7.227.133 - - [31/Mar/2026:12:49:42 +0000] "GET /wp-json/oembed/1.0/embed?format=xml&url=https%3A%2F%2Fsumitkumarlaw.co.nz%2F2026%2F02%2F25%2Fcasino-pokies-signup-bonus-no-deposit%2F HTTP/1.1" 200 2461 "https://sumitkumarlaw.co.nz/?p=1443" "Mozilla/5.0 AppleWebKit/537.36 (KHTML, like Gecko; compatible; GPTBot/1.3; +https://openai.com/gptbot)"
74.7.227.133 - - [31/Mar/2026:12:49:42 +0000] "GET /wp-json/oembed/1.0/embed?format=xml&url=https%3A%2F%2Fsumitkumarlaw.co.nz%2F2026%2F02%2F25%2Fgambling-pokies-signup-bonus%2F HTTP/1.1" 200 2416 "https://sumitkumarlaw.co.nz/?p=2117" "Mozilla/5.0 AppleWebKit/537.36 (KHTML, like Gecko; compatible; GPTBot/1.3; +https://openai.com/gptbot)"
74.7.227.133 - - [31/Mar/2026:12:49:43 +0000] "GET /wp-json/oembed/1.0/embed?format=xml&url=https%3A%2F%2Fsumitkumarlaw.co.nz%2F2026%2F02%2F25%2Ftry-pokies-for-real-money-no-download%2F HTTP/1.1" 200 2461 "https://sumitkumarlaw.co.nz/?p=2186" "Mozilla/5.0 AppleWebKit/537.36 (KHTML, like Gecko; compatible; GPTBot/1.3; +https://openai.com/gptbot)"
74.7.227.133 - - [31/Mar/2026:12:49:44 +0000] "GET /wp-json/oembed/1.0/embed?format=xml&url=https%3A%2F%2Fsumitkumarlaw.co.nz%2F2026%2F02%2F25%2Ffree-top-pokies-for-fun-no-download%2F HTTP/1.1" 200 2451 "https://sumitkumarlaw.co.nz/?p=1309" "Mozilla/5.0 AppleWebKit/537.36 (KHTML, like Gecko; compatible; GPTBot/1.3; +https://openai.com/gptbot)"
74.7.227.133 - - [31/Mar/2026:12:49:45 +0000] "GET /wp-json/oembed/1.0/embed?format=xml&url=https%3A%2F%2Fsumitkumarlaw.co.nz%2F2026%2F02%2F25%2Ftax-free-pokies-for-free-no-download%2F HTTP/1.1" 200 2456 "https://sumitkumarlaw.co.nz/?p=1480" "Mozilla/5.0 AppleWebKit/537.36 (KHTML, like Gecko; compatible; GPTBot/1.3; +https://openai.com/gptbot)"
74.7.227.133 - - [31/Mar/2026:12:49:45 +0000] "GET /wp-json/oembed/1.0/embed?format=xml&url=https%3A%2F%2Fsumitkumarlaw.co.nz%2F2026%2F02%2F25%2Ftop-australian-pokies-no-download%2F HTTP/1.1" 200 2441 "https://sumitkumarlaw.co.nz/?p=1828" "Mozilla/5.0 AppleWebKit/537.36 (KHTML, like Gecko; compatible; GPTBot/1.3; +https://openai.com/gptbot)"
74.7.227.133 - - [31/Mar/2026:12:49:46 +0000] "GET /wp-json/oembed/1.0/embed?format=xml&url=https%3A%2F%2Fsumitkumarlaw.co.nz%2F2026%2F02%2F25%2Ffree-no-download-popular-pokies%2F HTTP/1.1" 200 2431 "https://sumitkumarlaw.co.nz/?p=1477" "Mozilla/5.0 AppleWebKit/537.36 (KHTML, like Gecko; compatible; GPTBot/1.3; +https://openai.com/gptbot)"
74.7.227.133 - - [31/Mar/2026:12:49:47 +0000] "GET /wp-json/oembed/1.0/embed?format=xml&url=https%3A%2F%2Fsumitkumarlaw.co.nz%2F2026%2F02%2F25%2Fparty-casino-download-australia%2F HTTP/1.1" 200 2431 "https://sumitkumarlaw.co.nz/?p=2326" "Mozilla/5.0 AppleWebKit/537.36 (KHTML, like Gecko; compatible; GPTBot/1.3; +https://openai.com/gptbot)"
74.7.227.133 - - [31/Mar/2026:12:49:48 +0000] "GET /wp-json/oembed/1.0/embed?format=xml&url=https%3A%2F%2Fsumitkumarlaw.co.nz%2F2026%2F02%2F25%2Fpokies-games-free-download%2F HTTP/1.1" 200 2406 "https://sumitkumarlaw.co.nz/?p=1378" "Mozilla/5.0 AppleWebKit/537.36 (KHTML, like Gecko; compatible; GPTBot/1.3; +https://openai.com/gptbot)"
74.7.227.133 - - [31/Mar/2026:12:49:48 +0000] "GET /wp-json/oembed/1.0/embed?format=xml&url=https%3A%2F%2Fsumitkumarlaw.co.nz%2F2026%2F02%2F25%2Fgambling-pokies-no-download%2F HTTP/1.1" 200 2411 "https://sumitkumarlaw.co.nz/?p=2291" "Mozilla/5.0 AppleWebKit/537.36 (KHTML, like Gecko; compatible; GPTBot/1.3; +https://openai.com/gptbot)"
74.7.227.133 - - [31/Mar/2026:12:49:49 +0000] "GET /wp-json/oembed/1.0/embed?format=xml&url=https%3A%2F%2Fsumitkumarlaw.co.nz%2F2026%2F02%2F25%2Freal-pokies-download%2F HTTP/1.1" 200 2376 "https://sumitkumarlaw.co.nz/?p=1339" "Mozilla/5.0 AppleWebKit/537.36 (KHTML, like Gecko; compatible; GPTBot/1.3; +https://openai.com/gptbot)"
74.7.227.133 - - [31/Mar/2026:12:49:50 +0000] "GET /wp-json/oembed/1.0/embed?format=xml&url=https%3A%2F%2Fsumitkumarlaw.co.nz%2F2026%2F02%2F25%2Ffree-pokies-download%2F HTTP/1.1" 200 2376 "https://sumitkumarlaw.co.nz/?p=1520" "Mozilla/5.0 AppleWebKit/537.36 (KHTML, like Gecko; compatible; GPTBot/1.3; +https://openai.com/gptbot)"
74.7.227.133 - - [31/Mar/2026:12:49:51 +0000] "GET /wp-includes/css/dist/block-library/style.min.css?ver=6.9.4 HTTP/1.1" 304 - "https://sumitkumarlaw.co.nz/?p=5010" "Mozilla/5.0 AppleWebKit/537.36 (KHTML, like Gecko; compatible; GPTBot/1.3; +https://openai.com/gptbot)"
45.79.238.235 - - [31/Mar/2026:12:50:35 +0000] "POST /wp-cron.php?doing_wp_cron=1774961435.7285320758819580078125 HTTP/1.1" 200 - "-" "WordPress/6.9.4; https://sumitkumarlaw.co.nz"
118.148.76.153 - - [31/Mar/2026:12:50:35 +0000] "GET /2026/02/25/free-spins-on-registration-no-deposit-nz/ HTTP/1.1" 200 105486 "https://www.google.com/" "Mozilla/5.0 (Linux; Android 10; K) AppleWebKit/537.36 (KHTML, like Gecko) Chrome/146.0.0.0 Mobile Safari/537.36"
118.148.76.153 - - [31/Mar/2026:12:50:35 +0000] "GET /wp-content/themes/astra/assets/css/minified/frontend.min.css?ver=4.4.0 HTTP/1.1" 304 - "https://sumitkumarlaw.co.nz/2026/02/25/free-spins-on-registration-no-deposit-nz/" "Mozilla/5.0 (Linux; Android 10; K) AppleWebKit/537.36 (KHTML, like Gecko) Chrome/146.0.0.0 Mobile Safari/537.36"
118.148.76.153 - - [31/Mar/2026:12:50:35 +0000] "GET /wp-includes/css/dist/block-library/style.min.css?ver=6.9.4 HTTP/1.1" 304 - "https://sumitkumarlaw.co.nz/2026/02/25/free-spins-on-registration-no-deposit-nz/" "Mozilla/5.0 (Linux; Android 10; K) AppleWebKit/537.36 (KHTML, like Gecko) Chrome/146.0.0.0 Mobile Safari/537.36"
118.148.76.153 - - [31/Mar/2026:12:50:35 +0000] "GET /wp-content/uploads/astra-addon/astra-addon-6604edca6629b0-88455585.css?ver=4.4.0 HTTP/1.1" 304 - "https://sumitkumarlaw.co.nz/2026/02/25/free-spins-on-registration-no-deposit-nz/" "Mozilla/5.0 (Linux; Android 10; K) AppleWebKit/537.36 (KHTML, like Gecko) Chrome/146.0.0.0 Mobile Safari/537.36"
118.148.76.153 - - [31/Mar/2026:12:50:35 +0000] "GET /wp-includes/js/jquery/jquery-migrate.min.js?ver=3.4.1 HTTP/1.1" 304 - "https://sumitkumarlaw.co.nz/2026/02/25/free-spins-on-registration-no-deposit-nz/" "Mozilla/5.0 (Linux; Android 10; K) AppleWebKit/537.36 (KHTML, like Gecko) Chrome/146.0.0.0 Mobile Safari/537.36"
118.148.76.153 - - [31/Mar/2026:12:50:35 +0000] "GET /wp-includes/js/jquery/jquery.min.js?ver=3.7.1 HTTP/1.1" 304 - "https://sumitkumarlaw.co.nz/2026/02/25/free-spins-on-registration-no-deposit-nz/" "Mozilla/5.0 (Linux; Android 10; K) AppleWebKit/537.36 (KHTML, like Gecko) Chrome/146.0.0.0 Mobile Safari/537.36"
118.148.76.153 - - [31/Mar/2026:12:50:35 +0000] "GET /wp-content/uploads/2024/03/image-2-768x381.png HTTP/1.1" 304 - "https://sumitkumarlaw.co.nz/2026/02/25/free-spins-on-registration-no-deposit-nz/" "Mozilla/5.0 (Linux; Android 10; K) AppleWebKit/537.36 (KHTML, like Gecko) Chrome/146.0.0.0 Mobile Safari/537.36"
118.148.76.153 - - [31/Mar/2026:12:50:35 +0000] "GET /wp-content/themes/astra/assets/js/minified/frontend.min.js?ver=4.4.0 HTTP/1.1" 304 - "https://sumitkumarlaw.co.nz/2026/02/25/free-spins-on-registration-no-deposit-nz/" "Mozilla/5.0 (Linux; Android 10; K) AppleWebKit/537.36 (KHTML, like Gecko) Chrome/146.0.0.0 Mobile Safari/537.36"
118.148.76.153 - - [31/Mar/2026:12:50:36 +0000] "GET /wp-content/uploads/astra-addon/astra-addon-6604edca66e0e9-59157626.js?ver=4.4.0 HTTP/1.1" 304 - "https://sumitkumarlaw.co.nz/2026/02/25/free-spins-on-registration-no-deposit-nz/" "Mozilla/5.0 (Linux; Android 10; K) AppleWebKit/537.36 (KHTML, like Gecko) Chrome/146.0.0.0 Mobile Safari/537.36"
118.148.76.153 - - [31/Mar/2026:12:50:38 +0000] "GET /favicon.ico HTTP/1.1" 302 - "https://sumitkumarlaw.co.nz/2026/02/25/free-spins-on-registration-no-deposit-nz/" "Mozilla/5.0 (Linux; Android 10; K) AppleWebKit/537.36 (KHTML, like Gecko) Chrome/146.0.0.0 Mobile Safari/537.36"
118.148.76.153 - - [31/Mar/2026:12:50:38 +0000] "GET /wp-includes/images/w-logo-blue-white-bg.png HTTP/1.1" 304 - "https://sumitkumarlaw.co.nz/2026/02/25/free-spins-on-registration-no-deposit-nz/" "Mozilla/5.0 (Linux; Android 10; K) AppleWebKit/537.36 (KHTML, like Gecko) Chrome/146.0.0.0 Mobile Safari/537.36"
45.79.238.235 - - [31/Mar/2026:12:51:32 +0000] "POST /wp-cron.php?doing_wp_cron=1774961492.2031939029693603515625 HTTP/1.1" 200 - "-" "WordPress/6.9.4; https://sumitkumarlaw.co.nz"
47.82.11.63 - - [31/Mar/2026:12:51:31 +0000] "GET /?p=1426 HTTP/1.1" 301 - "https://sumitkumarlaw.co.nz/" "Mozilla/5.0 (X11; Linux x86_64; rv:125.0) Gecko/20100101 Firefox/125.0"
47.82.11.63 - - [31/Mar/2026:12:51:32 +0000] "GET /2026/02/25/casino-of-the-sun-tucson-au/ HTTP/1.1" 200 104957 "https://sumitkumarlaw.co.nz/" "Mozilla/5.0 (X11; Linux x86_64; rv:125.0) Gecko/20100101 Firefox/125.0"
66.249.70.68 - - [31/Mar/2026:12:51:49 +0000] "GET /?p=6997 HTTP/1.1" 301 - "-" "Mozilla/5.0 (Linux; Android 6.0.1; Nexus 5X Build/MMB29P) AppleWebKit/537.36 (KHTML, like Gecko) Chrome/146.0.7680.153 Mobile Safari/537.36 (compatible; Googlebot/2.1; +http://www.google.com/bot.html)"
66.249.70.67 - - [31/Mar/2026:12:51:50 +0000] "GET /2026/02/25/age-to-go-to-a-casino-in-new-zealand/ HTTP/1.1" 200 103760 "-" "Mozilla/5.0 (Linux; Android 6.0.1; Nexus 5X Build/MMB29P) AppleWebKit/537.36 (KHTML, like Gecko) Chrome/146.0.7680.153 Mobile Safari/537.36 (compatible; Googlebot/2.1; +http://www.google.com/bot.html)"
45.79.238.235 - - [31/Mar/2026:12:52:18 +0000] "POST /wp-cron.php?doing_wp_cron=1774961538.4027709960937500000000 HTTP/1.1" 200 - "-" "WordPress/6.9.4; https://sumitkumarlaw.co.nz"
66.249.70.69 - - [31/Mar/2026:12:52:17 +0000] "GET /2026/02/25/play-popular-pokies-free/ HTTP/1.1" 200 104119 "-" "Mozilla/5.0 (Linux; Android 6.0.1; Nexus 5X Build/MMB29P) AppleWebKit/537.36 (KHTML, like Gecko) Chrome/146.0.7680.153 Mobile Safari/537.36 (compatible; Googlebot/2.1; +http://www.google.com/bot.html)"
137.184.54.121 - - [31/Mar/2026:12:52:47 +0000] "POST /wp-login.php HTTP/1.1" 200 6286 "-" "Mozilla/5.0"
45.79.238.235 - - [31/Mar/2026:12:55:20 +0000] "POST /wp-cron.php?doing_wp_cron=1774961720.3420839309692382812500 HTTP/1.1" 200 - "-" "WordPress/6.9.4; https://sumitkumarlaw.co.nz"
66.249.70.67 - - [31/Mar/2026:12:55:19 +0000] "GET /products/detail/181663084/ HTTP/1.1" 404 96956 "-" "Mozilla/5.0 (Linux; Android 6.0.1; Nexus 5X Build/MMB29P) AppleWebKit/537.36 (KHTML, like Gecko) Chrome/146.0.7680.153 Mobile Safari/537.36 (compatible; GoogleOther)"
45.79.238.235 - - [31/Mar/2026:12:56:09 +0000] "POST /wp-cron.php?doing_wp_cron=1774961769.0676898956298828125000 HTTP/1.1" 200 - "-" "WordPress/6.9.4; https://sumitkumarlaw.co.nz"
66.249.70.67 - - [31/Mar/2026:12:56:08 +0000] "GET /2026/02/25/play-deposit-casino-money-pokies/ HTTP/1.1" 200 103847 "-" "Mozilla/5.0 (Linux; Android 6.0.1; Nexus 5X Build/MMB29P) AppleWebKit/537.36 (KHTML, like Gecko) Chrome/146.0.7680.153 Mobile Safari/537.36 (compatible; Googlebot/2.1; +http://www.google.com/bot.html)"
34.53.52.185 - - [31/Mar/2026:12:56:38 +0000] "GET / HTTP/1.1" 200 154883 "http://sumitkumarlaw.co.nz" "Mozilla/5.0 (compatible; CMS-Checker/1.0; +https://example.com)"
66.249.70.67 - - [31/Mar/2026:12:56:48 +0000] "GET /?p=1348 HTTP/1.1" 301 - "-" "Mozilla/5.0 (Linux; Android 6.0.1; Nexus 5X Build/MMB29P) AppleWebKit/537.36 (KHTML, like Gecko) Chrome/146.0.7680.153 Mobile Safari/537.36 (compatible; Googlebot/2.1; +http://www.google.com/bot.html)"
66.249.70.67 - - [31/Mar/2026:12:56:48 +0000] "GET /2026/02/25/nz-online-new-casinos/ HTTP/1.1" 200 103366 "-" "Mozilla/5.0 (Linux; Android 6.0.1; Nexus 5X Build/MMB29P) AppleWebKit/537.36 (KHTML, like Gecko) Chrome/146.0.7680.153 Mobile Safari/537.36 (compatible; Googlebot/2.1; +http://www.google.com/bot.html)"
45.79.238.235 - - [31/Mar/2026:12:56:54 +0000] "POST /wp-cron.php?doing_wp_cron=1774961814.8801450729370117187500 HTTP/1.1" 200 - "-" "WordPress/6.9.4; https://sumitkumarlaw.co.nz"
66.249.70.67 - - [31/Mar/2026:12:56:54 +0000] "GET /?p=2944 HTTP/1.1" 301 - "-" "Mozilla/5.0 (Linux; Android 6.0.1; Nexus 5X Build/MMB29P) AppleWebKit/537.36 (KHTML, like Gecko) Chrome/146.0.7680.153 Mobile Safari/537.36 (compatible; Googlebot/2.1; +http://www.google.com/bot.html)"
66.249.70.67 - - [31/Mar/2026:12:56:55 +0000] "GET /2026/02/25/best-new-australia-online-pokies/ HTTP/1.1" 200 103893 "-" "Mozilla/5.0 (Linux; Android 6.0.1; Nexus 5X Build/MMB29P) AppleWebKit/537.36 (KHTML, like Gecko) Chrome/146.0.7680.153 Mobile Safari/537.36 (compatible; Googlebot/2.1; +http://www.google.com/bot.html)"
66.249.70.67 - - [31/Mar/2026:12:56:55 +0000] "GET /?p=6495 HTTP/1.1" 301 - "-" "Mozilla/5.0 (Linux; Android 6.0.1; Nexus 5X Build/MMB29P) AppleWebKit/537.36 (KHTML, like Gecko) Chrome/146.0.7680.153 Mobile Safari/537.36 (compatible; Googlebot/2.1; +http://www.google.com/bot.html)"
66.249.70.67 - - [31/Mar/2026:12:56:56 +0000] "GET /2026/02/25/profitable-pokies-tips-strategies/ HTTP/1.1" 200 104143 "-" "Mozilla/5.0 (Linux; Android 6.0.1; Nexus 5X Build/MMB29P) AppleWebKit/537.36 (KHTML, like Gecko) Chrome/146.0.7680.153 Mobile Safari/537.36 (compatible; Googlebot/2.1; +http://www.google.com/bot.html)"
66.249.70.67 - - [31/Mar/2026:12:56:58 +0000] "GET /?p=7397 HTTP/1.1" 301 - "-" "Mozilla/5.0 (Linux; Android 6.0.1; Nexus 5X Build/MMB29P) AppleWebKit/537.36 (KHTML, like Gecko) Chrome/146.0.7680.153 Mobile Safari/537.36 (compatible; Googlebot/2.1; +http://www.google.com/bot.html)"
66.249.70.67 - - [31/Mar/2026:12:56:58 +0000] "GET /2026/02/25/best-casino-pokies-app-australia/ HTTP/1.1" 200 103634 "-" "Mozilla/5.0 (Linux; Android 6.0.1; Nexus 5X Build/MMB29P) AppleWebKit/537.36 (KHTML, like Gecko) Chrome/146.0.7680.153 Mobile Safari/537.36 (compatible; Googlebot/2.1; +http://www.google.com/bot.html)"
137.184.54.121 - - [31/Mar/2026:12:57:42 +0000] "POST /wp-login.php HTTP/1.1" 200 6286 "-" "Mozilla/5.0"
45.79.238.235 - - [31/Mar/2026:12:58:09 +0000] "POST /wp-cron.php?doing_wp_cron=1774961889.0512580871582031250000 HTTP/1.1" 200 - "-" "WordPress/6.9.4; https://sumitkumarlaw.co.nz"
143.244.47.83 - - [31/Mar/2026:12:58:08 +0000] "GET / HTTP/1.1" 301 - "-" "Mozilla/5.0 (Windows NT 10.0; Win64; x64) AppleWebKit/537.36 (KHTML, like Gecko) Chrome/58.0.3029.110 Safari/537.3"
143.244.47.83 - - [31/Mar/2026:12:58:10 +0000] "GET / HTTP/1.1" 200 154883 "-" "Mozilla/5.0 (Windows NT 10.0; Win64; x64) AppleWebKit/537.36 (KHTML, like Gecko) Chrome/58.0.3029.110 Safari/537.3"
66.249.70.67 - - [31/Mar/2026:12:58:11 +0000] "GET /?p=2733 HTTP/1.1" 301 - "-" "Mozilla/5.0 (Linux; Android 6.0.1; Nexus 5X Build/MMB29P) AppleWebKit/537.36 (KHTML, like Gecko) Chrome/146.0.7680.153 Mobile Safari/537.36 (compatible; Googlebot/2.1; +http://www.google.com/bot.html)"
66.249.70.68 - - [31/Mar/2026:12:58:13 +0000] "GET /2026/02/25/are-slot-machines-allowed-in-clubs-in-nz/ HTTP/1.1" 200 103895 "-" "Mozilla/5.0 (Linux; Android 6.0.1; Nexus 5X Build/MMB29P) AppleWebKit/537.36 (KHTML, like Gecko) Chrome/146.0.7680.153 Mobile Safari/537.36 (compatible; Googlebot/2.1; +http://www.google.com/bot.html)"
66.249.70.68 - - [31/Mar/2026:12:58:14 +0000] "GET /?p=959 HTTP/1.1" 301 - "-" "Mozilla/5.0 (Linux; Android 6.0.1; Nexus 5X Build/MMB29P) AppleWebKit/537.36 (KHTML, like Gecko) Chrome/146.0.7680.153 Mobile Safari/537.36 (compatible; Googlebot/2.1; +http://www.google.com/bot.html)"
66.249.70.68 - - [31/Mar/2026:12:58:16 +0000] "GET /?p=1808 HTTP/1.1" 301 - "-" "Mozilla/5.0 (Linux; Android 6.0.1; Nexus 5X Build/MMB29P) AppleWebKit/537.36 (KHTML, like Gecko) Chrome/146.0.7680.153 Mobile Safari/537.36 (compatible; Googlebot/2.1; +http://www.google.com/bot.html)"
66.249.70.68 - - [31/Mar/2026:12:58:17 +0000] "GET /2026/02/25/safe-pokies-that-accept-paypal/ HTTP/1.1" 200 103195 "-" "Mozilla/5.0 (Linux; Android 6.0.1; Nexus 5X Build/MMB29P) AppleWebKit/537.36 (KHTML, like Gecko) Chrome/146.0.7680.153 Mobile Safari/537.36 (compatible; Googlebot/2.1; +http://www.google.com/bot.html)"
66.249.70.68 - - [31/Mar/2026:12:58:19 +0000] "GET /?p=4991 HTTP/1.1" 301 - "-" "Mozilla/5.0 (Linux; Android 6.0.1; Nexus 5X Build/MMB29P) AppleWebKit/537.36 (KHTML, like Gecko) Chrome/146.0.7680.153 Mobile Safari/537.36 (compatible; Googlebot/2.1; +http://www.google.com/bot.html)"
66.249.70.68 - - [31/Mar/2026:12:58:20 +0000] "GET /?p=1037 HTTP/1.1" 301 - "-" "Mozilla/5.0 (Linux; Android 6.0.1; Nexus 5X Build/MMB29P) AppleWebKit/537.36 (KHTML, like Gecko) Chrome/146.0.7680.153 Mobile Safari/537.36 (compatible; Googlebot/2.1; +http://www.google.com/bot.html)"
66.249.70.67 - - [31/Mar/2026:12:58:21 +0000] "GET /2026/02/25/free-spins-no-deposit-bonus-au/ HTTP/1.1" 200 104218 "-" "Mozilla/5.0 (Linux; Android 6.0.1; Nexus 5X Build/MMB29P) AppleWebKit/537.36 (KHTML, like Gecko) Chrome/146.0.7680.153 Mobile Safari/537.36 (compatible; Googlebot/2.1; +http://www.google.com/bot.html)"
66.249.70.67 - - [31/Mar/2026:12:58:25 +0000] "GET /2026/02/25/try-pokies-in-new-zealand-for-free-no-download/ HTTP/1.1" 200 104130 "-" "Mozilla/5.0 (Linux; Android 6.0.1; Nexus 5X Build/MMB29P) AppleWebKit/537.36 (KHTML, like Gecko) Chrome/146.0.7680.153 Mobile Safari/537.36 (compatible; Googlebot/2.1; +http://www.google.com/bot.html)"
66.249.70.67 - - [31/Mar/2026:12:58:26 +0000] "GET /2026/02/25/free-signup-bonus-no-deposit-casino-nz/ HTTP/1.1" 200 103323 "-" "Mozilla/5.0 (Linux; Android 6.0.1; Nexus 5X Build/MMB29P) AppleWebKit/537.36 (KHTML, like Gecko) Chrome/146.0.7680.153 Mobile Safari/537.36 (compatible; Googlebot/2.1; +http://www.google.com/bot.html)"
66.249.70.67 - - [31/Mar/2026:12:58:36 +0000] "GET /?p=3338 HTTP/1.1" 301 - "-" "Mozilla/5.0 (Linux; Android 6.0.1; Nexus 5X Build/MMB29P) AppleWebKit/537.36 (KHTML, like Gecko) Chrome/146.0.7680.153 Mobile Safari/537.36 (compatible; Googlebot/2.1; +http://www.google.com/bot.html)"
66.249.70.67 - - [31/Mar/2026:12:58:37 +0000] "GET /?p=2747 HTTP/1.1" 301 - "-" "Mozilla/5.0 (Linux; Android 6.0.1; Nexus 5X Build/MMB29P) AppleWebKit/537.36 (KHTML, like Gecko) Chrome/146.0.7680.153 Mobile Safari/537.36 (compatible; Googlebot/2.1; +http://www.google.com/bot.html)"
66.249.70.68 - - [31/Mar/2026:12:58:40 +0000] "GET /2026/02/25/tax-free-pokies-that-pay-real-money/ HTTP/1.1" 200 104534 "-" "Mozilla/5.0 (Linux; Android 6.0.1; Nexus 5X Build/MMB29P) AppleWebKit/537.36 (KHTML, like Gecko) Chrome/146.0.7680.153 Mobile Safari/537.36 (compatible; Googlebot/2.1; +http://www.google.com/bot.html)"
66.249.70.67 - - [31/Mar/2026:12:58:41 +0000] "GET /2026/02/25/which-casino-have-roulette-in-new-zealand/ HTTP/1.1" 200 103975 "-" "Mozilla/5.0 (Linux; Android 6.0.1; Nexus 5X Build/MMB29P) AppleWebKit/537.36 (KHTML, like Gecko) Chrome/146.0.7680.153 Mobile Safari/537.36 (compatible; Googlebot/2.1; +http://www.google.com/bot.html)"
45.79.238.235 - - [31/Mar/2026:12:58:56 +0000] "POST /wp-cron.php?doing_wp_cron=1774961936.1555860042572021484375 HTTP/1.1" 200 - "-" "WordPress/6.9.4; https://sumitkumarlaw.co.nz"
66.249.70.67 - - [31/Mar/2026:12:58:55 +0000] "GET /?p=4509 HTTP/1.1" 301 - "-" "Mozilla/5.0 (Linux; Android 6.0.1; Nexus 5X Build/MMB29P) AppleWebKit/537.36 (KHTML, like Gecko) Chrome/146.0.7680.153 Mobile Safari/537.36 (compatible; Googlebot/2.1; +http://www.google.com/bot.html)"
66.249.70.67 - - [31/Mar/2026:12:58:56 +0000] "GET /2026/02/25/play-au-pokies-for-free-with-bonus-games/ HTTP/1.1" 200 103149 "-" "Mozilla/5.0 (Linux; Android 6.0.1; Nexus 5X Build/MMB29P) AppleWebKit/537.36 (KHTML, like Gecko) Chrome/146.0.7680.153 Mobile Safari/537.36 (compatible; Googlebot/2.1; +http://www.google.com/bot.html)"
45.79.238.235 - - [31/Mar/2026:13:00:17 +0000] "POST /wp-cron.php?doing_wp_cron=1774962017.0836338996887207031250 HTTP/1.1" 200 - "-" "WordPress/6.9.4; https://sumitkumarlaw.co.nz"
66.249.70.67 - - [31/Mar/2026:13:00:16 +0000] "GET /products/detail/160938014/ HTTP/1.1" 404 96956 "-" "Mozilla/5.0 (Linux; Android 6.0.1; Nexus 5X Build/MMB29P) AppleWebKit/537.36 (KHTML, like Gecko) Chrome/146.0.7680.153 Mobile Safari/537.36 (compatible; GoogleOther)"
45.79.238.235 - - [31/Mar/2026:13:01:05 +0000] "POST /wp-cron.php?doing_wp_cron=1774962065.3457090854644775390625 HTTP/1.1" 200 - "-" "WordPress/6.9.4; https://sumitkumarlaw.co.nz"
66.249.70.68 - - [31/Mar/2026:13:01:04 +0000] "GET /products/detail/174915236/ HTTP/1.1" 404 96956 "-" "Mozilla/5.0 (Linux; Android 6.0.1; Nexus 5X Build/MMB29P) AppleWebKit/537.36 (KHTML, like Gecko) Chrome/146.0.7680.153 Mobile Safari/537.36 (compatible; GoogleOther)"
64.37.63.170 - - [31/Mar/2026:13:01:19 +0000] "GET /2026/02/25/top-10-online-casino-new-zealand/ HTTP/1.1" 200 105161 "-" "WordPress/6.9.4; https://tangent.abrandr.in"
34.59.41.202 - - [31/Mar/2026:13:01:46 +0000] "GET / HTTP/1.1" 200 154883 "-" "Mozilla/5.0 (Windows NT 10.0; Win64; x64) AppleWebKit/537.36 (KHTML, like Gecko) Chrome/78.0.3904.108 Safari/537.36"
34.59.41.202 - - [31/Mar/2026:13:01:48 +0000] "GET //wp-includes/wlwmanifest.xml HTTP/1.1" 403 4170 "-" "Mozilla/5.0 (Windows NT 10.0; Win64; x64) AppleWebKit/537.36 (KHTML, like Gecko) Chrome/78.0.3904.108 Safari/537.36"
34.59.41.202 - - [31/Mar/2026:13:01:48 +0000] "GET //xmlrpc.php?rsd HTTP/1.1" 200 828 "-" "Mozilla/5.0 (Windows NT 10.0; Win64; x64) AppleWebKit/537.36 (KHTML, like Gecko) Chrome/78.0.3904.108 Safari/537.36"
34.59.41.202 - - [31/Mar/2026:13:01:49 +0000] "GET //?author=1 HTTP/1.1" 301 - "-" "Mozilla/5.0 (Windows NT 10.0; Win64; x64) AppleWebKit/537.36 (KHTML, like Gecko) Chrome/78.0.3904.108 Safari/537.36"
34.59.41.202 - - [31/Mar/2026:13:01:49 +0000] "GET //?author=2 HTTP/1.1" 301 - "-" "Mozilla/5.0 (Windows NT 10.0; Win64; x64) AppleWebKit/537.36 (KHTML, like Gecko) Chrome/78.0.3904.108 Safari/537.36"
34.59.41.202 - - [31/Mar/2026:13:01:50 +0000] "GET //wp-json/wp/v2/users/ HTTP/1.1" 200 752 "-" "Mozilla/5.0 (Windows NT 10.0; Win64; x64) AppleWebKit/537.36 (KHTML, like Gecko) Chrome/78.0.3904.108 Safari/537.36"
34.59.41.202 - - [31/Mar/2026:13:01:51 +0000] "POST //xmlrpc.php HTTP/1.1" 403 4170 "-" "Mozilla/5.0 (Windows NT 10.0; Win64; x64) AppleWebKit/537.36 (KHTML, like Gecko) Chrome/78.0.3904.108 Safari/537.36"
45.79.238.235 - - [31/Mar/2026:13:01:55 +0000] "POST /wp-cron.php?doing_wp_cron=1774962114.7363018989562988281250 HTTP/1.1" 200 - "-" "WordPress/6.9.4; https://sumitkumarlaw.co.nz"
66.249.70.67 - - [31/Mar/2026:13:01:54 +0000] "GET /?p=1243 HTTP/1.1" 301 - "-" "Mozilla/5.0 (Linux; Android 6.0.1; Nexus 5X Build/MMB29P) AppleWebKit/537.36 (KHTML, like Gecko) Chrome/146.0.7680.153 Mobile Safari/537.36 (compatible; Googlebot/2.1; +http://www.google.com/bot.html)"
66.249.70.67 - - [31/Mar/2026:13:01:55 +0000] "GET /2026/02/25/best-casino-in-jackson-nz/ HTTP/1.1" 200 104071 "-" "Mozilla/5.0 (Linux; Android 6.0.1; Nexus 5X Build/MMB29P) AppleWebKit/537.36 (KHTML, like Gecko) Chrome/146.0.7680.153 Mobile Safari/537.36 (compatible; Googlebot/2.1; +http://www.google.com/bot.html)"
64.37.63.170 - - [31/Mar/2026:13:02:00 +0000] "GET /2026/02/25/top-10-online-casino-new-zealand/ HTTP/1.1" 200 105161 "-" "WordPress/6.9.4; https://tangent.abrandr.in"
66.249.70.67 - - [31/Mar/2026:13:02:21 +0000] "GET /products/detail/216069862/ HTTP/1.1" 404 96956 "-" "Mozilla/5.0 (Linux; Android 6.0.1; Nexus 5X Build/MMB29P) AppleWebKit/537.36 (KHTML, like Gecko) Chrome/146.0.7680.153 Mobile Safari/537.36 (compatible; GoogleOther)"
137.184.54.121 - - [31/Mar/2026:13:02:48 +0000] "POST /wp-login.php HTTP/1.1" 200 6286 "-" "Mozilla/5.0"
45.79.238.235 - - [31/Mar/2026:13:03:00 +0000] "POST /wp-cron.php?doing_wp_cron=1774962180.7095980644226074218750 HTTP/1.1" 200 - "-" "WordPress/6.9.4; https://sumitkumarlaw.co.nz"
66.249.70.67 - - [31/Mar/2026:13:03:00 +0000] "GET /products/detail/172797074/ HTTP/1.1" 404 96956 "-" "Mozilla/5.0 (Linux; Android 6.0.1; Nexus 5X Build/MMB29P) AppleWebKit/537.36 (KHTML, like Gecko) Chrome/146.0.7680.153 Mobile Safari/537.36 (compatible; GoogleOther)"
172.56.38.127 - - [31/Mar/2026:13:03:09 +0000] "GET /2026/02/25/the-best-way-to-win-on-slot-machines-in-australia/ HTTP/1.1" 200 105477 "-" "Mozilla/5.0 (Macintosh; Intel Mac OS X 10_15_7) AppleWebKit/605.1.15 (KHTML, like Gecko) Version/26.2 Safari/605.1.15"
66.249.70.67 - - [31/Mar/2026:13:03:29 +0000] "GET /2026/02/25/best-online-roulette-sites-in-australia/ HTTP/1.1" 200 103147 "-" "Mozilla/5.0 (Linux; Android 6.0.1; Nexus 5X Build/MMB29P) AppleWebKit/537.36 (KHTML, like Gecko) Chrome/146.0.7680.153 Mobile Safari/537.36 (compatible; Googlebot/2.1; +http://www.google.com/bot.html)"
45.79.238.235 - - [31/Mar/2026:13:04:08 +0000] "POST /wp-cron.php?doing_wp_cron=1774962247.3439199924468994140625 HTTP/1.1" 200 - "-" "WordPress/6.9.4; https://sumitkumarlaw.co.nz"
66.249.70.68 - - [31/Mar/2026:13:04:06 +0000] "GET /products/detail/172292852/ HTTP/1.1" 404 96956 "-" "Mozilla/5.0 (Linux; Android 6.0.1; Nexus 5X Build/MMB29P) AppleWebKit/537.36 (KHTML, like Gecko) Chrome/146.0.7680.153 Mobile Safari/537.36 (compatible; GoogleOther)"
68.167.151.121 - - [31/Mar/2026:13:04:18 +0000] "GET /2026/02/25/the-best-way-to-win-on-slot-machines-in-australia/ HTTP/1.1" 200 105477 "-" "Mozilla/5.0 (Macintosh; Intel Mac OS X 10_15_7) AppleWebKit/537.36 (KHTML, like Gecko) Chrome/142.0.0.0 Safari/537.36"
66.249.70.68 - - [31/Mar/2026:13:04:23 +0000] "GET /products/detail/216293175/ HTTP/1.1" 404 96956 "-" "Mozilla/5.0 (Linux; Android 6.0.1; Nexus 5X Build/MMB29P) AppleWebKit/537.36 (KHTML, like Gecko) Chrome/146.0.7680.153 Mobile Safari/537.36 (compatible; GoogleOther)"
141.98.11.44 - - [31/Mar/2026:13:04:38 +0000] "GET /wp-includes/sodium_compat/src/Core/SecretStream/State.php HTTP/1.1" 403 4170 "-" "Mozilla/5.0 (Windows NT 10.0; Win64; x64) AppleWebKit/537.36"
45.79.238.235 - - [31/Mar/2026:13:05:06 +0000] "POST /wp-cron.php?doing_wp_cron=1774962306.1571478843688964843750 HTTP/1.1" 200 - "-" "WordPress/6.9.4; https://sumitkumarlaw.co.nz"
66.249.70.67 - - [31/Mar/2026:13:05:05 +0000] "GET /products/detail/55734206/ HTTP/1.1" 404 96956 "-" "Mozilla/5.0 (Linux; Android 6.0.1; Nexus 5X Build/MMB29P) AppleWebKit/537.36 (KHTML, like Gecko) Chrome/146.0.7680.153 Mobile Safari/537.36 (compatible; GoogleOther)"
45.79.238.235 - - [31/Mar/2026:13:06:13 +0000] "POST /wp-cron.php?doing_wp_cron=1774962373.7805500030517578125000 HTTP/1.1" 200 - "-" "WordPress/6.9.4; https://sumitkumarlaw.co.nz"
66.249.70.67 - - [31/Mar/2026:13:06:13 +0000] "GET /products/detail/61843731/ HTTP/1.1" 404 96956 "-" "Mozilla/5.0 (Linux; Android 6.0.1; Nexus 5X Build/MMB29P) AppleWebKit/537.36 (KHTML, like Gecko) Chrome/146.0.7680.153 Mobile Safari/537.36 (compatible; GoogleOther)"
66.249.70.68 - - [31/Mar/2026:13:06:31 +0000] "GET /products/detail/158553670/ HTTP/1.1" 404 96956 "-" "Mozilla/5.0 (Linux; Android 6.0.1; Nexus 5X Build/MMB29P) AppleWebKit/537.36 (KHTML, like Gecko) Chrome/146.0.7680.153 Mobile Safari/537.36 (compatible; GoogleOther)"
170.106.72.93 - - [31/Mar/2026:13:06:36 +0000] "GET / HTTP/1.1" 200 154894 "http://sumitkumarlaw.co.nz" "Mozilla/5.0 (iPhone; CPU iPhone OS 13_2_3 like Mac OS X) AppleWebKit/605.1.15 (KHTML, like Gecko) Version/13.0.3 Mobile/15E148 Safari/604.1"
45.79.238.235 - - [31/Mar/2026:13:07:16 +0000] "POST /wp-cron.php?doing_wp_cron=1774962436.5493750572204589843750 HTTP/1.1" 200 - "-" "WordPress/6.9.4; https://sumitkumarlaw.co.nz"
66.249.70.68 - - [31/Mar/2026:13:07:15 +0000] "GET /products/detail/61959509/ HTTP/1.1" 404 96956 "-" "Mozilla/5.0 (Linux; Android 6.0.1; Nexus 5X Build/MMB29P) AppleWebKit/537.36 (KHTML, like Gecko) Chrome/146.0.7680.153 Mobile Safari/537.36 (compatible; GoogleOther)"
45.79.238.235 - - [31/Mar/2026:13:08:08 +0000] "POST /wp-cron.php?doing_wp_cron=1774962488.0775289535522460937500 HTTP/1.1" 200 - "-" "WordPress/6.9.4; https://sumitkumarlaw.co.nz"
45.79.238.235 - - [31/Mar/2026:13:08:08 +0000] "POST /wp-cron.php?doing_wp_cron=1774962488.1281890869140625000000 HTTP/1.1" 200 - "-" "WordPress/6.9.4; https://sumitkumarlaw.co.nz"
45.79.238.235 - - [31/Mar/2026:13:08:08 +0000] "POST /wp-cron.php?doing_wp_cron=1774962488.2614319324493408203125 HTTP/1.1" 200 - "-" "WordPress/6.9.4; https://sumitkumarlaw.co.nz"
66.249.70.68 - - [31/Mar/2026:13:08:07 +0000] "GET /products/detail/317349802/ HTTP/1.1" 404 96956 "-" "Mozilla/5.0 (Linux; Android 6.0.1; Nexus 5X Build/MMB29P) AppleWebKit/537.36 (KHTML, like Gecko) Chrome/146.0.7680.153 Mobile Safari/537.36 (compatible; GoogleOther)"
137.184.54.121 - - [31/Mar/2026:13:08:09 +0000] "POST /wp-login.php HTTP/1.1" 200 6286 "-" "Mozilla/5.0"
66.249.70.67 - - [31/Mar/2026:13:08:21 +0000] "GET /?p=3411 HTTP/1.1" 301 - "-" "Mozilla/5.0 (Linux; Android 6.0.1; Nexus 5X Build/MMB29P) AppleWebKit/537.36 (KHTML, like Gecko) Chrome/146.0.7680.153 Mobile Safari/537.36 (compatible; Googlebot/2.1; +http://www.google.com/bot.html)"
66.249.70.67 - - [31/Mar/2026:13:08:22 +0000] "GET /2026/02/25/new-au-pokies-sites/ HTTP/1.1" 200 103430 "-" "Mozilla/5.0 (Linux; Android 6.0.1; Nexus 5X Build/MMB29P) AppleWebKit/537.36 (KHTML, like Gecko) Chrome/146.0.7680.153 Mobile Safari/537.36 (compatible; Googlebot/2.1; +http://www.google.com/bot.html)"
66.249.70.67 - - [31/Mar/2026:13:08:26 +0000] "GET /?p=3473 HTTP/1.1" 301 - "-" "Mozilla/5.0 (Linux; Android 6.0.1; Nexus 5X Build/MMB29P) AppleWebKit/537.36 (KHTML, like Gecko) Chrome/146.0.7680.153 Mobile Safari/537.36 (compatible; Googlebot/2.1; +http://www.google.com/bot.html)"
66.249.70.67 - - [31/Mar/2026:13:08:27 +0000] "GET /2026/02/25/best-real-money-pokies-signup-bonus/ HTTP/1.1" 200 103517 "-" "Mozilla/5.0 (Linux; Android 6.0.1; Nexus 5X Build/MMB29P) AppleWebKit/537.36 (KHTML, like Gecko) Chrome/146.0.7680.153 Mobile Safari/537.36 (compatible; Googlebot/2.1; +http://www.google.com/bot.html)"
66.249.70.67 - - [31/Mar/2026:13:08:35 +0000] "GET /products/detail/178440973/ HTTP/1.1" 404 96956 "-" "Mozilla/5.0 (Linux; Android 6.0.1; Nexus 5X Build/MMB29P) AppleWebKit/537.36 (KHTML, like Gecko) Chrome/146.0.7680.153 Mobile Safari/537.36 (compatible; GoogleOther)"
45.79.238.235 - - [31/Mar/2026:13:09:12 +0000] "POST /wp-cron.php?doing_wp_cron=1774962552.5155189037322998046875 HTTP/1.1" 200 - "-" "WordPress/6.9.4; https://sumitkumarlaw.co.nz"
118.149.83.50 - - [31/Mar/2026:13:09:11 +0000] "GET /2026/02/25/casinos-open-in-new-zealand/ HTTP/1.1" 200 104649 "https://www.google.com/" "Mozilla/5.0 (iPhone; CPU iPhone OS 18_7 like Mac OS X) AppleWebKit/605.1.15 (KHTML, like Gecko) Version/26.3 Mobile/15E148 Safari/604.1"
118.149.83.50 - - [31/Mar/2026:13:09:12 +0000] "GET /wp-content/themes/astra/assets/css/minified/frontend.min.css?ver=4.4.0 HTTP/1.1" 304 - "https://sumitkumarlaw.co.nz/2026/02/25/casinos-open-in-new-zealand/" "Mozilla/5.0 (iPhone; CPU iPhone OS 18_7 like Mac OS X) AppleWebKit/605.1.15 (KHTML, like Gecko) Version/26.3 Mobile/15E148 Safari/604.1"
118.149.83.50 - - [31/Mar/2026:13:09:12 +0000] "GET /wp-includes/css/dist/block-library/style.min.css?ver=6.9.4 HTTP/1.1" 304 - "https://sumitkumarlaw.co.nz/2026/02/25/casinos-open-in-new-zealand/" "Mozilla/5.0 (iPhone; CPU iPhone OS 18_7 like Mac OS X) AppleWebKit/605.1.15 (KHTML, like Gecko) Version/26.3 Mobile/15E148 Safari/604.1"
118.149.83.50 - - [31/Mar/2026:13:09:12 +0000] "GET /wp-content/uploads/astra-addon/astra-addon-6604edca66e0e9-59157626.js?ver=4.4.0 HTTP/1.1" 304 - "https://sumitkumarlaw.co.nz/2026/02/25/casinos-open-in-new-zealand/" "Mozilla/5.0 (iPhone; CPU iPhone OS 18_7 like Mac OS X) AppleWebKit/605.1.15 (KHTML, like Gecko) Version/26.3 Mobile/15E148 Safari/604.1"
118.149.83.50 - - [31/Mar/2026:13:09:12 +0000] "GET /wp-includes/js/jquery/jquery-migrate.min.js?ver=3.4.1 HTTP/1.1" 304 - "https://sumitkumarlaw.co.nz/2026/02/25/casinos-open-in-new-zealand/" "Mozilla/5.0 (iPhone; CPU iPhone OS 18_7 like Mac OS X) AppleWebKit/605.1.15 (KHTML, like Gecko) Version/26.3 Mobile/15E148 Safari/604.1"
118.149.83.50 - - [31/Mar/2026:13:09:12 +0000] "GET /wp-includes/js/jquery/jquery.min.js?ver=3.7.1 HTTP/1.1" 304 - "https://sumitkumarlaw.co.nz/2026/02/25/casinos-open-in-new-zealand/" "Mozilla/5.0 (iPhone; CPU iPhone OS 18_7 like Mac OS X) AppleWebKit/605.1.15 (KHTML, like Gecko) Version/26.3 Mobile/15E148 Safari/604.1"
118.149.83.50 - - [31/Mar/2026:13:09:12 +0000] "GET /wp-content/uploads/astra-addon/astra-addon-6604edca6629b0-88455585.css?ver=4.4.0 HTTP/1.1" 304 - "https://sumitkumarlaw.co.nz/2026/02/25/casinos-open-in-new-zealand/" "Mozilla/5.0 (iPhone; CPU iPhone OS 18_7 like Mac OS X) AppleWebKit/605.1.15 (KHTML, like Gecko) Version/26.3 Mobile/15E148 Safari/604.1"
118.149.83.50 - - [31/Mar/2026:13:09:12 +0000] "GET /wp-content/themes/astra/assets/js/minified/frontend.min.js?ver=4.4.0 HTTP/1.1" 304 - "https://sumitkumarlaw.co.nz/2026/02/25/casinos-open-in-new-zealand/" "Mozilla/5.0 (iPhone; CPU iPhone OS 18_7 like Mac OS X) AppleWebKit/605.1.15 (KHTML, like Gecko) Version/26.3 Mobile/15E148 Safari/604.1"
118.149.83.50 - - [31/Mar/2026:13:09:12 +0000] "GET /wp-content/uploads/2024/03/image-2-1024x507.png HTTP/1.1" 304 - "https://sumitkumarlaw.co.nz/2026/02/25/casinos-open-in-new-zealand/" "Mozilla/5.0 (iPhone; CPU iPhone OS 18_7 like Mac OS X) AppleWebKit/605.1.15 (KHTML, like Gecko) Version/26.3 Mobile/15E148 Safari/604.1"
118.149.83.50 - - [31/Mar/2026:13:09:15 +0000] "GET /favicon.ico HTTP/1.1" 302 - "https://sumitkumarlaw.co.nz/2026/02/25/casinos-open-in-new-zealand/" "Mozilla/5.0 (iPhone; CPU iPhone OS 18_7 like Mac OS X) AppleWebKit/605.1.15 (KHTML, like Gecko) Version/26.3 Mobile/15E148 Safari/604.1"
118.149.83.50 - - [31/Mar/2026:13:09:15 +0000] "GET /wp-includes/images/w-logo-blue-white-bg.png HTTP/1.1" 304 - "https://sumitkumarlaw.co.nz/2026/02/25/casinos-open-in-new-zealand/" "Mozilla/5.0 (iPhone; CPU iPhone OS 18_7 like Mac OS X) AppleWebKit/605.1.15 (KHTML, like Gecko) Version/26.3 Mobile/15E148 Safari/604.1"
66.249.70.69 - - [31/Mar/2026:13:09:21 +0000] "GET /products/detail/314290357/ HTTP/1.1" 404 96956 "-" "Mozilla/5.0 (Linux; Android 6.0.1; Nexus 5X Build/MMB29P) AppleWebKit/537.36 (KHTML, like Gecko) Chrome/146.0.7680.153 Mobile Safari/537.36 (compatible; GoogleOther)"
66.249.70.67 - - [31/Mar/2026:13:09:33 +0000] "GET /2026/02/25/claiming-gambling-winnings-in-australia/ HTTP/1.1" 200 103754 "-" "Mozilla/5.0 (Linux; Android 6.0.1; Nexus 5X Build/MMB29P) AppleWebKit/537.36 (KHTML, like Gecko) Chrome/146.0.7680.153 Mobile Safari/537.36 (compatible; Googlebot/2.1; +http://www.google.com/bot.html)"
45.79.238.235 - - [31/Mar/2026:13:11:12 +0000] "POST /wp-cron.php?doing_wp_cron=1774962671.8727359771728515625000 HTTP/1.1" 200 - "-" "WordPress/6.9.4; https://sumitkumarlaw.co.nz"
66.249.70.68 - - [31/Mar/2026:13:11:11 +0000] "GET /products/detail/45056711/ HTTP/1.1" 404 96956 "-" "Mozilla/5.0 (Linux; Android 6.0.1; Nexus 5X Build/MMB29P) AppleWebKit/537.36 (KHTML, like Gecko) Chrome/146.0.7680.153 Mobile Safari/537.36 (compatible; GoogleOther)"
45.79.238.235 - - [31/Mar/2026:13:12:06 +0000] "POST /wp-cron.php?doing_wp_cron=1774962726.6901659965515136718750 HTTP/1.1" 200 - "-" "WordPress/6.9.4; https://sumitkumarlaw.co.nz"
66.249.70.69 - - [31/Mar/2026:13:12:06 +0000] "GET /?p=1693 HTTP/1.1" 301 - "-" "Mozilla/5.0 (Linux; Android 6.0.1; Nexus 5X Build/MMB29P) AppleWebKit/537.36 (KHTML, like Gecko) Chrome/146.0.7680.153 Mobile Safari/537.36 (compatible; Googlebot/2.1; +http://www.google.com/bot.html)"
66.249.70.67 - - [31/Mar/2026:13:12:10 +0000] "GET /2026/02/25/australian-beauty-slot-machine/ HTTP/1.1" 200 104184 "-" "Mozilla/5.0 (Linux; Android 6.0.1; Nexus 5X Build/MMB29P) AppleWebKit/537.36 (KHTML, like Gecko) Chrome/146.0.7680.153 Mobile Safari/537.36 (compatible; Googlebot/2.1; +http://www.google.com/bot.html)"
66.249.70.67 - - [31/Mar/2026:13:12:48 +0000] "GET /?p=1461 HTTP/1.1" 301 - "-" "Mozilla/5.0 (Linux; Android 6.0.1; Nexus 5X Build/MMB29P) AppleWebKit/537.36 (KHTML, like Gecko) Chrome/146.0.7680.153 Mobile Safari/537.36 (compatible; Googlebot/2.1; +http://www.google.com/bot.html)"
66.249.70.67 - - [31/Mar/2026:13:12:49 +0000] "GET /2026/02/25/crack-new-au-pokies/ HTTP/1.1" 200 102861 "-" "Mozilla/5.0 (Linux; Android 6.0.1; Nexus 5X Build/MMB29P) AppleWebKit/537.36 (KHTML, like Gecko) Chrome/146.0.7680.153 Mobile Safari/537.36 (compatible; Googlebot/2.1; +http://www.google.com/bot.html)"
66.249.70.67 - - [31/Mar/2026:13:12:49 +0000] "GET /?p=3162 HTTP/1.1" 301 - "-" "Mozilla/5.0 (Linux; Android 6.0.1; Nexus 5X Build/MMB29P) AppleWebKit/537.36 (KHTML, like Gecko) Chrome/146.0.7680.153 Mobile Safari/537.36 (compatible; Googlebot/2.1; +http://www.google.com/bot.html)"
66.249.70.67 - - [31/Mar/2026:13:12:50 +0000] "GET /2026/02/25/good-pokies-with-welcome-bonus-games/ HTTP/1.1" 200 103145 "-" "Mozilla/5.0 (Linux; Android 6.0.1; Nexus 5X Build/MMB29P) AppleWebKit/537.36 (KHTML, like Gecko) Chrome/146.0.7680.153 Mobile Safari/537.36 (compatible; Googlebot/2.1; +http://www.google.com/bot.html)"
45.79.238.235 - - [31/Mar/2026:13:13:04 +0000] "POST /wp-cron.php?doing_wp_cron=1774962784.8872430324554443359375 HTTP/1.1" 200 - "-" "WordPress/6.9.4; https://sumitkumarlaw.co.nz"
66.249.70.67 - - [31/Mar/2026:13:13:04 +0000] "GET /products/detail/297231185/ HTTP/1.1" 404 96956 "-" "Mozilla/5.0 (Linux; Android 6.0.1; Nexus 5X Build/MMB29P) AppleWebKit/537.36 (KHTML, like Gecko) Chrome/146.0.7680.153 Mobile Safari/537.36 (compatible; GoogleOther)"
66.249.70.67 - - [31/Mar/2026:13:13:37 +0000] "GET /?p=866 HTTP/1.1" 301 - "-" "Mozilla/5.0 (Linux; Android 6.0.1; Nexus 5X Build/MMB29P) AppleWebKit/537.36 (KHTML, like Gecko) Chrome/146.0.7680.153 Mobile Safari/537.36 (compatible; Googlebot/2.1; +http://www.google.com/bot.html)"
66.249.70.67 - - [31/Mar/2026:13:13:38 +0000] "GET /?p=5856 HTTP/1.1" 301 - "-" "Mozilla/5.0 (Linux; Android 6.0.1; Nexus 5X Build/MMB29P) AppleWebKit/537.36 (KHTML, like Gecko) Chrome/146.0.7680.153 Mobile Safari/537.36 (compatible; Googlebot/2.1; +http://www.google.com/bot.html)"
66.249.70.67 - - [31/Mar/2026:13:13:39 +0000] "GET /2026/02/25/1000-euro-bonus-casino-online-pokies/ HTTP/1.1" 200 103340 "-" "Mozilla/5.0 (Linux; Android 6.0.1; Nexus 5X Build/MMB29P) AppleWebKit/537.36 (KHTML, like Gecko) Chrome/146.0.7680.153 Mobile Safari/537.36 (compatible; Googlebot/2.1; +http://www.google.com/bot.html)"
66.249.70.67 - - [31/Mar/2026:13:13:40 +0000] "GET /2026/02/25/gambling-sms-alerts-sa-pokies/ HTTP/1.1" 200 103891 "-" "Mozilla/5.0 (Linux; Android 6.0.1; Nexus 5X Build/MMB29P) AppleWebKit/537.36 (KHTML, like Gecko) Chrome/146.0.7680.153 Mobile Safari/537.36 (compatible; Googlebot/2.1; +http://www.google.com/bot.html)"
122.63.65.250 - - [31/Mar/2026:13:13:44 +0000] "GET /?p=7854 HTTP/1.1" 301 - "https://www.google.com/" "Mozilla/5.0 (Linux; Android 10; K) AppleWebKit/537.36 (KHTML, like Gecko) Chrome/146.0.0.0 Mobile Safari/537.36"
66.249.70.67 - - [31/Mar/2026:13:13:44 +0000] "GET /2026/02/25/popular-pokies-free-download/ HTTP/1.1" 200 103830 "-" "Mozilla/5.0 (Linux; Android 6.0.1; Nexus 5X Build/MMB29P) AppleWebKit/537.36 (KHTML, like Gecko) Chrome/146.0.7680.153 Mobile Safari/537.36 (compatible; Googlebot/2.1; +http://www.google.com/bot.html)"
122.63.65.250 - - [31/Mar/2026:13:13:44 +0000] "GET /2026/02/25/15-free-spins-no-deposit-nz/ HTTP/1.1" 200 105346 "https://www.google.com/" "Mozilla/5.0 (Linux; Android 10; K) AppleWebKit/537.36 (KHTML, like Gecko) Chrome/146.0.0.0 Mobile Safari/537.36"
122.63.65.250 - - [31/Mar/2026:13:13:45 +0000] "GET /wp-content/themes/astra/assets/css/minified/frontend.min.css?ver=4.4.0 HTTP/1.1" 304 - "https://sumitkumarlaw.co.nz/2026/02/25/15-free-spins-no-deposit-nz/" "Mozilla/5.0 (Linux; Android 10; K) AppleWebKit/537.36 (KHTML, like Gecko) Chrome/146.0.0.0 Mobile Safari/537.36"
