18.144.73.227 - - [31/Mar/2026:16:00:08 +0000] "GET /dist/.env HTTP/1.1" 403 4170 "-" "Mozilla/5.0 (Windows NT 10.0; Win64; x64) AppleWebKit/537.36 (KHTML, like Gecko) Chrome/131.0.0.0 Safari/537.36"
18.144.73.227 - - [31/Mar/2026:16:00:09 +0000] "GET /build/.env HTTP/1.1" 301 - "-" "Mozilla/5.0 (Windows NT 10.0; Win64; x64) AppleWebKit/537.36 (KHTML, like Gecko) Chrome/131.0.0.0 Safari/537.36"
18.144.73.227 - - [31/Mar/2026:16:00:09 +0000] "GET /build/.env HTTP/1.1" 404 96945 "-" "Mozilla/5.0 (Windows NT 10.0; Win64; x64) AppleWebKit/537.36 (KHTML, like Gecko) Chrome/131.0.0.0 Safari/537.36"
18.144.73.227 - - [31/Mar/2026:16:00:10 +0000] "GET /public_html/.env HTTP/1.1" 403 4170 "-" "Mozilla/5.0 (Windows NT 10.0; Win64; x64) AppleWebKit/537.36 (KHTML, like Gecko) Chrome/131.0.0.0 Safari/537.36"
18.144.73.227 - - [31/Mar/2026:16:00:11 +0000] "GET /live/.env HTTP/1.1" 403 4170 "-" "Mozilla/5.0 (Windows NT 10.0; Win64; x64) AppleWebKit/537.36 (KHTML, like Gecko) Chrome/131.0.0.0 Safari/537.36"
18.144.73.227 - - [31/Mar/2026:16:00:11 +0000] "GET /prod/.env HTTP/1.1" 301 - "-" "Mozilla/5.0 (Windows NT 10.0; Win64; x64) AppleWebKit/537.36 (KHTML, like Gecko) Chrome/131.0.0.0 Safari/537.36"
18.144.73.227 - - [31/Mar/2026:16:00:12 +0000] "GET /prod/.env HTTP/1.1" 404 96945 "-" "Mozilla/5.0 (Windows NT 10.0; Win64; x64) AppleWebKit/537.36 (KHTML, like Gecko) Chrome/131.0.0.0 Safari/537.36"
18.144.73.227 - - [31/Mar/2026:16:00:13 +0000] "GET /dev/.env HTTP/1.1" 403 4170 "-" "Mozilla/5.0 (Windows NT 10.0; Win64; x64) AppleWebKit/537.36 (KHTML, like Gecko) Chrome/131.0.0.0 Safari/537.36"
18.144.73.227 - - [31/Mar/2026:16:00:13 +0000] "GET /project/.env HTTP/1.1" 403 4170 "-" "Mozilla/5.0 (Windows NT 10.0; Win64; x64) AppleWebKit/537.36 (KHTML, like Gecko) Chrome/131.0.0.0 Safari/537.36"
18.144.73.227 - - [31/Mar/2026:16:00:13 +0000] "GET /client/.env HTTP/1.1" 301 - "-" "Mozilla/5.0 (Windows NT 10.0; Win64; x64) AppleWebKit/537.36 (KHTML, like Gecko) Chrome/131.0.0.0 Safari/537.36"
18.144.73.227 - - [31/Mar/2026:16:00:14 +0000] "GET /client/.env HTTP/1.1" 404 96945 "-" "Mozilla/5.0 (Windows NT 10.0; Win64; x64) AppleWebKit/537.36 (KHTML, like Gecko) Chrome/131.0.0.0 Safari/537.36"
18.144.73.227 - - [31/Mar/2026:16:00:15 +0000] "GET /service/.env HTTP/1.1" 403 4170 "-" "Mozilla/5.0 (Windows NT 10.0; Win64; x64) AppleWebKit/537.36 (KHTML, like Gecko) Chrome/131.0.0.0 Safari/537.36"
18.144.73.227 - - [31/Mar/2026:16:00:15 +0000] "GET /node/.env HTTP/1.1" 403 4170 "-" "Mozilla/5.0 (Windows NT 10.0; Win64; x64) AppleWebKit/537.36 (KHTML, like Gecko) Chrome/131.0.0.0 Safari/537.36"
18.144.73.227 - - [31/Mar/2026:16:00:16 +0000] "GET /phpinfo.php HTTP/1.1" 301 - "-" "Mozilla/5.0 (Windows NT 10.0; Win64; x64) AppleWebKit/537.36 (KHTML, like Gecko) Chrome/131.0.0.0 Safari/537.36"
18.144.73.227 - - [31/Mar/2026:16:00:16 +0000] "GET /phpinfo.php HTTP/1.1" 404 96945 "-" "Mozilla/5.0 (Windows NT 10.0; Win64; x64) AppleWebKit/537.36 (KHTML, like Gecko) Chrome/131.0.0.0 Safari/537.36"
18.144.73.227 - - [31/Mar/2026:16:00:17 +0000] "GET /info.php HTTP/1.1" 301 - "-" "Mozilla/5.0 (Windows NT 10.0; Win64; x64) AppleWebKit/537.36 (KHTML, like Gecko) Chrome/131.0.0.0 Safari/537.36"
18.144.73.227 - - [31/Mar/2026:16:00:18 +0000] "GET /info.php HTTP/1.1" 404 96945 "-" "Mozilla/5.0 (Windows NT 10.0; Win64; x64) AppleWebKit/537.36 (KHTML, like Gecko) Chrome/131.0.0.0 Safari/537.36"
18.144.73.227 - - [31/Mar/2026:16:00:19 +0000] "GET /php.php HTTP/1.1" 301 - "-" "Mozilla/5.0 (Windows NT 10.0; Win64; x64) AppleWebKit/537.36 (KHTML, like Gecko) Chrome/131.0.0.0 Safari/537.36"
18.144.73.227 - - [31/Mar/2026:16:00:19 +0000] "GET /php.php HTTP/1.1" 404 96945 "-" "Mozilla/5.0 (Windows NT 10.0; Win64; x64) AppleWebKit/537.36 (KHTML, like Gecko) Chrome/131.0.0.0 Safari/537.36"
18.144.73.227 - - [31/Mar/2026:16:00:20 +0000] "GET /pinfo.php HTTP/1.1" 301 - "-" "Mozilla/5.0 (Windows NT 10.0; Win64; x64) AppleWebKit/537.36 (KHTML, like Gecko) Chrome/131.0.0.0 Safari/537.36"
18.144.73.227 - - [31/Mar/2026:16:00:21 +0000] "GET /pinfo.php HTTP/1.1" 404 96945 "-" "Mozilla/5.0 (Windows NT 10.0; Win64; x64) AppleWebKit/537.36 (KHTML, like Gecko) Chrome/131.0.0.0 Safari/537.36"
18.144.73.227 - - [31/Mar/2026:16:00:22 +0000] "GET /phpinfo HTTP/1.1" 301 - "-" "Mozilla/5.0 (Windows NT 10.0; Win64; x64) AppleWebKit/537.36 (KHTML, like Gecko) Chrome/131.0.0.0 Safari/537.36"
18.144.73.227 - - [31/Mar/2026:16:00:22 +0000] "GET /phpinfo HTTP/1.1" 404 96945 "-" "Mozilla/5.0 (Windows NT 10.0; Win64; x64) AppleWebKit/537.36 (KHTML, like Gecko) Chrome/131.0.0.0 Safari/537.36"
18.144.73.227 - - [31/Mar/2026:16:00:24 +0000] "GET /admin/phpinfo.php HTTP/1.1" 301 - "-" "Mozilla/5.0 (Windows NT 10.0; Win64; x64) AppleWebKit/537.36 (KHTML, like Gecko) Chrome/131.0.0.0 Safari/537.36"
18.144.73.227 - - [31/Mar/2026:16:00:24 +0000] "GET /admin/phpinfo.php HTTP/1.1" 404 96945 "-" "Mozilla/5.0 (Windows NT 10.0; Win64; x64) AppleWebKit/537.36 (KHTML, like Gecko) Chrome/131.0.0.0 Safari/537.36"
18.144.73.227 - - [31/Mar/2026:16:00:25 +0000] "GET /test/phpinfo.php HTTP/1.1" 301 - "-" "Mozilla/5.0 (Windows NT 10.0; Win64; x64) AppleWebKit/537.36 (KHTML, like Gecko) Chrome/131.0.0.0 Safari/537.36"
18.144.73.227 - - [31/Mar/2026:16:00:26 +0000] "GET /test/phpinfo.php HTTP/1.1" 404 96945 "-" "Mozilla/5.0 (Windows NT 10.0; Win64; x64) AppleWebKit/537.36 (KHTML, like Gecko) Chrome/131.0.0.0 Safari/537.36"
18.144.73.227 - - [31/Mar/2026:16:00:27 +0000] "GET /dev/phpinfo.php HTTP/1.1" 301 - "-" "Mozilla/5.0 (Windows NT 10.0; Win64; x64) AppleWebKit/537.36 (KHTML, like Gecko) Chrome/131.0.0.0 Safari/537.36"
18.144.73.227 - - [31/Mar/2026:16:00:27 +0000] "GET /dev/phpinfo.php HTTP/1.1" 404 96945 "-" "Mozilla/5.0 (Windows NT 10.0; Win64; x64) AppleWebKit/537.36 (KHTML, like Gecko) Chrome/131.0.0.0 Safari/537.36"
18.144.73.227 - - [31/Mar/2026:16:00:28 +0000] "GET /development/phpinfo.php HTTP/1.1" 301 - "-" "Mozilla/5.0 (Windows NT 10.0; Win64; x64) AppleWebKit/537.36 (KHTML, like Gecko) Chrome/131.0.0.0 Safari/537.36"
18.144.73.227 - - [31/Mar/2026:16:00:29 +0000] "GET /development/phpinfo.php HTTP/1.1" 404 96945 "-" "Mozilla/5.0 (Windows NT 10.0; Win64; x64) AppleWebKit/537.36 (KHTML, like Gecko) Chrome/131.0.0.0 Safari/537.36"
18.144.73.227 - - [31/Mar/2026:16:00:30 +0000] "GET /develop/phpinfo.php HTTP/1.1" 301 - "-" "Mozilla/5.0 (Windows NT 10.0; Win64; x64) AppleWebKit/537.36 (KHTML, like Gecko) Chrome/131.0.0.0 Safari/537.36"
18.144.73.227 - - [31/Mar/2026:16:00:31 +0000] "GET /develop/phpinfo.php HTTP/1.1" 404 96945 "-" "Mozilla/5.0 (Windows NT 10.0; Win64; x64) AppleWebKit/537.36 (KHTML, like Gecko) Chrome/131.0.0.0 Safari/537.36"
18.144.73.227 - - [31/Mar/2026:16:00:32 +0000] "GET /api/phpinfo.php HTTP/1.1" 301 - "-" "Mozilla/5.0 (Windows NT 10.0; Win64; x64) AppleWebKit/537.36 (KHTML, like Gecko) Chrome/131.0.0.0 Safari/537.36"
18.144.73.227 - - [31/Mar/2026:16:00:32 +0000] "GET /api/phpinfo.php HTTP/1.1" 404 96945 "-" "Mozilla/5.0 (Windows NT 10.0; Win64; x64) AppleWebKit/537.36 (KHTML, like Gecko) Chrome/131.0.0.0 Safari/537.36"
18.144.73.227 - - [31/Mar/2026:16:00:33 +0000] "GET /backend/phpinfo.php HTTP/1.1" 301 - "-" "Mozilla/5.0 (Windows NT 10.0; Win64; x64) AppleWebKit/537.36 (KHTML, like Gecko) Chrome/131.0.0.0 Safari/537.36"
18.144.73.227 - - [31/Mar/2026:16:00:34 +0000] "GET /backend/phpinfo.php HTTP/1.1" 404 96945 "-" "Mozilla/5.0 (Windows NT 10.0; Win64; x64) AppleWebKit/537.36 (KHTML, like Gecko) Chrome/131.0.0.0 Safari/537.36"
18.144.73.227 - - [31/Mar/2026:16:00:35 +0000] "GET /server/phpinfo.php HTTP/1.1" 301 - "-" "Mozilla/5.0 (Windows NT 10.0; Win64; x64) AppleWebKit/537.36 (KHTML, like Gecko) Chrome/131.0.0.0 Safari/537.36"
18.144.73.227 - - [31/Mar/2026:16:00:35 +0000] "GET /server/phpinfo.php HTTP/1.1" 404 96945 "-" "Mozilla/5.0 (Windows NT 10.0; Win64; x64) AppleWebKit/537.36 (KHTML, like Gecko) Chrome/131.0.0.0 Safari/537.36"
18.144.73.227 - - [31/Mar/2026:16:00:36 +0000] "GET /current/phpinfo.php HTTP/1.1" 301 - "-" "Mozilla/5.0 (Windows NT 10.0; Win64; x64) AppleWebKit/537.36 (KHTML, like Gecko) Chrome/131.0.0.0 Safari/537.36"
18.144.73.227 - - [31/Mar/2026:16:00:37 +0000] "GET /current/phpinfo.php HTTP/1.1" 404 96945 "-" "Mozilla/5.0 (Windows NT 10.0; Win64; x64) AppleWebKit/537.36 (KHTML, like Gecko) Chrome/131.0.0.0 Safari/537.36"
18.144.73.227 - - [31/Mar/2026:16:00:38 +0000] "GET /services/phpinfo.php HTTP/1.1" 301 - "-" "Mozilla/5.0 (Windows NT 10.0; Win64; x64) AppleWebKit/537.36 (KHTML, like Gecko) Chrome/131.0.0.0 Safari/537.36"
18.144.73.227 - - [31/Mar/2026:16:00:38 +0000] "GET /services/phpinfo.php HTTP/1.1" 404 96945 "-" "Mozilla/5.0 (Windows NT 10.0; Win64; x64) AppleWebKit/537.36 (KHTML, like Gecko) Chrome/131.0.0.0 Safari/537.36"
18.144.73.227 - - [31/Mar/2026:16:00:39 +0000] "GET /service/phpinfo.php HTTP/1.1" 301 - "-" "Mozilla/5.0 (Windows NT 10.0; Win64; x64) AppleWebKit/537.36 (KHTML, like Gecko) Chrome/131.0.0.0 Safari/537.36"
18.144.73.227 - - [31/Mar/2026:16:00:40 +0000] "GET /service/phpinfo.php HTTP/1.1" 404 96945 "-" "Mozilla/5.0 (Windows NT 10.0; Win64; x64) AppleWebKit/537.36 (KHTML, like Gecko) Chrome/131.0.0.0 Safari/537.36"
18.144.73.227 - - [31/Mar/2026:16:00:41 +0000] "GET /laravel/phpinfo.php HTTP/1.1" 301 - "-" "Mozilla/5.0 (Windows NT 10.0; Win64; x64) AppleWebKit/537.36 (KHTML, like Gecko) Chrome/131.0.0.0 Safari/537.36"
18.144.73.227 - - [31/Mar/2026:16:00:42 +0000] "GET /laravel/phpinfo.php HTTP/1.1" 404 96945 "-" "Mozilla/5.0 (Windows NT 10.0; Win64; x64) AppleWebKit/537.36 (KHTML, like Gecko) Chrome/131.0.0.0 Safari/537.36"
18.144.73.227 - - [31/Mar/2026:16:00:43 +0000] "GET /dashboard/phpinfo.php HTTP/1.1" 301 - "-" "Mozilla/5.0 (Windows NT 10.0; Win64; x64) AppleWebKit/537.36 (KHTML, like Gecko) Chrome/131.0.0.0 Safari/537.36"
18.144.73.227 - - [31/Mar/2026:16:00:43 +0000] "GET /dashboard/phpinfo.php HTTP/1.1" 404 96945 "-" "Mozilla/5.0 (Windows NT 10.0; Win64; x64) AppleWebKit/537.36 (KHTML, like Gecko) Chrome/131.0.0.0 Safari/537.36"
18.144.73.227 - - [31/Mar/2026:16:00:44 +0000] "GET /helper/phpinfo.php HTTP/1.1" 301 - "-" "Mozilla/5.0 (Windows NT 10.0; Win64; x64) AppleWebKit/537.36 (KHTML, like Gecko) Chrome/131.0.0.0 Safari/537.36"
18.144.73.227 - - [31/Mar/2026:16:00:45 +0000] "GET /helper/phpinfo.php HTTP/1.1" 404 96945 "-" "Mozilla/5.0 (Windows NT 10.0; Win64; x64) AppleWebKit/537.36 (KHTML, like Gecko) Chrome/131.0.0.0 Safari/537.36"
18.144.73.227 - - [31/Mar/2026:16:00:46 +0000] "GET /xampp/phpinfo.php HTTP/1.1" 301 - "-" "Mozilla/5.0 (Windows NT 10.0; Win64; x64) AppleWebKit/537.36 (KHTML, like Gecko) Chrome/131.0.0.0 Safari/537.36"
18.144.73.227 - - [31/Mar/2026:16:00:47 +0000] "GET /xampp/phpinfo.php HTTP/1.1" 404 96945 "-" "Mozilla/5.0 (Windows NT 10.0; Win64; x64) AppleWebKit/537.36 (KHTML, like Gecko) Chrome/131.0.0.0 Safari/537.36"
18.144.73.227 - - [31/Mar/2026:16:00:48 +0000] "GET /backup/phpinfo.php HTTP/1.1" 301 - "-" "Mozilla/5.0 (Windows NT 10.0; Win64; x64) AppleWebKit/537.36 (KHTML, like Gecko) Chrome/131.0.0.0 Safari/537.36"
18.144.73.227 - - [31/Mar/2026:16:00:48 +0000] "GET /backup/phpinfo.php HTTP/1.1" 404 96945 "-" "Mozilla/5.0 (Windows NT 10.0; Win64; x64) AppleWebKit/537.36 (KHTML, like Gecko) Chrome/131.0.0.0 Safari/537.36"
18.144.73.227 - - [31/Mar/2026:16:00:49 +0000] "GET /old/phpinfo.php HTTP/1.1" 301 - "-" "Mozilla/5.0 (Windows NT 10.0; Win64; x64) AppleWebKit/537.36 (KHTML, like Gecko) Chrome/131.0.0.0 Safari/537.36"
18.144.73.227 - - [31/Mar/2026:16:00:50 +0000] "GET /old/phpinfo.php HTTP/1.1" 404 96945 "-" "Mozilla/5.0 (Windows NT 10.0; Win64; x64) AppleWebKit/537.36 (KHTML, like Gecko) Chrome/131.0.0.0 Safari/537.36"
18.144.73.227 - - [31/Mar/2026:16:00:51 +0000] "GET /crm/phpinfo.php HTTP/1.1" 301 - "-" "Mozilla/5.0 (Windows NT 10.0; Win64; x64) AppleWebKit/537.36 (KHTML, like Gecko) Chrome/131.0.0.0 Safari/537.36"
45.79.238.235 - - [31/Mar/2026:16:00:53 +0000] "POST /wp-cron.php?doing_wp_cron=1774972853.0856540203094482421875 HTTP/1.1" 200 - "-" "WordPress/6.9.4; https://sumitkumarlaw.co.nz"
18.144.73.227 - - [31/Mar/2026:16:00:52 +0000] "GET /crm/phpinfo.php HTTP/1.1" 404 96945 "-" "Mozilla/5.0 (Windows NT 10.0; Win64; x64) AppleWebKit/537.36 (KHTML, like Gecko) Chrome/131.0.0.0 Safari/537.36"
18.144.73.227 - - [31/Mar/2026:16:00:53 +0000] "GET /admin/info.php HTTP/1.1" 301 - "-" "Mozilla/5.0 (Windows NT 10.0; Win64; x64) AppleWebKit/537.36 (KHTML, like Gecko) Chrome/131.0.0.0 Safari/537.36"
18.144.73.227 - - [31/Mar/2026:16:00:54 +0000] "GET /admin/info.php HTTP/1.1" 404 96945 "-" "Mozilla/5.0 (Windows NT 10.0; Win64; x64) AppleWebKit/537.36 (KHTML, like Gecko) Chrome/131.0.0.0 Safari/537.36"
18.144.73.227 - - [31/Mar/2026:16:00:55 +0000] "GET /test/info.php HTTP/1.1" 301 - "-" "Mozilla/5.0 (Windows NT 10.0; Win64; x64) AppleWebKit/537.36 (KHTML, like Gecko) Chrome/131.0.0.0 Safari/537.36"
18.144.73.227 - - [31/Mar/2026:16:00:56 +0000] "GET /test/info.php HTTP/1.1" 404 96945 "-" "Mozilla/5.0 (Windows NT 10.0; Win64; x64) AppleWebKit/537.36 (KHTML, like Gecko) Chrome/131.0.0.0 Safari/537.36"
18.144.73.227 - - [31/Mar/2026:16:00:57 +0000] "GET /dev/info.php HTTP/1.1" 301 - "-" "Mozilla/5.0 (Windows NT 10.0; Win64; x64) AppleWebKit/537.36 (KHTML, like Gecko) Chrome/131.0.0.0 Safari/537.36"
18.144.73.227 - - [31/Mar/2026:16:00:57 +0000] "GET /dev/info.php HTTP/1.1" 404 96945 "-" "Mozilla/5.0 (Windows NT 10.0; Win64; x64) AppleWebKit/537.36 (KHTML, like Gecko) Chrome/131.0.0.0 Safari/537.36"
18.144.73.227 - - [31/Mar/2026:16:00:58 +0000] "GET /development/info.php HTTP/1.1" 301 - "-" "Mozilla/5.0 (Windows NT 10.0; Win64; x64) AppleWebKit/537.36 (KHTML, like Gecko) Chrome/131.0.0.0 Safari/537.36"
18.144.73.227 - - [31/Mar/2026:16:00:59 +0000] "GET /development/info.php HTTP/1.1" 404 96945 "-" "Mozilla/5.0 (Windows NT 10.0; Win64; x64) AppleWebKit/537.36 (KHTML, like Gecko) Chrome/131.0.0.0 Safari/537.36"
18.144.73.227 - - [31/Mar/2026:16:01:00 +0000] "GET /develop/info.php HTTP/1.1" 301 - "-" "Mozilla/5.0 (Windows NT 10.0; Win64; x64) AppleWebKit/537.36 (KHTML, like Gecko) Chrome/131.0.0.0 Safari/537.36"
18.144.73.227 - - [31/Mar/2026:16:01:01 +0000] "GET /develop/info.php HTTP/1.1" 404 96945 "-" "Mozilla/5.0 (Windows NT 10.0; Win64; x64) AppleWebKit/537.36 (KHTML, like Gecko) Chrome/131.0.0.0 Safari/537.36"
18.144.73.227 - - [31/Mar/2026:16:01:02 +0000] "GET /api/info.php HTTP/1.1" 301 - "-" "Mozilla/5.0 (Windows NT 10.0; Win64; x64) AppleWebKit/537.36 (KHTML, like Gecko) Chrome/131.0.0.0 Safari/537.36"
18.144.73.227 - - [31/Mar/2026:16:01:03 +0000] "GET /api/info.php HTTP/1.1" 404 96945 "-" "Mozilla/5.0 (Windows NT 10.0; Win64; x64) AppleWebKit/537.36 (KHTML, like Gecko) Chrome/131.0.0.0 Safari/537.36"
18.144.73.227 - - [31/Mar/2026:16:01:04 +0000] "GET /backend/info.php HTTP/1.1" 301 - "-" "Mozilla/5.0 (Windows NT 10.0; Win64; x64) AppleWebKit/537.36 (KHTML, like Gecko) Chrome/131.0.0.0 Safari/537.36"
18.144.73.227 - - [31/Mar/2026:16:01:04 +0000] "GET /backend/info.php HTTP/1.1" 404 96945 "-" "Mozilla/5.0 (Windows NT 10.0; Win64; x64) AppleWebKit/537.36 (KHTML, like Gecko) Chrome/131.0.0.0 Safari/537.36"
18.144.73.227 - - [31/Mar/2026:16:01:05 +0000] "GET /server/info.php HTTP/1.1" 301 - "-" "Mozilla/5.0 (Windows NT 10.0; Win64; x64) AppleWebKit/537.36 (KHTML, like Gecko) Chrome/131.0.0.0 Safari/537.36"
18.144.73.227 - - [31/Mar/2026:16:01:06 +0000] "GET /server/info.php HTTP/1.1" 404 96945 "-" "Mozilla/5.0 (Windows NT 10.0; Win64; x64) AppleWebKit/537.36 (KHTML, like Gecko) Chrome/131.0.0.0 Safari/537.36"
18.144.73.227 - - [31/Mar/2026:16:01:07 +0000] "GET /current/info.php HTTP/1.1" 301 - "-" "Mozilla/5.0 (Windows NT 10.0; Win64; x64) AppleWebKit/537.36 (KHTML, like Gecko) Chrome/131.0.0.0 Safari/537.36"
18.144.73.227 - - [31/Mar/2026:16:01:07 +0000] "GET /current/info.php HTTP/1.1" 404 96945 "-" "Mozilla/5.0 (Windows NT 10.0; Win64; x64) AppleWebKit/537.36 (KHTML, like Gecko) Chrome/131.0.0.0 Safari/537.36"
18.144.73.227 - - [31/Mar/2026:16:01:08 +0000] "GET /services/info.php HTTP/1.1" 301 - "-" "Mozilla/5.0 (Windows NT 10.0; Win64; x64) AppleWebKit/537.36 (KHTML, like Gecko) Chrome/131.0.0.0 Safari/537.36"
18.144.73.227 - - [31/Mar/2026:16:01:09 +0000] "GET /services/info.php HTTP/1.1" 404 96945 "-" "Mozilla/5.0 (Windows NT 10.0; Win64; x64) AppleWebKit/537.36 (KHTML, like Gecko) Chrome/131.0.0.0 Safari/537.36"
18.144.73.227 - - [31/Mar/2026:16:01:10 +0000] "GET /service/info.php HTTP/1.1" 301 - "-" "Mozilla/5.0 (Windows NT 10.0; Win64; x64) AppleWebKit/537.36 (KHTML, like Gecko) Chrome/131.0.0.0 Safari/537.36"
18.144.73.227 - - [31/Mar/2026:16:01:11 +0000] "GET /service/info.php HTTP/1.1" 404 96945 "-" "Mozilla/5.0 (Windows NT 10.0; Win64; x64) AppleWebKit/537.36 (KHTML, like Gecko) Chrome/131.0.0.0 Safari/537.36"
18.144.73.227 - - [31/Mar/2026:16:01:11 +0000] "GET /laravel/info.php HTTP/1.1" 301 - "-" "Mozilla/5.0 (Windows NT 10.0; Win64; x64) AppleWebKit/537.36 (KHTML, like Gecko) Chrome/131.0.0.0 Safari/537.36"
18.144.73.227 - - [31/Mar/2026:16:01:12 +0000] "GET /laravel/info.php HTTP/1.1" 404 96945 "-" "Mozilla/5.0 (Windows NT 10.0; Win64; x64) AppleWebKit/537.36 (KHTML, like Gecko) Chrome/131.0.0.0 Safari/537.36"
18.144.73.227 - - [31/Mar/2026:16:01:13 +0000] "GET /helper/info.php HTTP/1.1" 301 - "-" "Mozilla/5.0 (Windows NT 10.0; Win64; x64) AppleWebKit/537.36 (KHTML, like Gecko) Chrome/131.0.0.0 Safari/537.36"
18.144.73.227 - - [31/Mar/2026:16:01:14 +0000] "GET /helper/info.php HTTP/1.1" 404 96945 "-" "Mozilla/5.0 (Windows NT 10.0; Win64; x64) AppleWebKit/537.36 (KHTML, like Gecko) Chrome/131.0.0.0 Safari/537.36"
18.144.73.227 - - [31/Mar/2026:16:01:15 +0000] "GET /xampp/info.php HTTP/1.1" 301 - "-" "Mozilla/5.0 (Windows NT 10.0; Win64; x64) AppleWebKit/537.36 (KHTML, like Gecko) Chrome/131.0.0.0 Safari/537.36"
18.144.73.227 - - [31/Mar/2026:16:01:15 +0000] "GET /xampp/info.php HTTP/1.1" 404 96945 "-" "Mozilla/5.0 (Windows NT 10.0; Win64; x64) AppleWebKit/537.36 (KHTML, like Gecko) Chrome/131.0.0.0 Safari/537.36"
18.144.73.227 - - [31/Mar/2026:16:01:16 +0000] "GET /backup/info.php HTTP/1.1" 301 - "-" "Mozilla/5.0 (Windows NT 10.0; Win64; x64) AppleWebKit/537.36 (KHTML, like Gecko) Chrome/131.0.0.0 Safari/537.36"
18.144.73.227 - - [31/Mar/2026:16:01:17 +0000] "GET /backup/info.php HTTP/1.1" 404 96945 "-" "Mozilla/5.0 (Windows NT 10.0; Win64; x64) AppleWebKit/537.36 (KHTML, like Gecko) Chrome/131.0.0.0 Safari/537.36"
18.144.73.227 - - [31/Mar/2026:16:01:18 +0000] "GET /old/info.php HTTP/1.1" 301 - "-" "Mozilla/5.0 (Windows NT 10.0; Win64; x64) AppleWebKit/537.36 (KHTML, like Gecko) Chrome/131.0.0.0 Safari/537.36"
18.144.73.227 - - [31/Mar/2026:16:01:19 +0000] "GET /old/info.php HTTP/1.1" 404 96945 "-" "Mozilla/5.0 (Windows NT 10.0; Win64; x64) AppleWebKit/537.36 (KHTML, like Gecko) Chrome/131.0.0.0 Safari/537.36"
18.144.73.227 - - [31/Mar/2026:16:01:19 +0000] "GET /crm/info.php HTTP/1.1" 301 - "-" "Mozilla/5.0 (Windows NT 10.0; Win64; x64) AppleWebKit/537.36 (KHTML, like Gecko) Chrome/131.0.0.0 Safari/537.36"
18.144.73.227 - - [31/Mar/2026:16:01:20 +0000] "GET /crm/info.php HTTP/1.1" 404 96945 "-" "Mozilla/5.0 (Windows NT 10.0; Win64; x64) AppleWebKit/537.36 (KHTML, like Gecko) Chrome/131.0.0.0 Safari/537.36"
18.144.73.227 - - [31/Mar/2026:16:01:21 +0000] "GET /php-info.php HTTP/1.1" 301 - "-" "Mozilla/5.0 (Windows NT 10.0; Win64; x64) AppleWebKit/537.36 (KHTML, like Gecko) Chrome/131.0.0.0 Safari/537.36"
18.144.73.227 - - [31/Mar/2026:16:01:22 +0000] "GET /php-info.php HTTP/1.1" 404 96945 "-" "Mozilla/5.0 (Windows NT 10.0; Win64; x64) AppleWebKit/537.36 (KHTML, like Gecko) Chrome/131.0.0.0 Safari/537.36"
18.144.73.227 - - [31/Mar/2026:16:01:23 +0000] "GET /phpversion.php HTTP/1.1" 301 - "-" "Mozilla/5.0 (Windows NT 10.0; Win64; x64) AppleWebKit/537.36 (KHTML, like Gecko) Chrome/131.0.0.0 Safari/537.36"
18.144.73.227 - - [31/Mar/2026:16:01:23 +0000] "GET /phpversion.php HTTP/1.1" 404 96945 "-" "Mozilla/5.0 (Windows NT 10.0; Win64; x64) AppleWebKit/537.36 (KHTML, like Gecko) Chrome/131.0.0.0 Safari/537.36"
18.144.73.227 - - [31/Mar/2026:16:01:24 +0000] "GET /old_phpinfo.php HTTP/1.1" 301 - "-" "Mozilla/5.0 (Windows NT 10.0; Win64; x64) AppleWebKit/537.36 (KHTML, like Gecko) Chrome/131.0.0.0 Safari/537.36"
18.144.73.227 - - [31/Mar/2026:16:01:25 +0000] "GET /old_phpinfo.php HTTP/1.1" 404 96945 "-" "Mozilla/5.0 (Windows NT 10.0; Win64; x64) AppleWebKit/537.36 (KHTML, like Gecko) Chrome/131.0.0.0 Safari/537.36"
18.144.73.227 - - [31/Mar/2026:16:01:26 +0000] "GET /_profiler/phpinfo HTTP/1.1" 301 - "-" "Mozilla/5.0 (Windows NT 10.0; Win64; x64) AppleWebKit/537.36 (KHTML, like Gecko) Chrome/131.0.0.0 Safari/537.36"
18.144.73.227 - - [31/Mar/2026:16:01:27 +0000] "GET /_profiler/phpinfo HTTP/1.1" 404 96945 "-" "Mozilla/5.0 (Windows NT 10.0; Win64; x64) AppleWebKit/537.36 (KHTML, like Gecko) Chrome/131.0.0.0 Safari/537.36"
18.144.73.227 - - [31/Mar/2026:16:01:28 +0000] "GET /_environment HTTP/1.1" 301 - "-" "Mozilla/5.0 (Windows NT 10.0; Win64; x64) AppleWebKit/537.36 (KHTML, like Gecko) Chrome/131.0.0.0 Safari/537.36"
18.144.73.227 - - [31/Mar/2026:16:01:28 +0000] "GET /_environment HTTP/1.1" 404 96945 "-" "Mozilla/5.0 (Windows NT 10.0; Win64; x64) AppleWebKit/537.36 (KHTML, like Gecko) Chrome/131.0.0.0 Safari/537.36"
18.144.73.227 - - [31/Mar/2026:16:01:29 +0000] "GET /webroot/index.php/_environment HTTP/1.1" 301 - "-" "Mozilla/5.0 (Windows NT 10.0; Win64; x64) AppleWebKit/537.36 (KHTML, like Gecko) Chrome/131.0.0.0 Safari/537.36"
18.144.73.227 - - [31/Mar/2026:16:01:30 +0000] "GET /webroot/_environment HTTP/1.1" 404 96945 "-" "Mozilla/5.0 (Windows NT 10.0; Win64; x64) AppleWebKit/537.36 (KHTML, like Gecko) Chrome/131.0.0.0 Safari/537.36"
18.144.73.227 - - [31/Mar/2026:16:01:31 +0000] "GET /.git/config HTTP/1.1" 403 4170 "-" "Mozilla/5.0 (Windows NT 10.0; Win64; x64) AppleWebKit/537.36 (KHTML, like Gecko) Chrome/131.0.0.0 Safari/537.36"
18.144.73.227 - - [31/Mar/2026:16:01:31 +0000] "POST / HTTP/1.1" 200 154940 "-" "Mozilla/5.0 (Windows NT 10.0; Win64; x64) AppleWebKit/537.36 (KHTML, like Gecko) Chrome/131.0.0.0 Safari/537.36"
18.144.73.227 - - [31/Mar/2026:16:01:33 +0000] "POST / HTTP/1.1" 200 154940 "-" "Mozilla/5.0 (Windows NT 10.0; Win64; x64) AppleWebKit/537.36 (KHTML, like Gecko) Chrome/131.0.0.0 Safari/537.36"
18.144.73.227 - - [31/Mar/2026:16:01:34 +0000] "POST / HTTP/1.1" 200 154940 "-" "Mozilla/5.0 (Windows NT 10.0; Win64; x64) AppleWebKit/537.36 (KHTML, like Gecko) Chrome/131.0.0.0 Safari/537.36"
45.79.238.235 - - [31/Mar/2026:16:02:06 +0000] "POST /wp-cron.php?doing_wp_cron=1774972926.6054759025573730468750 HTTP/1.1" 200 - "-" "WordPress/6.9.4; https://sumitkumarlaw.co.nz"
137.184.54.121 - - [31/Mar/2026:16:02:06 +0000] "POST /wp-login.php HTTP/1.1" 200 6286 "-" "Mozilla/5.0"
66.249.70.69 - - [31/Mar/2026:16:02:36 +0000] "GET /?p=6297 HTTP/1.1" 301 - "-" "Mozilla/5.0 (Linux; Android 6.0.1; Nexus 5X Build/MMB29P) AppleWebKit/537.36 (KHTML, like Gecko) Chrome/146.0.7680.153 Mobile Safari/537.36 (compatible; Googlebot/2.1; +http://www.google.com/bot.html)"
66.249.70.68 - - [31/Mar/2026:16:02:37 +0000] "GET /2026/02/25/play-pokies-online-for-free-win-real-cash/ HTTP/1.1" 200 104040 "-" "Mozilla/5.0 (Linux; Android 6.0.1; Nexus 5X Build/MMB29P) AppleWebKit/537.36 (KHTML, like Gecko) Chrome/146.0.7680.153 Mobile Safari/537.36 (compatible; Googlebot/2.1; +http://www.google.com/bot.html)"
45.79.238.235 - - [31/Mar/2026:16:02:56 +0000] "POST /wp-cron.php?doing_wp_cron=1774972976.6098699569702148437500 HTTP/1.1" 200 - "-" "WordPress/6.9.4; https://sumitkumarlaw.co.nz"
47.82.11.148 - - [31/Mar/2026:16:02:56 +0000] "GET /?p=3015 HTTP/1.1" 301 - "https://sumitkumarlaw.co.nz/" "Mozilla/5.0 (Macintosh; Intel Mac OS X 10_15_7) AppleWebKit/537.36 (KHTML, like Gecko) Chrome/130.0.237.272 Safari/537.36"
47.82.11.148 - - [31/Mar/2026:16:02:56 +0000] "GET /2026/02/25/do-the-laws-on-online-gambling-in-australia-seem-fair/ HTTP/1.1" 200 104873 "https://sumitkumarlaw.co.nz/" "Mozilla/5.0 (Macintosh; Intel Mac OS X 10_15_7) AppleWebKit/537.36 (KHTML, like Gecko) Chrome/130.0.237.272 Safari/537.36"
47.82.10.127 - - [31/Mar/2026:16:03:38 +0000] "GET /?p=841 HTTP/1.1" 301 - "https://sumitkumarlaw.co.nz/" "Mozilla/5.0 (Macintosh; Intel Mac OS X 10_15_7) AppleWebKit/537.36 (KHTML, like Gecko) Chrome/135.0.0.0 Safari/537.36"
47.82.10.127 - - [31/Mar/2026:16:03:39 +0000] "GET /2026/02/25/gold-coast-casino-in-toronto/ HTTP/1.1" 200 104858 "https://sumitkumarlaw.co.nz/" "Mozilla/5.0 (Macintosh; Intel Mac OS X 10_15_7) AppleWebKit/537.36 (KHTML, like Gecko) Chrome/135.0.0.0 Safari/537.36"
45.79.238.235 - - [31/Mar/2026:16:05:13 +0000] "POST /wp-cron.php?doing_wp_cron=1774973113.5891981124877929687500 HTTP/1.1" 200 - "-" "WordPress/6.9.4; https://sumitkumarlaw.co.nz"
66.249.70.68 - - [31/Mar/2026:16:05:12 +0000] "GET /2026/02/25/big-win-pokies-in-australia/ HTTP/1.1" 200 103260 "-" "Mozilla/5.0 (Linux; Android 6.0.1; Nexus 5X Build/MMB29P) AppleWebKit/537.36 (KHTML, like Gecko) Chrome/146.0.7680.153 Mobile Safari/537.36 (compatible; Googlebot/2.1; +http://www.google.com/bot.html)"
66.249.70.67 - - [31/Mar/2026:16:05:14 +0000] "GET /2026/02/25/free-spins-casino-no-deposit-bonus-codes-au/ HTTP/1.1" 200 104087 "-" "Mozilla/5.0 (Linux; Android 6.0.1; Nexus 5X Build/MMB29P) AppleWebKit/537.36 (KHTML, like Gecko) Chrome/146.0.7680.153 Mobile Safari/537.36 (compatible; Googlebot/2.1; +http://www.google.com/bot.html)"
66.249.70.68 - - [31/Mar/2026:16:05:14 +0000] "GET /2026/02/25/profitable-pokies-with-free-signup-bonus/ HTTP/1.1" 200 104486 "-" "Mozilla/5.0 (Linux; Android 6.0.1; Nexus 5X Build/MMB29P) AppleWebKit/537.36 (KHTML, like Gecko) Chrome/146.0.7680.153 Mobile Safari/537.36 (compatible; Googlebot/2.1; +http://www.google.com/bot.html)"
66.249.70.68 - - [31/Mar/2026:16:05:18 +0000] "GET /2026/02/25/age-to-go-to-a-casino-in-new-zealand/ HTTP/1.1" 200 103760 "-" "Mozilla/5.0 (Linux; Android 6.0.1; Nexus 5X Build/MMB29P) AppleWebKit/537.36 (KHTML, like Gecko) Chrome/146.0.7680.153 Mobile Safari/537.36 (compatible; Googlebot/2.1; +http://www.google.com/bot.html)"
66.249.70.67 - - [31/Mar/2026:16:05:20 +0000] "GET /2026/02/25/nz-casino-review/ HTTP/1.1" 200 103489 "-" "Mozilla/5.0 (Linux; Android 6.0.1; Nexus 5X Build/MMB29P) AppleWebKit/537.36 (KHTML, like Gecko) Chrome/146.0.7680.153 Mobile Safari/537.36 (compatible; Googlebot/2.1; +http://www.google.com/bot.html)"
45.79.238.235 - - [31/Mar/2026:16:06:37 +0000] "POST /wp-cron.php?doing_wp_cron=1774973197.5496430397033691406250 HTTP/1.1" 200 - "-" "WordPress/6.9.4; https://sumitkumarlaw.co.nz"
47.82.11.236 - - [31/Mar/2026:16:06:37 +0000] "GET /?p=1134 HTTP/1.1" 301 - "https://sumitkumarlaw.co.nz/" "Mozilla/5.0 (Windows NT 10.0; Win64; x64) AppleWebKit/537.36 (KHTML, like Gecko) Chrome/134.0.0.0 Safari/537.36"
47.82.11.236 - - [31/Mar/2026:16:06:37 +0000] "GET /2026/02/25/tax-free-pokies-with-bonus-rating/ HTTP/1.1" 200 104838 "https://sumitkumarlaw.co.nz/" "Mozilla/5.0 (Windows NT 10.0; Win64; x64) AppleWebKit/537.36 (KHTML, like Gecko) Chrome/134.0.0.0 Safari/537.36"
45.79.238.235 - - [31/Mar/2026:16:07:58 +0000] "POST /wp-cron.php?doing_wp_cron=1774973278.4809029102325439453125 HTTP/1.1" 200 - "-" "WordPress/6.9.4; https://sumitkumarlaw.co.nz"
66.249.70.68 - - [31/Mar/2026:16:07:58 +0000] "GET /?p=5260 HTTP/1.1" 301 - "-" "Mozilla/5.0 (Linux; Android 6.0.1; Nexus 5X Build/MMB29P) AppleWebKit/537.36 (KHTML, like Gecko) Chrome/146.0.7680.153 Mobile Safari/537.36 (compatible; Googlebot/2.1; +http://www.google.com/bot.html)"
66.249.70.69 - - [31/Mar/2026:16:08:14 +0000] "GET /2026/02/25/make-money-with-au-pokies/ HTTP/1.1" 200 104157 "-" "Mozilla/5.0 (Linux; Android 6.0.1; Nexus 5X Build/MMB29P) AppleWebKit/537.36 (KHTML, like Gecko) Chrome/146.0.7680.153 Mobile Safari/537.36 (compatible; Googlebot/2.1; +http://www.google.com/bot.html)"
45.79.238.235 - - [31/Mar/2026:16:08:54 +0000] "POST /wp-cron.php?doing_wp_cron=1774973334.6921429634094238281250 HTTP/1.1" 200 - "-" "WordPress/6.9.4; https://sumitkumarlaw.co.nz"
66.249.70.67 - - [31/Mar/2026:16:08:54 +0000] "GET /2026/02/25/playing-au-pokies-tips/ HTTP/1.1" 200 103534 "-" "Mozilla/5.0 (Linux; Android 6.0.1; Nexus 5X Build/MMB29P) AppleWebKit/537.36 (KHTML, like Gecko) Chrome/146.0.7680.153 Mobile Safari/537.36 (compatible; Googlebot/2.1; +http://www.google.com/bot.html)"
66.249.70.67 - - [31/Mar/2026:16:08:56 +0000] "GET /2026/02/25/high-volatility-online-pokies/ HTTP/1.1" 200 104045 "-" "Mozilla/5.0 (Linux; Android 6.0.1; Nexus 5X Build/MMB29P) AppleWebKit/537.36 (KHTML, like Gecko) Chrome/146.0.7680.153 Mobile Safari/537.36 (compatible; Googlebot/2.1; +http://www.google.com/bot.html)"
66.249.70.68 - - [31/Mar/2026:16:09:13 +0000] "GET /2026/02/25/list-of-nz-online-casinos-a-to-z/ HTTP/1.1" 200 103457 "-" "Mozilla/5.0 (Linux; Android 6.0.1; Nexus 5X Build/MMB29P) AppleWebKit/537.36 (KHTML, like Gecko) Chrome/146.0.7680.153 Mobile Safari/537.36 (compatible; Googlebot/2.1; +http://www.google.com/bot.html)"
66.249.70.67 - - [31/Mar/2026:16:09:38 +0000] "GET /2026/02/25/free-casino-money-au-no-deposit/ HTTP/1.1" 200 103470 "-" "Mozilla/5.0 (Linux; Android 6.0.1; Nexus 5X Build/MMB29P) AppleWebKit/537.36 (KHTML, like Gecko) Chrome/146.0.7680.153 Mobile Safari/537.36 (compatible; Googlebot/2.1; +http://www.google.com/bot.html)"
66.249.70.67 - - [31/Mar/2026:16:09:43 +0000] "GET /2026/02/25/new-au-pokies-sites/ HTTP/1.1" 200 103430 "-" "Mozilla/5.0 (Linux; Android 6.0.1; Nexus 5X Build/MMB29P) AppleWebKit/537.36 (KHTML, like Gecko) Chrome/146.0.7680.153 Mobile Safari/537.36 (compatible; Googlebot/2.1; +http://www.google.com/bot.html)"
66.249.70.67 - - [31/Mar/2026:16:09:45 +0000] "GET /2026/02/25/free-daily-spins-no-deposit-au-casinos/ HTTP/1.1" 200 104012 "-" "Mozilla/5.0 (Linux; Android 6.0.1; Nexus 5X Build/MMB29P) AppleWebKit/537.36 (KHTML, like Gecko) Chrome/146.0.7680.153 Mobile Safari/537.36 (compatible; Googlebot/2.1; +http://www.google.com/bot.html)"
66.249.70.67 - - [31/Mar/2026:16:09:46 +0000] "GET /2026/02/25/au-new-online-casino/ HTTP/1.1" 200 103153 "-" "Mozilla/5.0 (Linux; Android 6.0.1; Nexus 5X Build/MMB29P) AppleWebKit/537.36 (KHTML, like Gecko) Chrome/146.0.7680.153 Mobile Safari/537.36 (compatible; Googlebot/2.1; +http://www.google.com/bot.html)"
45.79.238.235 - - [31/Mar/2026:16:09:56 +0000] "POST /wp-cron.php?doing_wp_cron=1774973396.7694079875946044921875 HTTP/1.1" 200 - "-" "WordPress/6.9.4; https://sumitkumarlaw.co.nz"
66.249.70.69 - - [31/Mar/2026:16:09:56 +0000] "GET /2026/02/25/casino-games-free-no-deposit-no-download-au/ HTTP/1.1" 200 103242 "-" "Mozilla/5.0 (Linux; Android 6.0.1; Nexus 5X Build/MMB29P) AppleWebKit/537.36 (KHTML, like Gecko) Chrome/146.0.7680.153 Mobile Safari/537.36 (compatible; Googlebot/2.1; +http://www.google.com/bot.html)"
45.79.238.235 - - [31/Mar/2026:16:11:43 +0000] "POST /wp-cron.php?doing_wp_cron=1774973502.9256060123443603515625 HTTP/1.1" 200 - "-" "WordPress/6.9.4; https://sumitkumarlaw.co.nz"
66.249.70.69 - - [31/Mar/2026:16:11:42 +0000] "GET /2026/02/25/boulder-city-au-gambling/ HTTP/1.1" 200 103576 "-" "Mozilla/5.0 (Linux; Android 6.0.1; Nexus 5X Build/MMB29P) AppleWebKit/537.36 (KHTML, like Gecko) Chrome/146.0.7680.153 Mobile Safari/537.36 (compatible; Googlebot/2.1; +http://www.google.com/bot.html)"
45.79.238.235 - - [31/Mar/2026:16:12:05 +0000] "POST /wp-cron.php?doing_wp_cron=1774973525.9698679447174072265625 HTTP/1.1" 200 - "-" "WordPress/6.9.4; https://sumitkumarlaw.co.nz"
66.249.70.67 - - [31/Mar/2026:16:12:05 +0000] "GET /?p=3888 HTTP/1.1" 301 - "-" "Mozilla/5.0 (Linux; Android 6.0.1; Nexus 5X Build/MMB29P) AppleWebKit/537.36 (KHTML, like Gecko) Chrome/146.0.7680.153 Mobile Safari/537.36 (compatible; Googlebot/2.1; +http://www.google.com/bot.html)"
165.245.238.80 - - [31/Mar/2026:16:12:06 +0000] "POST /wp-login.php HTTP/1.1" 200 6286 "-" "Mozilla/5.0"
66.249.70.69 - - [31/Mar/2026:16:12:06 +0000] "GET /2026/02/25/free-casino-pokies-with-welcome-bonuses-no-download/ HTTP/1.1" 200 104456 "-" "Mozilla/5.0 (Linux; Android 6.0.1; Nexus 5X Build/MMB29P) AppleWebKit/537.36 (KHTML, like Gecko) Chrome/146.0.7680.153 Mobile Safari/537.36 (compatible; Googlebot/2.1; +http://www.google.com/bot.html)"
66.249.70.68 - - [31/Mar/2026:16:12:24 +0000] "GET /?p=1583 HTTP/1.1" 301 - "-" "Mozilla/5.0 (Linux; Android 6.0.1; Nexus 5X Build/MMB29P) AppleWebKit/537.36 (KHTML, like Gecko) Chrome/146.0.7680.153 Mobile Safari/537.36 (compatible; Googlebot/2.1; +http://www.google.com/bot.html)"
66.249.70.67 - - [31/Mar/2026:16:12:24 +0000] "GET /2026/02/25/free-spins-no-deposit-new-casino-au/ HTTP/1.1" 200 103098 "-" "Mozilla/5.0 (Linux; Android 6.0.1; Nexus 5X Build/MMB29P) AppleWebKit/537.36 (KHTML, like Gecko) Chrome/146.0.7680.153 Mobile Safari/537.36 (compatible; Googlebot/2.1; +http://www.google.com/bot.html)"
66.249.70.67 - - [31/Mar/2026:16:12:49 +0000] "GET /?p=6101 HTTP/1.1" 301 - "-" "Mozilla/5.0 (Linux; Android 6.0.1; Nexus 5X Build/MMB29P) AppleWebKit/537.36 (KHTML, like Gecko) Chrome/146.0.7680.153 Mobile Safari/537.36 (compatible; Googlebot/2.1; +http://www.google.com/bot.html)"
66.249.70.67 - - [31/Mar/2026:16:12:50 +0000] "GET /2026/02/25/mobile-pokies-machine-real-money/ HTTP/1.1" 200 103550 "-" "Mozilla/5.0 (Linux; Android 6.0.1; Nexus 5X Build/MMB29P) AppleWebKit/537.36 (KHTML, like Gecko) Chrome/146.0.7680.153 Mobile Safari/537.36 (compatible; Googlebot/2.1; +http://www.google.com/bot.html)"
137.184.54.121 - - [31/Mar/2026:16:12:51 +0000] "POST /wp-login.php HTTP/1.1" 200 6286 "-" "Mozilla/5.0"
45.79.238.235 - - [31/Mar/2026:16:13:31 +0000] "POST /wp-cron.php?doing_wp_cron=1774973611.5247619152069091796875 HTTP/1.1" 200 - "-" "WordPress/6.9.4; https://sumitkumarlaw.co.nz"
66.249.70.67 - - [31/Mar/2026:16:13:30 +0000] "GET /2026/02/25/live-casino-pokies-in-new-zealand/ HTTP/1.1" 200 102722 "-" "Mozilla/5.0 (Linux; Android 6.0.1; Nexus 5X Build/MMB29P) AppleWebKit/537.36 (KHTML, like Gecko) Chrome/146.0.7680.153 Mobile Safari/537.36 (compatible; Googlebot/2.1; +http://www.google.com/bot.html)"
66.249.70.69 - - [31/Mar/2026:16:13:34 +0000] "GET /2026/02/25/no-deposit-pokies-highest-payout/ HTTP/1.1" 200 103525 "-" "Mozilla/5.0 (Linux; Android 6.0.1; Nexus 5X Build/MMB29P) AppleWebKit/537.36 (KHTML, like Gecko) Chrome/146.0.7680.153 Mobile Safari/537.36 (compatible; Googlebot/2.1; +http://www.google.com/bot.html)"
66.249.70.69 - - [31/Mar/2026:16:13:45 +0000] "GET /2026/02/25/best-new-online-casinos-new-zealand/ HTTP/1.1" 200 103926 "-" "Mozilla/5.0 (Linux; Android 6.0.1; Nexus 5X Build/MMB29P) AppleWebKit/537.36 (KHTML, like Gecko) Chrome/146.0.7680.153 Mobile Safari/537.36 (compatible; Googlebot/2.1; +http://www.google.com/bot.html)"
45.79.238.235 - - [31/Mar/2026:16:14:55 +0000] "POST /wp-cron.php?doing_wp_cron=1774973695.4995489120483398437500 HTTP/1.1" 200 - "-" "WordPress/6.9.4; https://sumitkumarlaw.co.nz"
45.79.238.235 - - [31/Mar/2026:16:14:56 +0000] "POST /wp-cron.php?doing_wp_cron=1774973695.9940519332885742187500 HTTP/1.1" 200 - "-" "WordPress/6.9.4; https://sumitkumarlaw.co.nz"
45.79.238.235 - - [31/Mar/2026:16:14:56 +0000] "POST /wp-cron.php?doing_wp_cron=1774973696.1239020824432373046875 HTTP/1.1" 200 - "-" "WordPress/6.9.4; https://sumitkumarlaw.co.nz"
66.249.70.67 - - [31/Mar/2026:16:14:54 +0000] "GET /2026/02/25/1000-euro-bonus-casino-online-pokies/ HTTP/1.1" 200 103340 "-" "Mozilla/5.0 (Linux; Android 6.0.1; Nexus 5X Build/MMB29P) AppleWebKit/537.36 (KHTML, like Gecko) Chrome/146.0.7680.153 Mobile Safari/537.36 (compatible; Googlebot/2.1; +http://www.google.com/bot.html)"
66.249.70.68 - - [31/Mar/2026:16:14:56 +0000] "GET /2026/02/25/gambling-sms-alerts-sa-pokies/ HTTP/1.1" 200 103891 "-" "Mozilla/5.0 (Linux; Android 6.0.1; Nexus 5X Build/MMB29P) AppleWebKit/537.36 (KHTML, like Gecko) Chrome/146.0.7680.153 Mobile Safari/537.36 (compatible; Googlebot/2.1; +http://www.google.com/bot.html)"
45.79.238.235 - - [31/Mar/2026:16:18:15 +0000] "POST /wp-cron.php?doing_wp_cron=1774973895.2438919544219970703125 HTTP/1.1" 200 - "-" "WordPress/6.9.4; https://sumitkumarlaw.co.nz"
66.249.70.67 - - [31/Mar/2026:16:18:14 +0000] "GET /2026/02/25/online-pokies-with-free-spins-on-sign-up/ HTTP/1.1" 200 103428 "-" "Mozilla/5.0 (Linux; Android 6.0.1; Nexus 5X Build/MMB29P) AppleWebKit/537.36 (KHTML, like Gecko) Chrome/146.0.7680.153 Mobile Safari/537.36 (compatible; Googlebot/2.1; +http://www.google.com/bot.html)"
66.249.70.67 - - [31/Mar/2026:16:18:16 +0000] "GET /2026/02/25/big-win-no-registration-pokies/ HTTP/1.1" 200 103733 "-" "Mozilla/5.0 (Linux; Android 6.0.1; Nexus 5X Build/MMB29P) AppleWebKit/537.36 (KHTML, like Gecko) Chrome/146.0.7680.153 Mobile Safari/537.36 (compatible; Googlebot/2.1; +http://www.google.com/bot.html)"
66.249.70.68 - - [31/Mar/2026:16:18:28 +0000] "GET /2026/02/25/best-australian-pokies-free/ HTTP/1.1" 200 104498 "-" "Mozilla/5.0 (Linux; Android 6.0.1; Nexus 5X Build/MMB29P) AppleWebKit/537.36 (KHTML, like Gecko) Chrome/146.0.7680.153 Mobile Safari/537.36 (compatible; Googlebot/2.1; +http://www.google.com/bot.html)"
66.249.70.67 - - [31/Mar/2026:16:18:28 +0000] "GET /2026/02/25/free-australia-pokies-to-play/ HTTP/1.1" 200 103190 "-" "Mozilla/5.0 (Linux; Android 6.0.1; Nexus 5X Build/MMB29P) AppleWebKit/537.36 (KHTML, like Gecko) Chrome/146.0.7680.153 Mobile Safari/537.36 (compatible; Googlebot/2.1; +http://www.google.com/bot.html)"
66.249.70.67 - - [31/Mar/2026:16:18:29 +0000] "GET /2026/02/25/adelaide-casino-in-charles-town-au/ HTTP/1.1" 200 102825 "-" "Mozilla/5.0 (Linux; Android 6.0.1; Nexus 5X Build/MMB29P) AppleWebKit/537.36 (KHTML, like Gecko) Chrome/146.0.7680.153 Mobile Safari/537.36 (compatible; Googlebot/2.1; +http://www.google.com/bot.html)"
66.249.70.67 - - [31/Mar/2026:16:18:30 +0000] "GET /2026/02/25/no-limit-pokies-deposit-casino-australia-players/ HTTP/1.1" 200 104427 "-" "Mozilla/5.0 (Linux; Android 6.0.1; Nexus 5X Build/MMB29P) AppleWebKit/537.36 (KHTML, like Gecko) Chrome/146.0.7680.153 Mobile Safari/537.36 (compatible; Googlebot/2.1; +http://www.google.com/bot.html)"
66.249.70.67 - - [31/Mar/2026:16:18:32 +0000] "GET /2026/02/25/are-online-casino-winnings-taxable-in-australia/ HTTP/1.1" 200 104064 "-" "Mozilla/5.0 (Linux; Android 6.0.1; Nexus 5X Build/MMB29P) AppleWebKit/537.36 (KHTML, like Gecko) Chrome/146.0.7680.153 Mobile Safari/537.36 (compatible; Googlebot/2.1; +http://www.google.com/bot.html)"
66.249.70.67 - - [31/Mar/2026:16:18:33 +0000] "GET /2026/02/25/profitable-pokies-machine-tips/ HTTP/1.1" 200 103321 "-" "Mozilla/5.0 (Linux; Android 6.0.1; Nexus 5X Build/MMB29P) AppleWebKit/537.36 (KHTML, like Gecko) Chrome/146.0.7680.153 Mobile Safari/537.36 (compatible; Googlebot/2.1; +http://www.google.com/bot.html)"
66.249.70.67 - - [31/Mar/2026:16:18:38 +0000] "GET /2026/02/25/casino-new-zealand-town/ HTTP/1.1" 200 103647 "-" "Mozilla/5.0 (Linux; Android 6.0.1; Nexus 5X Build/MMB29P) AppleWebKit/537.36 (KHTML, like Gecko) Chrome/146.0.7680.153 Mobile Safari/537.36 (compatible; Googlebot/2.1; +http://www.google.com/bot.html)"
66.249.70.67 - - [31/Mar/2026:16:18:40 +0000] "GET /2026/02/25/make-money-with-au-pokies/ HTTP/1.1" 200 104157 "-" "Mozilla/5.0 (Linux; Android 6.0.1; Nexus 5X Build/MMB29P) AppleWebKit/537.36 (KHTML, like Gecko) Chrome/146.0.7680.153 Mobile Safari/537.36 (compatible; Googlebot/2.1; +http://www.google.com/bot.html)"
45.79.238.235 - - [31/Mar/2026:16:18:55 +0000] "POST /wp-cron.php?doing_wp_cron=1774973935.4711520671844482421875 HTTP/1.1" 200 - "-" "WordPress/6.9.4; https://sumitkumarlaw.co.nz"
66.249.70.67 - - [31/Mar/2026:16:18:54 +0000] "GET /2026/02/25/popular-pokies-real-money/ HTTP/1.1" 200 104562 "-" "Mozilla/5.0 (Linux; Android 6.0.1; Nexus 5X Build/MMB29P) AppleWebKit/537.36 (KHTML, like Gecko) Chrome/146.0.7680.153 Mobile Safari/537.36 (compatible; Googlebot/2.1; +http://www.google.com/bot.html)"
66.249.70.67 - - [31/Mar/2026:16:18:55 +0000] "GET /2026/02/25/choosing-the-best-free-australian-pokies/ HTTP/1.1" 200 103961 "-" "Mozilla/5.0 (Linux; Android 6.0.1; Nexus 5X Build/MMB29P) AppleWebKit/537.36 (KHTML, like Gecko) Chrome/146.0.7680.153 Mobile Safari/537.36 (compatible; Googlebot/2.1; +http://www.google.com/bot.html)"
66.249.70.67 - - [31/Mar/2026:16:18:55 +0000] "GET /2026/02/25/electronic-pokies-for-cash/ HTTP/1.1" 200 103310 "-" "Mozilla/5.0 (Linux; Android 6.0.1; Nexus 5X Build/MMB29P) AppleWebKit/537.36 (KHTML, like Gecko) Chrome/146.0.7680.153 Mobile Safari/537.36 (compatible; Googlebot/2.1; +http://www.google.com/bot.html)"
66.249.70.67 - - [31/Mar/2026:16:18:56 +0000] "GET /2026/02/25/profitable-pokies-tips-strategies/ HTTP/1.1" 200 104143 "-" "Mozilla/5.0 (Linux; Android 6.0.1; Nexus 5X Build/MMB29P) AppleWebKit/537.36 (KHTML, like Gecko) Chrome/146.0.7680.153 Mobile Safari/537.36 (compatible; Googlebot/2.1; +http://www.google.com/bot.html)"
66.249.70.67 - - [31/Mar/2026:16:18:57 +0000] "GET /2026/02/25/best-new-australia-online-pokies/ HTTP/1.1" 200 103893 "-" "Mozilla/5.0 (Linux; Android 6.0.1; Nexus 5X Build/MMB29P) AppleWebKit/537.36 (KHTML, like Gecko) Chrome/146.0.7680.153 Mobile Safari/537.36 (compatible; Googlebot/2.1; +http://www.google.com/bot.html)"
66.249.70.67 - - [31/Mar/2026:16:18:57 +0000] "GET /2026/02/25/gambling-in-australia-as-us-citizen/ HTTP/1.1" 200 103212 "-" "Mozilla/5.0 (Linux; Android 6.0.1; Nexus 5X Build/MMB29P) AppleWebKit/537.36 (KHTML, like Gecko) Chrome/146.0.7680.153 Mobile Safari/537.36 (compatible; Googlebot/2.1; +http://www.google.com/bot.html)"
66.249.70.67 - - [31/Mar/2026:16:18:58 +0000] "GET /2026/02/25/money-pokies-machines-free/ HTTP/1.1" 200 103703 "-" "Mozilla/5.0 (Linux; Android 6.0.1; Nexus 5X Build/MMB29P) AppleWebKit/537.36 (KHTML, like Gecko) Chrome/146.0.7680.153 Mobile Safari/537.36 (compatible; Googlebot/2.1; +http://www.google.com/bot.html)"
66.249.70.67 - - [31/Mar/2026:16:18:58 +0000] "GET /2026/02/25/safe-pokies-that-accept-paypal/ HTTP/1.1" 200 103195 "-" "Mozilla/5.0 (Linux; Android 6.0.1; Nexus 5X Build/MMB29P) AppleWebKit/537.36 (KHTML, like Gecko) Chrome/146.0.7680.153 Mobile Safari/537.36 (compatible; Googlebot/2.1; +http://www.google.com/bot.html)"
66.249.70.68 - - [31/Mar/2026:16:19:00 +0000] "GET /2026/02/25/how-to-win-big-at-money-pokies/ HTTP/1.1" 200 103317 "-" "Mozilla/5.0 (Linux; Android 6.0.1; Nexus 5X Build/MMB29P) AppleWebKit/537.36 (KHTML, like Gecko) Chrome/146.0.7680.153 Mobile Safari/537.36 (compatible; Googlebot/2.1; +http://www.google.com/bot.html)"
66.249.70.68 - - [31/Mar/2026:16:19:01 +0000] "GET /2026/02/25/slot-machines-casinos-southern-nz/ HTTP/1.1" 200 104044 "-" "Mozilla/5.0 (Linux; Android 6.0.1; Nexus 5X Build/MMB29P) AppleWebKit/537.36 (KHTML, like Gecko) Chrome/146.0.7680.153 Mobile Safari/537.36 (compatible; Googlebot/2.1; +http://www.google.com/bot.html)"
66.249.70.68 - - [31/Mar/2026:16:19:02 +0000] "GET /2026/02/25/free-spins-no-deposit-bonus-au/ HTTP/1.1" 200 104218 "-" "Mozilla/5.0 (Linux; Android 6.0.1; Nexus 5X Build/MMB29P) AppleWebKit/537.36 (KHTML, like Gecko) Chrome/146.0.7680.153 Mobile Safari/537.36 (compatible; Googlebot/2.1; +http://www.google.com/bot.html)"
66.249.70.68 - - [31/Mar/2026:16:19:02 +0000] "GET /2026/02/25/try-pokies-in-new-zealand-for-free-no-download/ HTTP/1.1" 200 104130 "-" "Mozilla/5.0 (Linux; Android 6.0.1; Nexus 5X Build/MMB29P) AppleWebKit/537.36 (KHTML, like Gecko) Chrome/146.0.7680.153 Mobile Safari/537.36 (compatible; Googlebot/2.1; +http://www.google.com/bot.html)"
66.249.70.68 - - [31/Mar/2026:16:19:03 +0000] "GET /2026/02/25/buffalo-slot-machine-au/ HTTP/1.1" 200 104093 "-" "Mozilla/5.0 (Linux; Android 6.0.1; Nexus 5X Build/MMB29P) AppleWebKit/537.36 (KHTML, like Gecko) Chrome/146.0.7680.153 Mobile Safari/537.36 (compatible; Googlebot/2.1; +http://www.google.com/bot.html)"
66.249.70.67 - - [31/Mar/2026:16:19:04 +0000] "GET /2026/02/25/online-casino-ipad-real-money-nz/ HTTP/1.1" 200 103280 "-" "Mozilla/5.0 (Linux; Android 6.0.1; Nexus 5X Build/MMB29P) AppleWebKit/537.36 (KHTML, like Gecko) Chrome/146.0.7680.153 Mobile Safari/537.36 (compatible; Googlebot/2.1; +http://www.google.com/bot.html)"
66.249.70.67 - - [31/Mar/2026:16:19:04 +0000] "GET /2026/02/25/free-signup-bonus-no-deposit-casino-nz/ HTTP/1.1" 200 103323 "-" "Mozilla/5.0 (Linux; Android 6.0.1; Nexus 5X Build/MMB29P) AppleWebKit/537.36 (KHTML, like Gecko) Chrome/146.0.7680.153 Mobile Safari/537.36 (compatible; Googlebot/2.1; +http://www.google.com/bot.html)"
66.249.70.67 - - [31/Mar/2026:16:19:05 +0000] "GET /2026/02/25/by-state-numbers-how-many-pokies-in-australia/ HTTP/1.1" 200 103354 "-" "Mozilla/5.0 (Linux; Android 6.0.1; Nexus 5X Build/MMB29P) AppleWebKit/537.36 (KHTML, like Gecko) Chrome/146.0.7680.153 Mobile Safari/537.36 (compatible; Googlebot/2.1; +http://www.google.com/bot.html)"
66.249.70.67 - - [31/Mar/2026:16:19:20 +0000] "GET /2026/02/25/australia-online-pokies-no-deposit-bonus/ HTTP/1.1" 200 103805 "-" "Mozilla/5.0 (Linux; Android 6.0.1; Nexus 5X Build/MMB29P) AppleWebKit/537.36 (KHTML, like Gecko) Chrome/146.0.7680.153 Mobile Safari/537.36 (compatible; Googlebot/2.1; +http://www.google.com/bot.html)"
66.249.70.67 - - [31/Mar/2026:16:19:39 +0000] "GET /2026/02/25/gambling-pokies-free-bonus-no-deposit-australia/ HTTP/1.1" 200 103665 "-" "Mozilla/5.0 (Linux; Android 6.0.1; Nexus 5X Build/MMB29P) AppleWebKit/537.36 (KHTML, like Gecko) Chrome/146.0.7680.153 Mobile Safari/537.36 (compatible; Googlebot/2.1; +http://www.google.com/bot.html)"
45.79.238.235 - - [31/Mar/2026:16:20:03 +0000] "POST /wp-cron.php?doing_wp_cron=1774974003.7316009998321533203125 HTTP/1.1" 200 - "-" "WordPress/6.9.4; https://sumitkumarlaw.co.nz"
66.249.70.68 - - [31/Mar/2026:16:20:03 +0000] "GET /2026/02/25/pokies-with-welcome-bonus-to-play/ HTTP/1.1" 200 104301 "-" "Mozilla/5.0 (Linux; Android 6.0.1; Nexus 5X Build/MMB29P) AppleWebKit/537.36 (KHTML, like Gecko) Chrome/146.0.7680.153 Mobile Safari/537.36 (compatible; Googlebot/2.1; +http://www.google.com/bot.html)"
66.249.70.67 - - [31/Mar/2026:16:20:05 +0000] "GET /?p=1805 HTTP/1.1" 301 - "-" "Mozilla/5.0 (Linux; Android 6.0.1; Nexus 5X Build/MMB29P) AppleWebKit/537.36 (KHTML, like Gecko) Chrome/146.0.7680.153 Mobile Safari/537.36 (compatible; Googlebot/2.1; +http://www.google.com/bot.html)"
66.249.70.68 - - [31/Mar/2026:16:20:21 +0000] "GET /2026/02/25/live-pokies-best-payout/ HTTP/1.1" 200 103210 "-" "Mozilla/5.0 (Linux; Android 6.0.1; Nexus 5X Build/MMB29P) AppleWebKit/537.36 (KHTML, like Gecko) Chrome/146.0.7680.153 Mobile Safari/537.36 (compatible; Googlebot/2.1; +http://www.google.com/bot.html)"
66.249.70.67 - - [31/Mar/2026:16:20:27 +0000] "GET /2026/02/25/achieve-australia-casino/ HTTP/1.1" 200 103659 "-" "Mozilla/5.0 (Linux; Android 6.0.1; Nexus 5X Build/MMB29P) AppleWebKit/537.36 (KHTML, like Gecko) Chrome/146.0.7680.153 Mobile Safari/537.36 (compatible; Googlebot/2.1; +http://www.google.com/bot.html)"
66.249.70.67 - - [31/Mar/2026:16:20:37 +0000] "GET /2026/02/25/gambling-pokies-new-australia/ HTTP/1.1" 200 103455 "-" "Mozilla/5.0 (Linux; Android 6.0.1; Nexus 5X Build/MMB29P) AppleWebKit/537.36 (KHTML, like Gecko) Chrome/146.0.7680.153 Mobile Safari/537.36 (compatible; Googlebot/2.1; +http://www.google.com/bot.html)"
45.79.238.235 - - [31/Mar/2026:16:22:14 +0000] "POST /wp-cron.php?doing_wp_cron=1774974134.1584239006042480468750 HTTP/1.1" 200 - "-" "WordPress/6.9.4; https://sumitkumarlaw.co.nz"
66.249.70.68 - - [31/Mar/2026:16:22:13 +0000] "GET /2026/02/25/best-casino-in-jackson-nz/ HTTP/1.1" 200 104071 "-" "Mozilla/5.0 (Linux; Android 6.0.1; Nexus 5X Build/MMB29P) AppleWebKit/537.36 (KHTML, like Gecko) Chrome/146.0.7680.153 Mobile Safari/537.36 (compatible; Googlebot/2.1; +http://www.google.com/bot.html)"
66.249.70.67 - - [31/Mar/2026:16:22:25 +0000] "GET /?p=5504 HTTP/1.1" 301 - "-" "Mozilla/5.0 (Linux; Android 6.0.1; Nexus 5X Build/MMB29P) AppleWebKit/537.36 (KHTML, like Gecko) Chrome/146.0.7680.153 Mobile Safari/537.36 (compatible; Googlebot/2.1; +http://www.google.com/bot.html)"
141.98.11.44 - - [31/Mar/2026:16:22:48 +0000] "GET /wp-includes/sodium_compat/src/Core/SecretStream/State.php HTTP/1.1" 403 4170 "-" "Mozilla/5.0 (Windows NT 10.0; Win64; x64) AppleWebKit/537.36"
45.79.238.235 - - [31/Mar/2026:16:23:57 +0000] "POST /wp-cron.php?doing_wp_cron=1774974237.4280359745025634765625 HTTP/1.1" 200 - "-" "WordPress/6.9.4; https://sumitkumarlaw.co.nz"
137.184.54.121 - - [31/Mar/2026:16:23:56 +0000] "POST /wp-login.php HTTP/1.1" 200 6286 "-" "Mozilla/5.0"
66.249.70.67 - - [31/Mar/2026:16:24:52 +0000] "GET /?p=5274 HTTP/1.1" 301 - "-" "Mozilla/5.0 (Linux; Android 6.0.1; Nexus 5X Build/MMB29P) AppleWebKit/537.36 (KHTML, like Gecko) Chrome/146.0.7680.153 Mobile Safari/537.36 (compatible; Googlebot/2.1; +http://www.google.com/bot.html)"
45.79.238.235 - - [31/Mar/2026:16:25:29 +0000] "POST /wp-cron.php?doing_wp_cron=1774974329.7013919353485107421875 HTTP/1.1" 200 - "-" "WordPress/6.9.4; https://sumitkumarlaw.co.nz"
66.249.70.69 - - [31/Mar/2026:16:25:28 +0000] "GET /2026/02/25/safe-free-popular-pokies/ HTTP/1.1" 200 103806 "-" "Mozilla/5.0 (Linux; Android 6.0.1; Nexus 5X Build/MMB29P) AppleWebKit/537.36 (KHTML, like Gecko) Chrome/146.0.7680.153 Mobile Safari/537.36 (compatible; Googlebot/2.1; +http://www.google.com/bot.html)"
66.249.70.68 - - [31/Mar/2026:16:25:37 +0000] "GET /2026/02/25/play-pokies-free-australian/ HTTP/1.1" 200 103302 "-" "Mozilla/5.0 (Linux; Android 6.0.1; Nexus 5X Build/MMB29P) AppleWebKit/537.36 (KHTML, like Gecko) Chrome/146.0.7680.153 Mobile Safari/537.36 (compatible; Googlebot/2.1; +http://www.google.com/bot.html)"
45.79.238.235 - - [31/Mar/2026:16:26:09 +0000] "POST /wp-cron.php?doing_wp_cron=1774974368.7537760734558105468750 HTTP/1.1" 200 - "-" "WordPress/6.9.4; https://sumitkumarlaw.co.nz"
