66.249.70.69 - - [31/Mar/2026:22:28:03 +0000] "GET /?p=8200 HTTP/1.1" 301 - "-" "Mozilla/5.0 (Linux; Android 6.0.1; Nexus 5X Build/MMB29P) AppleWebKit/537.36 (KHTML, like Gecko) Chrome/146.0.7680.164 Mobile Safari/537.36 (compatible; Googlebot/2.1; +http://www.google.com/bot.html)"
66.249.70.67 - - [31/Mar/2026:22:28:04 +0000] "GET /2026/02/25/the-top-online-pokies-and-casinos-in-australia-visa/ HTTP/1.1" 200 104307 "-" "Mozilla/5.0 (Linux; Android 6.0.1; Nexus 5X Build/MMB29P) AppleWebKit/537.36 (KHTML, like Gecko) Chrome/146.0.7680.164 Mobile Safari/537.36 (compatible; Googlebot/2.1; +http://www.google.com/bot.html)"
47.82.11.131 - - [31/Mar/2026:22:28:18 +0000] "GET /2026/02/25/big-pokies-win/ HTTP/1.1" 200 104605 "https://sumitkumarlaw.co.nz/" "Mozilla/5.0 (Windows NT 10.0; Win64; x64) AppleWebKit/537.36 (KHTML, like Gecko) Chrome/135.0.0.0 Safari/537.36 Edg/135.0.0.0"
45.79.238.235 - - [31/Mar/2026:22:28:58 +0000] "POST /wp-cron.php?doing_wp_cron=1774996138.7666370868682861328125 HTTP/1.1" 200 - "-" "WordPress/6.9.4; https://sumitkumarlaw.co.nz"
47.82.11.113 - - [31/Mar/2026:22:28:58 +0000] "GET /2026/02/25/online-pokies-deals/ HTTP/1.1" 200 104250 "https://sumitkumarlaw.co.nz/" "Mozilla/5.0 (Macintosh; Intel Mac OS X 10_15_7) AppleWebKit/605.1.15 (KHTML, like Gecko) Version/18.3.1 Safari/605.1.15"
66.249.70.68 - - [31/Mar/2026:22:29:14 +0000] "GET /2026/02/25/profitable-pokies-with-welcome-bonus-payouts/ HTTP/1.1" 200 103262 "-" "Mozilla/5.0 (Linux; Android 6.0.1; Nexus 5X Build/MMB29P) AppleWebKit/537.36 (KHTML, like Gecko) Chrome/146.0.7680.164 Mobile Safari/537.36 (compatible; Googlebot/2.1; +http://www.google.com/bot.html)"
173.239.214.15 - - [31/Mar/2026:22:29:41 +0000] "GET /wp-login.php HTTP/1.1" 200 5916 "-" "Mozilla/5.0"
173.239.214.15 - - [31/Mar/2026:22:29:42 +0000] "GET /?author=1 HTTP/1.1" 200 105482 "-" "Mozilla/5.0"
173.239.214.15 - - [31/Mar/2026:22:29:44 +0000] "GET /?rest_route=/wp/v2/users HTTP/1.1" 200 752 "-" "Mozilla/5.0"
173.239.214.15 - - [31/Mar/2026:22:29:45 +0000] "GET /?author=2 HTTP/1.1" 200 105482 "-" "Mozilla/5.0"
173.239.214.15 - - [31/Mar/2026:22:29:46 +0000] "GET /?rest_route=/wp/v2/users HTTP/1.1" 200 752 "-" "Mozilla/5.0"
45.79.238.235 - - [31/Mar/2026:22:30:17 +0000] "POST /wp-cron.php?doing_wp_cron=1774996216.5721011161804199218750 HTTP/1.1" 200 - "-" "WordPress/6.9.4; https://sumitkumarlaw.co.nz"
66.249.70.68 - - [31/Mar/2026:22:30:16 +0000] "GET /2026/02/25/chawtaw-casino-nz/ HTTP/1.1" 200 103573 "-" "Mozilla/5.0 (Linux; Android 6.0.1; Nexus 5X Build/MMB29P) AppleWebKit/537.36 (KHTML, like Gecko) Chrome/146.0.7680.164 Mobile Safari/537.36 (compatible; Googlebot/2.1; +http://www.google.com/bot.html)"
45.79.238.235 - - [31/Mar/2026:22:30:53 +0000] "POST /wp-cron.php?doing_wp_cron=1774996253.0930590629577636718750 HTTP/1.1" 200 - "-" "WordPress/6.9.4; https://sumitkumarlaw.co.nz"
66.249.70.67 - - [31/Mar/2026:22:30:52 +0000] "GET /?p=4646 HTTP/1.1" 301 - "-" "Mozilla/5.0 (Linux; Android 6.0.1; Nexus 5X Build/MMB29P) AppleWebKit/537.36 (KHTML, like Gecko) Chrome/146.0.7680.164 Mobile Safari/537.36 (compatible; Googlebot/2.1; +http://www.google.com/bot.html)"
66.249.70.67 - - [31/Mar/2026:22:30:53 +0000] "GET /2026/02/25/the-best-online-pokies-new-zealand/ HTTP/1.1" 200 103063 "-" "Mozilla/5.0 (Linux; Android 6.0.1; Nexus 5X Build/MMB29P) AppleWebKit/537.36 (KHTML, like Gecko) Chrome/146.0.7680.164 Mobile Safari/537.36 (compatible; Googlebot/2.1; +http://www.google.com/bot.html)"
45.79.238.235 - - [31/Mar/2026:22:32:16 +0000] "POST /wp-cron.php?doing_wp_cron=1774996335.8719909191131591796875 HTTP/1.1" 200 - "-" "WordPress/6.9.4; https://sumitkumarlaw.co.nz"
165.245.238.80 - - [31/Mar/2026:22:32:15 +0000] "POST /wp-login.php HTTP/1.1" 200 6286 "-" "Mozilla/5.0"
122.58.229.85 - - [31/Mar/2026:22:32:29 +0000] "POST /autodiscover/autodiscover.xml HTTP/1.1" 200 1233 "-" "Microsoft Office/16.0 (Windows NT 10.0; Microsoft Outlook 16.0.19822; Pro)"
141.98.11.44 - - [31/Mar/2026:22:32:57 +0000] "GET /wp-includes/sodium_compat/src/Core/SecretStream/State.php HTTP/1.1" 403 4170 "-" "Mozilla/5.0 (Windows NT 10.0; Win64; x64) AppleWebKit/537.36"
45.79.238.235 - - [31/Mar/2026:22:33:12 +0000] "POST /wp-cron.php?doing_wp_cron=1774996392.5282878875732421875000 HTTP/1.1" 200 - "-" "WordPress/6.9.4; https://sumitkumarlaw.co.nz"
66.249.70.67 - - [31/Mar/2026:22:33:11 +0000] "GET /2026/02/25/play-free-au-pokies/ HTTP/1.1" 200 103038 "-" "Mozilla/5.0 (Linux; Android 6.0.1; Nexus 5X Build/MMB29P) AppleWebKit/537.36 (KHTML, like Gecko) Chrome/146.0.7680.164 Mobile Safari/537.36 (compatible; Googlebot/2.1; +http://www.google.com/bot.html)"
66.249.70.68 - - [31/Mar/2026:22:33:47 +0000] "GET /2026/02/25/adelaide-casino-in-grantville-au/ HTTP/1.1" 200 103622 "-" "Mozilla/5.0 (Linux; Android 6.0.1; Nexus 5X Build/MMB29P) AppleWebKit/537.36 (KHTML, like Gecko) Chrome/146.0.7680.164 Mobile Safari/537.36 (compatible; Googlebot/2.1; +http://www.google.com/bot.html)"
66.249.70.68 - - [31/Mar/2026:22:34:41 +0000] "GET /2026/02/25/new-zealand-owned-online-pokies/ HTTP/1.1" 200 103721 "-" "Mozilla/5.0 (Linux; Android 6.0.1; Nexus 5X Build/MMB29P) AppleWebKit/537.36 (KHTML, like Gecko) Chrome/146.0.7680.164 Mobile Safari/537.36 (compatible; Googlebot/2.1; +http://www.google.com/bot.html)"
45.79.238.235 - - [31/Mar/2026:22:34:56 +0000] "POST /wp-cron.php?doing_wp_cron=1774996496.0609500408172607421875 HTTP/1.1" 200 - "-" "WordPress/6.9.4; https://sumitkumarlaw.co.nz"
82.38.142.168 - - [31/Mar/2026:22:34:55 +0000] "GET /?p=813 HTTP/1.1" 301 - "-" "Mozilla/5.0 (Macintosh; Intel Mac OS X 10_15_7) AppleWebKit/537.36 (KHTML, like Gecko) Chrome/104.0.0.0 Safari/537.36"
82.38.142.168 - - [31/Mar/2026:22:34:56 +0000] "GET /2026/02/25/top-australian-pokies-no-download-free/ HTTP/1.1" 200 104899 "-" "Mozilla/5.0 (Macintosh; Intel Mac OS X 10_15_7) AppleWebKit/537.36 (KHTML, like Gecko) Chrome/104.0.0.0 Safari/537.36"
82.39.224.19 - - [31/Mar/2026:22:35:03 +0000] "GET /?p=950 HTTP/1.1" 301 - "-" "Mozilla/5.0 (Macintosh; Intel Mac OS X 10_15_7) AppleWebKit/537.36 (KHTML, like Gecko) Chrome/104.0.0.0 Safari/537.36"
82.39.224.19 - - [31/Mar/2026:22:35:04 +0000] "GET /2026/02/25/secure-pokies-machines-for-free/ HTTP/1.1" 200 104423 "-" "Mozilla/5.0 (Macintosh; Intel Mac OS X 10_15_7) AppleWebKit/537.36 (KHTML, like Gecko) Chrome/104.0.0.0 Safari/537.36"
66.249.70.68 - - [31/Mar/2026:22:35:26 +0000] "GET /?p=6919 HTTP/1.1" 301 - "-" "Mozilla/5.0 (Linux; Android 6.0.1; Nexus 5X Build/MMB29P) AppleWebKit/537.36 (KHTML, like Gecko) Chrome/146.0.7680.164 Mobile Safari/537.36 (compatible; Googlebot/2.1; +http://www.google.com/bot.html)"
66.249.70.67 - - [31/Mar/2026:22:35:28 +0000] "GET /2026/02/25/australian-free-no-deposit-casino/ HTTP/1.1" 200 103582 "-" "Mozilla/5.0 (Linux; Android 6.0.1; Nexus 5X Build/MMB29P) AppleWebKit/537.36 (KHTML, like Gecko) Chrome/146.0.7680.164 Mobile Safari/537.36 (compatible; Googlebot/2.1; +http://www.google.com/bot.html)"
45.79.238.235 - - [31/Mar/2026:22:36:08 +0000] "POST /wp-cron.php?doing_wp_cron=1774996568.3195340633392333984375 HTTP/1.1" 200 - "-" "WordPress/6.9.4; https://sumitkumarlaw.co.nz"
137.184.54.121 - - [31/Mar/2026:22:36:07 +0000] "POST /wp-login.php HTTP/1.1" 200 6286 "-" "Mozilla/5.0"
45.79.238.235 - - [31/Mar/2026:22:37:45 +0000] "POST /wp-cron.php?doing_wp_cron=1774996665.1018569469451904296875 HTTP/1.1" 200 - "-" "WordPress/6.9.4; https://sumitkumarlaw.co.nz"
213.255.236.146 - - [31/Mar/2026:22:37:44 +0000] "GET /2026/02/25/casino-pokies-australia/ HTTP/1.1" 200 105134 "-" "Mozilla/5.0 (Macintosh; Intel Mac OS X 10_15_7) AppleWebKit/537.36 (KHTML, like Gecko) Chrome/104.0.0.0 Safari/537.36"
109.176.48.53 - - [31/Mar/2026:22:37:46 +0000] "GET /?p=919 HTTP/1.1" 301 - "-" "Mozilla/5.0 (Macintosh; Intel Mac OS X 10_15_7) AppleWebKit/537.36 (KHTML, like Gecko) Chrome/104.0.0.0 Safari/537.36"
109.176.48.53 - - [31/Mar/2026:22:37:47 +0000] "GET /2026/02/25/starburst-free-spins-au/ HTTP/1.1" 200 105225 "-" "Mozilla/5.0 (Macintosh; Intel Mac OS X 10_15_7) AppleWebKit/537.36 (KHTML, like Gecko) Chrome/104.0.0.0 Safari/537.36"
82.41.224.127 - - [31/Mar/2026:22:37:49 +0000] "GET /?p=850 HTTP/1.1" 301 - "-" "Mozilla/5.0 (Macintosh; Intel Mac OS X 10_15_7) AppleWebKit/537.36 (KHTML, like Gecko) Chrome/104.0.0.0 Safari/537.36"
82.41.224.127 - - [31/Mar/2026:22:37:50 +0000] "GET /2026/02/25/au-casino-no-deposit-bonus-low-wagering-requirements/ HTTP/1.1" 200 104892 "-" "Mozilla/5.0 (Macintosh; Intel Mac OS X 10_15_7) AppleWebKit/537.36 (KHTML, like Gecko) Chrome/104.0.0.0 Safari/537.36"
66.249.70.69 - - [31/Mar/2026:22:37:52 +0000] "GET /?p=6290 HTTP/1.1" 301 - "-" "Mozilla/5.0 (Linux; Android 6.0.1; Nexus 5X Build/MMB29P) AppleWebKit/537.36 (KHTML, like Gecko) Chrome/146.0.7680.164 Mobile Safari/537.36 (compatible; Googlebot/2.1; +http://www.google.com/bot.html)"
45.79.238.235 - - [31/Mar/2026:22:37:53 +0000] "POST /wp-cron.php?doing_wp_cron=1774996673.0125219821929931640625 HTTP/1.1" 200 - "-" "WordPress/6.9.4; https://sumitkumarlaw.co.nz"
82.38.238.102 - - [31/Mar/2026:22:37:52 +0000] "GET /?p=851 HTTP/1.1" 301 - "-" "Mozilla/5.0 (Macintosh; Intel Mac OS X 10_15_7) AppleWebKit/537.36 (KHTML, like Gecko) Chrome/104.0.0.0 Safari/537.36"
82.38.238.102 - - [31/Mar/2026:22:37:53 +0000] "GET /2026/02/25/free-games-win-real-money-au/ HTTP/1.1" 200 104229 "-" "Mozilla/5.0 (Macintosh; Intel Mac OS X 10_15_7) AppleWebKit/537.36 (KHTML, like Gecko) Chrome/104.0.0.0 Safari/537.36"
66.249.70.67 - - [31/Mar/2026:22:37:53 +0000] "GET /2026/02/25/popular-pokies-with-a-high-chance-of-winning/ HTTP/1.1" 200 103248 "-" "Mozilla/5.0 (Linux; Android 6.0.1; Nexus 5X Build/MMB29P) AppleWebKit/537.36 (KHTML, like Gecko) Chrome/146.0.7680.164 Mobile Safari/537.36 (compatible; Googlebot/2.1; +http://www.google.com/bot.html)"
66.249.70.67 - - [31/Mar/2026:22:37:54 +0000] "GET /?p=3374 HTTP/1.1" 301 - "-" "Mozilla/5.0 (Linux; Android 6.0.1; Nexus 5X Build/MMB29P) AppleWebKit/537.36 (KHTML, like Gecko) Chrome/146.0.7680.164 Mobile Safari/537.36 (compatible; Googlebot/2.1; +http://www.google.com/bot.html)"
82.25.153.135 - - [31/Mar/2026:22:37:56 +0000] "GET /?p=1082 HTTP/1.1" 301 - "-" "Mozilla/5.0 (Macintosh; Intel Mac OS X 10_15_7) AppleWebKit/537.36 (KHTML, like Gecko) Chrome/104.0.0.0 Safari/537.36"
82.25.153.135 - - [31/Mar/2026:22:37:57 +0000] "GET /2026/02/25/mobile-phone-gambling-au/ HTTP/1.1" 200 104736 "-" "Mozilla/5.0 (Macintosh; Intel Mac OS X 10_15_7) AppleWebKit/537.36 (KHTML, like Gecko) Chrome/104.0.0.0 Safari/537.36"
82.38.167.138 - - [31/Mar/2026:22:37:59 +0000] "GET /2026/02/25/fun-pokies-online-tricks/ HTTP/1.1" 200 104112 "-" "Mozilla/5.0 (Macintosh; Intel Mac OS X 10_15_7) AppleWebKit/537.36 (KHTML, like Gecko) Chrome/104.0.0.0 Safari/537.36"
82.24.165.170 - - [31/Mar/2026:22:38:01 +0000] "GET /?p=1161 HTTP/1.1" 301 - "-" "Mozilla/5.0 (Macintosh; Intel Mac OS X 10_15_7) AppleWebKit/537.36 (KHTML, like Gecko) Chrome/104.0.0.0 Safari/537.36"
82.24.165.170 - - [31/Mar/2026:22:38:02 +0000] "GET /2026/02/25/casino-pokies-paypal-australia/ HTTP/1.1" 200 104719 "-" "Mozilla/5.0 (Macintosh; Intel Mac OS X 10_15_7) AppleWebKit/537.36 (KHTML, like Gecko) Chrome/104.0.0.0 Safari/537.36"
66.249.70.69 - - [31/Mar/2026:22:38:45 +0000] "GET /2026/02/25/bonus-au-pokies/ HTTP/1.1" 200 102700 "-" "Mozilla/5.0 (Linux; Android 6.0.1; Nexus 5X Build/MMB29P) AppleWebKit/537.36 (KHTML, like Gecko) Chrome/146.0.7680.164 Mobile Safari/537.36 (compatible; Googlebot/2.1; +http://www.google.com/bot.html)"
122.58.229.85 - - [31/Mar/2026:22:38:50 +0000] "POST /autodiscover/autodiscover.xml HTTP/1.1" 200 1233 "-" "Microsoft Office/16.0 (Windows NT 10.0; Microsoft Outlook 16.0.19822; Pro)"
45.79.238.235 - - [31/Mar/2026:22:40:21 +0000] "POST /wp-cron.php?doing_wp_cron=1774996821.0708899497985839843750 HTTP/1.1" 200 - "-" "WordPress/6.9.4; https://sumitkumarlaw.co.nz"
66.249.70.69 - - [31/Mar/2026:22:40:20 +0000] "GET /2026/02/25/deposit-5-get-25-free-casino-nz/ HTTP/1.1" 200 104020 "-" "Mozilla/5.0 (Linux; Android 6.0.1; Nexus 5X Build/MMB29P) AppleWebKit/537.36 (KHTML, like Gecko) Chrome/146.0.7680.164 Mobile Safari/537.36 (compatible; Googlebot/2.1; +http://www.google.com/bot.html)"
66.249.70.67 - - [31/Mar/2026:22:40:29 +0000] "GET /2026/02/25/gambling-pokies-new-australia/ HTTP/1.1" 200 103455 "-" "Mozilla/5.0 (Linux; Android 6.0.1; Nexus 5X Build/MMB29P) AppleWebKit/537.36 (KHTML, like Gecko) Chrome/146.0.7680.164 Mobile Safari/537.36 (compatible; Googlebot/2.1; +http://www.google.com/bot.html)"
45.79.238.235 - - [31/Mar/2026:22:40:59 +0000] "POST /wp-cron.php?doing_wp_cron=1774996859.3553318977355957031250 HTTP/1.1" 200 - "-" "WordPress/6.9.4; https://sumitkumarlaw.co.nz"
66.249.70.67 - - [31/Mar/2026:22:40:58 +0000] "GET /2026/02/25/pokies-sites-for-real-money-for-fun-free/ HTTP/1.1" 200 104197 "-" "Mozilla/5.0 (Linux; Android 6.0.1; Nexus 5X Build/MMB29P) AppleWebKit/537.36 (KHTML, like Gecko) Chrome/146.0.7680.164 Mobile Safari/537.36 (compatible; Googlebot/2.1; +http://www.google.com/bot.html)"
47.82.11.12 - - [31/Mar/2026:22:41:00 +0000] "GET /2026/02/25/australia-casino-documentary-online/ HTTP/1.1" 200 104933 "https://sumitkumarlaw.co.nz/" "Mozilla/5.0 (Windows NT 10.0; Win64; x64) AppleWebKit/537.36 (KHTML, like Gecko) Chrome/135.0.0.0 Safari/537.36 Edg/135.0.0.0"
66.249.70.69 - - [31/Mar/2026:22:41:08 +0000] "GET /2026/02/25/play-free-deposit-casino-pokies-no-downloads-no-registration/ HTTP/1.1" 200 104187 "-" "Mozilla/5.0 (Linux; Android 6.0.1; Nexus 5X Build/MMB29P) AppleWebKit/537.36 (KHTML, like Gecko) Chrome/146.0.7680.164 Mobile Safari/537.36 (compatible; Googlebot/2.1; +http://www.google.com/bot.html)"
162.120.184.57 - - [31/Mar/2026:22:41:29 +0000] "GET / HTTP/1.1" 200 154883 "https://www.google.com/" "Mozilla/5.0 (Windows NT 10.0; Win64; x64) AppleWebKit/537.36 (KHTML, like Gecko) Chrome/146.0.0.0 Safari/537.36"
27.252.230.80 - - [31/Mar/2026:22:41:34 +0000] "GET /wp-content/themes/astra/assets/css/minified/frontend.min.css?ver=4.4.0 HTTP/1.1" 304 - "https://sumitkumarlaw.co.nz/" "Mozilla/5.0 (Windows NT 10.0; Win64; x64) AppleWebKit/537.36 (KHTML, like Gecko) Chrome/146.0.0.0 Safari/537.36"
27.252.230.80 - - [31/Mar/2026:22:41:34 +0000] "GET /wp-content/uploads/elementor/css/post-681.css?ver=1711599107 HTTP/1.1" 304 - "https://sumitkumarlaw.co.nz/" "Mozilla/5.0 (Windows NT 10.0; Win64; x64) AppleWebKit/537.36 (KHTML, like Gecko) Chrome/146.0.0.0 Safari/537.36"
27.252.230.80 - - [31/Mar/2026:22:41:34 +0000] "GET /wp-content/plugins/wpforms-lite/assets/css/frontend/classic/wpforms-base.min.css?ver=1.8.4.1 HTTP/1.1" 304 - "https://sumitkumarlaw.co.nz/" "Mozilla/5.0 (Windows NT 10.0; Win64; x64) AppleWebKit/537.36 (KHTML, like Gecko) Chrome/146.0.0.0 Safari/537.36"
27.252.230.80 - - [31/Mar/2026:22:41:34 +0000] "GET /wp-content/plugins/ultimate-elementor/assets/min-css/uael-frontend.min.css?ver=1.36.24 HTTP/1.1" 304 - "https://sumitkumarlaw.co.nz/" "Mozilla/5.0 (Windows NT 10.0; Win64; x64) AppleWebKit/537.36 (KHTML, like Gecko) Chrome/146.0.0.0 Safari/537.36"
27.252.230.80 - - [31/Mar/2026:22:41:34 +0000] "GET /wp-content/uploads/elementor/css/post-18.css?ver=1698177129 HTTP/1.1" 304 - "https://sumitkumarlaw.co.nz/" "Mozilla/5.0 (Windows NT 10.0; Win64; x64) AppleWebKit/537.36 (KHTML, like Gecko) Chrome/146.0.0.0 Safari/537.36"
27.252.230.80 - - [31/Mar/2026:22:41:34 +0000] "GET /wp-content/plugins/elementor/assets/css/frontend-lite.min.css?ver=3.16.6 HTTP/1.1" 304 - "https://sumitkumarlaw.co.nz/" "Mozilla/5.0 (Windows NT 10.0; Win64; x64) AppleWebKit/537.36 (KHTML, like Gecko) Chrome/146.0.0.0 Safari/537.36"
27.252.230.80 - - [31/Mar/2026:22:41:34 +0000] "GET /wp-content/uploads/astra-addon/astra-addon-6604edca6629b0-88455585.css?ver=4.4.0 HTTP/1.1" 304 - "https://sumitkumarlaw.co.nz/" "Mozilla/5.0 (Windows NT 10.0; Win64; x64) AppleWebKit/537.36 (KHTML, like Gecko) Chrome/146.0.0.0 Safari/537.36"
27.252.230.80 - - [31/Mar/2026:22:41:34 +0000] "GET /wp-includes/js/jquery/jquery-migrate.min.js?ver=3.4.1 HTTP/1.1" 304 - "https://sumitkumarlaw.co.nz/" "Mozilla/5.0 (Windows NT 10.0; Win64; x64) AppleWebKit/537.36 (KHTML, like Gecko) Chrome/146.0.0.0 Safari/537.36"
27.252.230.80 - - [31/Mar/2026:22:41:34 +0000] "GET /wp-includes/js/jquery/jquery.min.js?ver=3.7.1 HTTP/1.1" 304 - "https://sumitkumarlaw.co.nz/" "Mozilla/5.0 (Windows NT 10.0; Win64; x64) AppleWebKit/537.36 (KHTML, like Gecko) Chrome/146.0.0.0 Safari/537.36"
27.252.230.80 - - [31/Mar/2026:22:41:34 +0000] "GET /wp-content/plugins/elementor/assets/lib/font-awesome/css/solid.min.css?ver=5.15.3 HTTP/1.1" 304 - "https://sumitkumarlaw.co.nz/" "Mozilla/5.0 (Windows NT 10.0; Win64; x64) AppleWebKit/537.36 (KHTML, like Gecko) Chrome/146.0.0.0 Safari/537.36"
27.252.230.80 - - [31/Mar/2026:22:41:34 +0000] "GET /wp-includes/css/dist/block-library/style.min.css?ver=6.9.4 HTTP/1.1" 304 - "https://sumitkumarlaw.co.nz/" "Mozilla/5.0 (Windows NT 10.0; Win64; x64) AppleWebKit/537.36 (KHTML, like Gecko) Chrome/146.0.0.0 Safari/537.36"
27.252.230.80 - - [31/Mar/2026:22:41:34 +0000] "GET /wp-content/plugins/elementor/assets/lib/font-awesome/css/fontawesome.min.css?ver=5.15.3 HTTP/1.1" 304 - "https://sumitkumarlaw.co.nz/" "Mozilla/5.0 (Windows NT 10.0; Win64; x64) AppleWebKit/537.36 (KHTML, like Gecko) Chrome/146.0.0.0 Safari/537.36"
27.252.230.80 - - [31/Mar/2026:22:41:34 +0000] "GET /wp-content/plugins/elementor/assets/lib/eicons/css/elementor-icons.min.css?ver=5.23.0 HTTP/1.1" 304 - "https://sumitkumarlaw.co.nz/" "Mozilla/5.0 (Windows NT 10.0; Win64; x64) AppleWebKit/537.36 (KHTML, like Gecko) Chrome/146.0.0.0 Safari/537.36"
27.252.230.80 - - [31/Mar/2026:22:41:34 +0000] "GET /wp-content/plugins/elementor/assets/lib/swiper/v8/css/swiper.min.css?ver=8.4.5 HTTP/1.1" 304 - "https://sumitkumarlaw.co.nz/" "Mozilla/5.0 (Windows NT 10.0; Win64; x64) AppleWebKit/537.36 (KHTML, like Gecko) Chrome/146.0.0.0 Safari/537.36"
27.252.230.80 - - [31/Mar/2026:22:41:34 +0000] "GET /wp-content/uploads/2024/03/image-2-1024x507.png HTTP/1.1" 304 - "https://sumitkumarlaw.co.nz/" "Mozilla/5.0 (Windows NT 10.0; Win64; x64) AppleWebKit/537.36 (KHTML, like Gecko) Chrome/146.0.0.0 Safari/537.36"
27.252.230.80 - - [31/Mar/2026:22:41:34 +0000] "GET /wp-content/uploads/2024/03/image-2-300x149.png HTTP/1.1" 304 - "https://sumitkumarlaw.co.nz/" "Mozilla/5.0 (Windows NT 10.0; Win64; x64) AppleWebKit/537.36 (KHTML, like Gecko) Chrome/146.0.0.0 Safari/537.36"
27.252.230.80 - - [31/Mar/2026:22:41:34 +0000] "GET /wp-content/plugins/elementor/assets/css/widget-icon-list.min.css HTTP/1.1" 304 - "https://sumitkumarlaw.co.nz/" "Mozilla/5.0 (Windows NT 10.0; Win64; x64) AppleWebKit/537.36 (KHTML, like Gecko) Chrome/146.0.0.0 Safari/537.36"
27.252.230.80 - - [31/Mar/2026:22:41:35 +0000] "GET /wp-content/uploads/astra-addon/astra-addon-6604edca66e0e9-59157626.js?ver=4.4.0 HTTP/1.1" 304 - "https://sumitkumarlaw.co.nz/" "Mozilla/5.0 (Windows NT 10.0; Win64; x64) AppleWebKit/537.36 (KHTML, like Gecko) Chrome/146.0.0.0 Safari/537.36"
27.252.230.80 - - [31/Mar/2026:22:41:35 +0000] "GET /wp-content/themes/astra/assets/js/minified/frontend.min.js?ver=4.4.0 HTTP/1.1" 304 - "https://sumitkumarlaw.co.nz/" "Mozilla/5.0 (Windows NT 10.0; Win64; x64) AppleWebKit/537.36 (KHTML, like Gecko) Chrome/146.0.0.0 Safari/537.36"
27.252.230.80 - - [31/Mar/2026:22:41:35 +0000] "GET /wp-content/plugins/elementor/assets/js/webpack.runtime.min.js?ver=3.16.6 HTTP/1.1" 304 - "https://sumitkumarlaw.co.nz/" "Mozilla/5.0 (Windows NT 10.0; Win64; x64) AppleWebKit/537.36 (KHTML, like Gecko) Chrome/146.0.0.0 Safari/537.36"
27.252.230.80 - - [31/Mar/2026:22:41:35 +0000] "GET /wp-content/plugins/elementor/assets/js/frontend-modules.min.js?ver=3.16.6 HTTP/1.1" 304 - "https://sumitkumarlaw.co.nz/" "Mozilla/5.0 (Windows NT 10.0; Win64; x64) AppleWebKit/537.36 (KHTML, like Gecko) Chrome/146.0.0.0 Safari/537.36"
27.252.230.80 - - [31/Mar/2026:22:41:35 +0000] "GET /wp-content/plugins/elementor/assets/lib/waypoints/waypoints.min.js?ver=4.0.2 HTTP/1.1" 304 - "https://sumitkumarlaw.co.nz/" "Mozilla/5.0 (Windows NT 10.0; Win64; x64) AppleWebKit/537.36 (KHTML, like Gecko) Chrome/146.0.0.0 Safari/537.36"
27.252.230.80 - - [31/Mar/2026:22:41:35 +0000] "GET /wp-includes/js/jquery/ui/core.min.js?ver=1.13.3 HTTP/1.1" 304 - "https://sumitkumarlaw.co.nz/" "Mozilla/5.0 (Windows NT 10.0; Win64; x64) AppleWebKit/537.36 (KHTML, like Gecko) Chrome/146.0.0.0 Safari/537.36"
27.252.230.80 - - [31/Mar/2026:22:41:35 +0000] "GET /wp-content/plugins/elementor/assets/js/frontend.min.js?ver=3.16.6 HTTP/1.1" 304 - "https://sumitkumarlaw.co.nz/" "Mozilla/5.0 (Windows NT 10.0; Win64; x64) AppleWebKit/537.36 (KHTML, like Gecko) Chrome/146.0.0.0 Safari/537.36"
27.252.230.80 - - [31/Mar/2026:22:41:35 +0000] "GET /wp-includes/js/wp-util.min.js?ver=6.9.4 HTTP/1.1" 304 - "https://sumitkumarlaw.co.nz/" "Mozilla/5.0 (Windows NT 10.0; Win64; x64) AppleWebKit/537.36 (KHTML, like Gecko) Chrome/146.0.0.0 Safari/537.36"
27.252.230.80 - - [31/Mar/2026:22:41:35 +0000] "GET /wp-includes/js/underscore.min.js?ver=1.13.7 HTTP/1.1" 304 - "https://sumitkumarlaw.co.nz/" "Mozilla/5.0 (Windows NT 10.0; Win64; x64) AppleWebKit/537.36 (KHTML, like Gecko) Chrome/146.0.0.0 Safari/537.36"
27.252.230.80 - - [31/Mar/2026:22:41:35 +0000] "GET /wp-content/uploads/2021/03/quotation-mark-free-img.png HTTP/1.1" 304 - "https://sumitkumarlaw.co.nz/" "Mozilla/5.0 (Windows NT 10.0; Win64; x64) AppleWebKit/537.36 (KHTML, like Gecko) Chrome/146.0.0.0 Safari/537.36"
27.252.230.80 - - [31/Mar/2026:22:41:35 +0000] "GET /wp-content/plugins/wpforms-lite/assets/js/integrations/elementor/frontend.min.js?ver=1.8.4.1 HTTP/1.1" 304 - "https://sumitkumarlaw.co.nz/" "Mozilla/5.0 (Windows NT 10.0; Win64; x64) AppleWebKit/537.36 (KHTML, like Gecko) Chrome/146.0.0.0 Safari/537.36"
27.252.230.80 - - [31/Mar/2026:22:41:35 +0000] "GET /wp-content/uploads/2024/03/family-law-colour.jpg HTTP/1.1" 304 - "https://sumitkumarlaw.co.nz/wp-content/uploads/elementor/css/post-681.css?ver=1711599107" "Mozilla/5.0 (Windows NT 10.0; Win64; x64) AppleWebKit/537.36 (KHTML, like Gecko) Chrome/146.0.0.0 Safari/537.36"
27.252.230.80 - - [31/Mar/2026:22:41:35 +0000] "GET /wp-content/plugins/elementor/assets/lib/font-awesome/webfonts/fa-solid-900.woff2 HTTP/1.1" 304 - "https://sumitkumarlaw.co.nz/wp-content/plugins/elementor/assets/lib/font-awesome/css/solid.min.css?ver=5.15.3" "Mozilla/5.0 (Windows NT 10.0; Win64; x64) AppleWebKit/537.36 (KHTML, like Gecko) Chrome/146.0.0.0 Safari/537.36"
27.252.230.80 - - [31/Mar/2026:22:41:35 +0000] "GET /wp-content/plugins/elementor/assets/js/text-editor.2c35aafbe5bf0e127950.bundle.min.js HTTP/1.1" 304 - "https://sumitkumarlaw.co.nz/" "Mozilla/5.0 (Windows NT 10.0; Win64; x64) AppleWebKit/537.36 (KHTML, like Gecko) Chrome/146.0.0.0 Safari/537.36"
27.252.230.80 - - [31/Mar/2026:22:41:35 +0000] "GET /wp-includes/js/wp-emoji-release.min.js?ver=6.9.4 HTTP/1.1" 304 - "https://sumitkumarlaw.co.nz/" "Mozilla/5.0 (Windows NT 10.0; Win64; x64) AppleWebKit/537.36 (KHTML, like Gecko) Chrome/146.0.0.0 Safari/537.36"
27.252.230.80 - - [31/Mar/2026:22:41:35 +0000] "GET /favicon.ico HTTP/1.1" 302 - "https://sumitkumarlaw.co.nz/" "Mozilla/5.0 (Windows NT 10.0; Win64; x64) AppleWebKit/537.36 (KHTML, like Gecko) Chrome/146.0.0.0 Safari/537.36"
27.252.230.80 - - [31/Mar/2026:22:41:35 +0000] "GET /wp-includes/images/w-logo-blue-white-bg.png HTTP/1.1" 304 - "https://sumitkumarlaw.co.nz/" "Mozilla/5.0 (Windows NT 10.0; Win64; x64) AppleWebKit/537.36 (KHTML, like Gecko) Chrome/146.0.0.0 Safari/537.36"
45.79.238.235 - - [31/Mar/2026:22:42:05 +0000] "POST /wp-cron.php?doing_wp_cron=1774996925.5545120239257812500000 HTTP/1.1" 200 - "-" "WordPress/6.9.4; https://sumitkumarlaw.co.nz"
47.82.11.105 - - [31/Mar/2026:22:42:04 +0000] "GET /2026/02/25/cocopah-casino-somerton-au/ HTTP/1.1" 200 104761 "https://sumitkumarlaw.co.nz/" "Mozilla/5.0 (Windows NT 10.0; Win64; x64) AppleWebKit/537.36 (KHTML, like Gecko) Chrome/135.0.0.0 Safari/537.36"
107.189.10.248 - - [31/Mar/2026:22:42:16 +0000] "GET /wp-login.php HTTP/1.1" 200 5916 "-" "Mozilla/5.0 (Windows NT 10.0; Win64; x64) AppleWebKit/537.36 (KHTML, like Gecko) Chrome/134.0.0.0 Safari/537.36"
107.189.10.248 - - [31/Mar/2026:22:42:17 +0000] "POST /wp-login.php HTTP/1.1" 200 6348 "https://sumitkumarlaw.co.nz/wp-admin/" "Mozilla/5.0 (Windows NT 10.0; Win64; x64) AppleWebKit/537.36 (KHTML, like Gecko) Chrome/134.0.0.0 Safari/537.36"
161.178.140.192 - - [31/Mar/2026:22:42:20 +0000] "POST /wp-login.php HTTP/1.1" 200 6286 "-" "Mozilla/5.0"
66.249.70.69 - - [31/Mar/2026:22:42:43 +0000] "GET /2026/02/25/australia-legal-online-casino/ HTTP/1.1" 200 103163 "-" "Mozilla/5.0 (Linux; Android 6.0.1; Nexus 5X Build/MMB29P) AppleWebKit/537.36 (KHTML, like Gecko) Chrome/146.0.7680.164 Mobile Safari/537.36 (compatible; Googlebot/2.1; +http://www.google.com/bot.html)"
45.79.238.235 - - [31/Mar/2026:22:43:14 +0000] "POST /wp-cron.php?doing_wp_cron=1774996994.7066140174865722656250 HTTP/1.1" 200 - "-" "WordPress/6.9.4; https://sumitkumarlaw.co.nz"
122.56.197.111 - - [31/Mar/2026:22:43:14 +0000] "GET /?p=4783 HTTP/1.1" 301 - "https://www.google.com/" "Mozilla/5.0 (iPhone; CPU iPhone OS 26_3_1 like Mac OS X) AppleWebKit/605.1.15 (KHTML, like Gecko) CriOS/146.0.7680.151 Mobile/15E148 Safari/604.1"
122.56.197.111 - - [31/Mar/2026:22:43:14 +0000] "GET /2026/02/25/book-of-dead-free-spins-no-deposit-nz/ HTTP/1.1" 200 104894 "https://www.google.com/" "Mozilla/5.0 (iPhone; CPU iPhone OS 26_3_1 like Mac OS X) AppleWebKit/605.1.15 (KHTML, like Gecko) CriOS/146.0.7680.151 Mobile/15E148 Safari/604.1"
122.56.197.111 - - [31/Mar/2026:22:43:15 +0000] "GET /wp-content/themes/astra/assets/css/minified/frontend.min.css?ver=4.4.0 HTTP/1.1" 304 - "https://sumitkumarlaw.co.nz/2026/02/25/book-of-dead-free-spins-no-deposit-nz/" "Mozilla/5.0 (iPhone; CPU iPhone OS 26_3_1 like Mac OS X) AppleWebKit/605.1.15 (KHTML, like Gecko) CriOS/146.0.7680.151 Mobile/15E148 Safari/604.1"
122.56.197.111 - - [31/Mar/2026:22:43:15 +0000] "GET /wp-includes/js/jquery/jquery.min.js?ver=3.7.1 HTTP/1.1" 304 - "https://sumitkumarlaw.co.nz/2026/02/25/book-of-dead-free-spins-no-deposit-nz/" "Mozilla/5.0 (iPhone; CPU iPhone OS 26_3_1 like Mac OS X) AppleWebKit/605.1.15 (KHTML, like Gecko) CriOS/146.0.7680.151 Mobile/15E148 Safari/604.1"
122.56.197.111 - - [31/Mar/2026:22:43:15 +0000] "GET /wp-content/uploads/astra-addon/astra-addon-6604edca6629b0-88455585.css?ver=4.4.0 HTTP/1.1" 304 - "https://sumitkumarlaw.co.nz/2026/02/25/book-of-dead-free-spins-no-deposit-nz/" "Mozilla/5.0 (iPhone; CPU iPhone OS 26_3_1 like Mac OS X) AppleWebKit/605.1.15 (KHTML, like Gecko) CriOS/146.0.7680.151 Mobile/15E148 Safari/604.1"
122.56.197.111 - - [31/Mar/2026:22:43:15 +0000] "GET /wp-includes/css/dist/block-library/style.min.css?ver=6.9.4 HTTP/1.1" 304 - "https://sumitkumarlaw.co.nz/2026/02/25/book-of-dead-free-spins-no-deposit-nz/" "Mozilla/5.0 (iPhone; CPU iPhone OS 26_3_1 like Mac OS X) AppleWebKit/605.1.15 (KHTML, like Gecko) CriOS/146.0.7680.151 Mobile/15E148 Safari/604.1"
122.56.197.111 - - [31/Mar/2026:22:43:15 +0000] "GET /wp-includes/js/jquery/jquery-migrate.min.js?ver=3.4.1 HTTP/1.1" 304 - "https://sumitkumarlaw.co.nz/2026/02/25/book-of-dead-free-spins-no-deposit-nz/" "Mozilla/5.0 (iPhone; CPU iPhone OS 26_3_1 like Mac OS X) AppleWebKit/605.1.15 (KHTML, like Gecko) CriOS/146.0.7680.151 Mobile/15E148 Safari/604.1"
122.56.197.111 - - [31/Mar/2026:22:43:15 +0000] "GET /wp-content/themes/astra/assets/js/minified/frontend.min.js?ver=4.4.0 HTTP/1.1" 304 - "https://sumitkumarlaw.co.nz/2026/02/25/book-of-dead-free-spins-no-deposit-nz/" "Mozilla/5.0 (iPhone; CPU iPhone OS 26_3_1 like Mac OS X) AppleWebKit/605.1.15 (KHTML, like Gecko) CriOS/146.0.7680.151 Mobile/15E148 Safari/604.1"
122.56.197.111 - - [31/Mar/2026:22:43:15 +0000] "GET /wp-content/uploads/astra-addon/astra-addon-6604edca66e0e9-59157626.js?ver=4.4.0 HTTP/1.1" 304 - "https://sumitkumarlaw.co.nz/2026/02/25/book-of-dead-free-spins-no-deposit-nz/" "Mozilla/5.0 (iPhone; CPU iPhone OS 26_3_1 like Mac OS X) AppleWebKit/605.1.15 (KHTML, like Gecko) CriOS/146.0.7680.151 Mobile/15E148 Safari/604.1"
122.56.197.111 - - [31/Mar/2026:22:43:15 +0000] "GET /wp-content/uploads/2024/03/image-2-1024x507.png HTTP/1.1" 304 - "https://sumitkumarlaw.co.nz/2026/02/25/book-of-dead-free-spins-no-deposit-nz/" "Mozilla/5.0 (iPhone; CPU iPhone OS 26_3_1 like Mac OS X) AppleWebKit/605.1.15 (KHTML, like Gecko) CriOS/146.0.7680.151 Mobile/15E148 Safari/604.1"
122.56.197.111 - - [31/Mar/2026:22:43:17 +0000] "GET /favicon.ico HTTP/1.1" 302 - "-" "Mozilla/5.0 (iPhone; CPU iPhone OS 26_3_1 like Mac OS X) AppleWebKit/605.1.15 (KHTML, like Gecko) CriOS/146.0.7680.151 Mobile/15E148 Safari/604.1"
122.56.197.111 - - [31/Mar/2026:22:43:18 +0000] "GET /wp-includes/images/w-logo-blue-white-bg.png HTTP/1.1" 304 - "-" "Mozilla/5.0 (iPhone; CPU iPhone OS 26_3_1 like Mac OS X) AppleWebKit/605.1.15 (KHTML, like Gecko) CriOS/146.0.7680.151 Mobile/15E148 Safari/604.1"
47.82.11.88 - - [31/Mar/2026:22:43:19 +0000] "GET /2026/02/25/new-zealand-online-pokies-that-accept-neosurf/ HTTP/1.1" 200 104774 "https://sumitkumarlaw.co.nz/" "Mozilla/5.0 (Windows NT 10.0; Win64; x64) AppleWebKit/537.36 (KHTML, like Gecko) Chrome/135.0.0.0 Safari/537.36 Edg/135.0.0.0"
66.249.70.69 - - [31/Mar/2026:22:43:28 +0000] "GET /2026/02/25/pokies-with-welcome-bonus-no-download/ HTTP/1.1" 200 103754 "-" "Mozilla/5.0 (Linux; Android 6.0.1; Nexus 5X Build/MMB29P) AppleWebKit/537.36 (KHTML, like Gecko) Chrome/146.0.7680.164 Mobile Safari/537.36 (compatible; Googlebot/2.1; +http://www.google.com/bot.html)"
122.58.229.85 - - [31/Mar/2026:22:44:59 +0000] "POST /autodiscover/autodiscover.xml HTTP/1.1" 200 1233 "-" "Microsoft Office/16.0 (Windows NT 10.0; Microsoft Outlook 16.0.19822; Pro)"
45.79.238.235 - - [31/Mar/2026:22:45:06 +0000] "POST /wp-cron.php?doing_wp_cron=1774997106.5039238929748535156250 HTTP/1.1" 200 - "-" "WordPress/6.9.4; https://sumitkumarlaw.co.nz"
66.249.70.69 - - [31/Mar/2026:22:45:05 +0000] "GET /2026/02/25/gambling-is-legal-in-australia/ HTTP/1.1" 200 104770 "-" "Mozilla/5.0 (Linux; Android 6.0.1; Nexus 5X Build/MMB29P) AppleWebKit/537.36 (KHTML, like Gecko) Chrome/146.0.7680.164 Mobile Safari/537.36 (compatible; Googlebot/2.1; +http://www.google.com/bot.html)"
66.249.70.68 - - [31/Mar/2026:22:45:40 +0000] "GET /2026/02/25/no-deposit-cash-bonus-casino-new-zealand/ HTTP/1.1" 200 103837 "-" "Mozilla/5.0 (Linux; Android 6.0.1; Nexus 5X Build/MMB29P) AppleWebKit/537.36 (KHTML, like Gecko) Chrome/146.0.7680.164 Mobile Safari/537.36 (compatible; Googlebot/2.1; +http://www.google.com/bot.html)"
45.79.238.235 - - [31/Mar/2026:22:45:53 +0000] "POST /wp-cron.php?doing_wp_cron=1774997153.8614180088043212890625 HTTP/1.1" 200 - "-" "WordPress/6.9.4; https://sumitkumarlaw.co.nz"
66.249.70.67 - - [31/Mar/2026:22:45:53 +0000] "GET /2026/02/25/hard-rock-casino-sioux-city-nz/ HTTP/1.1" 200 103507 "-" "Mozilla/5.0 (Linux; Android 6.0.1; Nexus 5X Build/MMB29P) AppleWebKit/537.36 (KHTML, like Gecko) Chrome/146.0.7680.164 Mobile Safari/537.36 (compatible; Googlebot/2.1; +http://www.google.com/bot.html)"
66.249.70.68 - - [31/Mar/2026:22:46:41 +0000] "GET /2026/02/25/world-s-largest-casino-in-australia/ HTTP/1.1" 200 104699 "-" "Mozilla/5.0 (Linux; Android 6.0.1; Nexus 5X Build/MMB29P) AppleWebKit/537.36 (KHTML, like Gecko) Chrome/146.0.7680.164 Mobile Safari/537.36 (compatible; Googlebot/2.1; +http://www.google.com/bot.html)"
45.79.238.235 - - [31/Mar/2026:22:46:53 +0000] "POST /wp-cron.php?doing_wp_cron=1774997213.1385970115661621093750 HTTP/1.1" 200 - "-" "WordPress/6.9.4; https://sumitkumarlaw.co.nz"
66.249.70.68 - - [31/Mar/2026:22:46:52 +0000] "GET /2026/02/25/the-top-australian-pokies-to-play/ HTTP/1.1" 200 103593 "-" "Mozilla/5.0 (Linux; Android 6.0.1; Nexus 5X Build/MMB29P) AppleWebKit/537.36 (KHTML, like Gecko) Chrome/146.0.7680.164 Mobile Safari/537.36 (compatible; Googlebot/2.1; +http://www.google.com/bot.html)"
66.249.70.69 - - [31/Mar/2026:22:47:31 +0000] "GET /2026/02/25/free-no-deposit-casino-bonus-codes-nz-only/ HTTP/1.1" 200 103956 "-" "Mozilla/5.0 (Linux; Android 6.0.1; Nexus 5X Build/MMB29P) AppleWebKit/537.36 (KHTML, like Gecko) Chrome/146.0.7680.164 Mobile Safari/537.36 (compatible; Googlebot/2.1; +http://www.google.com/bot.html)"
66.249.70.67 - - [31/Mar/2026:22:47:35 +0000] "GET /2026/02/25/paysafe-online-pokies/ HTTP/1.1" 200 104224 "-" "Mozilla/5.0 (Linux; Android 6.0.1; Nexus 5X Build/MMB29P) AppleWebKit/537.36 (KHTML, like Gecko) Chrome/146.0.7680.164 Mobile Safari/537.36 (compatible; Googlebot/2.1; +http://www.google.com/bot.html)"
66.249.70.68 - - [31/Mar/2026:22:47:38 +0000] "GET /2026/02/25/casino-winning-pokies-game-free/ HTTP/1.1" 200 103760 "-" "Mozilla/5.0 (Linux; Android 6.0.1; Nexus 5X Build/MMB29P) AppleWebKit/537.36 (KHTML, like Gecko) Chrome/146.0.7680.164 Mobile Safari/537.36 (compatible; Googlebot/2.1; +http://www.google.com/bot.html)"
66.249.70.67 - - [31/Mar/2026:22:47:40 +0000] "GET /2026/02/25/latest-online-casinos-australia/ HTTP/1.1" 200 103498 "-" "Mozilla/5.0 (Linux; Android 6.0.1; Nexus 5X Build/MMB29P) AppleWebKit/537.36 (KHTML, like Gecko) Chrome/146.0.7680.164 Mobile Safari/537.36 (compatible; Googlebot/2.1; +http://www.google.com/bot.html)"
66.249.70.67 - - [31/Mar/2026:22:47:44 +0000] "GET /2026/02/25/free-no-deposit-casino-codes-nz/ HTTP/1.1" 200 103504 "-" "Mozilla/5.0 (Linux; Android 6.0.1; Nexus 5X Build/MMB29P) AppleWebKit/537.36 (KHTML, like Gecko) Chrome/146.0.7680.164 Mobile Safari/537.36 (compatible; Googlebot/2.1; +http://www.google.com/bot.html)"
45.79.238.235 - - [31/Mar/2026:22:48:14 +0000] "POST /wp-cron.php?doing_wp_cron=1774997294.3292560577392578125000 HTTP/1.1" 200 - "-" "WordPress/6.9.4; https://sumitkumarlaw.co.nz"
66.249.70.69 - - [31/Mar/2026:22:48:13 +0000] "GET /2026/02/25/can-you-win-big-online-pokies/ HTTP/1.1" 200 103126 "-" "Mozilla/5.0 (Linux; Android 6.0.1; Nexus 5X Build/MMB29P) AppleWebKit/537.36 (KHTML, like Gecko) Chrome/146.0.7680.164 Mobile Safari/537.36 (compatible; Googlebot/2.1; +http://www.google.com/bot.html)"
47.82.11.99 - - [31/Mar/2026:22:48:43 +0000] "GET /2026/02/25/blackjack-ii-new-zealand/ HTTP/1.1" 200 104099 "https://sumitkumarlaw.co.nz/" "Mozilla/5.0 (Windows NT 10.0; Win64; x64) AppleWebKit/537.36 (KHTML, like Gecko) Chrome/135.0.0.0 Safari/537.36 Edg/135.0.0.0"
137.184.54.121 - - [31/Mar/2026:22:48:50 +0000] "POST /wp-login.php HTTP/1.1" 200 6286 "-" "Mozilla/5.0"
45.79.238.235 - - [31/Mar/2026:22:49:04 +0000] "POST /wp-cron.php?doing_wp_cron=1774997344.6217761039733886718750 HTTP/1.1" 200 - "-" "WordPress/6.9.4; https://sumitkumarlaw.co.nz"
165.245.238.80 - - [31/Mar/2026:22:49:04 +0000] "POST /wp-login.php HTTP/1.1" 200 6286 "-" "Mozilla/5.0"
45.79.238.235 - - [31/Mar/2026:22:50:26 +0000] "POST /wp-cron.php?doing_wp_cron=1774997426.2587800025939941406250 HTTP/1.1" 200 - "-" "WordPress/6.9.4; https://sumitkumarlaw.co.nz"
66.249.70.68 - - [31/Mar/2026:22:50:25 +0000] "GET /2026/02/25/how-much-top-online-pokies-and-casinos-israel/ HTTP/1.1" 200 103511 "-" "Mozilla/5.0 (Linux; Android 6.0.1; Nexus 5X Build/MMB29P) AppleWebKit/537.36 (KHTML, like Gecko) Chrome/146.0.7680.164 Mobile Safari/537.36 (compatible; Googlebot/2.1; +http://www.google.com/bot.html)"
66.249.70.68 - - [31/Mar/2026:22:50:30 +0000] "GET /2026/02/25/games-that-earn-real-money-new-zealand/ HTTP/1.1" 200 102909 "-" "Mozilla/5.0 (Linux; Android 6.0.1; Nexus 5X Build/MMB29P) AppleWebKit/537.36 (KHTML, like Gecko) Chrome/146.0.7680.164 Mobile Safari/537.36 (compatible; Googlebot/2.1; +http://www.google.com/bot.html)"
66.249.70.67 - - [31/Mar/2026:22:50:36 +0000] "GET /2026/02/25/popular-pokies-no-wagering/ HTTP/1.1" 200 104115 "-" "Mozilla/5.0 (Linux; Android 6.0.1; Nexus 5X Build/MMB29P) AppleWebKit/537.36 (KHTML, like Gecko) Chrome/146.0.7680.164 Mobile Safari/537.36 (compatible; Googlebot/2.1; +http://www.google.com/bot.html)"
122.58.229.85 - - [31/Mar/2026:22:51:06 +0000] "POST /autodiscover/autodiscover.xml HTTP/1.1" 200 1233 "-" "Microsoft Office/16.0 (Windows NT 10.0; Microsoft Outlook 16.0.19822; Pro)"
45.79.238.235 - - [31/Mar/2026:22:51:31 +0000] "POST /wp-cron.php?doing_wp_cron=1774997491.0675249099731445312500 HTTP/1.1" 200 - "-" "WordPress/6.9.4; https://sumitkumarlaw.co.nz"
66.249.70.67 - - [31/Mar/2026:22:51:30 +0000] "GET /2026/02/25/are-there-gambling-casinos-in-australia/ HTTP/1.1" 200 103825 "-" "Mozilla/5.0 (Linux; Android 6.0.1; Nexus 5X Build/MMB29P) AppleWebKit/537.36 (KHTML, like Gecko) Chrome/146.0.7680.164 Mobile Safari/537.36 (compatible; Googlebot/2.1; +http://www.google.com/bot.html)"
66.249.70.69 - - [31/Mar/2026:22:53:35 +0000] "GET /2026/02/25/casinos-in-windsor-australia/ HTTP/1.1" 200 102974 "-" "Mozilla/5.0 (Linux; Android 6.0.1; Nexus 5X Build/MMB29P) AppleWebKit/537.36 (KHTML, like Gecko) Chrome/146.0.7680.164 Mobile Safari/537.36 (compatible; Googlebot/2.1; +http://www.google.com/bot.html)"
66.249.70.67 - - [31/Mar/2026:22:53:37 +0000] "GET /2026/02/25/asgard-pokies-online/ HTTP/1.1" 200 104092 "-" "Mozilla/5.0 (Linux; Android 6.0.1; Nexus 5X Build/MMB29P) AppleWebKit/537.36 (KHTML, like Gecko) Chrome/146.0.7680.164 Mobile Safari/537.36 (compatible; Googlebot/2.1; +http://www.google.com/bot.html)"
66.249.70.67 - - [31/Mar/2026:22:53:57 +0000] "GET /2026/02/25/tax-free-pokies-real-money-guide/ HTTP/1.1" 200 103600 "-" "Mozilla/5.0 (Linux; Android 6.0.1; Nexus 5X Build/MMB29P) AppleWebKit/537.36 (KHTML, like Gecko) Chrome/146.0.7680.164 Mobile Safari/537.36 (compatible; Googlebot/2.1; +http://www.google.com/bot.html)"
66.249.70.67 - - [31/Mar/2026:22:54:08 +0000] "GET /2026/02/25/nz-gambling-license-fee/ HTTP/1.1" 200 103720 "-" "Mozilla/5.0 (Linux; Android 6.0.1; Nexus 5X Build/MMB29P) AppleWebKit/537.36 (KHTML, like Gecko) Chrome/146.0.7680.164 Mobile Safari/537.36 (compatible; Googlebot/2.1; +http://www.google.com/bot.html)"
47.82.11.61 - - [31/Mar/2026:22:54:35 +0000] "GET /2026/02/25/native-australia-casinos-washington-state/ HTTP/1.1" 200 104380 "https://sumitkumarlaw.co.nz/" "Mozilla/5.0 (Windows NT 10.0; Win64; x64) AppleWebKit/537.36 (KHTML, like Gecko) Chrome/134.0.0.0 Safari/537.36"
45.79.238.235 - - [31/Mar/2026:22:57:08 +0000] "POST /wp-cron.php?doing_wp_cron=1774997828.7240390777587890625000 HTTP/1.1" 200 - "-" "WordPress/6.9.4; https://sumitkumarlaw.co.nz"
66.249.70.69 - - [31/Mar/2026:22:57:07 +0000] "GET /2026/02/25/how-do-i-play-top-australian-pokies/ HTTP/1.1" 200 102917 "-" "Mozilla/5.0 (Linux; Android 6.0.1; Nexus 5X Build/MMB29P) AppleWebKit/537.36 (KHTML, like Gecko) Chrome/146.0.7680.164 Mobile Safari/537.36 (compatible; Googlebot/2.1; +http://www.google.com/bot.html)"
66.249.70.69 - - [31/Mar/2026:22:57:08 +0000] "GET /2026/02/25/au-online-casinos-no-deposit-bonus-codes/ HTTP/1.1" 200 103564 "-" "Mozilla/5.0 (Linux; Android 6.0.1; Nexus 5X Build/MMB29P) AppleWebKit/537.36 (KHTML, like Gecko) Chrome/146.0.7680.164 Mobile Safari/537.36 (compatible; Googlebot/2.1; +http://www.google.com/bot.html)"
66.249.70.67 - - [31/Mar/2026:22:57:10 +0000] "GET /2026/02/25/free-online-casino-australia-games/ HTTP/1.1" 200 103717 "-" "Mozilla/5.0 (Linux; Android 6.0.1; Nexus 5X Build/MMB29P) AppleWebKit/537.36 (KHTML, like Gecko) Chrome/146.0.7680.164 Mobile Safari/537.36 (compatible; Googlebot/2.1; +http://www.google.com/bot.html)"
66.249.70.67 - - [31/Mar/2026:22:57:11 +0000] "GET / HTTP/1.1" 200 154894 "-" "Mozilla/5.0 (Linux; Android 6.0.1; Nexus 5X Build/MMB29P) AppleWebKit/537.36 (KHTML, like Gecko) Chrome/146.0.7680.164 Mobile Safari/537.36 (compatible; Googlebot/2.1; +http://www.google.com/bot.html)"
66.249.70.67 - - [31/Mar/2026:22:57:16 +0000] "GET /wp-content/plugins/ultimate-elementor/assets/min-css/uael-frontend.min.css?ver=1.36.24 HTTP/1.1" 304 - "https://sumitkumarlaw.co.nz/" "Mozilla/5.0 (Linux; Android 6.0.1; Nexus 5X Build/MMB29P) AppleWebKit/537.36 (KHTML, like Gecko) Chrome/146.0.7680.164 Mobile Safari/537.36 (compatible; Googlebot/2.1; +http://www.google.com/bot.html)"
122.58.229.85 - - [31/Mar/2026:22:57:22 +0000] "POST /autodiscover/autodiscover.xml HTTP/1.1" 200 1233 "-" "Microsoft Office/16.0 (Windows NT 10.0; Microsoft Outlook 16.0.19822; Pro)"
45.79.238.235 - - [31/Mar/2026:22:57:56 +0000] "POST /wp-cron.php?doing_wp_cron=1774997875.9993200302124023437500 HTTP/1.1" 200 - "-" "WordPress/6.9.4; https://sumitkumarlaw.co.nz"
66.249.70.67 - - [31/Mar/2026:22:57:55 +0000] "GET /2026/02/25/all-australia-casino-no-deposit/ HTTP/1.1" 200 103020 "-" "Mozilla/5.0 (Linux; Android 6.0.1; Nexus 5X Build/MMB29P) AppleWebKit/537.36 (KHTML, like Gecko) Chrome/146.0.7680.164 Mobile Safari/537.36 (compatible; Googlebot/2.1; +http://www.google.com/bot.html)"
66.249.70.67 - - [31/Mar/2026:22:58:46 +0000] "GET /2026/02/25/profitable-pokies-sign-up/ HTTP/1.1" 200 103290 "-" "Mozilla/5.0 (Linux; Android 6.0.1; Nexus 5X Build/MMB29P) AppleWebKit/537.36 (KHTML, like Gecko) Chrome/146.0.7680.164 Mobile Safari/537.36 (compatible; Googlebot/2.1; +http://www.google.com/bot.html)"
45.79.238.235 - - [31/Mar/2026:22:59:37 +0000] "POST /wp-cron.php?doing_wp_cron=1774997977.3652150630950927734375 HTTP/1.1" 200 - "-" "WordPress/6.9.4; https://sumitkumarlaw.co.nz"
66.249.70.68 - - [31/Mar/2026:22:59:36 +0000] "GET /?p=2930 HTTP/1.1" 301 - "-" "Mozilla/5.0 (Linux; Android 6.0.1; Nexus 5X Build/MMB29P) AppleWebKit/537.36 (KHTML, like Gecko) Chrome/146.0.7680.164 Mobile Safari/537.36 (compatible; Googlebot/2.1; +http://www.google.com/bot.html)"
66.249.70.67 - - [31/Mar/2026:22:59:38 +0000] "GET /2026/02/25/online-casino-au-10-deposit/ HTTP/1.1" 200 104231 "-" "Mozilla/5.0 (Linux; Android 6.0.1; Nexus 5X Build/MMB29P) AppleWebKit/537.36 (KHTML, like Gecko) Chrome/146.0.7680.164 Mobile Safari/537.36 (compatible; Googlebot/2.1; +http://www.google.com/bot.html)"
45.79.238.235 - - [31/Mar/2026:23:00:45 +0000] "POST /wp-cron.php?doing_wp_cron=1774998045.2353000640869140625000 HTTP/1.1" 200 - "-" "WordPress/6.9.4; https://sumitkumarlaw.co.nz"
23.226.213.237 - - [31/Mar/2026:23:00:44 +0000] "GET /2026/02/25/victorious-pokies-in-australia-no-deposit/ HTTP/1.1" 200 104757 "-" "Mozilla/5.0 (Macintosh; Intel Mac OS X 10_15_7) AppleWebKit/537.36 (KHTML, like Gecko) Chrome/142.0.0.0 Safari/537.36"
45.79.238.235 - - [31/Mar/2026:23:01:25 +0000] "POST /wp-cron.php?doing_wp_cron=1774998085.7177670001983642578125 HTTP/1.1" 200 - "-" "WordPress/6.9.4; https://sumitkumarlaw.co.nz"
66.249.70.67 - - [31/Mar/2026:23:01:25 +0000] "GET /2026/02/25/casino-chip-free-nz/ HTTP/1.1" 200 103502 "-" "Mozilla/5.0 (Linux; Android 6.0.1; Nexus 5X Build/MMB29P) AppleWebKit/537.36 (KHTML, like Gecko) Chrome/146.0.7680.164 Mobile Safari/537.36 (compatible; Googlebot/2.1; +http://www.google.com/bot.html)"
137.184.54.121 - - [31/Mar/2026:23:01:26 +0000] "POST /wp-login.php HTTP/1.1" 200 6286 "-" "Mozilla/5.0"
66.249.70.67 - - [31/Mar/2026:23:01:39 +0000] "GET /?p=3877 HTTP/1.1" 301 - "-" "Mozilla/5.0 (Linux; Android 6.0.1; Nexus 5X Build/MMB29P) AppleWebKit/537.36 (KHTML, like Gecko) Chrome/146.0.7680.164 Mobile Safari/537.36 (compatible; Googlebot/2.1; +http://www.google.com/bot.html)"
66.249.70.68 - - [31/Mar/2026:23:01:40 +0000] "GET /2026/02/25/online-pokies-australia-real/ HTTP/1.1" 200 102954 "-" "Mozilla/5.0 (Linux; Android 6.0.1; Nexus 5X Build/MMB29P) AppleWebKit/537.36 (KHTML, like Gecko) Chrome/146.0.7680.164 Mobile Safari/537.36 (compatible; Googlebot/2.1; +http://www.google.com/bot.html)"
45.79.238.235 - - [31/Mar/2026:23:02:25 +0000] "POST /wp-cron.php?doing_wp_cron=1774998144.7128050327301025390625 HTTP/1.1" 200 - "-" "WordPress/6.9.4; https://sumitkumarlaw.co.nz"
66.249.70.69 - - [31/Mar/2026:23:02:24 +0000] "GET /2026/02/25/free-deposit-casino-pokies-machines-for-fun-no-download/ HTTP/1.1" 200 103736 "-" "Mozilla/5.0 (Linux; Android 6.0.1; Nexus 5X Build/MMB29P) AppleWebKit/537.36 (KHTML, like Gecko) Chrome/146.0.7680.164 Mobile Safari/537.36 (compatible; Googlebot/2.1; +http://www.google.com/bot.html)"
45.79.238.235 - - [31/Mar/2026:23:02:53 +0000] "POST /wp-cron.php?doing_wp_cron=1774998173.0974159240722656250000 HTTP/1.1" 200 - "-" "WordPress/6.9.4; https://sumitkumarlaw.co.nz"
66.249.70.68 - - [31/Mar/2026:23:02:52 +0000] "GET /2026/02/25/free-casino-popular-pokies-machines/ HTTP/1.1" 200 103310 "-" "Mozilla/5.0 (Linux; Android 6.0.1; Nexus 5X Build/MMB29P) AppleWebKit/537.36 (KHTML, like Gecko) Chrome/146.0.7680.164 Mobile Safari/537.36 (compatible; Googlebot/2.1; +http://www.google.com/bot.html)"
122.58.229.85 - - [31/Mar/2026:23:03:25 +0000] "POST /autodiscover/autodiscover.xml HTTP/1.1" 200 1233 "-" "Microsoft Office/16.0 (Windows NT 10.0; Microsoft Outlook 16.0.19822; Pro)"
66.249.70.68 - - [31/Mar/2026:23:03:43 +0000] "GET /2026/02/25/gagner-nz-casino/ HTTP/1.1" 200 102659 "-" "Mozilla/5.0 (Linux; Android 6.0.1; Nexus 5X Build/MMB29P) AppleWebKit/537.36 (KHTML, like Gecko) Chrome/146.0.7680.164 Mobile Safari/537.36 (compatible; Googlebot/2.1; +http://www.google.com/bot.html)"
45.79.238.235 - - [31/Mar/2026:23:04:59 +0000] "POST /wp-cron.php?doing_wp_cron=1774998299.0886011123657226562500 HTTP/1.1" 200 - "-" "WordPress/6.9.4; https://sumitkumarlaw.co.nz"
66.249.70.69 - - [31/Mar/2026:23:04:58 +0000] "GET /2026/02/25/free-australian-deposit-casino-pokies/ HTTP/1.1" 200 103771 "-" "Mozilla/5.0 (Linux; Android 6.0.1; Nexus 5X Build/MMB29P) AppleWebKit/537.36 (KHTML, like Gecko) Chrome/146.0.7680.164 Mobile Safari/537.36 (compatible; Googlebot/2.1; +http://www.google.com/bot.html)"
165.245.238.80 - - [31/Mar/2026:23:05:51 +0000] "POST /wp-login.php HTTP/1.1" 200 6286 "-" "Mozilla/5.0"
141.98.11.44 - - [31/Mar/2026:23:08:02 +0000] "GET /wp-includes/sodium_compat/src/Core/SecretStream/State.php HTTP/1.1" 403 4170 "-" "Mozilla/5.0 (Windows NT 10.0; Win64; x64) AppleWebKit/537.36"
45.79.238.235 - - [31/Mar/2026:23:09:30 +0000] "POST /wp-cron.php?doing_wp_cron=1774998570.5828149318695068359375 HTTP/1.1" 200 - "-" "WordPress/6.9.4; https://sumitkumarlaw.co.nz"
82.152.57.223 - - [31/Mar/2026:23:09:29 +0000] "GET /?p=1088 HTTP/1.1" 301 - "-" "Mozilla/5.0 (Macintosh; Intel Mac OS X 10_15_7) AppleWebKit/537.36 (KHTML, like Gecko) Chrome/104.0.0.0 Safari/537.36"
82.152.57.223 - - [31/Mar/2026:23:09:31 +0000] "GET /2026/02/25/online-pokies-ukash/ HTTP/1.1" 200 105165 "-" "Mozilla/5.0 (Macintosh; Intel Mac OS X 10_15_7) AppleWebKit/537.36 (KHTML, like Gecko) Chrome/104.0.0.0 Safari/537.36"
82.26.183.245 - - [31/Mar/2026:23:09:33 +0000] "GET /2026/02/25/au-casino-amex/ HTTP/1.1" 200 104691 "-" "Mozilla/5.0 (Macintosh; Intel Mac OS X 10_15_7) AppleWebKit/537.36 (KHTML, like Gecko) Chrome/104.0.0.0 Safari/537.36"
82.24.97.36 - - [31/Mar/2026:23:09:35 +0000] "GET /2026/02/25/casino-pokies-with-high-wins/ HTTP/1.1" 200 104257 "-" "Mozilla/5.0 (Macintosh; Intel Mac OS X 10_15_7) AppleWebKit/537.36 (KHTML, like Gecko) Chrome/104.0.0.0 Safari/537.36"
82.26.182.119 - - [31/Mar/2026:23:09:37 +0000] "GET /2026/02/25/pokies-for-real-money-free-no-deposit/ HTTP/1.1" 200 104079 "-" "Mozilla/5.0 (Macintosh; Intel Mac OS X 10_15_7) AppleWebKit/537.36 (KHTML, like Gecko) Chrome/104.0.0.0 Safari/537.36"
82.39.180.42 - - [31/Mar/2026:23:09:43 +0000] "GET /?p=1223 HTTP/1.1" 301 - "-" "Mozilla/5.0 (Macintosh; Intel Mac OS X 10_15_7) AppleWebKit/537.36 (KHTML, like Gecko) Chrome/104.0.0.0 Safari/537.36"
82.39.180.42 - - [31/Mar/2026:23:09:44 +0000] "GET /2026/02/25/emerald-queen-casino-construction/ HTTP/1.1" 200 104907 "-" "Mozilla/5.0 (Macintosh; Intel Mac OS X 10_15_7) AppleWebKit/537.36 (KHTML, like Gecko) Chrome/104.0.0.0 Safari/537.36"
82.41.214.96 - - [31/Mar/2026:23:09:46 +0000] "GET /?p=809 HTTP/1.1" 301 - "-" "Mozilla/5.0 (Macintosh; Intel Mac OS X 10_15_7) AppleWebKit/537.36 (KHTML, like Gecko) Chrome/104.0.0.0 Safari/537.36"
82.41.214.96 - - [31/Mar/2026:23:09:47 +0000] "GET /2026/02/25/sarnia-new-zealand-casino/ HTTP/1.1" 200 104760 "-" "Mozilla/5.0 (Macintosh; Intel Mac OS X 10_15_7) AppleWebKit/537.36 (KHTML, like Gecko) Chrome/104.0.0.0 Safari/537.36"
122.58.229.85 - - [31/Mar/2026:23:09:54 +0000] "POST /autodiscover/autodiscover.xml HTTP/1.1" 200 1233 "-" "Microsoft Office/16.0 (Windows NT 10.0; Microsoft Outlook 16.0.19822; Pro)"
45.79.238.235 - - [31/Mar/2026:23:12:03 +0000] "POST /wp-cron.php?doing_wp_cron=1774998722.9131920337677001953125 HTTP/1.1" 200 - "-" "WordPress/6.9.4; https://sumitkumarlaw.co.nz"
66.249.70.67 - - [31/Mar/2026:23:12:02 +0000] "GET /2026/02/25/profitable-pokies-with-free-bonus-no-deposit/ HTTP/1.1" 200 103831 "-" "Mozilla/5.0 (Linux; Android 6.0.1; Nexus 5X Build/MMB29P) AppleWebKit/537.36 (KHTML, like Gecko) Chrome/146.0.7680.164 Mobile Safari/537.36 (compatible; Googlebot/2.1; +http://www.google.com/bot.html)"
66.249.70.68 - - [31/Mar/2026:23:12:10 +0000] "GET /2026/02/25/newcastle-casino-in-aurora-au/ HTTP/1.1" 200 103828 "-" "Mozilla/5.0 (Linux; Android 6.0.1; Nexus 5X Build/MMB29P) AppleWebKit/537.36 (KHTML, like Gecko) Chrome/146.0.7680.164 Mobile Safari/537.36 (compatible; Googlebot/2.1; +http://www.google.com/bot.html)"
161.178.140.192 - - [31/Mar/2026:23:12:23 +0000] "POST /wp-login.php HTTP/1.1" 200 6286 "-" "Mozilla/5.0"
45.79.238.235 - - [31/Mar/2026:23:13:15 +0000] "POST /wp-cron.php?doing_wp_cron=1774998795.1148400306701660156250 HTTP/1.1" 200 - "-" "WordPress/6.9.4; https://sumitkumarlaw.co.nz"
66.249.70.69 - - [31/Mar/2026:23:13:14 +0000] "GET /?p=4746 HTTP/1.1" 301 - "-" "Mozilla/5.0 (Linux; Android 6.0.1; Nexus 5X Build/MMB29P) AppleWebKit/537.36 (KHTML, like Gecko) Chrome/146.0.7680.164 Mobile Safari/537.36 (compatible; Googlebot/2.1; +http://www.google.com/bot.html)"
66.249.70.68 - - [31/Mar/2026:23:13:15 +0000] "GET /2026/02/25/pokies-in-sydney-airport/ HTTP/1.1" 200 103866 "-" "Mozilla/5.0 (Linux; Android 6.0.1; Nexus 5X Build/MMB29P) AppleWebKit/537.36 (KHTML, like Gecko) Chrome/146.0.7680.164 Mobile Safari/537.36 (compatible; Googlebot/2.1; +http://www.google.com/bot.html)"
