45.79.238.235 - - [31/Mar/2026:21:42:56 +0000] "POST /wp-cron.php?doing_wp_cron=1774993376.7095239162445068359375 HTTP/1.1" 200 - "-" "WordPress/6.9.4; https://sumitkumarlaw.co.nz"
199.45.155.97 - - [31/Mar/2026:21:42:55 +0000] "GET / HTTP/1.1" 200 154883 "-" "Mozilla/5.0 (compatible; CensysInspect/1.1; +https://about.censys.io/)"
199.45.155.97 - - [31/Mar/2026:21:43:02 +0000] "GET /favicon.ico HTTP/1.1" 302 - "-" "Mozilla/5.0 (compatible; CensysInspect/1.1; +https://about.censys.io/)"
66.249.70.67 - - [31/Mar/2026:21:43:05 +0000] "GET /2026/02/25/virtual-pokies-free-sign-up-bonus/ HTTP/1.1" 200 103573 "-" "Mozilla/5.0 (Linux; Android 6.0.1; Nexus 5X Build/MMB29P) AppleWebKit/537.36 (KHTML, like Gecko) Chrome/146.0.7680.164 Mobile Safari/537.36 (compatible; Googlebot/2.1; +http://www.google.com/bot.html)"
66.249.70.68 - - [31/Mar/2026:21:43:06 +0000] "GET /2026/02/25/100-secure-payout-the-same-day-online-casino-nz/ HTTP/1.1" 200 103412 "-" "Mozilla/5.0 (Linux; Android 6.0.1; Nexus 5X Build/MMB29P) AppleWebKit/537.36 (KHTML, like Gecko) Chrome/146.0.7680.164 Mobile Safari/537.36 (compatible; Googlebot/2.1; +http://www.google.com/bot.html)"
66.249.70.67 - - [31/Mar/2026:21:43:49 +0000] "GET /2026/02/25/new-winning-pokies-paysafe/ HTTP/1.1" 200 103270 "-" "Mozilla/5.0 (Linux; Android 6.0.1; Nexus 5X Build/MMB29P) AppleWebKit/537.36 (KHTML, like Gecko) Chrome/146.0.7680.164 Mobile Safari/537.36 (compatible; Googlebot/2.1; +http://www.google.com/bot.html)"
45.79.238.235 - - [31/Mar/2026:21:43:59 +0000] "POST /wp-cron.php?doing_wp_cron=1774993438.9935729503631591796875 HTTP/1.1" 200 - "-" "WordPress/6.9.4; https://sumitkumarlaw.co.nz"
66.249.70.67 - - [31/Mar/2026:21:43:57 +0000] "GET /2026/02/25/goldstrike-casino-jean-nz/ HTTP/1.1" 200 103597 "-" "Mozilla/5.0 (Linux; Android 6.0.1; Nexus 5X Build/MMB29P) AppleWebKit/537.36 (KHTML, like Gecko) Chrome/146.0.7680.164 Mobile Safari/537.36 (compatible; Googlebot/2.1; +http://www.google.com/bot.html)"
66.249.70.67 - - [31/Mar/2026:21:44:05 +0000] "GET /2026/02/25/best-au-online-casino-bonus-no-deposit-no-max-cash-out/ HTTP/1.1" 200 104105 "-" "Mozilla/5.0 (Linux; Android 6.0.1; Nexus 5X Build/MMB29P) AppleWebKit/537.36 (KHTML, like Gecko) Chrome/146.0.7680.164 Mobile Safari/537.36 (compatible; Googlebot/2.1; +http://www.google.com/bot.html)"
66.249.70.68 - - [31/Mar/2026:21:44:40 +0000] "GET /2026/02/25/tax-free-pokies-deals/ HTTP/1.1" 200 103222 "-" "Mozilla/5.0 (Linux; Android 6.0.1; Nexus 5X Build/MMB29P) AppleWebKit/537.36 (KHTML, like Gecko) Chrome/146.0.7680.164 Mobile Safari/537.36 (compatible; Googlebot/2.1; +http://www.google.com/bot.html)"
45.79.238.235 - - [31/Mar/2026:21:45:01 +0000] "POST /wp-cron.php?doing_wp_cron=1774993501.3269319534301757812500 HTTP/1.1" 200 - "-" "WordPress/6.9.4; https://sumitkumarlaw.co.nz"
47.72.8.219 - - [31/Mar/2026:21:45:00 +0000] "GET /2026/02/25/nz-200-no-deposit-bonus-200-free-spins/ HTTP/1.1" 200 105610 "https://www.google.com/" "Mozilla/5.0 (Linux; Android 10; K) AppleWebKit/537.36 (KHTML, like Gecko) Chrome/146.0.0.0 Mobile Safari/537.36"
47.72.8.219 - - [31/Mar/2026:21:45:02 +0000] "GET /wp-content/themes/astra/assets/css/minified/frontend.min.css?ver=4.4.0 HTTP/1.1" 304 - "https://sumitkumarlaw.co.nz/2026/02/25/nz-200-no-deposit-bonus-200-free-spins/" "Mozilla/5.0 (Linux; Android 10; K) AppleWebKit/537.36 (KHTML, like Gecko) Chrome/146.0.0.0 Mobile Safari/537.36"
47.72.8.219 - - [31/Mar/2026:21:45:02 +0000] "GET /wp-content/uploads/astra-addon/astra-addon-6604edca6629b0-88455585.css?ver=4.4.0 HTTP/1.1" 304 - "https://sumitkumarlaw.co.nz/2026/02/25/nz-200-no-deposit-bonus-200-free-spins/" "Mozilla/5.0 (Linux; Android 10; K) AppleWebKit/537.36 (KHTML, like Gecko) Chrome/146.0.0.0 Mobile Safari/537.36"
47.72.8.219 - - [31/Mar/2026:21:45:02 +0000] "GET /wp-includes/css/dist/block-library/style.min.css?ver=6.9.4 HTTP/1.1" 304 - "https://sumitkumarlaw.co.nz/2026/02/25/nz-200-no-deposit-bonus-200-free-spins/" "Mozilla/5.0 (Linux; Android 10; K) AppleWebKit/537.36 (KHTML, like Gecko) Chrome/146.0.0.0 Mobile Safari/537.36"
47.72.8.219 - - [31/Mar/2026:21:45:02 +0000] "GET /wp-includes/js/jquery/jquery-migrate.min.js?ver=3.4.1 HTTP/1.1" 304 - "https://sumitkumarlaw.co.nz/2026/02/25/nz-200-no-deposit-bonus-200-free-spins/" "Mozilla/5.0 (Linux; Android 10; K) AppleWebKit/537.36 (KHTML, like Gecko) Chrome/146.0.0.0 Mobile Safari/537.36"
47.72.8.219 - - [31/Mar/2026:21:45:02 +0000] "GET /wp-includes/js/jquery/jquery.min.js?ver=3.7.1 HTTP/1.1" 304 - "https://sumitkumarlaw.co.nz/2026/02/25/nz-200-no-deposit-bonus-200-free-spins/" "Mozilla/5.0 (Linux; Android 10; K) AppleWebKit/537.36 (KHTML, like Gecko) Chrome/146.0.0.0 Mobile Safari/537.36"
47.72.8.219 - - [31/Mar/2026:21:45:02 +0000] "GET /wp-content/themes/astra/assets/js/minified/frontend.min.js?ver=4.4.0 HTTP/1.1" 304 - "https://sumitkumarlaw.co.nz/2026/02/25/nz-200-no-deposit-bonus-200-free-spins/" "Mozilla/5.0 (Linux; Android 10; K) AppleWebKit/537.36 (KHTML, like Gecko) Chrome/146.0.0.0 Mobile Safari/537.36"
47.72.8.219 - - [31/Mar/2026:21:45:02 +0000] "GET /wp-content/uploads/2024/03/image-2-1024x507.png HTTP/1.1" 304 - "https://sumitkumarlaw.co.nz/2026/02/25/nz-200-no-deposit-bonus-200-free-spins/" "Mozilla/5.0 (Linux; Android 10; K) AppleWebKit/537.36 (KHTML, like Gecko) Chrome/146.0.0.0 Mobile Safari/537.36"
47.72.8.219 - - [31/Mar/2026:21:45:02 +0000] "GET /wp-content/uploads/astra-addon/astra-addon-6604edca66e0e9-59157626.js?ver=4.4.0 HTTP/1.1" 304 - "https://sumitkumarlaw.co.nz/2026/02/25/nz-200-no-deposit-bonus-200-free-spins/" "Mozilla/5.0 (Linux; Android 10; K) AppleWebKit/537.36 (KHTML, like Gecko) Chrome/146.0.0.0 Mobile Safari/537.36"
47.72.8.219 - - [31/Mar/2026:21:45:04 +0000] "GET /favicon.ico HTTP/1.1" 302 - "https://sumitkumarlaw.co.nz/2026/02/25/nz-200-no-deposit-bonus-200-free-spins/" "Mozilla/5.0 (Linux; Android 10; K) AppleWebKit/537.36 (KHTML, like Gecko) Chrome/146.0.0.0 Mobile Safari/537.36"
47.72.8.219 - - [31/Mar/2026:21:45:05 +0000] "GET /wp-includes/images/w-logo-blue-white-bg.png HTTP/1.1" 304 - "https://sumitkumarlaw.co.nz/2026/02/25/nz-200-no-deposit-bonus-200-free-spins/" "Mozilla/5.0 (Linux; Android 10; K) AppleWebKit/537.36 (KHTML, like Gecko) Chrome/146.0.0.0 Mobile Safari/537.36"
74.7.230.20 - - [31/Mar/2026:21:45:06 +0000] "GET /robots.txt HTTP/1.1" 304 - "-" "Mozilla/5.0 (Macintosh; Intel Mac OS X 10_15_7) AppleWebKit/537.36 (KHTML, like Gecko) Chrome/131.0.0.0 Safari/537.36; compatible; OAI-SearchBot/1.3; robots.txt; +https://openai.com/searchbot"
137.184.54.121 - - [31/Mar/2026:21:45:11 +0000] "POST /wp-login.php HTTP/1.1" 200 6286 "-" "Mozilla/5.0"
45.79.238.235 - - [31/Mar/2026:21:46:22 +0000] "POST /wp-cron.php?doing_wp_cron=1774993582.4417600631713867187500 HTTP/1.1" 200 - "-" "WordPress/6.9.4; https://sumitkumarlaw.co.nz"
66.249.70.69 - - [31/Mar/2026:21:46:21 +0000] "GET /2026/02/25/free-deposit-casino-pokies-online/ HTTP/1.1" 200 103931 "-" "Mozilla/5.0 (Linux; Android 6.0.1; Nexus 5X Build/MMB29P) AppleWebKit/537.36 (KHTML, like Gecko) Chrome/146.0.7680.164 Mobile Safari/537.36 (compatible; Googlebot/2.1; +http://www.google.com/bot.html)"
66.249.70.67 - - [31/Mar/2026:21:46:24 +0000] "GET /2026/02/25/free-fun-pokies-in-australia-machines/ HTTP/1.1" 200 103615 "-" "Mozilla/5.0 (Linux; Android 6.0.1; Nexus 5X Build/MMB29P) AppleWebKit/537.36 (KHTML, like Gecko) Chrome/146.0.7680.164 Mobile Safari/537.36 (compatible; Googlebot/2.1; +http://www.google.com/bot.html)"
66.249.70.69 - - [31/Mar/2026:21:46:28 +0000] "GET /2026/02/25/pokies-in-new-zealand-casino/ HTTP/1.1" 200 103892 "-" "Mozilla/5.0 (Linux; Android 6.0.1; Nexus 5X Build/MMB29P) AppleWebKit/537.36 (KHTML, like Gecko) Chrome/146.0.7680.164 Mobile Safari/537.36 (compatible; Googlebot/2.1; +http://www.google.com/bot.html)"
45.79.238.235 - - [31/Mar/2026:21:47:13 +0000] "POST /wp-cron.php?doing_wp_cron=1774993633.1200170516967773437500 HTTP/1.1" 200 - "-" "WordPress/6.9.4; https://sumitkumarlaw.co.nz"
66.249.70.69 - - [31/Mar/2026:21:47:12 +0000] "GET /2026/02/25/no-deposit-bonus-au-casinos/ HTTP/1.1" 200 103699 "-" "Mozilla/5.0 (Linux; Android 6.0.1; Nexus 5X Build/MMB29P) AppleWebKit/537.36 (KHTML, like Gecko) Chrome/146.0.7680.164 Mobile Safari/537.36 (compatible; Googlebot/2.1; +http://www.google.com/bot.html)"
66.249.70.68 - - [31/Mar/2026:21:47:49 +0000] "GET /?p=1675 HTTP/1.1" 301 - "-" "Mozilla/5.0 (Linux; Android 6.0.1; Nexus 5X Build/MMB29P) AppleWebKit/537.36 (KHTML, like Gecko) Chrome/146.0.7680.164 Mobile Safari/537.36 (compatible; Googlebot/2.1; +http://www.google.com/bot.html)"
66.249.70.68 - - [31/Mar/2026:21:47:50 +0000] "GET /2026/02/25/online-casinos-in-australia/ HTTP/1.1" 200 103727 "-" "Mozilla/5.0 (Linux; Android 6.0.1; Nexus 5X Build/MMB29P) AppleWebKit/537.36 (KHTML, like Gecko) Chrome/146.0.7680.164 Mobile Safari/537.36 (compatible; Googlebot/2.1; +http://www.google.com/bot.html)"
45.79.238.235 - - [31/Mar/2026:21:48:19 +0000] "POST /wp-cron.php?doing_wp_cron=1774993699.1827421188354492187500 HTTP/1.1" 200 - "-" "WordPress/6.9.4; https://sumitkumarlaw.co.nz"
66.249.70.69 - - [31/Mar/2026:21:48:18 +0000] "GET /2026/02/25/highest-payout-pokies-for-real-money/ HTTP/1.1" 200 103006 "-" "Mozilla/5.0 (Linux; Android 6.0.1; Nexus 5X Build/MMB29P) AppleWebKit/537.36 (KHTML, like Gecko) Chrome/146.0.7680.164 Mobile Safari/537.36 (compatible; Googlebot/2.1; +http://www.google.com/bot.html)"
122.58.229.85 - - [31/Mar/2026:21:48:34 +0000] "POST /autodiscover/autodiscover.xml HTTP/1.1" 200 1233 "-" "Microsoft Office/16.0 (Windows NT 10.0; Microsoft Outlook 16.0.19822; Pro)"
66.249.70.68 - - [31/Mar/2026:21:48:43 +0000] "GET /2026/02/25/australia-winning-pokies/ HTTP/1.1" 200 103633 "-" "Mozilla/5.0 (Linux; Android 6.0.1; Nexus 5X Build/MMB29P) AppleWebKit/537.36 (KHTML, like Gecko) Chrome/146.0.7680.164 Mobile Safari/537.36 (compatible; Googlebot/2.1; +http://www.google.com/bot.html)"
45.79.238.235 - - [31/Mar/2026:21:50:00 +0000] "POST /wp-cron.php?doing_wp_cron=1774993800.2325789928436279296875 HTTP/1.1" 200 - "-" "WordPress/6.9.4; https://sumitkumarlaw.co.nz"
66.249.70.69 - - [31/Mar/2026:21:49:58 +0000] "GET /2026/02/25/no-wager-casino-bonus-australia/ HTTP/1.1" 200 104110 "-" "Mozilla/5.0 (Linux; Android 6.0.1; Nexus 5X Build/MMB29P) AppleWebKit/537.36 (KHTML, like Gecko) Chrome/146.0.7680.164 Mobile Safari/537.36 (compatible; Googlebot/2.1; +http://www.google.com/bot.html)"
45.79.238.235 - - [31/Mar/2026:21:51:11 +0000] "POST /wp-cron.php?doing_wp_cron=1774993871.4400091171264648437500 HTTP/1.1" 200 - "-" "WordPress/6.9.4; https://sumitkumarlaw.co.nz"
66.249.70.69 - - [31/Mar/2026:21:51:09 +0000] "GET /2026/02/25/join-new-winning-pokies/ HTTP/1.1" 200 103531 "-" "Mozilla/5.0 (Linux; Android 6.0.1; Nexus 5X Build/MMB29P) AppleWebKit/537.36 (KHTML, like Gecko) Chrome/146.0.7680.164 Mobile Safari/537.36 (compatible; Googlebot/2.1; +http://www.google.com/bot.html)"
45.79.238.235 - - [31/Mar/2026:21:52:06 +0000] "POST /wp-cron.php?doing_wp_cron=1774993926.7846009731292724609375 HTTP/1.1" 200 - "-" "WordPress/6.9.4; https://sumitkumarlaw.co.nz"
66.249.70.69 - - [31/Mar/2026:21:52:05 +0000] "GET /?p=6628 HTTP/1.1" 301 - "-" "Mozilla/5.0 (Linux; Android 6.0.1; Nexus 5X Build/MMB29P) AppleWebKit/537.36 (KHTML, like Gecko) Chrome/146.0.7680.164 Mobile Safari/537.36 (compatible; Googlebot/2.1; +http://www.google.com/bot.html)"
66.249.70.69 - - [31/Mar/2026:21:52:07 +0000] "GET /2026/02/25/site-of-pokies-casino-australia/ HTTP/1.1" 200 103426 "-" "Mozilla/5.0 (Linux; Android 6.0.1; Nexus 5X Build/MMB29P) AppleWebKit/537.36 (KHTML, like Gecko) Chrome/146.0.7680.164 Mobile Safari/537.36 (compatible; Googlebot/2.1; +http://www.google.com/bot.html)"
66.249.70.68 - - [31/Mar/2026:21:52:30 +0000] "GET /2026/02/25/casino-ridgecrest-au/ HTTP/1.1" 200 103819 "-" "Mozilla/5.0 (Linux; Android 6.0.1; Nexus 5X Build/MMB29P) AppleWebKit/537.36 (KHTML, like Gecko) Chrome/146.0.7680.164 Mobile Safari/537.36 (compatible; Googlebot/2.1; +http://www.google.com/bot.html)"
66.249.70.67 - - [31/Mar/2026:21:52:38 +0000] "GET /?p=5950 HTTP/1.1" 301 - "-" "Mozilla/5.0 (Linux; Android 6.0.1; Nexus 5X Build/MMB29P) AppleWebKit/537.36 (KHTML, like Gecko) Chrome/146.0.7680.164 Mobile Safari/537.36 (compatible; Googlebot/2.1; +http://www.google.com/bot.html)"
66.249.70.67 - - [31/Mar/2026:21:52:38 +0000] "GET /2026/02/25/auslots-pokies/ HTTP/1.1" 200 103360 "-" "Mozilla/5.0 (Linux; Android 6.0.1; Nexus 5X Build/MMB29P) AppleWebKit/537.36 (KHTML, like Gecko) Chrome/146.0.7680.164 Mobile Safari/537.36 (compatible; Googlebot/2.1; +http://www.google.com/bot.html)"
45.79.238.235 - - [31/Mar/2026:21:53:11 +0000] "POST /wp-cron.php?doing_wp_cron=1774993991.8585910797119140625000 HTTP/1.1" 200 - "-" "WordPress/6.9.4; https://sumitkumarlaw.co.nz"
66.249.70.67 - - [31/Mar/2026:21:53:11 +0000] "GET /2026/02/25/mobile-pokies-real-money-in-new-zealand/ HTTP/1.1" 200 104347 "-" "Mozilla/5.0 (Linux; Android 6.0.1; Nexus 5X Build/MMB29P) AppleWebKit/537.36 (KHTML, like Gecko) Chrome/146.0.7680.164 Mobile Safari/537.36 (compatible; Googlebot/2.1; +http://www.google.com/bot.html)"
66.249.70.68 - - [31/Mar/2026:21:53:19 +0000] "GET /2026/02/25/gambling-counselling-brisbane/ HTTP/1.1" 200 103780 "-" "Mozilla/5.0 (Linux; Android 6.0.1; Nexus 5X Build/MMB29P) AppleWebKit/537.36 (KHTML, like Gecko) Chrome/146.0.7680.164 Mobile Safari/537.36 (compatible; Googlebot/2.1; +http://www.google.com/bot.html)"
66.249.70.67 - - [31/Mar/2026:21:53:27 +0000] "GET /2026/02/25/free-no-download-pokies-in-new-zealand-no-registration/ HTTP/1.1" 200 103755 "-" "Mozilla/5.0 (Linux; Android 6.0.1; Nexus 5X Build/MMB29P) AppleWebKit/537.36 (KHTML, like Gecko) Chrome/146.0.7680.164 Mobile Safari/537.36 (compatible; Googlebot/2.1; +http://www.google.com/bot.html)"
66.249.70.67 - - [31/Mar/2026:21:53:31 +0000] "GET /2026/02/25/online-casino-nz-birthday-bonuses/ HTTP/1.1" 200 103771 "-" "Mozilla/5.0 (Linux; Android 6.0.1; Nexus 5X Build/MMB29P) AppleWebKit/537.36 (KHTML, like Gecko) Chrome/146.0.7680.164 Mobile Safari/537.36 (compatible; Googlebot/2.1; +http://www.google.com/bot.html)"
66.249.70.67 - - [31/Mar/2026:21:53:48 +0000] "GET /2026/02/25/can-i-put-out-my-own-pokie-machine-brisbane/ HTTP/1.1" 200 103294 "-" "Mozilla/5.0 (Linux; Android 6.0.1; Nexus 5X Build/MMB29P) AppleWebKit/537.36 (KHTML, like Gecko) Chrome/146.0.7680.164 Mobile Safari/537.36 (compatible; Googlebot/2.1; +http://www.google.com/bot.html)"
45.79.238.235 - - [31/Mar/2026:21:54:09 +0000] "POST /wp-cron.php?doing_wp_cron=1774994049.0917088985443115234375 HTTP/1.1" 200 - "-" "WordPress/6.9.4; https://sumitkumarlaw.co.nz"
66.249.70.68 - - [31/Mar/2026:21:54:08 +0000] "GET /2026/02/25/casino-san-pablo-au/ HTTP/1.1" 200 103269 "-" "Mozilla/5.0 (Linux; Android 6.0.1; Nexus 5X Build/MMB29P) AppleWebKit/537.36 (KHTML, like Gecko) Chrome/146.0.7680.164 Mobile Safari/537.36 (compatible; Googlebot/2.1; +http://www.google.com/bot.html)"
66.249.70.67 - - [31/Mar/2026:21:54:26 +0000] "GET /?p=4116 HTTP/1.1" 301 - "-" "Mozilla/5.0 (Linux; Android 6.0.1; Nexus 5X Build/MMB29P) AppleWebKit/537.36 (KHTML, like Gecko) Chrome/146.0.7680.164 Mobile Safari/537.36 (compatible; Googlebot/2.1; +http://www.google.com/bot.html)"
66.249.70.67 - - [31/Mar/2026:21:54:26 +0000] "GET /2026/02/25/canberra-casino-brisbane-west-au/ HTTP/1.1" 200 103880 "-" "Mozilla/5.0 (Linux; Android 6.0.1; Nexus 5X Build/MMB29P) AppleWebKit/537.36 (KHTML, like Gecko) Chrome/146.0.7680.164 Mobile Safari/537.36 (compatible; Googlebot/2.1; +http://www.google.com/bot.html)"
66.249.70.68 - - [31/Mar/2026:21:54:28 +0000] "GET /2026/02/25/online-casino-nz-list/ HTTP/1.1" 200 103312 "-" "Mozilla/5.0 (Linux; Android 6.0.1; Nexus 5X Build/MMB29P) AppleWebKit/537.36 (KHTML, like Gecko) Chrome/146.0.7680.164 Mobile Safari/537.36 (compatible; Googlebot/2.1; +http://www.google.com/bot.html)"
66.249.70.67 - - [31/Mar/2026:21:54:29 +0000] "GET /2026/02/25/virtual-pokies-games-no-download/ HTTP/1.1" 200 103468 "-" "Mozilla/5.0 (Linux; Android 6.0.1; Nexus 5X Build/MMB29P) AppleWebKit/537.36 (KHTML, like Gecko) Chrome/146.0.7680.164 Mobile Safari/537.36 (compatible; Googlebot/2.1; +http://www.google.com/bot.html)"
66.249.70.67 - - [31/Mar/2026:21:54:30 +0000] "GET /2026/02/25/5-cent-top-australian-pokies/ HTTP/1.1" 200 104168 "-" "Mozilla/5.0 (Linux; Android 6.0.1; Nexus 5X Build/MMB29P) AppleWebKit/537.36 (KHTML, like Gecko) Chrome/146.0.7680.164 Mobile Safari/537.36 (compatible; Googlebot/2.1; +http://www.google.com/bot.html)"
66.249.70.67 - - [31/Mar/2026:21:54:31 +0000] "GET /2026/02/25/the-best-paying-pokies-for-real-money/ HTTP/1.1" 200 103642 "-" "Mozilla/5.0 (Linux; Android 6.0.1; Nexus 5X Build/MMB29P) AppleWebKit/537.36 (KHTML, like Gecko) Chrome/146.0.7680.164 Mobile Safari/537.36 (compatible; Googlebot/2.1; +http://www.google.com/bot.html)"
122.58.229.85 - - [31/Mar/2026:21:54:59 +0000] "POST /autodiscover/autodiscover.xml HTTP/1.1" 200 1233 "-" "Microsoft Office/16.0 (Windows NT 10.0; Microsoft Outlook 16.0.19822; Pro)"
45.79.238.235 - - [31/Mar/2026:21:55:41 +0000] "POST /wp-cron.php?doing_wp_cron=1774994141.1505949497222900390625 HTTP/1.1" 200 - "-" "WordPress/6.9.4; https://sumitkumarlaw.co.nz"
66.249.70.67 - - [31/Mar/2026:21:55:40 +0000] "GET /?p=4851 HTTP/1.1" 301 - "-" "Mozilla/5.0 (Linux; Android 6.0.1; Nexus 5X Build/MMB29P) AppleWebKit/537.36 (KHTML, like Gecko) Chrome/146.0.7680.164 Mobile Safari/537.36 (compatible; Googlebot/2.1; +http://www.google.com/bot.html)"
66.249.70.67 - - [31/Mar/2026:21:55:41 +0000] "GET /2026/02/25/best-australian-pokies-casino/ HTTP/1.1" 200 103552 "-" "Mozilla/5.0 (Linux; Android 6.0.1; Nexus 5X Build/MMB29P) AppleWebKit/537.36 (KHTML, like Gecko) Chrome/146.0.7680.164 Mobile Safari/537.36 (compatible; Googlebot/2.1; +http://www.google.com/bot.html)"
66.249.70.68 - - [31/Mar/2026:21:55:45 +0000] "GET /?p=7936 HTTP/1.1" 301 - "-" "Mozilla/5.0 (Linux; Android 6.0.1; Nexus 5X Build/MMB29P) AppleWebKit/537.36 (KHTML, like Gecko) Chrome/146.0.7680.164 Mobile Safari/537.36 (compatible; Googlebot/2.1; +http://www.google.com/bot.html)"
45.79.238.235 - - [31/Mar/2026:21:55:54 +0000] "POST /wp-cron.php?doing_wp_cron=1774994154.6199951171875000000000 HTTP/1.1" 200 - "-" "WordPress/6.9.4; https://sumitkumarlaw.co.nz"
47.128.96.97 - - [31/Mar/2026:21:55:54 +0000] "GET /2026/02/25/gambling-counselling-brisbane/ HTTP/1.1" 200 104916 "-" "Mozilla/5.0 (Linux; Android 5.0) AppleWebKit/537.36 (KHTML, like Gecko) Mobile Safari/537.36 (compatible; Bytespider; spider-feedback@bytedance.com)"
46.203.118.29 - - [31/Mar/2026:21:56:39 +0000] "GET /2026/02/25/australian-real-money-pokies/ HTTP/1.1" 200 105126 "-" "Mozilla/5.0 (Macintosh; Intel Mac OS X 10_15_7) AppleWebKit/537.36 (KHTML, like Gecko) Chrome/104.0.0.0 Safari/537.36"
109.176.54.164 - - [31/Mar/2026:21:56:42 +0000] "GET /?p=827 HTTP/1.1" 301 - "-" "Mozilla/5.0 (Macintosh; Intel Mac OS X 10_15_7) AppleWebKit/537.36 (KHTML, like Gecko) Chrome/104.0.0.0 Safari/537.36"
109.176.54.164 - - [31/Mar/2026:21:56:43 +0000] "GET /2026/02/25/best-online-no-deposit-pokies-aus/ HTTP/1.1" 200 105548 "-" "Mozilla/5.0 (Macintosh; Intel Mac OS X 10_15_7) AppleWebKit/537.36 (KHTML, like Gecko) Chrome/104.0.0.0 Safari/537.36"
82.26.181.33 - - [31/Mar/2026:21:56:46 +0000] "GET /?p=916 HTTP/1.1" 301 - "-" "Mozilla/5.0 (Macintosh; Intel Mac OS X 10_15_7) AppleWebKit/537.36 (KHTML, like Gecko) Chrome/104.0.0.0 Safari/537.36"
82.26.181.33 - - [31/Mar/2026:21:56:47 +0000] "GET /2026/02/25/no-deposit-casinos-in-australia/ HTTP/1.1" 200 104743 "-" "Mozilla/5.0 (Macintosh; Intel Mac OS X 10_15_7) AppleWebKit/537.36 (KHTML, like Gecko) Chrome/104.0.0.0 Safari/537.36"
109.176.235.139 - - [31/Mar/2026:21:56:49 +0000] "GET /?p=928 HTTP/1.1" 301 - "-" "Mozilla/5.0 (Macintosh; Intel Mac OS X 10_15_7) AppleWebKit/537.36 (KHTML, like Gecko) Chrome/104.0.0.0 Safari/537.36"
109.176.235.139 - - [31/Mar/2026:21:56:50 +0000] "GET /2026/02/25/is-there-online-pokies-legal-in-new-zealand/ HTTP/1.1" 200 104919 "-" "Mozilla/5.0 (Macintosh; Intel Mac OS X 10_15_7) AppleWebKit/537.36 (KHTML, like Gecko) Chrome/104.0.0.0 Safari/537.36"
45.79.238.235 - - [31/Mar/2026:21:56:54 +0000] "POST /wp-cron.php?doing_wp_cron=1774994214.0418770313262939453125 HTTP/1.1" 200 - "-" "WordPress/6.9.4; https://sumitkumarlaw.co.nz"
46.202.241.190 - - [31/Mar/2026:21:56:53 +0000] "GET /?p=884 HTTP/1.1" 301 - "-" "Mozilla/5.0 (Macintosh; Intel Mac OS X 10_15_7) AppleWebKit/537.36 (KHTML, like Gecko) Chrome/104.0.0.0 Safari/537.36"
46.202.241.190 - - [31/Mar/2026:21:56:54 +0000] "GET /2026/02/25/how-to-win-with-deposit-casino-pokies/ HTTP/1.1" 200 104652 "-" "Mozilla/5.0 (Macintosh; Intel Mac OS X 10_15_7) AppleWebKit/537.36 (KHTML, like Gecko) Chrome/104.0.0.0 Safari/537.36"
82.152.240.2 - - [31/Mar/2026:21:56:57 +0000] "GET /?p=896 HTTP/1.1" 301 - "-" "Mozilla/5.0 (Macintosh; Intel Mac OS X 10_15_7) AppleWebKit/537.36 (KHTML, like Gecko) Chrome/104.0.0.0 Safari/537.36"
82.152.240.2 - - [31/Mar/2026:21:56:57 +0000] "GET /2026/02/25/sydney-au-casinos-harrahs/ HTTP/1.1" 200 104695 "-" "Mozilla/5.0 (Macintosh; Intel Mac OS X 10_15_7) AppleWebKit/537.36 (KHTML, like Gecko) Chrome/104.0.0.0 Safari/537.36"
66.249.70.67 - - [31/Mar/2026:21:56:58 +0000] "GET /?p=5347 HTTP/1.1" 301 - "-" "Mozilla/5.0 (Linux; Android 6.0.1; Nexus 5X Build/MMB29P) AppleWebKit/537.36 (KHTML, like Gecko) Chrome/146.0.7680.164 Mobile Safari/537.36 (compatible; Googlebot/2.1; +http://www.google.com/bot.html)"
66.249.70.67 - - [31/Mar/2026:21:56:59 +0000] "GET /2026/02/25/live-pokies-games-win-real-money/ HTTP/1.1" 200 104396 "-" "Mozilla/5.0 (Linux; Android 6.0.1; Nexus 5X Build/MMB29P) AppleWebKit/537.36 (KHTML, like Gecko) Chrome/146.0.7680.164 Mobile Safari/537.36 (compatible; Googlebot/2.1; +http://www.google.com/bot.html)"
66.249.70.68 - - [31/Mar/2026:21:57:23 +0000] "GET /?p=7777 HTTP/1.1" 301 - "-" "Mozilla/5.0 (Linux; Android 6.0.1; Nexus 5X Build/MMB29P) AppleWebKit/537.36 (KHTML, like Gecko) Chrome/146.0.7680.164 Mobile Safari/537.36 (compatible; Googlebot/2.1; +http://www.google.com/bot.html)"
66.249.70.68 - - [31/Mar/2026:21:57:23 +0000] "GET /2026/02/25/win-online-pokies-deposit-casino/ HTTP/1.1" 200 103429 "-" "Mozilla/5.0 (Linux; Android 6.0.1; Nexus 5X Build/MMB29P) AppleWebKit/537.36 (KHTML, like Gecko) Chrome/146.0.7680.164 Mobile Safari/537.36 (compatible; Googlebot/2.1; +http://www.google.com/bot.html)"
137.184.54.121 - - [31/Mar/2026:21:57:45 +0000] "POST /wp-login.php HTTP/1.1" 200 6286 "-" "Mozilla/5.0"
165.245.238.80 - - [31/Mar/2026:21:58:19 +0000] "POST /wp-login.php HTTP/1.1" 200 6286 "-" "Mozilla/5.0"
141.98.11.44 - - [31/Mar/2026:21:58:23 +0000] "GET /wp-includes/sodium_compat/src/Core/SecretStream/State.php HTTP/1.1" 403 4170 "-" "Mozilla/5.0 (Windows NT 10.0; Win64; x64) AppleWebKit/537.36"
66.249.70.69 - - [31/Mar/2026:21:58:30 +0000] "GET /2026/02/25/legal-casino-pokies-real-money/ HTTP/1.1" 200 103059 "-" "Mozilla/5.0 (Linux; Android 6.0.1; Nexus 5X Build/MMB29P) AppleWebKit/537.36 (KHTML, like Gecko) Chrome/146.0.7680.164 Mobile Safari/537.36 (compatible; Googlebot/2.1; +http://www.google.com/bot.html)"
45.79.238.235 - - [31/Mar/2026:22:01:01 +0000] "POST /wp-cron.php?doing_wp_cron=1774994461.1414079666137695312500 HTTP/1.1" 200 - "-" "WordPress/6.9.4; https://sumitkumarlaw.co.nz"
47.82.11.170 - - [31/Mar/2026:22:01:00 +0000] "GET /2026/02/25/paradise-casino-peoria-nz/ HTTP/1.1" 200 104501 "https://sumitkumarlaw.co.nz/" "Mozilla/5.0 (Windows NT 10.0; Win64; x64) AppleWebKit/537.36 (KHTML, like Gecko) Chrome/134.0.0.0 Safari/537.36"
122.58.229.85 - - [31/Mar/2026:22:01:04 +0000] "POST /autodiscover/autodiscover.xml HTTP/1.1" 200 1233 "-" "Microsoft Office/16.0 (Windows NT 10.0; Microsoft Outlook 16.0.19822; Pro)"
66.249.70.69 - - [31/Mar/2026:22:01:47 +0000] "GET /2026/02/25/new-zealand-free-pokies-online/ HTTP/1.1" 200 103568 "-" "Mozilla/5.0 (Linux; Android 6.0.1; Nexus 5X Build/MMB29P) AppleWebKit/537.36 (KHTML, like Gecko) Chrome/146.0.7680.164 Mobile Safari/537.36 (compatible; Googlebot/2.1; +http://www.google.com/bot.html)"
45.79.238.235 - - [31/Mar/2026:22:04:13 +0000] "POST /wp-cron.php?doing_wp_cron=1774994653.7696409225463867187500 HTTP/1.1" 200 - "-" "WordPress/6.9.4; https://sumitkumarlaw.co.nz"
66.249.70.67 - - [31/Mar/2026:22:04:13 +0000] "GET /2026/02/25/is-there-pokies-in-western-new-zealand/ HTTP/1.1" 200 103930 "-" "Mozilla/5.0 (Linux; Android 6.0.1; Nexus 5X Build/MMB29P) AppleWebKit/537.36 (KHTML, like Gecko) Chrome/146.0.7680.164 Mobile Safari/537.36 (compatible; Googlebot/2.1; +http://www.google.com/bot.html)"
66.249.70.68 - - [31/Mar/2026:22:04:26 +0000] "GET /2026/02/25/new-winning-pokies-no-deposits/ HTTP/1.1" 200 103483 "-" "Mozilla/5.0 (Linux; Android 6.0.1; Nexus 5X Build/MMB29P) AppleWebKit/537.36 (KHTML, like Gecko) Chrome/146.0.7680.164 Mobile Safari/537.36 (compatible; Googlebot/2.1; +http://www.google.com/bot.html)"
45.79.238.235 - - [31/Mar/2026:22:05:40 +0000] "POST /wp-cron.php?doing_wp_cron=1774994740.7170801162719726562500 HTTP/1.1" 200 - "-" "WordPress/6.9.4; https://sumitkumarlaw.co.nz"
66.249.70.68 - - [31/Mar/2026:22:05:40 +0000] "GET /2026/02/25/list-all-casino-in-new-zealand/ HTTP/1.1" 200 103092 "-" "Mozilla/5.0 (Linux; Android 6.0.1; Nexus 5X Build/MMB29P) AppleWebKit/537.36 (KHTML, like Gecko) Chrome/146.0.7680.164 Mobile Safari/537.36 (compatible; Googlebot/2.1; +http://www.google.com/bot.html)"
45.79.238.235 - - [31/Mar/2026:22:06:29 +0000] "POST /wp-cron.php?doing_wp_cron=1774994789.3901600837707519531250 HTTP/1.1" 200 - "-" "WordPress/6.9.4; https://sumitkumarlaw.co.nz"
47.82.10.60 - - [31/Mar/2026:22:06:28 +0000] "GET /?p=1629 HTTP/1.1" 301 - "https://sumitkumarlaw.co.nz/" "Mozilla/5.0 (X11; CrOS x86_64 14541.0.0) AppleWebKit/537.36 (KHTML, like Gecko) Chrome/133.0.0.0 Safari/537.36"
47.82.10.60 - - [31/Mar/2026:22:06:29 +0000] "GET /2026/02/25/best-free-slots-new-zealand/ HTTP/1.1" 200 104315 "https://sumitkumarlaw.co.nz/" "Mozilla/5.0 (X11; CrOS x86_64 14541.0.0) AppleWebKit/537.36 (KHTML, like Gecko) Chrome/133.0.0.0 Safari/537.36"
66.249.70.69 - - [31/Mar/2026:22:06:33 +0000] "GET /2026/02/25/casino-rates-in-new-zealand/ HTTP/1.1" 200 102927 "-" "Mozilla/5.0 (Linux; Android 6.0.1; Nexus 5X Build/MMB29P) AppleWebKit/537.36 (KHTML, like Gecko) Chrome/146.0.7680.164 Mobile Safari/537.36 (compatible; Googlebot/2.1; +http://www.google.com/bot.html)"
45.79.238.235 - - [31/Mar/2026:22:06:55 +0000] "POST /wp-cron.php?doing_wp_cron=1774994815.2735309600830078125000 HTTP/1.1" 200 - "-" "WordPress/6.9.4; https://sumitkumarlaw.co.nz"
66.249.70.67 - - [31/Mar/2026:22:06:54 +0000] "GET /?p=4591 HTTP/1.1" 301 - "-" "Mozilla/5.0 (Linux; Android 6.0.1; Nexus 5X Build/MMB29P) AppleWebKit/537.36 (KHTML, like Gecko) Chrome/146.0.7680.164 Mobile Safari/537.36 (compatible; Googlebot/2.1; +http://www.google.com/bot.html)"
66.249.70.67 - - [31/Mar/2026:22:06:55 +0000] "GET /2026/02/25/best-casino-in-perth-au/ HTTP/1.1" 200 103551 "-" "Mozilla/5.0 (Linux; Android 6.0.1; Nexus 5X Build/MMB29P) AppleWebKit/537.36 (KHTML, like Gecko) Chrome/146.0.7680.164 Mobile Safari/537.36 (compatible; Googlebot/2.1; +http://www.google.com/bot.html)"
66.249.70.68 - - [31/Mar/2026:22:06:56 +0000] "GET /?p=6916 HTTP/1.1" 301 - "-" "Mozilla/5.0 (Linux; Android 6.0.1; Nexus 5X Build/MMB29P) AppleWebKit/537.36 (KHTML, like Gecko) Chrome/146.0.7680.164 Mobile Safari/537.36 (compatible; Googlebot/2.1; +http://www.google.com/bot.html)"
66.249.70.68 - - [31/Mar/2026:22:06:57 +0000] "GET /2026/02/25/electronic-pokies-with-free-bonus-no-deposit/ HTTP/1.1" 200 104306 "-" "Mozilla/5.0 (Linux; Android 6.0.1; Nexus 5X Build/MMB29P) AppleWebKit/537.36 (KHTML, like Gecko) Chrome/146.0.7680.164 Mobile Safari/537.36 (compatible; Googlebot/2.1; +http://www.google.com/bot.html)"
122.58.229.85 - - [31/Mar/2026:22:07:09 +0000] "POST /autodiscover/autodiscover.xml HTTP/1.1" 200 1233 "-" "Microsoft Office/16.0 (Windows NT 10.0; Microsoft Outlook 16.0.19822; Pro)"
45.79.238.235 - - [31/Mar/2026:22:08:25 +0000] "POST /wp-cron.php?doing_wp_cron=1774994905.1757099628448486328125 HTTP/1.1" 200 - "-" "WordPress/6.9.4; https://sumitkumarlaw.co.nz"
47.82.11.83 - - [31/Mar/2026:22:08:24 +0000] "GET /2026/02/25/no-deposit-free-money-au-casino/ HTTP/1.1" 200 104705 "https://sumitkumarlaw.co.nz/" "Mozilla/5.0 (Windows NT 10.0; Win64; x64) AppleWebKit/537.36 (KHTML, like Gecko) Chrome/135.0.0.0 Safari/537.36"
66.249.70.67 - - [31/Mar/2026:22:08:33 +0000] "GET /?p=5142 HTTP/1.1" 301 - "-" "Mozilla/5.0 (Linux; Android 6.0.1; Nexus 5X Build/MMB29P) AppleWebKit/537.36 (KHTML, like Gecko) Chrome/146.0.7680.164 Mobile Safari/537.36 (compatible; Googlebot/2.1; +http://www.google.com/bot.html)"
66.249.70.67 - - [31/Mar/2026:22:08:34 +0000] "GET /2026/02/25/pokies-in-australia-casino-euro/ HTTP/1.1" 200 103673 "-" "Mozilla/5.0 (Linux; Android 6.0.1; Nexus 5X Build/MMB29P) AppleWebKit/537.36 (KHTML, like Gecko) Chrome/146.0.7680.164 Mobile Safari/537.36 (compatible; Googlebot/2.1; +http://www.google.com/bot.html)"
45.79.238.235 - - [31/Mar/2026:22:08:57 +0000] "POST /wp-cron.php?doing_wp_cron=1774994937.7776510715484619140625 HTTP/1.1" 200 - "-" "WordPress/6.9.4; https://sumitkumarlaw.co.nz"
66.249.70.67 - - [31/Mar/2026:22:08:57 +0000] "GET /2026/02/25/legit-gambling-sites-nz/ HTTP/1.1" 200 104281 "-" "Mozilla/5.0 (Linux; Android 6.0.1; Nexus 5X Build/MMB29P) AppleWebKit/537.36 (KHTML, like Gecko) Chrome/146.0.7680.164 Mobile Safari/537.36 (compatible; Googlebot/2.1; +http://www.google.com/bot.html)"
45.79.238.235 - - [31/Mar/2026:22:10:32 +0000] "POST /wp-cron.php?doing_wp_cron=1774995032.7728049755096435546875 HTTP/1.1" 200 - "-" "WordPress/6.9.4; https://sumitkumarlaw.co.nz"
137.184.54.121 - - [31/Mar/2026:22:10:32 +0000] "POST /wp-login.php HTTP/1.1" 200 6286 "-" "Mozilla/5.0"
45.79.238.235 - - [31/Mar/2026:22:11:20 +0000] "POST /wp-cron.php?doing_wp_cron=1774995080.2654039859771728515625 HTTP/1.1" 200 - "-" "WordPress/6.9.4; https://sumitkumarlaw.co.nz"
66.249.70.67 - - [31/Mar/2026:22:11:19 +0000] "GET /2026/02/25/au-mobile-casino-no-deposit-bonus-codes/ HTTP/1.1" 200 103025 "-" "Mozilla/5.0 (Linux; Android 6.0.1; Nexus 5X Build/MMB29P) AppleWebKit/537.36 (KHTML, like Gecko) Chrome/146.0.7680.164 Mobile Safari/537.36 (compatible; Googlebot/2.1; +http://www.google.com/bot.html)"
66.249.70.67 - - [31/Mar/2026:22:11:20 +0000] "GET /2026/02/25/nz-slot-festival/ HTTP/1.1" 200 102569 "-" "Mozilla/5.0 (Linux; Android 6.0.1; Nexus 5X Build/MMB29P) AppleWebKit/537.36 (KHTML, like Gecko) Chrome/146.0.7680.164 Mobile Safari/537.36 (compatible; Googlebot/2.1; +http://www.google.com/bot.html)"
18.97.9.98 - - [31/Mar/2026:22:11:59 +0000] "GET /robots.txt HTTP/1.1" 304 - "-" "Mozilla/5.0 AppleWebKit/537.36 (KHTML, like Gecko; compatible; PerplexityBot/1.0; +https://perplexity.ai/perplexitybot)"
45.79.238.235 - - [31/Mar/2026:22:12:01 +0000] "POST /wp-cron.php?doing_wp_cron=1774995121.5050048828125000000000 HTTP/1.1" 200 - "-" "WordPress/6.9.4; https://sumitkumarlaw.co.nz"
18.97.9.100 - - [31/Mar/2026:22:12:00 +0000] "GET /2026/02/25/profitable-pokies-tips-and-strategies/ HTTP/1.1" 200 104823 "-" "Mozilla/5.0 AppleWebKit/537.36 (KHTML, like Gecko; compatible; PerplexityBot/1.0; +https://perplexity.ai/perplexitybot)"
66.249.70.69 - - [31/Mar/2026:22:12:21 +0000] "GET /?p=8021 HTTP/1.1" 301 - "-" "Mozilla/5.0 (Linux; Android 6.0.1; Nexus 5X Build/MMB29P) AppleWebKit/537.36 (KHTML, like Gecko) Chrome/146.0.7680.164 Mobile Safari/537.36 (compatible; Googlebot/2.1; +http://www.google.com/bot.html)"
66.249.70.69 - - [31/Mar/2026:22:12:22 +0000] "GET /2026/02/25/pokies-in-australia-odds/ HTTP/1.1" 200 102924 "-" "Mozilla/5.0 (Linux; Android 6.0.1; Nexus 5X Build/MMB29P) AppleWebKit/537.36 (KHTML, like Gecko) Chrome/146.0.7680.164 Mobile Safari/537.36 (compatible; Googlebot/2.1; +http://www.google.com/bot.html)"
161.178.140.192 - - [31/Mar/2026:22:12:28 +0000] "POST /wp-login.php HTTP/1.1" 200 6286 "-" "Mozilla/5.0"
45.79.238.235 - - [31/Mar/2026:22:13:06 +0000] "POST /wp-cron.php?doing_wp_cron=1774995186.4849359989166259765625 HTTP/1.1" 200 - "-" "WordPress/6.9.4; https://sumitkumarlaw.co.nz"
82.25.172.215 - - [31/Mar/2026:22:13:05 +0000] "GET /?p=1332 HTTP/1.1" 301 - "-" "Mozilla/5.0 (Macintosh; Intel Mac OS X 10_15_7) AppleWebKit/537.36 (KHTML, like Gecko) Chrome/104.0.0.0 Safari/537.36"
82.25.172.215 - - [31/Mar/2026:22:13:06 +0000] "GET /2026/02/25/the-best-pokies-with-welcome-bonus/ HTTP/1.1" 200 105236 "-" "Mozilla/5.0 (Macintosh; Intel Mac OS X 10_15_7) AppleWebKit/537.36 (KHTML, like Gecko) Chrome/104.0.0.0 Safari/537.36"
82.41.162.135 - - [31/Mar/2026:22:13:12 +0000] "GET /2026/02/25/golden-pokies-no-deposit/ HTTP/1.1" 200 105066 "-" "Mozilla/5.0 (Macintosh; Intel Mac OS X 10_15_7) AppleWebKit/537.36 (KHTML, like Gecko) Chrome/104.0.0.0 Safari/537.36"
122.58.229.85 - - [31/Mar/2026:22:13:35 +0000] "POST /autodiscover/autodiscover.xml HTTP/1.1" 200 1233 "-" "Microsoft Office/16.0 (Windows NT 10.0; Microsoft Outlook 16.0.19822; Pro)"
66.249.70.68 - - [31/Mar/2026:22:13:43 +0000] "GET /2026/02/25/new-zealand-roulette-sections/ HTTP/1.1" 200 103706 "-" "Mozilla/5.0 (Linux; Android 6.0.1; Nexus 5X Build/MMB29P) AppleWebKit/537.36 (KHTML, like Gecko) Chrome/146.0.7680.164 Mobile Safari/537.36 (compatible; Googlebot/2.1; +http://www.google.com/bot.html)"
45.79.238.235 - - [31/Mar/2026:22:14:38 +0000] "POST /wp-cron.php?doing_wp_cron=1774995278.0610148906707763671875 HTTP/1.1" 200 - "-" "WordPress/6.9.4; https://sumitkumarlaw.co.nz"
66.249.70.67 - - [31/Mar/2026:22:14:37 +0000] "GET /2026/02/25/safe-pokies-news/ HTTP/1.1" 200 103034 "-" "Mozilla/5.0 (Linux; Android 6.0.1; Nexus 5X Build/MMB29P) AppleWebKit/537.36 (KHTML, like Gecko) Chrome/146.0.7680.164 Mobile Safari/537.36 (compatible; Googlebot/2.1; +http://www.google.com/bot.html)"
66.249.70.69 - - [31/Mar/2026:22:14:39 +0000] "GET /2026/02/25/mobile-pokies-for-prizes/ HTTP/1.1" 200 103772 "-" "Mozilla/5.0 (Linux; Android 6.0.1; Nexus 5X Build/MMB29P) AppleWebKit/537.36 (KHTML, like Gecko) Chrome/146.0.7680.164 Mobile Safari/537.36 (compatible; Googlebot/2.1; +http://www.google.com/bot.html)"
66.249.70.68 - - [31/Mar/2026:22:14:41 +0000] "GET /2026/02/25/slots-online-real-money-australia/ HTTP/1.1" 200 103818 "-" "Mozilla/5.0 (Linux; Android 6.0.1; Nexus 5X Build/MMB29P) AppleWebKit/537.36 (KHTML, like Gecko) Chrome/146.0.7680.164 Mobile Safari/537.36 (compatible; Googlebot/2.1; +http://www.google.com/bot.html)"
66.249.70.68 - - [31/Mar/2026:22:14:43 +0000] "GET /2026/02/25/highest-win-pokies/ HTTP/1.1" 200 103621 "-" "Mozilla/5.0 (Linux; Android 6.0.1; Nexus 5X Build/MMB29P) AppleWebKit/537.36 (KHTML, like Gecko) Chrome/146.0.7680.164 Mobile Safari/537.36 (compatible; Googlebot/2.1; +http://www.google.com/bot.html)"
45.79.238.235 - - [31/Mar/2026:22:15:15 +0000] "POST /wp-cron.php?doing_wp_cron=1774995315.3738269805908203125000 HTTP/1.1" 200 - "-" "WordPress/6.9.4; https://sumitkumarlaw.co.nz"
165.245.238.80 - - [31/Mar/2026:22:15:14 +0000] "POST /wp-login.php HTTP/1.1" 200 6286 "-" "Mozilla/5.0"
68.178.207.158 - - [31/Mar/2026:22:15:42 +0000] "GET /2026/02/25/top-10-online-casino-new-zealand/ HTTP/1.1" 200 105161 "-" "WordPress/6.9; https://wtw-warehouse.com"
45.79.238.235 - - [31/Mar/2026:22:16:14 +0000] "POST /wp-cron.php?doing_wp_cron=1774995374.7775750160217285156250 HTTP/1.1" 200 - "-" "WordPress/6.9.4; https://sumitkumarlaw.co.nz"
47.82.11.72 - - [31/Mar/2026:22:16:13 +0000] "GET /2026/02/25/mike-at-emerald-city-slots/ HTTP/1.1" 200 105262 "https://sumitkumarlaw.co.nz/" "Mozilla/5.0 (Windows NT 10.0; Win64; x64) AppleWebKit/537.36 (KHTML, like Gecko) Chrome/135.0.0.0 Safari/537.36 Edg/135.0.0.0"
66.249.70.67 - - [31/Mar/2026:22:16:27 +0000] "GET /2026/02/25/australia-online-pokies-instant-withdrawal/ HTTP/1.1" 200 103581 "-" "Mozilla/5.0 (Linux; Android 6.0.1; Nexus 5X Build/MMB29P) AppleWebKit/537.36 (KHTML, like Gecko) Chrome/146.0.7680.164 Mobile Safari/537.36 (compatible; Googlebot/2.1; +http://www.google.com/bot.html)"
66.249.93.7 - - [31/Mar/2026:22:16:41 +0000] "GET /.well-known/traffic-advice HTTP/1.1" 404 96945 "-" "Chrome Privacy Preserving Prefetch Proxy"
193.186.4.9 - - [31/Mar/2026:22:16:41 +0000] "GET /2026/02/25/play-winning-pokies-fast-spin/ HTTP/1.1" 200 103658 "https://www.google.com/" "Mozilla/5.0 (Windows NT 10.0; Win64; x64) AppleWebKit/537.36 (KHTML, like Gecko) Chrome/146.0.0.0 Safari/537.36"
45.79.238.235 - - [31/Mar/2026:22:17:10 +0000] "POST /wp-cron.php?doing_wp_cron=1774995430.0552399158477783203125 HTTP/1.1" 200 - "-" "WordPress/6.9.4; https://sumitkumarlaw.co.nz"
66.249.70.69 - - [31/Mar/2026:22:17:09 +0000] "GET /2026/02/25/casino-top-australian-pokies-real-money/ HTTP/1.1" 200 103310 "-" "Mozilla/5.0 (Linux; Android 6.0.1; Nexus 5X Build/MMB29P) AppleWebKit/537.36 (KHTML, like Gecko) Chrome/146.0.7680.164 Mobile Safari/537.36 (compatible; Googlebot/2.1; +http://www.google.com/bot.html)"
66.249.70.67 - - [31/Mar/2026:22:17:19 +0000] "GET /2026/02/25/play-aristocrat-pokies-for-fun/ HTTP/1.1" 200 103269 "-" "Mozilla/5.0 (Linux; Android 6.0.1; Nexus 5X Build/MMB29P) AppleWebKit/537.36 (KHTML, like Gecko) Chrome/146.0.7680.164 Mobile Safari/537.36 (compatible; Googlebot/2.1; +http://www.google.com/bot.html)"
45.79.238.235 - - [31/Mar/2026:22:18:44 +0000] "POST /wp-cron.php?doing_wp_cron=1774995524.5778639316558837890625 HTTP/1.1" 200 - "-" "WordPress/6.9.4; https://sumitkumarlaw.co.nz"
45.79.238.235 - - [31/Mar/2026:22:18:44 +0000] "POST /wp-cron.php?doing_wp_cron=1774995524.8789589405059814453125 HTTP/1.1" 200 - "-" "WordPress/6.9.4; https://sumitkumarlaw.co.nz"
45.79.238.235 - - [31/Mar/2026:22:18:45 +0000] "POST /wp-cron.php?doing_wp_cron=1774995525.0361230373382568359375 HTTP/1.1" 200 - "-" "WordPress/6.9.4; https://sumitkumarlaw.co.nz"
47.82.11.105 - - [31/Mar/2026:22:18:44 +0000] "GET /2026/02/25/caesars-au-slots/ HTTP/1.1" 200 105133 "https://sumitkumarlaw.co.nz/" "Mozilla/5.0 (Windows NT 10.0; Win64; x64) AppleWebKit/537.36 (KHTML, like Gecko) Chrome/135.0.0.0 Safari/537.36"
66.249.70.69 - - [31/Mar/2026:22:19:41 +0000] "GET /2026/02/25/new-au-pokies-that-accept-paypal/ HTTP/1.1" 200 103147 "-" "Mozilla/5.0 (Linux; Android 6.0.1; Nexus 5X Build/MMB29P) AppleWebKit/537.36 (KHTML, like Gecko) Chrome/146.0.7680.164 Mobile Safari/537.36 (compatible; Googlebot/2.1; +http://www.google.com/bot.html)"
122.58.229.85 - - [31/Mar/2026:22:19:53 +0000] "POST /autodiscover/autodiscover.xml HTTP/1.1" 200 1233 "-" "Microsoft Office/16.0 (Windows NT 10.0; Microsoft Outlook 16.0.19822; Pro)"
45.79.238.235 - - [31/Mar/2026:22:19:59 +0000] "POST /wp-cron.php?doing_wp_cron=1774995599.8256669044494628906250 HTTP/1.1" 200 - "-" "WordPress/6.9.4; https://sumitkumarlaw.co.nz"
66.249.70.68 - - [31/Mar/2026:22:19:59 +0000] "GET /2026/02/25/try-pokies-in-new-zealand-for-real-money-and-win-big/ HTTP/1.1" 200 103886 "-" "Mozilla/5.0 (Linux; Android 6.0.1; Nexus 5X Build/MMB29P) AppleWebKit/537.36 (KHTML, like Gecko) Chrome/146.0.7680.164 Mobile Safari/537.36 (compatible; Googlebot/2.1; +http://www.google.com/bot.html)"
47.82.11.138 - - [31/Mar/2026:22:20:21 +0000] "GET /2026/02/25/new-no-deposit-australia-casinos/ HTTP/1.1" 200 104854 "https://sumitkumarlaw.co.nz/" "Mozilla/5.0 (Windows NT 10.0; Win64; x64) AppleWebKit/537.36 (KHTML, like Gecko) Chrome/135.0.0.0 Safari/537.36"
45.79.238.235 - - [31/Mar/2026:22:20:55 +0000] "POST /wp-cron.php?doing_wp_cron=1774995655.6256380081176757812500 HTTP/1.1" 200 - "-" "WordPress/6.9.4; https://sumitkumarlaw.co.nz"
66.249.70.67 - - [31/Mar/2026:22:20:54 +0000] "GET /2026/02/25/sign-up-free-spins-au/ HTTP/1.1" 200 102990 "-" "Mozilla/5.0 (Linux; Android 6.0.1; Nexus 5X Build/MMB29P) AppleWebKit/537.36 (KHTML, like Gecko) Chrome/146.0.7680.164 Mobile Safari/537.36 (compatible; Googlebot/2.1; +http://www.google.com/bot.html)"
66.249.70.67 - - [31/Mar/2026:22:20:57 +0000] "GET /2026/02/25/legalize-online-gambling-new-zealand/ HTTP/1.1" 200 103169 "-" "Mozilla/5.0 (Linux; Android 6.0.1; Nexus 5X Build/MMB29P) AppleWebKit/537.36 (KHTML, like Gecko) Chrome/146.0.7680.164 Mobile Safari/537.36 (compatible; Googlebot/2.1; +http://www.google.com/bot.html)"
66.249.70.67 - - [31/Mar/2026:22:20:59 +0000] "GET /2026/02/25/pokies-with-welcome-bonus-no-wagering/ HTTP/1.1" 200 102866 "-" "Mozilla/5.0 (Linux; Android 6.0.1; Nexus 5X Build/MMB29P) AppleWebKit/537.36 (KHTML, like Gecko) Chrome/146.0.7680.164 Mobile Safari/537.36 (compatible; Googlebot/2.1; +http://www.google.com/bot.html)"
66.249.70.67 - - [31/Mar/2026:22:21:00 +0000] "GET /2026/02/25/free-deposit-casino-games-popular-pokies/ HTTP/1.1" 200 103463 "-" "Mozilla/5.0 (Linux; Android 6.0.1; Nexus 5X Build/MMB29P) AppleWebKit/537.36 (KHTML, like Gecko) Chrome/146.0.7680.164 Mobile Safari/537.36 (compatible; Googlebot/2.1; +http://www.google.com/bot.html)"
66.249.70.67 - - [31/Mar/2026:22:21:04 +0000] "GET /2026/02/25/no-deposit-online-casino-bonus-codes-au/ HTTP/1.1" 200 103512 "-" "Mozilla/5.0 (Linux; Android 6.0.1; Nexus 5X Build/MMB29P) AppleWebKit/537.36 (KHTML, like Gecko) Chrome/146.0.7680.164 Mobile Safari/537.36 (compatible; Googlebot/2.1; +http://www.google.com/bot.html)"
45.79.238.235 - - [31/Mar/2026:22:21:57 +0000] "POST /wp-cron.php?doing_wp_cron=1774995717.3106029033660888671875 HTTP/1.1" 200 - "-" "WordPress/6.9.4; https://sumitkumarlaw.co.nz"
66.249.70.67 - - [31/Mar/2026:22:21:56 +0000] "GET /?p=5552 HTTP/1.1" 301 - "-" "Mozilla/5.0 (Linux; Android 6.0.1; Nexus 5X Build/MMB29P) AppleWebKit/537.36 (KHTML, like Gecko) Chrome/146.0.7680.164 Mobile Safari/537.36 (compatible; Googlebot/2.1; +http://www.google.com/bot.html)"
66.249.70.68 - - [31/Mar/2026:22:22:29 +0000] "GET /?p=3980 HTTP/1.1" 301 - "-" "Mozilla/5.0 (Linux; Android 6.0.1; Nexus 5X Build/MMB29P) AppleWebKit/537.36 (KHTML, like Gecko) Chrome/146.0.7680.164 Mobile Safari/537.36 (compatible; Googlebot/2.1; +http://www.google.com/bot.html)"
66.249.70.69 - - [31/Mar/2026:22:22:30 +0000] "GET /2026/02/25/reliable-best-australian-pokies/ HTTP/1.1" 200 103665 "-" "Mozilla/5.0 (Linux; Android 6.0.1; Nexus 5X Build/MMB29P) AppleWebKit/537.36 (KHTML, like Gecko) Chrome/146.0.7680.164 Mobile Safari/537.36 (compatible; Googlebot/2.1; +http://www.google.com/bot.html)"
45.79.238.235 - - [31/Mar/2026:22:23:21 +0000] "POST /wp-cron.php?doing_wp_cron=1774995801.6116449832916259765625 HTTP/1.1" 200 - "-" "WordPress/6.9.4; https://sumitkumarlaw.co.nz"
137.184.54.121 - - [31/Mar/2026:22:23:21 +0000] "POST /wp-login.php HTTP/1.1" 200 6286 "-" "Mozilla/5.0"
66.249.70.67 - - [31/Mar/2026:22:23:40 +0000] "GET /?p=5301 HTTP/1.1" 301 - "-" "Mozilla/5.0 (Linux; Android 6.0.1; Nexus 5X Build/MMB29P) AppleWebKit/537.36 (KHTML, like Gecko) Chrome/146.0.7680.164 Mobile Safari/537.36 (compatible; Googlebot/2.1; +http://www.google.com/bot.html)"
66.249.70.69 - - [31/Mar/2026:22:23:41 +0000] "GET /2026/02/25/live-pokies-with-bonus-deal/ HTTP/1.1" 200 103713 "-" "Mozilla/5.0 (Linux; Android 6.0.1; Nexus 5X Build/MMB29P) AppleWebKit/537.36 (KHTML, like Gecko) Chrome/146.0.7680.164 Mobile Safari/537.36 (compatible; Googlebot/2.1; +http://www.google.com/bot.html)"
45.79.238.235 - - [31/Mar/2026:22:24:16 +0000] "POST /wp-cron.php?doing_wp_cron=1774995855.9377551078796386718750 HTTP/1.1" 200 - "-" "WordPress/6.9.4; https://sumitkumarlaw.co.nz"
66.249.70.68 - - [31/Mar/2026:22:24:15 +0000] "GET /2026/02/25/free-spins-on-registration-no-deposit-nz/ HTTP/1.1" 200 104350 "-" "Mozilla/5.0 (Linux; Android 6.0.1; Nexus 5X Build/MMB29P) AppleWebKit/537.36 (KHTML, like Gecko) Chrome/146.0.7680.164 Mobile Safari/537.36 (compatible; Googlebot/2.1; +http://www.google.com/bot.html)"
66.249.70.67 - - [31/Mar/2026:22:24:24 +0000] "GET /2026/02/25/top-10-au-online-casino/ HTTP/1.1" 200 103387 "-" "Mozilla/5.0 (Linux; Android 6.0.1; Nexus 5X Build/MMB29P) AppleWebKit/537.36 (KHTML, like Gecko) Chrome/146.0.7680.164 Mobile Safari/537.36 (compatible; Googlebot/2.1; +http://www.google.com/bot.html)"
66.249.70.68 - - [31/Mar/2026:22:24:25 +0000] "GET /2026/02/25/australian-casinos-in-lake-county-au/ HTTP/1.1" 200 103736 "-" "Mozilla/5.0 (Linux; Android 6.0.1; Nexus 5X Build/MMB29P) AppleWebKit/537.36 (KHTML, like Gecko) Chrome/146.0.7680.164 Mobile Safari/537.36 (compatible; Googlebot/2.1; +http://www.google.com/bot.html)"
66.249.70.67 - - [31/Mar/2026:22:24:28 +0000] "GET /2026/02/25/twin-pine-casino-middletown-au/ HTTP/1.1" 200 103378 "-" "Mozilla/5.0 (Linux; Android 6.0.1; Nexus 5X Build/MMB29P) AppleWebKit/537.36 (KHTML, like Gecko) Chrome/146.0.7680.164 Mobile Safari/537.36 (compatible; Googlebot/2.1; +http://www.google.com/bot.html)"
66.249.70.67 - - [31/Mar/2026:22:24:29 +0000] "GET /2026/02/25/the-best-australian-pokies-to-play/ HTTP/1.1" 200 104511 "-" "Mozilla/5.0 (Linux; Android 6.0.1; Nexus 5X Build/MMB29P) AppleWebKit/537.36 (KHTML, like Gecko) Chrome/146.0.7680.164 Mobile Safari/537.36 (compatible; Googlebot/2.1; +http://www.google.com/bot.html)"
66.249.70.67 - - [31/Mar/2026:22:24:29 +0000] "GET /2026/02/25/new-zealand-beauty-slot-machine/ HTTP/1.1" 200 103765 "-" "Mozilla/5.0 (Linux; Android 6.0.1; Nexus 5X Build/MMB29P) AppleWebKit/537.36 (KHTML, like Gecko) Chrome/146.0.7680.164 Mobile Safari/537.36 (compatible; Googlebot/2.1; +http://www.google.com/bot.html)"
66.249.70.67 - - [31/Mar/2026:22:24:35 +0000] "GET /2026/02/25/sites-to-play-online-pokies/ HTTP/1.1" 200 103325 "-" "Mozilla/5.0 (Linux; Android 6.0.1; Nexus 5X Build/MMB29P) AppleWebKit/537.36 (KHTML, like Gecko) Chrome/146.0.7680.164 Mobile Safari/537.36 (compatible; Googlebot/2.1; +http://www.google.com/bot.html)"
66.249.70.67 - - [31/Mar/2026:22:24:39 +0000] "GET /2026/02/25/gambling-online-au/ HTTP/1.1" 200 103178 "-" "Mozilla/5.0 (Linux; Android 6.0.1; Nexus 5X Build/MMB29P) AppleWebKit/537.36 (KHTML, like Gecko) Chrome/146.0.7680.164 Mobile Safari/537.36 (compatible; Googlebot/2.1; +http://www.google.com/bot.html)"
66.249.70.67 - - [31/Mar/2026:22:24:47 +0000] "GET /2026/02/25/popular-pokies-with-welcome-bonus-free-games/ HTTP/1.1" 200 103492 "-" "Mozilla/5.0 (Linux; Android 6.0.1; Nexus 5X Build/MMB29P) AppleWebKit/537.36 (KHTML, like Gecko) Chrome/146.0.7680.164 Mobile Safari/537.36 (compatible; Googlebot/2.1; +http://www.google.com/bot.html)"
45.79.238.235 - - [31/Mar/2026:22:24:53 +0000] "POST /wp-cron.php?doing_wp_cron=1774995893.2504279613494873046875 HTTP/1.1" 200 - "-" "WordPress/6.9.4; https://sumitkumarlaw.co.nz"
66.249.70.67 - - [31/Mar/2026:22:24:52 +0000] "GET /2026/02/25/safe-pokies-deposit-casino-sites/ HTTP/1.1" 200 103669 "-" "Mozilla/5.0 (Linux; Android 6.0.1; Nexus 5X Build/MMB29P) AppleWebKit/537.36 (KHTML, like Gecko) Chrome/146.0.7680.164 Mobile Safari/537.36 (compatible; Googlebot/2.1; +http://www.google.com/bot.html)"
66.249.70.67 - - [31/Mar/2026:22:24:55 +0000] "GET /2026/02/25/where-to-play-pokies-in-coffs-harbour/ HTTP/1.1" 200 105010 "-" "Mozilla/5.0 (Linux; Android 6.0.1; Nexus 5X Build/MMB29P) AppleWebKit/537.36 (KHTML, like Gecko) Chrome/146.0.7680.164 Mobile Safari/537.36 (compatible; Googlebot/2.1; +http://www.google.com/bot.html)"
66.249.70.67 - - [31/Mar/2026:22:24:58 +0000] "GET /2026/02/25/victorious-pokies-online-games-no-download/ HTTP/1.1" 200 103371 "-" "Mozilla/5.0 (Linux; Android 6.0.1; Nexus 5X Build/MMB29P) AppleWebKit/537.36 (KHTML, like Gecko) Chrome/146.0.7680.164 Mobile Safari/537.36 (compatible; Googlebot/2.1; +http://www.google.com/bot.html)"
66.249.70.69 - - [31/Mar/2026:22:25:03 +0000] "GET /2026/02/25/good-pokies-machine-free/ HTTP/1.1" 200 104052 "-" "Mozilla/5.0 (Linux; Android 6.0.1; Nexus 5X Build/MMB29P) AppleWebKit/537.36 (KHTML, like Gecko) Chrome/146.0.7680.164 Mobile Safari/537.36 (compatible; Googlebot/2.1; +http://www.google.com/bot.html)"
66.249.70.67 - - [31/Mar/2026:22:25:12 +0000] "GET /2026/02/25/totally-free-australian-pokies/ HTTP/1.1" 200 103242 "-" "Mozilla/5.0 (Linux; Android 6.0.1; Nexus 5X Build/MMB29P) AppleWebKit/537.36 (KHTML, like Gecko) Chrome/146.0.7680.164 Mobile Safari/537.36 (compatible; Googlebot/2.1; +http://www.google.com/bot.html)"
66.249.70.68 - - [31/Mar/2026:22:25:13 +0000] "GET /2026/02/25/free-for-fun-deposit-casino-pokies/ HTTP/1.1" 200 102919 "-" "Mozilla/5.0 (Linux; Android 6.0.1; Nexus 5X Build/MMB29P) AppleWebKit/537.36 (KHTML, like Gecko) Chrome/146.0.7680.164 Mobile Safari/537.36 (compatible; Googlebot/2.1; +http://www.google.com/bot.html)"
45.79.238.235 - - [31/Mar/2026:22:25:58 +0000] "POST /wp-cron.php?doing_wp_cron=1774995958.1398088932037353515625 HTTP/1.1" 200 - "-" "WordPress/6.9.4; https://sumitkumarlaw.co.nz"
47.82.10.99 - - [31/Mar/2026:22:25:57 +0000] "GET /2026/02/25/australia-casino-lakewood/ HTTP/1.1" 200 104244 "https://sumitkumarlaw.co.nz/" "Mozilla/5.0 (Macintosh; Intel Mac OS X 10_15_7) AppleWebKit/537.36 (KHTML, like Gecko) Chrome/116.0.0.0 Safari/537.36"
66.249.70.69 - - [31/Mar/2026:22:26:03 +0000] "GET /2026/02/25/new-zealands-best-online-casinos/ HTTP/1.1" 200 103998 "-" "Mozilla/5.0 (Linux; Android 6.0.1; Nexus 5X Build/MMB29P) AppleWebKit/537.36 (KHTML, like Gecko) Chrome/146.0.7680.164 Mobile Safari/537.36 (compatible; Googlebot/2.1; +http://www.google.com/bot.html)"
122.58.229.85 - - [31/Mar/2026:22:26:07 +0000] "POST /autodiscover/autodiscover.xml HTTP/1.1" 200 1233 "-" "Microsoft Office/16.0 (Windows NT 10.0; Microsoft Outlook 16.0.19822; Pro)"
66.249.70.67 - - [31/Mar/2026:22:26:38 +0000] "GET /2026/02/25/best-best-pokies-online/ HTTP/1.1" 200 103526 "-" "Mozilla/5.0 (Linux; Android 6.0.1; Nexus 5X Build/MMB29P) AppleWebKit/537.36 (KHTML, like Gecko) Chrome/146.0.7680.164 Mobile Safari/537.36 (compatible; Googlebot/2.1; +http://www.google.com/bot.html)"
45.79.238.235 - - [31/Mar/2026:22:28:04 +0000] "POST /wp-cron.php?doing_wp_cron=1774996083.5708279609680175781250 HTTP/1.1" 200 - "-" "WordPress/6.9.4; https://sumitkumarlaw.co.nz"
