66.249.70.68 - - [31/Mar/2026:17:45:00 +0000] "GET /2026/02/25/new-zealand-pokies-emulator/ HTTP/1.1" 200 103912 "-" "Mozilla/5.0 (Linux; Android 6.0.1; Nexus 5X Build/MMB29P) AppleWebKit/537.36 (KHTML, like Gecko) Chrome/146.0.7680.153 Mobile Safari/537.36 (compatible; Googlebot/2.1; +http://www.google.com/bot.html)"
118.82.188.220 - - [31/Mar/2026:17:45:25 +0000] "GET /2026/02/25/no-deposit-bonus-codes-for-nz-online-casinos/ HTTP/1.1" 200 104538 "https://www.google.com/" "Mozilla/5.0 (Linux; Android 10; K) AppleWebKit/537.36 (KHTML, like Gecko) Chrome/146.0.0.0 Mobile Safari/537.36"
118.82.188.220 - - [31/Mar/2026:17:45:26 +0000] "GET /wp-includes/css/dist/block-library/style.min.css?ver=6.9.4 HTTP/1.1" 304 - "https://sumitkumarlaw.co.nz/2026/02/25/no-deposit-bonus-codes-for-nz-online-casinos/" "Mozilla/5.0 (Linux; Android 10; K) AppleWebKit/537.36 (KHTML, like Gecko) Chrome/146.0.0.0 Mobile Safari/537.36"
118.82.188.220 - - [31/Mar/2026:17:45:26 +0000] "GET /wp-includes/js/jquery/jquery-migrate.min.js?ver=3.4.1 HTTP/1.1" 304 - "https://sumitkumarlaw.co.nz/2026/02/25/no-deposit-bonus-codes-for-nz-online-casinos/" "Mozilla/5.0 (Linux; Android 10; K) AppleWebKit/537.36 (KHTML, like Gecko) Chrome/146.0.0.0 Mobile Safari/537.36"
118.82.188.220 - - [31/Mar/2026:17:45:26 +0000] "GET /wp-includes/js/jquery/jquery.min.js?ver=3.7.1 HTTP/1.1" 304 - "https://sumitkumarlaw.co.nz/2026/02/25/no-deposit-bonus-codes-for-nz-online-casinos/" "Mozilla/5.0 (Linux; Android 10; K) AppleWebKit/537.36 (KHTML, like Gecko) Chrome/146.0.0.0 Mobile Safari/537.36"
118.82.188.220 - - [31/Mar/2026:17:45:26 +0000] "GET /wp-content/uploads/astra-addon/astra-addon-6604edca6629b0-88455585.css?ver=4.4.0 HTTP/1.1" 304 - "https://sumitkumarlaw.co.nz/2026/02/25/no-deposit-bonus-codes-for-nz-online-casinos/" "Mozilla/5.0 (Linux; Android 10; K) AppleWebKit/537.36 (KHTML, like Gecko) Chrome/146.0.0.0 Mobile Safari/537.36"
118.82.188.220 - - [31/Mar/2026:17:45:26 +0000] "GET /wp-content/uploads/2024/03/image-2-768x381.png HTTP/1.1" 304 - "https://sumitkumarlaw.co.nz/2026/02/25/no-deposit-bonus-codes-for-nz-online-casinos/" "Mozilla/5.0 (Linux; Android 10; K) AppleWebKit/537.36 (KHTML, like Gecko) Chrome/146.0.0.0 Mobile Safari/537.36"
118.82.188.220 - - [31/Mar/2026:17:45:26 +0000] "GET /wp-content/themes/astra/assets/css/minified/frontend.min.css?ver=4.4.0 HTTP/1.1" 304 - "https://sumitkumarlaw.co.nz/2026/02/25/no-deposit-bonus-codes-for-nz-online-casinos/" "Mozilla/5.0 (Linux; Android 10; K) AppleWebKit/537.36 (KHTML, like Gecko) Chrome/146.0.0.0 Mobile Safari/537.36"
118.82.188.220 - - [31/Mar/2026:17:45:26 +0000] "GET /wp-content/themes/astra/assets/js/minified/frontend.min.js?ver=4.4.0 HTTP/1.1" 304 - "https://sumitkumarlaw.co.nz/2026/02/25/no-deposit-bonus-codes-for-nz-online-casinos/" "Mozilla/5.0 (Linux; Android 10; K) AppleWebKit/537.36 (KHTML, like Gecko) Chrome/146.0.0.0 Mobile Safari/537.36"
118.82.188.220 - - [31/Mar/2026:17:45:26 +0000] "GET /wp-content/uploads/astra-addon/astra-addon-6604edca66e0e9-59157626.js?ver=4.4.0 HTTP/1.1" 304 - "https://sumitkumarlaw.co.nz/2026/02/25/no-deposit-bonus-codes-for-nz-online-casinos/" "Mozilla/5.0 (Linux; Android 10; K) AppleWebKit/537.36 (KHTML, like Gecko) Chrome/146.0.0.0 Mobile Safari/537.36"
118.82.188.220 - - [31/Mar/2026:17:45:34 +0000] "GET /favicon.ico HTTP/1.1" 302 - "https://sumitkumarlaw.co.nz/2026/02/25/no-deposit-bonus-codes-for-nz-online-casinos/" "Mozilla/5.0 (Linux; Android 10; K) AppleWebKit/537.36 (KHTML, like Gecko) Chrome/146.0.0.0 Mobile Safari/537.36"
118.82.188.220 - - [31/Mar/2026:17:45:35 +0000] "GET /wp-includes/images/w-logo-blue-white-bg.png HTTP/1.1" 304 - "https://sumitkumarlaw.co.nz/2026/02/25/no-deposit-bonus-codes-for-nz-online-casinos/" "Mozilla/5.0 (Linux; Android 10; K) AppleWebKit/537.36 (KHTML, like Gecko) Chrome/146.0.0.0 Mobile Safari/537.36"
217.182.194.16 - - [31/Mar/2026:17:49:38 +0000] "GET /robots.txt HTTP/1.1" 304 - "-" "Mozilla/5.0 (compatible; MJ12bot/v1.4.8; http://mj12bot.com/)"
34.171.174.249 - - [31/Mar/2026:17:49:59 +0000] "GET / HTTP/1.1" 200 154883 "http://www.sumitkumarlaw.co.nz" "Mozilla/5.0 (compatible; CMS-Checker/1.0; +https://example.com)"
217.182.194.16 - - [31/Mar/2026:17:51:48 +0000] "GET /robots.txt HTTP/1.1" 304 - "-" "Mozilla/5.0 (compatible; MJ12bot/v1.4.8; http://mj12bot.com/)"
45.79.238.235 - - [31/Mar/2026:17:53:20 +0000] "POST /wp-cron.php?doing_wp_cron=1774979600.2780499458312988281250 HTTP/1.1" 200 - "-" "WordPress/6.9.4; https://sumitkumarlaw.co.nz"
66.249.70.67 - - [31/Mar/2026:17:53:19 +0000] "GET /2026/02/25/how-to-crack-popular-pokies/ HTTP/1.1" 200 104057 "-" "Mozilla/5.0 (Linux; Android 6.0.1; Nexus 5X Build/MMB29P) AppleWebKit/537.36 (KHTML, like Gecko) Chrome/146.0.7680.153 Mobile Safari/537.36 (compatible; Googlebot/2.1; +http://www.google.com/bot.html)"
66.249.70.67 - - [31/Mar/2026:17:53:30 +0000] "GET /2026/02/25/good-reasons-to-play-pokies-with-bonus/ HTTP/1.1" 200 104022 "-" "Mozilla/5.0 (Linux; Android 6.0.1; Nexus 5X Build/MMB29P) AppleWebKit/537.36 (KHTML, like Gecko) Chrome/146.0.7680.153 Mobile Safari/537.36 (compatible; Googlebot/2.1; +http://www.google.com/bot.html)"
45.79.238.235 - - [31/Mar/2026:17:54:19 +0000] "POST /wp-cron.php?doing_wp_cron=1774979659.9612939357757568359375 HTTP/1.1" 200 - "-" "WordPress/6.9.4; https://sumitkumarlaw.co.nz"
188.245.210.41 - - [31/Mar/2026:17:54:19 +0000] "GET /meta.json HTTP/1.1" 404 96945 "-" "Mozilla/5.0"
45.79.238.235 - - [31/Mar/2026:17:55:56 +0000] "POST /wp-cron.php?doing_wp_cron=1774979756.6283841133117675781250 HTTP/1.1" 200 - "-" "WordPress/6.9.4; https://sumitkumarlaw.co.nz"
165.245.238.80 - - [31/Mar/2026:17:55:56 +0000] "POST /wp-login.php HTTP/1.1" 200 6286 "-" "Mozilla/5.0"
66.249.70.68 - - [31/Mar/2026:17:56:01 +0000] "GET /?p=7022 HTTP/1.1" 301 - "-" "Mozilla/5.0 (Linux; Android 6.0.1; Nexus 5X Build/MMB29P) AppleWebKit/537.36 (KHTML, like Gecko) Chrome/146.0.7680.153 Mobile Safari/537.36 (compatible; Googlebot/2.1; +http://www.google.com/bot.html)"
66.249.70.67 - - [31/Mar/2026:17:56:27 +0000] "GET /2026/02/25/how-to-win-real-money-top-australian-pokies/ HTTP/1.1" 200 103926 "-" "Mozilla/5.0 (Linux; Android 6.0.1; Nexus 5X Build/MMB29P) AppleWebKit/537.36 (KHTML, like Gecko) Chrome/146.0.7680.153 Mobile Safari/537.36 (compatible; Googlebot/2.1; +http://www.google.com/bot.html)"
137.184.54.121 - - [31/Mar/2026:17:56:32 +0000] "POST /wp-login.php HTTP/1.1" 200 6286 "-" "Mozilla/5.0"
45.79.238.235 - - [31/Mar/2026:17:58:02 +0000] "POST /wp-cron.php?doing_wp_cron=1774979882.2190411090850830078125 HTTP/1.1" 200 - "-" "WordPress/6.9.4; https://sumitkumarlaw.co.nz"
66.249.70.69 - - [31/Mar/2026:17:58:01 +0000] "GET /2026/02/25/best-online-casinos-in-new-zealand-the-pokies-king/ HTTP/1.1" 200 103043 "-" "Mozilla/5.0 (Linux; Android 6.0.1; Nexus 5X Build/MMB29P) AppleWebKit/537.36 (KHTML, like Gecko) Chrome/146.0.7680.153 Mobile Safari/537.36 (compatible; Googlebot/2.1; +http://www.google.com/bot.html)"
66.249.70.69 - - [31/Mar/2026:17:58:02 +0000] "GET /2026/02/25/are-there-any-pokies-open-in-adelaide/ HTTP/1.1" 200 104231 "-" "Mozilla/5.0 (Linux; Android 6.0.1; Nexus 5X Build/MMB29P) AppleWebKit/537.36 (KHTML, like Gecko) Chrome/146.0.7680.153 Mobile Safari/537.36 (compatible; Googlebot/2.1; +http://www.google.com/bot.html)"
66.249.70.67 - - [31/Mar/2026:17:58:04 +0000] "GET /2026/02/25/pokies-for-real-money-promotions/ HTTP/1.1" 200 103260 "-" "Mozilla/5.0 (Linux; Android 6.0.1; Nexus 5X Build/MMB29P) AppleWebKit/537.36 (KHTML, like Gecko) Chrome/146.0.7680.153 Mobile Safari/537.36 (compatible; Googlebot/2.1; +http://www.google.com/bot.html)"
66.249.70.67 - - [31/Mar/2026:17:58:43 +0000] "GET /?p=1478 HTTP/1.1" 301 - "-" "Mozilla/5.0 (Linux; Android 6.0.1; Nexus 5X Build/MMB29P) AppleWebKit/537.36 (KHTML, like Gecko) Chrome/146.0.7680.153 Mobile Safari/537.36 (compatible; Googlebot/2.1; +http://www.google.com/bot.html)"
45.79.238.235 - - [31/Mar/2026:17:59:02 +0000] "POST /wp-cron.php?doing_wp_cron=1774979942.1289389133453369140625 HTTP/1.1" 200 - "-" "WordPress/6.9.4; https://sumitkumarlaw.co.nz"
66.249.70.68 - - [31/Mar/2026:17:59:01 +0000] "GET /2026/02/25/australian-free-slots/ HTTP/1.1" 200 103686 "-" "Mozilla/5.0 (Linux; Android 6.0.1; Nexus 5X Build/MMB29P) AppleWebKit/537.36 (KHTML, like Gecko) Chrome/146.0.7680.153 Mobile Safari/537.36 (compatible; Googlebot/2.1; +http://www.google.com/bot.html)"
82.26.183.190 - - [31/Mar/2026:17:59:41 +0000] "GET /2026/02/25/how-old-to-go-into-a-casino-nz/ HTTP/1.1" 200 104745 "-" "Mozilla/5.0 (Macintosh; Intel Mac OS X 10_15_7) AppleWebKit/537.36 (KHTML, like Gecko) Chrome/104.0.0.0 Safari/537.36"
46.203.129.32 - - [31/Mar/2026:17:59:43 +0000] "GET /?p=924 HTTP/1.1" 301 - "-" "Mozilla/5.0 (Macintosh; Intel Mac OS X 10_15_7) AppleWebKit/537.36 (KHTML, like Gecko) Chrome/104.0.0.0 Safari/537.36"
46.203.129.32 - - [31/Mar/2026:17:59:43 +0000] "GET /2026/02/25/is-pokies-profitable/ HTTP/1.1" 200 104548 "-" "Mozilla/5.0 (Macintosh; Intel Mac OS X 10_15_7) AppleWebKit/537.36 (KHTML, like Gecko) Chrome/104.0.0.0 Safari/537.36"
82.38.238.174 - - [31/Mar/2026:17:59:45 +0000] "GET /?p=826 HTTP/1.1" 301 - "-" "Mozilla/5.0 (Macintosh; Intel Mac OS X 10_15_7) AppleWebKit/537.36 (KHTML, like Gecko) Chrome/104.0.0.0 Safari/537.36"
82.38.238.174 - - [31/Mar/2026:17:59:45 +0000] "GET /2026/02/25/new-popular-pokies/ HTTP/1.1" 200 104317 "-" "Mozilla/5.0 (Macintosh; Intel Mac OS X 10_15_7) AppleWebKit/537.36 (KHTML, like Gecko) Chrome/104.0.0.0 Safari/537.36"
82.38.248.13 - - [31/Mar/2026:17:59:47 +0000] "GET /2026/02/25/dragon-link-pokie-machine/ HTTP/1.1" 200 104633 "-" "Mozilla/5.0 (Macintosh; Intel Mac OS X 10_15_7) AppleWebKit/537.36 (KHTML, like Gecko) Chrome/104.0.0.0 Safari/537.36"
82.26.185.54 - - [31/Mar/2026:17:59:50 +0000] "GET /?p=795 HTTP/1.1" 301 - "-" "Mozilla/5.0 (Macintosh; Intel Mac OS X 10_15_7) AppleWebKit/537.36 (KHTML, like Gecko) Chrome/104.0.0.0 Safari/537.36"
82.26.185.54 - - [31/Mar/2026:17:59:50 +0000] "GET /2026/02/25/tax-free-pokies-sign-up-bonus-no-deposit/ HTTP/1.1" 200 103451 "-" "Mozilla/5.0 (Macintosh; Intel Mac OS X 10_15_7) AppleWebKit/537.36 (KHTML, like Gecko) Chrome/104.0.0.0 Safari/537.36"
45.79.238.235 - - [31/Mar/2026:17:59:54 +0000] "POST /wp-cron.php?doing_wp_cron=1774979994.9043209552764892578125 HTTP/1.1" 200 - "-" "WordPress/6.9.4; https://sumitkumarlaw.co.nz"
82.21.143.108 - - [31/Mar/2026:17:59:54 +0000] "GET /2026/02/25/qld-online-pokies/ HTTP/1.1" 200 104306 "-" "Mozilla/5.0 (Macintosh; Intel Mac OS X 10_15_7) AppleWebKit/537.36 (KHTML, like Gecko) Chrome/104.0.0.0 Safari/537.36"
185.115.110.54 - - [31/Mar/2026:17:59:57 +0000] "GET /2026/02/25/free-pokies-aristocrat-restoration/ HTTP/1.1" 200 104920 "-" "Mozilla/5.0 (Macintosh; Intel Mac OS X 10_15_7) AppleWebKit/537.36 (KHTML, like Gecko) Chrome/104.0.0.0 Safari/537.36"
82.24.150.138 - - [31/Mar/2026:18:00:02 +0000] "GET /2026/02/25/new-zealand-the-pokies/ HTTP/1.1" 200 105224 "-" "Mozilla/5.0 (Macintosh; Intel Mac OS X 10_15_7) AppleWebKit/537.36 (KHTML, like Gecko) Chrome/104.0.0.0 Safari/537.36"
66.249.70.69 - - [31/Mar/2026:18:00:07 +0000] "GET /?p=2331 HTTP/1.1" 301 - "-" "Mozilla/5.0 (Linux; Android 6.0.1; Nexus 5X Build/MMB29P) AppleWebKit/537.36 (KHTML, like Gecko) Chrome/146.0.7680.153 Mobile Safari/537.36 (compatible; Googlebot/2.1; +http://www.google.com/bot.html)"
66.249.70.67 - - [31/Mar/2026:18:00:27 +0000] "GET /2026/02/25/free-pokies-online-games-with-bonus/ HTTP/1.1" 200 104036 "-" "Mozilla/5.0 (Linux; Android 6.0.1; Nexus 5X Build/MMB29P) AppleWebKit/537.36 (KHTML, like Gecko) Chrome/146.0.7680.153 Mobile Safari/537.36 (compatible; Googlebot/2.1; +http://www.google.com/bot.html)"
66.249.70.67 - - [31/Mar/2026:18:00:32 +0000] "GET /2026/02/25/are-online-gambling-legal-in-new-zealand/ HTTP/1.1" 200 103321 "-" "Mozilla/5.0 (Linux; Android 6.0.1; Nexus 5X Build/MMB29P) AppleWebKit/537.36 (KHTML, like Gecko) Chrome/146.0.7680.153 Mobile Safari/537.36 (compatible; Googlebot/2.1; +http://www.google.com/bot.html)"
66.249.70.67 - - [31/Mar/2026:18:00:42 +0000] "GET /2026/02/25/casino-pokies-bonus-registration/ HTTP/1.1" 200 104268 "-" "Mozilla/5.0 (Linux; Android 6.0.1; Nexus 5X Build/MMB29P) AppleWebKit/537.36 (KHTML, like Gecko) Chrome/146.0.7680.153 Mobile Safari/537.36 (compatible; Googlebot/2.1; +http://www.google.com/bot.html)"
45.79.238.235 - - [31/Mar/2026:18:01:23 +0000] "POST /wp-cron.php?doing_wp_cron=1774980083.0037169456481933593750 HTTP/1.1" 200 - "-" "WordPress/6.9.4; https://sumitkumarlaw.co.nz"
66.249.70.69 - - [31/Mar/2026:18:01:22 +0000] "GET /?p=6656 HTTP/1.1" 301 - "-" "Mozilla/5.0 (Linux; Android 6.0.1; Nexus 5X Build/MMB29P) AppleWebKit/537.36 (KHTML, like Gecko) Chrome/146.0.7680.153 Mobile Safari/537.36 (compatible; Googlebot/2.1; +http://www.google.com/bot.html)"
66.249.70.68 - - [31/Mar/2026:18:01:40 +0000] "GET /2026/02/25/best-rated-casino-in-brisbane-au/ HTTP/1.1" 200 103706 "-" "Mozilla/5.0 (Linux; Android 6.0.1; Nexus 5X Build/MMB29P) AppleWebKit/537.36 (KHTML, like Gecko) Chrome/146.0.7680.153 Mobile Safari/537.36 (compatible; Googlebot/2.1; +http://www.google.com/bot.html)"
45.79.238.235 - - [31/Mar/2026:18:03:09 +0000] "POST /wp-cron.php?doing_wp_cron=1774980189.2168729305267333984375 HTTP/1.1" 200 - "-" "WordPress/6.9.4; https://sumitkumarlaw.co.nz"
66.249.70.68 - - [31/Mar/2026:18:03:09 +0000] "GET /2026/02/25/biggest-casino-in-ontario-new-zealand/ HTTP/1.1" 200 103332 "-" "Mozilla/5.0 (Linux; Android 6.0.1; Nexus 5X Build/MMB29P) AppleWebKit/537.36 (KHTML, like Gecko) Chrome/146.0.7680.153 Mobile Safari/537.36 (compatible; Googlebot/2.1; +http://www.google.com/bot.html)"
45.79.238.235 - - [31/Mar/2026:18:04:30 +0000] "POST /wp-cron.php?doing_wp_cron=1774980270.2411510944366455078125 HTTP/1.1" 200 - "-" "WordPress/6.9.4; https://sumitkumarlaw.co.nz"
66.249.70.68 - - [31/Mar/2026:18:04:30 +0000] "GET /?p=8132 HTTP/1.1" 301 - "-" "Mozilla/5.0 (Linux; Android 6.0.1; Nexus 5X Build/MMB29P) AppleWebKit/537.36 (KHTML, like Gecko) Chrome/146.0.7680.153 Mobile Safari/537.36 (compatible; Googlebot/2.1; +http://www.google.com/bot.html)"
141.98.11.44 - - [31/Mar/2026:18:04:45 +0000] "GET /wp-includes/sodium_compat/src/Core/SecretStream/State.php HTTP/1.1" 403 4170 "-" "Mozilla/5.0 (Windows NT 10.0; Win64; x64) AppleWebKit/537.36"
66.249.70.67 - - [31/Mar/2026:18:04:47 +0000] "GET /?p=3071 HTTP/1.1" 301 - "-" "Mozilla/5.0 (Linux; Android 6.0.1; Nexus 5X Build/MMB29P) AppleWebKit/537.36 (KHTML, like Gecko) Chrome/146.0.7680.153 Mobile Safari/537.36 (compatible; Googlebot/2.1; +http://www.google.com/bot.html)"
45.79.238.235 - - [31/Mar/2026:18:05:02 +0000] "POST /wp-cron.php?doing_wp_cron=1774980302.4757061004638671875000 HTTP/1.1" 200 - "-" "WordPress/6.9.4; https://sumitkumarlaw.co.nz"
66.249.70.69 - - [31/Mar/2026:18:05:02 +0000] "GET /2026/02/25/mobile-pokies-australia-10-deposit/ HTTP/1.1" 200 103795 "-" "Mozilla/5.0 (Linux; Android 6.0.1; Nexus 5X Build/MMB29P) AppleWebKit/537.36 (KHTML, like Gecko) Chrome/146.0.7680.153 Mobile Safari/537.36 (compatible; Googlebot/2.1; +http://www.google.com/bot.html)"
66.249.70.67 - - [31/Mar/2026:18:05:17 +0000] "GET /2026/02/25/18-plus-casino-in-tulsa-au/ HTTP/1.1" 200 103923 "-" "Mozilla/5.0 (Linux; Android 6.0.1; Nexus 5X Build/MMB29P) AppleWebKit/537.36 (KHTML, like Gecko) Chrome/146.0.7680.153 Mobile Safari/537.36 (compatible; Googlebot/2.1; +http://www.google.com/bot.html)"
45.79.238.235 - - [31/Mar/2026:18:06:47 +0000] "POST /wp-cron.php?doing_wp_cron=1774980407.2126250267028808593750 HTTP/1.1" 200 - "-" "WordPress/6.9.4; https://sumitkumarlaw.co.nz"
66.249.70.69 - - [31/Mar/2026:18:06:46 +0000] "GET /2026/02/25/queen-of-the-nile-pokies-online/ HTTP/1.1" 200 103147 "-" "Mozilla/5.0 (Linux; Android 6.0.1; Nexus 5X Build/MMB29P) AppleWebKit/537.36 (KHTML, like Gecko) Chrome/146.0.7680.153 Mobile Safari/537.36 (compatible; Googlebot/2.1; +http://www.google.com/bot.html)"
45.79.238.235 - - [31/Mar/2026:18:08:12 +0000] "POST /wp-cron.php?doing_wp_cron=1774980492.0135691165924072265625 HTTP/1.1" 200 - "-" "WordPress/6.9.4; https://sumitkumarlaw.co.nz"
115.189.89.162 - - [31/Mar/2026:18:08:11 +0000] "GET /2026/02/25/100-free-no-deposit-nz/ HTTP/1.1" 200 104658 "https://www.google.com/" "Mozilla/5.0 (Linux; Android 10; K) AppleWebKit/537.36 (KHTML, like Gecko) Chrome/146.0.0.0 Mobile Safari/537.36"
115.189.89.162 - - [31/Mar/2026:18:08:12 +0000] "GET /wp-includes/css/dist/block-library/style.min.css?ver=6.9.4 HTTP/1.1" 304 - "https://sumitkumarlaw.co.nz/2026/02/25/100-free-no-deposit-nz/" "Mozilla/5.0 (Linux; Android 10; K) AppleWebKit/537.36 (KHTML, like Gecko) Chrome/146.0.0.0 Mobile Safari/537.36"
115.189.89.162 - - [31/Mar/2026:18:08:12 +0000] "GET /wp-content/themes/astra/assets/css/minified/frontend.min.css?ver=4.4.0 HTTP/1.1" 304 - "https://sumitkumarlaw.co.nz/2026/02/25/100-free-no-deposit-nz/" "Mozilla/5.0 (Linux; Android 10; K) AppleWebKit/537.36 (KHTML, like Gecko) Chrome/146.0.0.0 Mobile Safari/537.36"
115.189.89.162 - - [31/Mar/2026:18:08:12 +0000] "GET /wp-content/uploads/2024/03/image-2-1024x507.png HTTP/1.1" 304 - "https://sumitkumarlaw.co.nz/2026/02/25/100-free-no-deposit-nz/" "Mozilla/5.0 (Linux; Android 10; K) AppleWebKit/537.36 (KHTML, like Gecko) Chrome/146.0.0.0 Mobile Safari/537.36"
115.189.89.162 - - [31/Mar/2026:18:08:12 +0000] "GET /wp-includes/js/jquery/jquery-migrate.min.js?ver=3.4.1 HTTP/1.1" 304 - "https://sumitkumarlaw.co.nz/2026/02/25/100-free-no-deposit-nz/" "Mozilla/5.0 (Linux; Android 10; K) AppleWebKit/537.36 (KHTML, like Gecko) Chrome/146.0.0.0 Mobile Safari/537.36"
115.189.89.162 - - [31/Mar/2026:18:08:12 +0000] "GET /wp-includes/js/jquery/jquery.min.js?ver=3.7.1 HTTP/1.1" 304 - "https://sumitkumarlaw.co.nz/2026/02/25/100-free-no-deposit-nz/" "Mozilla/5.0 (Linux; Android 10; K) AppleWebKit/537.36 (KHTML, like Gecko) Chrome/146.0.0.0 Mobile Safari/537.36"
115.189.89.162 - - [31/Mar/2026:18:08:12 +0000] "GET /wp-content/themes/astra/assets/js/minified/frontend.min.js?ver=4.4.0 HTTP/1.1" 304 - "https://sumitkumarlaw.co.nz/2026/02/25/100-free-no-deposit-nz/" "Mozilla/5.0 (Linux; Android 10; K) AppleWebKit/537.36 (KHTML, like Gecko) Chrome/146.0.0.0 Mobile Safari/537.36"
115.189.89.162 - - [31/Mar/2026:18:08:12 +0000] "GET /wp-content/uploads/astra-addon/astra-addon-6604edca6629b0-88455585.css?ver=4.4.0 HTTP/1.1" 304 - "https://sumitkumarlaw.co.nz/2026/02/25/100-free-no-deposit-nz/" "Mozilla/5.0 (Linux; Android 10; K) AppleWebKit/537.36 (KHTML, like Gecko) Chrome/146.0.0.0 Mobile Safari/537.36"
115.189.89.162 - - [31/Mar/2026:18:08:12 +0000] "GET /wp-content/uploads/astra-addon/astra-addon-6604edca66e0e9-59157626.js?ver=4.4.0 HTTP/1.1" 304 - "https://sumitkumarlaw.co.nz/2026/02/25/100-free-no-deposit-nz/" "Mozilla/5.0 (Linux; Android 10; K) AppleWebKit/537.36 (KHTML, like Gecko) Chrome/146.0.0.0 Mobile Safari/537.36"
115.189.89.162 - - [31/Mar/2026:18:08:18 +0000] "GET /favicon.ico HTTP/1.1" 302 - "https://sumitkumarlaw.co.nz/2026/02/25/100-free-no-deposit-nz/" "Mozilla/5.0 (Linux; Android 10; K) AppleWebKit/537.36 (KHTML, like Gecko) Chrome/146.0.0.0 Mobile Safari/537.36"
115.189.89.162 - - [31/Mar/2026:18:08:18 +0000] "GET /wp-includes/images/w-logo-blue-white-bg.png HTTP/1.1" 304 - "https://sumitkumarlaw.co.nz/2026/02/25/100-free-no-deposit-nz/" "Mozilla/5.0 (Linux; Android 10; K) AppleWebKit/537.36 (KHTML, like Gecko) Chrome/146.0.0.0 Mobile Safari/537.36"
137.184.54.121 - - [31/Mar/2026:18:08:51 +0000] "POST /wp-login.php HTTP/1.1" 200 6286 "-" "Mozilla/5.0"
45.79.238.235 - - [31/Mar/2026:18:09:22 +0000] "POST /wp-cron.php?doing_wp_cron=1774980561.6000540256500244140625 HTTP/1.1" 200 - "-" "WordPress/6.9.4; https://sumitkumarlaw.co.nz"
66.249.70.67 - - [31/Mar/2026:18:09:21 +0000] "GET /2026/02/25/popular-pokies-with-welcome-bonus-offers/ HTTP/1.1" 200 103488 "-" "Mozilla/5.0 (Linux; Android 6.0.1; Nexus 5X Build/MMB29P) AppleWebKit/537.36 (KHTML, like Gecko) Chrome/146.0.7680.153 Mobile Safari/537.36 (compatible; Googlebot/2.1; +http://www.google.com/bot.html)"
66.249.70.68 - - [31/Mar/2026:18:09:31 +0000] "GET /2026/02/25/is-gambling-illegal-in-new-zealand/ HTTP/1.1" 200 103813 "-" "Mozilla/5.0 (Linux; Android 6.0.1; Nexus 5X Build/MMB29P) AppleWebKit/537.36 (KHTML, like Gecko) Chrome/146.0.7680.153 Mobile Safari/537.36 (compatible; Googlebot/2.1; +http://www.google.com/bot.html)"
45.79.238.235 - - [31/Mar/2026:18:10:01 +0000] "POST /wp-cron.php?doing_wp_cron=1774980601.1138029098510742187500 HTTP/1.1" 200 - "-" "WordPress/6.9.4; https://sumitkumarlaw.co.nz"
66.249.70.68 - - [31/Mar/2026:18:10:00 +0000] "GET /2026/02/25/best-australian-online-casino-pokies/ HTTP/1.1" 200 103996 "-" "Mozilla/5.0 (Linux; Android 6.0.1; Nexus 5X Build/MMB29P) AppleWebKit/537.36 (KHTML, like Gecko) Chrome/146.0.7680.153 Mobile Safari/537.36 (compatible; Googlebot/2.1; +http://www.google.com/bot.html)"
66.249.70.68 - - [31/Mar/2026:18:10:05 +0000] "GET /?p=7774 HTTP/1.1" 301 - "-" "Mozilla/5.0 (Linux; Android 6.0.1; Nexus 5X Build/MMB29P) AppleWebKit/537.36 (KHTML, like Gecko) Chrome/146.0.7680.153 Mobile Safari/537.36 (compatible; Googlebot/2.1; +http://www.google.com/bot.html)"
66.249.70.67 - - [31/Mar/2026:18:10:14 +0000] "GET /2026/02/25/casino-in-newcastle-au/ HTTP/1.1" 200 103708 "-" "Mozilla/5.0 (Linux; Android 6.0.1; Nexus 5X Build/MMB29P) AppleWebKit/537.36 (KHTML, like Gecko) Chrome/146.0.7680.153 Mobile Safari/537.36 (compatible; Googlebot/2.1; +http://www.google.com/bot.html)"
45.79.238.235 - - [31/Mar/2026:18:11:17 +0000] "POST /wp-cron.php?doing_wp_cron=1774980677.7395780086517333984375 HTTP/1.1" 200 - "-" "WordPress/6.9.4; https://sumitkumarlaw.co.nz"
165.245.238.80 - - [31/Mar/2026:18:11:17 +0000] "POST /wp-login.php HTTP/1.1" 200 6286 "-" "Mozilla/5.0"
45.79.238.235 - - [31/Mar/2026:18:13:17 +0000] "POST /wp-cron.php?doing_wp_cron=1774980797.0062630176544189453125 HTTP/1.1" 200 - "-" "WordPress/6.9.4; https://sumitkumarlaw.co.nz"
66.249.70.69 - - [31/Mar/2026:18:13:16 +0000] "GET /?p=4899 HTTP/1.1" 301 - "-" "Mozilla/5.0 (Linux; Android 6.0.1; Nexus 5X Build/MMB29P) AppleWebKit/537.36 (KHTML, like Gecko) Chrome/146.0.7680.153 Mobile Safari/537.36 (compatible; Googlebot/2.1; +http://www.google.com/bot.html)"
66.249.70.67 - - [31/Mar/2026:18:13:18 +0000] "GET /2026/02/25/dollar-5-deposit-online-casino-australia/ HTTP/1.1" 200 103228 "-" "Mozilla/5.0 (Linux; Android 6.0.1; Nexus 5X Build/MMB29P) AppleWebKit/537.36 (KHTML, like Gecko) Chrome/146.0.7680.153 Mobile Safari/537.36 (compatible; Googlebot/2.1; +http://www.google.com/bot.html)"
66.249.70.68 - - [31/Mar/2026:18:13:35 +0000] "GET /?p=6766 HTTP/1.1" 301 - "-" "Mozilla/5.0 (Linux; Android 6.0.1; Nexus 5X Build/MMB29P) AppleWebKit/537.36 (KHTML, like Gecko) Chrome/146.0.7680.153 Mobile Safari/537.36 (compatible; Googlebot/2.1; +http://www.google.com/bot.html)"
66.249.70.67 - - [31/Mar/2026:18:13:36 +0000] "GET /2026/02/25/crown-casino-perth-wa/ HTTP/1.1" 200 103584 "-" "Mozilla/5.0 (Linux; Android 6.0.1; Nexus 5X Build/MMB29P) AppleWebKit/537.36 (KHTML, like Gecko) Chrome/146.0.7680.153 Mobile Safari/537.36 (compatible; Googlebot/2.1; +http://www.google.com/bot.html)"
45.79.238.235 - - [31/Mar/2026:18:14:36 +0000] "POST /wp-cron.php?doing_wp_cron=1774980876.5251839160919189453125 HTTP/1.1" 200 - "-" "WordPress/6.9.4; https://sumitkumarlaw.co.nz"
66.249.70.67 - - [31/Mar/2026:18:14:36 +0000] "GET /2026/02/25/electronic-pokies-games-no-download/ HTTP/1.1" 200 103856 "-" "Mozilla/5.0 (Linux; Android 6.0.1; Nexus 5X Build/MMB29P) AppleWebKit/537.36 (KHTML, like Gecko) Chrome/146.0.7680.153 Mobile Safari/537.36 (compatible; Googlebot/2.1; +http://www.google.com/bot.html)"
45.79.238.235 - - [31/Mar/2026:18:21:23 +0000] "POST /wp-cron.php?doing_wp_cron=1774981283.8570029735565185546875 HTTP/1.1" 200 - "-" "WordPress/6.9.4; https://sumitkumarlaw.co.nz"
137.184.54.121 - - [31/Mar/2026:18:21:23 +0000] "POST /wp-login.php HTTP/1.1" 200 6286 "-" "Mozilla/5.0"
45.79.238.235 - - [31/Mar/2026:18:23:50 +0000] "POST /wp-cron.php?doing_wp_cron=1774981430.6829979419708251953125 HTTP/1.1" 200 - "-" "WordPress/6.9.4; https://sumitkumarlaw.co.nz"
66.249.70.67 - - [31/Mar/2026:18:23:50 +0000] "GET /?p=4899 HTTP/1.1" 301 - "-" "Mozilla/5.0 (Linux; Android 6.0.1; Nexus 5X Build/MMB29P) AppleWebKit/537.36 (KHTML, like Gecko) Chrome/146.0.7680.164 Mobile Safari/537.36 (compatible; Googlebot/2.1; +http://www.google.com/bot.html)"
107.189.7.189 - - [31/Mar/2026:18:23:52 +0000] "GET /wp-login.php HTTP/1.1" 200 5916 "-" "Mozilla/5.0 (Windows NT 10.0; Win64; x64) AppleWebKit/537.36 (KHTML, like Gecko) Chrome/134.0.0.0 Safari/537.36"
107.189.7.189 - - [31/Mar/2026:18:23:52 +0000] "POST /wp-login.php HTTP/1.1" 200 6348 "https://sumitkumarlaw.co.nz/wp-admin/" "Mozilla/5.0 (Windows NT 10.0; Win64; x64) AppleWebKit/537.36 (KHTML, like Gecko) Chrome/134.0.0.0 Safari/537.36"
45.79.238.235 - - [31/Mar/2026:18:24:00 +0000] "POST /wp-cron.php?doing_wp_cron=1774981440.1401178836822509765625 HTTP/1.1" 200 - "-" "WordPress/6.9.4; https://sumitkumarlaw.co.nz"
66.249.70.69 - - [31/Mar/2026:18:23:59 +0000] "GET /?p=6766 HTTP/1.1" 301 - "-" "Mozilla/5.0 (Linux; Android 6.0.1; Nexus 5X Build/MMB29P) AppleWebKit/537.36 (KHTML, like Gecko) Chrome/146.0.7680.164 Mobile Safari/537.36 (compatible; Googlebot/2.1; +http://www.google.com/bot.html)"
45.79.238.235 - - [31/Mar/2026:18:25:39 +0000] "POST /wp-cron.php?doing_wp_cron=1774981539.9442870616912841796875 HTTP/1.1" 200 - "-" "WordPress/6.9.4; https://sumitkumarlaw.co.nz"
47.82.11.55 - - [31/Mar/2026:18:25:39 +0000] "GET /?p=992 HTTP/1.1" 301 - "https://sumitkumarlaw.co.nz/" "Mozilla/5.0 (Macintosh; Intel Mac OS X 10_15_7) AppleWebKit/537.36 (KHTML, like Gecko) Chrome/135.0.0.0 Safari/537.36"
47.82.11.55 - - [31/Mar/2026:18:25:40 +0000] "GET /2026/02/25/is-there-a-casino-in-utica-au/ HTTP/1.1" 200 104961 "https://sumitkumarlaw.co.nz/" "Mozilla/5.0 (Macintosh; Intel Mac OS X 10_15_7) AppleWebKit/537.36 (KHTML, like Gecko) Chrome/135.0.0.0 Safari/537.36"
45.79.238.235 - - [31/Mar/2026:18:26:43 +0000] "POST /wp-cron.php?doing_wp_cron=1774981603.5790441036224365234375 HTTP/1.1" 200 - "-" "WordPress/6.9.4; https://sumitkumarlaw.co.nz"
165.245.238.80 - - [31/Mar/2026:18:26:43 +0000] "POST /wp-login.php HTTP/1.1" 200 6286 "-" "Mozilla/5.0"
45.79.238.235 - - [31/Mar/2026:18:28:16 +0000] "POST /wp-cron.php?doing_wp_cron=1774981696.1083838939666748046875 HTTP/1.1" 200 - "-" "WordPress/6.9.4; https://sumitkumarlaw.co.nz"
66.249.70.69 - - [31/Mar/2026:18:28:15 +0000] "GET /2026/02/25/mobile-pokies-australia-instant-withdrawal/ HTTP/1.1" 200 103151 "-" "Mozilla/5.0 (Linux; Android 6.0.1; Nexus 5X Build/MMB29P) AppleWebKit/537.36 (KHTML, like Gecko) Chrome/146.0.7680.164 Mobile Safari/537.36 (compatible; Googlebot/2.1; +http://www.google.com/bot.html)"
66.249.70.68 - - [31/Mar/2026:18:28:36 +0000] "GET /2026/02/25/electronic-pokies-games-no-download/ HTTP/1.1" 200 103856 "-" "Mozilla/5.0 (Linux; Android 6.0.1; Nexus 5X Build/MMB29P) AppleWebKit/537.36 (KHTML, like Gecko) Chrome/146.0.7680.164 Mobile Safari/537.36 (compatible; Googlebot/2.1; +http://www.google.com/bot.html)"
216.73.216.172 - - [31/Mar/2026:18:29:44 +0000] "GET /robots.txt HTTP/1.1" 304 - "-" "Mozilla/5.0 AppleWebKit/537.36 (KHTML, like Gecko; compatible; ClaudeBot/1.0; +claudebot@anthropic.com)"
45.79.238.235 - - [31/Mar/2026:18:29:46 +0000] "POST /wp-cron.php?doing_wp_cron=1774981786.0403819084167480468750 HTTP/1.1" 200 - "-" "WordPress/6.9.4; https://sumitkumarlaw.co.nz"
216.73.216.172 - - [31/Mar/2026:18:29:45 +0000] "GET / HTTP/1.1" 200 154883 "-" "Mozilla/5.0 AppleWebKit/537.36 (KHTML, like Gecko; compatible; ClaudeBot/1.0; +claudebot@anthropic.com)"
45.79.238.235 - - [31/Mar/2026:18:31:45 +0000] "POST /wp-cron.php?doing_wp_cron=1774981905.3955419063568115234375 HTTP/1.1" 200 - "-" "WordPress/6.9.4; https://sumitkumarlaw.co.nz"
47.82.10.105 - - [31/Mar/2026:18:31:45 +0000] "GET /?p=1171 HTTP/1.1" 301 - "https://sumitkumarlaw.co.nz/" "Mozilla/5.0 (Macintosh; Intel Mac OS X 10_15_7) AppleWebKit/537.36 (KHTML, like Gecko) Chrome/134.0.0.0 Safari/537.36"
47.82.10.105 - - [31/Mar/2026:18:31:45 +0000] "GET /2026/02/25/online-casino-paypal-australia/ HTTP/1.1" 200 104835 "https://sumitkumarlaw.co.nz/" "Mozilla/5.0 (Macintosh; Intel Mac OS X 10_15_7) AppleWebKit/537.36 (KHTML, like Gecko) Chrome/134.0.0.0 Safari/537.36"
45.79.238.235 - - [31/Mar/2026:18:33:55 +0000] "POST /wp-cron.php?doing_wp_cron=1774982034.7313621044158935546875 HTTP/1.1" 200 - "-" "WordPress/6.9.4; https://sumitkumarlaw.co.nz"
137.184.54.121 - - [31/Mar/2026:18:33:54 +0000] "POST /wp-login.php HTTP/1.1" 200 6286 "-" "Mozilla/5.0"
34.63.122.47 - - [31/Mar/2026:18:35:39 +0000] "GET / HTTP/1.1" 200 154883 "-" "Mozilla/5.0 (Windows NT 10.0; Win64; x64) AppleWebKit/537.36 (KHTML, like Gecko) Chrome/78.0.3904.108 Safari/537.36"
34.63.122.47 - - [31/Mar/2026:18:35:40 +0000] "GET //wp-includes/wlwmanifest.xml HTTP/1.1" 403 4170 "-" "Mozilla/5.0 (Windows NT 10.0; Win64; x64) AppleWebKit/537.36 (KHTML, like Gecko) Chrome/78.0.3904.108 Safari/537.36"
34.63.122.47 - - [31/Mar/2026:18:35:40 +0000] "GET //xmlrpc.php?rsd HTTP/1.1" 200 828 "-" "Mozilla/5.0 (Windows NT 10.0; Win64; x64) AppleWebKit/537.36 (KHTML, like Gecko) Chrome/78.0.3904.108 Safari/537.36"
34.63.122.47 - - [31/Mar/2026:18:35:40 +0000] "GET //?author=1 HTTP/1.1" 301 - "-" "Mozilla/5.0 (Windows NT 10.0; Win64; x64) AppleWebKit/537.36 (KHTML, like Gecko) Chrome/78.0.3904.108 Safari/537.36"
34.63.122.47 - - [31/Mar/2026:18:35:41 +0000] "GET //?author=2 HTTP/1.1" 301 - "-" "Mozilla/5.0 (Windows NT 10.0; Win64; x64) AppleWebKit/537.36 (KHTML, like Gecko) Chrome/78.0.3904.108 Safari/537.36"
34.63.122.47 - - [31/Mar/2026:18:35:41 +0000] "GET //wp-json/wp/v2/users/ HTTP/1.1" 200 752 "-" "Mozilla/5.0 (Windows NT 10.0; Win64; x64) AppleWebKit/537.36 (KHTML, like Gecko) Chrome/78.0.3904.108 Safari/537.36"
34.63.122.47 - - [31/Mar/2026:18:35:41 +0000] "POST //xmlrpc.php HTTP/1.1" 403 4170 "-" "Mozilla/5.0 (Windows NT 10.0; Win64; x64) AppleWebKit/537.36 (KHTML, like Gecko) Chrome/78.0.3904.108 Safari/537.36"
82.24.156.201 - - [31/Mar/2026:18:36:50 +0000] "GET /2026/02/25/is-top-online-pokies-and-casinos-australian-legit/ HTTP/1.1" 200 104933 "-" "Mozilla/5.0 (Macintosh; Intel Mac OS X 10_15_7) AppleWebKit/537.36 (KHTML, like Gecko) Chrome/104.0.0.0 Safari/537.36"
43.138.68.113 - - [31/Mar/2026:18:36:49 +0000] "GET / HTTP/1.1" 200 154894 "http://www.sumitkumarlaw.co.nz" "Mozilla/5.0 (iPhone; CPU iPhone OS 13_2_3 like Mac OS X) AppleWebKit/605.1.15 (KHTML, like Gecko) Version/13.0.3 Mobile/15E148 Safari/604.1"
45.79.238.235 - - [31/Mar/2026:18:36:57 +0000] "POST /wp-cron.php?doing_wp_cron=1774982217.3311378955841064453125 HTTP/1.1" 200 - "-" "WordPress/6.9.4; https://sumitkumarlaw.co.nz"
109.176.36.187 - - [31/Mar/2026:18:36:56 +0000] "GET /?p=882 HTTP/1.1" 301 - "-" "Mozilla/5.0 (Macintosh; Intel Mac OS X 10_15_7) AppleWebKit/537.36 (KHTML, like Gecko) Chrome/104.0.0.0 Safari/537.36"
109.176.36.187 - - [31/Mar/2026:18:36:57 +0000] "GET /2026/02/25/age-to-gamble-in-new-zealand-casinos/ HTTP/1.1" 200 104753 "-" "Mozilla/5.0 (Macintosh; Intel Mac OS X 10_15_7) AppleWebKit/537.36 (KHTML, like Gecko) Chrome/104.0.0.0 Safari/537.36"
82.41.167.150 - - [31/Mar/2026:18:37:01 +0000] "GET / HTTP/1.1" 200 154883 "-" "Mozilla/5.0 (Macintosh; Intel Mac OS X 10_15_7) AppleWebKit/537.36 (KHTML, like Gecko) Chrome/104.0.0.0 Safari/537.36"
141.98.11.44 - - [31/Mar/2026:18:37:28 +0000] "GET /wp-includes/sodium_compat/src/Core/SecretStream/State.php HTTP/1.1" 403 4170 "-" "Mozilla/5.0 (Windows NT 10.0; Win64; x64) AppleWebKit/537.36"
204.168.204.1 - - [31/Mar/2026:18:38:28 +0000] "GET /wp-content/plugins/ultimate-elementor/assets/img/gift.png HTTP/1.1" 200 4431 "-" "Python/3.12 aiohttp/3.12.15"
204.168.204.1 - - [31/Mar/2026:18:38:28 +0000] "GET /wp-content/plugins/ultimate-elementor/assets/img/moon.png HTTP/1.1" 200 2286 "-" "Python/3.12 aiohttp/3.12.15"
204.168.204.1 - - [31/Mar/2026:18:38:29 +0000] "GET /wp-content/uploads/2021/03/quotation-mark-free-img.png HTTP/1.1" 304 - "-" "Python/3.12 aiohttp/3.12.15"
95.217.178.190 - - [31/Mar/2026:18:38:31 +0000] "GET /wp-content/plugins/ultimate-elementor/assets/img/skull.png HTTP/1.1" 200 5088 "-" "Python/3.12 aiohttp/3.12.15"
95.217.178.190 - - [31/Mar/2026:18:38:31 +0000] "GET /wp-content/plugins/ultimate-elementor/assets/img/bat.png HTTP/1.1" 200 1018 "-" "Python/3.12 aiohttp/3.12.15"
45.79.238.235 - - [31/Mar/2026:18:39:14 +0000] "POST /wp-cron.php?doing_wp_cron=1774982353.7994329929351806640625 HTTP/1.1" 200 - "-" "WordPress/6.9.4; https://sumitkumarlaw.co.nz"
47.82.10.105 - - [31/Mar/2026:18:39:13 +0000] "GET /?p=806 HTTP/1.1" 301 - "https://sumitkumarlaw.co.nz/" "Mozilla/5.0 (Windows NT 10.0; Win64; x64) AppleWebKit/537.36 (KHTML, like Gecko) Chrome/135.0.0.0 Safari/537.36"
47.82.10.105 - - [31/Mar/2026:18:39:14 +0000] "GET /2026/02/25/legal-popular-pokies-real-money/ HTTP/1.1" 200 104449 "https://sumitkumarlaw.co.nz/" "Mozilla/5.0 (Windows NT 10.0; Win64; x64) AppleWebKit/537.36 (KHTML, like Gecko) Chrome/135.0.0.0 Safari/537.36"
45.131.195.33 - - [31/Mar/2026:18:39:32 +0000] "GET /wp-login.php HTTP/1.1" 200 5916 "-" "Mozilla/5.0"
45.131.195.33 - - [31/Mar/2026:18:39:33 +0000] "GET /?author=1 HTTP/1.1" 200 105482 "-" "Mozilla/5.0"
45.131.195.33 - - [31/Mar/2026:18:39:34 +0000] "GET /?rest_route=/wp/v2/users HTTP/1.1" 200 752 "-" "Mozilla/5.0"
45.131.195.33 - - [31/Mar/2026:18:39:34 +0000] "GET /?author=2 HTTP/1.1" 200 105482 "-" "Mozilla/5.0"
82.41.82.248 - - [31/Mar/2026:18:39:35 +0000] "GET /2023/10/24/hello-world/ HTTP/1.1" 200 111571 "-" "Mozilla/5.0 (Macintosh; Intel Mac OS X 10_15_7) AppleWebKit/537.36 (KHTML, like Gecko) Chrome/104.0.0.0 Safari/537.36"
46.203.142.45 - - [31/Mar/2026:18:39:37 +0000] "GET /2026/02/25/best-pokies-venue-in-yarrawonga/ HTTP/1.1" 200 104860 "-" "Mozilla/5.0 (Macintosh; Intel Mac OS X 10_15_7) AppleWebKit/537.36 (KHTML, like Gecko) Chrome/104.0.0.0 Safari/537.36"
82.152.76.157 - - [31/Mar/2026:18:39:38 +0000] "GET /?p=1025 HTTP/1.1" 301 - "-" "Mozilla/5.0 (Macintosh; Intel Mac OS X 10_15_7) AppleWebKit/537.36 (KHTML, like Gecko) Chrome/104.0.0.0 Safari/537.36"
82.152.76.157 - - [31/Mar/2026:18:39:39 +0000] "GET /2026/02/25/gambling-licence-in-nz/ HTTP/1.1" 200 105157 "-" "Mozilla/5.0 (Macintosh; Intel Mac OS X 10_15_7) AppleWebKit/537.36 (KHTML, like Gecko) Chrome/104.0.0.0 Safari/537.36"
82.38.236.45 - - [31/Mar/2026:18:39:40 +0000] "GET /?p=1125 HTTP/1.1" 301 - "-" "Mozilla/5.0 (Macintosh; Intel Mac OS X 10_15_7) AppleWebKit/537.36 (KHTML, like Gecko) Chrome/104.0.0.0 Safari/537.36"
34.171.174.249 - - [31/Mar/2026:18:39:40 +0000] "GET / HTTP/1.1" 200 154883 "-" "Mozilla/5.0 (Windows NT 10.0; Win64; x64) AppleWebKit/537.36 (KHTML, like Gecko) Chrome/78.0.3904.108 Safari/537.36"
82.38.236.45 - - [31/Mar/2026:18:39:41 +0000] "GET /2026/02/25/play-free-online-pokies-games-for-fun-only/ HTTP/1.1" 200 104254 "-" "Mozilla/5.0 (Macintosh; Intel Mac OS X 10_15_7) AppleWebKit/537.36 (KHTML, like Gecko) Chrome/104.0.0.0 Safari/537.36"
34.171.174.249 - - [31/Mar/2026:18:39:42 +0000] "GET //wp-includes/wlwmanifest.xml HTTP/1.1" 403 4170 "-" "Mozilla/5.0 (Windows NT 10.0; Win64; x64) AppleWebKit/537.36 (KHTML, like Gecko) Chrome/78.0.3904.108 Safari/537.36"
34.171.174.249 - - [31/Mar/2026:18:39:42 +0000] "GET //xmlrpc.php?rsd HTTP/1.1" 200 828 "-" "Mozilla/5.0 (Windows NT 10.0; Win64; x64) AppleWebKit/537.36 (KHTML, like Gecko) Chrome/78.0.3904.108 Safari/537.36"
34.171.174.249 - - [31/Mar/2026:18:39:42 +0000] "GET //?author=1 HTTP/1.1" 301 - "-" "Mozilla/5.0 (Windows NT 10.0; Win64; x64) AppleWebKit/537.36 (KHTML, like Gecko) Chrome/78.0.3904.108 Safari/537.36"
34.171.174.249 - - [31/Mar/2026:18:39:42 +0000] "GET //?author=2 HTTP/1.1" 301 - "-" "Mozilla/5.0 (Windows NT 10.0; Win64; x64) AppleWebKit/537.36 (KHTML, like Gecko) Chrome/78.0.3904.108 Safari/537.36"
82.38.126.4 - - [31/Mar/2026:18:39:42 +0000] "GET /2026/02/25/australian-pokies-no-deposit-bonus/ HTTP/1.1" 200 104592 "-" "Mozilla/5.0 (Macintosh; Intel Mac OS X 10_15_7) AppleWebKit/537.36 (KHTML, like Gecko) Chrome/104.0.0.0 Safari/537.36"
34.171.174.249 - - [31/Mar/2026:18:39:43 +0000] "GET //wp-json/wp/v2/users/ HTTP/1.1" 200 752 "-" "Mozilla/5.0 (Windows NT 10.0; Win64; x64) AppleWebKit/537.36 (KHTML, like Gecko) Chrome/78.0.3904.108 Safari/537.36"
34.171.174.249 - - [31/Mar/2026:18:39:43 +0000] "POST //xmlrpc.php HTTP/1.1" 403 4170 "-" "Mozilla/5.0 (Windows NT 10.0; Win64; x64) AppleWebKit/537.36 (KHTML, like Gecko) Chrome/78.0.3904.108 Safari/537.36"
89.40.207.168 - - [31/Mar/2026:18:39:44 +0000] "GET /?p=875 HTTP/1.1" 301 - "-" "Mozilla/5.0 (Macintosh; Intel Mac OS X 10_15_7) AppleWebKit/537.36 (KHTML, like Gecko) Chrome/104.0.0.0 Safari/537.36"
89.40.207.168 - - [31/Mar/2026:18:39:44 +0000] "GET /2026/02/25/fort-erie-casino-ontario-australia/ HTTP/1.1" 200 105215 "-" "Mozilla/5.0 (Macintosh; Intel Mac OS X 10_15_7) AppleWebKit/537.36 (KHTML, like Gecko) Chrome/104.0.0.0 Safari/537.36"
46.202.234.16 - - [31/Mar/2026:18:39:46 +0000] "GET /2026/02/25/tropicana-au-casino/ HTTP/1.1" 200 104934 "-" "Mozilla/5.0 (Macintosh; Intel Mac OS X 10_15_7) AppleWebKit/537.36 (KHTML, like Gecko) Chrome/104.0.0.0 Safari/537.36"
46.202.241.188 - - [31/Mar/2026:18:39:48 +0000] "GET /?p=833 HTTP/1.1" 301 - "-" "Mozilla/5.0 (Macintosh; Intel Mac OS X 10_15_7) AppleWebKit/537.36 (KHTML, like Gecko) Chrome/104.0.0.0 Safari/537.36"
46.202.241.188 - - [31/Mar/2026:18:39:48 +0000] "GET /2026/02/25/best-secure-popular-pokies/ HTTP/1.1" 200 105271 "-" "Mozilla/5.0 (Macintosh; Intel Mac OS X 10_15_7) AppleWebKit/537.36 (KHTML, like Gecko) Chrome/104.0.0.0 Safari/537.36"
82.38.167.195 - - [31/Mar/2026:18:39:50 +0000] "GET /?p=877 HTTP/1.1" 301 - "-" "Mozilla/5.0 (Macintosh; Intel Mac OS X 10_15_7) AppleWebKit/537.36 (KHTML, like Gecko) Chrome/104.0.0.0 Safari/537.36"
82.38.167.195 - - [31/Mar/2026:18:39:51 +0000] "GET /2026/02/25/play-casino-winning-pokies-for-free/ HTTP/1.1" 200 105036 "-" "Mozilla/5.0 (Macintosh; Intel Mac OS X 10_15_7) AppleWebKit/537.36 (KHTML, like Gecko) Chrome/104.0.0.0 Safari/537.36"
45.79.238.235 - - [31/Mar/2026:18:39:53 +0000] "POST /wp-cron.php?doing_wp_cron=1774982393.0287868976593017578125 HTTP/1.1" 200 - "-" "WordPress/6.9.4; https://sumitkumarlaw.co.nz"
82.152.58.45 - - [31/Mar/2026:18:39:52 +0000] "GET /?p=856 HTTP/1.1" 301 - "-" "Mozilla/5.0 (Macintosh; Intel Mac OS X 10_15_7) AppleWebKit/537.36 (KHTML, like Gecko) Chrome/104.0.0.0 Safari/537.36"
82.152.58.45 - - [31/Mar/2026:18:39:53 +0000] "GET /2026/02/25/how-to-win-on-australia-roulette/ HTTP/1.1" 200 105054 "-" "Mozilla/5.0 (Macintosh; Intel Mac OS X 10_15_7) AppleWebKit/537.36 (KHTML, like Gecko) Chrome/104.0.0.0 Safari/537.36"
204.168.206.218 - - [31/Mar/2026:18:40:15 +0000] "GET /wp-content/plugins/ultimate-elementor/assets/img/ghost.png HTTP/1.1" 200 5226 "-" "Python/3.12 aiohttp/3.12.15"
204.168.206.218 - - [31/Mar/2026:18:40:15 +0000] "GET /wp-content/plugins/ultimate-elementor/assets/img/pumpkin.png HTTP/1.1" 200 6289 "-" "Python/3.12 aiohttp/3.12.15"
204.168.206.218 - - [31/Mar/2026:18:40:15 +0000] "GET /wp-content/plugins/ultimate-elementor/assets/img/tree.png HTTP/1.1" 200 8360 "-" "Python/3.12 aiohttp/3.12.15"
45.79.238.235 - - [31/Mar/2026:18:42:23 +0000] "POST /wp-cron.php?doing_wp_cron=1774982543.6518180370330810546875 HTTP/1.1" 200 - "-" "WordPress/6.9.4; https://sumitkumarlaw.co.nz"
165.245.238.80 - - [31/Mar/2026:18:42:23 +0000] "POST /wp-login.php HTTP/1.1" 200 6286 "-" "Mozilla/5.0"
66.249.70.68 - - [31/Mar/2026:18:42:30 +0000] "GET /2026/02/25/mcalester-casino-au/ HTTP/1.1" 200 103381 "-" "Mozilla/5.0 (Linux; Android 6.0.1; Nexus 5X Build/MMB29P) AppleWebKit/537.36 (KHTML, like Gecko) Chrome/146.0.7680.164 Mobile Safari/537.36 (compatible; Googlebot/2.1; +http://www.google.com/bot.html)"
45.79.238.235 - - [31/Mar/2026:18:44:33 +0000] "POST /wp-cron.php?doing_wp_cron=1774982673.6600039005279541015625 HTTP/1.1" 200 - "-" "WordPress/6.9.4; https://sumitkumarlaw.co.nz"
66.249.70.69 - - [31/Mar/2026:18:44:33 +0000] "GET /?p=6786 HTTP/1.1" 301 - "-" "Mozilla/5.0 (Linux; Android 6.0.1; Nexus 5X Build/MMB29P) AppleWebKit/537.36 (KHTML, like Gecko) Chrome/146.0.7680.164 Mobile Safari/537.36 (compatible; Googlebot/2.1; +http://www.google.com/bot.html)"
66.249.70.68 - - [31/Mar/2026:18:44:34 +0000] "GET /2026/02/25/william-hill-casino-online-au/ HTTP/1.1" 200 103704 "-" "Mozilla/5.0 (Linux; Android 6.0.1; Nexus 5X Build/MMB29P) AppleWebKit/537.36 (KHTML, like Gecko) Chrome/146.0.7680.164 Mobile Safari/537.36 (compatible; Googlebot/2.1; +http://www.google.com/bot.html)"
45.79.238.235 - - [31/Mar/2026:18:46:08 +0000] "POST /wp-cron.php?doing_wp_cron=1774982767.8684248924255371093750 HTTP/1.1" 200 - "-" "WordPress/6.9.4; https://sumitkumarlaw.co.nz"
47.82.11.7 - - [31/Mar/2026:18:46:07 +0000] "GET /?p=1168 HTTP/1.1" 301 - "https://sumitkumarlaw.co.nz/" "Mozilla/5.0 (Windows NT 10.0; Win64; x64) AppleWebKit/537.36 (KHTML, like Gecko) Chrome/135.0.0.0 Safari/537.36"
47.82.11.7 - - [31/Mar/2026:18:46:08 +0000] "GET /2026/02/25/free-games-pokies-for-real-money-machines/ HTTP/1.1" 200 104503 "https://sumitkumarlaw.co.nz/" "Mozilla/5.0 (Windows NT 10.0; Win64; x64) AppleWebKit/537.36 (KHTML, like Gecko) Chrome/135.0.0.0 Safari/537.36"
137.184.54.121 - - [31/Mar/2026:18:46:37 +0000] "POST /wp-login.php HTTP/1.1" 200 6286 "-" "Mozilla/5.0"
45.79.238.235 - - [31/Mar/2026:18:49:20 +0000] "POST /wp-cron.php?doing_wp_cron=1774982960.5747408866882324218750 HTTP/1.1" 200 - "-" "WordPress/6.9.4; https://sumitkumarlaw.co.nz"
118.148.161.34 - - [31/Mar/2026:18:49:20 +0000] "GET /2026/02/25/free-spins-on-registration-no-deposit-nz/ HTTP/1.1" 200 105486 "https://www.google.com/url?q=https://sumitkumarlaw.co.nz/2026/02/25/free-spins-on-registration-no-deposit-nz/&sa=U&sqi=2&ved=2ahUKEwjKvpLk5sqTAxUwr1YBHWcFGqkQFnoECCYQAQ&usg=AOvVaw2MQ3aY_KCToFZELevQvZtQ" "Mozilla/5.0 (iPhone; CPU iPhone OS 26_3_1 like Mac OS X) AppleWebKit/605.1.15 (KHTML, like Gecko) GSA/414.0.890628820 Mobile/15E148 Safari/604.1"
118.148.161.34 - - [31/Mar/2026:18:49:20 +0000] "GET /wp-content/uploads/astra-addon/astra-addon-6604edca6629b0-88455585.css?ver=4.4.0 HTTP/1.1" 304 - "https://sumitkumarlaw.co.nz/2026/02/25/free-spins-on-registration-no-deposit-nz/" "Mozilla/5.0 (iPhone; CPU iPhone OS 26_3_1 like Mac OS X) AppleWebKit/605.1.15 (KHTML, like Gecko) GSA/414.0.890628820 Mobile/15E148 Safari/604.1"
118.148.161.34 - - [31/Mar/2026:18:49:20 +0000] "GET /wp-includes/js/jquery/jquery-migrate.min.js?ver=3.4.1 HTTP/1.1" 304 - "https://sumitkumarlaw.co.nz/2026/02/25/free-spins-on-registration-no-deposit-nz/" "Mozilla/5.0 (iPhone; CPU iPhone OS 26_3_1 like Mac OS X) AppleWebKit/605.1.15 (KHTML, like Gecko) GSA/414.0.890628820 Mobile/15E148 Safari/604.1"
118.148.161.34 - - [31/Mar/2026:18:49:20 +0000] "GET /wp-includes/css/dist/block-library/style.min.css?ver=6.9.4 HTTP/1.1" 304 - "https://sumitkumarlaw.co.nz/2026/02/25/free-spins-on-registration-no-deposit-nz/" "Mozilla/5.0 (iPhone; CPU iPhone OS 26_3_1 like Mac OS X) AppleWebKit/605.1.15 (KHTML, like Gecko) GSA/414.0.890628820 Mobile/15E148 Safari/604.1"
118.148.161.34 - - [31/Mar/2026:18:49:20 +0000] "GET /wp-includes/js/jquery/jquery.min.js?ver=3.7.1 HTTP/1.1" 304 - "https://sumitkumarlaw.co.nz/2026/02/25/free-spins-on-registration-no-deposit-nz/" "Mozilla/5.0 (iPhone; CPU iPhone OS 26_3_1 like Mac OS X) AppleWebKit/605.1.15 (KHTML, like Gecko) GSA/414.0.890628820 Mobile/15E148 Safari/604.1"
118.148.161.34 - - [31/Mar/2026:18:49:20 +0000] "GET /wp-content/themes/astra/assets/css/minified/frontend.min.css?ver=4.4.0 HTTP/1.1" 304 - "https://sumitkumarlaw.co.nz/2026/02/25/free-spins-on-registration-no-deposit-nz/" "Mozilla/5.0 (iPhone; CPU iPhone OS 26_3_1 like Mac OS X) AppleWebKit/605.1.15 (KHTML, like Gecko) GSA/414.0.890628820 Mobile/15E148 Safari/604.1"
118.148.161.34 - - [31/Mar/2026:18:49:20 +0000] "GET /wp-content/uploads/astra-addon/astra-addon-6604edca66e0e9-59157626.js?ver=4.4.0 HTTP/1.1" 304 - "https://sumitkumarlaw.co.nz/2026/02/25/free-spins-on-registration-no-deposit-nz/" "Mozilla/5.0 (iPhone; CPU iPhone OS 26_3_1 like Mac OS X) AppleWebKit/605.1.15 (KHTML, like Gecko) GSA/414.0.890628820 Mobile/15E148 Safari/604.1"
118.148.161.34 - - [31/Mar/2026:18:49:20 +0000] "GET /wp-content/themes/astra/assets/js/minified/frontend.min.js?ver=4.4.0 HTTP/1.1" 304 - "https://sumitkumarlaw.co.nz/2026/02/25/free-spins-on-registration-no-deposit-nz/" "Mozilla/5.0 (iPhone; CPU iPhone OS 26_3_1 like Mac OS X) AppleWebKit/605.1.15 (KHTML, like Gecko) GSA/414.0.890628820 Mobile/15E148 Safari/604.1"
118.148.161.34 - - [31/Mar/2026:18:49:20 +0000] "GET /wp-content/uploads/2024/03/image-2-1024x507.png HTTP/1.1" 304 - "https://sumitkumarlaw.co.nz/2026/02/25/free-spins-on-registration-no-deposit-nz/" "Mozilla/5.0 (iPhone; CPU iPhone OS 26_3_1 like Mac OS X) AppleWebKit/605.1.15 (KHTML, like Gecko) GSA/414.0.890628820 Mobile/15E148 Safari/604.1"
118.148.161.34 - - [31/Mar/2026:18:49:42 +0000] "GET /2026/02/25/free-spins-on-registration-no-deposit-nz/ HTTP/1.1" 200 105486 "https://www.google.com/url?q=https://sumitkumarlaw.co.nz/2026/02/25/free-spins-on-registration-no-deposit-nz/&sa=U&sqi=2&ved=2ahUKEwjKvpLk5sqTAxUwr1YBHWcFGqkQFnoECCYQAQ&usg=AOvVaw2MQ3aY_KCToFZELevQvZtQ" "Mozilla/5.0 (iPhone; CPU iPhone OS 26_3_1 like Mac OS X) AppleWebKit/605.1.15 (KHTML, like Gecko) GSA/414.0.890628820 Mobile/15E148 Safari/604.1"
45.79.238.235 - - [31/Mar/2026:18:50:40 +0000] "POST /wp-cron.php?doing_wp_cron=1774983040.5928430557250976562500 HTTP/1.1" 200 - "-" "WordPress/6.9.4; https://sumitkumarlaw.co.nz"
66.249.70.68 - - [31/Mar/2026:18:50:40 +0000] "GET /?p=7311 HTTP/1.1" 301 - "-" "Mozilla/5.0 (Linux; Android 6.0.1; Nexus 5X Build/MMB29P) AppleWebKit/537.36 (KHTML, like Gecko) Chrome/146.0.7680.164 Mobile Safari/537.36 (compatible; Googlebot/2.1; +http://www.google.com/bot.html)"
66.249.70.69 - - [31/Mar/2026:18:50:41 +0000] "GET /2026/02/25/victoria-casino-elgin-illinois/ HTTP/1.1" 200 103512 "-" "Mozilla/5.0 (Linux; Android 6.0.1; Nexus 5X Build/MMB29P) AppleWebKit/537.36 (KHTML, like Gecko) Chrome/146.0.7680.164 Mobile Safari/537.36 (compatible; Googlebot/2.1; +http://www.google.com/bot.html)"
66.249.70.67 - - [31/Mar/2026:18:52:37 +0000] "GET /2026/02/25/seneca-casino-au/ HTTP/1.1" 200 103921 "-" "Mozilla/5.0 (Linux; Android 6.0.1; Nexus 5X Build/MMB29P) AppleWebKit/537.36 (KHTML, like Gecko) Chrome/146.0.7680.164 Mobile Safari/537.36 (compatible; Googlebot/2.1; +http://www.google.com/bot.html)"
82.41.155.91 - - [31/Mar/2026:18:53:49 +0000] "GET /?p=1087 HTTP/1.1" 301 - "-" "Mozilla/5.0 (Macintosh; Intel Mac OS X 10_15_7) AppleWebKit/537.36 (KHTML, like Gecko) Chrome/104.0.0.0 Safari/537.36"
82.41.155.91 - - [31/Mar/2026:18:53:50 +0000] "GET /2026/02/25/game-casino-popular-pokies/ HTTP/1.1" 200 105341 "-" "Mozilla/5.0 (Macintosh; Intel Mac OS X 10_15_7) AppleWebKit/537.36 (KHTML, like Gecko) Chrome/104.0.0.0 Safari/537.36"
45.79.238.235 - - [31/Mar/2026:18:54:05 +0000] "POST /wp-cron.php?doing_wp_cron=1774983245.7960081100463867187500 HTTP/1.1" 200 - "-" "WordPress/6.9.4; https://sumitkumarlaw.co.nz"
82.38.229.103 - - [31/Mar/2026:18:54:05 +0000] "GET /2026/02/25/pokies-with-bonus-top-10/ HTTP/1.1" 200 104617 "-" "Mozilla/5.0 (Macintosh; Intel Mac OS X 10_15_7) AppleWebKit/537.36 (KHTML, like Gecko) Chrome/104.0.0.0 Safari/537.36"
109.176.54.236 - - [31/Mar/2026:18:54:07 +0000] "GET /?p=1033 HTTP/1.1" 301 - "-" "Mozilla/5.0 (Macintosh; Intel Mac OS X 10_15_7) AppleWebKit/537.36 (KHTML, like Gecko) Chrome/104.0.0.0 Safari/537.36"
109.176.54.236 - - [31/Mar/2026:18:54:08 +0000] "GET /2026/02/25/gold-coast-casino-aurora-aurora-au/ HTTP/1.1" 200 103462 "-" "Mozilla/5.0 (Macintosh; Intel Mac OS X 10_15_7) AppleWebKit/537.36 (KHTML, like Gecko) Chrome/104.0.0.0 Safari/537.36"
45.79.238.235 - - [31/Mar/2026:18:56:28 +0000] "POST /wp-cron.php?doing_wp_cron=1774983388.6267859935760498046875 HTTP/1.1" 200 - "-" "WordPress/6.9.4; https://sumitkumarlaw.co.nz"
45.61.188.43 - - [31/Mar/2026:18:56:28 +0000] "GET /wp-login.php HTTP/1.1" 200 5916 "-" "Mozilla/5.0 (Windows NT 10.0; Win64; x64) AppleWebKit/537.36 (KHTML, like Gecko) Chrome/134.0.0.0 Safari/537.36"
45.61.188.43 - - [31/Mar/2026:18:56:29 +0000] "POST /wp-login.php HTTP/1.1" 200 6348 "https://sumitkumarlaw.co.nz/wp-admin/" "Mozilla/5.0 (Windows NT 10.0; Win64; x64) AppleWebKit/537.36 (KHTML, like Gecko) Chrome/134.0.0.0 Safari/537.36"
46.203.130.25 - - [31/Mar/2026:18:56:36 +0000] "GET /?p=824 HTTP/1.1" 301 - "-" "Mozilla/5.0 (Macintosh; Intel Mac OS X 10_15_7) AppleWebKit/537.36 (KHTML, like Gecko) Chrome/104.0.0.0 Safari/537.36"
46.203.130.25 - - [31/Mar/2026:18:56:37 +0000] "GET /2026/02/25/big-win-top-australian-pokies-real-money/ HTTP/1.1" 200 104164 "-" "Mozilla/5.0 (Macintosh; Intel Mac OS X 10_15_7) AppleWebKit/537.36 (KHTML, like Gecko) Chrome/104.0.0.0 Safari/537.36"
82.25.150.160 - - [31/Mar/2026:18:56:38 +0000] "GET /2026/02/25/australia-no-deposit-bonus-codes/ HTTP/1.1" 200 104005 "-" "Mozilla/5.0 (Macintosh; Intel Mac OS X 10_15_7) AppleWebKit/537.36 (KHTML, like Gecko) Chrome/104.0.0.0 Safari/537.36"
82.38.165.208 - - [31/Mar/2026:18:56:40 +0000] "GET /?p=938 HTTP/1.1" 301 - "-" "Mozilla/5.0 (Macintosh; Intel Mac OS X 10_15_7) AppleWebKit/537.36 (KHTML, like Gecko) Chrome/104.0.0.0 Safari/537.36"
82.38.165.208 - - [31/Mar/2026:18:56:40 +0000] "GET /2026/02/25/top-australian-pokies-paypal-deposit/ HTTP/1.1" 200 104892 "-" "Mozilla/5.0 (Macintosh; Intel Mac OS X 10_15_7) AppleWebKit/537.36 (KHTML, like Gecko) Chrome/104.0.0.0 Safari/537.36"
82.39.176.12 - - [31/Mar/2026:18:56:42 +0000] "GET /?p=939 HTTP/1.1" 301 - "-" "Mozilla/5.0 (Macintosh; Intel Mac OS X 10_15_7) AppleWebKit/537.36 (KHTML, like Gecko) Chrome/104.0.0.0 Safari/537.36"
