66.249.70.67 - - [31/Mar/2026:20:46:55 +0000] "GET /2026/02/25/best-offers-of-pokies-paypal/ HTTP/1.1" 200 103833 "-" "Mozilla/5.0 (Linux; Android 6.0.1; Nexus 5X Build/MMB29P) AppleWebKit/537.36 (KHTML, like Gecko) Chrome/146.0.7680.164 Mobile Safari/537.36 (compatible; Googlebot/2.1; +http://www.google.com/bot.html)"
66.249.70.67 - - [31/Mar/2026:20:46:57 +0000] "GET /2026/02/25/online-casino-new-zealand-illegal/ HTTP/1.1" 200 104147 "-" "Mozilla/5.0 (Linux; Android 6.0.1; Nexus 5X Build/MMB29P) AppleWebKit/537.36 (KHTML, like Gecko) Chrome/146.0.7680.164 Mobile Safari/537.36 (compatible; Googlebot/2.1; +http://www.google.com/bot.html)"
66.249.70.67 - - [31/Mar/2026:20:46:58 +0000] "GET /2026/02/25/crown-casino-perth-wa/ HTTP/1.1" 200 103584 "-" "Mozilla/5.0 (Linux; Android 6.0.1; Nexus 5X Build/MMB29P) AppleWebKit/537.36 (KHTML, like Gecko) Chrome/146.0.7680.164 Mobile Safari/537.36 (compatible; Googlebot/2.1; +http://www.google.com/bot.html)"
122.58.229.85 - - [31/Mar/2026:20:47:01 +0000] "POST /autodiscover/autodiscover.xml HTTP/1.1" 200 1233 "-" "Microsoft Office/16.0 (Windows NT 10.0; Microsoft Outlook 16.0.19822; Pro)"
66.249.70.69 - - [31/Mar/2026:20:47:06 +0000] "GET /2026/02/25/betsoft-casinos-australia/ HTTP/1.1" 200 104076 "-" "Mozilla/5.0 (Linux; Android 6.0.1; Nexus 5X Build/MMB29P) AppleWebKit/537.36 (KHTML, like Gecko) Chrome/146.0.7680.164 Mobile Safari/537.36 (compatible; Googlebot/2.1; +http://www.google.com/bot.html)"
66.249.70.68 - - [31/Mar/2026:20:47:29 +0000] "GET /2026/02/25/profitable-pokies-promotions/ HTTP/1.1" 200 103850 "-" "Mozilla/5.0 (Linux; Android 6.0.1; Nexus 5X Build/MMB29P) AppleWebKit/537.36 (KHTML, like Gecko) Chrome/146.0.7680.164 Mobile Safari/537.36 (compatible; Googlebot/2.1; +http://www.google.com/bot.html)"
45.79.238.235 - - [31/Mar/2026:20:48:11 +0000] "POST /wp-cron.php?doing_wp_cron=1774990091.9122519493103027343750 HTTP/1.1" 200 - "-" "WordPress/6.9.4; https://sumitkumarlaw.co.nz"
66.249.70.68 - - [31/Mar/2026:20:48:11 +0000] "GET /2026/02/25/free-au-pokies-no-registration-or-download/ HTTP/1.1" 200 104145 "-" "Mozilla/5.0 (Linux; Android 6.0.1; Nexus 5X Build/MMB29P) AppleWebKit/537.36 (KHTML, like Gecko) Chrome/146.0.7680.164 Mobile Safari/537.36 (compatible; Googlebot/2.1; +http://www.google.com/bot.html)"
66.249.70.67 - - [31/Mar/2026:20:48:27 +0000] "GET /2026/02/25/most-popular-new-pokies-online/ HTTP/1.1" 200 103613 "-" "Mozilla/5.0 (Linux; Android 6.0.1; Nexus 5X Build/MMB29P) AppleWebKit/537.36 (KHTML, like Gecko) Chrome/146.0.7680.164 Mobile Safari/537.36 (compatible; Googlebot/2.1; +http://www.google.com/bot.html)"
66.249.70.67 - - [31/Mar/2026:20:48:30 +0000] "GET /?p=7976 HTTP/1.1" 301 - "-" "Mozilla/5.0 (Linux; Android 6.0.1; Nexus 5X Build/MMB29P) AppleWebKit/537.36 (KHTML, like Gecko) Chrome/146.0.7680.164 Mobile Safari/537.36 (compatible; Googlebot/2.1; +http://www.google.com/bot.html)"
66.249.70.68 - - [31/Mar/2026:20:48:31 +0000] "GET /2026/02/25/slot-machines-adelaide-au/ HTTP/1.1" 200 104179 "-" "Mozilla/5.0 (Linux; Android 6.0.1; Nexus 5X Build/MMB29P) AppleWebKit/537.36 (KHTML, like Gecko) Chrome/146.0.7680.164 Mobile Safari/537.36 (compatible; Googlebot/2.1; +http://www.google.com/bot.html)"
45.79.238.235 - - [31/Mar/2026:20:49:47 +0000] "POST /wp-cron.php?doing_wp_cron=1774990187.3169319629669189453125 HTTP/1.1" 200 - "-" "WordPress/6.9.4; https://sumitkumarlaw.co.nz"
209.141.49.119 - - [31/Mar/2026:20:49:46 +0000] "GET /wp-login.php HTTP/1.1" 200 5916 "-" "Mozilla/5.0 (Windows NT 10.0; Win64; x64) AppleWebKit/537.36 (KHTML, like Gecko) Chrome/134.0.0.0 Safari/537.36"
209.141.49.119 - - [31/Mar/2026:20:49:47 +0000] "POST /wp-login.php HTTP/1.1" 200 6348 "https://sumitkumarlaw.co.nz/wp-admin/" "Mozilla/5.0 (Windows NT 10.0; Win64; x64) AppleWebKit/537.36 (KHTML, like Gecko) Chrome/134.0.0.0 Safari/537.36"
45.79.238.235 - - [31/Mar/2026:20:51:32 +0000] "POST /wp-cron.php?doing_wp_cron=1774990292.3207590579986572265625 HTTP/1.1" 200 - "-" "WordPress/6.9.4; https://sumitkumarlaw.co.nz"
165.245.238.80 - - [31/Mar/2026:20:51:30 +0000] "POST /wp-login.php HTTP/1.1" 200 6286 "-" "Mozilla/5.0"
66.249.70.68 - - [31/Mar/2026:20:51:34 +0000] "GET /2026/02/25/casino-in-brighton-nz/ HTTP/1.1" 200 103770 "-" "Mozilla/5.0 (Linux; Android 6.0.1; Nexus 5X Build/MMB29P) AppleWebKit/537.36 (KHTML, like Gecko) Chrome/146.0.7680.164 Mobile Safari/537.36 (compatible; Googlebot/2.1; +http://www.google.com/bot.html)"
141.98.11.44 - - [31/Mar/2026:20:52:15 +0000] "GET /wp-includes/sodium_compat/src/Core/SecretStream/State.php HTTP/1.1" 403 4170 "-" "Mozilla/5.0 (Windows NT 10.0; Win64; x64) AppleWebKit/537.36"
45.79.238.235 - - [31/Mar/2026:20:52:43 +0000] "POST /wp-cron.php?doing_wp_cron=1774990363.3763899803161621093750 HTTP/1.1" 200 - "-" "WordPress/6.9.4; https://sumitkumarlaw.co.nz"
66.249.70.67 - - [31/Mar/2026:20:52:42 +0000] "GET /2026/02/25/best-paying-slot-sites-au/ HTTP/1.1" 200 103505 "-" "Mozilla/5.0 (Linux; Android 6.0.1; Nexus 5X Build/MMB29P) AppleWebKit/537.36 (KHTML, like Gecko) Chrome/146.0.7680.164 Mobile Safari/537.36 (compatible; Googlebot/2.1; +http://www.google.com/bot.html)"
66.249.70.67 - - [31/Mar/2026:20:52:43 +0000] "GET /2026/02/25/money-train-slot-nz/ HTTP/1.1" 200 102342 "-" "Mozilla/5.0 (Linux; Android 6.0.1; Nexus 5X Build/MMB29P) AppleWebKit/537.36 (KHTML, like Gecko) Chrome/146.0.7680.164 Mobile Safari/537.36 (compatible; Googlebot/2.1; +http://www.google.com/bot.html)"
122.58.229.85 - - [31/Mar/2026:20:53:01 +0000] "POST /autodiscover/autodiscover.xml HTTP/1.1" 200 1233 "-" "Microsoft Office/16.0 (Windows NT 10.0; Microsoft Outlook 16.0.19822; Pro)"
45.79.238.235 - - [31/Mar/2026:20:53:17 +0000] "POST /wp-cron.php?doing_wp_cron=1774990397.1252779960632324218750 HTTP/1.1" 200 - "-" "WordPress/6.9.4; https://sumitkumarlaw.co.nz"
66.249.70.68 - - [31/Mar/2026:20:53:16 +0000] "GET /2026/02/25/100-deposit-casino-pokies/ HTTP/1.1" 200 103595 "-" "Mozilla/5.0 (Linux; Android 6.0.1; Nexus 5X Build/MMB29P) AppleWebKit/537.36 (KHTML, like Gecko) Chrome/146.0.7680.164 Mobile Safari/537.36 (compatible; Googlebot/2.1; +http://www.google.com/bot.html)"
45.79.238.235 - - [31/Mar/2026:20:54:27 +0000] "POST /wp-cron.php?doing_wp_cron=1774990467.9709470272064208984375 HTTP/1.1" 200 - "-" "WordPress/6.9.4; https://sumitkumarlaw.co.nz"
66.249.70.67 - - [31/Mar/2026:20:54:27 +0000] "GET /2026/02/25/all-pokies-in-new-zealand/ HTTP/1.1" 200 103652 "-" "Mozilla/5.0 (Linux; Android 6.0.1; Nexus 5X Build/MMB29P) AppleWebKit/537.36 (KHTML, like Gecko) Chrome/146.0.7680.164 Mobile Safari/537.36 (compatible; Googlebot/2.1; +http://www.google.com/bot.html)"
66.249.70.67 - - [31/Mar/2026:20:54:27 +0000] "GET /2026/02/25/reserve-casino-black-hawk-nz/ HTTP/1.1" 200 104419 "-" "Mozilla/5.0 (Linux; Android 6.0.1; Nexus 5X Build/MMB29P) AppleWebKit/537.36 (KHTML, like Gecko) Chrome/146.0.7680.164 Mobile Safari/537.36 (compatible; Googlebot/2.1; +http://www.google.com/bot.html)"
137.184.54.121 - - [31/Mar/2026:20:54:39 +0000] "POST /wp-login.php HTTP/1.1" 200 6286 "-" "Mozilla/5.0"
45.79.238.235 - - [31/Mar/2026:20:55:49 +0000] "POST /wp-cron.php?doing_wp_cron=1774990549.5955140590667724609375 HTTP/1.1" 200 - "-" "WordPress/6.9.4; https://sumitkumarlaw.co.nz"
66.249.70.67 - - [31/Mar/2026:20:55:48 +0000] "GET /2026/02/25/pokies-with-bonus-for-wagering/ HTTP/1.1" 200 103525 "-" "Mozilla/5.0 (Linux; Android 6.0.1; Nexus 5X Build/MMB29P) AppleWebKit/537.36 (KHTML, like Gecko) Chrome/146.0.7680.164 Mobile Safari/537.36 (compatible; Googlebot/2.1; +http://www.google.com/bot.html)"
100.50.179.0 - - [31/Mar/2026:20:57:02 +0000] "GET /robots.txt HTTP/1.1" 304 - "-" "Mozilla/5.0 (Macintosh; Intel Mac OS X 10_10_1) AppleWebKit/600.2.5 (KHTML, like Gecko) Version/8.0.2 Safari/600.2.5 (Gort)"
45.79.238.235 - - [31/Mar/2026:20:57:17 +0000] "POST /wp-cron.php?doing_wp_cron=1774990636.5279750823974609375000 HTTP/1.1" 200 - "-" "WordPress/6.9.4; https://sumitkumarlaw.co.nz"
66.249.70.68 - - [31/Mar/2026:20:57:15 +0000] "GET /?p=6432 HTTP/1.1" 301 - "-" "Mozilla/5.0 (Linux; Android 6.0.1; Nexus 5X Build/MMB29P) AppleWebKit/537.36 (KHTML, like Gecko) Chrome/146.0.7680.164 Mobile Safari/537.36 (compatible; Googlebot/2.1; +http://www.google.com/bot.html)"
66.249.70.67 - - [31/Mar/2026:20:57:17 +0000] "GET /2026/02/25/popular-pokies-machine-real-money/ HTTP/1.1" 200 103680 "-" "Mozilla/5.0 (Linux; Android 6.0.1; Nexus 5X Build/MMB29P) AppleWebKit/537.36 (KHTML, like Gecko) Chrome/146.0.7680.164 Mobile Safari/537.36 (compatible; Googlebot/2.1; +http://www.google.com/bot.html)"
66.249.70.67 - - [31/Mar/2026:20:57:25 +0000] "GET /2026/02/25/play-real-pokies-online-free/ HTTP/1.1" 200 103884 "-" "Mozilla/5.0 (Linux; Android 6.0.1; Nexus 5X Build/MMB29P) AppleWebKit/537.36 (KHTML, like Gecko) Chrome/146.0.7680.164 Mobile Safari/537.36 (compatible; Googlebot/2.1; +http://www.google.com/bot.html)"
66.249.70.67 - - [31/Mar/2026:20:57:39 +0000] "GET /?p=5424 HTTP/1.1" 301 - "-" "Mozilla/5.0 (Linux; Android 6.0.1; Nexus 5X Build/MMB29P) AppleWebKit/537.36 (KHTML, like Gecko) Chrome/146.0.7680.164 Mobile Safari/537.36 (compatible; Googlebot/2.1; +http://www.google.com/bot.html)"
66.249.70.67 - - [31/Mar/2026:20:57:39 +0000] "GET /2026/02/25/gold-coast-casino-lancaster-au/ HTTP/1.1" 200 103166 "-" "Mozilla/5.0 (Linux; Android 6.0.1; Nexus 5X Build/MMB29P) AppleWebKit/537.36 (KHTML, like Gecko) Chrome/146.0.7680.164 Mobile Safari/537.36 (compatible; Googlebot/2.1; +http://www.google.com/bot.html)"
122.58.229.85 - - [31/Mar/2026:20:59:02 +0000] "POST /autodiscover/autodiscover.xml HTTP/1.1" 200 1233 "-" "Microsoft Office/16.0 (Windows NT 10.0; Microsoft Outlook 16.0.19822; Pro)"
45.79.238.235 - - [31/Mar/2026:20:59:15 +0000] "POST /wp-cron.php?doing_wp_cron=1774990755.2195129394531250000000 HTTP/1.1" 200 - "-" "WordPress/6.9.4; https://sumitkumarlaw.co.nz"
66.249.70.69 - - [31/Mar/2026:20:59:13 +0000] "GET /2026/02/25/free-winning-pokies-no-downloads/ HTTP/1.1" 200 103032 "-" "Mozilla/5.0 (Linux; Android 6.0.1; Nexus 5X Build/MMB29P) AppleWebKit/537.36 (KHTML, like Gecko) Chrome/146.0.7680.164 Mobile Safari/537.36 (compatible; Googlebot/2.1; +http://www.google.com/bot.html)"
66.249.70.68 - - [31/Mar/2026:20:59:35 +0000] "GET /2026/02/25/royal-casino-victoria/ HTTP/1.1" 200 104516 "-" "Mozilla/5.0 (Linux; Android 6.0.1; Nexus 5X Build/MMB29P) AppleWebKit/537.36 (KHTML, like Gecko) Chrome/146.0.7680.164 Mobile Safari/537.36 (compatible; Googlebot/2.1; +http://www.google.com/bot.html)"
45.79.238.235 - - [31/Mar/2026:21:01:19 +0000] "POST /wp-cron.php?doing_wp_cron=1774990879.3383479118347167968750 HTTP/1.1" 200 - "-" "WordPress/6.9.4; https://sumitkumarlaw.co.nz"
66.249.70.67 - - [31/Mar/2026:21:01:18 +0000] "GET /2026/02/25/secure-pokies-machines-win/ HTTP/1.1" 200 103125 "-" "Mozilla/5.0 (Linux; Android 6.0.1; Nexus 5X Build/MMB29P) AppleWebKit/537.36 (KHTML, like Gecko) Chrome/146.0.7680.164 Mobile Safari/537.36 (compatible; Googlebot/2.1; +http://www.google.com/bot.html)"
45.79.238.235 - - [31/Mar/2026:21:03:00 +0000] "POST /wp-cron.php?doing_wp_cron=1774990979.7841079235076904296875 HTTP/1.1" 200 - "-" "WordPress/6.9.4; https://sumitkumarlaw.co.nz"
66.249.70.67 - - [31/Mar/2026:21:02:58 +0000] "GET /?p=3229 HTTP/1.1" 301 - "-" "Mozilla/5.0 (Linux; Android 6.0.1; Nexus 5X Build/MMB29P) AppleWebKit/537.36 (KHTML, like Gecko) Chrome/146.0.7680.164 Mobile Safari/537.36 (compatible; Googlebot/2.1; +http://www.google.com/bot.html)"
66.249.70.67 - - [31/Mar/2026:21:03:00 +0000] "GET /2026/02/25/games-deposit-casino-pokies/ HTTP/1.1" 200 103758 "-" "Mozilla/5.0 (Linux; Android 6.0.1; Nexus 5X Build/MMB29P) AppleWebKit/537.36 (KHTML, like Gecko) Chrome/146.0.7680.164 Mobile Safari/537.36 (compatible; Googlebot/2.1; +http://www.google.com/bot.html)"
66.249.70.68 - - [31/Mar/2026:21:03:21 +0000] "GET /2026/02/25/au-slots-bonus-code/ HTTP/1.1" 200 103254 "-" "Mozilla/5.0 (Linux; Android 6.0.1; Nexus 5X Build/MMB29P) AppleWebKit/537.36 (KHTML, like Gecko) Chrome/146.0.7680.164 Mobile Safari/537.36 (compatible; Googlebot/2.1; +http://www.google.com/bot.html)"
66.249.70.67 - - [31/Mar/2026:21:03:22 +0000] "GET /2026/02/25/free-android-pokies-games/ HTTP/1.1" 200 103969 "-" "Mozilla/5.0 (Linux; Android 6.0.1; Nexus 5X Build/MMB29P) AppleWebKit/537.36 (KHTML, like Gecko) Chrome/146.0.7680.164 Mobile Safari/537.36 (compatible; Googlebot/2.1; +http://www.google.com/bot.html)"
45.79.238.235 - - [31/Mar/2026:21:03:59 +0000] "POST /wp-cron.php?doing_wp_cron=1774991039.6015610694885253906250 HTTP/1.1" 200 - "-" "WordPress/6.9.4; https://sumitkumarlaw.co.nz"
66.249.70.67 - - [31/Mar/2026:21:03:57 +0000] "GET /2026/02/25/casino-in-newcastle-au/ HTTP/1.1" 200 103708 "-" "Mozilla/5.0 (Linux; Android 6.0.1; Nexus 5X Build/MMB29P) AppleWebKit/537.36 (KHTML, like Gecko) Chrome/146.0.7680.164 Mobile Safari/537.36 (compatible; Googlebot/2.1; +http://www.google.com/bot.html)"
66.249.70.67 - - [31/Mar/2026:21:04:01 +0000] "GET /2026/02/25/new-online-pokies-bonus-no-deposit/ HTTP/1.1" 200 103774 "-" "Mozilla/5.0 (Linux; Android 6.0.1; Nexus 5X Build/MMB29P) AppleWebKit/537.36 (KHTML, like Gecko) Chrome/146.0.7680.164 Mobile Safari/537.36 (compatible; Googlebot/2.1; +http://www.google.com/bot.html)"
66.249.70.67 - - [31/Mar/2026:21:04:17 +0000] "GET /2026/02/25/new-zealand-s-first-legal-casino/ HTTP/1.1" 200 103600 "-" "Mozilla/5.0 (Linux; Android 6.0.1; Nexus 5X Build/MMB29P) AppleWebKit/537.36 (KHTML, like Gecko) Chrome/146.0.7680.164 Mobile Safari/537.36 (compatible; Googlebot/2.1; +http://www.google.com/bot.html)"
66.249.70.67 - - [31/Mar/2026:21:04:30 +0000] "GET /2026/02/25/win-pokies-for-real-money-machine/ HTTP/1.1" 200 103826 "-" "Mozilla/5.0 (Linux; Android 6.0.1; Nexus 5X Build/MMB29P) AppleWebKit/537.36 (KHTML, like Gecko) Chrome/146.0.7680.164 Mobile Safari/537.36 (compatible; Googlebot/2.1; +http://www.google.com/bot.html)"
66.249.70.67 - - [31/Mar/2026:21:04:43 +0000] "GET /2026/02/25/tax-free-pokies-deposit-by-mobile/ HTTP/1.1" 200 104288 "-" "Mozilla/5.0 (Linux; Android 6.0.1; Nexus 5X Build/MMB29P) AppleWebKit/537.36 (KHTML, like Gecko) Chrome/146.0.7680.164 Mobile Safari/537.36 (compatible; Googlebot/2.1; +http://www.google.com/bot.html)"
45.79.238.235 - - [31/Mar/2026:21:04:59 +0000] "POST /wp-cron.php?doing_wp_cron=1774991099.2718329429626464843750 HTTP/1.1" 200 - "-" "WordPress/6.9.4; https://sumitkumarlaw.co.nz"
66.249.70.67 - - [31/Mar/2026:21:04:57 +0000] "GET /?p=2330 HTTP/1.1" 301 - "-" "Mozilla/5.0 (Linux; Android 6.0.1; Nexus 5X Build/MMB29P) AppleWebKit/537.36 (KHTML, like Gecko) Chrome/146.0.7680.164 Mobile Safari/537.36 (compatible; Googlebot/2.1; +http://www.google.com/bot.html)"
66.249.70.67 - - [31/Mar/2026:21:04:59 +0000] "GET /2026/02/25/crown-casino-perth-slot-machines/ HTTP/1.1" 200 104044 "-" "Mozilla/5.0 (Linux; Android 6.0.1; Nexus 5X Build/MMB29P) AppleWebKit/537.36 (KHTML, like Gecko) Chrome/146.0.7680.164 Mobile Safari/537.36 (compatible; Googlebot/2.1; +http://www.google.com/bot.html)"
122.58.229.85 - - [31/Mar/2026:21:05:03 +0000] "POST /autodiscover/autodiscover.xml HTTP/1.1" 200 1233 "-" "Microsoft Office/16.0 (Windows NT 10.0; Microsoft Outlook 16.0.19822; Pro)"
66.249.70.67 - - [31/Mar/2026:21:05:12 +0000] "GET /2026/02/25/no-registration-pokies-chances-of-winning/ HTTP/1.1" 200 104502 "-" "Mozilla/5.0 (Linux; Android 6.0.1; Nexus 5X Build/MMB29P) AppleWebKit/537.36 (KHTML, like Gecko) Chrome/146.0.7680.164 Mobile Safari/537.36 (compatible; Googlebot/2.1; +http://www.google.com/bot.html)"
66.249.70.67 - - [31/Mar/2026:21:05:30 +0000] "GET /2026/02/25/deposit-casino-pokies-to-win/ HTTP/1.1" 200 103170 "-" "Mozilla/5.0 (Linux; Android 6.0.1; Nexus 5X Build/MMB29P) AppleWebKit/537.36 (KHTML, like Gecko) Chrome/146.0.7680.164 Mobile Safari/537.36 (compatible; Googlebot/2.1; +http://www.google.com/bot.html)"
66.249.70.67 - - [31/Mar/2026:21:05:42 +0000] "GET /2026/02/25/tricks-to-win-pokies-online/ HTTP/1.1" 200 103954 "-" "Mozilla/5.0 (Linux; Android 6.0.1; Nexus 5X Build/MMB29P) AppleWebKit/537.36 (KHTML, like Gecko) Chrome/146.0.7680.164 Mobile Safari/537.36 (compatible; Googlebot/2.1; +http://www.google.com/bot.html)"
45.79.238.235 - - [31/Mar/2026:21:06:09 +0000] "POST /wp-cron.php?doing_wp_cron=1774991169.2140769958496093750000 HTTP/1.1" 200 - "-" "WordPress/6.9.4; https://sumitkumarlaw.co.nz"
66.249.70.69 - - [31/Mar/2026:21:06:08 +0000] "GET /2026/02/25/new-zealands-best-online-pokies/ HTTP/1.1" 200 103480 "-" "Mozilla/5.0 (Linux; Android 6.0.1; Nexus 5X Build/MMB29P) AppleWebKit/537.36 (KHTML, like Gecko) Chrome/146.0.7680.164 Mobile Safari/537.36 (compatible; Googlebot/2.1; +http://www.google.com/bot.html)"
66.249.70.67 - - [31/Mar/2026:21:06:35 +0000] "GET /2026/02/25/are-top-online-pokies-and-casinos-new-zealand-open/ HTTP/1.1" 200 103294 "-" "Mozilla/5.0 (Linux; Android 6.0.1; Nexus 5X Build/MMB29P) AppleWebKit/537.36 (KHTML, like Gecko) Chrome/146.0.7680.164 Mobile Safari/537.36 (compatible; Googlebot/2.1; +http://www.google.com/bot.html)"
45.79.238.235 - - [31/Mar/2026:21:07:20 +0000] "POST /wp-cron.php?doing_wp_cron=1774991240.0280840396881103515625 HTTP/1.1" 200 - "-" "WordPress/6.9.4; https://sumitkumarlaw.co.nz"
137.184.54.121 - - [31/Mar/2026:21:07:18 +0000] "POST /wp-login.php HTTP/1.1" 200 6286 "-" "Mozilla/5.0"
66.249.70.69 - - [31/Mar/2026:21:07:48 +0000] "GET /?p=6635 HTTP/1.1" 301 - "-" "Mozilla/5.0 (Linux; Android 6.0.1; Nexus 5X Build/MMB29P) AppleWebKit/537.36 (KHTML, like Gecko) Chrome/146.0.7680.164 Mobile Safari/537.36 (compatible; Googlebot/2.1; +http://www.google.com/bot.html)"
66.249.70.67 - - [31/Mar/2026:21:07:50 +0000] "GET /2026/02/25/popular-pokies-rules/ HTTP/1.1" 200 103529 "-" "Mozilla/5.0 (Linux; Android 6.0.1; Nexus 5X Build/MMB29P) AppleWebKit/537.36 (KHTML, like Gecko) Chrome/146.0.7680.164 Mobile Safari/537.36 (compatible; Googlebot/2.1; +http://www.google.com/bot.html)"
45.79.238.235 - - [31/Mar/2026:21:08:11 +0000] "POST /wp-cron.php?doing_wp_cron=1774991291.5899219512939453125000 HTTP/1.1" 200 - "-" "WordPress/6.9.4; https://sumitkumarlaw.co.nz"
66.249.70.69 - - [31/Mar/2026:21:08:10 +0000] "GET /2026/02/25/free-games-new-winning-pokies-machine/ HTTP/1.1" 200 103992 "-" "Mozilla/5.0 (Linux; Android 6.0.1; Nexus 5X Build/MMB29P) AppleWebKit/537.36 (KHTML, like Gecko) Chrome/146.0.7680.164 Mobile Safari/537.36 (compatible; Googlebot/2.1; +http://www.google.com/bot.html)"
165.245.238.80 - - [31/Mar/2026:21:08:14 +0000] "POST /wp-login.php HTTP/1.1" 200 6286 "-" "Mozilla/5.0"
66.249.70.67 - - [31/Mar/2026:21:08:29 +0000] "GET /2026/02/25/casino-top-nz/ HTTP/1.1" 200 104024 "-" "Mozilla/5.0 (Linux; Android 6.0.1; Nexus 5X Build/MMB29P) AppleWebKit/537.36 (KHTML, like Gecko) Chrome/146.0.7680.164 Mobile Safari/537.36 (compatible; Googlebot/2.1; +http://www.google.com/bot.html)"
66.249.70.67 - - [31/Mar/2026:21:08:48 +0000] "GET /?p=1508 HTTP/1.1" 301 - "-" "Mozilla/5.0 (Linux; Android 6.0.1; Nexus 5X Build/MMB29P) AppleWebKit/537.36 (KHTML, like Gecko) Chrome/146.0.7680.164 Mobile Safari/537.36 (compatible; Googlebot/2.1; +http://www.google.com/bot.html)"
66.249.70.67 - - [31/Mar/2026:21:08:49 +0000] "GET /2026/02/25/gambling-pokies-au-strategy/ HTTP/1.1" 200 103043 "-" "Mozilla/5.0 (Linux; Android 6.0.1; Nexus 5X Build/MMB29P) AppleWebKit/537.36 (KHTML, like Gecko) Chrome/146.0.7680.164 Mobile Safari/537.36 (compatible; Googlebot/2.1; +http://www.google.com/bot.html)"
172.94.9.62 - - [31/Mar/2026:21:09:08 +0000] "GET /app/.env HTTP/1.1" 403 4170 "-" "Go-http-client/1.1"
45.79.238.235 - - [31/Mar/2026:21:09:09 +0000] "POST /wp-cron.php?doing_wp_cron=1774991349.3025550842285156250000 HTTP/1.1" 200 - "-" "WordPress/6.9.4; https://sumitkumarlaw.co.nz"
172.94.9.62 - - [31/Mar/2026:21:09:08 +0000] "GET /my-app/.env.local HTTP/1.1" 404 96945 "-" "Go-http-client/1.1"
66.249.70.69 - - [31/Mar/2026:21:09:43 +0000] "GET /?p=7271 HTTP/1.1" 301 - "-" "Mozilla/5.0 (Linux; Android 6.0.1; Nexus 5X Build/MMB29P) AppleWebKit/537.36 (KHTML, like Gecko) Chrome/146.0.7680.164 Mobile Safari/537.36 (compatible; Googlebot/2.1; +http://www.google.com/bot.html)"
66.249.70.67 - - [31/Mar/2026:21:09:44 +0000] "GET /2026/02/25/live-pokies-real-cash/ HTTP/1.1" 200 102953 "-" "Mozilla/5.0 (Linux; Android 6.0.1; Nexus 5X Build/MMB29P) AppleWebKit/537.36 (KHTML, like Gecko) Chrome/146.0.7680.164 Mobile Safari/537.36 (compatible; Googlebot/2.1; +http://www.google.com/bot.html)"
66.249.70.68 - - [31/Mar/2026:21:10:51 +0000] "GET /2026/02/25/ban-pokies-new-zealand/ HTTP/1.1" 200 103771 "-" "Mozilla/5.0 (Linux; Android 6.0.1; Nexus 5X Build/MMB29P) AppleWebKit/537.36 (KHTML, like Gecko) Chrome/146.0.7680.164 Mobile Safari/537.36 (compatible; Googlebot/2.1; +http://www.google.com/bot.html)"
122.58.229.85 - - [31/Mar/2026:21:11:13 +0000] "POST /autodiscover/autodiscover.xml HTTP/1.1" 200 1233 "-" "Microsoft Office/16.0 (Windows NT 10.0; Microsoft Outlook 16.0.19822; Pro)"
45.79.238.235 - - [31/Mar/2026:21:11:24 +0000] "POST /wp-cron.php?doing_wp_cron=1774991484.5365359783172607421875 HTTP/1.1" 200 - "-" "WordPress/6.9.4; https://sumitkumarlaw.co.nz"
66.249.70.68 - - [31/Mar/2026:21:11:23 +0000] "GET /?p=7084 HTTP/1.1" 301 - "-" "Mozilla/5.0 (Linux; Android 6.0.1; Nexus 5X Build/MMB29P) AppleWebKit/537.36 (KHTML, like Gecko) Chrome/146.0.7680.164 Mobile Safari/537.36 (compatible; Googlebot/2.1; +http://www.google.com/bot.html)"
45.79.238.235 - - [31/Mar/2026:21:12:25 +0000] "POST /wp-cron.php?doing_wp_cron=1774991545.1641750335693359375000 HTTP/1.1" 200 - "-" "WordPress/6.9.4; https://sumitkumarlaw.co.nz"
66.249.70.69 - - [31/Mar/2026:21:12:24 +0000] "GET /2026/02/25/secure-pokies-with-bonus-abroad/ HTTP/1.1" 200 103097 "-" "Mozilla/5.0 (Linux; Android 6.0.1; Nexus 5X Build/MMB29P) AppleWebKit/537.36 (KHTML, like Gecko) Chrome/146.0.7680.164 Mobile Safari/537.36 (compatible; Googlebot/2.1; +http://www.google.com/bot.html)"
66.249.70.67 - - [31/Mar/2026:21:12:44 +0000] "GET /2026/02/25/mohegan-sun-casino-online-au/ HTTP/1.1" 200 103749 "-" "Mozilla/5.0 (Linux; Android 6.0.1; Nexus 5X Build/MMB29P) AppleWebKit/537.36 (KHTML, like Gecko) Chrome/146.0.7680.164 Mobile Safari/537.36 (compatible; Googlebot/2.1; +http://www.google.com/bot.html)"
45.79.238.235 - - [31/Mar/2026:21:13:19 +0000] "POST /wp-cron.php?doing_wp_cron=1774991599.7666449546813964843750 HTTP/1.1" 200 - "-" "WordPress/6.9.4; https://sumitkumarlaw.co.nz"
66.249.70.67 - - [31/Mar/2026:21:13:18 +0000] "GET /?p=5409 HTTP/1.1" 301 - "-" "Mozilla/5.0 (Linux; Android 6.0.1; Nexus 5X Build/MMB29P) AppleWebKit/537.36 (KHTML, like Gecko) Chrome/146.0.7680.164 Mobile Safari/537.36 (compatible; Googlebot/2.1; +http://www.google.com/bot.html)"
66.249.70.68 - - [31/Mar/2026:21:13:20 +0000] "GET /2026/02/25/play-free-buffalo-pokies/ HTTP/1.1" 200 104543 "-" "Mozilla/5.0 (Linux; Android 6.0.1; Nexus 5X Build/MMB29P) AppleWebKit/537.36 (KHTML, like Gecko) Chrome/146.0.7680.164 Mobile Safari/537.36 (compatible; Googlebot/2.1; +http://www.google.com/bot.html)"
161.178.140.192 - - [31/Mar/2026:21:13:40 +0000] "POST /wp-login.php HTTP/1.1" 200 6286 "-" "Mozilla/5.0"
45.79.238.235 - - [31/Mar/2026:21:14:22 +0000] "POST /wp-cron.php?doing_wp_cron=1774991661.7981910705566406250000 HTTP/1.1" 200 - "-" "WordPress/6.9.4; https://sumitkumarlaw.co.nz"
66.249.70.67 - - [31/Mar/2026:21:14:21 +0000] "GET /2026/02/25/best-free-popular-pokies-games/ HTTP/1.1" 200 103655 "-" "Mozilla/5.0 (Linux; Android 6.0.1; Nexus 5X Build/MMB29P) AppleWebKit/537.36 (KHTML, like Gecko) Chrome/146.0.7680.164 Mobile Safari/537.36 (compatible; Googlebot/2.1; +http://www.google.com/bot.html)"
45.79.238.235 - - [31/Mar/2026:21:16:17 +0000] "POST /wp-cron.php?doing_wp_cron=1774991777.3328640460968017578125 HTTP/1.1" 200 - "-" "WordPress/6.9.4; https://sumitkumarlaw.co.nz"
66.249.70.68 - - [31/Mar/2026:21:16:16 +0000] "GET /2026/02/25/front-nz-mills-slot-machine/ HTTP/1.1" 200 103642 "-" "Mozilla/5.0 (Linux; Android 6.0.1; Nexus 5X Build/MMB29P) AppleWebKit/537.36 (KHTML, like Gecko) Chrome/146.0.7680.164 Mobile Safari/537.36 (compatible; Googlebot/2.1; +http://www.google.com/bot.html)"
157.245.81.53 - - [31/Mar/2026:21:17:22 +0000] "GET /.env HTTP/1.1" 403 4170 "-" "Mozilla/5.0 (Windows NT 10.0; Win64; x64) AppleWebKit/537.36 (KHTML, like Gecko) Chrome/101.0.4951.64 Safari/537.36 Edg/101.0.1210.47"
122.58.229.85 - - [31/Mar/2026:21:17:29 +0000] "POST /autodiscover/autodiscover.xml HTTP/1.1" 200 1233 "-" "Microsoft Office/16.0 (Windows NT 10.0; Microsoft Outlook 16.0.19822; Pro)"
45.79.238.235 - - [31/Mar/2026:21:18:00 +0000] "POST /wp-cron.php?doing_wp_cron=1774991879.9967949390411376953125 HTTP/1.1" 200 - "-" "WordPress/6.9.4; https://sumitkumarlaw.co.nz"
45.79.238.235 - - [31/Mar/2026:21:18:00 +0000] "POST /wp-cron.php?doing_wp_cron=1774991880.0629448890686035156250 HTTP/1.1" 200 - "-" "WordPress/6.9.4; https://sumitkumarlaw.co.nz"
45.79.238.235 - - [31/Mar/2026:21:18:00 +0000] "POST /wp-cron.php?doing_wp_cron=1774991880.3009018898010253906250 HTTP/1.1" 200 - "-" "WordPress/6.9.4; https://sumitkumarlaw.co.nz"
66.249.70.68 - - [31/Mar/2026:21:17:59 +0000] "GET /2026/02/25/casinos-reopening-in-australia/ HTTP/1.1" 200 103314 "-" "Mozilla/5.0 (Linux; Android 6.0.1; Nexus 5X Build/MMB29P) AppleWebKit/537.36 (KHTML, like Gecko) Chrome/146.0.7680.164 Mobile Safari/537.36 (compatible; Googlebot/2.1; +http://www.google.com/bot.html)"
66.249.70.68 - - [31/Mar/2026:21:18:31 +0000] "GET /2026/02/25/top-australian-pokies-offers/ HTTP/1.1" 200 103467 "-" "Mozilla/5.0 (Linux; Android 6.0.1; Nexus 5X Build/MMB29P) AppleWebKit/537.36 (KHTML, like Gecko) Chrome/146.0.7680.164 Mobile Safari/537.36 (compatible; Googlebot/2.1; +http://www.google.com/bot.html)"
66.249.70.68 - - [31/Mar/2026:21:18:32 +0000] "GET /?p=7798 HTTP/1.1" 301 - "-" "Mozilla/5.0 (Linux; Android 6.0.1; Nexus 5X Build/MMB29P) AppleWebKit/537.36 (KHTML, like Gecko) Chrome/146.0.7680.164 Mobile Safari/537.36 (compatible; Googlebot/2.1; +http://www.google.com/bot.html)"
66.249.70.67 - - [31/Mar/2026:21:18:33 +0000] "GET /2026/02/25/gambling-casinos-australia/ HTTP/1.1" 200 103322 "-" "Mozilla/5.0 (Linux; Android 6.0.1; Nexus 5X Build/MMB29P) AppleWebKit/537.36 (KHTML, like Gecko) Chrome/146.0.7680.164 Mobile Safari/537.36 (compatible; Googlebot/2.1; +http://www.google.com/bot.html)"
45.79.238.235 - - [31/Mar/2026:21:20:00 +0000] "POST /wp-cron.php?doing_wp_cron=1774992000.9503059387207031250000 HTTP/1.1" 200 - "-" "WordPress/6.9.4; https://sumitkumarlaw.co.nz"
137.184.54.121 - - [31/Mar/2026:21:20:00 +0000] "POST /wp-login.php HTTP/1.1" 200 6286 "-" "Mozilla/5.0"
45.79.238.235 - - [31/Mar/2026:21:21:13 +0000] "POST /wp-cron.php?doing_wp_cron=1774992073.4142589569091796875000 HTTP/1.1" 200 - "-" "WordPress/6.9.4; https://sumitkumarlaw.co.nz"
66.249.70.68 - - [31/Mar/2026:21:21:10 +0000] "GET /2026/02/25/free-pokies-games-for-mobiles-jackpot-pokies-online/ HTTP/1.1" 200 103717 "-" "Mozilla/5.0 (Linux; Android 6.0.1; Nexus 5X Build/MMB29P) AppleWebKit/537.36 (KHTML, like Gecko) Chrome/146.0.7680.164 Mobile Safari/537.36 (compatible; Googlebot/2.1; +http://www.google.com/bot.html)"
66.249.70.68 - - [31/Mar/2026:21:21:19 +0000] "GET /2026/02/25/new-pokies-online-365/ HTTP/1.1" 200 103289 "-" "Mozilla/5.0 (Linux; Android 6.0.1; Nexus 5X Build/MMB29P) AppleWebKit/537.36 (KHTML, like Gecko) Chrome/146.0.7680.164 Mobile Safari/537.36 (compatible; Googlebot/2.1; +http://www.google.com/bot.html)"
104.168.98.195 - - [31/Mar/2026:21:23:17 +0000] "GET / HTTP/1.1" 200 154883 "http://sumitkumarlaw.co.nz/" "Mozilla/5.0 (Macintosh; Intel Mac OS X 15_7_3) AppleWebKit/605.1.15 (KHTML, like Gecko) Version/26.0 Safari/605.1.15"
122.58.229.85 - - [31/Mar/2026:21:23:30 +0000] "POST /autodiscover/autodiscover.xml HTTP/1.1" 200 1233 "-" "Microsoft Office/16.0 (Windows NT 10.0; Microsoft Outlook 16.0.19822; Pro)"
45.79.238.235 - - [31/Mar/2026:21:24:59 +0000] "POST /wp-cron.php?doing_wp_cron=1774992299.1055879592895507812500 HTTP/1.1" 200 - "-" "WordPress/6.9.4; https://sumitkumarlaw.co.nz"
165.245.238.80 - - [31/Mar/2026:21:24:57 +0000] "POST /wp-login.php HTTP/1.1" 200 6286 "-" "Mozilla/5.0"
141.98.11.44 - - [31/Mar/2026:21:25:22 +0000] "GET /wp-includes/sodium_compat/src/Core/SecretStream/State.php HTTP/1.1" 403 4170 "-" "Mozilla/5.0 (Windows NT 10.0; Win64; x64) AppleWebKit/537.36"
45.79.238.235 - - [31/Mar/2026:21:26:16 +0000] "POST /wp-cron.php?doing_wp_cron=1774992376.0051290988922119140625 HTTP/1.1" 200 - "-" "WordPress/6.9.4; https://sumitkumarlaw.co.nz"
66.249.70.68 - - [31/Mar/2026:21:26:14 +0000] "GET /2026/02/25/no-deposit-bonus-money-pokies/ HTTP/1.1" 200 103689 "-" "Mozilla/5.0 (Linux; Android 6.0.1; Nexus 5X Build/MMB29P) AppleWebKit/537.36 (KHTML, like Gecko) Chrome/146.0.7680.164 Mobile Safari/537.36 (compatible; Googlebot/2.1; +http://www.google.com/bot.html)"
122.58.229.85 - - [31/Mar/2026:21:26:30 +0000] "POST /AutoDiscover/autodiscover.xml HTTP/1.1" 404 96945 "-" "Microsoft Office/16.0 (Windows NT 10.0; Microsoft Word 16.0.19822; Pro)"
45.79.238.235 - - [31/Mar/2026:21:28:20 +0000] "POST /wp-cron.php?doing_wp_cron=1774992499.9255700111389160156250 HTTP/1.1" 200 - "-" "WordPress/6.9.4; https://sumitkumarlaw.co.nz"
66.249.70.68 - - [31/Mar/2026:21:28:18 +0000] "GET /?p=7392 HTTP/1.1" 301 - "-" "Mozilla/5.0 (Linux; Android 6.0.1; Nexus 5X Build/MMB29P) AppleWebKit/537.36 (KHTML, like Gecko) Chrome/146.0.7680.164 Mobile Safari/537.36 (compatible; Googlebot/2.1; +http://www.google.com/bot.html)"
66.249.70.68 - - [31/Mar/2026:21:28:20 +0000] "GET /2026/02/25/-10-visa-deposit-casinos-new-zealand/ HTTP/1.1" 404 96956 "-" "Mozilla/5.0 (Linux; Android 6.0.1; Nexus 5X Build/MMB29P) AppleWebKit/537.36 (KHTML, like Gecko) Chrome/146.0.7680.164 Mobile Safari/537.36 (compatible; Googlebot/2.1; +http://www.google.com/bot.html)"
66.249.70.68 - - [31/Mar/2026:21:28:31 +0000] "GET /2026/02/25/play-new-zealand-roulette-wheel/ HTTP/1.1" 200 102478 "-" "Mozilla/5.0 (Linux; Android 6.0.1; Nexus 5X Build/MMB29P) AppleWebKit/537.36 (KHTML, like Gecko) Chrome/146.0.7680.164 Mobile Safari/537.36 (compatible; Googlebot/2.1; +http://www.google.com/bot.html)"
45.79.238.235 - - [31/Mar/2026:21:29:46 +0000] "POST /wp-cron.php?doing_wp_cron=1774992586.1497321128845214843750 HTTP/1.1" 200 - "-" "WordPress/6.9.4; https://sumitkumarlaw.co.nz"
66.249.70.68 - - [31/Mar/2026:21:29:43 +0000] "GET /2026/02/25/grand-jackpot-pokies/ HTTP/1.1" 200 103459 "-" "Mozilla/5.0 (Linux; Android 6.0.1; Nexus 5X Build/MMB29P) AppleWebKit/537.36 (KHTML, like Gecko) Chrome/146.0.7680.164 Mobile Safari/537.36 (compatible; Googlebot/2.1; +http://www.google.com/bot.html)"
122.58.229.85 - - [31/Mar/2026:21:29:46 +0000] "POST /autodiscover/autodiscover.xml HTTP/1.1" 200 1233 "-" "Microsoft Office/16.0 (Windows NT 10.0; Microsoft Outlook 16.0.19822; Pro)"
66.249.70.69 - - [31/Mar/2026:21:30:27 +0000] "GET /?p=1453 HTTP/1.1" 301 - "-" "Mozilla/5.0 (Linux; Android 6.0.1; Nexus 5X Build/MMB29P) AppleWebKit/537.36 (KHTML, like Gecko) Chrome/146.0.7680.164 Mobile Safari/537.36 (compatible; Googlebot/2.1; +http://www.google.com/bot.html)"
66.249.70.67 - - [31/Mar/2026:21:30:30 +0000] "GET /2026/02/25/best-au-online-live-casino/ HTTP/1.1" 200 103019 "-" "Mozilla/5.0 (Linux; Android 6.0.1; Nexus 5X Build/MMB29P) AppleWebKit/537.36 (KHTML, like Gecko) Chrome/146.0.7680.164 Mobile Safari/537.36 (compatible; Googlebot/2.1; +http://www.google.com/bot.html)"
45.79.238.235 - - [31/Mar/2026:21:31:54 +0000] "POST /wp-cron.php?doing_wp_cron=1774992714.7143731117248535156250 HTTP/1.1" 200 - "-" "WordPress/6.9.4; https://sumitkumarlaw.co.nz"
66.249.70.68 - - [31/Mar/2026:21:31:54 +0000] "GET /?p=7767 HTTP/1.1" 301 - "-" "Mozilla/5.0 (Linux; Android 6.0.1; Nexus 5X Build/MMB29P) AppleWebKit/537.36 (KHTML, like Gecko) Chrome/146.0.7680.164 Mobile Safari/537.36 (compatible; Googlebot/2.1; +http://www.google.com/bot.html)"
66.249.70.68 - - [31/Mar/2026:21:31:55 +0000] "GET /2026/02/25/new-winning-pokies-paysafe/ HTTP/1.1" 200 103270 "-" "Mozilla/5.0 (Linux; Android 6.0.1; Nexus 5X Build/MMB29P) AppleWebKit/537.36 (KHTML, like Gecko) Chrome/146.0.7680.164 Mobile Safari/537.36 (compatible; Googlebot/2.1; +http://www.google.com/bot.html)"
66.249.70.69 - - [31/Mar/2026:21:32:09 +0000] "GET /?p=5983 HTTP/1.1" 301 - "-" "Mozilla/5.0 (Linux; Android 6.0.1; Nexus 5X Build/MMB29P) AppleWebKit/537.36 (KHTML, like Gecko) Chrome/146.0.7680.164 Mobile Safari/537.36 (compatible; Googlebot/2.1; +http://www.google.com/bot.html)"
66.249.70.68 - - [31/Mar/2026:21:32:10 +0000] "GET /2026/02/25/electronic-pokies-accepting-paypal/ HTTP/1.1" 200 102734 "-" "Mozilla/5.0 (Linux; Android 6.0.1; Nexus 5X Build/MMB29P) AppleWebKit/537.36 (KHTML, like Gecko) Chrome/146.0.7680.164 Mobile Safari/537.36 (compatible; Googlebot/2.1; +http://www.google.com/bot.html)"
137.184.54.121 - - [31/Mar/2026:21:32:33 +0000] "POST /wp-login.php HTTP/1.1" 200 6286 "-" "Mozilla/5.0"
45.79.238.235 - - [31/Mar/2026:21:33:17 +0000] "POST /wp-cron.php?doing_wp_cron=1774992797.6534841060638427734375 HTTP/1.1" 200 - "-" "WordPress/6.9.4; https://sumitkumarlaw.co.nz"
66.249.70.68 - - [31/Mar/2026:21:33:16 +0000] "GET /2026/02/25/play-free-games-money-pokies-machine/ HTTP/1.1" 200 103893 "-" "Mozilla/5.0 (Linux; Android 6.0.1; Nexus 5X Build/MMB29P) AppleWebKit/537.36 (KHTML, like Gecko) Chrome/146.0.7680.164 Mobile Safari/537.36 (compatible; Googlebot/2.1; +http://www.google.com/bot.html)"
45.79.238.235 - - [31/Mar/2026:21:33:57 +0000] "POST /wp-cron.php?doing_wp_cron=1774992837.3387899398803710937500 HTTP/1.1" 200 - "-" "WordPress/6.9.4; https://sumitkumarlaw.co.nz"
66.249.70.67 - - [31/Mar/2026:21:33:56 +0000] "GET /2026/02/25/new-zealand-pokies-emulator/ HTTP/1.1" 200 103912 "-" "Mozilla/5.0 (Linux; Android 6.0.1; Nexus 5X Build/MMB29P) AppleWebKit/537.36 (KHTML, like Gecko) Chrome/146.0.7680.164 Mobile Safari/537.36 (compatible; Googlebot/2.1; +http://www.google.com/bot.html)"
66.249.70.69 - - [31/Mar/2026:21:34:19 +0000] "GET /2026/02/25/top-australian-pokies-win-real-cash/ HTTP/1.1" 200 103999 "-" "Mozilla/5.0 (Linux; Android 6.0.1; Nexus 5X Build/MMB29P) AppleWebKit/537.36 (KHTML, like Gecko) Chrome/146.0.7680.164 Mobile Safari/537.36 (compatible; Googlebot/2.1; +http://www.google.com/bot.html)"
68.178.207.158 - - [31/Mar/2026:21:34:20 +0000] "GET /2026/02/25/top-10-online-casino-new-zealand/ HTTP/1.1" 200 105161 "-" "WordPress/6.9; https://wtw-warehouse.com"
66.249.70.69 - - [31/Mar/2026:21:34:20 +0000] "GET /2026/02/25/online-pokies-casino-games/ HTTP/1.1" 200 104576 "-" "Mozilla/5.0 (Linux; Android 6.0.1; Nexus 5X Build/MMB29P) AppleWebKit/537.36 (KHTML, like Gecko) Chrome/146.0.7680.164 Mobile Safari/537.36 (compatible; Googlebot/2.1; +http://www.google.com/bot.html)"
111.90.182.134 - - [31/Mar/2026:21:34:26 +0000] "GET / HTTP/1.1" 200 154883 "-" "Mozilla/5.0 (Windows NT 10.0; Win64; x64) AppleWebKit/537.36 (KHTML, like Gecko) Chrome/146.0.0.0 Safari/537.36"
111.90.182.134 - - [31/Mar/2026:21:34:28 +0000] "GET /wp-includes/css/dist/block-library/style.min.css?ver=6.9.4 HTTP/1.1" 304 - "https://sumitkumarlaw.co.nz/" "Mozilla/5.0 (Windows NT 10.0; Win64; x64) AppleWebKit/537.36 (KHTML, like Gecko) Chrome/146.0.0.0 Safari/537.36"
111.90.182.134 - - [31/Mar/2026:21:34:28 +0000] "GET /wp-content/themes/astra/assets/css/minified/frontend.min.css?ver=4.4.0 HTTP/1.1" 304 - "https://sumitkumarlaw.co.nz/" "Mozilla/5.0 (Windows NT 10.0; Win64; x64) AppleWebKit/537.36 (KHTML, like Gecko) Chrome/146.0.0.0 Safari/537.36"
111.90.182.134 - - [31/Mar/2026:21:34:28 +0000] "GET /wp-content/uploads/astra-addon/astra-addon-6604edca6629b0-88455585.css?ver=4.4.0 HTTP/1.1" 304 - "https://sumitkumarlaw.co.nz/" "Mozilla/5.0 (Windows NT 10.0; Win64; x64) AppleWebKit/537.36 (KHTML, like Gecko) Chrome/146.0.0.0 Safari/537.36"
111.90.182.134 - - [31/Mar/2026:21:34:28 +0000] "GET /wp-content/plugins/elementor/assets/lib/eicons/css/elementor-icons.min.css?ver=5.23.0 HTTP/1.1" 304 - "https://sumitkumarlaw.co.nz/" "Mozilla/5.0 (Windows NT 10.0; Win64; x64) AppleWebKit/537.36 (KHTML, like Gecko) Chrome/146.0.0.0 Safari/537.36"
111.90.182.134 - - [31/Mar/2026:21:34:28 +0000] "GET /wp-content/plugins/elementor/assets/css/frontend-lite.min.css?ver=3.16.6 HTTP/1.1" 304 - "https://sumitkumarlaw.co.nz/" "Mozilla/5.0 (Windows NT 10.0; Win64; x64) AppleWebKit/537.36 (KHTML, like Gecko) Chrome/146.0.0.0 Safari/537.36"
111.90.182.134 - - [31/Mar/2026:21:34:28 +0000] "GET /wp-content/plugins/elementor/assets/lib/swiper/v8/css/swiper.min.css?ver=8.4.5 HTTP/1.1" 304 - "https://sumitkumarlaw.co.nz/" "Mozilla/5.0 (Windows NT 10.0; Win64; x64) AppleWebKit/537.36 (KHTML, like Gecko) Chrome/146.0.0.0 Safari/537.36"
111.90.182.134 - - [31/Mar/2026:21:34:28 +0000] "GET /wp-content/uploads/elementor/css/post-18.css?ver=1698177129 HTTP/1.1" 304 - "https://sumitkumarlaw.co.nz/" "Mozilla/5.0 (Windows NT 10.0; Win64; x64) AppleWebKit/537.36 (KHTML, like Gecko) Chrome/146.0.0.0 Safari/537.36"
111.90.182.134 - - [31/Mar/2026:21:34:28 +0000] "GET /wp-content/uploads/elementor/css/post-681.css?ver=1711599107 HTTP/1.1" 304 - "https://sumitkumarlaw.co.nz/" "Mozilla/5.0 (Windows NT 10.0; Win64; x64) AppleWebKit/537.36 (KHTML, like Gecko) Chrome/146.0.0.0 Safari/537.36"
111.90.182.134 - - [31/Mar/2026:21:34:28 +0000] "GET /wp-content/plugins/wpforms-lite/assets/css/frontend/classic/wpforms-base.min.css?ver=1.8.4.1 HTTP/1.1" 304 - "https://sumitkumarlaw.co.nz/" "Mozilla/5.0 (Windows NT 10.0; Win64; x64) AppleWebKit/537.36 (KHTML, like Gecko) Chrome/146.0.0.0 Safari/537.36"
111.90.182.134 - - [31/Mar/2026:21:34:28 +0000] "GET /wp-content/plugins/ultimate-elementor/assets/min-css/uael-frontend.min.css?ver=1.36.24 HTTP/1.1" 304 - "https://sumitkumarlaw.co.nz/" "Mozilla/5.0 (Windows NT 10.0; Win64; x64) AppleWebKit/537.36 (KHTML, like Gecko) Chrome/146.0.0.0 Safari/537.36"
111.90.182.134 - - [31/Mar/2026:21:34:29 +0000] "GET /wp-content/plugins/elementor/assets/lib/font-awesome/css/solid.min.css?ver=5.15.3 HTTP/1.1" 304 - "https://sumitkumarlaw.co.nz/" "Mozilla/5.0 (Windows NT 10.0; Win64; x64) AppleWebKit/537.36 (KHTML, like Gecko) Chrome/146.0.0.0 Safari/537.36"
111.90.182.134 - - [31/Mar/2026:21:34:29 +0000] "GET /wp-content/plugins/elementor/assets/lib/font-awesome/css/fontawesome.min.css?ver=5.15.3 HTTP/1.1" 304 - "https://sumitkumarlaw.co.nz/" "Mozilla/5.0 (Windows NT 10.0; Win64; x64) AppleWebKit/537.36 (KHTML, like Gecko) Chrome/146.0.0.0 Safari/537.36"
111.90.182.134 - - [31/Mar/2026:21:34:29 +0000] "GET /wp-includes/js/jquery/jquery.min.js?ver=3.7.1 HTTP/1.1" 304 - "https://sumitkumarlaw.co.nz/" "Mozilla/5.0 (Windows NT 10.0; Win64; x64) AppleWebKit/537.36 (KHTML, like Gecko) Chrome/146.0.0.0 Safari/537.36"
111.90.182.134 - - [31/Mar/2026:21:34:29 +0000] "GET /wp-includes/js/jquery/jquery-migrate.min.js?ver=3.4.1 HTTP/1.1" 304 - "https://sumitkumarlaw.co.nz/" "Mozilla/5.0 (Windows NT 10.0; Win64; x64) AppleWebKit/537.36 (KHTML, like Gecko) Chrome/146.0.0.0 Safari/537.36"
111.90.182.134 - - [31/Mar/2026:21:34:29 +0000] "GET /wp-content/uploads/2024/03/image-2-1024x507.png HTTP/1.1" 304 - "https://sumitkumarlaw.co.nz/" "Mozilla/5.0 (Windows NT 10.0; Win64; x64) AppleWebKit/537.36 (KHTML, like Gecko) Chrome/146.0.0.0 Safari/537.36"
111.90.182.134 - - [31/Mar/2026:21:34:29 +0000] "GET /wp-content/uploads/2024/03/image-2-300x149.png HTTP/1.1" 304 - "https://sumitkumarlaw.co.nz/" "Mozilla/5.0 (Windows NT 10.0; Win64; x64) AppleWebKit/537.36 (KHTML, like Gecko) Chrome/146.0.0.0 Safari/537.36"
111.90.182.134 - - [31/Mar/2026:21:34:29 +0000] "GET /wp-content/plugins/elementor/assets/css/widget-icon-list.min.css HTTP/1.1" 304 - "https://sumitkumarlaw.co.nz/" "Mozilla/5.0 (Windows NT 10.0; Win64; x64) AppleWebKit/537.36 (KHTML, like Gecko) Chrome/146.0.0.0 Safari/537.36"
111.90.182.134 - - [31/Mar/2026:21:34:29 +0000] "GET /wp-content/themes/astra/assets/js/minified/frontend.min.js?ver=4.4.0 HTTP/1.1" 304 - "https://sumitkumarlaw.co.nz/" "Mozilla/5.0 (Windows NT 10.0; Win64; x64) AppleWebKit/537.36 (KHTML, like Gecko) Chrome/146.0.0.0 Safari/537.36"
111.90.182.134 - - [31/Mar/2026:21:34:29 +0000] "GET /wp-content/uploads/astra-addon/astra-addon-6604edca66e0e9-59157626.js?ver=4.4.0 HTTP/1.1" 304 - "https://sumitkumarlaw.co.nz/" "Mozilla/5.0 (Windows NT 10.0; Win64; x64) AppleWebKit/537.36 (KHTML, like Gecko) Chrome/146.0.0.0 Safari/537.36"
111.90.182.134 - - [31/Mar/2026:21:34:29 +0000] "GET /wp-content/plugins/elementor/assets/js/webpack.runtime.min.js?ver=3.16.6 HTTP/1.1" 304 - "https://sumitkumarlaw.co.nz/" "Mozilla/5.0 (Windows NT 10.0; Win64; x64) AppleWebKit/537.36 (KHTML, like Gecko) Chrome/146.0.0.0 Safari/537.36"
111.90.182.134 - - [31/Mar/2026:21:34:29 +0000] "GET /wp-content/plugins/elementor/assets/js/frontend-modules.min.js?ver=3.16.6 HTTP/1.1" 304 - "https://sumitkumarlaw.co.nz/" "Mozilla/5.0 (Windows NT 10.0; Win64; x64) AppleWebKit/537.36 (KHTML, like Gecko) Chrome/146.0.0.0 Safari/537.36"
111.90.182.134 - - [31/Mar/2026:21:34:29 +0000] "GET /wp-content/plugins/elementor/assets/lib/font-awesome/webfonts/fa-solid-900.woff2 HTTP/1.1" 304 - "https://sumitkumarlaw.co.nz/wp-content/plugins/elementor/assets/lib/font-awesome/css/solid.min.css?ver=5.15.3" "Mozilla/5.0 (Windows NT 10.0; Win64; x64) AppleWebKit/537.36 (KHTML, like Gecko) Chrome/146.0.0.0 Safari/537.36"
111.90.182.134 - - [31/Mar/2026:21:34:29 +0000] "GET /wp-content/plugins/elementor/assets/lib/waypoints/waypoints.min.js?ver=4.0.2 HTTP/1.1" 304 - "https://sumitkumarlaw.co.nz/" "Mozilla/5.0 (Windows NT 10.0; Win64; x64) AppleWebKit/537.36 (KHTML, like Gecko) Chrome/146.0.0.0 Safari/537.36"
111.90.182.134 - - [31/Mar/2026:21:34:29 +0000] "GET /wp-content/uploads/2024/03/family-law-colour.jpg HTTP/1.1" 304 - "https://sumitkumarlaw.co.nz/wp-content/uploads/elementor/css/post-681.css?ver=1711599107" "Mozilla/5.0 (Windows NT 10.0; Win64; x64) AppleWebKit/537.36 (KHTML, like Gecko) Chrome/146.0.0.0 Safari/537.36"
111.90.182.134 - - [31/Mar/2026:21:34:29 +0000] "GET /wp-includes/js/jquery/ui/core.min.js?ver=1.13.3 HTTP/1.1" 304 - "https://sumitkumarlaw.co.nz/" "Mozilla/5.0 (Windows NT 10.0; Win64; x64) AppleWebKit/537.36 (KHTML, like Gecko) Chrome/146.0.0.0 Safari/537.36"
111.90.182.134 - - [31/Mar/2026:21:34:30 +0000] "GET /wp-content/plugins/elementor/assets/js/frontend.min.js?ver=3.16.6 HTTP/1.1" 304 - "https://sumitkumarlaw.co.nz/" "Mozilla/5.0 (Windows NT 10.0; Win64; x64) AppleWebKit/537.36 (KHTML, like Gecko) Chrome/146.0.0.0 Safari/537.36"
111.90.182.134 - - [31/Mar/2026:21:34:30 +0000] "GET /wp-includes/js/wp-util.min.js?ver=6.9.4 HTTP/1.1" 304 - "https://sumitkumarlaw.co.nz/" "Mozilla/5.0 (Windows NT 10.0; Win64; x64) AppleWebKit/537.36 (KHTML, like Gecko) Chrome/146.0.0.0 Safari/537.36"
111.90.182.134 - - [31/Mar/2026:21:34:30 +0000] "GET /wp-includes/js/underscore.min.js?ver=1.13.7 HTTP/1.1" 304 - "https://sumitkumarlaw.co.nz/" "Mozilla/5.0 (Windows NT 10.0; Win64; x64) AppleWebKit/537.36 (KHTML, like Gecko) Chrome/146.0.0.0 Safari/537.36"
111.90.182.134 - - [31/Mar/2026:21:34:30 +0000] "GET /wp-content/plugins/wpforms-lite/assets/js/integrations/elementor/frontend.min.js?ver=1.8.4.1 HTTP/1.1" 304 - "https://sumitkumarlaw.co.nz/" "Mozilla/5.0 (Windows NT 10.0; Win64; x64) AppleWebKit/537.36 (KHTML, like Gecko) Chrome/146.0.0.0 Safari/537.36"
111.90.182.134 - - [31/Mar/2026:21:34:30 +0000] "GET /wp-content/uploads/2021/03/quotation-mark-free-img.png HTTP/1.1" 304 - "https://sumitkumarlaw.co.nz/" "Mozilla/5.0 (Windows NT 10.0; Win64; x64) AppleWebKit/537.36 (KHTML, like Gecko) Chrome/146.0.0.0 Safari/537.36"
111.90.182.134 - - [31/Mar/2026:21:34:30 +0000] "GET /wp-content/plugins/elementor/assets/js/text-editor.2c35aafbe5bf0e127950.bundle.min.js HTTP/1.1" 304 - "https://sumitkumarlaw.co.nz/" "Mozilla/5.0 (Windows NT 10.0; Win64; x64) AppleWebKit/537.36 (KHTML, like Gecko) Chrome/146.0.0.0 Safari/537.36"
111.90.182.134 - - [31/Mar/2026:21:34:30 +0000] "GET /wp-includes/js/wp-emoji-release.min.js?ver=6.9.4 HTTP/1.1" 304 - "https://sumitkumarlaw.co.nz/" "Mozilla/5.0 (Windows NT 10.0; Win64; x64) AppleWebKit/537.36 (KHTML, like Gecko) Chrome/146.0.0.0 Safari/537.36"
111.90.182.134 - - [31/Mar/2026:21:34:30 +0000] "GET /favicon.ico HTTP/1.1" 302 - "https://sumitkumarlaw.co.nz/" "Mozilla/5.0 (Windows NT 10.0; Win64; x64) AppleWebKit/537.36 (KHTML, like Gecko) Chrome/146.0.0.0 Safari/537.36"
111.90.182.134 - - [31/Mar/2026:21:34:32 +0000] "GET /wp-includes/images/w-logo-blue-white-bg.png HTTP/1.1" 304 - "https://sumitkumarlaw.co.nz/" "Mozilla/5.0 (Windows NT 10.0; Win64; x64) AppleWebKit/537.36 (KHTML, like Gecko) Chrome/146.0.0.0 Safari/537.36"
122.58.229.85 - - [31/Mar/2026:21:35:53 +0000] "POST /autodiscover/autodiscover.xml HTTP/1.1" 200 1233 "-" "Microsoft Office/16.0 (Windows NT 10.0; Microsoft Outlook 16.0.19822; Pro)"
45.79.238.235 - - [31/Mar/2026:21:36:11 +0000] "POST /wp-cron.php?doing_wp_cron=1774992970.9915139675140380859375 HTTP/1.1" 200 - "-" "WordPress/6.9.4; https://sumitkumarlaw.co.nz"
66.249.70.68 - - [31/Mar/2026:21:36:10 +0000] "GET /2026/02/25/1000-euro-deposit-casino-pokies/ HTTP/1.1" 200 104282 "-" "Mozilla/5.0 (Linux; Android 6.0.1; Nexus 5X Build/MMB29P) AppleWebKit/537.36 (KHTML, like Gecko) Chrome/146.0.7680.164 Mobile Safari/537.36 (compatible; Googlebot/2.1; +http://www.google.com/bot.html)"
66.249.70.67 - - [31/Mar/2026:21:36:23 +0000] "GET /2026/02/25/free-spins-no-deposit-or-wager-au/ HTTP/1.1" 200 103698 "-" "Mozilla/5.0 (Linux; Android 6.0.1; Nexus 5X Build/MMB29P) AppleWebKit/537.36 (KHTML, like Gecko) Chrome/146.0.7680.164 Mobile Safari/537.36 (compatible; Googlebot/2.1; +http://www.google.com/bot.html)"
45.79.238.235 - - [31/Mar/2026:21:36:54 +0000] "POST /wp-cron.php?doing_wp_cron=1774993014.7398281097412109375000 HTTP/1.1" 200 - "-" "WordPress/6.9.4; https://sumitkumarlaw.co.nz"
66.249.70.67 - - [31/Mar/2026:21:36:54 +0000] "GET /2026/02/25/can-i-buy-a-pokie-machine-in-new-zealand/ HTTP/1.1" 200 103829 "-" "Mozilla/5.0 (Linux; Android 6.0.1; Nexus 5X Build/MMB29P) AppleWebKit/537.36 (KHTML, like Gecko) Chrome/146.0.7680.164 Mobile Safari/537.36 (compatible; Googlebot/2.1; +http://www.google.com/bot.html)"
45.79.238.235 - - [31/Mar/2026:21:38:02 +0000] "POST /wp-cron.php?doing_wp_cron=1774993082.3485019207000732421875 HTTP/1.1" 200 - "-" "WordPress/6.9.4; https://sumitkumarlaw.co.nz"
66.249.70.69 - - [31/Mar/2026:21:38:00 +0000] "GET /2026/02/25/au-pokies-online-free/ HTTP/1.1" 200 103499 "-" "Mozilla/5.0 (Linux; Android 6.0.1; Nexus 5X Build/MMB29P) AppleWebKit/537.36 (KHTML, like Gecko) Chrome/146.0.7680.164 Mobile Safari/537.36 (compatible; Googlebot/2.1; +http://www.google.com/bot.html)"
66.249.70.67 - - [31/Mar/2026:21:38:22 +0000] "GET /2026/02/25/are-the-pokies-open-in-adelaide/ HTTP/1.1" 200 103568 "-" "Mozilla/5.0 (Linux; Android 6.0.1; Nexus 5X Build/MMB29P) AppleWebKit/537.36 (KHTML, like Gecko) Chrome/146.0.7680.164 Mobile Safari/537.36 (compatible; Googlebot/2.1; +http://www.google.com/bot.html)"
45.79.238.235 - - [31/Mar/2026:21:39:20 +0000] "POST /wp-cron.php?doing_wp_cron=1774993160.7217938899993896484375 HTTP/1.1" 200 - "-" "WordPress/6.9.4; https://sumitkumarlaw.co.nz"
66.249.70.68 - - [31/Mar/2026:21:39:20 +0000] "GET /2026/02/25/pokies-in-new-zealand-trustly/ HTTP/1.1" 200 103703 "-" "Mozilla/5.0 (Linux; Android 6.0.1; Nexus 5X Build/MMB29P) AppleWebKit/537.36 (KHTML, like Gecko) Chrome/146.0.7680.164 Mobile Safari/537.36 (compatible; Googlebot/2.1; +http://www.google.com/bot.html)"
45.79.238.235 - - [31/Mar/2026:21:40:06 +0000] "POST /wp-cron.php?doing_wp_cron=1774993206.4235699176788330078125 HTTP/1.1" 200 - "-" "WordPress/6.9.4; https://sumitkumarlaw.co.nz"
66.249.70.67 - - [31/Mar/2026:21:40:05 +0000] "GET /2026/02/25/electronic-pokies-real-money-payout/ HTTP/1.1" 200 103671 "-" "Mozilla/5.0 (Linux; Android 6.0.1; Nexus 5X Build/MMB29P) AppleWebKit/537.36 (KHTML, like Gecko) Chrome/146.0.7680.164 Mobile Safari/537.36 (compatible; Googlebot/2.1; +http://www.google.com/bot.html)"
66.249.70.68 - - [31/Mar/2026:21:40:11 +0000] "GET /wp-includes/js/jquery/jquery-migrate.min.js?ver=3.4.1 HTTP/1.1" 304 - "https://sumitkumarlaw.co.nz/2026/02/25/electronic-pokies-real-money-payout/" "Mozilla/5.0 (Linux; Android 6.0.1; Nexus 5X Build/MMB29P) AppleWebKit/537.36 (KHTML, like Gecko) Chrome/146.0.7680.164 Mobile Safari/537.36 (compatible; Googlebot/2.1; +http://www.google.com/bot.html)"
45.79.238.235 - - [31/Mar/2026:21:41:00 +0000] "POST /wp-cron.php?doing_wp_cron=1774993260.7197670936584472656250 HTTP/1.1" 200 - "-" "WordPress/6.9.4; https://sumitkumarlaw.co.nz"
66.249.70.67 - - [31/Mar/2026:21:40:59 +0000] "GET /2026/02/25/free-online-casino-games-no-download-nz/ HTTP/1.1" 200 104564 "-" "Mozilla/5.0 (Linux; Android 6.0.1; Nexus 5X Build/MMB29P) AppleWebKit/537.36 (KHTML, like Gecko) Chrome/146.0.7680.164 Mobile Safari/537.36 (compatible; Googlebot/2.1; +http://www.google.com/bot.html)"
165.245.238.80 - - [31/Mar/2026:21:41:34 +0000] "POST /wp-login.php HTTP/1.1" 200 6286 "-" "Mozilla/5.0"
122.58.229.85 - - [31/Mar/2026:21:42:25 +0000] "POST /autodiscover/autodiscover.xml HTTP/1.1" 200 1233 "-" "Microsoft Office/16.0 (Windows NT 10.0; Microsoft Outlook 16.0.19822; Pro)"
45.79.238.235 - - [31/Mar/2026:21:42:37 +0000] "POST /wp-cron.php?doing_wp_cron=1774993357.1103520393371582031250 HTTP/1.1" 200 - "-" "WordPress/6.9.4; https://sumitkumarlaw.co.nz"
66.249.70.68 - - [31/Mar/2026:21:42:35 +0000] "GET /2026/02/25/odds-on-no-registration-pokies/ HTTP/1.1" 200 103501 "-" "Mozilla/5.0 (Linux; Android 6.0.1; Nexus 5X Build/MMB29P) AppleWebKit/537.36 (KHTML, like Gecko) Chrome/146.0.7680.164 Mobile Safari/537.36 (compatible; Googlebot/2.1; +http://www.google.com/bot.html)"
199.45.155.97 - - [31/Mar/2026:21:42:47 +0000] "GET / HTTP/1.1" 301 - "-" "Mozilla/5.0 (compatible; CensysInspect/1.1; +https://about.censys.io/)"
161.178.140.192 - - [31/Mar/2026:21:42:48 +0000] "POST /wp-login.php HTTP/1.1" 200 6286 "-" "Mozilla/5.0"
