154.209.193.240 - - [31/Mar/2026:20:07:01 +0000] "GET /wp-admin/load-scripts.php?c=0&load%5Bchunk_0%5D=jquery-core,jquery-migrate,utils,underscore,wp-codemirror&ver=6.9.4 HTTP/1.1" 200 707318 "https://sumitkumarlaw.co.nz/wp-admin/admin.php?page=wpcode-snippet-manager&custom=1" "Mozilla/5.0 (Windows NT 10.0; Win64; x64) AppleWebKit/537.36 (KHTML, like Gecko) Chrome/144.0.0.0 Safari/537.36"
154.209.193.240 - - [31/Mar/2026:20:07:01 +0000] "GET /wp-admin/load-styles.php?c=0&dir=ltr&load%5Bchunk_0%5D=dashicons,admin-bar,common,forms,admin-menu,dashboard,list-tables,edit,revisions,media,themes,about,nav-menus,wp-pointer,widgets&load%5Bchunk_1%5D=,site-icon,l10n,buttons,wp-auth-check,wp-components,wp-commands,code-editor&ver=6.9.4 HTTP/1.1" 200 527340 "https://sumitkumarlaw.co.nz/wp-admin/admin.php?page=wpcode-snippet-manager&custom=1" "Mozilla/5.0 (Windows NT 10.0; Win64; x64) AppleWebKit/537.36 (KHTML, like Gecko) Chrome/144.0.0.0 Safari/537.36"
154.209.193.240 - - [31/Mar/2026:20:07:01 +0000] "GET /wp-includes/js/codemirror/fakejshint.js?ver=2.9.5 HTTP/1.1" 200 1002 "https://sumitkumarlaw.co.nz/wp-admin/admin.php?page=wpcode-snippet-manager&custom=1" "Mozilla/5.0 (Windows NT 10.0; Win64; x64) AppleWebKit/537.36 (KHTML, like Gecko) Chrome/144.0.0.0 Safari/537.36"
154.209.193.240 - - [31/Mar/2026:20:07:01 +0000] "GET /wp-includes/js/mediaelement/mediaelementplayer-legacy.min.css?ver=4.2.17 HTTP/1.1" 200 11256 "https://sumitkumarlaw.co.nz/wp-admin/admin.php?page=wpcode-snippet-manager&custom=1" "Mozilla/5.0 (Windows NT 10.0; Win64; x64) AppleWebKit/537.36 (KHTML, like Gecko) Chrome/144.0.0.0 Safari/537.36"
154.209.193.240 - - [31/Mar/2026:20:07:01 +0000] "GET /wp-admin/load-styles.php?c=0&dir=ltr&load%5Bchunk_0%5D=media-views&ver=6.9.4 HTTP/1.1" 200 46755 "https://sumitkumarlaw.co.nz/wp-admin/admin.php?page=wpcode-snippet-manager&custom=1" "Mozilla/5.0 (Windows NT 10.0; Win64; x64) AppleWebKit/537.36 (KHTML, like Gecko) Chrome/144.0.0.0 Safari/537.36"
154.209.193.240 - - [31/Mar/2026:20:07:02 +0000] "GET /wp-includes/js/mediaelement/wp-mediaelement.min.css?ver=6.9.4 HTTP/1.1" 200 4186 "https://sumitkumarlaw.co.nz/wp-admin/admin.php?page=wpcode-snippet-manager&custom=1" "Mozilla/5.0 (Windows NT 10.0; Win64; x64) AppleWebKit/537.36 (KHTML, like Gecko) Chrome/144.0.0.0 Safari/537.36"
154.209.193.240 - - [31/Mar/2026:20:07:02 +0000] "GET /wp-includes/js/imgareaselect/imgareaselect.css?ver=0.9.8 HTTP/1.1" 200 790 "https://sumitkumarlaw.co.nz/wp-admin/admin.php?page=wpcode-snippet-manager&custom=1" "Mozilla/5.0 (Windows NT 10.0; Win64; x64) AppleWebKit/537.36 (KHTML, like Gecko) Chrome/144.0.0.0 Safari/537.36"
154.209.193.240 - - [31/Mar/2026:20:07:02 +0000] "GET /wp-includes/js/wp-backbone.min.js?ver=6.9.4 HTTP/1.1" 200 3039 "https://sumitkumarlaw.co.nz/wp-admin/admin.php?page=wpcode-snippet-manager&custom=1" "Mozilla/5.0 (Windows NT 10.0; Win64; x64) AppleWebKit/537.36 (KHTML, like Gecko) Chrome/144.0.0.0 Safari/537.36"
154.209.193.240 - - [31/Mar/2026:20:07:02 +0000] "GET /wp-includes/js/plupload/moxie.min.js?ver=1.3.5.1 HTTP/1.1" 200 87394 "https://sumitkumarlaw.co.nz/wp-admin/admin.php?page=wpcode-snippet-manager&custom=1" "Mozilla/5.0 (Windows NT 10.0; Win64; x64) AppleWebKit/537.36 (KHTML, like Gecko) Chrome/144.0.0.0 Safari/537.36"
154.209.193.240 - - [31/Mar/2026:20:07:02 +0000] "GET /wp-includes/js/media-models.min.js?ver=6.9.4 HTTP/1.1" 200 13284 "https://sumitkumarlaw.co.nz/wp-admin/admin.php?page=wpcode-snippet-manager&custom=1" "Mozilla/5.0 (Windows NT 10.0; Win64; x64) AppleWebKit/537.36 (KHTML, like Gecko) Chrome/144.0.0.0 Safari/537.36"
154.209.193.240 - - [31/Mar/2026:20:07:02 +0000] "GET /wp-includes/js/plupload/plupload.min.js?ver=2.1.9 HTTP/1.1" 200 15605 "https://sumitkumarlaw.co.nz/wp-admin/admin.php?page=wpcode-snippet-manager&custom=1" "Mozilla/5.0 (Windows NT 10.0; Win64; x64) AppleWebKit/537.36 (KHTML, like Gecko) Chrome/144.0.0.0 Safari/537.36"
154.209.193.240 - - [31/Mar/2026:20:07:02 +0000] "GET /wp-includes/js/plupload/wp-plupload.min.js?ver=6.9.4 HTTP/1.1" 200 6036 "https://sumitkumarlaw.co.nz/wp-admin/admin.php?page=wpcode-snippet-manager&custom=1" "Mozilla/5.0 (Windows NT 10.0; Win64; x64) AppleWebKit/537.36 (KHTML, like Gecko) Chrome/144.0.0.0 Safari/537.36"
154.209.193.240 - - [31/Mar/2026:20:07:02 +0000] "GET /wp-includes/js/media-views.min.js?ver=6.9.4 HTTP/1.1" 200 110772 "https://sumitkumarlaw.co.nz/wp-admin/admin.php?page=wpcode-snippet-manager&custom=1" "Mozilla/5.0 (Windows NT 10.0; Win64; x64) AppleWebKit/537.36 (KHTML, like Gecko) Chrome/144.0.0.0 Safari/537.36"
154.209.193.240 - - [31/Mar/2026:20:07:02 +0000] "GET /wp-includes/js/mediaelement/wp-mediaelement.min.js?ver=6.9.4 HTTP/1.1" 200 1107 "https://sumitkumarlaw.co.nz/wp-admin/admin.php?page=wpcode-snippet-manager&custom=1" "Mozilla/5.0 (Windows NT 10.0; Win64; x64) AppleWebKit/537.36 (KHTML, like Gecko) Chrome/144.0.0.0 Safari/537.36"
154.209.193.240 - - [31/Mar/2026:20:07:02 +0000] "GET /wp-includes/js/mediaelement/mediaelement-migrate.min.js?ver=6.9.4 HTTP/1.1" 200 1191 "https://sumitkumarlaw.co.nz/wp-admin/admin.php?page=wpcode-snippet-manager&custom=1" "Mozilla/5.0 (Windows NT 10.0; Win64; x64) AppleWebKit/537.36 (KHTML, like Gecko) Chrome/144.0.0.0 Safari/537.36"
154.209.193.240 - - [31/Mar/2026:20:07:02 +0000] "GET /wp-includes/js/media-audiovideo.min.js?ver=6.9.4 HTTP/1.1" 200 12052 "https://sumitkumarlaw.co.nz/wp-admin/admin.php?page=wpcode-snippet-manager&custom=1" "Mozilla/5.0 (Windows NT 10.0; Win64; x64) AppleWebKit/537.36 (KHTML, like Gecko) Chrome/144.0.0.0 Safari/537.36"
154.209.193.240 - - [31/Mar/2026:20:07:02 +0000] "GET /wp-includes/js/media-editor.min.js?ver=6.9.4 HTTP/1.1" 200 10885 "https://sumitkumarlaw.co.nz/wp-admin/admin.php?page=wpcode-snippet-manager&custom=1" "Mozilla/5.0 (Windows NT 10.0; Win64; x64) AppleWebKit/537.36 (KHTML, like Gecko) Chrome/144.0.0.0 Safari/537.36"
154.209.193.240 - - [31/Mar/2026:20:07:02 +0000] "GET /wp-includes/js/mediaelement/mediaelement-and-player.min.js?ver=4.2.17 HTTP/1.1" 200 158005 "https://sumitkumarlaw.co.nz/wp-admin/admin.php?page=wpcode-snippet-manager&custom=1" "Mozilla/5.0 (Windows NT 10.0; Win64; x64) AppleWebKit/537.36 (KHTML, like Gecko) Chrome/144.0.0.0 Safari/537.36"
154.209.193.240 - - [31/Mar/2026:20:07:02 +0000] "GET /wp-includes/js/imgareaselect/jquery.imgareaselect.min.js?ver=6.9.4 HTTP/1.1" 200 9770 "https://sumitkumarlaw.co.nz/wp-admin/admin.php?page=wpcode-snippet-manager&custom=1" "Mozilla/5.0 (Windows NT 10.0; Win64; x64) AppleWebKit/537.36 (KHTML, like Gecko) Chrome/144.0.0.0 Safari/537.36"
154.209.193.240 - - [31/Mar/2026:20:07:02 +0000] "GET /wp-includes/js/mce-view.min.js?ver=6.9.4 HTTP/1.1" 200 9770 "https://sumitkumarlaw.co.nz/wp-admin/admin.php?page=wpcode-snippet-manager&custom=1" "Mozilla/5.0 (Windows NT 10.0; Win64; x64) AppleWebKit/537.36 (KHTML, like Gecko) Chrome/144.0.0.0 Safari/537.36"
154.209.193.240 - - [31/Mar/2026:20:07:02 +0000] "GET /wp-admin/js/image-edit.min.js?ver=6.9.4 HTTP/1.1" 200 15515 "https://sumitkumarlaw.co.nz/wp-admin/admin.php?page=wpcode-snippet-manager&custom=1" "Mozilla/5.0 (Windows NT 10.0; Win64; x64) AppleWebKit/537.36 (KHTML, like Gecko) Chrome/144.0.0.0 Safari/537.36"
154.209.193.240 - - [31/Mar/2026:20:07:02 +0000] "GET /wp-includes/js/wp-embed.min.js?ver=6.9.4 HTTP/1.1" 200 1251 "https://sumitkumarlaw.co.nz/wp-admin/admin.php?page=wpcode-snippet-manager&custom=1" "Mozilla/5.0 (Windows NT 10.0; Win64; x64) AppleWebKit/537.36 (KHTML, like Gecko) Chrome/144.0.0.0 Safari/537.36"
154.209.193.240 - - [31/Mar/2026:20:07:02 +0000] "GET /wp-admin/js/editor.min.js?ver=6.9.4 HTTP/1.1" 200 13085 "https://sumitkumarlaw.co.nz/wp-admin/admin.php?page=wpcode-snippet-manager&custom=1" "Mozilla/5.0 (Windows NT 10.0; Win64; x64) AppleWebKit/537.36 (KHTML, like Gecko) Chrome/144.0.0.0 Safari/537.36"
154.209.193.240 - - [31/Mar/2026:20:07:02 +0000] "GET /wp-includes/js/tinymce/plugins/compat3x/plugin.min.js?ver=49110-20250317 HTTP/1.1" 200 4129 "https://sumitkumarlaw.co.nz/wp-admin/admin.php?page=wpcode-snippet-manager&custom=1" "Mozilla/5.0 (Windows NT 10.0; Win64; x64) AppleWebKit/537.36 (KHTML, like Gecko) Chrome/144.0.0.0 Safari/537.36"
154.209.193.240 - - [31/Mar/2026:20:07:02 +0000] "GET /wp-content/plugins/insert-headers-and-footers/admin/images/default-user-icon.png HTTP/1.1" 200 2940 "https://sumitkumarlaw.co.nz/wp-admin/admin.php?page=wpcode-snippet-manager&custom=1" "Mozilla/5.0 (Windows NT 10.0; Win64; x64) AppleWebKit/537.36 (KHTML, like Gecko) Chrome/144.0.0.0 Safari/537.36"
154.209.193.240 - - [31/Mar/2026:20:07:02 +0000] "GET /wp-includes/js/tinymce/tinymce.min.js?ver=49110-20250317 HTTP/1.1" 200 365570 "https://sumitkumarlaw.co.nz/wp-admin/admin.php?page=wpcode-snippet-manager&custom=1" "Mozilla/5.0 (Windows NT 10.0; Win64; x64) AppleWebKit/537.36 (KHTML, like Gecko) Chrome/144.0.0.0 Safari/537.36"
154.209.193.240 - - [31/Mar/2026:20:07:03 +0000] "GET /wp-includes/js/tinymce/themes/modern/theme.min.js?wp-mce-49110-20250317 HTTP/1.1" 200 130746 "https://sumitkumarlaw.co.nz/wp-admin/admin.php?page=wpcode-snippet-manager&custom=1" "Mozilla/5.0 (Windows NT 10.0; Win64; x64) AppleWebKit/537.36 (KHTML, like Gecko) Chrome/144.0.0.0 Safari/537.36"
154.209.193.240 - - [31/Mar/2026:20:07:03 +0000] "GET /wp-json/wp/v2/users/me?context=edit&_locale=user HTTP/1.1" 200 2209 "https://sumitkumarlaw.co.nz/wp-admin/admin.php?page=wpcode-snippet-manager&custom=1" "Mozilla/5.0 (Windows NT 10.0; Win64; x64) AppleWebKit/537.36 (KHTML, like Gecko) Chrome/144.0.0.0 Safari/537.36"
154.209.193.240 - - [31/Mar/2026:20:07:03 +0000] "GET /wp-includes/js/tinymce/plugins/fullscreen/plugin.min.js?wp-mce-49110-20250317 HTTP/1.1" 200 2184 "https://sumitkumarlaw.co.nz/wp-admin/admin.php?page=wpcode-snippet-manager&custom=1" "Mozilla/5.0 (Windows NT 10.0; Win64; x64) AppleWebKit/537.36 (KHTML, like Gecko) Chrome/144.0.0.0 Safari/537.36"
154.209.193.240 - - [31/Mar/2026:20:07:03 +0000] "GET /wp-includes/js/tinymce/plugins/colorpicker/plugin.min.js?wp-mce-49110-20250317 HTTP/1.1" 200 1349 "https://sumitkumarlaw.co.nz/wp-admin/admin.php?page=wpcode-snippet-manager&custom=1" "Mozilla/5.0 (Windows NT 10.0; Win64; x64) AppleWebKit/537.36 (KHTML, like Gecko) Chrome/144.0.0.0 Safari/537.36"
154.209.193.240 - - [31/Mar/2026:20:07:03 +0000] "GET /wp-includes/js/tinymce/plugins/paste/plugin.min.js?wp-mce-49110-20250317 HTTP/1.1" 200 30837 "https://sumitkumarlaw.co.nz/wp-admin/admin.php?page=wpcode-snippet-manager&custom=1" "Mozilla/5.0 (Windows NT 10.0; Win64; x64) AppleWebKit/537.36 (KHTML, like Gecko) Chrome/144.0.0.0 Safari/537.36"
154.209.193.240 - - [31/Mar/2026:20:07:03 +0000] "GET /wp-includes/js/tinymce/plugins/wpeditimage/plugin.min.js?wp-mce-49110-20250317 HTTP/1.1" 200 12067 "https://sumitkumarlaw.co.nz/wp-admin/admin.php?page=wpcode-snippet-manager&custom=1" "Mozilla/5.0 (Windows NT 10.0; Win64; x64) AppleWebKit/537.36 (KHTML, like Gecko) Chrome/144.0.0.0 Safari/537.36"
154.209.193.240 - - [31/Mar/2026:20:07:03 +0000] "GET /wp-includes/js/tinymce/plugins/lists/plugin.min.js?wp-mce-49110-20250317 HTTP/1.1" 200 26968 "https://sumitkumarlaw.co.nz/wp-admin/admin.php?page=wpcode-snippet-manager&custom=1" "Mozilla/5.0 (Windows NT 10.0; Win64; x64) AppleWebKit/537.36 (KHTML, like Gecko) Chrome/144.0.0.0 Safari/537.36"
154.209.193.240 - - [31/Mar/2026:20:07:03 +0000] "GET /wp-includes/js/tinymce/plugins/charmap/plugin.min.js?wp-mce-49110-20250317 HTTP/1.1" 200 8601 "https://sumitkumarlaw.co.nz/wp-admin/admin.php?page=wpcode-snippet-manager&custom=1" "Mozilla/5.0 (Windows NT 10.0; Win64; x64) AppleWebKit/537.36 (KHTML, like Gecko) Chrome/144.0.0.0 Safari/537.36"
154.209.193.240 - - [31/Mar/2026:20:07:03 +0000] "GET /wp-includes/js/tinymce/plugins/textcolor/plugin.min.js?wp-mce-49110-20250317 HTTP/1.1" 200 4927 "https://sumitkumarlaw.co.nz/wp-admin/admin.php?page=wpcode-snippet-manager&custom=1" "Mozilla/5.0 (Windows NT 10.0; Win64; x64) AppleWebKit/537.36 (KHTML, like Gecko) Chrome/144.0.0.0 Safari/537.36"
154.209.193.240 - - [31/Mar/2026:20:07:03 +0000] "GET /wp-includes/js/tinymce/plugins/hr/plugin.min.js?wp-mce-49110-20250317 HTTP/1.1" 200 428 "https://sumitkumarlaw.co.nz/wp-admin/admin.php?page=wpcode-snippet-manager&custom=1" "Mozilla/5.0 (Windows NT 10.0; Win64; x64) AppleWebKit/537.36 (KHTML, like Gecko) Chrome/144.0.0.0 Safari/537.36"
154.209.193.240 - - [31/Mar/2026:20:07:03 +0000] "GET /wp-includes/js/tinymce/plugins/tabfocus/plugin.min.js?wp-mce-49110-20250317 HTTP/1.1" 200 1614 "https://sumitkumarlaw.co.nz/wp-admin/admin.php?page=wpcode-snippet-manager&custom=1" "Mozilla/5.0 (Windows NT 10.0; Win64; x64) AppleWebKit/537.36 (KHTML, like Gecko) Chrome/144.0.0.0 Safari/537.36"
154.209.193.240 - - [31/Mar/2026:20:07:03 +0000] "GET /wp-includes/js/tinymce/plugins/wpautoresize/plugin.min.js?wp-mce-49110-20250317 HTTP/1.1" 200 2344 "https://sumitkumarlaw.co.nz/wp-admin/admin.php?page=wpcode-snippet-manager&custom=1" "Mozilla/5.0 (Windows NT 10.0; Win64; x64) AppleWebKit/537.36 (KHTML, like Gecko) Chrome/144.0.0.0 Safari/537.36"
154.209.193.240 - - [31/Mar/2026:20:07:03 +0000] "GET /wp-includes/js/tinymce/plugins/wordpress/plugin.min.js?wp-mce-49110-20250317 HTTP/1.1" 200 16407 "https://sumitkumarlaw.co.nz/wp-admin/admin.php?page=wpcode-snippet-manager&custom=1" "Mozilla/5.0 (Windows NT 10.0; Win64; x64) AppleWebKit/537.36 (KHTML, like Gecko) Chrome/144.0.0.0 Safari/537.36"
154.209.193.240 - - [31/Mar/2026:20:07:03 +0000] "GET /wp-includes/js/tinymce/plugins/media/plugin.min.js?wp-mce-49110-20250317 HTTP/1.1" 200 16576 "https://sumitkumarlaw.co.nz/wp-admin/admin.php?page=wpcode-snippet-manager&custom=1" "Mozilla/5.0 (Windows NT 10.0; Win64; x64) AppleWebKit/537.36 (KHTML, like Gecko) Chrome/144.0.0.0 Safari/537.36"
154.209.193.240 - - [31/Mar/2026:20:07:04 +0000] "GET /wp-includes/js/tinymce/plugins/wpgallery/plugin.min.js?wp-mce-49110-20250317 HTTP/1.1" 200 1623 "https://sumitkumarlaw.co.nz/wp-admin/admin.php?page=wpcode-snippet-manager&custom=1" "Mozilla/5.0 (Windows NT 10.0; Win64; x64) AppleWebKit/537.36 (KHTML, like Gecko) Chrome/144.0.0.0 Safari/537.36"
154.209.193.240 - - [31/Mar/2026:20:07:04 +0000] "GET /wp-includes/js/tinymce/plugins/wpemoji/plugin.min.js?wp-mce-49110-20250317 HTTP/1.1" 200 1519 "https://sumitkumarlaw.co.nz/wp-admin/admin.php?page=wpcode-snippet-manager&custom=1" "Mozilla/5.0 (Windows NT 10.0; Win64; x64) AppleWebKit/537.36 (KHTML, like Gecko) Chrome/144.0.0.0 Safari/537.36"
154.209.193.240 - - [31/Mar/2026:20:07:04 +0000] "GET /wp-includes/js/tinymce/plugins/wplink/plugin.min.js?wp-mce-49110-20250317 HTTP/1.1" 200 8988 "https://sumitkumarlaw.co.nz/wp-admin/admin.php?page=wpcode-snippet-manager&custom=1" "Mozilla/5.0 (Windows NT 10.0; Win64; x64) AppleWebKit/537.36 (KHTML, like Gecko) Chrome/144.0.0.0 Safari/537.36"
154.209.193.240 - - [31/Mar/2026:20:07:04 +0000] "GET /wp-includes/js/tinymce/plugins/wpdialogs/plugin.min.js?wp-mce-49110-20250317 HTTP/1.1" 200 1322 "https://sumitkumarlaw.co.nz/wp-admin/admin.php?page=wpcode-snippet-manager&custom=1" "Mozilla/5.0 (Windows NT 10.0; Win64; x64) AppleWebKit/537.36 (KHTML, like Gecko) Chrome/144.0.0.0 Safari/537.36"
154.209.193.240 - - [31/Mar/2026:20:07:04 +0000] "GET /wp-includes/js/tinymce/plugins/wptextpattern/plugin.min.js?wp-mce-49110-20250317 HTTP/1.1" 200 3121 "https://sumitkumarlaw.co.nz/wp-admin/admin.php?page=wpcode-snippet-manager&custom=1" "Mozilla/5.0 (Windows NT 10.0; Win64; x64) AppleWebKit/537.36 (KHTML, like Gecko) Chrome/144.0.0.0 Safari/537.36"
154.209.193.240 - - [31/Mar/2026:20:07:04 +0000] "GET /wp-includes/js/tinymce/plugins/wpview/plugin.min.js?wp-mce-49110-20250317 HTTP/1.1" 200 2902 "https://sumitkumarlaw.co.nz/wp-admin/admin.php?page=wpcode-snippet-manager&custom=1" "Mozilla/5.0 (Windows NT 10.0; Win64; x64) AppleWebKit/537.36 (KHTML, like Gecko) Chrome/144.0.0.0 Safari/537.36"
154.209.193.240 - - [31/Mar/2026:20:07:04 +0000] "GET /wp-includes/js/tinymce/skins/lightgray/skin.min.css?wp-mce-49110-20250317 HTTP/1.1" 200 44010 "https://sumitkumarlaw.co.nz/wp-admin/admin.php?page=wpcode-snippet-manager&custom=1" "Mozilla/5.0 (Windows NT 10.0; Win64; x64) AppleWebKit/537.36 (KHTML, like Gecko) Chrome/144.0.0.0 Safari/537.36"
154.209.193.240 - - [31/Mar/2026:20:07:04 +0000] "GET /wp-includes/js/tinymce/skins/lightgray/content.min.css?wp-mce-49110-20250317 HTTP/1.1" 200 4017 "https://sumitkumarlaw.co.nz/wp-admin/admin.php?page=wpcode-snippet-manager&custom=1" "Mozilla/5.0 (Windows NT 10.0; Win64; x64) AppleWebKit/537.36 (KHTML, like Gecko) Chrome/144.0.0.0 Safari/537.36"
154.209.193.240 - - [31/Mar/2026:20:07:04 +0000] "GET /wp-includes/css/dashicons.min.css?ver=6.9.4&wp-mce-49110-20250317 HTTP/1.1" 200 59004 "https://sumitkumarlaw.co.nz/wp-admin/admin.php?page=wpcode-snippet-manager&custom=1" "Mozilla/5.0 (Windows NT 10.0; Win64; x64) AppleWebKit/537.36 (KHTML, like Gecko) Chrome/144.0.0.0 Safari/537.36"
154.209.193.240 - - [31/Mar/2026:20:07:04 +0000] "GET /wp-includes/js/tinymce/skins/wordpress/wp-content.css?ver=6.9.4&wp-mce-49110-20250317 HTTP/1.1" 200 8760 "https://sumitkumarlaw.co.nz/wp-admin/admin.php?page=wpcode-snippet-manager&custom=1" "Mozilla/5.0 (Windows NT 10.0; Win64; x64) AppleWebKit/537.36 (KHTML, like Gecko) Chrome/144.0.0.0 Safari/537.36"
154.209.193.240 - - [31/Mar/2026:20:07:04 +0000] "GET /wp-content/themes/astra/assets/css/minified/editor-style.min.css?wp-mce-49110-20250317 HTTP/1.1" 200 22347 "https://sumitkumarlaw.co.nz/wp-admin/admin.php?page=wpcode-snippet-manager&custom=1" "Mozilla/5.0 (Windows NT 10.0; Win64; x64) AppleWebKit/537.36 (KHTML, like Gecko) Chrome/144.0.0.0 Safari/537.36"
154.209.193.240 - - [31/Mar/2026:20:07:05 +0000] "GET /wp-includes/js/tinymce/skins/lightgray/fonts/tinymce.woff HTTP/1.1" 200 18824 "https://sumitkumarlaw.co.nz/wp-includes/js/tinymce/skins/lightgray/skin.min.css?wp-mce-49110-20250317" "Mozilla/5.0 (Windows NT 10.0; Win64; x64) AppleWebKit/537.36 (KHTML, like Gecko) Chrome/144.0.0.0 Safari/537.36"
154.209.193.240 - - [31/Mar/2026:20:07:06 +0000] "POST /wp-admin/admin.php?page=wpcode-snippet-manager HTTP/1.1" 302 - "https://sumitkumarlaw.co.nz/wp-admin/admin.php?page=wpcode-snippet-manager&custom=1" "Mozilla/5.0 (Windows NT 10.0; Win64; x64) AppleWebKit/537.36 (KHTML, like Gecko) Chrome/144.0.0.0 Safari/537.36"
154.209.193.240 - - [31/Mar/2026:20:07:07 +0000] "GET /wp-admin/admin.php?page=wpcode-snippet-manager&snippet_id=27553&message=2&error HTTP/1.1" 200 475416 "https://sumitkumarlaw.co.nz/wp-admin/admin.php?page=wpcode-snippet-manager&custom=1" "Mozilla/5.0 (Windows NT 10.0; Win64; x64) AppleWebKit/537.36 (KHTML, like Gecko) Chrome/144.0.0.0 Safari/537.36"
154.209.193.240 - - [31/Mar/2026:20:07:09 +0000] "GET /wp-json/wp/v2/users/me?context=edit&_locale=user HTTP/1.1" 200 2209 "https://sumitkumarlaw.co.nz/wp-admin/admin.php?page=wpcode-snippet-manager&snippet_id=27553" "Mozilla/5.0 (Windows NT 10.0; Win64; x64) AppleWebKit/537.36 (KHTML, like Gecko) Chrome/144.0.0.0 Safari/537.36"
154.209.193.240 - - [31/Mar/2026:20:07:09 +0000] "GET /2026/03/31/using-bitcoin-for-online-gambling/ HTTP/1.1" 200 136584 "-" "Mozilla/5.0 (Windows NT 10.0; Win64; x64) AppleWebKit/537.36 (KHTML, like Gecko) Chrome/144.0.0.0 Safari/537.36"
47.128.96.88 - - [31/Mar/2026:20:08:48 +0000] "GET /2026/02/25/online-casino-pokies-new-zealand/ HTTP/1.1" 200 104747 "-" "Mozilla/5.0 (Linux; Android 5.0) AppleWebKit/537.36 (KHTML, like Gecko) Mobile Safari/537.36 (compatible; Bytespider; spider-feedback@bytedance.com)"
45.79.238.235 - - [31/Mar/2026:20:09:22 +0000] "POST /wp-cron.php?doing_wp_cron=1774987761.9006550312042236328125 HTTP/1.1" 200 - "-" "WordPress/6.9.4; https://sumitkumarlaw.co.nz"
52.167.144.157 - - [31/Mar/2026:20:09:21 +0000] "GET /?p=3883 HTTP/1.1" 301 - "-" "Mozilla/5.0 AppleWebKit/537.36 (KHTML, like Gecko; compatible; bingbot/2.0; +http://www.bing.com/bingbot.htm) Chrome/116.0.1938.76 Safari/537.36"
45.79.238.235 - - [31/Mar/2026:20:11:47 +0000] "POST /wp-cron.php?doing_wp_cron=1774987906.7265930175781250000000 HTTP/1.1" 200 - "-" "WordPress/6.9.4; https://sumitkumarlaw.co.nz"
66.249.70.67 - - [31/Mar/2026:20:11:45 +0000] "GET /2026/02/25/how-can-i-make-money-fast-au/ HTTP/1.1" 200 103549 "-" "Mozilla/5.0 (Linux; Android 6.0.1; Nexus 5X Build/MMB29P) AppleWebKit/537.36 (KHTML, like Gecko) Chrome/146.0.7680.164 Mobile Safari/537.36 (compatible; Googlebot/2.1; +http://www.google.com/bot.html)"
66.249.70.67 - - [31/Mar/2026:20:11:49 +0000] "GET /2026/02/25/free-online-pokies-games-with-bonus-rounds-and-no-download/ HTTP/1.1" 200 103950 "-" "Mozilla/5.0 (Linux; Android 6.0.1; Nexus 5X Build/MMB29P) AppleWebKit/537.36 (KHTML, like Gecko) Chrome/146.0.7680.164 Mobile Safari/537.36 (compatible; Googlebot/2.1; +http://www.google.com/bot.html)"
45.79.238.235 - - [31/Mar/2026:20:11:57 +0000] "POST /wp-cron.php?doing_wp_cron=1774987917.8194320201873779296875 HTTP/1.1" 200 - "-" "WordPress/6.9.4; https://sumitkumarlaw.co.nz"
66.249.70.67 - - [31/Mar/2026:20:11:55 +0000] "GET /2026/02/25/pokies-online-play-now/ HTTP/1.1" 200 103787 "-" "Mozilla/5.0 (Linux; Android 6.0.1; Nexus 5X Build/MMB29P) AppleWebKit/537.36 (KHTML, like Gecko) Chrome/146.0.7680.164 Mobile Safari/537.36 (compatible; Googlebot/2.1; +http://www.google.com/bot.html)"
66.249.70.67 - - [31/Mar/2026:20:11:58 +0000] "GET /2026/02/25/games-pokies-with-bonus-machine/ HTTP/1.1" 200 102827 "-" "Mozilla/5.0 (Linux; Android 6.0.1; Nexus 5X Build/MMB29P) AppleWebKit/537.36 (KHTML, like Gecko) Chrome/146.0.7680.164 Mobile Safari/537.36 (compatible; Googlebot/2.1; +http://www.google.com/bot.html)"
66.249.70.67 - - [31/Mar/2026:20:12:05 +0000] "GET /2026/02/25/free-no-deposit-bonus-australia/ HTTP/1.1" 200 103531 "-" "Mozilla/5.0 (Linux; Android 6.0.1; Nexus 5X Build/MMB29P) AppleWebKit/537.36 (KHTML, like Gecko) Chrome/146.0.7680.164 Mobile Safari/537.36 (compatible; Googlebot/2.1; +http://www.google.com/bot.html)"
66.249.70.67 - - [31/Mar/2026:20:12:09 +0000] "GET /2026/02/25/winning-pokies-game/ HTTP/1.1" 200 103623 "-" "Mozilla/5.0 (Linux; Android 6.0.1; Nexus 5X Build/MMB29P) AppleWebKit/537.36 (KHTML, like Gecko) Chrome/146.0.7680.164 Mobile Safari/537.36 (compatible; Googlebot/2.1; +http://www.google.com/bot.html)"
66.249.70.67 - - [31/Mar/2026:20:12:16 +0000] "GET /2026/02/25/where-to-play-top-australian-pokies-for-real-money/ HTTP/1.1" 200 103942 "-" "Mozilla/5.0 (Linux; Android 6.0.1; Nexus 5X Build/MMB29P) AppleWebKit/537.36 (KHTML, like Gecko) Chrome/146.0.7680.164 Mobile Safari/537.36 (compatible; Googlebot/2.1; +http://www.google.com/bot.html)"
66.249.70.67 - - [31/Mar/2026:20:12:29 +0000] "GET /2026/02/25/who-owns-australia-pokies/ HTTP/1.1" 200 103475 "-" "Mozilla/5.0 (Linux; Android 6.0.1; Nexus 5X Build/MMB29P) AppleWebKit/537.36 (KHTML, like Gecko) Chrome/146.0.7680.164 Mobile Safari/537.36 (compatible; Googlebot/2.1; +http://www.google.com/bot.html)"
66.249.70.67 - - [31/Mar/2026:20:12:37 +0000] "GET /2026/02/25/win-real-money-games-nz/ HTTP/1.1" 200 103420 "-" "Mozilla/5.0 (Linux; Android 6.0.1; Nexus 5X Build/MMB29P) AppleWebKit/537.36 (KHTML, like Gecko) Chrome/146.0.7680.164 Mobile Safari/537.36 (compatible; Googlebot/2.1; +http://www.google.com/bot.html)"
66.249.70.67 - - [31/Mar/2026:20:12:50 +0000] "GET /2026/02/25/best-online-casino-welcome-bonus-new-zealand/ HTTP/1.1" 200 104683 "-" "Mozilla/5.0 (Linux; Android 6.0.1; Nexus 5X Build/MMB29P) AppleWebKit/537.36 (KHTML, like Gecko) Chrome/146.0.7680.164 Mobile Safari/537.36 (compatible; Googlebot/2.1; +http://www.google.com/bot.html)"
45.79.238.235 - - [31/Mar/2026:20:12:53 +0000] "POST /wp-cron.php?doing_wp_cron=1774987973.3481578826904296875000 HTTP/1.1" 200 - "-" "WordPress/6.9.4; https://sumitkumarlaw.co.nz"
66.249.70.67 - - [31/Mar/2026:20:12:52 +0000] "GET /2026/02/25/au-deposit-options-for-online-casinos/ HTTP/1.1" 200 103084 "-" "Mozilla/5.0 (Linux; Android 6.0.1; Nexus 5X Build/MMB29P) AppleWebKit/537.36 (KHTML, like Gecko) Chrome/146.0.7680.164 Mobile Safari/537.36 (compatible; Googlebot/2.1; +http://www.google.com/bot.html)"
66.249.70.67 - - [31/Mar/2026:20:12:59 +0000] "GET /2026/02/25/catawba-casino-au/ HTTP/1.1" 200 103145 "-" "Mozilla/5.0 (Linux; Android 6.0.1; Nexus 5X Build/MMB29P) AppleWebKit/537.36 (KHTML, like Gecko) Chrome/146.0.7680.164 Mobile Safari/537.36 (compatible; Googlebot/2.1; +http://www.google.com/bot.html)"
66.249.70.67 - - [31/Mar/2026:20:13:14 +0000] "GET /2026/02/25/free-spins-no-deposit-withdraw-winnings-au/ HTTP/1.1" 200 103543 "-" "Mozilla/5.0 (Linux; Android 6.0.1; Nexus 5X Build/MMB29P) AppleWebKit/537.36 (KHTML, like Gecko) Chrome/146.0.7680.164 Mobile Safari/537.36 (compatible; Googlebot/2.1; +http://www.google.com/bot.html)"
66.249.70.67 - - [31/Mar/2026:20:13:25 +0000] "GET /2026/02/25/las-vegas-au-free-spins/ HTTP/1.1" 200 104104 "-" "Mozilla/5.0 (Linux; Android 6.0.1; Nexus 5X Build/MMB29P) AppleWebKit/537.36 (KHTML, like Gecko) Chrome/146.0.7680.164 Mobile Safari/537.36 (compatible; Googlebot/2.1; +http://www.google.com/bot.html)"
66.249.70.67 - - [31/Mar/2026:20:13:30 +0000] "GET /2026/02/25/pokies-australia-app/ HTTP/1.1" 200 103092 "-" "Mozilla/5.0 (Linux; Android 6.0.1; Nexus 5X Build/MMB29P) AppleWebKit/537.36 (KHTML, like Gecko) Chrome/146.0.7680.164 Mobile Safari/537.36 (compatible; Googlebot/2.1; +http://www.google.com/bot.html)"
66.249.70.67 - - [31/Mar/2026:20:13:42 +0000] "GET /2026/02/25/casinos-in-victoria-australia/ HTTP/1.1" 200 103630 "-" "Mozilla/5.0 (Linux; Android 6.0.1; Nexus 5X Build/MMB29P) AppleWebKit/537.36 (KHTML, like Gecko) Chrome/146.0.7680.164 Mobile Safari/537.36 (compatible; Googlebot/2.1; +http://www.google.com/bot.html)"
66.249.70.67 - - [31/Mar/2026:20:13:46 +0000] "GET /2026/02/25/online-casino-no-deposit-bonus-new-zealand/ HTTP/1.1" 200 104426 "-" "Mozilla/5.0 (Linux; Android 6.0.1; Nexus 5X Build/MMB29P) AppleWebKit/537.36 (KHTML, like Gecko) Chrome/146.0.7680.164 Mobile Safari/537.36 (compatible; Googlebot/2.1; +http://www.google.com/bot.html)"
45.79.238.235 - - [31/Mar/2026:20:14:01 +0000] "POST /wp-cron.php?doing_wp_cron=1774988041.5550389289855957031250 HTTP/1.1" 200 - "-" "WordPress/6.9.4; https://sumitkumarlaw.co.nz"
66.249.70.68 - - [31/Mar/2026:20:14:00 +0000] "GET /2026/02/25/largest-native-new-zealand-casino-in-new-zealand/ HTTP/1.1" 200 103361 "-" "Mozilla/5.0 (Linux; Android 6.0.1; Nexus 5X Build/MMB29P) AppleWebKit/537.36 (KHTML, like Gecko) Chrome/146.0.7680.164 Mobile Safari/537.36 (compatible; Googlebot/2.1; +http://www.google.com/bot.html)"
66.249.70.69 - - [31/Mar/2026:20:14:04 +0000] "GET /2026/02/25/play-free-pokies-new-zealand/ HTTP/1.1" 200 103163 "-" "Mozilla/5.0 (Linux; Android 6.0.1; Nexus 5X Build/MMB29P) AppleWebKit/537.36 (KHTML, like Gecko) Chrome/146.0.7680.164 Mobile Safari/537.36 (compatible; Googlebot/2.1; +http://www.google.com/bot.html)"
66.249.70.68 - - [31/Mar/2026:20:14:21 +0000] "GET /2026/02/25/learn-roulette-au/ HTTP/1.1" 200 104071 "-" "Mozilla/5.0 (Linux; Android 6.0.1; Nexus 5X Build/MMB29P) AppleWebKit/537.36 (KHTML, like Gecko) Chrome/146.0.7680.164 Mobile Safari/537.36 (compatible; Googlebot/2.1; +http://www.google.com/bot.html)"
66.249.70.67 - - [31/Mar/2026:20:14:45 +0000] "GET /2026/02/25/new-zealand-roulette-for-dummies/ HTTP/1.1" 200 103365 "-" "Mozilla/5.0 (Linux; Android 6.0.1; Nexus 5X Build/MMB29P) AppleWebKit/537.36 (KHTML, like Gecko) Chrome/146.0.7680.164 Mobile Safari/537.36 (compatible; Googlebot/2.1; +http://www.google.com/bot.html)"
45.79.238.235 - - [31/Mar/2026:20:14:56 +0000] "POST /wp-cron.php?doing_wp_cron=1774988096.0714349746704101562500 HTTP/1.1" 200 - "-" "WordPress/6.9.4; https://sumitkumarlaw.co.nz"
66.249.70.67 - - [31/Mar/2026:20:14:55 +0000] "GET /2026/02/25/casino-in-london-ontario-australia/ HTTP/1.1" 200 103784 "-" "Mozilla/5.0 (Linux; Android 6.0.1; Nexus 5X Build/MMB29P) AppleWebKit/537.36 (KHTML, like Gecko) Chrome/146.0.7680.164 Mobile Safari/537.36 (compatible; Googlebot/2.1; +http://www.google.com/bot.html)"
66.249.70.68 - - [31/Mar/2026:20:15:44 +0000] "GET /2026/02/25/casino-in-richmond-new-zealand/ HTTP/1.1" 200 103289 "-" "Mozilla/5.0 (Linux; Android 6.0.1; Nexus 5X Build/MMB29P) AppleWebKit/537.36 (KHTML, like Gecko) Chrome/146.0.7680.164 Mobile Safari/537.36 (compatible; Googlebot/2.1; +http://www.google.com/bot.html)"
45.79.238.235 - - [31/Mar/2026:20:16:03 +0000] "POST /wp-cron.php?doing_wp_cron=1774988163.3782849311828613281250 HTTP/1.1" 200 - "-" "WordPress/6.9.4; https://sumitkumarlaw.co.nz"
66.249.70.67 - - [31/Mar/2026:20:16:02 +0000] "GET /2026/02/25/secure-pokies-with-welcome-bonus-not-paying-out/ HTTP/1.1" 200 103672 "-" "Mozilla/5.0 (Linux; Android 6.0.1; Nexus 5X Build/MMB29P) AppleWebKit/537.36 (KHTML, like Gecko) Chrome/146.0.7680.164 Mobile Safari/537.36 (compatible; Googlebot/2.1; +http://www.google.com/bot.html)"
137.184.54.121 - - [31/Mar/2026:20:16:18 +0000] "POST /wp-login.php HTTP/1.1" 200 6286 "-" "Mozilla/5.0"
66.249.70.68 - - [31/Mar/2026:20:16:39 +0000] "GET /2026/02/25/new-pokies-online-for-australian-players/ HTTP/1.1" 200 103961 "-" "Mozilla/5.0 (Linux; Android 6.0.1; Nexus 5X Build/MMB29P) AppleWebKit/537.36 (KHTML, like Gecko) Chrome/146.0.7680.164 Mobile Safari/537.36 (compatible; Googlebot/2.1; +http://www.google.com/bot.html)"
45.79.238.235 - - [31/Mar/2026:20:17:03 +0000] "POST /wp-cron.php?doing_wp_cron=1774988223.2971251010894775390625 HTTP/1.1" 200 - "-" "WordPress/6.9.4; https://sumitkumarlaw.co.nz"
66.249.70.68 - - [31/Mar/2026:20:17:02 +0000] "GET /2026/02/25/pokies-with-bonus-best-payout/ HTTP/1.1" 200 103547 "-" "Mozilla/5.0 (Linux; Android 6.0.1; Nexus 5X Build/MMB29P) AppleWebKit/537.36 (KHTML, like Gecko) Chrome/146.0.7680.164 Mobile Safari/537.36 (compatible; Googlebot/2.1; +http://www.google.com/bot.html)"
66.249.70.67 - - [31/Mar/2026:20:17:07 +0000] "GET /2026/02/25/best-real-money-pokies-australia-with-neosurf/ HTTP/1.1" 200 103893 "-" "Mozilla/5.0 (Linux; Android 6.0.1; Nexus 5X Build/MMB29P) AppleWebKit/537.36 (KHTML, like Gecko) Chrome/146.0.7680.164 Mobile Safari/537.36 (compatible; Googlebot/2.1; +http://www.google.com/bot.html)"
66.249.70.67 - - [31/Mar/2026:20:17:11 +0000] "GET /2026/02/25/casino-free-games-no-deposit-pokies/ HTTP/1.1" 200 104080 "-" "Mozilla/5.0 (Linux; Android 6.0.1; Nexus 5X Build/MMB29P) AppleWebKit/537.36 (KHTML, like Gecko) Chrome/146.0.7680.164 Mobile Safari/537.36 (compatible; Googlebot/2.1; +http://www.google.com/bot.html)"
45.79.238.235 - - [31/Mar/2026:20:17:42 +0000] "POST /wp-cron.php?doing_wp_cron=1774988262.0776729583740234375000 HTTP/1.1" 200 - "-" "WordPress/6.9.4; https://sumitkumarlaw.co.nz"
45.79.238.235 - - [31/Mar/2026:20:17:42 +0000] "POST /wp-cron.php?doing_wp_cron=1774988262.1315000057220458984375 HTTP/1.1" 200 - "-" "WordPress/6.9.4; https://sumitkumarlaw.co.nz"
66.249.70.67 - - [31/Mar/2026:20:17:41 +0000] "GET /2026/02/25/mgm-casino-in-brisbane-au/ HTTP/1.1" 200 103812 "-" "Mozilla/5.0 (Linux; Android 6.0.1; Nexus 5X Build/MMB29P) AppleWebKit/537.36 (KHTML, like Gecko) Chrome/146.0.7680.164 Mobile Safari/537.36 (compatible; Googlebot/2.1; +http://www.google.com/bot.html)"
45.79.238.235 - - [31/Mar/2026:20:17:55 +0000] "POST /wp-cron.php?doing_wp_cron=1774988275.4944748878479003906250 HTTP/1.1" 200 - "-" "WordPress/6.9.4; https://sumitkumarlaw.co.nz"
66.249.70.67 - - [31/Mar/2026:20:17:54 +0000] "GET /2026/02/25/free-top-australian-pokies-win-real-money/ HTTP/1.1" 200 103122 "-" "Mozilla/5.0 (Linux; Android 6.0.1; Nexus 5X Build/MMB29P) AppleWebKit/537.36 (KHTML, like Gecko) Chrome/146.0.7680.164 Mobile Safari/537.36 (compatible; Googlebot/2.1; +http://www.google.com/bot.html)"
66.249.70.67 - - [31/Mar/2026:20:17:59 +0000] "GET /2026/02/25/gambling-nz-states/ HTTP/1.1" 200 104136 "-" "Mozilla/5.0 (Linux; Android 6.0.1; Nexus 5X Build/MMB29P) AppleWebKit/537.36 (KHTML, like Gecko) Chrome/146.0.7680.164 Mobile Safari/537.36 (compatible; Googlebot/2.1; +http://www.google.com/bot.html)"
66.249.70.67 - - [31/Mar/2026:20:18:07 +0000] "GET /2026/02/25/money-pokies-10-deposit/ HTTP/1.1" 200 103677 "-" "Mozilla/5.0 (Linux; Android 6.0.1; Nexus 5X Build/MMB29P) AppleWebKit/537.36 (KHTML, like Gecko) Chrome/146.0.7680.164 Mobile Safari/537.36 (compatible; Googlebot/2.1; +http://www.google.com/bot.html)"
66.249.70.67 - - [31/Mar/2026:20:18:10 +0000] "GET /2026/02/25/free-popular-pokies-no-sign-up/ HTTP/1.1" 200 103713 "-" "Mozilla/5.0 (Linux; Android 6.0.1; Nexus 5X Build/MMB29P) AppleWebKit/537.36 (KHTML, like Gecko) Chrome/146.0.7680.164 Mobile Safari/537.36 (compatible; Googlebot/2.1; +http://www.google.com/bot.html)"
161.178.140.192 - - [31/Mar/2026:20:18:14 +0000] "POST /wp-login.php HTTP/1.1" 200 6286 "-" "Mozilla/5.0"
66.249.70.67 - - [31/Mar/2026:20:18:17 +0000] "GET /2026/02/25/1000-euro-bonus-casino-pokies-for-real-money/ HTTP/1.1" 200 103407 "-" "Mozilla/5.0 (Linux; Android 6.0.1; Nexus 5X Build/MMB29P) AppleWebKit/537.36 (KHTML, like Gecko) Chrome/146.0.7680.164 Mobile Safari/537.36 (compatible; Googlebot/2.1; +http://www.google.com/bot.html)"
165.245.238.80 - - [31/Mar/2026:20:18:20 +0000] "POST /wp-login.php HTTP/1.1" 200 6286 "-" "Mozilla/5.0"
66.249.70.67 - - [31/Mar/2026:20:18:41 +0000] "GET /2026/02/25/black-jack-harley-davidson-florence-nz/ HTTP/1.1" 200 104133 "-" "Mozilla/5.0 (Linux; Android 6.0.1; Nexus 5X Build/MMB29P) AppleWebKit/537.36 (KHTML, like Gecko) Chrome/146.0.7680.164 Mobile Safari/537.36 (compatible; Googlebot/2.1; +http://www.google.com/bot.html)"
141.98.11.44 - - [31/Mar/2026:20:21:46 +0000] "GET /wp-includes/sodium_compat/src/Core/SecretStream/State.php HTTP/1.1" 200 - "-" "Mozilla/5.0 (Windows NT 10.0; Win64; x64) AppleWebKit/537.36"
45.79.238.235 - - [31/Mar/2026:20:21:50 +0000] "POST /wp-cron.php?doing_wp_cron=1774988510.2938749790191650390625 HTTP/1.1" 200 - "-" "WordPress/6.9.4; https://sumitkumarlaw.co.nz"
66.249.70.67 - - [31/Mar/2026:20:21:49 +0000] "GET /2026/02/25/casino-free-game-best-australian-pokies/ HTTP/1.1" 200 103301 "-" "Mozilla/5.0 (Linux; Android 6.0.1; Nexus 5X Build/MMB29P) AppleWebKit/537.36 (KHTML, like Gecko) Chrome/146.0.7680.164 Mobile Safari/537.36 (compatible; Googlebot/2.1; +http://www.google.com/bot.html)"
45.79.238.235 - - [31/Mar/2026:20:22:04 +0000] "POST /wp-cron.php?doing_wp_cron=1774988524.0953340530395507812500 HTTP/1.1" 200 - "-" "WordPress/6.9.4; https://sumitkumarlaw.co.nz"
66.249.70.67 - - [31/Mar/2026:20:22:03 +0000] "GET /2026/02/25/are-there-casinos-in-toronto-ontario-new-zealand/ HTTP/1.1" 200 103279 "-" "Mozilla/5.0 (Linux; Android 6.0.1; Nexus 5X Build/MMB29P) AppleWebKit/537.36 (KHTML, like Gecko) Chrome/146.0.7680.164 Mobile Safari/537.36 (compatible; Googlebot/2.1; +http://www.google.com/bot.html)"
66.249.70.68 - - [31/Mar/2026:20:22:28 +0000] "GET /2026/02/25/play-pokies-with-welcome-bonus-free/ HTTP/1.1" 200 103637 "-" "Mozilla/5.0 (Linux; Android 6.0.1; Nexus 5X Build/MMB29P) AppleWebKit/537.36 (KHTML, like Gecko) Chrome/146.0.7680.164 Mobile Safari/537.36 (compatible; Googlebot/2.1; +http://www.google.com/bot.html)"
45.79.238.235 - - [31/Mar/2026:20:24:53 +0000] "POST /wp-cron.php?doing_wp_cron=1774988693.2214760780334472656250 HTTP/1.1" 200 - "-" "WordPress/6.9.4; https://sumitkumarlaw.co.nz"
192.178.8.73 - - [31/Mar/2026:20:24:52 +0000] "GET /.well-known/traffic-advice HTTP/1.1" 404 96945 "-" "Chrome Privacy Preserving Prefetch Proxy"
72.14.201.176 - - [31/Mar/2026:20:24:54 +0000] "GET /?p=4428 HTTP/1.1" 301 - "https://www.google.com/" "Mozilla/5.0 (Linux; Android 10; K) AppleWebKit/537.36 (KHTML, like Gecko) Chrome/138.0.0.0 Mobile Safari/537.36"
72.14.201.176 - - [31/Mar/2026:20:24:55 +0000] "GET /2026/02/25/dahlia-black-jack-nz/ HTTP/1.1" 200 103956 "https://www.google.com/" "Mozilla/5.0 (Linux; Android 10; K) AppleWebKit/537.36 (KHTML, like Gecko) Chrome/138.0.0.0 Mobile Safari/537.36"
45.79.238.235 - - [31/Mar/2026:20:26:10 +0000] "POST /wp-cron.php?doing_wp_cron=1774988770.6240589618682861328125 HTTP/1.1" 200 - "-" "WordPress/6.9.4; https://sumitkumarlaw.co.nz"
66.249.70.69 - - [31/Mar/2026:20:26:10 +0000] "GET /?p=3461 HTTP/1.1" 301 - "-" "Mozilla/5.0 (Linux; Android 6.0.1; Nexus 5X Build/MMB29P) AppleWebKit/537.36 (KHTML, like Gecko) Chrome/146.0.7680.164 Mobile Safari/537.36 (compatible; Googlebot/2.1; +http://www.google.com/bot.html)"
66.249.70.67 - - [31/Mar/2026:20:26:11 +0000] "GET /2026/02/25/-10-deposit-online-pokies/ HTTP/1.1" 404 96956 "-" "Mozilla/5.0 (Linux; Android 6.0.1; Nexus 5X Build/MMB29P) AppleWebKit/537.36 (KHTML, like Gecko) Chrome/146.0.7680.164 Mobile Safari/537.36 (compatible; Googlebot/2.1; +http://www.google.com/bot.html)"
47.128.97.15 - - [31/Mar/2026:20:28:33 +0000] "GET /2026/02/25/free-casino-chips-au/ HTTP/1.1" 200 105191 "-" "Mozilla/5.0 (Linux; Android 5.0) AppleWebKit/537.36 (KHTML, like Gecko) Mobile Safari/537.36 (compatible; Bytespider; spider-feedback@bytedance.com)"
45.79.238.235 - - [31/Mar/2026:20:29:14 +0000] "POST /wp-cron.php?doing_wp_cron=1774988954.8634929656982421875000 HTTP/1.1" 200 - "-" "WordPress/6.9.4; https://sumitkumarlaw.co.nz"
137.184.54.121 - - [31/Mar/2026:20:29:14 +0000] "POST /wp-login.php HTTP/1.1" 200 6286 "-" "Mozilla/5.0"
66.249.70.67 - - [31/Mar/2026:20:30:53 +0000] "GET /2026/02/25/even-in-safe-pokies-free-you-can-win-big/ HTTP/1.1" 200 103650 "-" "Mozilla/5.0 (Linux; Android 6.0.1; Nexus 5X Build/MMB29P) AppleWebKit/537.36 (KHTML, like Gecko) Chrome/146.0.7680.164 Mobile Safari/537.36 (compatible; Googlebot/2.1; +http://www.google.com/bot.html)"
110.249.201.106 - - [31/Mar/2026:20:31:53 +0000] "GET /2026/02/25/play-casino-pokies-machines-for-free/ HTTP/1.1" 200 105289 "-" "Mozilla/5.0 (Linux; Android 5.0) AppleWebKit/537.36 (KHTML, like Gecko) Mobile Safari/537.36 (compatible; Bytespider; https://zhanzhang.toutiao.com/)"
45.79.238.235 - - [31/Mar/2026:20:31:53 +0000] "POST /wp-cron.php?doing_wp_cron=1774989113.6565589904785156250000 HTTP/1.1" 200 - "-" "WordPress/6.9.4; https://sumitkumarlaw.co.nz"
110.249.202.246 - - [31/Mar/2026:20:31:53 +0000] "GET /?p=7964 HTTP/1.1" 301 - "-" "Mozilla/5.0 (Linux; Android 5.0) AppleWebKit/537.36 (KHTML, like Gecko) Mobile Safari/537.36 (compatible; Bytespider; https://zhanzhang.toutiao.com/)"
110.249.201.106 - - [31/Mar/2026:20:31:54 +0000] "GET /wp-includes/js/jquery/jquery-migrate.min.js?ver=3.4.1 HTTP/1.1" 304 - "https://sumitkumarlaw.co.nz/2026/02/25/play-casino-pokies-machines-for-free/" "Mozilla/5.0 (Linux; Android 5.0) AppleWebKit/537.36 (KHTML, like Gecko) Mobile Safari/537.36 (compatible; Bytespider; https://zhanzhang.toutiao.com/)"
110.249.201.106 - - [31/Mar/2026:20:31:54 +0000] "GET /wp-includes/js/jquery/jquery.min.js?ver=3.7.1 HTTP/1.1" 304 - "https://sumitkumarlaw.co.nz/2026/02/25/play-casino-pokies-machines-for-free/" "Mozilla/5.0 (Linux; Android 5.0) AppleWebKit/537.36 (KHTML, like Gecko) Mobile Safari/537.36 (compatible; Bytespider; https://zhanzhang.toutiao.com/)"
110.249.201.106 - - [31/Mar/2026:20:31:54 +0000] "GET /wp-content/uploads/astra-addon/astra-addon-6604edca66e0e9-59157626.js?ver=4.4.0 HTTP/1.1" 304 - "https://sumitkumarlaw.co.nz/2026/02/25/play-casino-pokies-machines-for-free/" "Mozilla/5.0 (Linux; Android 5.0) AppleWebKit/537.36 (KHTML, like Gecko) Mobile Safari/537.36 (compatible; Bytespider; https://zhanzhang.toutiao.com/)"
110.249.201.106 - - [31/Mar/2026:20:31:54 +0000] "GET /wp-content/themes/astra/assets/js/minified/frontend.min.js?ver=4.4.0 HTTP/1.1" 304 - "https://sumitkumarlaw.co.nz/2026/02/25/play-casino-pokies-machines-for-free/" "Mozilla/5.0 (Linux; Android 5.0) AppleWebKit/537.36 (KHTML, like Gecko) Mobile Safari/537.36 (compatible; Bytespider; https://zhanzhang.toutiao.com/)"
110.249.202.246 - - [31/Mar/2026:20:31:54 +0000] "GET /2026/02/25/7s-wild-pokies-real-money/ HTTP/1.1" 200 104886 "-" "Mozilla/5.0 (Linux; Android 5.0) AppleWebKit/537.36 (KHTML, like Gecko) Mobile Safari/537.36 (compatible; Bytespider; https://zhanzhang.toutiao.com/)"
152.89.123.96 - - [31/Mar/2026:20:31:55 +0000] "GET /2026/02/25/play-casino-pokies-machines-for-free/ HTTP/1.1" 200 105289 "https://www.bing.co.nz/" "Mozilla/5.0 (iPhone; CPU iPhone OS 17_2 like Mac OS X) AppleWebKit/605.1.15 (KHTML, like Gecko) Version/17.2 Mobile/15E148 Safari/604.1"
37.233.4.68 - - [31/Mar/2026:20:31:55 +0000] "GET /?p=7964 HTTP/1.1" 301 - "-" "Mozilla/5.0 (iPhone; CPU iPhone OS 15_5 like Mac OS X) AppleWebKit/605.1.15 (KHTML, like Gecko) Version/15_5 Mobile/15E148 Safari/604.1"
1.183.142.50 - - [31/Mar/2026:20:31:56 +0000] "GET /?p=7964 HTTP/1.1" 301 - "-" "Mozilla/5.0 (iPhone; CPU iPhone OS 13_2_3 like Mac OS X) AppleWebKit/605.1.15 (KHTML, like Gecko) Version/13.0.3 Mobile/15E148 Safari/604.1"
37.233.4.68 - - [31/Mar/2026:20:31:56 +0000] "GET /2026/02/25/7s-wild-pokies-real-money/ HTTP/1.1" 200 104886 "https://sumitkumarlaw.co.nz/?p=7964" "Mozilla/5.0 (iPhone; CPU iPhone OS 15_5 like Mac OS X) AppleWebKit/605.1.15 (KHTML, like Gecko) Version/15_5 Mobile/15E148 Safari/604.1"
110.249.202.4 - - [31/Mar/2026:20:32:05 +0000] "GET /robots.txt HTTP/1.1" 304 - "-" "Mozilla/5.0 (Linux; Android 5.0) AppleWebKit/537.36 (KHTML, like Gecko) Mobile Safari/537.36 (compatible; Bytespider; https://zhanzhang.toutiao.com/)"
66.249.70.69 - - [31/Mar/2026:20:33:43 +0000] "GET /?p=3654 HTTP/1.1" 301 - "-" "Mozilla/5.0 (Linux; Android 6.0.1; Nexus 5X Build/MMB29P) AppleWebKit/537.36 (KHTML, like Gecko) Chrome/146.0.7680.164 Mobile Safari/537.36 (compatible; Googlebot/2.1; +http://www.google.com/bot.html)"
68.178.207.158 - - [31/Mar/2026:20:33:44 +0000] "GET /2026/02/25/top-10-online-casino-new-zealand/ HTTP/1.1" 200 105161 "-" "WordPress/6.9; https://wtw-warehouse.com"
74.235.238.88 - - [31/Mar/2026:20:33:44 +0000] "GET / HTTP/1.1" 200 154883 "-" "-"
66.249.70.67 - - [31/Mar/2026:20:33:44 +0000] "GET /2026/02/25/mobile-pokies-win-real-money/ HTTP/1.1" 200 103690 "-" "Mozilla/5.0 (Linux; Android 6.0.1; Nexus 5X Build/MMB29P) AppleWebKit/537.36 (KHTML, like Gecko) Chrome/146.0.7680.164 Mobile Safari/537.36 (compatible; Googlebot/2.1; +http://www.google.com/bot.html)"
165.245.238.80 - - [31/Mar/2026:20:34:45 +0000] "POST /wp-login.php HTTP/1.1" 200 6286 "-" "Mozilla/5.0"
74.235.238.88 - - [31/Mar/2026:20:35:34 +0000] "GET /2026/02/25/types-of-gambling-in-australia/ HTTP/1.1" 200 106032 "-" "-"
45.79.238.235 - - [31/Mar/2026:20:40:05 +0000] "POST /wp-cron.php?doing_wp_cron=1774989605.1381969451904296875000 HTTP/1.1" 200 - "-" "WordPress/6.9.4; https://sumitkumarlaw.co.nz"
110.249.201.163 - - [31/Mar/2026:20:40:04 +0000] "GET /2026/02/25/play-casino-pokies-machines-for-free/ HTTP/1.1" 200 105289 "-" "Mozilla/5.0 (Linux; Android 5.0) AppleWebKit/537.36 (KHTML, like Gecko) Mobile Safari/537.36 (compatible; Bytespider; https://zhanzhang.toutiao.com/)"
45.79.238.235 - - [31/Mar/2026:20:41:28 +0000] "POST /wp-cron.php?doing_wp_cron=1774989688.2048890590667724609375 HTTP/1.1" 200 - "-" "WordPress/6.9.4; https://sumitkumarlaw.co.nz"
205.185.123.125 - - [31/Mar/2026:20:41:26 +0000] "GET /wp-login.php HTTP/1.1" 200 5916 "-" "Mozilla/5.0 (Windows NT 6.1; WOW64; rv:29.0) Gecko/20100101 Firefox/29.0"
205.185.123.125 - - [31/Mar/2026:20:41:28 +0000] "POST /wp-login.php HTTP/1.1" 200 6348 "-" "Mozilla/5.0 (Windows NT 6.1; WOW64; rv:29.0) Gecko/20100101 Firefox/29.0"
45.79.238.235 - - [31/Mar/2026:20:42:01 +0000] "POST /wp-cron.php?doing_wp_cron=1774989721.6660420894622802734375 HTTP/1.1" 200 - "-" "WordPress/6.9.4; https://sumitkumarlaw.co.nz"
137.184.54.121 - - [31/Mar/2026:20:42:00 +0000] "POST /wp-login.php HTTP/1.1" 200 6286 "-" "Mozilla/5.0"
45.79.238.235 - - [31/Mar/2026:20:43:17 +0000] "POST /wp-cron.php?doing_wp_cron=1774989797.0188260078430175781250 HTTP/1.1" 200 - "-" "WordPress/6.9.4; https://sumitkumarlaw.co.nz"
66.249.70.69 - - [31/Mar/2026:20:43:16 +0000] "GET /2026/02/25/casinos-on-olympic-peninsula-nz/ HTTP/1.1" 200 103857 "-" "Mozilla/5.0 (Linux; Android 6.0.1; Nexus 5X Build/MMB29P) AppleWebKit/537.36 (KHTML, like Gecko) Chrome/146.0.7680.164 Mobile Safari/537.36 (compatible; Googlebot/2.1; +http://www.google.com/bot.html)"
45.79.238.235 - - [31/Mar/2026:20:44:50 +0000] "POST /wp-cron.php?doing_wp_cron=1774989890.3921210765838623046875 HTTP/1.1" 200 - "-" "WordPress/6.9.4; https://sumitkumarlaw.co.nz"
213.255.223.176 - - [31/Mar/2026:20:44:49 +0000] "GET /2026/02/25/24-hour-pokies-melbourne/ HTTP/1.1" 200 105222 "-" "Mozilla/5.0 (Macintosh; Intel Mac OS X 10_15_7) AppleWebKit/537.36 (KHTML, like Gecko) Chrome/104.0.0.0 Safari/537.36"
45.79.238.235 - - [31/Mar/2026:20:44:55 +0000] "POST /wp-cron.php?doing_wp_cron=1774989895.3861320018768310546875 HTTP/1.1" 200 - "-" "WordPress/6.9.4; https://sumitkumarlaw.co.nz"
78.138.6.233 - - [31/Mar/2026:20:44:54 +0000] "GET /2026/02/25/casino-pokies-signup-bonus-no-deposit/ HTTP/1.1" 200 105261 "-" "Mozilla/5.0 (Macintosh; Intel Mac OS X 10_15_7) AppleWebKit/537.36 (KHTML, like Gecko) Chrome/104.0.0.0 Safari/537.36"
213.255.238.215 - - [31/Mar/2026:20:44:59 +0000] "GET /2026/02/25/good-pokies-that-accept-paypal/ HTTP/1.1" 200 105073 "-" "Mozilla/5.0 (Macintosh; Intel Mac OS X 10_15_7) AppleWebKit/537.36 (KHTML, like Gecko) Chrome/104.0.0.0 Safari/537.36"
82.41.68.52 - - [31/Mar/2026:20:45:01 +0000] "GET /2026/02/25/play-casino-pokies-money/ HTTP/1.1" 200 104920 "-" "Mozilla/5.0 (Macintosh; Intel Mac OS X 10_15_7) AppleWebKit/537.36 (KHTML, like Gecko) Chrome/104.0.0.0 Safari/537.36"
82.38.229.14 - - [31/Mar/2026:20:45:04 +0000] "GET /?p=921 HTTP/1.1" 301 - "-" "Mozilla/5.0 (Macintosh; Intel Mac OS X 10_15_7) AppleWebKit/537.36 (KHTML, like Gecko) Chrome/104.0.0.0 Safari/537.36"
82.38.229.14 - - [31/Mar/2026:20:45:05 +0000] "GET /2026/02/25/online-casino-in-new-zealand/ HTTP/1.1" 200 104162 "-" "Mozilla/5.0 (Macintosh; Intel Mac OS X 10_15_7) AppleWebKit/537.36 (KHTML, like Gecko) Chrome/104.0.0.0 Safari/537.36"
161.178.140.192 - - [31/Mar/2026:20:45:10 +0000] "POST /wp-login.php HTTP/1.1" 200 6286 "-" "Mozilla/5.0"
66.249.70.67 - - [31/Mar/2026:20:45:12 +0000] "GET /2026/02/25/nz-casino-shares/ HTTP/1.1" 200 103442 "-" "Mozilla/5.0 (Linux; Android 6.0.1; Nexus 5X Build/MMB29P) AppleWebKit/537.36 (KHTML, like Gecko) Chrome/146.0.7680.164 Mobile Safari/537.36 (compatible; Googlebot/2.1; +http://www.google.com/bot.html)"
122.58.229.85 - - [31/Mar/2026:20:45:28 +0000] "POST /autodiscover/autodiscover.xml HTTP/1.1" 200 1233 "-" "Microsoft Office/16.0 (Windows NT 10.0; Microsoft Outlook 16.0.19822; Pro)"
66.249.70.67 - - [31/Mar/2026:20:45:48 +0000] "GET /2026/02/25/how-much-do-casinos-make-nz/ HTTP/1.1" 200 103069 "-" "Mozilla/5.0 (Linux; Android 6.0.1; Nexus 5X Build/MMB29P) AppleWebKit/537.36 (KHTML, like Gecko) Chrome/146.0.7680.164 Mobile Safari/537.36 (compatible; Googlebot/2.1; +http://www.google.com/bot.html)"
66.249.70.69 - - [31/Mar/2026:20:46:20 +0000] "GET /2026/02/25/au-pokies-free-practice/ HTTP/1.1" 200 103958 "-" "Mozilla/5.0 (Linux; Android 6.0.1; Nexus 5X Build/MMB29P) AppleWebKit/537.36 (KHTML, like Gecko) Chrome/146.0.7680.164 Mobile Safari/537.36 (compatible; Googlebot/2.1; +http://www.google.com/bot.html)"
66.249.70.68 - - [31/Mar/2026:20:46:20 +0000] "GET /2026/02/25/las-vegas-nz-online-casino-free-spins-bonus/ HTTP/1.1" 200 104229 "-" "Mozilla/5.0 (Linux; Android 6.0.1; Nexus 5X Build/MMB29P) AppleWebKit/537.36 (KHTML, like Gecko) Chrome/146.0.7680.164 Mobile Safari/537.36 (compatible; Googlebot/2.1; +http://www.google.com/bot.html)"
66.249.70.69 - - [31/Mar/2026:20:46:21 +0000] "GET /2026/02/25/play-nz-free-slots/ HTTP/1.1" 200 103561 "-" "Mozilla/5.0 (Linux; Android 6.0.1; Nexus 5X Build/MMB29P) AppleWebKit/537.36 (KHTML, like Gecko) Chrome/146.0.7680.164 Mobile Safari/537.36 (compatible; Googlebot/2.1; +http://www.google.com/bot.html)"
66.249.70.67 - - [31/Mar/2026:20:46:27 +0000] "GET /2026/02/25/new-online-casinos-for-nz-players/ HTTP/1.1" 200 103448 "-" "Mozilla/5.0 (Linux; Android 6.0.1; Nexus 5X Build/MMB29P) AppleWebKit/537.36 (KHTML, like Gecko) Chrome/146.0.7680.164 Mobile Safari/537.36 (compatible; Googlebot/2.1; +http://www.google.com/bot.html)"
66.249.70.67 - - [31/Mar/2026:20:46:31 +0000] "GET /2026/02/25/mobile-popular-pokies/ HTTP/1.1" 200 102624 "-" "Mozilla/5.0 (Linux; Android 6.0.1; Nexus 5X Build/MMB29P) AppleWebKit/537.36 (KHTML, like Gecko) Chrome/146.0.7680.164 Mobile Safari/537.36 (compatible; Googlebot/2.1; +http://www.google.com/bot.html)"
66.249.70.67 - - [31/Mar/2026:20:46:47 +0000] "GET /2026/02/25/au-casino-sites-new/ HTTP/1.1" 200 104089 "-" "Mozilla/5.0 (Linux; Android 6.0.1; Nexus 5X Build/MMB29P) AppleWebKit/537.36 (KHTML, like Gecko) Chrome/146.0.7680.164 Mobile Safari/537.36 (compatible; Googlebot/2.1; +http://www.google.com/bot.html)"
66.249.70.67 - - [31/Mar/2026:20:46:50 +0000] "GET /2026/02/25/popular-pokies-with-welcome-bonus-deals/ HTTP/1.1" 200 103776 "-" "Mozilla/5.0 (Linux; Android 6.0.1; Nexus 5X Build/MMB29P) AppleWebKit/537.36 (KHTML, like Gecko) Chrome/146.0.7680.164 Mobile Safari/537.36 (compatible; Googlebot/2.1; +http://www.google.com/bot.html)"
45.79.238.235 - - [31/Mar/2026:20:46:53 +0000] "POST /wp-cron.php?doing_wp_cron=1774990013.6968989372253417968750 HTTP/1.1" 200 - "-" "WordPress/6.9.4; https://sumitkumarlaw.co.nz"
66.249.70.67 - - [31/Mar/2026:20:46:53 +0000] "GET /2026/02/25/how-to-win-money-online-pokies/ HTTP/1.1" 200 104235 "-" "Mozilla/5.0 (Linux; Android 6.0.1; Nexus 5X Build/MMB29P) AppleWebKit/537.36 (KHTML, like Gecko) Chrome/146.0.7680.164 Mobile Safari/537.36 (compatible; Googlebot/2.1; +http://www.google.com/bot.html)"
66.249.70.67 - - [31/Mar/2026:20:46:55 +0000] "GET /2026/02/25/good-online-pokies-australia/ HTTP/1.1" 200 103409 "-" "Mozilla/5.0 (Linux; Android 6.0.1; Nexus 5X Build/MMB29P) AppleWebKit/537.36 (KHTML, like Gecko) Chrome/146.0.7680.164 Mobile Safari/537.36 (compatible; Googlebot/2.1; +http://www.google.com/bot.html)"
