74.7.227.133 - - [31/Mar/2026:12:36:39 +0000] "GET /wp-json/oembed/1.0/embed?url=https%3A%2F%2Fsumitkumarlaw.co.nz%2F2026%2F02%2F25%2Fgambling-age-au%2F HTTP/1.1" 200 2202 "https://sumitkumarlaw.co.nz/?p=1606" "Mozilla/5.0 AppleWebKit/537.36 (KHTML, like Gecko; compatible; GPTBot/1.3; +https://openai.com/gptbot)"
74.7.227.133 - - [31/Mar/2026:12:36:40 +0000] "GET /wp-json/oembed/1.0/embed?url=https%3A%2F%2Fsumitkumarlaw.co.nz%2F2026%2F02%2F25%2Fno-deposit-casino-bonuses-nz%2F HTTP/1.1" 200 2267 "https://sumitkumarlaw.co.nz/?p=2475" "Mozilla/5.0 AppleWebKit/537.36 (KHTML, like Gecko; compatible; GPTBot/1.3; +https://openai.com/gptbot)"
74.7.227.133 - - [31/Mar/2026:12:36:40 +0000] "GET /wp-json/oembed/1.0/embed?url=https%3A%2F%2Fsumitkumarlaw.co.nz%2F2026%2F02%2F25%2Fpokies-for-real-money-minimum-5-deposit%2F HTTP/1.1" 200 2322 "https://sumitkumarlaw.co.nz/?p=1163" "Mozilla/5.0 AppleWebKit/537.36 (KHTML, like Gecko; compatible; GPTBot/1.3; +https://openai.com/gptbot)"
74.7.227.133 - - [31/Mar/2026:12:36:41 +0000] "GET /wp-json/oembed/1.0/embed?url=https%3A%2F%2Fsumitkumarlaw.co.nz%2F2026%2F02%2F25%2Fcasinos-with-18-gambling-age-in-australia%2F HTTP/1.1" 200 2332 "https://sumitkumarlaw.co.nz/?p=2745" "Mozilla/5.0 AppleWebKit/537.36 (KHTML, like Gecko; compatible; GPTBot/1.3; +https://openai.com/gptbot)"
74.7.227.133 - - [31/Mar/2026:12:36:42 +0000] "GET /wp-json/oembed/1.0/embed?url=https%3A%2F%2Fsumitkumarlaw.co.nz%2F2026%2F02%2F25%2Fdollar-5-min-deposit-casino-new-zealand%2F HTTP/1.1" 200 2322 "https://sumitkumarlaw.co.nz/?p=1817" "Mozilla/5.0 AppleWebKit/537.36 (KHTML, like Gecko; compatible; GPTBot/1.3; +https://openai.com/gptbot)"
74.7.227.133 - - [31/Mar/2026:12:36:43 +0000] "GET /wp-json/oembed/1.0/embed?url=https%3A%2F%2Fsumitkumarlaw.co.nz%2F2026%2F02%2F25%2Fbest-nz-roulette-apps%2F HTTP/1.1" 200 2232 "https://sumitkumarlaw.co.nz/?p=1318" "Mozilla/5.0 AppleWebKit/537.36 (KHTML, like Gecko; compatible; GPTBot/1.3; +https://openai.com/gptbot)"
74.7.227.133 - - [31/Mar/2026:12:36:43 +0000] "GET /wp-json/oembed/1.0/embed?url=https%3A%2F%2Fsumitkumarlaw.co.nz%2F2026%2F02%2F25%2Fall-au-no-deposit-bonus-casinos%2F HTTP/1.1" 200 2282 "https://sumitkumarlaw.co.nz/?p=1450" "Mozilla/5.0 AppleWebKit/537.36 (KHTML, like Gecko; compatible; GPTBot/1.3; +https://openai.com/gptbot)"
74.7.227.133 - - [31/Mar/2026:12:36:44 +0000] "GET /wp-json/oembed/1.0/embed?url=https%3A%2F%2Fsumitkumarlaw.co.nz%2F2026%2F02%2F25%2Fnetent-free-spins-no-deposit-au%2F HTTP/1.1" 200 2282 "https://sumitkumarlaw.co.nz/?p=1902" "Mozilla/5.0 AppleWebKit/537.36 (KHTML, like Gecko; compatible; GPTBot/1.3; +https://openai.com/gptbot)"
74.7.227.133 - - [31/Mar/2026:12:36:45 +0000] "GET /wp-json/oembed/1.0/embed?url=https%3A%2F%2Fsumitkumarlaw.co.nz%2F2026%2F02%2F25%2Fsms-deposit-casino-au%2F HTTP/1.1" 200 2232 "https://sumitkumarlaw.co.nz/?p=1561" "Mozilla/5.0 AppleWebKit/537.36 (KHTML, like Gecko; compatible; GPTBot/1.3; +https://openai.com/gptbot)"
74.7.227.133 - - [31/Mar/2026:12:36:45 +0000] "GET /wp-json/oembed/1.0/embed?url=https%3A%2F%2Fsumitkumarlaw.co.nz%2F2026%2F02%2F25%2Fonline-casino-au-roulette%2F HTTP/1.1" 200 2252 "https://sumitkumarlaw.co.nz/?p=1587" "Mozilla/5.0 AppleWebKit/537.36 (KHTML, like Gecko; compatible; GPTBot/1.3; +https://openai.com/gptbot)"
74.7.227.133 - - [31/Mar/2026:12:36:46 +0000] "GET /wp-json/oembed/1.0/embed?url=https%3A%2F%2Fsumitkumarlaw.co.nz%2F2026%2F02%2F25%2Faustralia-s-best-online-casinos%2F HTTP/1.1" 200 2282 "https://sumitkumarlaw.co.nz/?p=1659" "Mozilla/5.0 AppleWebKit/537.36 (KHTML, like Gecko; compatible; GPTBot/1.3; +https://openai.com/gptbot)"
74.7.227.133 - - [31/Mar/2026:12:36:47 +0000] "GET /wp-json/oembed/1.0/embed?url=https%3A%2F%2Fsumitkumarlaw.co.nz%2F2026%2F02%2F25%2Fbest-deals-on-online-pokies%2F HTTP/1.1" 200 2262 "https://sumitkumarlaw.co.nz/?p=1504" "Mozilla/5.0 AppleWebKit/537.36 (KHTML, like Gecko; compatible; GPTBot/1.3; +https://openai.com/gptbot)"
74.7.227.133 - - [31/Mar/2026:12:36:48 +0000] "GET /wp-json/oembed/1.0/embed?url=https%3A%2F%2Fsumitkumarlaw.co.nz%2F2026%2F02%2F25%2Fcasinos-no-deposit-pokies%2F HTTP/1.1" 200 2252 "https://sumitkumarlaw.co.nz/?p=1878" "Mozilla/5.0 AppleWebKit/537.36 (KHTML, like Gecko; compatible; GPTBot/1.3; +https://openai.com/gptbot)"
74.7.227.133 - - [31/Mar/2026:12:36:48 +0000] "GET /wp-json/oembed/1.0/embed?url=https%3A%2F%2Fsumitkumarlaw.co.nz%2F2026%2F02%2F25%2Fcasinos-online-au-no-deposit%2F HTTP/1.1" 200 2267 "https://sumitkumarlaw.co.nz/?p=1994" "Mozilla/5.0 AppleWebKit/537.36 (KHTML, like Gecko; compatible; GPTBot/1.3; +https://openai.com/gptbot)"
74.7.227.133 - - [31/Mar/2026:12:36:49 +0000] "GET /wp-json/oembed/1.0/embed?url=https%3A%2F%2Fsumitkumarlaw.co.nz%2F2026%2F02%2F25%2Fpromo-code-uptown-pokies%2F HTTP/1.1" 200 2247 "https://sumitkumarlaw.co.nz/?p=1510" "Mozilla/5.0 AppleWebKit/537.36 (KHTML, like Gecko; compatible; GPTBot/1.3; +https://openai.com/gptbot)"
74.7.227.133 - - [31/Mar/2026:12:36:50 +0000] "GET /wp-json/oembed/1.0/embed?url=https%3A%2F%2Fsumitkumarlaw.co.nz%2F2026%2F02%2F25%2Fbest-new-zealand-slot-sites%2F HTTP/1.1" 200 2262 "https://sumitkumarlaw.co.nz/?p=2967" "Mozilla/5.0 AppleWebKit/537.36 (KHTML, like Gecko; compatible; GPTBot/1.3; +https://openai.com/gptbot)"
74.7.227.133 - - [31/Mar/2026:12:36:51 +0000] "GET /wp-json/oembed/1.0/embed?url=https%3A%2F%2Fsumitkumarlaw.co.nz%2F2026%2F02%2F25%2Fmoney-pokies-no-minimum-deposit%2F HTTP/1.1" 200 2282 "https://sumitkumarlaw.co.nz/?p=2344" "Mozilla/5.0 AppleWebKit/537.36 (KHTML, like Gecko; compatible; GPTBot/1.3; +https://openai.com/gptbot)"
74.7.227.133 - - [31/Mar/2026:12:36:51 +0000] "GET /wp-json/oembed/1.0/embed?url=https%3A%2F%2Fsumitkumarlaw.co.nz%2F2026%2F02%2F25%2Fnew-online-casino-new-zealand%2F HTTP/1.1" 200 2272 "https://sumitkumarlaw.co.nz/?p=1076" "Mozilla/5.0 AppleWebKit/537.36 (KHTML, like Gecko; compatible; GPTBot/1.3; +https://openai.com/gptbot)"
74.7.227.133 - - [31/Mar/2026:12:36:52 +0000] "GET /wp-json/oembed/1.0/embed?url=https%3A%2F%2Fsumitkumarlaw.co.nz%2F2026%2F02%2F25%2Fau-no-deposit-bonus-casinos%2F HTTP/1.1" 200 2262 "https://sumitkumarlaw.co.nz/?p=2996" "Mozilla/5.0 AppleWebKit/537.36 (KHTML, like Gecko; compatible; GPTBot/1.3; +https://openai.com/gptbot)"
45.79.238.235 - - [31/Mar/2026:12:36:53 +0000] "POST /wp-cron.php?doing_wp_cron=1774960613.7174289226531982421875 HTTP/1.1" 200 - "-" "WordPress/6.9.4; https://sumitkumarlaw.co.nz"
74.7.227.133 - - [31/Mar/2026:12:36:53 +0000] "GET /wp-json/oembed/1.0/embed?url=https%3A%2F%2Fsumitkumarlaw.co.nz%2F2026%2F02%2F25%2Ftop-100-online-pokies%2F HTTP/1.1" 200 2232 "https://sumitkumarlaw.co.nz/?p=1857" "Mozilla/5.0 AppleWebKit/537.36 (KHTML, like Gecko; compatible; GPTBot/1.3; +https://openai.com/gptbot)"
74.7.227.133 - - [31/Mar/2026:12:36:54 +0000] "GET /wp-json/oembed/1.0/embed?url=https%3A%2F%2Fsumitkumarlaw.co.nz%2F2026%2F02%2F25%2Fnew-pokies-online-365%2F HTTP/1.1" 200 2232 "https://sumitkumarlaw.co.nz/?p=1710" "Mozilla/5.0 AppleWebKit/537.36 (KHTML, like Gecko; compatible; GPTBot/1.3; +https://openai.com/gptbot)"
74.7.227.133 - - [31/Mar/2026:12:36:54 +0000] "GET /wp-json/oembed/1.0/embed?url=https%3A%2F%2Fsumitkumarlaw.co.nz%2F2026%2F02%2F25%2Fpokies-150-no-deposit%2F HTTP/1.1" 200 2232 "https://sumitkumarlaw.co.nz/?p=1345" "Mozilla/5.0 AppleWebKit/537.36 (KHTML, like Gecko; compatible; GPTBot/1.3; +https://openai.com/gptbot)"
74.7.227.133 - - [31/Mar/2026:12:36:55 +0000] "GET /wp-json/oembed/1.0/embed?url=https%3A%2F%2Fsumitkumarlaw.co.nz%2F2026%2F02%2F25%2Fsafe-pokies-100-bonus%2F HTTP/1.1" 200 2232 "https://sumitkumarlaw.co.nz/?p=1362" "Mozilla/5.0 AppleWebKit/537.36 (KHTML, like Gecko; compatible; GPTBot/1.3; +https://openai.com/gptbot)"
74.7.227.133 - - [31/Mar/2026:12:36:56 +0000] "GET /wp-json/oembed/1.0/embed?url=https%3A%2F%2Fsumitkumarlaw.co.nz%2F2026%2F02%2F25%2Ftop-10-pokies-for-real-money-sites%2F HTTP/1.1" 200 2297 "https://sumitkumarlaw.co.nz/?p=1236" "Mozilla/5.0 AppleWebKit/537.36 (KHTML, like Gecko; compatible; GPTBot/1.3; +https://openai.com/gptbot)"
74.7.227.133 - - [31/Mar/2026:12:36:56 +0000] "GET /wp-json/oembed/1.0/embed?url=https%3A%2F%2Fsumitkumarlaw.co.nz%2F2026%2F02%2F25%2Fbet365-gambling-online-nz%2F HTTP/1.1" 200 2252 "https://sumitkumarlaw.co.nz/?p=1489" "Mozilla/5.0 AppleWebKit/537.36 (KHTML, like Gecko; compatible; GPTBot/1.3; +https://openai.com/gptbot)"
74.7.227.133 - - [31/Mar/2026:12:36:57 +0000] "GET /wp-json/oembed/1.0/embed?url=https%3A%2F%2Fsumitkumarlaw.co.nz%2F2026%2F02%2F25%2Faustralia-online-casino-min-deposit-10%2F HTTP/1.1" 200 2317 "https://sumitkumarlaw.co.nz/?p=1337" "Mozilla/5.0 AppleWebKit/537.36 (KHTML, like Gecko; compatible; GPTBot/1.3; +https://openai.com/gptbot)"
74.7.227.133 - - [31/Mar/2026:12:36:58 +0000] "GET /wp-json/oembed/1.0/embed?url=https%3A%2F%2Fsumitkumarlaw.co.nz%2F2026%2F02%2F25%2Fonline-pokies-minimum-deposit-dollar-1%2F HTTP/1.1" 200 2317 "https://sumitkumarlaw.co.nz/?p=1052" "Mozilla/5.0 AppleWebKit/537.36 (KHTML, like Gecko; compatible; GPTBot/1.3; +https://openai.com/gptbot)"
74.7.227.133 - - [31/Mar/2026:12:36:59 +0000] "GET /wp-json/oembed/1.0/embed?url=https%3A%2F%2Fsumitkumarlaw.co.nz%2F2026%2F02%2F25%2Fsecure-pokies-australia-dollar-10-deposit%2F HTTP/1.1" 200 2332 "https://sumitkumarlaw.co.nz/?p=2203" "Mozilla/5.0 AppleWebKit/537.36 (KHTML, like Gecko; compatible; GPTBot/1.3; +https://openai.com/gptbot)"
74.7.227.133 - - [31/Mar/2026:12:36:59 +0000] "GET /wp-json/oembed/1.0/embed?url=https%3A%2F%2Fsumitkumarlaw.co.nz%2F2026%2F02%2F25%2Ftop-australian-pokies-free-pokies-machines%2F HTTP/1.1" 200 2337 "https://sumitkumarlaw.co.nz/?p=1394" "Mozilla/5.0 AppleWebKit/537.36 (KHTML, like Gecko; compatible; GPTBot/1.3; +https://openai.com/gptbot)"
74.7.227.133 - - [31/Mar/2026:12:37:00 +0000] "GET /wp-json/oembed/1.0/embed?url=https%3A%2F%2Fsumitkumarlaw.co.nz%2F2026%2F02%2F25%2Fbest-australian-pokies-bonuses%2F HTTP/1.1" 200 2277 "https://sumitkumarlaw.co.nz/?p=1469" "Mozilla/5.0 AppleWebKit/537.36 (KHTML, like Gecko; compatible; GPTBot/1.3; +https://openai.com/gptbot)"
74.7.227.133 - - [31/Mar/2026:12:37:01 +0000] "GET /wp-json/oembed/1.0/embed?url=https%3A%2F%2Fsumitkumarlaw.co.nz%2F2026%2F02%2F25%2Fonline-australia-roulette-free%2F HTTP/1.1" 200 2277 "https://sumitkumarlaw.co.nz/?p=1691" "Mozilla/5.0 AppleWebKit/537.36 (KHTML, like Gecko; compatible; GPTBot/1.3; +https://openai.com/gptbot)"
74.7.227.133 - - [31/Mar/2026:12:37:02 +0000] "GET /wp-json/oembed/1.0/embed?url=https%3A%2F%2Fsumitkumarlaw.co.nz%2F2026%2F02%2F25%2Fonline-pokies-statistics%2F HTTP/1.1" 200 2247 "https://sumitkumarlaw.co.nz/?p=1811" "Mozilla/5.0 AppleWebKit/537.36 (KHTML, like Gecko; compatible; GPTBot/1.3; +https://openai.com/gptbot)"
74.7.227.133 - - [31/Mar/2026:12:37:02 +0000] "GET /wp-json/oembed/1.0/embed?url=https%3A%2F%2Fsumitkumarlaw.co.nz%2F2026%2F02%2F25%2Fshot-glass-roulette-australia%2F HTTP/1.1" 200 2272 "https://sumitkumarlaw.co.nz/?p=1622" "Mozilla/5.0 AppleWebKit/537.36 (KHTML, like Gecko; compatible; GPTBot/1.3; +https://openai.com/gptbot)"
74.7.227.133 - - [31/Mar/2026:12:37:03 +0000] "GET /wp-json/oembed/1.0/embed?url=https%3A%2F%2Fsumitkumarlaw.co.nz%2F2026%2F02%2F25%2Fonline-casino-australia-slots%2F HTTP/1.1" 200 2272 "https://sumitkumarlaw.co.nz/?p=1634" "Mozilla/5.0 AppleWebKit/537.36 (KHTML, like Gecko; compatible; GPTBot/1.3; +https://openai.com/gptbot)"
74.7.227.133 - - [31/Mar/2026:12:37:04 +0000] "GET /wp-json/oembed/1.0/embed?url=https%3A%2F%2Fsumitkumarlaw.co.nz%2F2026%2F02%2F25%2Faustralia-roulette-vs-european%2F HTTP/1.1" 200 2277 "https://sumitkumarlaw.co.nz/?p=2122" "Mozilla/5.0 AppleWebKit/537.36 (KHTML, like Gecko; compatible; GPTBot/1.3; +https://openai.com/gptbot)"
74.7.227.133 - - [31/Mar/2026:12:37:05 +0000] "GET /wp-json/oembed/1.0/embed?url=https%3A%2F%2Fsumitkumarlaw.co.nz%2F2026%2F02%2F25%2Faustralia-vs-european-roulette%2F HTTP/1.1" 200 2277 "https://sumitkumarlaw.co.nz/?p=3496" "Mozilla/5.0 AppleWebKit/537.36 (KHTML, like Gecko; compatible; GPTBot/1.3; +https://openai.com/gptbot)"
74.7.227.133 - - [31/Mar/2026:12:37:05 +0000] "GET /wp-json/oembed/1.0/embed?url=https%3A%2F%2Fsumitkumarlaw.co.nz%2F2026%2F02%2F25%2Fpopular-pokies-sites-australia%2F HTTP/1.1" 200 2277 "https://sumitkumarlaw.co.nz/?p=2658" "Mozilla/5.0 AppleWebKit/537.36 (KHTML, like Gecko; compatible; GPTBot/1.3; +https://openai.com/gptbot)"
74.7.227.133 - - [31/Mar/2026:12:37:06 +0000] "GET /wp-json/oembed/1.0/embed?url=https%3A%2F%2Fsumitkumarlaw.co.nz%2F2026%2F02%2F25%2Faustralia-roulette-orphelins%2F HTTP/1.1" 200 2267 "https://sumitkumarlaw.co.nz/?p=1946" "Mozilla/5.0 AppleWebKit/537.36 (KHTML, like Gecko; compatible; GPTBot/1.3; +https://openai.com/gptbot)"
74.7.227.133 - - [31/Mar/2026:12:37:07 +0000] "GET /wp-json/oembed/1.0/embed?url=https%3A%2F%2Fsumitkumarlaw.co.nz%2F2026%2F02%2F25%2F200-bonus-casino-australia%2F HTTP/1.1" 200 2257 "https://sumitkumarlaw.co.nz/?p=1984" "Mozilla/5.0 AppleWebKit/537.36 (KHTML, like Gecko; compatible; GPTBot/1.3; +https://openai.com/gptbot)"
74.7.227.133 - - [31/Mar/2026:12:37:07 +0000] "GET /wp-json/oembed/1.0/embed?url=https%3A%2F%2Fsumitkumarlaw.co.nz%2F2026%2F02%2F25%2Fonline-au-slots%2F HTTP/1.1" 200 2202 "https://sumitkumarlaw.co.nz/?p=1604" "Mozilla/5.0 AppleWebKit/537.36 (KHTML, like Gecko; compatible; GPTBot/1.3; +https://openai.com/gptbot)"
74.7.227.133 - - [31/Mar/2026:12:37:08 +0000] "GET /wp-json/oembed/1.0/embed?url=https%3A%2F%2Fsumitkumarlaw.co.nz%2F2026%2F02%2F25%2Fhow-old-to-go-into-a-casino-nz%2F HTTP/1.1" 200 2277 "https://sumitkumarlaw.co.nz/?p=1157" "Mozilla/5.0 AppleWebKit/537.36 (KHTML, like Gecko; compatible; GPTBot/1.3; +https://openai.com/gptbot)"
74.7.227.133 - - [31/Mar/2026:12:37:09 +0000] "GET /wp-json/oembed/1.0/embed?url=https%3A%2F%2Fsumitkumarlaw.co.nz%2F2026%2F02%2F25%2Fonline-casino-nz-top-10%2F HTTP/1.1" 200 2242 "https://sumitkumarlaw.co.nz/?p=1388" "Mozilla/5.0 AppleWebKit/537.36 (KHTML, like Gecko; compatible; GPTBot/1.3; +https://openai.com/gptbot)"
74.7.227.133 - - [31/Mar/2026:12:37:10 +0000] "GET /wp-json/oembed/1.0/embed?url=https%3A%2F%2Fsumitkumarlaw.co.nz%2F2026%2F02%2F25%2Fnew-au-pokies-deposit-10%2F HTTP/1.1" 200 2247 "https://sumitkumarlaw.co.nz/?p=1034" "Mozilla/5.0 AppleWebKit/537.36 (KHTML, like Gecko; compatible; GPTBot/1.3; +https://openai.com/gptbot)"
74.7.227.133 - - [31/Mar/2026:12:37:10 +0000] "GET /wp-json/oembed/1.0/embed?url=https%3A%2F%2Fsumitkumarlaw.co.nz%2F2026%2F02%2F25%2F1-cent-new-au-pokies%2F HTTP/1.1" 200 2227 "https://sumitkumarlaw.co.nz/?p=1662" "Mozilla/5.0 AppleWebKit/537.36 (KHTML, like Gecko; compatible; GPTBot/1.3; +https://openai.com/gptbot)"
74.7.227.133 - - [31/Mar/2026:12:37:11 +0000] "GET /wp-json/oembed/1.0/embed?url=https%3A%2F%2Fsumitkumarlaw.co.nz%2F2026%2F02%2F25%2Fminimum-deposit-1-pound-casino-au%2F HTTP/1.1" 200 2292 "https://sumitkumarlaw.co.nz/?p=1644" "Mozilla/5.0 AppleWebKit/537.36 (KHTML, like Gecko; compatible; GPTBot/1.3; +https://openai.com/gptbot)"
74.7.227.133 - - [31/Mar/2026:12:37:12 +0000] "GET /wp-json/oembed/1.0/embed?url=https%3A%2F%2Fsumitkumarlaw.co.nz%2F2026%2F02%2F25%2Fonline-casino-new-zealand-1-deposit%2F HTTP/1.1" 200 2302 "https://sumitkumarlaw.co.nz/?p=1324" "Mozilla/5.0 AppleWebKit/537.36 (KHTML, like Gecko; compatible; GPTBot/1.3; +https://openai.com/gptbot)"
74.7.227.133 - - [31/Mar/2026:12:37:12 +0000] "GET /wp-json/oembed/1.0/embed?url=https%3A%2F%2Fsumitkumarlaw.co.nz%2F2026%2F02%2F25%2Fcasino-au-top-10%2F HTTP/1.1" 200 2207 "https://sumitkumarlaw.co.nz/?p=1547" "Mozilla/5.0 AppleWebKit/537.36 (KHTML, like Gecko; compatible; GPTBot/1.3; +https://openai.com/gptbot)"
74.7.227.133 - - [31/Mar/2026:12:37:13 +0000] "GET /wp-json/oembed/1.0/embed?url=https%3A%2F%2Fsumitkumarlaw.co.nz%2F2026%2F02%2F25%2Fbig-pokies-win%2F HTTP/1.1" 200 2197 "https://sumitkumarlaw.co.nz/?p=1090" "Mozilla/5.0 AppleWebKit/537.36 (KHTML, like Gecko; compatible; GPTBot/1.3; +https://openai.com/gptbot)"
74.7.227.133 - - [31/Mar/2026:12:37:14 +0000] "GET /wp-json/oembed/1.0/embed?url=https%3A%2F%2Fsumitkumarlaw.co.nz%2F2026%2F02%2F25%2F5-dragons-pokies-free-play%2F HTTP/1.1" 200 2257 "https://sumitkumarlaw.co.nz/?p=2208" "Mozilla/5.0 AppleWebKit/537.36 (KHTML, like Gecko; compatible; GPTBot/1.3; +https://openai.com/gptbot)"
74.7.227.133 - - [31/Mar/2026:12:37:15 +0000] "GET /wp-json/oembed/1.0/embed?url=https%3A%2F%2Fsumitkumarlaw.co.nz%2F2026%2F02%2F25%2Fpokies-min-10-deposit%2F HTTP/1.1" 200 2232 "https://sumitkumarlaw.co.nz/?p=2292" "Mozilla/5.0 AppleWebKit/537.36 (KHTML, like Gecko; compatible; GPTBot/1.3; +https://openai.com/gptbot)"
74.7.227.133 - - [31/Mar/2026:12:37:15 +0000] "GET /wp-json/oembed/1.0/embed?url=https%3A%2F%2Fsumitkumarlaw.co.nz%2F2026%2F02%2F25%2F10cent-vintage-pokie-machine%2F HTTP/1.1" 200 2267 "https://sumitkumarlaw.co.nz/?p=1379" "Mozilla/5.0 AppleWebKit/537.36 (KHTML, like Gecko; compatible; GPTBot/1.3; +https://openai.com/gptbot)"
74.7.227.133 - - [31/Mar/2026:12:37:16 +0000] "GET /wp-json/oembed/1.0/embed?url=https%3A%2F%2Fsumitkumarlaw.co.nz%2F2026%2F02%2F25%2Flegal-online-gambling-au-18%2F HTTP/1.1" 200 2262 "https://sumitkumarlaw.co.nz/?p=1802" "Mozilla/5.0 AppleWebKit/537.36 (KHTML, like Gecko; compatible; GPTBot/1.3; +https://openai.com/gptbot)"
74.7.227.133 - - [31/Mar/2026:12:37:18 +0000] "GET /wp-json/oembed/1.0/embed?url=https%3A%2F%2Fsumitkumarlaw.co.nz%2F2026%2F02%2F25%2Fslot-games-nz%2F HTTP/1.1" 200 2192 "https://sumitkumarlaw.co.nz/?p=1726" "Mozilla/5.0 AppleWebKit/537.36 (KHTML, like Gecko; compatible; GPTBot/1.3; +https://openai.com/gptbot)"
74.7.227.133 - - [31/Mar/2026:12:37:19 +0000] "GET /wp-json/oembed/1.0/embed?url=https%3A%2F%2Fsumitkumarlaw.co.nz%2F2026%2F02%2F25%2Fbonus-slots-au%2F HTTP/1.1" 200 2197 "https://sumitkumarlaw.co.nz/?p=3084" "Mozilla/5.0 AppleWebKit/537.36 (KHTML, like Gecko; compatible; GPTBot/1.3; +https://openai.com/gptbot)"
74.7.227.133 - - [31/Mar/2026:12:37:19 +0000] "GET /wp-json/oembed/1.0/embed?url=https%3A%2F%2Fsumitkumarlaw.co.nz%2F2026%2F02%2F25%2Fpaysafe-pokies%2F HTTP/1.1" 200 2197 "https://sumitkumarlaw.co.nz/?p=1094" "Mozilla/5.0 AppleWebKit/537.36 (KHTML, like Gecko; compatible; GPTBot/1.3; +https://openai.com/gptbot)"
74.7.227.133 - - [31/Mar/2026:12:37:20 +0000] "GET /wp-json/oembed/1.0/embed?format=xml&url=https%3A%2F%2Fsumitkumarlaw.co.nz%2F2026%2F02%2F25%2Fpaypal-deposit-casino-new-zealand%2F HTTP/1.1" 200 2441 "https://sumitkumarlaw.co.nz/?p=1160" "Mozilla/5.0 AppleWebKit/537.36 (KHTML, like Gecko; compatible; GPTBot/1.3; +https://openai.com/gptbot)"
74.7.227.133 - - [31/Mar/2026:12:37:21 +0000] "GET /wp-json/oembed/1.0/embed?url=https%3A%2F%2Fsumitkumarlaw.co.nz%2F2026%2F02%2F25%2Fleo-slots-nz%2F HTTP/1.1" 200 2187 "https://sumitkumarlaw.co.nz/?p=1814" "Mozilla/5.0 AppleWebKit/537.36 (KHTML, like Gecko; compatible; GPTBot/1.3; +https://openai.com/gptbot)"
74.7.227.133 - - [31/Mar/2026:12:37:22 +0000] "GET /wp-json/oembed/1.0/embed?url=https%3A%2F%2Fsumitkumarlaw.co.nz%2F2026%2F02%2F25%2Fbest-slots-au%2F HTTP/1.1" 200 2192 "https://sumitkumarlaw.co.nz/?p=1742" "Mozilla/5.0 AppleWebKit/537.36 (KHTML, like Gecko; compatible; GPTBot/1.3; +https://openai.com/gptbot)"
74.7.227.133 - - [31/Mar/2026:12:37:22 +0000] "GET /wp-json/oembed/1.0/embed?url=https%3A%2F%2Fsumitkumarlaw.co.nz%2F2026%2F02%2F25%2F2026-au-online-casino-no-deposit-bonus-codes%2F HTTP/1.1" 200 2347 "https://sumitkumarlaw.co.nz/?p=1249" "Mozilla/5.0 AppleWebKit/537.36 (KHTML, like Gecko; compatible; GPTBot/1.3; +https://openai.com/gptbot)"
74.7.227.133 - - [31/Mar/2026:12:37:23 +0000] "GET /wp-json/oembed/1.0/embed?url=https%3A%2F%2Fsumitkumarlaw.co.nz%2F2026%2F02%2F25%2Ftop-5-online-casino-new-zealand%2F HTTP/1.1" 200 2282 "https://sumitkumarlaw.co.nz/?p=1968" "Mozilla/5.0 AppleWebKit/537.36 (KHTML, like Gecko; compatible; GPTBot/1.3; +https://openai.com/gptbot)"
74.7.227.133 - - [31/Mar/2026:12:37:24 +0000] "GET /wp-json/oembed/1.0/embed?url=https%3A%2F%2Fsumitkumarlaw.co.nz%2F2026%2F02%2F25%2F7-pokies-online-deposit-casino%2F HTTP/1.1" 200 2277 "https://sumitkumarlaw.co.nz/?p=1468" "Mozilla/5.0 AppleWebKit/537.36 (KHTML, like Gecko; compatible; GPTBot/1.3; +https://openai.com/gptbot)"
74.7.227.133 - - [31/Mar/2026:12:37:25 +0000] "GET /wp-json/oembed/1.0/embed?url=https%3A%2F%2Fsumitkumarlaw.co.nz%2F2026%2F02%2F25%2F5-cent-top-australian-pokies%2F HTTP/1.1" 200 2267 "https://sumitkumarlaw.co.nz/?p=3392" "Mozilla/5.0 AppleWebKit/537.36 (KHTML, like Gecko; compatible; GPTBot/1.3; +https://openai.com/gptbot)"
74.7.227.133 - - [31/Mar/2026:12:37:25 +0000] "GET /wp-json/oembed/1.0/embed?url=https%3A%2F%2Fsumitkumarlaw.co.nz%2F2026%2F02%2F25%2F1-cent-deposit-casino-pokies%2F HTTP/1.1" 200 2267 "https://sumitkumarlaw.co.nz/?p=1557" "Mozilla/5.0 AppleWebKit/537.36 (KHTML, like Gecko; compatible; GPTBot/1.3; +https://openai.com/gptbot)"
74.7.227.133 - - [31/Mar/2026:12:37:26 +0000] "GET /wp-json/oembed/1.0/embed?url=https%3A%2F%2Fsumitkumarlaw.co.nz%2F2026%2F02%2F25%2Fno-registration-pokies-1-cent%2F HTTP/1.1" 200 2272 "https://sumitkumarlaw.co.nz/?p=1333" "Mozilla/5.0 AppleWebKit/537.36 (KHTML, like Gecko; compatible; GPTBot/1.3; +https://openai.com/gptbot)"
74.7.227.133 - - [31/Mar/2026:12:37:27 +0000] "GET /wp-json/wp/v2/posts/2525 HTTP/1.1" 200 7852 "https://sumitkumarlaw.co.nz/?p=2525" "Mozilla/5.0 AppleWebKit/537.36 (KHTML, like Gecko; compatible; GPTBot/1.3; +https://openai.com/gptbot)"
74.7.227.133 - - [31/Mar/2026:12:37:28 +0000] "GET /wp-json/wp/v2/posts/1212 HTTP/1.1" 200 7954 "https://sumitkumarlaw.co.nz/?p=1212" "Mozilla/5.0 AppleWebKit/537.36 (KHTML, like Gecko; compatible; GPTBot/1.3; +https://openai.com/gptbot)"
74.7.227.133 - - [31/Mar/2026:12:37:28 +0000] "GET /wp-json/wp/v2/posts/1121 HTTP/1.1" 200 8742 "https://sumitkumarlaw.co.nz/?p=1121" "Mozilla/5.0 AppleWebKit/537.36 (KHTML, like Gecko; compatible; GPTBot/1.3; +https://openai.com/gptbot)"
74.7.227.133 - - [31/Mar/2026:12:37:29 +0000] "GET /wp-json/wp/v2/posts/2323 HTTP/1.1" 200 8670 "https://sumitkumarlaw.co.nz/?p=2323" "Mozilla/5.0 AppleWebKit/537.36 (KHTML, like Gecko; compatible; GPTBot/1.3; +https://openai.com/gptbot)"
74.7.227.133 - - [31/Mar/2026:12:37:30 +0000] "GET /wp-json/wp/v2/posts/2211 HTTP/1.1" 200 7977 "https://sumitkumarlaw.co.nz/?p=2211" "Mozilla/5.0 AppleWebKit/537.36 (KHTML, like Gecko; compatible; GPTBot/1.3; +https://openai.com/gptbot)"
74.7.227.133 - - [31/Mar/2026:12:37:30 +0000] "GET /wp-json/wp/v2/posts/2233 HTTP/1.1" 200 8023 "https://sumitkumarlaw.co.nz/?p=2233" "Mozilla/5.0 AppleWebKit/537.36 (KHTML, like Gecko; compatible; GPTBot/1.3; +https://openai.com/gptbot)"
74.7.227.133 - - [31/Mar/2026:12:37:31 +0000] "GET /wp-json/wp/v2/posts/2244 HTTP/1.1" 200 8863 "https://sumitkumarlaw.co.nz/?p=2244" "Mozilla/5.0 AppleWebKit/537.36 (KHTML, like Gecko; compatible; GPTBot/1.3; +https://openai.com/gptbot)"
74.7.227.133 - - [31/Mar/2026:12:37:32 +0000] "GET /wp-json/wp/v2/posts/3233 HTTP/1.1" 200 8475 "https://sumitkumarlaw.co.nz/?p=3233" "Mozilla/5.0 AppleWebKit/537.36 (KHTML, like Gecko; compatible; GPTBot/1.3; +https://openai.com/gptbot)"
74.7.227.133 - - [31/Mar/2026:12:37:33 +0000] "GET /wp-json/wp/v2/posts/1221 HTTP/1.1" 200 9576 "https://sumitkumarlaw.co.nz/?p=1221" "Mozilla/5.0 AppleWebKit/537.36 (KHTML, like Gecko; compatible; GPTBot/1.3; +https://openai.com/gptbot)"
74.7.227.133 - - [31/Mar/2026:12:37:33 +0000] "GET /wp-json/wp/v2/posts/2552 HTTP/1.1" 200 8258 "https://sumitkumarlaw.co.nz/?p=2552" "Mozilla/5.0 AppleWebKit/537.36 (KHTML, like Gecko; compatible; GPTBot/1.3; +https://openai.com/gptbot)"
74.7.227.133 - - [31/Mar/2026:12:37:34 +0000] "GET /wp-json/wp/v2/posts/2288 HTTP/1.1" 200 7494 "https://sumitkumarlaw.co.nz/?p=2288" "Mozilla/5.0 AppleWebKit/537.36 (KHTML, like Gecko; compatible; GPTBot/1.3; +https://openai.com/gptbot)"
74.7.227.133 - - [31/Mar/2026:12:37:35 +0000] "GET /wp-json/wp/v2/posts/2002 HTTP/1.1" 200 9007 "https://sumitkumarlaw.co.nz/?p=2002" "Mozilla/5.0 AppleWebKit/537.36 (KHTML, like Gecko; compatible; GPTBot/1.3; +https://openai.com/gptbot)"
74.7.227.133 - - [31/Mar/2026:12:37:36 +0000] "GET /wp-json/oembed/1.0/embed?url=https%3A%2F%2Fsumitkumarlaw.co.nz%2F2026%2F02%2F25%2F2026-online-casino-au-bonus-codes%2F HTTP/1.1" 200 2292 "https://sumitkumarlaw.co.nz/?p=1264" "Mozilla/5.0 AppleWebKit/537.36 (KHTML, like Gecko; compatible; GPTBot/1.3; +https://openai.com/gptbot)"
74.7.227.133 - - [31/Mar/2026:12:37:36 +0000] "GET /wp-json/wp/v2/posts/992 HTTP/1.1" 200 8619 "https://sumitkumarlaw.co.nz/?p=992" "Mozilla/5.0 AppleWebKit/537.36 (KHTML, like Gecko; compatible; GPTBot/1.3; +https://openai.com/gptbot)"
74.7.227.133 - - [31/Mar/2026:12:37:37 +0000] "GET /wp-json/wp/v2/posts/922 HTTP/1.1" 200 8105 "https://sumitkumarlaw.co.nz/?p=922" "Mozilla/5.0 AppleWebKit/537.36 (KHTML, like Gecko; compatible; GPTBot/1.3; +https://openai.com/gptbot)"
74.7.227.133 - - [31/Mar/2026:12:37:38 +0000] "GET /wp-json/oembed/1.0/embed?url=https%3A%2F%2Fsumitkumarlaw.co.nz%2F2026%2F02%2F25%2Ffa-fa-fa-free-online-pokies%2F HTTP/1.1" 200 2262 "https://sumitkumarlaw.co.nz/?p=1402" "Mozilla/5.0 AppleWebKit/537.36 (KHTML, like Gecko; compatible; GPTBot/1.3; +https://openai.com/gptbot)"
74.7.227.133 - - [31/Mar/2026:12:37:39 +0000] "GET /wp-json/oembed/1.0/embed?url=https%3A%2F%2Fsumitkumarlaw.co.nz%2F2026%2F02%2F25%2Fcasino-au-king-casino-bonus%2F HTTP/1.1" 200 2262 "https://sumitkumarlaw.co.nz/?p=2680" "Mozilla/5.0 AppleWebKit/537.36 (KHTML, like Gecko; compatible; GPTBot/1.3; +https://openai.com/gptbot)"
82.41.88.53 - - [31/Mar/2026:12:37:39 +0000] "GET /?p=1112 HTTP/1.1" 301 - "-" "Mozilla/5.0 (Macintosh; Intel Mac OS X 10_15_7) AppleWebKit/537.36 (KHTML, like Gecko) Chrome/104.0.0.0 Safari/537.36"
74.7.227.133 - - [31/Mar/2026:12:37:40 +0000] "GET /wp-json/wp/v2/posts/999 HTTP/1.1" 200 8292 "https://sumitkumarlaw.co.nz/?p=999" "Mozilla/5.0 AppleWebKit/537.36 (KHTML, like Gecko; compatible; GPTBot/1.3; +https://openai.com/gptbot)"
82.41.88.53 - - [31/Mar/2026:12:37:40 +0000] "GET /2026/02/25/casino-pokies-australia/ HTTP/1.1" 200 105134 "-" "Mozilla/5.0 (Macintosh; Intel Mac OS X 10_15_7) AppleWebKit/537.36 (KHTML, like Gecko) Chrome/104.0.0.0 Safari/537.36"
74.7.227.133 - - [31/Mar/2026:12:37:40 +0000] "GET /wp-json/wp/v2/posts/1112 HTTP/1.1" 200 8762 "https://sumitkumarlaw.co.nz/?p=1112" "Mozilla/5.0 AppleWebKit/537.36 (KHTML, like Gecko; compatible; GPTBot/1.3; +https://openai.com/gptbot)"
74.7.227.133 - - [31/Mar/2026:12:37:41 +0000] "GET /wp-json/wp/v2/posts/3332 HTTP/1.1" 200 8691 "https://sumitkumarlaw.co.nz/?p=3332" "Mozilla/5.0 AppleWebKit/537.36 (KHTML, like Gecko; compatible; GPTBot/1.3; +https://openai.com/gptbot)"
74.7.227.133 - - [31/Mar/2026:12:37:42 +0000] "GET /wp-json/wp/v2/posts/2222 HTTP/1.1" 200 8408 "https://sumitkumarlaw.co.nz/?p=2222" "Mozilla/5.0 AppleWebKit/537.36 (KHTML, like Gecko; compatible; GPTBot/1.3; +https://openai.com/gptbot)"
82.152.240.143 - - [31/Mar/2026:12:37:42 +0000] "GET /?p=1333 HTTP/1.1" 301 - "-" "Mozilla/5.0 (Macintosh; Intel Mac OS X 10_15_7) AppleWebKit/537.36 (KHTML, like Gecko) Chrome/104.0.0.0 Safari/537.36"
74.7.227.133 - - [31/Mar/2026:12:37:43 +0000] "GET /wp-json/oembed/1.0/embed?url=https%3A%2F%2Fsumitkumarlaw.co.nz%2F2026%2F02%2F25%2Fare-the-pokies-open-in-melbourne-today%2F HTTP/1.1" 200 2317 "https://sumitkumarlaw.co.nz/?p=1832" "Mozilla/5.0 AppleWebKit/537.36 (KHTML, like Gecko; compatible; GPTBot/1.3; +https://openai.com/gptbot)"
82.152.240.143 - - [31/Mar/2026:12:37:43 +0000] "GET /2026/02/25/no-registration-pokies-1-cent/ HTTP/1.1" 200 104224 "-" "Mozilla/5.0 (Macintosh; Intel Mac OS X 10_15_7) AppleWebKit/537.36 (KHTML, like Gecko) Chrome/104.0.0.0 Safari/537.36"
74.7.227.133 - - [31/Mar/2026:12:37:43 +0000] "GET /wp-json/wp/v2/posts/2252 HTTP/1.1" 200 9259 "https://sumitkumarlaw.co.nz/?p=2252" "Mozilla/5.0 AppleWebKit/537.36 (KHTML, like Gecko; compatible; GPTBot/1.3; +https://openai.com/gptbot)"
74.7.227.133 - - [31/Mar/2026:12:37:44 +0000] "GET /wp-json/wp/v2/posts/2122 HTTP/1.1" 200 8879 "https://sumitkumarlaw.co.nz/?p=2122" "Mozilla/5.0 AppleWebKit/537.36 (KHTML, like Gecko; compatible; GPTBot/1.3; +https://openai.com/gptbot)"
74.7.227.133 - - [31/Mar/2026:12:37:45 +0000] "GET /wp-json/wp/v2/posts/2292 HTTP/1.1" 200 8755 "https://sumitkumarlaw.co.nz/?p=2292" "Mozilla/5.0 AppleWebKit/537.36 (KHTML, like Gecko; compatible; GPTBot/1.3; +https://openai.com/gptbot)"
74.7.227.133 - - [31/Mar/2026:12:37:45 +0000] "GET /wp-json/wp/v2/posts/2622 HTTP/1.1" 200 8803 "https://sumitkumarlaw.co.nz/?p=2622" "Mozilla/5.0 AppleWebKit/537.36 (KHTML, like Gecko; compatible; GPTBot/1.3; +https://openai.com/gptbot)"
82.41.107.94 - - [31/Mar/2026:12:37:46 +0000] "GET /?p=980 HTTP/1.1" 301 - "-" "Mozilla/5.0 (Macintosh; Intel Mac OS X 10_15_7) AppleWebKit/537.36 (KHTML, like Gecko) Chrome/104.0.0.0 Safari/537.36"
74.7.227.133 - - [31/Mar/2026:12:37:46 +0000] "GET /wp-json/oembed/1.0/embed?url=https%3A%2F%2Fsumitkumarlaw.co.nz%2F2026%2F02%2F25%2Fno-deposit-sign-up-bonus-mobile-casino-australia%2F HTTP/1.1" 200 2367 "https://sumitkumarlaw.co.nz/?p=2342" "Mozilla/5.0 AppleWebKit/537.36 (KHTML, like Gecko; compatible; GPTBot/1.3; +https://openai.com/gptbot)"
74.7.227.133 - - [31/Mar/2026:12:37:47 +0000] "GET /wp-json/wp/v2/posts/2225 HTTP/1.1" 200 8089 "https://sumitkumarlaw.co.nz/?p=2225" "Mozilla/5.0 AppleWebKit/537.36 (KHTML, like Gecko; compatible; GPTBot/1.3; +https://openai.com/gptbot)"
82.41.107.94 - - [31/Mar/2026:12:37:47 +0000] "GET /2026/02/25/try-pokies-in-new-zealand-for-money/ HTTP/1.1" 200 104465 "-" "Mozilla/5.0 (Macintosh; Intel Mac OS X 10_15_7) AppleWebKit/537.36 (KHTML, like Gecko) Chrome/104.0.0.0 Safari/537.36"
74.7.227.133 - - [31/Mar/2026:12:37:48 +0000] "GET /wp-json/wp/v2/posts/1222 HTTP/1.1" 200 8620 "https://sumitkumarlaw.co.nz/?p=1222" "Mozilla/5.0 AppleWebKit/537.36 (KHTML, like Gecko; compatible; GPTBot/1.3; +https://openai.com/gptbot)"
74.7.227.133 - - [31/Mar/2026:12:37:48 +0000] "GET /wp-json/wp/v2/posts/2223 HTTP/1.1" 200 7540 "https://sumitkumarlaw.co.nz/?p=2223" "Mozilla/5.0 AppleWebKit/537.36 (KHTML, like Gecko; compatible; GPTBot/1.3; +https://openai.com/gptbot)"
74.7.227.133 - - [31/Mar/2026:12:37:49 +0000] "GET /wp-json/wp/v2/posts/2226 HTTP/1.1" 200 8249 "https://sumitkumarlaw.co.nz/?p=2226" "Mozilla/5.0 AppleWebKit/537.36 (KHTML, like Gecko; compatible; GPTBot/1.3; +https://openai.com/gptbot)"
74.7.227.133 - - [31/Mar/2026:12:37:50 +0000] "GET /wp-json/wp/v2/posts/2221 HTTP/1.1" 200 8380 "https://sumitkumarlaw.co.nz/?p=2221" "Mozilla/5.0 AppleWebKit/537.36 (KHTML, like Gecko; compatible; GPTBot/1.3; +https://openai.com/gptbot)"
74.7.227.133 - - [31/Mar/2026:12:37:50 +0000] "GET /wp-json/oembed/1.0/embed?url=https%3A%2F%2Fsumitkumarlaw.co.nz%2F2026%2F02%2F25%2Flatest-australian-mobile-casino-no-deposit-bonus%2F HTTP/1.1" 200 2367 "https://sumitkumarlaw.co.nz/?p=1993" "Mozilla/5.0 AppleWebKit/537.36 (KHTML, like Gecko; compatible; GPTBot/1.3; +https://openai.com/gptbot)"
74.7.227.133 - - [31/Mar/2026:12:37:51 +0000] "GET /wp-json/oembed/1.0/embed?url=https%3A%2F%2Fsumitkumarlaw.co.nz%2F2026%2F02%2F25%2Fau-list-online-casino%2F HTTP/1.1" 200 2232 "https://sumitkumarlaw.co.nz/?p=2398" "Mozilla/5.0 AppleWebKit/537.36 (KHTML, like Gecko; compatible; GPTBot/1.3; +https://openai.com/gptbot)"
74.7.227.133 - - [31/Mar/2026:12:37:52 +0000] "GET /wp-json/oembed/1.0/embed?url=https%3A%2F%2Fsumitkumarlaw.co.nz%2F2026%2F02%2F25%2F2026-edition-of-the-new-zealand-casino-guide%2F HTTP/1.1" 200 2347 "https://sumitkumarlaw.co.nz/?p=1349" "Mozilla/5.0 AppleWebKit/537.36 (KHTML, like Gecko; compatible; GPTBot/1.3; +https://openai.com/gptbot)"
45.79.238.235 - - [31/Mar/2026:12:37:53 +0000] "POST /wp-cron.php?doing_wp_cron=1774960673.5571229457855224609375 HTTP/1.1" 200 - "-" "WordPress/6.9.4; https://sumitkumarlaw.co.nz"
74.7.227.133 - - [31/Mar/2026:12:37:53 +0000] "GET /wp-json/oembed/1.0/embed?url=https%3A%2F%2Fsumitkumarlaw.co.nz%2F2026%2F02%2F25%2Fsecure-pokies-with-bonus-mobile-deposit%2F HTTP/1.1" 200 2322 "https://sumitkumarlaw.co.nz/?p=2488" "Mozilla/5.0 AppleWebKit/537.36 (KHTML, like Gecko; compatible; GPTBot/1.3; +https://openai.com/gptbot)"
74.7.227.133 - - [31/Mar/2026:12:37:53 +0000] "GET /wp-json/oembed/1.0/embed?url=https%3A%2F%2Fsumitkumarlaw.co.nz%2F2026%2F02%2F25%2Fdeposit-casino-pokies-in-new-zealand-mobile%2F HTTP/1.1" 200 2342 "https://sumitkumarlaw.co.nz/?p=1350" "Mozilla/5.0 AppleWebKit/537.36 (KHTML, like Gecko; compatible; GPTBot/1.3; +https://openai.com/gptbot)"
74.7.227.133 - - [31/Mar/2026:12:37:54 +0000] "GET /wp-json/oembed/1.0/embed?url=https%3A%2F%2Fsumitkumarlaw.co.nz%2F2026%2F02%2F25%2Fsecure-pokies-with-welcome-bonus-mobile%2F HTTP/1.1" 200 2322 "https://sumitkumarlaw.co.nz/?p=1949" "Mozilla/5.0 AppleWebKit/537.36 (KHTML, like Gecko; compatible; GPTBot/1.3; +https://openai.com/gptbot)"
82.24.161.58 - - [31/Mar/2026:12:37:55 +0000] "GET /?p=920 HTTP/1.1" 301 - "-" "Mozilla/5.0 (Macintosh; Intel Mac OS X 10_15_7) AppleWebKit/537.36 (KHTML, like Gecko) Chrome/104.0.0.0 Safari/537.36"
74.7.227.133 - - [31/Mar/2026:12:37:55 +0000] "GET /wp-json/oembed/1.0/embed?url=https%3A%2F%2Fsumitkumarlaw.co.nz%2F2026%2F02%2F25%2Fmoney-pokies-super-guide%2F HTTP/1.1" 200 2247 "https://sumitkumarlaw.co.nz/?p=1175" "Mozilla/5.0 AppleWebKit/537.36 (KHTML, like Gecko; compatible; GPTBot/1.3; +https://openai.com/gptbot)"
74.7.227.133 - - [31/Mar/2026:12:37:56 +0000] "GET /wp-json/wp/v2/posts/3333 HTTP/1.1" 200 8654 "https://sumitkumarlaw.co.nz/?p=3333" "Mozilla/5.0 AppleWebKit/537.36 (KHTML, like Gecko; compatible; GPTBot/1.3; +https://openai.com/gptbot)"
74.7.227.133 - - [31/Mar/2026:12:37:57 +0000] "GET /wp-json/oembed/1.0/embed?url=https%3A%2F%2Fsumitkumarlaw.co.nz%2F2026%2F02%2F25%2Faustralian-casinos-list%2F HTTP/1.1" 200 2242 "https://sumitkumarlaw.co.nz/?p=1427" "Mozilla/5.0 AppleWebKit/537.36 (KHTML, like Gecko; compatible; GPTBot/1.3; +https://openai.com/gptbot)"
74.7.227.133 - - [31/Mar/2026:12:37:57 +0000] "GET /wp-json/oembed/1.0/embed?url=https%3A%2F%2Fsumitkumarlaw.co.nz%2F2026%2F02%2F25%2Freal-money-mobile-slots-new-zealand%2F HTTP/1.1" 200 2302 "https://sumitkumarlaw.co.nz/?p=1428" "Mozilla/5.0 AppleWebKit/537.36 (KHTML, like Gecko; compatible; GPTBot/1.3; +https://openai.com/gptbot)"
82.24.161.58 - - [31/Mar/2026:12:37:57 +0000] "GET /2026/02/25/paradise-casino-peoria-nz/ HTTP/1.1" 200 104501 "-" "Mozilla/5.0 (Macintosh; Intel Mac OS X 10_15_7) AppleWebKit/537.36 (KHTML, like Gecko) Chrome/104.0.0.0 Safari/537.36"
74.7.227.133 - - [31/Mar/2026:12:37:58 +0000] "GET /wp-json/oembed/1.0/embed?format=xml&url=https%3A%2F%2Fsumitkumarlaw.co.nz%2F2026%2F02%2F25%2Fpokies-review%2F HTTP/1.1" 200 2341 "https://sumitkumarlaw.co.nz/?p=1818" "Mozilla/5.0 AppleWebKit/537.36 (KHTML, like Gecko; compatible; GPTBot/1.3; +https://openai.com/gptbot)"
74.7.227.133 - - [31/Mar/2026:12:37:59 +0000] "GET /wp-json/oembed/1.0/embed?url=https%3A%2F%2Fsumitkumarlaw.co.nz%2F2026%2F02%2F25%2Ffree-popular-pokies-for-mobile%2F HTTP/1.1" 200 2277 "https://sumitkumarlaw.co.nz/?p=1413" "Mozilla/5.0 AppleWebKit/537.36 (KHTML, like Gecko; compatible; GPTBot/1.3; +https://openai.com/gptbot)"
74.7.227.133 - - [31/Mar/2026:12:37:59 +0000] "GET /wp-json/oembed/1.0/embed?url=https%3A%2F%2Fsumitkumarlaw.co.nz%2F2026%2F02%2F25%2Fonline-casino-mobile-nz%2F HTTP/1.1" 200 2242 "https://sumitkumarlaw.co.nz/?p=1419" "Mozilla/5.0 AppleWebKit/537.36 (KHTML, like Gecko; compatible; GPTBot/1.3; +https://openai.com/gptbot)"
74.7.227.133 - - [31/Mar/2026:12:38:00 +0000] "GET /wp-json/oembed/1.0/embed?url=https%3A%2F%2Fsumitkumarlaw.co.nz%2F2026%2F02%2F25%2Flatest-nz-mobile-casino%2F HTTP/1.1" 200 2242 "https://sumitkumarlaw.co.nz/?p=1674" "Mozilla/5.0 AppleWebKit/537.36 (KHTML, like Gecko; compatible; GPTBot/1.3; +https://openai.com/gptbot)"
74.7.227.133 - - [31/Mar/2026:12:38:01 +0000] "GET /wp-json/oembed/1.0/embed?url=https%3A%2F%2Fsumitkumarlaw.co.nz%2F2026%2F02%2F25%2Fplay-deposit-casino-pokies-online-for-free-no-download%2F HTTP/1.1" 200 2397 "https://sumitkumarlaw.co.nz/?p=1218" "Mozilla/5.0 AppleWebKit/537.36 (KHTML, like Gecko; compatible; GPTBot/1.3; +https://openai.com/gptbot)"
74.7.227.133 - - [31/Mar/2026:12:38:02 +0000] "GET /wp-json/oembed/1.0/embed?url=https%3A%2F%2Fsumitkumarlaw.co.nz%2F2026%2F02%2F25%2Ffree-pokies-no-download-no-registration-new-zealand%2F HTTP/1.1" 200 2382 "https://sumitkumarlaw.co.nz/?p=1097" "Mozilla/5.0 AppleWebKit/537.36 (KHTML, like Gecko; compatible; GPTBot/1.3; +https://openai.com/gptbot)"
74.7.227.133 - - [31/Mar/2026:12:38:02 +0000] "GET /wp-json/oembed/1.0/embed?url=https%3A%2F%2Fsumitkumarlaw.co.nz%2F2026%2F02%2F25%2Ffree-popular-pokies-with-welcome-bonuses-no-download%2F HTTP/1.1" 200 2387 "https://sumitkumarlaw.co.nz/?p=1465" "Mozilla/5.0 AppleWebKit/537.36 (KHTML, like Gecko; compatible; GPTBot/1.3; +https://openai.com/gptbot)"
74.7.227.133 - - [31/Mar/2026:12:38:03 +0000] "GET /wp-json/oembed/1.0/embed?url=https%3A%2F%2Fsumitkumarlaw.co.nz%2F2026%2F02%2F25%2Ffree-casino-pokies-games-no-registration-no-download%2F HTTP/1.1" 200 2387 "https://sumitkumarlaw.co.nz/?p=1679" "Mozilla/5.0 AppleWebKit/537.36 (KHTML, like Gecko; compatible; GPTBot/1.3; +https://openai.com/gptbot)"
82.26.181.92 - - [31/Mar/2026:12:38:03 +0000] "GET /?p=1481 HTTP/1.1" 301 - "-" "Mozilla/5.0 (Macintosh; Intel Mac OS X 10_15_7) AppleWebKit/537.36 (KHTML, like Gecko) Chrome/104.0.0.0 Safari/537.36"
74.7.227.133 - - [31/Mar/2026:12:38:04 +0000] "GET /wp-json/oembed/1.0/embed?url=https%3A%2F%2Fsumitkumarlaw.co.nz%2F2026%2F02%2F25%2Fplay-free-pokies-on-mobile%2F HTTP/1.1" 200 2257 "https://sumitkumarlaw.co.nz/?p=1429" "Mozilla/5.0 AppleWebKit/537.36 (KHTML, like Gecko; compatible; GPTBot/1.3; +https://openai.com/gptbot)"
82.26.181.92 - - [31/Mar/2026:12:38:04 +0000] "GET /2026/02/25/new-pokies-machines/ HTTP/1.1" 200 104406 "-" "Mozilla/5.0 (Macintosh; Intel Mac OS X 10_15_7) AppleWebKit/537.36 (KHTML, like Gecko) Chrome/104.0.0.0 Safari/537.36"
74.7.227.133 - - [31/Mar/2026:12:38:04 +0000] "GET /wp-json/oembed/1.0/embed?url=https%3A%2F%2Fsumitkumarlaw.co.nz%2F2026%2F02%2F25%2Ffree-australian-pokies-game-no-download%2F HTTP/1.1" 200 2322 "https://sumitkumarlaw.co.nz/?p=1720" "Mozilla/5.0 AppleWebKit/537.36 (KHTML, like Gecko; compatible; GPTBot/1.3; +https://openai.com/gptbot)"
74.7.227.133 - - [31/Mar/2026:12:38:05 +0000] "GET /wp-json/oembed/1.0/embed?format=xml&url=https%3A%2F%2Fsumitkumarlaw.co.nz%2F2026%2F02%2F25%2Fis-playing-real-money-pokies-in-new-zealand-safe-and-legal%2F HTTP/1.1" 200 2566 "https://sumitkumarlaw.co.nz/?p=1512" "Mozilla/5.0 AppleWebKit/537.36 (KHTML, like Gecko; compatible; GPTBot/1.3; +https://openai.com/gptbot)"
74.7.227.133 - - [31/Mar/2026:12:38:06 +0000] "GET /wp-json/oembed/1.0/embed?url=https%3A%2F%2Fsumitkumarlaw.co.nz%2F2026%2F02%2F25%2Fprofitable-pokies-with-welcome-bonus-with-no-download%2F HTTP/1.1" 200 2392 "https://sumitkumarlaw.co.nz/?p=1288" "Mozilla/5.0 AppleWebKit/537.36 (KHTML, like Gecko; compatible; GPTBot/1.3; +https://openai.com/gptbot)"
74.7.227.133 - - [31/Mar/2026:12:38:07 +0000] "GET /wp-json/oembed/1.0/embed?format=xml&url=https%3A%2F%2Fsumitkumarlaw.co.nz%2F2026%2F02%2F25%2Ffree-deposit-casino-pokies-with-welcome-rounds-no-downloads%2F HTTP/1.1" 200 2571 "https://sumitkumarlaw.co.nz/?p=2317" "Mozilla/5.0 AppleWebKit/537.36 (KHTML, like Gecko; compatible; GPTBot/1.3; +https://openai.com/gptbot)"
74.7.227.133 - - [31/Mar/2026:12:38:07 +0000] "GET /wp-json/oembed/1.0/embed?format=xml&url=https%3A%2F%2Fsumitkumarlaw.co.nz%2F2026%2F02%2F25%2Fhow-to-choose-software-developer-to-play-aussie-pokies-online%2F HTTP/1.1" 200 2581 "https://sumitkumarlaw.co.nz/?p=1110" "Mozilla/5.0 AppleWebKit/537.36 (KHTML, like Gecko; compatible; GPTBot/1.3; +https://openai.com/gptbot)"
74.7.227.133 - - [31/Mar/2026:12:38:08 +0000] "GET /wp-json/oembed/1.0/embed?format=xml&url=https%3A%2F%2Fsumitkumarlaw.co.nz%2F2026%2F02%2F25%2Ffree-deposit-casino-pokies-games-no-downloads-no-registration%2F HTTP/1.1" 200 2581 "https://sumitkumarlaw.co.nz/?p=1414" "Mozilla/5.0 AppleWebKit/537.36 (KHTML, like Gecko; compatible; GPTBot/1.3; +https://openai.com/gptbot)"
74.7.227.133 - - [31/Mar/2026:12:38:09 +0000] "GET /wp-json/oembed/1.0/embed?format=xml&url=https%3A%2F%2Fsumitkumarlaw.co.nz%2F2026%2F02%2F25%2Fnew-online-casinos-australia-no-deposit-registration-bonus%2F HTTP/1.1" 200 2566 "https://sumitkumarlaw.co.nz/?p=1664" "Mozilla/5.0 AppleWebKit/537.36 (KHTML, like Gecko; compatible; GPTBot/1.3; +https://openai.com/gptbot)"
74.7.227.133 - - [31/Mar/2026:12:38:10 +0000] "GET /wp-json/oembed/1.0/embed?url=https%3A%2F%2Fsumitkumarlaw.co.nz%2F2026%2F02%2F25%2Ffree-casino-pokies-machine-for-fun-no-download%2F HTTP/1.1" 200 2357 "https://sumitkumarlaw.co.nz/?p=1422" "Mozilla/5.0 AppleWebKit/537.36 (KHTML, like Gecko; compatible; GPTBot/1.3; +https://openai.com/gptbot)"
74.7.227.133 - - [31/Mar/2026:12:38:10 +0000] "GET /wp-json/oembed/1.0/embed?url=https%3A%2F%2Fsumitkumarlaw.co.nz%2F2026%2F02%2F25%2Fplay-casino-pokies-machines-free-no-download%2F HTTP/1.1" 200 2347 "https://sumitkumarlaw.co.nz/?p=1716" "Mozilla/5.0 AppleWebKit/537.36 (KHTML, like Gecko; compatible; GPTBot/1.3; +https://openai.com/gptbot)"
74.7.227.133 - - [31/Mar/2026:12:38:11 +0000] "GET /wp-json/oembed/1.0/embed?url=https%3A%2F%2Fsumitkumarlaw.co.nz%2F2026%2F02%2F25%2Ffree-deposit-casino-pokies-games-no-download%2F HTTP/1.1" 200 2347 "https://sumitkumarlaw.co.nz/?p=1491" "Mozilla/5.0 AppleWebKit/537.36 (KHTML, like Gecko; compatible; GPTBot/1.3; +https://openai.com/gptbot)"
74.7.227.133 - - [31/Mar/2026:12:38:12 +0000] "GET /wp-json/oembed/1.0/embed?url=https%3A%2F%2Fsumitkumarlaw.co.nz%2F2026%2F02%2F25%2Fmoney-pokies-free-no-download-no-registration%2F HTTP/1.1" 200 2352 "https://sumitkumarlaw.co.nz/?p=2788" "Mozilla/5.0 AppleWebKit/537.36 (KHTML, like Gecko; compatible; GPTBot/1.3; +https://openai.com/gptbot)"
74.7.227.133 - - [31/Mar/2026:12:38:12 +0000] "GET /wp-json/oembed/1.0/embed?url=https%3A%2F%2Fsumitkumarlaw.co.nz%2F2026%2F02%2F25%2Fplay-free-pokies-online-for-fun-no-download%2F HTTP/1.1" 200 2342 "https://sumitkumarlaw.co.nz/?p=1165" "Mozilla/5.0 AppleWebKit/537.36 (KHTML, like Gecko; compatible; GPTBot/1.3; +https://openai.com/gptbot)"
74.7.227.133 - - [31/Mar/2026:12:38:13 +0000] "GET /wp-json/oembed/1.0/embed?url=https%3A%2F%2Fsumitkumarlaw.co.nz%2F2026%2F02%2F25%2Ftry-pokies-for-real-money-no-download%2F HTTP/1.1" 200 2312 "https://sumitkumarlaw.co.nz/?p=2186" "Mozilla/5.0 AppleWebKit/537.36 (KHTML, like Gecko; compatible; GPTBot/1.3; +https://openai.com/gptbot)"
74.7.227.133 - - [31/Mar/2026:12:38:14 +0000] "GET /wp-json/oembed/1.0/embed?url=https%3A%2F%2Fsumitkumarlaw.co.nz%2F2026%2F02%2F25%2Ffree-top-pokies-for-fun-no-download%2F HTTP/1.1" 200 2302 "https://sumitkumarlaw.co.nz/?p=1309" "Mozilla/5.0 AppleWebKit/537.36 (KHTML, like Gecko; compatible; GPTBot/1.3; +https://openai.com/gptbot)"
74.7.227.133 - - [31/Mar/2026:12:38:15 +0000] "GET /wp-json/oembed/1.0/embed?url=https%3A%2F%2Fsumitkumarlaw.co.nz%2F2026%2F02%2F25%2Ffree-online-pokies-with-bonuses-no-download%2F HTTP/1.1" 200 2342 "https://sumitkumarlaw.co.nz/?p=1825" "Mozilla/5.0 AppleWebKit/537.36 (KHTML, like Gecko; compatible; GPTBot/1.3; +https://openai.com/gptbot)"
74.7.227.133 - - [31/Mar/2026:12:38:15 +0000] "GET /wp-json/oembed/1.0/embed?url=https%3A%2F%2Fsumitkumarlaw.co.nz%2F2026%2F02%2F25%2Flive-pokies-no-download-or-registration%2F HTTP/1.1" 200 2322 "https://sumitkumarlaw.co.nz/?p=2413" "Mozilla/5.0 AppleWebKit/537.36 (KHTML, like Gecko; compatible; GPTBot/1.3; +https://openai.com/gptbot)"
74.7.227.133 - - [31/Mar/2026:12:38:16 +0000] "GET /wp-json/oembed/1.0/embed?url=https%3A%2F%2Fsumitkumarlaw.co.nz%2F2026%2F02%2F25%2Ftax-free-pokies-for-free-no-download%2F HTTP/1.1" 200 2307 "https://sumitkumarlaw.co.nz/?p=1480" "Mozilla/5.0 AppleWebKit/537.36 (KHTML, like Gecko; compatible; GPTBot/1.3; +https://openai.com/gptbot)"
74.7.227.133 - - [31/Mar/2026:12:38:17 +0000] "GET /wp-json/oembed/1.0/embed?url=https%3A%2F%2Fsumitkumarlaw.co.nz%2F2026%2F02%2F25%2Ftop-australian-pokies-no-download%2F HTTP/1.1" 200 2292 "https://sumitkumarlaw.co.nz/?p=1828" "Mozilla/5.0 AppleWebKit/537.36 (KHTML, like Gecko; compatible; GPTBot/1.3; +https://openai.com/gptbot)"
74.7.227.133 - - [31/Mar/2026:12:38:18 +0000] "GET /wp-json/oembed/1.0/embed?format=xml&url=https%3A%2F%2Fsumitkumarlaw.co.nz%2F2026%2F02%2F25%2Fdifference-between-australia-roulette-and-european-roulette%2F HTTP/1.1" 200 2571 "https://sumitkumarlaw.co.nz/?p=2284" "Mozilla/5.0 AppleWebKit/537.36 (KHTML, like Gecko; compatible; GPTBot/1.3; +https://openai.com/gptbot)"
74.7.227.133 - - [31/Mar/2026:12:38:18 +0000] "GET /wp-json/oembed/1.0/embed?format=xml&url=https%3A%2F%2Fsumitkumarlaw.co.nz%2F2026%2F02%2F25%2Fis-online-casino-legal-in-nz%2F HTTP/1.1" 200 2416 "https://sumitkumarlaw.co.nz/?p=1270" "Mozilla/5.0 AppleWebKit/537.36 (KHTML, like Gecko; compatible; GPTBot/1.3; +https://openai.com/gptbot)"
74.7.227.133 - - [31/Mar/2026:12:38:19 +0000] "GET /wp-json/oembed/1.0/embed?url=https%3A%2F%2Fsumitkumarlaw.co.nz%2F2026%2F02%2F25%2Ffree-no-download-popular-pokies%2F HTTP/1.1" 200 2282 "https://sumitkumarlaw.co.nz/?p=1477" "Mozilla/5.0 AppleWebKit/537.36 (KHTML, like Gecko; compatible; GPTBot/1.3; +https://openai.com/gptbot)"
74.7.227.133 - - [31/Mar/2026:12:38:20 +0000] "GET /wp-json/oembed/1.0/embed?url=https%3A%2F%2Fsumitkumarlaw.co.nz%2F2026%2F02%2F25%2Freal-pokies-download%2F HTTP/1.1" 200 2227 "https://sumitkumarlaw.co.nz/?p=1339" "Mozilla/5.0 AppleWebKit/537.36 (KHTML, like Gecko; compatible; GPTBot/1.3; +https://openai.com/gptbot)"
74.7.227.133 - - [31/Mar/2026:12:38:20 +0000] "GET /wp-json/oembed/1.0/embed?url=https%3A%2F%2Fsumitkumarlaw.co.nz%2F2026%2F02%2F25%2Fpokies-games-free-download%2F HTTP/1.1" 200 2257 "https://sumitkumarlaw.co.nz/?p=1378" "Mozilla/5.0 AppleWebKit/537.36 (KHTML, like Gecko; compatible; GPTBot/1.3; +https://openai.com/gptbot)"
74.7.227.133 - - [31/Mar/2026:12:38:21 +0000] "GET /wp-json/oembed/1.0/embed?url=https%3A%2F%2Fsumitkumarlaw.co.nz%2F2026%2F02%2F25%2Ffree-pokies-download%2F HTTP/1.1" 200 2227 "https://sumitkumarlaw.co.nz/?p=1520" "Mozilla/5.0 AppleWebKit/537.36 (KHTML, like Gecko; compatible; GPTBot/1.3; +https://openai.com/gptbot)"
74.7.227.133 - - [31/Mar/2026:12:38:22 +0000] "GET /wp-json/oembed/1.0/embed?url=https%3A%2F%2Fsumitkumarlaw.co.nz%2F2026%2F02%2F25%2Fgambling-pokies-no-download%2F HTTP/1.1" 200 2262 "https://sumitkumarlaw.co.nz/?p=2291" "Mozilla/5.0 AppleWebKit/537.36 (KHTML, like Gecko; compatible; GPTBot/1.3; +https://openai.com/gptbot)"
74.7.227.133 - - [31/Mar/2026:12:38:22 +0000] "GET /wp-json/oembed/1.0/embed?url=https%3A%2F%2Fsumitkumarlaw.co.nz%2F2026%2F02%2F25%2Fparty-casino-download-australia%2F HTTP/1.1" 200 2282 "https://sumitkumarlaw.co.nz/?p=2326" "Mozilla/5.0 AppleWebKit/537.36 (KHTML, like Gecko; compatible; GPTBot/1.3; +https://openai.com/gptbot)"
74.7.227.133 - - [31/Mar/2026:12:38:23 +0000] "GET /wp-json/oembed/1.0/embed?format=xml&url=https%3A%2F%2Fsumitkumarlaw.co.nz%2F2026%2F02%2F25%2Ffree-online-australian-pokies-for-real-money%2F HTTP/1.1" 200 2496 "https://sumitkumarlaw.co.nz/?p=1560" "Mozilla/5.0 AppleWebKit/537.36 (KHTML, like Gecko; compatible; GPTBot/1.3; +https://openai.com/gptbot)"
74.7.227.133 - - [31/Mar/2026:12:38:24 +0000] "GET /wp-json/oembed/1.0/embed?format=xml&url=https%3A%2F%2Fsumitkumarlaw.co.nz%2F2026%2F02%2F25%2Fare-online-casinos-legal-in-the-australia%2F HTTP/1.1" 200 2481 "https://sumitkumarlaw.co.nz/?p=2347" "Mozilla/5.0 AppleWebKit/537.36 (KHTML, like Gecko; compatible; GPTBot/1.3; +https://openai.com/gptbot)"
74.7.227.133 - - [31/Mar/2026:12:38:25 +0000] "GET /wp-json/oembed/1.0/embed?format=xml&url=https%3A%2F%2Fsumitkumarlaw.co.nz%2F2026%2F02%2F25%2Fbest-australian-pokies-real-money-legal%2F HTTP/1.1" 200 2471 "https://sumitkumarlaw.co.nz/?p=1762" "Mozilla/5.0 AppleWebKit/537.36 (KHTML, like Gecko; compatible; GPTBot/1.3; +https://openai.com/gptbot)"
74.7.227.133 - - [31/Mar/2026:12:38:25 +0000] "GET /wp-json/oembed/1.0/embed?format=xml&url=https%3A%2F%2Fsumitkumarlaw.co.nz%2F2026%2F02%2F25%2Fthe-top-online-pokies-and-casinos-in-new-zealand-or-not%2F HTTP/1.1" 200 2551 "https://sumitkumarlaw.co.nz/?p=1391" "Mozilla/5.0 AppleWebKit/537.36 (KHTML, like Gecko; compatible; GPTBot/1.3; +https://openai.com/gptbot)"
74.7.227.133 - - [31/Mar/2026:12:38:26 +0000] "GET /wp-json/oembed/1.0/embed?format=xml&url=https%3A%2F%2Fsumitkumarlaw.co.nz%2F2026%2F02%2F25%2Fwhat-is-the-largest-gambling-casino-in-the-new-zealand%2F HTTP/1.1" 200 2546 "https://sumitkumarlaw.co.nz/?p=1258" "Mozilla/5.0 AppleWebKit/537.36 (KHTML, like Gecko; compatible; GPTBot/1.3; +https://openai.com/gptbot)"
74.7.227.133 - - [31/Mar/2026:12:38:27 +0000] "GET /wp-json/oembed/1.0/embed?format=xml&url=https%3A%2F%2Fsumitkumarlaw.co.nz%2F2026%2F02%2F25%2Fthe-best-australian-pokies-real-money-with-free-money%2F HTTP/1.1" 200 2541 "https://sumitkumarlaw.co.nz/?p=2021" "Mozilla/5.0 AppleWebKit/537.36 (KHTML, like Gecko; compatible; GPTBot/1.3; +https://openai.com/gptbot)"
74.7.227.133 - - [31/Mar/2026:12:38:27 +0000] "GET /wp-json/oembed/1.0/embed?format=xml&url=https%3A%2F%2Fsumitkumarlaw.co.nz%2F2026%2F02%2F25%2Fdo-you-pay-taxes-on-gambling-winnings-in-australia%2F HTTP/1.1" 200 2526 "https://sumitkumarlaw.co.nz/?p=2142" "Mozilla/5.0 AppleWebKit/537.36 (KHTML, like Gecko; compatible; GPTBot/1.3; +https://openai.com/gptbot)"
74.7.227.133 - - [31/Mar/2026:12:38:28 +0000] "GET /wp-json/oembed/1.0/embed?format=xml&url=https%3A%2F%2Fsumitkumarlaw.co.nz%2F2026%2F02%2F25%2Fonline-pokies-new-zealand-no-deposit-sign-up-bonus%2F HTTP/1.1" 200 2526 "https://sumitkumarlaw.co.nz/?p=1676" "Mozilla/5.0 AppleWebKit/537.36 (KHTML, like Gecko; compatible; GPTBot/1.3; +https://openai.com/gptbot)"
