74.7.227.133 - - [31/Mar/2026:12:07:10 +0000] "GET /wp-json/oembed/1.0/embed?url=https%3A%2F%2Fsumitkumarlaw.co.nz%2F2026%2F02%2F25%2Fmost-trusted-australian-online-pokies%2F HTTP/1.1" 200 2312 "https://sumitkumarlaw.co.nz/?p=2078" "Mozilla/5.0 AppleWebKit/537.36 (KHTML, like Gecko; compatible; GPTBot/1.3; +https://openai.com/gptbot)"
66.249.70.69 - - [31/Mar/2026:12:07:24 +0000] "GET /?p=6370 HTTP/1.1" 301 - "-" "Mozilla/5.0 (Linux; Android 6.0.1; Nexus 5X Build/MMB29P) AppleWebKit/537.36 (KHTML, like Gecko) Chrome/146.0.7680.153 Mobile Safari/537.36 (compatible; Googlebot/2.1; +http://www.google.com/bot.html)"
82.24.162.128 - - [31/Mar/2026:12:07:24 +0000] "GET /?p=1443 HTTP/1.1" 301 - "-" "Mozilla/5.0 (Macintosh; Intel Mac OS X 10_15_7) AppleWebKit/537.36 (KHTML, like Gecko) Chrome/104.0.0.0 Safari/537.36"
82.24.162.128 - - [31/Mar/2026:12:07:25 +0000] "GET /2026/02/25/casino-pokies-signup-bonus-no-deposit/ HTTP/1.1" 200 105261 "-" "Mozilla/5.0 (Macintosh; Intel Mac OS X 10_15_7) AppleWebKit/537.36 (KHTML, like Gecko) Chrome/104.0.0.0 Safari/537.36"
66.249.70.67 - - [31/Mar/2026:12:07:28 +0000] "GET /2026/02/25/best-pokies-online-casino-real-money/ HTTP/1.1" 200 103926 "-" "Mozilla/5.0 (Linux; Android 6.0.1; Nexus 5X Build/MMB29P) AppleWebKit/537.36 (KHTML, like Gecko) Chrome/146.0.7680.153 Mobile Safari/537.36 (compatible; Googlebot/2.1; +http://www.google.com/bot.html)"
66.249.70.67 - - [31/Mar/2026:12:07:34 +0000] "GET /?p=3451 HTTP/1.1" 301 - "-" "Mozilla/5.0 (Linux; Android 6.0.1; Nexus 5X Build/MMB29P) AppleWebKit/537.36 (KHTML, like Gecko) Chrome/146.0.7680.153 Mobile Safari/537.36 (compatible; Googlebot/2.1; +http://www.google.com/bot.html)"
45.79.238.235 - - [31/Mar/2026:12:08:00 +0000] "POST /wp-cron.php?doing_wp_cron=1774958880.1310999393463134765625 HTTP/1.1" 200 - "-" "WordPress/6.9.4; https://sumitkumarlaw.co.nz"
45.79.238.235 - - [31/Mar/2026:12:08:00 +0000] "POST /wp-cron.php?doing_wp_cron=1774958880.1798589229583740234375 HTTP/1.1" 200 - "-" "WordPress/6.9.4; https://sumitkumarlaw.co.nz"
45.79.238.235 - - [31/Mar/2026:12:08:00 +0000] "POST /wp-cron.php?doing_wp_cron=1774958880.2440669536590576171875 HTTP/1.1" 200 - "-" "WordPress/6.9.4; https://sumitkumarlaw.co.nz"
66.249.70.67 - - [31/Mar/2026:12:07:58 +0000] "GET /?p=6759 HTTP/1.1" 301 - "-" "Mozilla/5.0 (Linux; Android 6.0.1; Nexus 5X Build/MMB29P) AppleWebKit/537.36 (KHTML, like Gecko) Chrome/146.0.7680.153 Mobile Safari/537.36 (compatible; Googlebot/2.1; +http://www.google.com/bot.html)"
66.249.70.68 - - [31/Mar/2026:12:08:09 +0000] "GET /2026/02/25/brooklyn-nz-casino/ HTTP/1.1" 200 104504 "-" "Mozilla/5.0 (Linux; Android 6.0.1; Nexus 5X Build/MMB29P) AppleWebKit/537.36 (KHTML, like Gecko) Chrome/146.0.7680.153 Mobile Safari/537.36 (compatible; Googlebot/2.1; +http://www.google.com/bot.html)"
74.7.227.133 - - [31/Mar/2026:12:08:11 +0000] "GET /wp-json/oembed/1.0/embed?url=https%3A%2F%2Fsumitkumarlaw.co.nz%2F2026%2F02%2F25%2Fonline-casino-australia-real-money-roulette%2F HTTP/1.1" 200 2342 "https://sumitkumarlaw.co.nz/?p=1483" "Mozilla/5.0 AppleWebKit/537.36 (KHTML, like Gecko; compatible; GPTBot/1.3; +https://openai.com/gptbot)"
66.249.70.67 - - [31/Mar/2026:12:08:15 +0000] "GET /?p=7419 HTTP/1.1" 301 - "-" "Mozilla/5.0 (Linux; Android 6.0.1; Nexus 5X Build/MMB29P) AppleWebKit/537.36 (KHTML, like Gecko) Chrome/146.0.7680.153 Mobile Safari/537.36 (compatible; Googlebot/2.1; +http://www.google.com/bot.html)"
66.249.70.67 - - [31/Mar/2026:12:08:16 +0000] "GET /2026/02/25/safe-online-gambling-nz/ HTTP/1.1" 200 103747 "-" "Mozilla/5.0 (Linux; Android 6.0.1; Nexus 5X Build/MMB29P) AppleWebKit/537.36 (KHTML, like Gecko) Chrome/146.0.7680.153 Mobile Safari/537.36 (compatible; Googlebot/2.1; +http://www.google.com/bot.html)"
66.249.70.67 - - [31/Mar/2026:12:08:26 +0000] "GET /?p=6305 HTTP/1.1" 301 - "-" "Mozilla/5.0 (Linux; Android 6.0.1; Nexus 5X Build/MMB29P) AppleWebKit/537.36 (KHTML, like Gecko) Chrome/146.0.7680.153 Mobile Safari/537.36 (compatible; Googlebot/2.1; +http://www.google.com/bot.html)"
66.249.70.67 - - [31/Mar/2026:12:08:27 +0000] "GET /2026/02/25/500-free-spins-no-deposit-nz/ HTTP/1.1" 200 103824 "-" "Mozilla/5.0 (Linux; Android 6.0.1; Nexus 5X Build/MMB29P) AppleWebKit/537.36 (KHTML, like Gecko) Chrome/146.0.7680.153 Mobile Safari/537.36 (compatible; Googlebot/2.1; +http://www.google.com/bot.html)"
66.249.70.67 - - [31/Mar/2026:12:08:33 +0000] "GET /2026/02/25/live-pokies-play-au/ HTTP/1.1" 200 103838 "-" "Mozilla/5.0 (Linux; Android 6.0.1; Nexus 5X Build/MMB29P) AppleWebKit/537.36 (KHTML, like Gecko) Chrome/146.0.7680.153 Mobile Safari/537.36 (compatible; Googlebot/2.1; +http://www.google.com/bot.html)"
66.249.70.67 - - [31/Mar/2026:12:08:37 +0000] "GET /?p=3262 HTTP/1.1" 301 - "-" "Mozilla/5.0 (Linux; Android 6.0.1; Nexus 5X Build/MMB29P) AppleWebKit/537.36 (KHTML, like Gecko) Chrome/146.0.7680.153 Mobile Safari/537.36 (compatible; Googlebot/2.1; +http://www.google.com/bot.html)"
66.249.70.67 - - [31/Mar/2026:12:08:42 +0000] "GET /2026/02/25/phone-bill-casino-au/ HTTP/1.1" 200 103516 "-" "Mozilla/5.0 (Linux; Android 6.0.1; Nexus 5X Build/MMB29P) AppleWebKit/537.36 (KHTML, like Gecko) Chrome/146.0.7680.153 Mobile Safari/537.36 (compatible; Googlebot/2.1; +http://www.google.com/bot.html)"
66.249.70.67 - - [31/Mar/2026:12:08:50 +0000] "GET /2026/02/25/sydney-star-casino/ HTTP/1.1" 200 103155 "-" "Mozilla/5.0 (Linux; Android 6.0.1; Nexus 5X Build/MMB29P) AppleWebKit/537.36 (KHTML, like Gecko) Chrome/146.0.7680.153 Mobile Safari/537.36 (compatible; Googlebot/2.1; +http://www.google.com/bot.html)"
45.79.238.235 - - [31/Mar/2026:12:09:09 +0000] "POST /wp-cron.php?doing_wp_cron=1774958949.7920010089874267578125 HTTP/1.1" 200 - "-" "WordPress/6.9.4; https://sumitkumarlaw.co.nz"
74.7.227.133 - - [31/Mar/2026:12:09:07 +0000] "GET /wp-json/oembed/1.0/embed?url=https%3A%2F%2Fsumitkumarlaw.co.nz%2F2026%2F02%2F25%2Faustralia-online-casino-no-deposit-bonus%2F HTTP/1.1" 200 2327 "https://sumitkumarlaw.co.nz/?p=2010" "Mozilla/5.0 AppleWebKit/537.36 (KHTML, like Gecko; compatible; GPTBot/1.3; +https://openai.com/gptbot)"
66.249.70.69 - - [31/Mar/2026:12:09:28 +0000] "GET /2026/02/25/boulder-casino-ontario/ HTTP/1.1" 200 103200 "-" "Mozilla/5.0 (Linux; Android 6.0.1; Nexus 5X Build/MMB29P) AppleWebKit/537.36 (KHTML, like Gecko) Chrome/146.0.7680.153 Mobile Safari/537.36 (compatible; Googlebot/2.1; +http://www.google.com/bot.html)"
45.79.238.235 - - [31/Mar/2026:12:10:02 +0000] "POST /wp-cron.php?doing_wp_cron=1774959002.8425149917602539062500 HTTP/1.1" 200 - "-" "WordPress/6.9.4; https://sumitkumarlaw.co.nz"
74.7.227.133 - - [31/Mar/2026:12:10:00 +0000] "GET /wp-json/oembed/1.0/embed?url=https%3A%2F%2Fsumitkumarlaw.co.nz%2F2026%2F02%2F25%2Fbest-deposit-bonus-betting-sites-australia%2F HTTP/1.1" 200 2337 "https://sumitkumarlaw.co.nz/?p=2129" "Mozilla/5.0 AppleWebKit/537.36 (KHTML, like Gecko; compatible; GPTBot/1.3; +https://openai.com/gptbot)"
104.210.140.136 - - [31/Mar/2026:12:10:03 +0000] "GET /robots.txt HTTP/1.1" 304 - "-" "Mozilla/5.0 (Macintosh; Intel Mac OS X 10_15_7) AppleWebKit/537.36 (KHTML, like Gecko) Chrome/131.0.0.0 Safari/537.36; compatible; OAI-SearchBot/1.0; +https://openai.com/searchbot"
66.249.70.67 - - [31/Mar/2026:12:10:25 +0000] "GET /?p=6534 HTTP/1.1" 301 - "-" "Mozilla/5.0 (Linux; Android 6.0.1; Nexus 5X Build/MMB29P) AppleWebKit/537.36 (KHTML, like Gecko) Chrome/146.0.7680.153 Mobile Safari/537.36 (compatible; Googlebot/2.1; +http://www.google.com/bot.html)"
66.249.70.68 - - [31/Mar/2026:12:10:28 +0000] "GET /2026/02/25/7-spins-pokies/ HTTP/1.1" 200 103476 "-" "Mozilla/5.0 (Linux; Android 6.0.1; Nexus 5X Build/MMB29P) AppleWebKit/537.36 (KHTML, like Gecko) Chrome/146.0.7680.153 Mobile Safari/537.36 (compatible; Googlebot/2.1; +http://www.google.com/bot.html)"
66.249.70.67 - - [31/Mar/2026:12:10:31 +0000] "GET /?p=3781 HTTP/1.1" 301 - "-" "Mozilla/5.0 (Linux; Android 6.0.1; Nexus 5X Build/MMB29P) AppleWebKit/537.36 (KHTML, like Gecko) Chrome/146.0.7680.153 Mobile Safari/537.36 (compatible; Googlebot/2.1; +http://www.google.com/bot.html)"
66.249.70.68 - - [31/Mar/2026:12:10:32 +0000] "GET /2026/02/25/play-slots-online-for-real-new-zealand/ HTTP/1.1" 200 103534 "-" "Mozilla/5.0 (Linux; Android 6.0.1; Nexus 5X Build/MMB29P) AppleWebKit/537.36 (KHTML, like Gecko) Chrome/146.0.7680.153 Mobile Safari/537.36 (compatible; Googlebot/2.1; +http://www.google.com/bot.html)"
74.7.227.133 - - [31/Mar/2026:12:10:46 +0000] "GET /wp-json/oembed/1.0/embed?url=https%3A%2F%2Fsumitkumarlaw.co.nz%2F2026%2F02%2F25%2Fmost-slot-machines-casino-in-australia%2F HTTP/1.1" 200 2317 "https://sumitkumarlaw.co.nz/?p=1858" "Mozilla/5.0 AppleWebKit/537.36 (KHTML, like Gecko; compatible; GPTBot/1.3; +https://openai.com/gptbot)"
45.79.238.235 - - [31/Mar/2026:12:11:28 +0000] "POST /wp-cron.php?doing_wp_cron=1774959088.5593988895416259765625 HTTP/1.1" 200 - "-" "WordPress/6.9.4; https://sumitkumarlaw.co.nz"
74.7.227.133 - - [31/Mar/2026:12:11:27 +0000] "GET /wp-json/oembed/1.0/embed?url=https%3A%2F%2Fsumitkumarlaw.co.nz%2F2026%2F02%2F25%2Feuropean-vs-new-zealand-roulette-wheel%2F HTTP/1.1" 200 2317 "https://sumitkumarlaw.co.nz/?p=1486" "Mozilla/5.0 AppleWebKit/537.36 (KHTML, like Gecko; compatible; GPTBot/1.3; +https://openai.com/gptbot)"
66.249.70.67 - - [31/Mar/2026:12:11:51 +0000] "GET /?p=3343 HTTP/1.1" 301 - "-" "Mozilla/5.0 (Linux; Android 6.0.1; Nexus 5X Build/MMB29P) AppleWebKit/537.36 (KHTML, like Gecko) Chrome/146.0.7680.153 Mobile Safari/537.36 (compatible; Googlebot/2.1; +http://www.google.com/bot.html)"
45.79.238.235 - - [31/Mar/2026:12:11:53 +0000] "POST /wp-cron.php?doing_wp_cron=1774959113.0201470851898193359375 HTTP/1.1" 200 - "-" "WordPress/6.9.4; https://sumitkumarlaw.co.nz"
66.249.70.69 - - [31/Mar/2026:12:11:52 +0000] "GET /2026/02/25/free-pokies-online-without-registration/ HTTP/1.1" 200 103467 "-" "Mozilla/5.0 (Linux; Android 6.0.1; Nexus 5X Build/MMB29P) AppleWebKit/537.36 (KHTML, like Gecko) Chrome/146.0.7680.153 Mobile Safari/537.36 (compatible; Googlebot/2.1; +http://www.google.com/bot.html)"
74.7.227.133 - - [31/Mar/2026:12:12:03 +0000] "GET /wp-json/oembed/1.0/embed?url=https%3A%2F%2Fsumitkumarlaw.co.nz%2F2026%2F02%2F25%2Fbest-deposit-casino-pokies-site-australia%2F HTTP/1.1" 200 2332 "https://sumitkumarlaw.co.nz/?p=2837" "Mozilla/5.0 AppleWebKit/537.36 (KHTML, like Gecko; compatible; GPTBot/1.3; +https://openai.com/gptbot)"
74.7.227.133 - - [31/Mar/2026:12:12:35 +0000] "GET /wp-json/oembed/1.0/embed?url=https%3A%2F%2Fsumitkumarlaw.co.nz%2F2026%2F02%2F25%2F120-free-spins-for-real-money-nz%2F HTTP/1.1" 200 2287 "https://sumitkumarlaw.co.nz/?p=1344" "Mozilla/5.0 AppleWebKit/537.36 (KHTML, like Gecko; compatible; GPTBot/1.3; +https://openai.com/gptbot)"
45.79.238.235 - - [31/Mar/2026:12:13:07 +0000] "POST /wp-cron.php?doing_wp_cron=1774959187.0216820240020751953125 HTTP/1.1" 200 - "-" "WordPress/6.9.4; https://sumitkumarlaw.co.nz"
74.7.227.133 - - [31/Mar/2026:12:13:06 +0000] "GET /wp-json/oembed/1.0/embed?url=https%3A%2F%2Fsumitkumarlaw.co.nz%2F2026%2F02%2F25%2Fdeposit-10-play-with-80-slots-nz%2F HTTP/1.1" 200 2287 "https://sumitkumarlaw.co.nz/?p=1965" "Mozilla/5.0 AppleWebKit/537.36 (KHTML, like Gecko; compatible; GPTBot/1.3; +https://openai.com/gptbot)"
74.7.227.133 - - [31/Mar/2026:12:13:34 +0000] "GET /wp-json/oembed/1.0/embed?url=https%3A%2F%2Fsumitkumarlaw.co.nz%2F2026%2F02%2F25%2Fhow-to-play-pokies-tips%2F HTTP/1.1" 200 2242 "https://sumitkumarlaw.co.nz/?p=3634" "Mozilla/5.0 AppleWebKit/537.36 (KHTML, like Gecko; compatible; GPTBot/1.3; +https://openai.com/gptbot)"
185.177.72.50 - - [31/Mar/2026:12:13:48 +0000] "GET /robots.txt HTTP/1.1" 304 - "-" "Mozilla/5.0 (Windows NT 10.0; Win64; x64) AppleWebKit/537.36"
185.177.72.50 - - [31/Mar/2026:12:13:46 +0000] "GET /cart HTTP/1.1" 301 - "-" "Mozilla/5.0 (Windows NT 10.0; Win64; x64) AppleWebKit/537.36, Mozilla/5.0 (Windows NT 10.0; Win64; x64) AppleWebKit/537.36 (KHTML, like Gecko) Chrome/120.0.0.0 Safari/537.36"
185.177.72.50 - - [31/Mar/2026:12:13:49 +0000] "GET /robots.txt HTTP/1.1" 304 - "-" "Mozilla/5.0 (Windows NT 10.0; Win64; x64) AppleWebKit/537.36"
185.177.72.50 - - [31/Mar/2026:12:13:47 +0000] "GET /cart HTTP/1.1" 404 96945 "-" "Mozilla/5.0 (Windows NT 10.0; Win64; x64) AppleWebKit/537.36, Mozilla/5.0 (Windows NT 10.0; Win64; x64) AppleWebKit/537.36 (KHTML, like Gecko) Chrome/120.0.0.0 Safari/537.36"
185.177.72.50 - - [31/Mar/2026:12:13:47 +0000] "GET /billing HTTP/1.1" 404 96945 "-" "Mozilla/5.0 (Windows NT 10.0; Win64; x64) AppleWebKit/537.36, Mozilla/5.0 (Windows NT 10.0; Win64; x64) AppleWebKit/537.36 (KHTML, like Gecko) Chrome/120.0.0.0 Safari/537.36"
185.177.72.50 - - [31/Mar/2026:12:13:47 +0000] "GET /donate HTTP/1.1" 404 96945 "-" "Mozilla/5.0 (Windows NT 10.0; Win64; x64) AppleWebKit/537.36, Mozilla/5.0 (Windows NT 10.0; Win64; x64) AppleWebKit/537.36 (KHTML, like Gecko) Chrome/120.0.0.0 Safari/537.36"
185.177.72.50 - - [31/Mar/2026:12:13:47 +0000] "GET /.env HTTP/1.1" 403 4170 "-" "Mozilla/5.0 (Windows NT 10.0; Win64; x64) AppleWebKit/537.36, Mozilla/5.0 (Macintosh; Intel Mac OS X 10_15_7) AppleWebKit/537.36 (KHTML, like Gecko) Chrome/120.0.0.0 Safari/537.36"
185.177.72.50 - - [31/Mar/2026:12:13:47 +0000] "GET /plans HTTP/1.1" 404 96945 "-" "Mozilla/5.0 (Windows NT 10.0; Win64; x64) AppleWebKit/537.36, Mozilla/5.0 (Windows NT 10.0; Win64; x64) AppleWebKit/537.36 (KHTML, like Gecko) Chrome/120.0.0.0 Safari/537.36"
185.177.72.50 - - [31/Mar/2026:12:13:46 +0000] "GET /checkout HTTP/1.1" 404 96945 "-" "Mozilla/5.0 (Windows NT 10.0; Win64; x64) AppleWebKit/537.36, Mozilla/5.0 (Windows NT 10.0; Win64; x64) AppleWebKit/537.36 (KHTML, like Gecko) Chrome/120.0.0.0 Safari/537.36"
185.177.72.50 - - [31/Mar/2026:12:13:47 +0000] "GET /index.html HTTP/1.1" 301 - "-" "Mozilla/5.0 (Windows NT 10.0; Win64; x64) AppleWebKit/537.36, Mozilla/5.0 (Windows NT 10.0; Win64; x64) AppleWebKit/537.36 (KHTML, like Gecko) Chrome/120.0.0.0 Safari/537.36"
185.177.72.50 - - [31/Mar/2026:12:13:48 +0000] "GET /donate HTTP/1.1" 301 - "-" "Mozilla/5.0 (Windows NT 10.0; Win64; x64) AppleWebKit/537.36, Mozilla/5.0 (Windows NT 10.0; Win64; x64) AppleWebKit/537.36 (KHTML, like Gecko) Chrome/120.0.0.0 Safari/537.36"
185.177.72.50 - - [31/Mar/2026:12:13:47 +0000] "GET /signup HTTP/1.1" 404 96945 "-" "Mozilla/5.0 (Windows NT 10.0; Win64; x64) AppleWebKit/537.36, Mozilla/5.0 (Windows NT 10.0; Win64; x64) AppleWebKit/537.36 (KHTML, like Gecko) Chrome/120.0.0.0 Safari/537.36"
185.177.72.50 - - [31/Mar/2026:12:13:48 +0000] "GET /subscribe HTTP/1.1" 301 - "-" "Mozilla/5.0 (Windows NT 10.0; Win64; x64) AppleWebKit/537.36, Mozilla/5.0 (Windows NT 10.0; Win64; x64) AppleWebKit/537.36 (KHTML, like Gecko) Chrome/120.0.0.0 Safari/537.36"
185.177.72.50 - - [31/Mar/2026:12:13:48 +0000] "GET /payment HTTP/1.1" 404 96945 "-" "Mozilla/5.0 (Windows NT 10.0; Win64; x64) AppleWebKit/537.36, Mozilla/5.0 (Windows NT 10.0; Win64; x64) AppleWebKit/537.36 (KHTML, like Gecko) Chrome/120.0.0.0 Safari/537.36"
185.177.72.50 - - [31/Mar/2026:12:13:48 +0000] "GET /sitemap.xml HTTP/1.1" 301 - "-" "Mozilla/5.0 (Windows NT 10.0; Win64; x64) AppleWebKit/537.36"
185.177.72.50 - - [31/Mar/2026:12:13:48 +0000] "GET /account HTTP/1.1" 301 - "-" "Mozilla/5.0 (Windows NT 10.0; Win64; x64) AppleWebKit/537.36, Mozilla/5.0 (Windows NT 10.0; Win64; x64) AppleWebKit/537.36 (KHTML, like Gecko) Chrome/120.0.0.0 Safari/537.36"
185.177.72.50 - - [31/Mar/2026:12:13:48 +0000] "GET /admin HTTP/1.1" 302 - "-" "Mozilla/5.0 (Windows NT 10.0; Win64; x64) AppleWebKit/537.36, Mozilla/5.0 (Windows NT 10.0; Win64; x64) AppleWebKit/537.36 (KHTML, like Gecko) Chrome/120.0.0.0 Safari/537.36"
185.177.72.50 - - [31/Mar/2026:12:13:48 +0000] "GET /billing HTTP/1.1" 301 - "-" "Mozilla/5.0 (Windows NT 10.0; Win64; x64) AppleWebKit/537.36, Mozilla/5.0 (Windows NT 10.0; Win64; x64) AppleWebKit/537.36 (KHTML, like Gecko) Chrome/120.0.0.0 Safari/537.36"
185.177.72.50 - - [31/Mar/2026:12:13:48 +0000] "GET /pricing HTTP/1.1" 404 96945 "-" "Mozilla/5.0 (Windows NT 10.0; Win64; x64) AppleWebKit/537.36, Mozilla/5.0 (Windows NT 10.0; Win64; x64) AppleWebKit/537.36 (KHTML, like Gecko) Chrome/120.0.0.0 Safari/537.36"
185.177.72.50 - - [31/Mar/2026:12:13:48 +0000] "GET /subscribe HTTP/1.1" 404 96945 "-" "Mozilla/5.0 (Windows NT 10.0; Win64; x64) AppleWebKit/537.36, Mozilla/5.0 (Windows NT 10.0; Win64; x64) AppleWebKit/537.36 (KHTML, like Gecko) Chrome/120.0.0.0 Safari/537.36"
185.177.72.50 - - [31/Mar/2026:12:13:49 +0000] "GET /.env HTTP/1.1" 403 4170 "-" "Mozilla/5.0 (Windows NT 10.0; Win64; x64) AppleWebKit/537.36, Mozilla/5.0 (Macintosh; Intel Mac OS X 10_15_7) AppleWebKit/537.36 (KHTML, like Gecko) Chrome/120.0.0.0 Safari/537.36"
185.177.72.50 - - [31/Mar/2026:12:13:48 +0000] "GET /sitemap.xml HTTP/1.1" 301 - "-" "Mozilla/5.0 (Windows NT 10.0; Win64; x64) AppleWebKit/537.36"
185.177.72.50 - - [31/Mar/2026:12:13:50 +0000] "GET /.env HTTP/1.1" 403 4170 "-" "Mozilla/5.0 (Windows NT 10.0; Win64; x64) AppleWebKit/537.36, Mozilla/5.0 (Macintosh; Intel Mac OS X 10_15_7) AppleWebKit/537.36 (KHTML, like Gecko) Chrome/120.0.0.0 Safari/537.36"
185.177.72.50 - - [31/Mar/2026:12:13:48 +0000] "GET /dashboard HTTP/1.1" 302 - "-" "Mozilla/5.0 (Windows NT 10.0; Win64; x64) AppleWebKit/537.36, Mozilla/5.0 (Windows NT 10.0; Win64; x64) AppleWebKit/537.36 (KHTML, like Gecko) Chrome/120.0.0.0 Safari/537.36"
185.177.72.50 - - [31/Mar/2026:12:13:48 +0000] "GET /index.html HTTP/1.1" 404 96945 "-" "Mozilla/5.0 (Windows NT 10.0; Win64; x64) AppleWebKit/537.36, Mozilla/5.0 (Windows NT 10.0; Win64; x64) AppleWebKit/537.36 (KHTML, like Gecko) Chrome/120.0.0.0 Safari/537.36"
185.177.72.50 - - [31/Mar/2026:12:13:49 +0000] "GET /account HTTP/1.1" 404 96945 "-" "Mozilla/5.0 (Windows NT 10.0; Win64; x64) AppleWebKit/537.36, Mozilla/5.0 (Windows NT 10.0; Win64; x64) AppleWebKit/537.36 (KHTML, like Gecko) Chrome/120.0.0.0 Safari/537.36"
185.177.72.50 - - [31/Mar/2026:12:13:49 +0000] "GET /cart HTTP/1.1" 301 - "-" "Mozilla/5.0 (Windows NT 10.0; Win64; x64) AppleWebKit/537.36, Mozilla/5.0 (Windows NT 10.0; Win64; x64) AppleWebKit/537.36 (KHTML, like Gecko) Chrome/120.0.0.0 Safari/537.36"
185.177.72.50 - - [31/Mar/2026:12:13:51 +0000] "GET /billing HTTP/1.1" 404 96945 "-" "Mozilla/5.0 (Windows NT 10.0; Win64; x64) AppleWebKit/537.36, Mozilla/5.0 (Windows NT 10.0; Win64; x64) AppleWebKit/537.36 (KHTML, like Gecko) Chrome/120.0.0.0 Safari/537.36"
185.177.72.50 - - [31/Mar/2026:12:13:51 +0000] "GET /checkout HTTP/1.1" 500 2431 "-" "Mozilla/5.0 (Windows NT 10.0; Win64; x64) AppleWebKit/537.36, Mozilla/5.0 (Windows NT 10.0; Win64; x64) AppleWebKit/537.36 (KHTML, like Gecko) Chrome/120.0.0.0 Safari/537.36"
185.177.72.50 - - [31/Mar/2026:12:13:53 +0000] "GET /sitemap-820.xml HTTP/1.1" 500 2431 "-" "Mozilla/5.0 (Windows NT 10.0; Win64; x64) AppleWebKit/537.36"
45.79.238.235 - - [31/Mar/2026:12:13:53 +0000] "POST /wp-cron.php?doing_wp_cron=1774959233.3385949134826660156250 HTTP/1.1" 200 - "-" "WordPress/6.9.4; https://sumitkumarlaw.co.nz"
185.177.72.50 - - [31/Mar/2026:12:13:53 +0000] "GET /subscribe HTTP/1.1" 500 2431 "-" "Mozilla/5.0 (Windows NT 10.0; Win64; x64) AppleWebKit/537.36, Mozilla/5.0 (Windows NT 10.0; Win64; x64) AppleWebKit/537.36 (KHTML, like Gecko) Chrome/120.0.0.0 Safari/537.36"
185.177.72.50 - - [31/Mar/2026:12:13:53 +0000] "GET /pricing HTTP/1.1" 500 2431 "-" "Mozilla/5.0 (Windows NT 10.0; Win64; x64) AppleWebKit/537.36, Mozilla/5.0 (Windows NT 10.0; Win64; x64) AppleWebKit/537.36 (KHTML, like Gecko) Chrome/120.0.0.0 Safari/537.36"
185.177.72.50 - - [31/Mar/2026:12:13:54 +0000] "GET /dashboard HTTP/1.1" 500 2431 "-" "Mozilla/5.0 (Windows NT 10.0; Win64; x64) AppleWebKit/537.36, Mozilla/5.0 (Windows NT 10.0; Win64; x64) AppleWebKit/537.36 (KHTML, like Gecko) Chrome/120.0.0.0 Safari/537.36"
185.177.72.50 - - [31/Mar/2026:12:13:54 +0000] "GET /index.html HTTP/1.1" 500 2431 "-" "Mozilla/5.0 (Windows NT 10.0; Win64; x64) AppleWebKit/537.36, Mozilla/5.0 (Windows NT 10.0; Win64; x64) AppleWebKit/537.36 (KHTML, like Gecko) Chrome/120.0.0.0 Safari/537.36"
185.177.72.50 - - [31/Mar/2026:12:13:54 +0000] "GET /signup HTTP/1.1" 500 2431 "-" "Mozilla/5.0 (Windows NT 10.0; Win64; x64) AppleWebKit/537.36, Mozilla/5.0 (Windows NT 10.0; Win64; x64) AppleWebKit/537.36 (KHTML, like Gecko) Chrome/120.0.0.0 Safari/537.36"
185.177.72.50 - - [31/Mar/2026:12:13:54 +0000] "GET /payment HTTP/1.1" 500 2431 "-" "Mozilla/5.0 (Windows NT 10.0; Win64; x64) AppleWebKit/537.36, Mozilla/5.0 (Windows NT 10.0; Win64; x64) AppleWebKit/537.36 (KHTML, like Gecko) Chrome/120.0.0.0 Safari/537.36"
185.177.72.50 - - [31/Mar/2026:12:13:54 +0000] "GET /?p=793 HTTP/1.1" 500 2431 "-" "Mozilla/5.0 (Windows NT 10.0; Win64; x64) AppleWebKit/537.36"
185.177.72.50 - - [31/Mar/2026:12:13:55 +0000] "GET /account HTTP/1.1" 500 2431 "-" "Mozilla/5.0 (Windows NT 10.0; Win64; x64) AppleWebKit/537.36, Mozilla/5.0 (Windows NT 10.0; Win64; x64) AppleWebKit/537.36 (KHTML, like Gecko) Chrome/120.0.0.0 Safari/537.36"
185.177.72.50 - - [31/Mar/2026:12:13:55 +0000] "GET /shop HTTP/1.1" 500 2431 "-" "Mozilla/5.0 (Windows NT 10.0; Win64; x64) AppleWebKit/537.36, Mozilla/5.0 (Windows NT 10.0; Win64; x64) AppleWebKit/537.36 (KHTML, like Gecko) Chrome/120.0.0.0 Safari/537.36"
185.177.72.50 - - [31/Mar/2026:12:13:58 +0000] "GET /sitemap-820.xml HTTP/1.1" 500 2431 "-" "Mozilla/5.0 (Windows NT 10.0; Win64; x64) AppleWebKit/537.36"
185.177.72.50 - - [31/Mar/2026:12:13:58 +0000] "GET /sitemap-617.xml HTTP/1.1" 500 2431 "-" "Mozilla/5.0 (Windows NT 10.0; Win64; x64) AppleWebKit/537.36"
74.7.227.133 - - [31/Mar/2026:12:13:59 +0000] "GET /wp-json/oembed/1.0/embed?url=https%3A%2F%2Fsumitkumarlaw.co.nz%2F2026%2F02%2F25%2F777-deposit-casino-pokies-free-pokies%2F HTTP/1.1" 500 2431 "https://sumitkumarlaw.co.nz/?p=2213" "Mozilla/5.0 AppleWebKit/537.36 (KHTML, like Gecko; compatible; GPTBot/1.3; +https://openai.com/gptbot)"
185.177.72.50 - - [31/Mar/2026:12:14:00 +0000] "GET /?p=793 HTTP/1.1" 500 2431 "-" "Mozilla/5.0 (Windows NT 10.0; Win64; x64) AppleWebKit/537.36"
185.177.72.50 - - [31/Mar/2026:12:14:03 +0000] "GET /sitemap-617.xml HTTP/1.1" 500 2431 "-" "Mozilla/5.0 (Windows NT 10.0; Win64; x64) AppleWebKit/537.36"
185.177.72.50 - - [31/Mar/2026:12:14:04 +0000] "GET /?p=794 HTTP/1.1" 500 2431 "-" "Mozilla/5.0 (Windows NT 10.0; Win64; x64) AppleWebKit/537.36"
74.7.227.133 - - [31/Mar/2026:12:14:45 +0000] "GET /wp-json/oembed/1.0/embed?url=https%3A%2F%2Fsumitkumarlaw.co.nz%2F2026%2F02%2F25%2Fcash-new-au-pokies%2F HTTP/1.1" 500 2431 "https://sumitkumarlaw.co.nz/?p=1525" "Mozilla/5.0 AppleWebKit/537.36 (KHTML, like Gecko; compatible; GPTBot/1.3; +https://openai.com/gptbot)"
185.177.72.50 - - [31/Mar/2026:12:14:46 +0000] "GET /sitemap-691.xml HTTP/1.1" 500 2431 "-" "Mozilla/5.0 (Windows NT 10.0; Win64; x64) AppleWebKit/537.36"
185.177.72.50 - - [31/Mar/2026:12:13:51 +0000] "GET /donate HTTP/1.1" 500 2431 "-" "Mozilla/5.0 (Windows NT 10.0; Win64; x64) AppleWebKit/537.36, Mozilla/5.0 (Windows NT 10.0; Win64; x64) AppleWebKit/537.36 (KHTML, like Gecko) Chrome/120.0.0.0 Safari/537.36"
185.177.72.50 - - [31/Mar/2026:12:13:51 +0000] "GET /admin HTTP/1.1" 500 2508 "-" "Mozilla/5.0 (Windows NT 10.0; Win64; x64) AppleWebKit/537.36, Mozilla/5.0 (Windows NT 10.0; Win64; x64) AppleWebKit/537.36 (KHTML, like Gecko) Chrome/120.0.0.0 Safari/537.36"
185.177.72.50 - - [31/Mar/2026:12:13:50 +0000] "GET /shop HTTP/1.1" 500 2508 "-" "Mozilla/5.0 (Windows NT 10.0; Win64; x64) AppleWebKit/537.36, Mozilla/5.0 (Windows NT 10.0; Win64; x64) AppleWebKit/537.36 (KHTML, like Gecko) Chrome/120.0.0.0 Safari/537.36"
185.177.72.50 - - [31/Mar/2026:12:13:50 +0000] "GET /cart HTTP/1.1" 500 2508 "-" "Mozilla/5.0 (Windows NT 10.0; Win64; x64) AppleWebKit/537.36, Mozilla/5.0 (Windows NT 10.0; Win64; x64) AppleWebKit/537.36 (KHTML, like Gecko) Chrome/120.0.0.0 Safari/537.36"
185.177.72.50 - - [31/Mar/2026:12:14:49 +0000] "GET /?p=802 HTTP/1.1" 500 2431 "-" "Mozilla/5.0 (Windows NT 10.0; Win64; x64) AppleWebKit/537.36"
185.177.72.50 - - [31/Mar/2026:12:14:49 +0000] "GET /sitemap-282.xml HTTP/1.1" 500 2431 "-" "Mozilla/5.0 (Windows NT 10.0; Win64; x64) AppleWebKit/537.36"
185.177.72.50 - - [31/Mar/2026:12:14:51 +0000] "GET /sitemap-282.xml HTTP/1.1" 500 2431 "-" "Mozilla/5.0 (Windows NT 10.0; Win64; x64) AppleWebKit/537.36"
185.177.72.50 - - [31/Mar/2026:12:14:52 +0000] "GET /?p=802 HTTP/1.1" 500 2431 "-" "Mozilla/5.0 (Windows NT 10.0; Win64; x64) AppleWebKit/537.36"
185.177.72.50 - - [31/Mar/2026:12:14:52 +0000] "GET /?p=803 HTTP/1.1" 500 2431 "-" "Mozilla/5.0 (Windows NT 10.0; Win64; x64) AppleWebKit/537.36"
185.177.72.50 - - [31/Mar/2026:12:14:53 +0000] "GET /?p=804 HTTP/1.1" 500 2431 "-" "Mozilla/5.0 (Windows NT 10.0; Win64; x64) AppleWebKit/537.36"
185.177.72.50 - - [31/Mar/2026:12:14:53 +0000] "GET /sitemap-817.xml HTTP/1.1" 500 2431 "-" "Mozilla/5.0 (Windows NT 10.0; Win64; x64) AppleWebKit/537.36"
185.177.72.50 - - [31/Mar/2026:12:14:54 +0000] "GET /?p=805 HTTP/1.1" 500 2431 "-" "Mozilla/5.0 (Windows NT 10.0; Win64; x64) AppleWebKit/537.36"
45.79.238.235 - - [31/Mar/2026:12:15:01 +0000] "POST /wp-cron.php?doing_wp_cron=1774959300.9129009246826171875000 HTTP/1.1" 200 - "-" "WordPress/6.9.4; https://sumitkumarlaw.co.nz"
185.177.72.50 - - [31/Mar/2026:12:14:55 +0000] "GET /sitemap-488.xml HTTP/1.1" 404 96945 "-" "Mozilla/5.0 (Windows NT 10.0; Win64; x64) AppleWebKit/537.36"
45.79.238.235 - - [31/Mar/2026:12:15:01 +0000] "POST /wp-cron.php?doing_wp_cron=1774959301.1685791015625000000000 HTTP/1.1" 200 - "-" "WordPress/6.9.4; https://sumitkumarlaw.co.nz"
185.177.72.50 - - [31/Mar/2026:12:14:56 +0000] "GET /?p=806 HTTP/1.1" 301 - "-" "Mozilla/5.0 (Windows NT 10.0; Win64; x64) AppleWebKit/537.36"
185.177.72.50 - - [31/Mar/2026:12:15:02 +0000] "GET /?p=806 HTTP/1.1" 301 - "-" "Mozilla/5.0 (Windows NT 10.0; Win64; x64) AppleWebKit/537.36"
45.79.238.235 - - [31/Mar/2026:12:15:10 +0000] "POST /wp-cron.php?doing_wp_cron=1774959310.5956430435180664062500 HTTP/1.1" 200 - "-" "WordPress/6.9.4; https://sumitkumarlaw.co.nz"
185.177.72.50 - - [31/Mar/2026:12:15:00 +0000] "GET /sitemap-488.xml HTTP/1.1" 404 96945 "-" "Mozilla/5.0 (Windows NT 10.0; Win64; x64) AppleWebKit/537.36"
185.177.72.50 - - [31/Mar/2026:12:15:06 +0000] "GET /?p=807 HTTP/1.1" 301 - "-" "Mozilla/5.0 (Windows NT 10.0; Win64; x64) AppleWebKit/537.36"
185.177.72.50 - - [31/Mar/2026:12:15:06 +0000] "GET /sitemap-824.xml HTTP/1.1" 404 96945 "-" "Mozilla/5.0 (Windows NT 10.0; Win64; x64) AppleWebKit/537.36"
185.177.72.50 - - [31/Mar/2026:12:15:12 +0000] "GET /?p=807 HTTP/1.1" 301 - "-" "Mozilla/5.0 (Windows NT 10.0; Win64; x64) AppleWebKit/537.36"
185.177.72.50 - - [31/Mar/2026:12:15:12 +0000] "GET /sitemap-824.xml HTTP/1.1" 404 96945 "-" "Mozilla/5.0 (Windows NT 10.0; Win64; x64) AppleWebKit/537.36"
185.177.72.50 - - [31/Mar/2026:12:15:18 +0000] "GET /?p=808 HTTP/1.1" 301 - "-" "Mozilla/5.0 (Windows NT 10.0; Win64; x64) AppleWebKit/537.36"
185.177.72.50 - - [31/Mar/2026:12:15:17 +0000] "GET /sitemap-707.xml HTTP/1.1" 404 96945 "-" "Mozilla/5.0 (Windows NT 10.0; Win64; x64) AppleWebKit/537.36"
74.7.227.133 - - [31/Mar/2026:12:15:34 +0000] "GET /wp-json/oembed/1.0/embed?url=https%3A%2F%2Fsumitkumarlaw.co.nz%2F2026%2F02%2F25%2Fsun-cruz-casino-au%2F HTTP/1.1" 500 2431 "https://sumitkumarlaw.co.nz/?p=3152" "Mozilla/5.0 AppleWebKit/537.36 (KHTML, like Gecko; compatible; GPTBot/1.3; +https://openai.com/gptbot)"
185.177.72.50 - - [31/Mar/2026:12:15:27 +0000] "GET /sitemap-612.xml HTTP/1.1" 500 2508 "-" "Mozilla/5.0 (Windows NT 10.0; Win64; x64) AppleWebKit/537.36"
185.177.72.50 - - [31/Mar/2026:12:16:42 +0000] "GET /sitemap-612.xml HTTP/1.1" 500 2431 "-" "Mozilla/5.0 (Windows NT 10.0; Win64; x64) AppleWebKit/537.36"
185.177.72.50 - - [31/Mar/2026:12:15:29 +0000] "GET /?p=809 HTTP/1.1" 500 2508 "-" "Mozilla/5.0 (Windows NT 10.0; Win64; x64) AppleWebKit/537.36"
185.177.72.50 - - [31/Mar/2026:12:15:22 +0000] "GET /sitemap-707.xml HTTP/1.1" 404 96945 "-" "Mozilla/5.0 (Windows NT 10.0; Win64; x64) AppleWebKit/537.36"
185.177.72.50 - - [31/Mar/2026:12:15:24 +0000] "GET /?p=808 HTTP/1.1" 500 2508 "-" "Mozilla/5.0 (Windows NT 10.0; Win64; x64) AppleWebKit/537.36"
185.177.72.50 - - [31/Mar/2026:12:16:42 +0000] "GET /?p=809 HTTP/1.1" 301 - "-" "Mozilla/5.0 (Windows NT 10.0; Win64; x64) AppleWebKit/537.36"
185.177.72.50 - - [31/Mar/2026:12:16:45 +0000] "GET /sitemap-643.xml HTTP/1.1" 404 96945 "-" "Mozilla/5.0 (Windows NT 10.0; Win64; x64) AppleWebKit/537.36"
74.7.227.133 - - [31/Mar/2026:12:17:45 +0000] "GET /wp-json/oembed/1.0/embed?url=https%3A%2F%2Fsumitkumarlaw.co.nz%2F2026%2F02%2F25%2Fbest-nz-slot-games%2F HTTP/1.1" 500 2431 "https://sumitkumarlaw.co.nz/?p=1900" "Mozilla/5.0 AppleWebKit/537.36 (KHTML, like Gecko; compatible; GPTBot/1.3; +https://openai.com/gptbot)"
74.7.227.133 - - [31/Mar/2026:12:16:50 +0000] "GET /wp-json/oembed/1.0/embed?url=https%3A%2F%2Fsumitkumarlaw.co.nz%2F2026%2F02%2F25%2Ffree-new-au-pokies%2F HTTP/1.1" 500 2508 "https://sumitkumarlaw.co.nz/?p=1605" "Mozilla/5.0 AppleWebKit/537.36 (KHTML, like Gecko; compatible; GPTBot/1.3; +https://openai.com/gptbot)"
66.249.70.68 - - [31/Mar/2026:12:17:50 +0000] "GET /?p=2210 HTTP/1.1" 503 - "-" "Mozilla/5.0 (Linux; Android 6.0.1; Nexus 5X Build/MMB29P) AppleWebKit/537.36 (KHTML, like Gecko) Chrome/146.0.7680.153 Mobile Safari/537.36 (compatible; Googlebot/2.1; +http://www.google.com/bot.html)"
45.79.238.235 - - [31/Mar/2026:12:20:53 +0000] "POST /wp-cron.php?doing_wp_cron=1774959652.6174449920654296875000 HTTP/1.1" 200 - "-" "WordPress/6.9.4; https://sumitkumarlaw.co.nz"
74.7.227.133 - - [31/Mar/2026:12:20:49 +0000] "GET /wp-json/oembed/1.0/embed?url=https%3A%2F%2Fsumitkumarlaw.co.nz%2F2026%2F02%2F25%2Ffree-slots-co-au%2F HTTP/1.1" 200 2207 "https://sumitkumarlaw.co.nz/?p=3005" "Mozilla/5.0 AppleWebKit/537.36 (KHTML, like Gecko; compatible; GPTBot/1.3; +https://openai.com/gptbot)"
66.249.70.68 - - [31/Mar/2026:12:21:13 +0000] "GET /?p=2952 HTTP/1.1" 301 - "-" "Mozilla/5.0 (Linux; Android 6.0.1; Nexus 5X Build/MMB29P) AppleWebKit/537.36 (KHTML, like Gecko) Chrome/146.0.7680.153 Mobile Safari/537.36 (compatible; Googlebot/2.1; +http://www.google.com/bot.html)"
66.249.70.67 - - [31/Mar/2026:12:21:35 +0000] "GET /?p=4892 HTTP/1.1" 301 - "-" "Mozilla/5.0 (Linux; Android 6.0.1; Nexus 5X Build/MMB29P) AppleWebKit/537.36 (KHTML, like Gecko) Chrome/146.0.7680.153 Mobile Safari/537.36 (compatible; Googlebot/2.1; +http://www.google.com/bot.html)"
66.249.70.67 - - [31/Mar/2026:12:21:42 +0000] "GET /?p=4722 HTTP/1.1" 301 - "-" "Mozilla/5.0 (Linux; Android 6.0.1; Nexus 5X Build/MMB29P) AppleWebKit/537.36 (KHTML, like Gecko) Chrome/146.0.7680.153 Mobile Safari/537.36 (compatible; Googlebot/2.1; +http://www.google.com/bot.html)"
45.79.238.235 - - [31/Mar/2026:12:21:54 +0000] "POST /wp-cron.php?doing_wp_cron=1774959713.9766199588775634765625 HTTP/1.1" 200 - "-" "WordPress/6.9.4; https://sumitkumarlaw.co.nz"
74.7.227.133 - - [31/Mar/2026:12:21:53 +0000] "GET /wp-json/oembed/1.0/embed?url=https%3A%2F%2Fsumitkumarlaw.co.nz%2F2026%2F02%2F25%2Fkla-au-ya-casino%2F HTTP/1.1" 200 2207 "https://sumitkumarlaw.co.nz/?p=1457" "Mozilla/5.0 AppleWebKit/537.36 (KHTML, like Gecko; compatible; GPTBot/1.3; +https://openai.com/gptbot)"
173.252.82.19 - - [31/Mar/2026:12:22:05 +0000] "GET /robots.txt HTTP/1.1" 304 - "-" "facebookexternalhit/1.1 (+http://www.facebook.com/externalhit_uatext.php)"
66.249.70.68 - - [31/Mar/2026:12:22:15 +0000] "GET /2026/02/25/new-zealand-roulette-tips-tricks/ HTTP/1.1" 200 104168 "-" "Mozilla/5.0 (Linux; Android 6.0.1; Nexus 5X Build/MMB29P) AppleWebKit/537.36 (KHTML, like Gecko) Chrome/146.0.7680.153 Mobile Safari/537.36 (compatible; Googlebot/2.1; +http://www.google.com/bot.html)"
66.249.70.67 - - [31/Mar/2026:12:22:22 +0000] "GET /?p=2097 HTTP/1.1" 301 - "-" "Mozilla/5.0 (Linux; Android 6.0.1; Nexus 5X Build/MMB29P) AppleWebKit/537.36 (KHTML, like Gecko) Chrome/146.0.7680.153 Mobile Safari/537.36 (compatible; Googlebot/2.1; +http://www.google.com/bot.html)"
66.249.70.67 - - [31/Mar/2026:12:22:29 +0000] "GET /2026/02/25/starlight-casino-new-westminster-bc-new-zealand/ HTTP/1.1" 200 103880 "-" "Mozilla/5.0 (Linux; Android 6.0.1; Nexus 5X Build/MMB29P) AppleWebKit/537.36 (KHTML, like Gecko) Chrome/146.0.7680.153 Mobile Safari/537.36 (compatible; Googlebot/2.1; +http://www.google.com/bot.html)"
66.249.70.67 - - [31/Mar/2026:12:22:34 +0000] "GET /2026/02/25/profitable-pokies-tips-and-strategies/ HTTP/1.1" 200 103698 "-" "Mozilla/5.0 (Linux; Android 6.0.1; Nexus 5X Build/MMB29P) AppleWebKit/537.36 (KHTML, like Gecko) Chrome/146.0.7680.153 Mobile Safari/537.36 (compatible; Googlebot/2.1; +http://www.google.com/bot.html)"
74.7.227.133 - - [31/Mar/2026:12:22:47 +0000] "GET /wp-json/wp/v2/posts/989 HTTP/1.1" 200 8797 "https://sumitkumarlaw.co.nz/?p=989" "Mozilla/5.0 AppleWebKit/537.36 (KHTML, like Gecko; compatible; GPTBot/1.3; +https://openai.com/gptbot)"
45.79.238.235 - - [31/Mar/2026:12:23:04 +0000] "POST /wp-cron.php?doing_wp_cron=1774959784.0250229835510253906250 HTTP/1.1" 200 - "-" "WordPress/6.9.4; https://sumitkumarlaw.co.nz"
66.249.70.67 - - [31/Mar/2026:12:23:03 +0000] "GET /2026/02/25/winning-statistics-for-pokies-in-new-zealand/ HTTP/1.1" 200 104487 "-" "Mozilla/5.0 (Linux; Android 6.0.1; Nexus 5X Build/MMB29P) AppleWebKit/537.36 (KHTML, like Gecko) Chrome/146.0.7680.153 Mobile Safari/537.36 (compatible; Googlebot/2.1; +http://www.google.com/bot.html)"
66.249.70.68 - - [31/Mar/2026:12:23:36 +0000] "GET /?p=6784 HTTP/1.1" 301 - "-" "Mozilla/5.0 (Linux; Android 6.0.1; Nexus 5X Build/MMB29P) AppleWebKit/537.36 (KHTML, like Gecko) Chrome/146.0.7680.153 Mobile Safari/537.36 (compatible; Googlebot/2.1; +http://www.google.com/bot.html)"
137.184.54.121 - - [31/Mar/2026:12:23:38 +0000] "GET /wp-login.php HTTP/1.1" 200 5916 "-" "Mozilla/5.0"
74.7.227.133 - - [31/Mar/2026:12:23:38 +0000] "GET /wp-json/wp/v2/posts/998 HTTP/1.1" 200 9608 "https://sumitkumarlaw.co.nz/?p=998" "Mozilla/5.0 AppleWebKit/537.36 (KHTML, like Gecko; compatible; GPTBot/1.3; +https://openai.com/gptbot)"
137.184.54.121 - - [31/Mar/2026:12:23:39 +0000] "GET /?author=1 HTTP/1.1" 200 105482 "-" "Mozilla/5.0"
137.184.54.121 - - [31/Mar/2026:12:23:40 +0000] "GET /?author=2 HTTP/1.1" 200 105482 "-" "Mozilla/5.0"
45.79.238.235 - - [31/Mar/2026:12:24:06 +0000] "POST /wp-cron.php?doing_wp_cron=1774959846.2546648979187011718750 HTTP/1.1" 200 - "-" "WordPress/6.9.4; https://sumitkumarlaw.co.nz"
66.249.70.67 - - [31/Mar/2026:12:24:05 +0000] "GET /2026/02/25/casino-online-pokies-games/ HTTP/1.1" 200 103235 "-" "Mozilla/5.0 (Linux; Android 6.0.1; Nexus 5X Build/MMB29P) AppleWebKit/537.36 (KHTML, like Gecko) Chrome/146.0.7680.153 Mobile Safari/537.36 (compatible; Googlebot/2.1; +http://www.google.com/bot.html)"
74.7.227.133 - - [31/Mar/2026:12:24:24 +0000] "GET /wp-json/wp/v2/posts/979 HTTP/1.1" 200 8718 "https://sumitkumarlaw.co.nz/?p=979" "Mozilla/5.0 AppleWebKit/537.36 (KHTML, like Gecko; compatible; GPTBot/1.3; +https://openai.com/gptbot)"
66.249.70.67 - - [31/Mar/2026:12:24:40 +0000] "GET /?p=4219 HTTP/1.1" 301 - "-" "Mozilla/5.0 (Linux; Android 6.0.1; Nexus 5X Build/MMB29P) AppleWebKit/537.36 (KHTML, like Gecko) Chrome/146.0.7680.153 Mobile Safari/537.36 (compatible; Googlebot/2.1; +http://www.google.com/bot.html)"
45.79.238.235 - - [31/Mar/2026:12:24:54 +0000] "POST /wp-cron.php?doing_wp_cron=1774959894.5087649822235107421875 HTTP/1.1" 200 - "-" "WordPress/6.9.4; https://sumitkumarlaw.co.nz"
66.249.70.67 - - [31/Mar/2026:12:24:53 +0000] "GET /2026/02/25/aristocrat-pokies-online-for-free/ HTTP/1.1" 200 103469 "-" "Mozilla/5.0 (Linux; Android 6.0.1; Nexus 5X Build/MMB29P) AppleWebKit/537.36 (KHTML, like Gecko) Chrome/146.0.7680.153 Mobile Safari/537.36 (compatible; Googlebot/2.1; +http://www.google.com/bot.html)"
74.7.227.133 - - [31/Mar/2026:12:25:05 +0000] "GET /wp-json/wp/v2/posts/952 HTTP/1.1" 200 8250 "https://sumitkumarlaw.co.nz/?p=952" "Mozilla/5.0 AppleWebKit/537.36 (KHTML, like Gecko; compatible; GPTBot/1.3; +https://openai.com/gptbot)"
66.249.70.67 - - [31/Mar/2026:12:25:05 +0000] "GET /?p=3437 HTTP/1.1" 301 - "-" "Mozilla/5.0 (Linux; Android 6.0.1; Nexus 5X Build/MMB29P) AppleWebKit/537.36 (KHTML, like Gecko) Chrome/146.0.7680.153 Mobile Safari/537.36 (compatible; Googlebot/2.1; +http://www.google.com/bot.html)"
66.249.70.67 - - [31/Mar/2026:12:25:09 +0000] "GET /2026/02/25/free-50-pokies-no-deposit-sign-up-bonus-australia/ HTTP/1.1" 200 103466 "-" "Mozilla/5.0 (Linux; Android 6.0.1; Nexus 5X Build/MMB29P) AppleWebKit/537.36 (KHTML, like Gecko) Chrome/146.0.7680.153 Mobile Safari/537.36 (compatible; Googlebot/2.1; +http://www.google.com/bot.html)"
199.195.251.81 - - [31/Mar/2026:12:25:36 +0000] "GET /wp-login.php HTTP/1.1" 200 5916 "-" "Mozilla/5.0 (Windows NT 10.0; Win64; x64) AppleWebKit/537.36 (KHTML, like Gecko) Chrome/134.0.0.0 Safari/537.36"
199.195.251.81 - - [31/Mar/2026:12:25:36 +0000] "POST /wp-login.php HTTP/1.1" 200 6348 "https://sumitkumarlaw.co.nz/wp-admin/" "Mozilla/5.0 (Windows NT 10.0; Win64; x64) AppleWebKit/537.36 (KHTML, like Gecko) Chrome/134.0.0.0 Safari/537.36"
74.7.227.133 - - [31/Mar/2026:12:25:43 +0000] "GET /wp-json/oembed/1.0/embed?url=https%3A%2F%2Fsumitkumarlaw.co.nz%2F2026%2F02%2F25%2Faustralian-casino-pokies-bonus-codes%2F HTTP/1.1" 200 2307 "https://sumitkumarlaw.co.nz/?p=1670" "Mozilla/5.0 AppleWebKit/537.36 (KHTML, like Gecko; compatible; GPTBot/1.3; +https://openai.com/gptbot)"
45.79.238.235 - - [31/Mar/2026:12:26:16 +0000] "POST /wp-cron.php?doing_wp_cron=1774959976.4161269664764404296875 HTTP/1.1" 200 - "-" "WordPress/6.9.4; https://sumitkumarlaw.co.nz"
74.7.227.133 - - [31/Mar/2026:12:26:15 +0000] "GET /wp-json/oembed/1.0/embed?url=https%3A%2F%2Fsumitkumarlaw.co.nz%2F2026%2F02%2F25%2Fonline-gambling-australia-paypal%2F HTTP/1.1" 200 2287 "https://sumitkumarlaw.co.nz/?p=1062" "Mozilla/5.0 AppleWebKit/537.36 (KHTML, like Gecko; compatible; GPTBot/1.3; +https://openai.com/gptbot)"
66.249.70.67 - - [31/Mar/2026:12:26:22 +0000] "GET /?p=6980 HTTP/1.1" 301 - "-" "Mozilla/5.0 (Linux; Android 6.0.1; Nexus 5X Build/MMB29P) AppleWebKit/537.36 (KHTML, like Gecko) Chrome/146.0.7680.153 Mobile Safari/537.36 (compatible; Googlebot/2.1; +http://www.google.com/bot.html)"
66.249.70.68 - - [31/Mar/2026:12:26:24 +0000] "GET /2026/02/25/top-australian-pokies-where-you-can-win-real-money/ HTTP/1.1" 200 103336 "-" "Mozilla/5.0 (Linux; Android 6.0.1; Nexus 5X Build/MMB29P) AppleWebKit/537.36 (KHTML, like Gecko) Chrome/146.0.7680.153 Mobile Safari/537.36 (compatible; Googlebot/2.1; +http://www.google.com/bot.html)"
74.7.227.133 - - [31/Mar/2026:12:26:45 +0000] "GET /wp-json/oembed/1.0/embed?url=https%3A%2F%2Fsumitkumarlaw.co.nz%2F2026%2F02%2F25%2Fno-registration-pokies-promotions%2F HTTP/1.1" 200 2292 "https://sumitkumarlaw.co.nz/?p=1099" "Mozilla/5.0 AppleWebKit/537.36 (KHTML, like Gecko; compatible; GPTBot/1.3; +https://openai.com/gptbot)"
45.79.238.235 - - [31/Mar/2026:12:26:55 +0000] "POST /wp-cron.php?doing_wp_cron=1774960015.7047019004821777343750 HTTP/1.1" 200 - "-" "WordPress/6.9.4; https://sumitkumarlaw.co.nz"
66.249.70.67 - - [31/Mar/2026:12:26:55 +0000] "GET /odr/order/autoOrderListView HTTP/1.1" 404 96956 "-" "Mozilla/5.0 (Linux; Android 6.0.1; Nexus 5X Build/MMB29P) AppleWebKit/537.36 (KHTML, like Gecko) Chrome/146.0.7680.153 Mobile Safari/537.36 (compatible; GoogleOther)"
74.7.227.133 - - [31/Mar/2026:12:27:12 +0000] "GET /wp-json/oembed/1.0/embed?url=https%3A%2F%2Fsumitkumarlaw.co.nz%2F2026%2F02%2F25%2Fcasino-that-accept-australia-express%2F HTTP/1.1" 200 2307 "https://sumitkumarlaw.co.nz/?p=1739" "Mozilla/5.0 AppleWebKit/537.36 (KHTML, like Gecko; compatible; GPTBot/1.3; +https://openai.com/gptbot)"
74.7.227.133 - - [31/Mar/2026:12:27:37 +0000] "GET /wp-json/oembed/1.0/embed?url=https%3A%2F%2Fsumitkumarlaw.co.nz%2F2026%2F02%2F25%2Fwhen-will-pokies-reopen-melbourne%2F HTTP/1.1" 200 2292 "https://sumitkumarlaw.co.nz/?p=1375" "Mozilla/5.0 AppleWebKit/537.36 (KHTML, like Gecko; compatible; GPTBot/1.3; +https://openai.com/gptbot)"
66.249.70.68 - - [31/Mar/2026:12:27:49 +0000] "GET /odr/order/quickOrderView HTTP/1.1" 404 96956 "-" "Mozilla/5.0 (Linux; Android 6.0.1; Nexus 5X Build/MMB29P) AppleWebKit/537.36 (KHTML, like Gecko) Chrome/146.0.7680.153 Mobile Safari/537.36 (compatible; GoogleOther)"
45.79.238.235 - - [31/Mar/2026:12:27:59 +0000] "POST /wp-cron.php?doing_wp_cron=1774960079.7426359653472900390625 HTTP/1.1" 200 - "-" "WordPress/6.9.4; https://sumitkumarlaw.co.nz"
66.249.70.68 - - [31/Mar/2026:12:27:59 +0000] "GET /?p=1718 HTTP/1.1" 301 - "-" "Mozilla/5.0 (Linux; Android 6.0.1; Nexus 5X Build/MMB29P) AppleWebKit/537.36 (KHTML, like Gecko) Chrome/146.0.7680.153 Mobile Safari/537.36 (compatible; Googlebot/2.1; +http://www.google.com/bot.html)"
74.7.227.133 - - [31/Mar/2026:12:27:59 +0000] "GET /wp-json/oembed/1.0/embed?url=https%3A%2F%2Fsumitkumarlaw.co.nz%2F2026%2F02%2F25%2Fbet365-new-zealand-roulette-odds-nz%2F HTTP/1.1" 200 2302 "https://sumitkumarlaw.co.nz/?p=2613" "Mozilla/5.0 AppleWebKit/537.36 (KHTML, like Gecko; compatible; GPTBot/1.3; +https://openai.com/gptbot)"
66.249.70.68 - - [31/Mar/2026:12:28:00 +0000] "GET /2026/02/25/apps-you-can-earn-money-from-au/ HTTP/1.1" 200 103776 "-" "Mozilla/5.0 (Linux; Android 6.0.1; Nexus 5X Build/MMB29P) AppleWebKit/537.36 (KHTML, like Gecko) Chrome/146.0.7680.153 Mobile Safari/537.36 (compatible; Googlebot/2.1; +http://www.google.com/bot.html)"
74.7.227.133 - - [31/Mar/2026:12:28:19 +0000] "GET /wp-json/oembed/1.0/embed?url=https%3A%2F%2Fsumitkumarlaw.co.nz%2F2026%2F02%2F25%2Fbet365-australia-roulette-hints-au%2F HTTP/1.1" 200 2297 "https://sumitkumarlaw.co.nz/?p=2327" "Mozilla/5.0 AppleWebKit/537.36 (KHTML, like Gecko; compatible; GPTBot/1.3; +https://openai.com/gptbot)"
74.7.227.133 - - [31/Mar/2026:12:28:37 +0000] "GET /wp-json/oembed/1.0/embed?url=https%3A%2F%2Fsumitkumarlaw.co.nz%2F2026%2F02%2F25%2Fmobile-pokies-without-downloading%2F HTTP/1.1" 200 2292 "https://sumitkumarlaw.co.nz/?p=1224" "Mozilla/5.0 AppleWebKit/537.36 (KHTML, like Gecko; compatible; GPTBot/1.3; +https://openai.com/gptbot)"
45.79.238.235 - - [31/Mar/2026:12:28:53 +0000] "POST /wp-cron.php?doing_wp_cron=1774960133.7537438869476318359375 HTTP/1.1" 200 - "-" "WordPress/6.9.4; https://sumitkumarlaw.co.nz"
74.7.227.133 - - [31/Mar/2026:12:28:53 +0000] "GET /wp-json/oembed/1.0/embed?url=https%3A%2F%2Fsumitkumarlaw.co.nz%2F2026%2F02%2F25%2Fprofitable-pokies-australia-ipad%2F HTTP/1.1" 200 2287 "https://sumitkumarlaw.co.nz/?p=1910" "Mozilla/5.0 AppleWebKit/537.36 (KHTML, like Gecko; compatible; GPTBot/1.3; +https://openai.com/gptbot)"
66.249.70.67 - - [31/Mar/2026:12:28:59 +0000] "GET /?p=6321 HTTP/1.1" 301 - "-" "Mozilla/5.0 (Linux; Android 6.0.1; Nexus 5X Build/MMB29P) AppleWebKit/537.36 (KHTML, like Gecko) Chrome/146.0.7680.153 Mobile Safari/537.36 (compatible; Googlebot/2.1; +http://www.google.com/bot.html)"
66.249.70.67 - - [31/Mar/2026:12:29:00 +0000] "GET /2026/02/25/playing-pokies-online-for-money/ HTTP/1.1" 200 103782 "-" "Mozilla/5.0 (Linux; Android 6.0.1; Nexus 5X Build/MMB29P) AppleWebKit/537.36 (KHTML, like Gecko) Chrome/146.0.7680.153 Mobile Safari/537.36 (compatible; Googlebot/2.1; +http://www.google.com/bot.html)"
74.7.227.133 - - [31/Mar/2026:12:29:08 +0000] "GET /wp-json/oembed/1.0/embed?url=https%3A%2F%2Fsumitkumarlaw.co.nz%2F2026%2F02%2F25%2Fcommercial-casinos-in-new-zealand%2F HTTP/1.1" 200 2292 "https://sumitkumarlaw.co.nz/?p=1109" "Mozilla/5.0 AppleWebKit/537.36 (KHTML, like Gecko; compatible; GPTBot/1.3; +https://openai.com/gptbot)"
66.249.70.67 - - [31/Mar/2026:12:29:14 +0000] "GET /ja/themes/87 HTTP/1.1" 404 96956 "-" "Mozilla/5.0 (Linux; Android 6.0.1; Nexus 5X Build/MMB29P) AppleWebKit/537.36 (KHTML, like Gecko) Chrome/146.0.7680.153 Mobile Safari/537.36 (compatible; GoogleOther)"
74.7.227.133 - - [31/Mar/2026:12:29:21 +0000] "GET /wp-json/oembed/1.0/embed?url=https%3A%2F%2Fsumitkumarlaw.co.nz%2F2026%2F02%2F25%2Fonline-casino-new-zealand-illegal%2F HTTP/1.1" 200 2292 "https://sumitkumarlaw.co.nz/?p=1013" "Mozilla/5.0 AppleWebKit/537.36 (KHTML, like Gecko; compatible; GPTBot/1.3; +https://openai.com/gptbot)"
74.7.227.133 - - [31/Mar/2026:12:29:32 +0000] "GET /wp-json/oembed/1.0/embed?url=https%3A%2F%2Fsumitkumarlaw.co.nz%2F2026%2F02%2F25%2Fonline-casino-no-deposit-australia%2F HTTP/1.1" 200 2297 "https://sumitkumarlaw.co.nz/?p=1353" "Mozilla/5.0 AppleWebKit/537.36 (KHTML, like Gecko; compatible; GPTBot/1.3; +https://openai.com/gptbot)"
66.249.70.67 - - [31/Mar/2026:12:29:35 +0000] "GET /sf/outlet/outlet_00/0 HTTP/1.1" 404 96956 "-" "Mozilla/5.0 (Linux; Android 6.0.1; Nexus 5X Build/MMB29P) AppleWebKit/537.36 (KHTML, like Gecko) Chrome/146.0.7680.153 Mobile Safari/537.36 (compatible; GoogleOther)"
74.7.227.133 - - [31/Mar/2026:12:29:42 +0000] "GET /wp-json/oembed/1.0/embed?url=https%3A%2F%2Fsumitkumarlaw.co.nz%2F2026%2F02%2F25%2Ffree-pokies-australia-aristocrat%2F HTTP/1.1" 200 2287 "https://sumitkumarlaw.co.nz/?p=1819" "Mozilla/5.0 AppleWebKit/537.36 (KHTML, like Gecko; compatible; GPTBot/1.3; +https://openai.com/gptbot)"
74.7.227.133 - - [31/Mar/2026:12:29:52 +0000] "GET /wp-json/oembed/1.0/embed?url=https%3A%2F%2Fsumitkumarlaw.co.nz%2F2026%2F02%2F25%2Fgambling-new-zealand-online-casinos%2F HTTP/1.1" 200 2302 "https://sumitkumarlaw.co.nz/?p=2146" "Mozilla/5.0 AppleWebKit/537.36 (KHTML, like Gecko; compatible; GPTBot/1.3; +https://openai.com/gptbot)"
45.79.238.235 - - [31/Mar/2026:12:30:01 +0000] "POST /wp-cron.php?doing_wp_cron=1774960201.0937249660491943359375 HTTP/1.1" 200 - "-" "WordPress/6.9.4; https://sumitkumarlaw.co.nz"
74.7.227.133 - - [31/Mar/2026:12:30:00 +0000] "GET /wp-json/oembed/1.0/embed?url=https%3A%2F%2Fsumitkumarlaw.co.nz%2F2026%2F02%2F25%2Fbest-online-gambling-sites-australia%2F HTTP/1.1" 200 2307 "https://sumitkumarlaw.co.nz/?p=2098" "Mozilla/5.0 AppleWebKit/537.36 (KHTML, like Gecko; compatible; GPTBot/1.3; +https://openai.com/gptbot)"
74.7.227.133 - - [31/Mar/2026:12:30:08 +0000] "GET /wp-json/oembed/1.0/embed?url=https%3A%2F%2Fsumitkumarlaw.co.nz%2F2026%2F02%2F25%2Faustralia-roulette-neighbor-bets%2F HTTP/1.1" 200 2287 "https://sumitkumarlaw.co.nz/?p=1356" "Mozilla/5.0 AppleWebKit/537.36 (KHTML, like Gecko; compatible; GPTBot/1.3; +https://openai.com/gptbot)"
74.7.227.133 - - [31/Mar/2026:12:30:15 +0000] "GET /wp-json/oembed/1.0/embed?url=https%3A%2F%2Fsumitkumarlaw.co.nz%2F2026%2F02%2F25%2Fbest-popular-pokies-for-australia%2F HTTP/1.1" 200 2292 "https://sumitkumarlaw.co.nz/?p=1688" "Mozilla/5.0 AppleWebKit/537.36 (KHTML, like Gecko; compatible; GPTBot/1.3; +https://openai.com/gptbot)"
74.7.227.133 - - [31/Mar/2026:12:30:21 +0000] "GET /wp-json/oembed/1.0/embed?url=https%3A%2F%2Fsumitkumarlaw.co.nz%2F2026%2F02%2F25%2Fwinning-pokies-real-money-australia%2F HTTP/1.1" 200 2302 "https://sumitkumarlaw.co.nz/?p=1575" "Mozilla/5.0 AppleWebKit/537.36 (KHTML, like Gecko; compatible; GPTBot/1.3; +https://openai.com/gptbot)"
74.7.227.133 - - [31/Mar/2026:12:30:27 +0000] "GET /wp-json/oembed/1.0/embed?url=https%3A%2F%2Fsumitkumarlaw.co.nz%2F2026%2F02%2F25%2Fpaypal-deposit-casino-new-zealand%2F HTTP/1.1" 200 2292 "https://sumitkumarlaw.co.nz/?p=1160" "Mozilla/5.0 AppleWebKit/537.36 (KHTML, like Gecko; compatible; GPTBot/1.3; +https://openai.com/gptbot)"
74.7.227.133 - - [31/Mar/2026:12:30:32 +0000] "GET /wp-json/oembed/1.0/embed?url=https%3A%2F%2Fsumitkumarlaw.co.nz%2F2026%2F02%2F25%2Fgambling-pokies-bonus-no-wagering%2F HTTP/1.1" 200 2292 "https://sumitkumarlaw.co.nz/?p=1305" "Mozilla/5.0 AppleWebKit/537.36 (KHTML, like Gecko; compatible; GPTBot/1.3; +https://openai.com/gptbot)"
74.7.227.133 - - [31/Mar/2026:12:30:36 +0000] "GET /wp-json/oembed/1.0/embed?url=https%3A%2F%2Fsumitkumarlaw.co.nz%2F2026%2F02%2F25%2Fbest-paying-australian-online-pokies%2F HTTP/1.1" 200 2307 "https://sumitkumarlaw.co.nz/?p=1541" "Mozilla/5.0 AppleWebKit/537.36 (KHTML, like Gecko; compatible; GPTBot/1.3; +https://openai.com/gptbot)"
74.7.227.133 - - [31/Mar/2026:12:30:40 +0000] "GET /wp-json/oembed/1.0/embed?url=https%3A%2F%2Fsumitkumarlaw.co.nz%2F2026%2F02%2F25%2Fpokies-in-australia-welcome-bonus%2F HTTP/1.1" 200 2292 "https://sumitkumarlaw.co.nz/?p=2318" "Mozilla/5.0 AppleWebKit/537.36 (KHTML, like Gecko; compatible; GPTBot/1.3; +https://openai.com/gptbot)"
74.7.227.133 - - [31/Mar/2026:12:30:44 +0000] "GET /wp-json/oembed/1.0/embed?url=https%3A%2F%2Fsumitkumarlaw.co.nz%2F2026%2F02%2F25%2Fno-deposit-pokies-no-registration%2F HTTP/1.1" 200 2292 "https://sumitkumarlaw.co.nz/?p=1028" "Mozilla/5.0 AppleWebKit/537.36 (KHTML, like Gecko; compatible; GPTBot/1.3; +https://openai.com/gptbot)"
74.7.227.133 - - [31/Mar/2026:12:30:47 +0000] "GET /wp-json/oembed/1.0/embed?url=https%3A%2F%2Fsumitkumarlaw.co.nz%2F2026%2F02%2F25%2Fbest-australian-pokies-bonus-codes%2F HTTP/1.1" 200 2297 "https://sumitkumarlaw.co.nz/?p=1299" "Mozilla/5.0 AppleWebKit/537.36 (KHTML, like Gecko; compatible; GPTBot/1.3; +https://openai.com/gptbot)"
74.7.227.133 - - [31/Mar/2026:12:30:50 +0000] "GET /wp-json/oembed/1.0/embed?url=https%3A%2F%2Fsumitkumarlaw.co.nz%2F2026%2F02%2F25%2Felectronic-pokies-australia-ipad%2F HTTP/1.1" 200 2287 "https://sumitkumarlaw.co.nz/?p=1841" "Mozilla/5.0 AppleWebKit/537.36 (KHTML, like Gecko; compatible; GPTBot/1.3; +https://openai.com/gptbot)"
45.79.238.235 - - [31/Mar/2026:12:30:53 +0000] "POST /wp-cron.php?doing_wp_cron=1774960253.8845119476318359375000 HTTP/1.1" 200 - "-" "WordPress/6.9.4; https://sumitkumarlaw.co.nz"
74.7.227.133 - - [31/Mar/2026:12:30:53 +0000] "GET /wp-json/oembed/1.0/embed?url=https%3A%2F%2Fsumitkumarlaw.co.nz%2F2026%2F02%2F25%2Fbest-online-casino-payouts-australia%2F HTTP/1.1" 200 2307 "https://sumitkumarlaw.co.nz/?p=1729" "Mozilla/5.0 AppleWebKit/537.36 (KHTML, like Gecko; compatible; GPTBot/1.3; +https://openai.com/gptbot)"
