185.177.72.13 - - [31/Mar/2026:21:15:48 +0000] "GET /graphql HTTP/1.1" 404 16 "-" "curl/8.7.1"
185.177.72.13 - - [31/Mar/2026:21:15:48 +0000] "GET /trpc/* HTTP/1.1" 404 16 "-" "curl/8.7.1"
185.177.72.13 - - [31/Mar/2026:21:15:48 +0000] "GET /auth/* HTTP/1.1" 404 16 "-" "curl/8.7.1"
185.177.72.13 - - [31/Mar/2026:21:15:48 +0000] "GET /login HTTP/1.1" 404 16 "-" "curl/8.7.1"
185.177.72.13 - - [31/Mar/2026:21:15:49 +0000] "GET /register HTTP/1.1" 404 16 "-" "curl/8.7.1"
185.177.72.13 - - [31/Mar/2026:21:15:49 +0000] "GET /signup HTTP/1.1" 404 16 "-" "curl/8.7.1"
185.177.72.13 - - [31/Mar/2026:21:15:49 +0000] "GET /oauth/* HTTP/1.1" 404 16 "-" "curl/8.7.1"
185.177.72.13 - - [31/Mar/2026:21:15:50 +0000] "GET /console/* HTTP/1.1" 404 16 "-" "curl/8.7.1"
185.177.72.13 - - [31/Mar/2026:21:15:50 +0000] "GET /manage/* HTTP/1.1" 404 16 "-" "curl/8.7.1"
185.177.72.13 - - [31/Mar/2026:21:15:50 +0000] "GET /posts/* HTTP/1.1" 404 16 "-" "curl/8.7.1"
185.177.72.13 - - [31/Mar/2026:21:15:51 +0000] "GET /articles/* HTTP/1.1" 404 16 "-" "curl/8.7.1"
185.177.72.13 - - [31/Mar/2026:21:15:51 +0000] "GET /pages/* HTTP/1.1" 404 16 "-" "curl/8.7.1"
45.79.238.235 - - [31/Mar/2026:21:15:51 +0000] "POST /wp-cron.php?doing_wp_cron=1774991751.1779379844665527343750 HTTP/1.1" 200 - "-" "WordPress/6.9.4; http://tempspray.co.nz"
57.141.14.48 - - [31/Mar/2026:21:15:50 +0000] "GET /wp-admin/ HTTP/1.1" 302 - "-" "meta-externalagent/1.1 (+https://developers.facebook.com/docs/sharing/webmasters/crawler)"
185.177.72.13 - - [31/Mar/2026:21:15:51 +0000] "GET /content/* HTTP/1.1" 404 16 "-" "curl/8.7.1"
185.177.72.13 - - [31/Mar/2026:21:15:51 +0000] "GET /cart HTTP/1.1" 404 16 "-" "curl/8.7.1"
185.177.72.13 - - [31/Mar/2026:21:15:52 +0000] "GET /checkout HTTP/1.1" 404 16 "-" "curl/8.7.1"
185.177.72.13 - - [31/Mar/2026:21:15:52 +0000] "GET /orders/* HTTP/1.1" 404 16 "-" "curl/8.7.1"
185.177.72.13 - - [31/Mar/2026:21:15:52 +0000] "GET /payment/* HTTP/1.1" 404 16 "-" "curl/8.7.1"
185.177.72.13 - - [31/Mar/2026:21:15:53 +0000] "GET /workspaces/* HTTP/1.1" 404 16 "-" "curl/8.7.1"
185.177.72.13 - - [31/Mar/2026:21:15:53 +0000] "GET /projects/* HTTP/1.1" 404 16 "-" "curl/8.7.1"
185.177.72.13 - - [31/Mar/2026:21:15:53 +0000] "GET /teams/* HTTP/1.1" 404 16 "-" "curl/8.7.1"
185.177.72.13 - - [31/Mar/2026:21:15:54 +0000] "GET /billing/* HTTP/1.1" 404 16 "-" "curl/8.7.1"
185.177.72.13 - - [31/Mar/2026:21:15:54 +0000] "GET /integrations/* HTTP/1.1" 404 16 "-" "curl/8.7.1"
185.177.72.13 - - [31/Mar/2026:21:15:54 +0000] "GET /cms/* HTTP/1.1" 404 16 "-" "curl/8.7.1"
185.177.72.13 - - [31/Mar/2026:21:15:54 +0000] "GET /editor/* HTTP/1.1" 404 16 "-" "curl/8.7.1"
185.177.72.13 - - [31/Mar/2026:21:15:55 +0000] "GET /media/* HTTP/1.1" 404 16 "-" "curl/8.7.1"
185.177.72.13 - - [31/Mar/2026:21:15:55 +0000] "GET /publish/* HTTP/1.1" 404 16 "-" "curl/8.7.1"
185.177.72.13 - - [31/Mar/2026:21:15:55 +0000] "GET /threads/* HTTP/1.1" 404 16 "-" "curl/8.7.1"
185.177.72.13 - - [31/Mar/2026:21:15:56 +0000] "GET /messages/* HTTP/1.1" 404 16 "-" "curl/8.7.1"
185.177.72.13 - - [31/Mar/2026:21:15:56 +0000] "GET /notifications/* HTTP/1.1" 404 16 "-" "curl/8.7.1"
185.177.72.13 - - [31/Mar/2026:21:15:56 +0000] "GET /.netlify/functions/* HTTP/1.1" 404 16 "-" "curl/8.7.1"
185.177.72.13 - - [31/Mar/2026:21:15:57 +0000] "GET /.vercel/functions/* HTTP/1.1" 404 16 "-" "curl/8.7.1"
185.177.72.13 - - [31/Mar/2026:21:15:57 +0000] "GET /api/serverless/* HTTP/1.1" 404 16 "-" "curl/8.7.1"
185.177.72.13 - - [31/Mar/2026:21:15:57 +0000] "GET /[locale]/* HTTP/1.1" 404 16 "-" "curl/8.7.1"
185.177.72.13 - - [31/Mar/2026:21:15:57 +0000] "GET /en/* HTTP/1.1" 404 16 "-" "curl/8.7.1"
185.177.72.13 - - [31/Mar/2026:21:15:58 +0000] "GET /fr/* HTTP/1.1" 404 16 "-" "curl/8.7.1"
185.177.72.13 - - [31/Mar/2026:21:15:58 +0000] "GET /[tenant]/* HTTP/1.1" 404 16 "-" "curl/8.7.1"
185.177.72.13 - - [31/Mar/2026:21:15:58 +0000] "GET /[workspace]/* HTTP/1.1" 404 16 "-" "curl/8.7.1"
185.177.72.13 - - [31/Mar/2026:21:15:59 +0000] "GET /shop/[category]/* HTTP/1.1" 404 16 "-" "curl/8.7.1"
185.177.72.13 - - [31/Mar/2026:21:15:59 +0000] "GET /blog/[year]/[month]/[slug] HTTP/1.1" 404 16 "-" "curl/8.7.1"
185.177.72.13 - - [31/Mar/2026:21:15:59 +0000] "GET /:27017 HTTP/1.1" 404 16 "-" "curl/8.7.1"
185.177.72.13 - - [31/Mar/2026:21:16:00 +0000] "GET /:27018 HTTP/1.1" 404 16 "-" "curl/8.7.1"
185.177.72.13 - - [31/Mar/2026:21:16:00 +0000] "GET /:27019 HTTP/1.1" 404 16 "-" "curl/8.7.1"
185.177.72.13 - - [31/Mar/2026:21:16:00 +0000] "GET /:28017 HTTP/1.1" 404 16 "-" "curl/8.7.1"
57.141.14.68 - - [31/Mar/2026:21:16:00 +0000] "GET //wp-admin/css/atomlib.php HTTP/1.1" 404 16 "-" "meta-externalagent/1.1 (+https://developers.facebook.com/docs/sharing/webmasters/crawler)"
185.177.72.13 - - [31/Mar/2026:21:16:00 +0000] "GET /.well-known/acme-challenge/* HTTP/1.1" 404 16 "-" "curl/8.7.1"
185.177.72.13 - - [31/Mar/2026:21:16:01 +0000] "GET /.well-known/acme-challenge/ HTTP/1.1" 200 654 "-" "curl/8.7.1"
185.177.72.13 - - [31/Mar/2026:21:16:01 +0000] "GET /dnscfg.cgi HTTP/1.1" 404 16 "-" "curl/8.7.1"
185.177.72.13 - - [31/Mar/2026:21:16:01 +0000] "GET /_layouts/* HTTP/1.1" 404 16 "-" "curl/8.7.1"
185.177.72.13 - - [31/Mar/2026:21:16:02 +0000] "GET /_layouts/15/* HTTP/1.1" 404 16 "-" "curl/8.7.1"
185.177.72.13 - - [31/Mar/2026:21:16:02 +0000] "GET /_api/* HTTP/1.1" 404 16 "-" "curl/8.7.1"
185.177.72.13 - - [31/Mar/2026:21:16:02 +0000] "GET /_vti_bin/* HTTP/1.1" 404 16 "-" "curl/8.7.1"
185.177.72.13 - - [31/Mar/2026:21:16:03 +0000] "GET /sendgrid.env HTTP/1.1" 404 16 "-" "curl/8.7.1"
185.177.72.13 - - [31/Mar/2026:21:16:03 +0000] "GET /.env.testing HTTP/1.1" 404 16 "-" "curl/8.7.1"
185.177.72.13 - - [31/Mar/2026:21:16:03 +0000] "GET /admin.html HTTP/1.1" 404 16 "-" "curl/8.7.1"
185.177.72.13 - - [31/Mar/2026:21:16:03 +0000] "GET /.env.development HTTP/1.1" 404 16 "-" "curl/8.7.1"
185.177.72.13 - - [31/Mar/2026:21:16:04 +0000] "GET /test HTTP/1.1" 404 16 "-" "curl/8.7.1"
185.177.72.13 - - [31/Mar/2026:21:16:04 +0000] "GET /.env.production HTTP/1.1" 404 16 "-" "curl/8.7.1"
185.177.72.13 - - [31/Mar/2026:21:16:04 +0000] "GET /oauth/authorize HTTP/1.1" 404 16 "-" "curl/8.7.1"
185.177.72.13 - - [31/Mar/2026:21:16:05 +0000] "GET /.env.test HTTP/1.1" 404 16 "-" "curl/8.7.1"
185.177.72.13 - - [31/Mar/2026:21:16:05 +0000] "GET /api/login HTTP/1.1" 404 16 "-" "curl/8.7.1"
185.177.72.13 - - [31/Mar/2026:21:16:05 +0000] "GET /config/secrets.yml HTTP/1.1" 404 16 "-" "curl/8.7.1"
185.177.72.13 - - [31/Mar/2026:21:16:06 +0000] "GET /api/credentials HTTP/1.1" 404 16 "-" "curl/8.7.1"
185.177.72.13 - - [31/Mar/2026:21:16:06 +0000] "GET /.env.local HTTP/1.1" 404 16 "-" "curl/8.7.1"
185.177.72.13 - - [31/Mar/2026:21:16:06 +0000] "GET /.env.prod HTTP/1.1" 404 16 "-" "curl/8.7.1"
185.177.72.13 - - [31/Mar/2026:21:16:06 +0000] "GET /wp-config.php HTTP/1.1" 404 16 "-" "curl/8.7.1"
185.177.72.13 - - [31/Mar/2026:21:16:07 +0000] "GET /controlpanel HTTP/1.1" 200 34662 "-" "curl/8.7.1"
185.177.72.13 - - [31/Mar/2026:21:16:07 +0000] "GET /.cache HTTP/1.1" 404 16 "-" "curl/8.7.1"
185.177.72.13 - - [31/Mar/2026:21:16:07 +0000] "GET /config/stripe.yaml HTTP/1.1" 404 16 "-" "curl/8.7.1"
185.177.72.13 - - [31/Mar/2026:21:16:08 +0000] "GET /.well-known/stripe.txt HTTP/1.1" 404 16 "-" "curl/8.7.1"
185.177.72.13 - - [31/Mar/2026:21:16:08 +0000] "GET /payment/stripe.json HTTP/1.1" 404 16 "-" "curl/8.7.1"
185.177.72.13 - - [31/Mar/2026:21:16:08 +0000] "GET /stripe.yaml HTTP/1.1" 404 16 "-" "curl/8.7.1"
57.141.14.27 - - [31/Mar/2026:21:16:09 +0000] "GET //wp-admin/network/class_api.php HTTP/1.1" 404 16 "-" "meta-externalagent/1.1 (+https://developers.facebook.com/docs/sharing/webmasters/crawler)"
185.177.72.13 - - [31/Mar/2026:21:16:09 +0000] "GET /payment_gateways/stripe.yaml HTTP/1.1" 404 16 "-" "curl/8.7.1"
185.177.72.13 - - [31/Mar/2026:21:16:09 +0000] "GET /stripe/config.json HTTP/1.1" 404 16 "-" "curl/8.7.1"
185.177.72.13 - - [31/Mar/2026:21:16:09 +0000] "GET /src/config/stripe.ts HTTP/1.1" 404 16 "-" "curl/8.7.1"
185.177.72.13 - - [31/Mar/2026:21:16:10 +0000] "GET /client/stripe.config.js HTTP/1.1" 404 16 "-" "curl/8.7.1"
185.177.72.13 - - [31/Mar/2026:21:16:10 +0000] "GET /stripe.env HTTP/1.1" 404 16 "-" "curl/8.7.1"
185.177.72.13 - - [31/Mar/2026:21:16:10 +0000] "GET /stripe.config.js HTTP/1.1" 404 16 "-" "curl/8.7.1"
185.177.72.13 - - [31/Mar/2026:21:16:10 +0000] "GET /stripe/webhook_secret.env HTTP/1.1" 404 16 "-" "curl/8.7.1"
185.177.72.13 - - [31/Mar/2026:21:16:11 +0000] "GET /public/stripe.js HTTP/1.1" 404 16 "-" "curl/8.7.1"
185.177.72.13 - - [31/Mar/2026:21:16:11 +0000] "GET /config/stripe.php HTTP/1.1" 404 16 "-" "curl/8.7.1"
185.177.72.13 - - [31/Mar/2026:21:16:11 +0000] "GET /webhooks/incoming/stripe.json HTTP/1.1" 404 16 "-" "curl/8.7.1"
185.177.72.13 - - [31/Mar/2026:21:16:12 +0000] "GET /stripe-keys.json HTTP/1.1" 404 16 "-" "curl/8.7.1"
185.177.72.13 - - [31/Mar/2026:21:16:12 +0000] "GET /src/config/stripe.js HTTP/1.1" 404 16 "-" "curl/8.7.1"
185.177.72.13 - - [31/Mar/2026:21:16:12 +0000] "GET /stripe.json HTTP/1.1" 404 16 "-" "curl/8.7.1"
185.177.72.13 - - [31/Mar/2026:21:16:13 +0000] "GET /stripe-credentials.json HTTP/1.1" 404 16 "-" "curl/8.7.1"
185.177.72.13 - - [31/Mar/2026:21:16:13 +0000] "GET /.well-known/stripe/ HTTP/1.1" 404 16 "-" "curl/8.7.1"
185.177.72.13 - - [31/Mar/2026:21:16:13 +0000] "GET /.stripe/ HTTP/1.1" 404 16 "-" "curl/8.7.1"
185.177.72.13 - - [31/Mar/2026:21:16:13 +0000] "GET /stripe/.env HTTP/1.1" 404 16 "-" "curl/8.7.1"
185.177.72.13 - - [31/Mar/2026:21:16:14 +0000] "GET /config/stripe.json HTTP/1.1" 404 16 "-" "curl/8.7.1"
185.177.72.13 - - [31/Mar/2026:21:16:14 +0000] "GET /plugins/payments/stripe.json HTTP/1.1" 404 16 "-" "curl/8.7.1"
185.177.72.13 - - [31/Mar/2026:21:16:15 +0000] "POST / HTTP/1.1" 404 16 "-" "Mozilla/5.0 (Windows NT 10.0; Win64; x64) AppleWebKit/537.36"
185.177.72.13 - - [31/Mar/2026:21:16:15 +0000] "POST / HTTP/1.1" 404 16 "-" "Mozilla/5.0 (Windows NT 10.0; Win64; x64) AppleWebKit/537.36"
185.177.72.13 - - [31/Mar/2026:21:16:16 +0000] "POST /_next HTTP/1.1" 404 16 "-" "Mozilla/5.0 (Windows NT 10.0; Win64; x64) AppleWebKit/537.36"
185.177.72.13 - - [31/Mar/2026:21:16:16 +0000] "POST /api HTTP/1.1" 404 16 "-" "Mozilla/5.0 (Windows NT 10.0; Win64; x64) AppleWebKit/537.36"
185.177.72.13 - - [31/Mar/2026:21:16:17 +0000] "POST /api/auth HTTP/1.1" 404 16 "-" "Mozilla/5.0 (Windows NT 10.0; Win64; x64) AppleWebKit/537.36"
185.177.72.13 - - [31/Mar/2026:21:16:17 +0000] "POST /api/auth/callback HTTP/1.1" 404 16 "-" "Mozilla/5.0 (Windows NT 10.0; Win64; x64) AppleWebKit/537.36"
185.177.72.13 - - [31/Mar/2026:21:16:18 +0000] "POST /api/auth/session HTTP/1.1" 404 16 "-" "Mozilla/5.0 (Windows NT 10.0; Win64; x64) AppleWebKit/537.36"
57.141.14.24 - - [31/Mar/2026:21:16:18 +0000] "GET //classwithtostring.php HTTP/1.1" 404 16 "-" "meta-externalagent/1.1 (+https://developers.facebook.com/docs/sharing/webmasters/crawler)"
185.177.72.13 - - [31/Mar/2026:21:16:19 +0000] "POST /_rsc HTTP/1.1" 404 16 "-" "Mozilla/5.0 (Windows NT 10.0; Win64; x64) AppleWebKit/537.36"
185.177.72.13 - - [31/Mar/2026:21:16:19 +0000] "POST /__rsc HTTP/1.1" 404 16 "-" "Mozilla/5.0 (Windows NT 10.0; Win64; x64) AppleWebKit/537.36"
185.177.72.13 - - [31/Mar/2026:21:16:20 +0000] "POST /.action HTTP/1.1" 404 16 "-" "Mozilla/5.0 (Windows NT 10.0; Win64; x64) AppleWebKit/537.36"
185.177.72.13 - - [31/Mar/2026:21:16:20 +0000] "POST /__nextjs_action HTTP/1.1" 404 16 "-" "Mozilla/5.0 (Windows NT 10.0; Win64; x64) AppleWebKit/537.36"
185.177.72.13 - - [31/Mar/2026:21:16:21 +0000] "POST /_middleware HTTP/1.1" 404 16 "-" "Mozilla/5.0 (Windows NT 10.0; Win64; x64) AppleWebKit/537.36"
185.177.72.13 - - [31/Mar/2026:21:16:22 +0000] "POST /_next/image HTTP/1.1" 404 16 "-" "Mozilla/5.0 (Windows NT 10.0; Win64; x64) AppleWebKit/537.36"
185.177.72.13 - - [31/Mar/2026:21:16:22 +0000] "POST /RSC/g7sl2zvw47kpljl.txt HTTP/1.1" 404 16 "-" "Mozilla/5.0 (Windows NT 10.0; Win64; x64) AppleWebKit/537.36"
185.177.72.13 - - [31/Mar/2026:21:16:23 +0000] "POST /RSC/R/ufggo8mb0ytjv9t.txt HTTP/1.1" 404 16 "-" "Mozilla/5.0 (Windows NT 10.0; Win64; x64) AppleWebKit/537.36"
57.141.14.64 - - [31/Mar/2026:21:16:28 +0000] "GET //admin.php HTTP/1.1" 404 16 "-" "meta-externalagent/1.1 (+https://developers.facebook.com/docs/sharing/webmasters/crawler)"
57.141.14.48 - - [31/Mar/2026:21:16:36 +0000] "GET //cgi-bin/class_api.php HTTP/1.1" 404 16 "-" "meta-externalagent/1.1 (+https://developers.facebook.com/docs/sharing/webmasters/crawler)"
45.79.238.235 - - [31/Mar/2026:21:16:37 +0000] "POST /wp-cron.php?doing_wp_cron=1774991797.9276840686798095703125 HTTP/1.1" 200 - "-" "WordPress/6.9.4; http://tempspray.co.nz"
134.209.211.184 - - [31/Mar/2026:21:16:36 +0000] "POST /wp-login.php HTTP/1.1" 200 7096 "-" "Mozilla/5.0"
57.141.14.54 - - [31/Mar/2026:21:16:46 +0000] "GET //phpmailer.lang-sv.php HTTP/1.1" 404 16 "-" "meta-externalagent/1.1 (+https://developers.facebook.com/docs/sharing/webmasters/crawler)"
57.141.14.90 - - [31/Mar/2026:21:16:55 +0000] "GET //wp-includes/IXR/class_api.php HTTP/1.1" 404 16 "-" "meta-externalagent/1.1 (+https://developers.facebook.com/docs/sharing/webmasters/crawler)"
57.141.14.11 - - [31/Mar/2026:21:17:05 +0000] "GET //wp-content/languages/class_api.php HTTP/1.1" 404 16 "-" "meta-externalagent/1.1 (+https://developers.facebook.com/docs/sharing/webmasters/crawler)"
57.141.14.102 - - [31/Mar/2026:21:17:14 +0000] "GET //wp-includes/rest-api/fields/cache/index.php HTTP/1.1" 404 16 "-" "meta-externalagent/1.1 (+https://developers.facebook.com/docs/sharing/webmasters/crawler)"
57.141.14.109 - - [31/Mar/2026:21:17:23 +0000] "GET //adminfuns.php HTTP/1.1" 404 16 "-" "meta-externalagent/1.1 (+https://developers.facebook.com/docs/sharing/webmasters/crawler)"
57.141.14.3 - - [31/Mar/2026:21:17:33 +0000] "GET //wp-admin/includes/class_api.php HTTP/1.1" 404 16 "-" "meta-externalagent/1.1 (+https://developers.facebook.com/docs/sharing/webmasters/crawler)"
57.141.14.88 - - [31/Mar/2026:21:17:42 +0000] "GET //wp-content/themes/tflow/up.php HTTP/1.1" 404 16 "-" "meta-externalagent/1.1 (+https://developers.facebook.com/docs/sharing/webmasters/crawler)"
57.141.14.53 - - [31/Mar/2026:21:17:52 +0000] "GET //wp-includes/Requests/class_api.php HTTP/1.1" 404 16 "-" "meta-externalagent/1.1 (+https://developers.facebook.com/docs/sharing/webmasters/crawler)"
57.141.14.86 - - [31/Mar/2026:21:18:01 +0000] "GET //common/img/class_api.php HTTP/1.1" 404 16 "-" "meta-externalagent/1.1 (+https://developers.facebook.com/docs/sharing/webmasters/crawler)"
57.141.14.64 - - [31/Mar/2026:21:18:09 +0000] "GET //wp-admin/css/colors/ectoplasm/load-styles.php HTTP/1.1" 404 16 "-" "meta-externalagent/1.1 (+https://developers.facebook.com/docs/sharing/webmasters/crawler)"
104.194.192.214 - - [31/Mar/2026:21:18:12 +0000] "GET /robots.txt HTTP/1.1" 304 - "-" "Mozilla/5.0 (X11; CrOS x86_64 14541.0.0) AppleWebKit/537.36 (KHTML, like Gecko) Chrome/115.0.0.0 Safari/537.36"
104.194.192.214 - - [31/Mar/2026:21:18:12 +0000] "GET / HTTP/1.1" 404 16 "-" "Mozilla/5.0 (X11; CrOS x86_64 14541.0.0) AppleWebKit/537.36 (KHTML, like Gecko) Chrome/115.0.0.0 Safari/537.36"
57.141.14.79 - - [31/Mar/2026:21:18:19 +0000] "GET //wp-admin/user/class_api.php HTTP/1.1" 404 16 "-" "meta-externalagent/1.1 (+https://developers.facebook.com/docs/sharing/webmasters/crawler)"
57.141.14.41 - - [31/Mar/2026:21:18:28 +0000] "GET //wp-apxupx.php HTTP/1.1" 404 16 "-" "meta-externalagent/1.1 (+https://developers.facebook.com/docs/sharing/webmasters/crawler)"
57.141.14.61 - - [31/Mar/2026:21:18:38 +0000] "GET //wp-apxupx.php?apx=upx HTTP/1.1" 404 16 "-" "meta-externalagent/1.1 (+https://developers.facebook.com/docs/sharing/webmasters/crawler)"
57.141.14.83 - - [31/Mar/2026:21:18:47 +0000] "GET //class.api.php HTTP/1.1" 404 16 "-" "meta-externalagent/1.1 (+https://developers.facebook.com/docs/sharing/webmasters/crawler)"
45.79.238.235 - - [31/Mar/2026:21:18:56 +0000] "GET /?et_check_mod_pagespeed=on HTTP/1.1" 404 16 "-" "WordPress/6.9.4; http://tempspray.co.nz"
45.79.238.235 - - [31/Mar/2026:21:18:57 +0000] "POST /wp-cron.php?doing_wp_cron=1774991937.0887739658355712890625 HTTP/1.1" 200 - "-" "WordPress/6.9.4; http://tempspray.co.nz"
57.141.14.62 - - [31/Mar/2026:21:18:56 +0000] "GET /wp-activate.php HTTP/1.1" 302 - "-" "meta-externalagent/1.1 (+https://developers.facebook.com/docs/sharing/webmasters/crawler)"
57.141.14.36 - - [31/Mar/2026:21:19:06 +0000] "GET //wp-content/themes/travel/issue.php HTTP/1.1" 404 16 "-" "meta-externalagent/1.1 (+https://developers.facebook.com/docs/sharing/webmasters/crawler)"
57.141.14.80 - - [31/Mar/2026:21:19:13 +0000] "GET //zero.php HTTP/1.1" 404 16 "-" "meta-externalagent/1.1 (+https://developers.facebook.com/docs/sharing/webmasters/crawler)"
45.79.238.235 - - [31/Mar/2026:21:19:20 +0000] "POST /wp-cron.php?doing_wp_cron=1774991960.2188599109649658203125 HTTP/1.1" 200 - "-" "WordPress/6.9.4; http://tempspray.co.nz"
167.172.38.250 - - [31/Mar/2026:21:19:18 +0000] "POST /wp-login.php HTTP/1.1" 200 7096 "-" "Mozilla/5.0"
57.141.14.102 - - [31/Mar/2026:21:19:23 +0000] "GET //wp-admin/js/widgets/class.api.php HTTP/1.1" 404 16 "-" "meta-externalagent/1.1 (+https://developers.facebook.com/docs/sharing/webmasters/crawler)"
57.141.14.85 - - [31/Mar/2026:21:19:31 +0000] "GET /wp-admin/admin.php HTTP/1.1" 302 - "-" "meta-externalagent/1.1 (+https://developers.facebook.com/docs/sharing/webmasters/crawler)"
57.141.14.44 - - [31/Mar/2026:21:19:40 +0000] "GET //.well-known/acme-challenge/class_api.php HTTP/1.1" 404 16 "-" "meta-externalagent/1.1 (+https://developers.facebook.com/docs/sharing/webmasters/crawler)"
57.141.14.12 - - [31/Mar/2026:21:19:49 +0000] "GET //images/atomlib.php HTTP/1.1" 404 16 "-" "meta-externalagent/1.1 (+https://developers.facebook.com/docs/sharing/webmasters/crawler)"
57.141.14.100 - - [31/Mar/2026:21:19:58 +0000] "GET //common/css/class_api.php HTTP/1.1" 404 16 "-" "meta-externalagent/1.1 (+https://developers.facebook.com/docs/sharing/webmasters/crawler)"
57.141.14.80 - - [31/Mar/2026:21:20:05 +0000] "GET /wp-admin/plugin-install.php HTTP/1.1" 404 16 "-" "meta-externalagent/1.1 (+https://developers.facebook.com/docs/sharing/webmasters/crawler)"
57.141.14.84 - - [31/Mar/2026:21:20:15 +0000] "GET //wp-includes/random_compat/class_api.php HTTP/1.1" 404 16 "-" "meta-externalagent/1.1 (+https://developers.facebook.com/docs/sharing/webmasters/crawler)"
57.141.14.99 - - [31/Mar/2026:21:20:23 +0000] "GET //wp-content/themes/wp-pridmag/up.php HTTP/1.1" 403 4170 "-" "meta-externalagent/1.1 (+https://developers.facebook.com/docs/sharing/webmasters/crawler)"
57.141.14.108 - - [31/Mar/2026:21:20:31 +0000] "GET //.well-known/acme-challenge/mariju.php HTTP/1.1" 404 16 "-" "meta-externalagent/1.1 (+https://developers.facebook.com/docs/sharing/webmasters/crawler)"
57.141.14.78 - - [31/Mar/2026:21:20:41 +0000] "GET //wp-content/languages/themes/class_api.php HTTP/1.1" 404 16 "-" "meta-externalagent/1.1 (+https://developers.facebook.com/docs/sharing/webmasters/crawler)"
57.141.14.49 - - [31/Mar/2026:21:20:49 +0000] "GET //wp-admin/images/moon.php HTTP/1.1" 403 4170 "-" "meta-externalagent/1.1 (+https://developers.facebook.com/docs/sharing/webmasters/crawler)"
57.141.14.48 - - [31/Mar/2026:21:20:57 +0000] "GET //wp-admin/images/class.api.php HTTP/1.1" 404 16 "-" "meta-externalagent/1.1 (+https://developers.facebook.com/docs/sharing/webmasters/crawler)"
57.141.14.42 - - [31/Mar/2026:21:21:05 +0000] "GET //wp-includes/IXR/class.api.php HTTP/1.1" 404 16 "-" "meta-externalagent/1.1 (+https://developers.facebook.com/docs/sharing/webmasters/crawler)"
57.141.14.59 - - [31/Mar/2026:21:21:14 +0000] "GET //class_api.php HTTP/1.1" 404 16 "-" "meta-externalagent/1.1 (+https://developers.facebook.com/docs/sharing/webmasters/crawler)"
57.141.14.112 - - [31/Mar/2026:21:21:22 +0000] "GET //woh.php HTTP/1.1" 404 16 "-" "meta-externalagent/1.1 (+https://developers.facebook.com/docs/sharing/webmasters/crawler)"
57.141.14.69 - - [31/Mar/2026:21:21:31 +0000] "GET //assets/class_api.php HTTP/1.1" 404 16 "-" "meta-externalagent/1.1 (+https://developers.facebook.com/docs/sharing/webmasters/crawler)"
57.141.14.71 - - [31/Mar/2026:21:21:40 +0000] "GET //.tmb/class_api.php HTTP/1.1" 404 16 "-" "meta-externalagent/1.1 (+https://developers.facebook.com/docs/sharing/webmasters/crawler)"
57.141.14.109 - - [31/Mar/2026:21:21:48 +0000] "GET //simple.php HTTP/1.1" 404 16 "-" "meta-externalagent/1.1 (+https://developers.facebook.com/docs/sharing/webmasters/crawler)"
45.79.238.235 - - [31/Mar/2026:21:22:01 +0000] "POST /wp-cron.php?doing_wp_cron=1774992121.2518229484558105468750 HTTP/1.1" 200 - "-" "WordPress/6.9.4; http://tempspray.co.nz"
57.141.14.53 - - [31/Mar/2026:21:21:57 +0000] "GET /wp-signup.php HTTP/1.1" 302 - "-" "meta-externalagent/1.1 (+https://developers.facebook.com/docs/sharing/webmasters/crawler)"
57.141.14.14 - - [31/Mar/2026:21:22:05 +0000] "GET //wp-admin/js/widgets/class_api.php HTTP/1.1" 404 16 "-" "meta-externalagent/1.1 (+https://developers.facebook.com/docs/sharing/webmasters/crawler)"
57.141.14.15 - - [31/Mar/2026:21:22:14 +0000] "GET //wp-content/upgrade/class_api.php HTTP/1.1" 404 16 "-" "meta-externalagent/1.1 (+https://developers.facebook.com/docs/sharing/webmasters/crawler)"
57.141.14.76 - - [31/Mar/2026:21:22:23 +0000] "GET //tempfuns.php HTTP/1.1" 404 16 "-" "meta-externalagent/1.1 (+https://developers.facebook.com/docs/sharing/webmasters/crawler)"
141.98.11.44 - - [31/Mar/2026:21:25:23 +0000] "GET /wp-includes/sodium_compat/src/Core/SecretStream/State.php HTTP/1.1" 404 16 "-" "Mozilla/5.0 (Windows NT 10.0; Win64; x64) AppleWebKit/537.36"
45.79.238.235 - - [31/Mar/2026:21:29:53 +0000] "POST /wp-cron.php?doing_wp_cron=1774992592.8536460399627685546875 HTTP/1.1" 200 - "-" "WordPress/6.9.4; http://tempspray.co.nz"
134.209.211.184 - - [31/Mar/2026:21:29:49 +0000] "POST /wp-login.php HTTP/1.1" 200 7096 "-" "Mozilla/5.0"
45.79.238.235 - - [31/Mar/2026:21:32:33 +0000] "POST /wp-cron.php?doing_wp_cron=1774992753.2916688919067382812500 HTTP/1.1" 200 - "-" "WordPress/6.9.4; http://tempspray.co.nz"
167.172.38.250 - - [31/Mar/2026:21:32:32 +0000] "POST /wp-login.php HTTP/1.1" 200 7096 "-" "Mozilla/5.0"
57.141.14.15 - - [31/Mar/2026:21:32:42 +0000] "GET //wp-includes/wso.php HTTP/1.1" 403 4170 "-" "meta-externalagent/1.1 (+https://developers.facebook.com/docs/sharing/webmasters/crawler)"
57.141.14.101 - - [31/Mar/2026:21:34:35 +0000] "GET /products/359189716 HTTP/1.1" 404 16 "-" "meta-externalagent/1.1 (+https://developers.facebook.com/docs/sharing/webmasters/crawler)"
45.79.238.235 - - [31/Mar/2026:21:35:35 +0000] "POST /wp-cron.php?doing_wp_cron=1774992934.9102890491485595703125 HTTP/1.1" 200 - "-" "WordPress/6.9.4; http://tempspray.co.nz"
3.93.40.64 - - [31/Mar/2026:21:35:34 +0000] "POST /wp-login.php HTTP/1.1" 200 7096 "-" "Mozilla/5.0"
45.79.238.235 - - [31/Mar/2026:21:38:23 +0000] "POST /wp-cron.php?doing_wp_cron=1774993103.4051051139831542968750 HTTP/1.1" 200 - "-" "WordPress/6.9.4; http://tempspray.co.nz"
161.178.140.192 - - [31/Mar/2026:21:38:21 +0000] "POST /wp-login.php HTTP/1.1" 200 7096 "-" "Mozilla/5.0"
57.141.14.19 - - [31/Mar/2026:21:41:41 +0000] "GET //wp-includes/certificates/moon.php HTTP/1.1" 403 4170 "-" "meta-externalagent/1.1 (+https://developers.facebook.com/docs/sharing/webmasters/crawler)"
45.79.238.235 - - [31/Mar/2026:21:43:11 +0000] "POST /wp-cron.php?doing_wp_cron=1774993390.8482630252838134765625 HTTP/1.1" 200 - "-" "WordPress/6.9.4; http://tempspray.co.nz"
134.209.211.184 - - [31/Mar/2026:21:43:09 +0000] "POST /wp-login.php HTTP/1.1" 200 7096 "-" "Mozilla/5.0"
167.172.38.250 - - [31/Mar/2026:21:45:47 +0000] "POST /wp-login.php HTTP/1.1" 200 7096 "-" "Mozilla/5.0"
57.141.14.15 - - [31/Mar/2026:21:47:55 +0000] "GET /wp-json/wp/v2/posts/8442 HTTP/1.1" 404 16 "-" "meta-externalagent/1.1 (+https://developers.facebook.com/docs/sharing/webmasters/crawler)"
23.98.148.92 - - [31/Mar/2026:21:48:54 +0000] "POST /wp-login.php HTTP/1.1" 200 7098 "-" "Mozilla/5.0 (Windows NT 10.0) AppleWebKit/537.43 (KHTML, like Gecko) Chrome/134.0.0.0 Safari/537.36 OPR/119.0.0.0"
57.141.14.110 - - [31/Mar/2026:21:55:54 +0000] "GET /wp-json/wp/v2/categories/35 HTTP/1.1" 404 16 "-" "meta-externalagent/1.1 (+https://developers.facebook.com/docs/sharing/webmasters/crawler)"
45.79.238.235 - - [31/Mar/2026:21:56:37 +0000] "POST /wp-cron.php?doing_wp_cron=1774994197.9050428867340087890625 HTTP/1.1" 200 - "-" "WordPress/6.9.4; http://tempspray.co.nz"
134.209.211.184 - - [31/Mar/2026:21:56:36 +0000] "POST /wp-login.php HTTP/1.1" 200 7096 "-" "Mozilla/5.0"
57.141.14.17 - - [31/Mar/2026:21:57:36 +0000] "GET /products/5125997 HTTP/1.1" 404 16 "-" "meta-externalagent/1.1 (+https://developers.facebook.com/docs/sharing/webmasters/crawler)"
57.141.14.20 - - [31/Mar/2026:21:57:45 +0000] "GET //wp-admin/css/colors/blue/atomlib.php HTTP/1.1" 404 16 "-" "meta-externalagent/1.1 (+https://developers.facebook.com/docs/sharing/webmasters/crawler)"
141.98.11.44 - - [31/Mar/2026:21:58:24 +0000] "GET /wp-includes/sodium_compat/src/Core/SecretStream/State.php HTTP/1.1" 403 4170 "-" "Mozilla/5.0 (Windows NT 10.0; Win64; x64) AppleWebKit/537.36"
45.79.238.235 - - [31/Mar/2026:21:58:56 +0000] "POST /wp-cron.php?doing_wp_cron=1774994336.4739530086517333984375 HTTP/1.1" 200 - "-" "WordPress/6.9.4; http://tempspray.co.nz"
167.172.38.250 - - [31/Mar/2026:21:58:55 +0000] "POST /wp-login.php HTTP/1.1" 200 7096 "-" "Mozilla/5.0"
57.141.14.13 - - [31/Mar/2026:21:59:34 +0000] "GET //wp-content/plugins/wp-help/admin/wp-fclass.php HTTP/1.1" 403 4170 "-" "meta-externalagent/1.1 (+https://developers.facebook.com/docs/sharing/webmasters/crawler)"
57.141.14.21 - - [31/Mar/2026:22:02:29 +0000] "GET //wp-content/themes/hello-element/footer.php HTTP/1.1" 404 16 "-" "meta-externalagent/1.1 (+https://developers.facebook.com/docs/sharing/webmasters/crawler)"
51.68.111.238 - - [31/Mar/2026:22:03:53 +0000] "GET /robots.txt HTTP/1.1" 304 - "-" "Mozilla/5.0 (compatible; MJ12bot/v2.0.5; http://mj12bot.com/)"
51.68.111.238 - - [31/Mar/2026:22:03:54 +0000] "GET / HTTP/1.1" 404 16 "-" "Mozilla/5.0 (compatible; MJ12bot/v2.0.5; http://mj12bot.com/)"
57.141.14.48 - - [31/Mar/2026:22:09:56 +0000] "GET /products/437912410 HTTP/1.1" 404 16 "-" "meta-externalagent/1.1 (+https://developers.facebook.com/docs/sharing/webmasters/crawler)"
45.79.238.235 - - [31/Mar/2026:22:10:08 +0000] "POST /wp-cron.php?doing_wp_cron=1774995008.2020430564880371093750 HTTP/1.1" 200 - "-" "WordPress/6.9.4; http://tempspray.co.nz"
134.209.211.184 - - [31/Mar/2026:22:10:07 +0000] "POST /wp-login.php HTTP/1.1" 200 7096 "-" "Mozilla/5.0"
4.205.39.97 - - [31/Mar/2026:22:10:14 +0000] "GET / HTTP/1.1" 404 16 "-" "Mozlila/5.0 (Linux; Android 7.0; SM-G892A Bulid/NRD90M; wv) AppleWebKit/537.36 (KHTML, like Gecko) Version/4.0 Chrome/60.0.3112.107 Moblie Safari/537.36"
4.205.39.97 - - [31/Mar/2026:22:10:14 +0000] "POST /wp-plain.php HTTP/1.1" 404 16 "www.google.com" "Mozilla/5.0 (Linux; Android 7.0; SM-G892A Bulid/NRD90M; wv) AppleWebKit/537.36 (KHTML, like Gecko) Version/4.0 Chrome/60.0.3112.107 Moblie Safari/537.36"
4.205.39.97 - - [31/Mar/2026:22:10:14 +0000] "POST /ALFA_DATA/alfacgiapi/perl.alfa HTTP/1.1" 404 16 "www.google.com" "Mozlila/5.0 (Linux; Android 7.0; SM-G892A Bulid/NRD90M; wv) AppleWebKit/537.36 (KHTML, like Gecko) Version/4.0 Chrome/60.0.3112.107 Moblie Safari/537.36"
4.205.39.97 - - [31/Mar/2026:22:10:14 +0000] "GET /wp-content/themes/seotheme/db.php?u HTTP/1.1" 404 16 "www.google.com" "Mozlila/5.0 (Linux; Android 7.0; SM-G892A Bulid/NRD90M; wv) AppleWebKit/537.36 (KHTML, like Gecko) Version/4.0 Chrome/60.0.3112.107 Moblie Safari/537.36"
4.205.39.97 - - [31/Mar/2026:22:10:14 +0000] "GET /btvrbucw.php?Fox=d3wL7 HTTP/1.1" 404 16 "www.google.com" "Mozilla/5.0 (Linux; Android 7.0; SM-G892A Bulid/NRD90M; wv) AppleWebKit/537.36 (KHTML, like Gecko) Version/4.0 Chrome/60.0.3112.107 Moblie Safari/537.36"
4.205.39.97 - - [31/Mar/2026:22:10:14 +0000] "POST /alfacgiapi/perl.alfa HTTP/1.1" 403 4170 "www.google.com" "Mozlila/5.0 (Linux; Android 7.0; SM-G892A Bulid/NRD90M; wv) AppleWebKit/537.36 (KHTML, like Gecko) Version/4.0 Chrome/60.0.3112.107 Moblie Safari/537.36"
45.79.238.235 - - [31/Mar/2026:22:11:30 +0000] "POST /wp-cron.php?doing_wp_cron=1774995089.7231290340423583984375 HTTP/1.1" 200 - "-" "WordPress/6.9.4; http://tempspray.co.nz"
209.42.22.188 - - [31/Mar/2026:22:11:29 +0000] "POST /wp-login.php HTTP/1.1" 200 7098 "-" "Mozilla/5.0 (Windows NT 10.0; WOW64) AppleWebKit/537.36 (KHTML, like Gecko) Chrome/137.0.0.0 Safari/537.36"
45.79.238.235 - - [31/Mar/2026:22:12:17 +0000] "POST /wp-cron.php?doing_wp_cron=1774995137.2517390251159667968750 HTTP/1.1" 200 - "-" "WordPress/6.9.4; http://tempspray.co.nz"
167.172.38.250 - - [31/Mar/2026:22:12:16 +0000] "POST /wp-login.php HTTP/1.1" 200 7096 "-" "Mozilla/5.0"
45.79.238.235 - - [31/Mar/2026:22:15:21 +0000] "POST /wp-cron.php?doing_wp_cron=1774995321.8242769241333007812500 HTTP/1.1" 200 - "-" "WordPress/6.9.4; http://tempspray.co.nz"
45.87.221.196 - - [31/Mar/2026:22:15:21 +0000] "POST /wp-login.php HTTP/1.1" 200 7099 "-" "Mozilla/5.0 (Windows NT 10.0; Win64; x64; rv:141.0) Gecko/20100101 Firefox/141.0"
45.79.238.235 - - [31/Mar/2026:22:23:33 +0000] "POST /wp-cron.php?doing_wp_cron=1774995813.5437340736389160156250 HTTP/1.1" 200 - "-" "WordPress/6.9.4; http://tempspray.co.nz"
134.209.211.184 - - [31/Mar/2026:22:23:32 +0000] "POST /wp-login.php HTTP/1.1" 200 7096 "-" "Mozilla/5.0"
45.79.238.235 - - [31/Mar/2026:22:25:34 +0000] "POST /wp-cron.php?doing_wp_cron=1774995934.1063539981842041015625 HTTP/1.1" 200 - "-" "WordPress/6.9.4; http://tempspray.co.nz"
167.172.38.250 - - [31/Mar/2026:22:25:33 +0000] "POST /wp-login.php HTTP/1.1" 200 7096 "-" "Mozilla/5.0"
4.205.39.97 - - [31/Mar/2026:22:29:40 +0000] "GET / HTTP/1.1" 404 16 "-" "Mozlila/5.0 (Linux; Android 7.0; SM-G892A Bulid/NRD90M; wv) AppleWebKit/537.36 (KHTML, like Gecko) Version/4.0 Chrome/60.0.3112.107 Moblie Safari/537.36"
4.205.39.97 - - [31/Mar/2026:22:29:40 +0000] "POST /ALFA_DATA/alfacgiapi/perl.alfa HTTP/1.1" 403 4170 "www.google.com" "Mozlila/5.0 (Linux; Android 7.0; SM-G892A Bulid/NRD90M; wv) AppleWebKit/537.36 (KHTML, like Gecko) Version/4.0 Chrome/60.0.3112.107 Moblie Safari/537.36"
4.205.39.97 - - [31/Mar/2026:22:29:40 +0000] "GET /wp-content/themes/seotheme/db.php?u HTTP/1.1" 404 16 "www.google.com" "Mozlila/5.0 (Linux; Android 7.0; SM-G892A Bulid/NRD90M; wv) AppleWebKit/537.36 (KHTML, like Gecko) Version/4.0 Chrome/60.0.3112.107 Moblie Safari/537.36"
4.205.39.97 - - [31/Mar/2026:22:29:40 +0000] "POST /wp-plain.php HTTP/1.1" 404 16 "www.google.com" "Mozilla/5.0 (Linux; Android 7.0; SM-G892A Bulid/NRD90M; wv) AppleWebKit/537.36 (KHTML, like Gecko) Version/4.0 Chrome/60.0.3112.107 Moblie Safari/537.36"
4.205.39.97 - - [31/Mar/2026:22:29:40 +0000] "POST /alfacgiapi/perl.alfa HTTP/1.1" 404 16 "www.google.com" "Mozlila/5.0 (Linux; Android 7.0; SM-G892A Bulid/NRD90M; wv) AppleWebKit/537.36 (KHTML, like Gecko) Version/4.0 Chrome/60.0.3112.107 Moblie Safari/537.36"
4.205.39.97 - - [31/Mar/2026:22:29:40 +0000] "GET /jjskcjxh.php?Fox=d3wL7 HTTP/1.1" 404 16 "www.google.com" "Mozilla/5.0 (Linux; Android 7.0; SM-G892A Bulid/NRD90M; wv) AppleWebKit/537.36 (KHTML, like Gecko) Version/4.0 Chrome/60.0.3112.107 Moblie Safari/537.36"
141.98.11.44 - - [31/Mar/2026:22:32:57 +0000] "GET /wp-includes/sodium_compat/src/Core/SecretStream/State.php HTTP/1.1" 404 16 "-" "Mozilla/5.0 (Windows NT 10.0; Win64; x64) AppleWebKit/537.36"
45.79.238.235 - - [31/Mar/2026:22:34:30 +0000] "POST /wp-cron.php?doing_wp_cron=1774996470.3906209468841552734375 HTTP/1.1" 200 - "-" "WordPress/6.9.4; http://tempspray.co.nz"
194.116.78.217 - - [31/Mar/2026:22:34:29 +0000] "POST /wp-login.php HTTP/1.1" 200 7098 "-" "Mozilla/5.0 (Windows NT 10.0) AppleWebKit/537.36 (KHTML, like Gecko) Chrome/139.0.0.0 Safari/537.36"
45.79.238.235 - - [31/Mar/2026:22:36:51 +0000] "POST /wp-cron.php?doing_wp_cron=1774996611.4626998901367187500000 HTTP/1.1" 200 - "-" "WordPress/6.9.4; http://tempspray.co.nz"
134.209.211.184 - - [31/Mar/2026:22:36:50 +0000] "POST /wp-login.php HTTP/1.1" 200 7096 "-" "Mozilla/5.0"
45.79.238.235 - - [31/Mar/2026:22:38:46 +0000] "POST /wp-cron.php?doing_wp_cron=1774996726.5444700717926025390625 HTTP/1.1" 200 - "-" "WordPress/6.9.4; http://tempspray.co.nz"
167.172.38.250 - - [31/Mar/2026:22:38:45 +0000] "POST /wp-login.php HTTP/1.1" 200 7096 "-" "Mozilla/5.0"
45.79.238.235 - - [31/Mar/2026:22:39:55 +0000] "POST /wp-cron.php?doing_wp_cron=1774996795.1222269535064697265625 HTTP/1.1" 200 - "-" "WordPress/6.9.4; http://tempspray.co.nz"
3.93.40.64 - - [31/Mar/2026:22:39:54 +0000] "POST /wp-login.php HTTP/1.1" 200 7096 "-" "Mozilla/5.0"
45.79.238.235 - - [31/Mar/2026:22:47:05 +0000] "POST /wp-cron.php?doing_wp_cron=1774997225.3869431018829345703125 HTTP/1.1" 200 - "-" "WordPress/6.9.4; http://tempspray.co.nz"
161.178.140.192 - - [31/Mar/2026:22:47:03 +0000] "POST /wp-login.php HTTP/1.1" 200 7096 "-" "Mozilla/5.0"
57.141.14.59 - - [31/Mar/2026:22:48:25 +0000] "GET //wp-admin/user/moon.php HTTP/1.1" 403 4170 "-" "meta-externalagent/1.1 (+https://developers.facebook.com/docs/sharing/webmasters/crawler)"
45.79.238.235 - - [31/Mar/2026:22:50:13 +0000] "POST /wp-cron.php?doing_wp_cron=1774997413.2481811046600341796875 HTTP/1.1" 200 - "-" "WordPress/6.9.4; http://tempspray.co.nz"
134.209.211.184 - - [31/Mar/2026:22:50:11 +0000] "POST /wp-login.php HTTP/1.1" 200 7096 "-" "Mozilla/5.0"
45.79.238.235 - - [31/Mar/2026:22:52:05 +0000] "POST /wp-cron.php?doing_wp_cron=1774997525.0555779933929443359375 HTTP/1.1" 200 - "-" "WordPress/6.9.4; http://tempspray.co.nz"
167.172.38.250 - - [31/Mar/2026:22:52:03 +0000] "POST /wp-login.php HTTP/1.1" 200 7096 "-" "Mozilla/5.0"
45.79.238.235 - - [31/Mar/2026:23:03:34 +0000] "POST /wp-cron.php?doing_wp_cron=1774998213.8445489406585693359375 HTTP/1.1" 200 - "-" "WordPress/6.9.4; http://tempspray.co.nz"
134.209.211.184 - - [31/Mar/2026:23:03:32 +0000] "POST /wp-login.php HTTP/1.1" 200 7096 "-" "Mozilla/5.0"
45.79.238.235 - - [31/Mar/2026:23:05:13 +0000] "POST /wp-cron.php?doing_wp_cron=1774998313.1065890789031982421875 HTTP/1.1" 200 - "-" "WordPress/6.9.4; http://tempspray.co.nz"
167.172.38.250 - - [31/Mar/2026:23:05:12 +0000] "POST /wp-login.php HTTP/1.1" 200 7096 "-" "Mozilla/5.0"
45.79.238.235 - - [31/Mar/2026:23:07:12 +0000] "POST /wp-cron.php?doing_wp_cron=1774998432.7910690307617187500000 HTTP/1.1" 200 - "-" "WordPress/6.9.4; http://tempspray.co.nz"
57.141.14.104 - - [31/Mar/2026:23:07:11 +0000] "GET /wp-login.php?redirect_to=http%3A%2F%2Ftempspray.co.nz%2Fwp-admin%2Fadmin.php&reauth=1 HTTP/1.1" 200 6685 "-" "meta-externalagent/1.1 (+https://developers.facebook.com/docs/sharing/webmasters/crawler)"
141.98.11.44 - - [31/Mar/2026:23:08:02 +0000] "GET /wp-includes/sodium_compat/src/Core/SecretStream/State.php HTTP/1.1" 404 16 "-" "Mozilla/5.0 (Windows NT 10.0; Win64; x64) AppleWebKit/537.36"
170.106.167.214 - - [31/Mar/2026:23:08:15 +0000] "GET / HTTP/1.1" 404 16 "-" "Mozilla/5.0 (iPhone; CPU iPhone OS 13_2_3 like Mac OS X) AppleWebKit/605.1.15 (KHTML, like Gecko) Version/13.0.3 Mobile/15E148 Safari/604.1"
45.79.238.235 - - [31/Mar/2026:23:09:16 +0000] "GET /.well-known/acme-challenge/_CY1GLK41VDERI0T_Z-B7FWKN33HVH6M HTTP/1.1" 200 64 "-" "Cpanel-HTTP-Client/1.0"
45.79.238.235 - - [31/Mar/2026:23:10:52 +0000] "POST /wp-cron.php?doing_wp_cron=1774998652.2545180320739746093750 HTTP/1.1" 200 - "-" "WordPress/6.9.4; http://tempspray.co.nz"
185.199.223.39 - - [31/Mar/2026:23:10:51 +0000] "POST /wp-login.php HTTP/1.1" 200 7095 "-" "Mozilla/5.0 (Windows NT 10.0) AppleWebKit/537.43 (KHTML, like Gecko) Chrome/135.0.0.0 Safari/537.36 OPR/120.0.0.0"
cải xoăn