57.141.14.47 - - [31/Mar/2026:14:30:29 +0000] "GET /products/448591180 HTTP/1.1" 404 16 "-" "meta-externalagent/1.1 (+https://developers.facebook.com/docs/sharing/webmasters/crawler)"
57.141.14.98 - - [31/Mar/2026:14:31:37 +0000] "GET /products/3711672 HTTP/1.1" 404 16 "-" "meta-externalagent/1.1 (+https://developers.facebook.com/docs/sharing/webmasters/crawler)"
45.79.238.235 - - [31/Mar/2026:14:32:59 +0000] "POST /wp-cron.php?doing_wp_cron=1774967579.2003788948059082031250 HTTP/1.1" 200 - "-" "WordPress/6.9.4; http://tempspray.co.nz"
134.209.211.184 - - [31/Mar/2026:14:32:58 +0000] "POST /wp-login.php HTTP/1.1" 200 7096 "-" "Mozilla/5.0"
57.141.14.9 - - [31/Mar/2026:14:34:56 +0000] "GET /products/6872047 HTTP/1.1" 404 16 "-" "meta-externalagent/1.1 (+https://developers.facebook.com/docs/sharing/webmasters/crawler)"
57.141.14.30 - - [31/Mar/2026:14:37:10 +0000] "GET /products/5038469 HTTP/1.1" 404 16 "-" "meta-externalagent/1.1 (+https://developers.facebook.com/docs/sharing/webmasters/crawler)"
57.141.14.5 - - [31/Mar/2026:14:38:16 +0000] "GET /products/9394885 HTTP/1.1" 404 16 "-" "meta-externalagent/1.1 (+https://developers.facebook.com/docs/sharing/webmasters/crawler)"
45.79.238.235 - - [31/Mar/2026:14:38:31 +0000] "POST /wp-cron.php?doing_wp_cron=1774967911.3784039020538330078125 HTTP/1.1" 200 - "-" "WordPress/6.9.4; http://tempspray.co.nz"
167.172.38.250 - - [31/Mar/2026:14:38:30 +0000] "POST /wp-login.php HTTP/1.1" 200 7096 "-" "Mozilla/5.0"
57.141.14.59 - - [31/Mar/2026:14:39:23 +0000] "GET /products/20745510 HTTP/1.1" 404 16 "-" "meta-externalagent/1.1 (+https://developers.facebook.com/docs/sharing/webmasters/crawler)"
57.141.14.45 - - [31/Mar/2026:14:41:36 +0000] "GET /products/4740138 HTTP/1.1" 404 16 "-" "meta-externalagent/1.1 (+https://developers.facebook.com/docs/sharing/webmasters/crawler)"
45.79.238.235 - - [31/Mar/2026:14:42:02 +0000] "POST /wp-cron.php?doing_wp_cron=1774968122.4345929622650146484375 HTTP/1.1" 200 - "-" "WordPress/6.9.4; http://tempspray.co.nz"
204.48.18.182 - - [31/Mar/2026:14:42:01 +0000] "POST /wp-login.php HTTP/1.1" 200 7099 "-" "Mozilla/5.0 (Windows NT 10.0) AppleWebKit/537.43 (KHTML, like Gecko) Chrome/138.0.0.0 Safari/537.36 OPR/122.0.0.0"
45.79.238.235 - - [31/Mar/2026:14:43:22 +0000] "POST /wp-cron.php?doing_wp_cron=1774968201.9448869228363037109375 HTTP/1.1" 200 - "-" "WordPress/6.9.4; http://tempspray.co.nz"
134.209.211.184 - - [31/Mar/2026:14:43:21 +0000] "POST /wp-login.php HTTP/1.1" 200 7096 "-" "Mozilla/5.0"
57.141.14.19 - - [31/Mar/2026:14:43:50 +0000] "GET /products/64993239 HTTP/1.1" 404 16 "-" "meta-externalagent/1.1 (+https://developers.facebook.com/docs/sharing/webmasters/crawler)"
57.141.14.67 - - [31/Mar/2026:14:44:56 +0000] "GET /products/3782411 HTTP/1.1" 404 16 "-" "meta-externalagent/1.1 (+https://developers.facebook.com/docs/sharing/webmasters/crawler)"
57.141.14.17 - - [31/Mar/2026:14:48:16 +0000] "GET /products/9129670 HTTP/1.1" 404 16 "-" "meta-externalagent/1.1 (+https://developers.facebook.com/docs/sharing/webmasters/crawler)"
45.79.238.235 - - [31/Mar/2026:14:48:31 +0000] "POST /wp-cron.php?doing_wp_cron=1774968511.6910600662231445312500 HTTP/1.1" 200 - "-" "WordPress/6.9.4; http://tempspray.co.nz"
167.172.38.250 - - [31/Mar/2026:14:48:31 +0000] "POST /wp-login.php HTTP/1.1" 200 7096 "-" "Mozilla/5.0"
141.98.11.44 - - [31/Mar/2026:14:50:08 +0000] "GET /wp-includes/sodium_compat/src/Core/SecretStream/State.php HTTP/1.1" 403 4170 "-" "Mozilla/5.0 (Windows NT 10.0; Win64; x64) AppleWebKit/537.36"
57.141.14.111 - - [31/Mar/2026:14:51:36 +0000] "GET /products/90806689 HTTP/1.1" 404 16 "-" "meta-externalagent/1.1 (+https://developers.facebook.com/docs/sharing/webmasters/crawler)"
45.79.238.235 - - [31/Mar/2026:14:53:39 +0000] "POST /wp-cron.php?doing_wp_cron=1774968819.1998980045318603515625 HTTP/1.1" 200 - "-" "WordPress/6.9.4; http://tempspray.co.nz"
134.209.211.184 - - [31/Mar/2026:14:53:38 +0000] "POST /wp-login.php HTTP/1.1" 200 7096 "-" "Mozilla/5.0"
57.141.14.5 - - [31/Mar/2026:14:53:50 +0000] "GET /products/587095747 HTTP/1.1" 404 16 "-" "meta-externalagent/1.1 (+https://developers.facebook.com/docs/sharing/webmasters/crawler)"
57.141.14.108 - - [31/Mar/2026:14:54:56 +0000] "GET /products/720566607 HTTP/1.1" 404 16 "-" "meta-externalagent/1.1 (+https://developers.facebook.com/docs/sharing/webmasters/crawler)"
57.141.14.8 - - [31/Mar/2026:14:57:10 +0000] "GET /products/50143381 HTTP/1.1" 404 16 "-" "meta-externalagent/1.1 (+https://developers.facebook.com/docs/sharing/webmasters/crawler)"
45.79.238.235 - - [31/Mar/2026:14:58:19 +0000] "POST /wp-cron.php?doing_wp_cron=1774969099.8705170154571533203125 HTTP/1.1" 200 - "-" "WordPress/6.9.4; http://tempspray.co.nz"
167.172.38.250 - - [31/Mar/2026:14:58:19 +0000] "POST /wp-login.php HTTP/1.1" 200 7096 "-" "Mozilla/5.0"
57.141.14.17 - - [31/Mar/2026:14:59:23 +0000] "GET /products/743495449 HTTP/1.1" 404 16 "-" "meta-externalagent/1.1 (+https://developers.facebook.com/docs/sharing/webmasters/crawler)"
57.141.14.39 - - [31/Mar/2026:15:00:30 +0000] "GET /products/80235211 HTTP/1.1" 404 16 "-" "meta-externalagent/1.1 (+https://developers.facebook.com/docs/sharing/webmasters/crawler)"
57.141.14.24 - - [31/Mar/2026:15:01:36 +0000] "GET /products/464454497 HTTP/1.1" 404 16 "-" "meta-externalagent/1.1 (+https://developers.facebook.com/docs/sharing/webmasters/crawler)"
57.141.14.22 - - [31/Mar/2026:15:02:45 +0000] "GET /products/764462665 HTTP/1.1" 404 16 "-" "meta-externalagent/1.1 (+https://developers.facebook.com/docs/sharing/webmasters/crawler)"
57.141.14.96 - - [31/Mar/2026:15:03:50 +0000] "GET /products/613109717 HTTP/1.1" 404 16 "-" "meta-externalagent/1.1 (+https://developers.facebook.com/docs/sharing/webmasters/crawler)"
45.79.238.235 - - [31/Mar/2026:15:04:05 +0000] "POST /wp-cron.php?doing_wp_cron=1774969444.7950289249420166015625 HTTP/1.1" 200 - "-" "WordPress/6.9.4; http://tempspray.co.nz"
134.209.211.184 - - [31/Mar/2026:15:04:04 +0000] "POST /wp-login.php HTTP/1.1" 200 7096 "-" "Mozilla/5.0"
57.141.14.73 - - [31/Mar/2026:15:06:03 +0000] "GET /products/550612137 HTTP/1.1" 404 16 "-" "meta-externalagent/1.1 (+https://developers.facebook.com/docs/sharing/webmasters/crawler)"
57.141.14.18 - - [31/Mar/2026:15:07:09 +0000] "GET /products/523171067 HTTP/1.1" 404 16 "-" "meta-externalagent/1.1 (+https://developers.facebook.com/docs/sharing/webmasters/crawler)"
45.79.238.235 - - [31/Mar/2026:15:08:09 +0000] "POST /wp-cron.php?doing_wp_cron=1774969689.8593969345092773437500 HTTP/1.1" 200 - "-" "WordPress/6.9.4; http://tempspray.co.nz"
167.172.38.250 - - [31/Mar/2026:15:08:09 +0000] "POST /wp-login.php HTTP/1.1" 200 7096 "-" "Mozilla/5.0"
57.141.14.84 - - [31/Mar/2026:15:08:16 +0000] "GET /products/9416446 HTTP/1.1" 404 16 "-" "meta-externalagent/1.1 (+https://developers.facebook.com/docs/sharing/webmasters/crawler)"
57.141.14.110 - - [31/Mar/2026:15:11:36 +0000] "GET /products/692902141 HTTP/1.1" 404 16 "-" "meta-externalagent/1.1 (+https://developers.facebook.com/docs/sharing/webmasters/crawler)"
45.79.238.235 - - [31/Mar/2026:15:12:07 +0000] "POST /wp-cron.php?doing_wp_cron=1774969927.7630929946899414062500 HTTP/1.1" 200 - "-" "WordPress/6.9.4; http://tempspray.co.nz"
37.60.246.205 - - [31/Mar/2026:15:12:07 +0000] "POST /wp-login.php HTTP/1.1" 200 7096 "-" "Mozilla/5.0 (Windows NT 10.0; Win64; x64) AppleWebKit/537.36 (KHTML, like Gecko) Chrome/140.0.0.0 Safari/537.36 Edg/140.0.0.0"
57.141.14.53 - - [31/Mar/2026:15:12:43 +0000] "GET /products/698727052 HTTP/1.1" 404 16 "-" "meta-externalagent/1.1 (+https://developers.facebook.com/docs/sharing/webmasters/crawler)"
57.141.14.106 - - [31/Mar/2026:15:13:49 +0000] "GET /products/63974128 HTTP/1.1" 404 16 "-" "meta-externalagent/1.1 (+https://developers.facebook.com/docs/sharing/webmasters/crawler)"
45.79.238.235 - - [31/Mar/2026:15:14:49 +0000] "POST /wp-cron.php?doing_wp_cron=1774970088.8059210777282714843750 HTTP/1.1" 200 - "-" "WordPress/6.9.4; http://tempspray.co.nz"
134.209.211.184 - - [31/Mar/2026:15:14:48 +0000] "POST /wp-login.php HTTP/1.1" 200 7096 "-" "Mozilla/5.0"
57.141.14.82 - - [31/Mar/2026:15:14:56 +0000] "GET /products/6850232 HTTP/1.1" 404 16 "-" "meta-externalagent/1.1 (+https://developers.facebook.com/docs/sharing/webmasters/crawler)"
57.141.14.98 - - [31/Mar/2026:15:16:03 +0000] "GET /products/726154443 HTTP/1.1" 404 16 "-" "meta-externalagent/1.1 (+https://developers.facebook.com/docs/sharing/webmasters/crawler)"
57.141.14.27 - - [31/Mar/2026:15:17:10 +0000] "GET /products/740057313 HTTP/1.1" 404 16 "-" "meta-externalagent/1.1 (+https://developers.facebook.com/docs/sharing/webmasters/crawler)"
45.79.238.235 - - [31/Mar/2026:15:17:56 +0000] "POST /wp-cron.php?doing_wp_cron=1774970276.5010149478912353515625 HTTP/1.1" 200 - "-" "WordPress/6.9.4; http://tempspray.co.nz"
167.172.38.250 - - [31/Mar/2026:15:17:55 +0000] "POST /wp-login.php HTTP/1.1" 200 7096 "-" "Mozilla/5.0"
57.141.14.82 - - [31/Mar/2026:15:18:16 +0000] "GET /products/96506014 HTTP/1.1" 404 16 "-" "meta-externalagent/1.1 (+https://developers.facebook.com/docs/sharing/webmasters/crawler)"
57.141.14.52 - - [31/Mar/2026:15:19:23 +0000] "GET /products/438709679 HTTP/1.1" 404 16 "-" "meta-externalagent/1.1 (+https://developers.facebook.com/docs/sharing/webmasters/crawler)"
57.141.14.24 - - [31/Mar/2026:15:21:36 +0000] "GET /products/8079235 HTTP/1.1" 404 16 "-" "meta-externalagent/1.1 (+https://developers.facebook.com/docs/sharing/webmasters/crawler)"
141.98.11.44 - - [31/Mar/2026:15:22:27 +0000] "GET /wp-includes/sodium_compat/src/Core/SecretStream/State.php HTTP/1.1" 403 4170 "-" "Mozilla/5.0 (Windows NT 10.0; Win64; x64) AppleWebKit/537.36"
57.141.14.40 - - [31/Mar/2026:15:22:43 +0000] "GET /products/54664351 HTTP/1.1" 404 16 "-" "meta-externalagent/1.1 (+https://developers.facebook.com/docs/sharing/webmasters/crawler)"
57.141.14.80 - - [31/Mar/2026:15:23:49 +0000] "GET /products/35217060 HTTP/1.1" 404 16 "-" "meta-externalagent/1.1 (+https://developers.facebook.com/docs/sharing/webmasters/crawler)"
57.141.14.26 - - [31/Mar/2026:15:24:56 +0000] "GET /products/82536934 HTTP/1.1" 404 16 "-" "meta-externalagent/1.1 (+https://developers.facebook.com/docs/sharing/webmasters/crawler)"
45.79.238.235 - - [31/Mar/2026:15:25:31 +0000] "POST /wp-cron.php?doing_wp_cron=1774970731.5393610000610351562500 HTTP/1.1" 200 - "-" "WordPress/6.9.4; http://tempspray.co.nz"
134.209.211.184 - - [31/Mar/2026:15:25:30 +0000] "POST /wp-login.php HTTP/1.1" 200 7096 "-" "Mozilla/5.0"
57.141.14.85 - - [31/Mar/2026:15:26:03 +0000] "GET /products/1148183 HTTP/1.1" 404 16 "-" "meta-externalagent/1.1 (+https://developers.facebook.com/docs/sharing/webmasters/crawler)"
57.141.14.33 - - [31/Mar/2026:15:28:16 +0000] "GET /products/33603426 HTTP/1.1" 404 16 "-" "meta-externalagent/1.1 (+https://developers.facebook.com/docs/sharing/webmasters/crawler)"
45.79.238.235 - - [31/Mar/2026:15:28:25 +0000] "POST /wp-cron.php?doing_wp_cron=1774970905.8585779666900634765625 HTTP/1.1" 200 - "-" "WordPress/6.9.4; http://tempspray.co.nz"
167.172.38.250 - - [31/Mar/2026:15:28:25 +0000] "POST /wp-login.php HTTP/1.1" 200 7096 "-" "Mozilla/5.0"
57.141.14.60 - - [31/Mar/2026:15:29:22 +0000] "GET /products/25396377 HTTP/1.1" 404 16 "-" "meta-externalagent/1.1 (+https://developers.facebook.com/docs/sharing/webmasters/crawler)"
57.141.14.84 - - [31/Mar/2026:15:30:30 +0000] "GET /products/97422239 HTTP/1.1" 404 16 "-" "meta-externalagent/1.1 (+https://developers.facebook.com/docs/sharing/webmasters/crawler)"
57.141.14.12 - - [31/Mar/2026:15:31:36 +0000] "GET /products/396545801 HTTP/1.1" 404 16 "-" "meta-externalagent/1.1 (+https://developers.facebook.com/docs/sharing/webmasters/crawler)"
57.141.14.96 - - [31/Mar/2026:15:33:50 +0000] "GET /products/3952333 HTTP/1.1" 404 16 "-" "meta-externalagent/1.1 (+https://developers.facebook.com/docs/sharing/webmasters/crawler)"
57.141.14.34 - - [31/Mar/2026:15:34:56 +0000] "GET /products/548795530 HTTP/1.1" 404 16 "-" "meta-externalagent/1.1 (+https://developers.facebook.com/docs/sharing/webmasters/crawler)"
45.79.238.235 - - [31/Mar/2026:15:36:26 +0000] "POST /wp-cron.php?doing_wp_cron=1774971385.8398458957672119140625 HTTP/1.1" 200 - "-" "WordPress/6.9.4; http://tempspray.co.nz"
134.209.211.184 - - [31/Mar/2026:15:36:25 +0000] "POST /wp-login.php HTTP/1.1" 200 7096 "-" "Mozilla/5.0"
57.141.14.44 - - [31/Mar/2026:15:37:11 +0000] "GET /products/6106712 HTTP/1.1" 404 16 "-" "meta-externalagent/1.1 (+https://developers.facebook.com/docs/sharing/webmasters/crawler)"
45.79.238.235 - - [31/Mar/2026:15:39:16 +0000] "POST /wp-cron.php?doing_wp_cron=1774971556.2780609130859375000000 HTTP/1.1" 200 - "-" "WordPress/6.9.4; http://tempspray.co.nz"
167.172.38.250 - - [31/Mar/2026:15:39:15 +0000] "POST /wp-login.php HTTP/1.1" 200 7096 "-" "Mozilla/5.0"
57.141.14.2 - - [31/Mar/2026:15:39:23 +0000] "GET /products/545604759 HTTP/1.1" 404 16 "-" "meta-externalagent/1.1 (+https://developers.facebook.com/docs/sharing/webmasters/crawler)"
57.141.14.52 - - [31/Mar/2026:15:40:29 +0000] "GET /products/438176881 HTTP/1.1" 404 16 "-" "meta-externalagent/1.1 (+https://developers.facebook.com/docs/sharing/webmasters/crawler)"
57.141.14.41 - - [31/Mar/2026:15:42:43 +0000] "GET /products/9282496 HTTP/1.1" 404 16 "-" "meta-externalagent/1.1 (+https://developers.facebook.com/docs/sharing/webmasters/crawler)"
57.141.14.51 - - [31/Mar/2026:15:43:50 +0000] "GET /products/8139577 HTTP/1.1" 404 16 "-" "meta-externalagent/1.1 (+https://developers.facebook.com/docs/sharing/webmasters/crawler)"
57.141.14.96 - - [31/Mar/2026:15:44:57 +0000] "GET /products/6638159 HTTP/1.1" 404 16 "-" "meta-externalagent/1.1 (+https://developers.facebook.com/docs/sharing/webmasters/crawler)"
57.141.14.22 - - [31/Mar/2026:15:46:03 +0000] "GET /products/755248505 HTTP/1.1" 404 16 "-" "meta-externalagent/1.1 (+https://developers.facebook.com/docs/sharing/webmasters/crawler)"
57.141.14.53 - - [31/Mar/2026:15:47:09 +0000] "GET /products/50101529 HTTP/1.1" 404 16 "-" "meta-externalagent/1.1 (+https://developers.facebook.com/docs/sharing/webmasters/crawler)"
45.79.238.235 - - [31/Mar/2026:15:47:32 +0000] "POST /wp-cron.php?doing_wp_cron=1774972052.8045248985290527343750 HTTP/1.1" 200 - "-" "WordPress/6.9.4; http://tempspray.co.nz"
134.209.211.184 - - [31/Mar/2026:15:47:32 +0000] "POST /wp-login.php HTTP/1.1" 200 7096 "-" "Mozilla/5.0"
57.141.14.38 - - [31/Mar/2026:15:48:16 +0000] "GET /products/12568585 HTTP/1.1" 404 16 "-" "meta-externalagent/1.1 (+https://developers.facebook.com/docs/sharing/webmasters/crawler)"
57.141.14.30 - - [31/Mar/2026:15:49:23 +0000] "GET /products/70866682 HTTP/1.1" 404 16 "-" "meta-externalagent/1.1 (+https://developers.facebook.com/docs/sharing/webmasters/crawler)"
45.79.238.235 - - [31/Mar/2026:15:50:02 +0000] "POST /wp-cron.php?doing_wp_cron=1774972202.2052750587463378906250 HTTP/1.1" 200 - "-" "WordPress/6.9.4; http://tempspray.co.nz"
167.172.38.250 - - [31/Mar/2026:15:50:01 +0000] "POST /wp-login.php HTTP/1.1" 200 7096 "-" "Mozilla/5.0"
57.141.14.90 - - [31/Mar/2026:15:50:30 +0000] "GET /products/425671468 HTTP/1.1" 404 16 "-" "meta-externalagent/1.1 (+https://developers.facebook.com/docs/sharing/webmasters/crawler)"
141.98.11.44 - - [31/Mar/2026:15:51:14 +0000] "GET /wp-includes/sodium_compat/src/Core/SecretStream/State.php HTTP/1.1" 403 4170 "-" "Mozilla/5.0 (Windows NT 10.0; Win64; x64) AppleWebKit/537.36"
57.141.14.95 - - [31/Mar/2026:15:51:36 +0000] "GET /products/717767899 HTTP/1.1" 404 16 "-" "meta-externalagent/1.1 (+https://developers.facebook.com/docs/sharing/webmasters/crawler)"
57.141.14.39 - - [31/Mar/2026:15:52:42 +0000] "GET /products/615616861 HTTP/1.1" 404 16 "-" "meta-externalagent/1.1 (+https://developers.facebook.com/docs/sharing/webmasters/crawler)"
57.141.14.104 - - [31/Mar/2026:15:53:49 +0000] "GET /products/3020643 HTTP/1.1" 404 16 "-" "meta-externalagent/1.1 (+https://developers.facebook.com/docs/sharing/webmasters/crawler)"
57.141.14.111 - - [31/Mar/2026:15:54:56 +0000] "GET /products/613880755 HTTP/1.1" 404 16 "-" "meta-externalagent/1.1 (+https://developers.facebook.com/docs/sharing/webmasters/crawler)"
57.141.14.21 - - [31/Mar/2026:15:56:03 +0000] "GET /products/61813105 HTTP/1.1" 404 16 "-" "meta-externalagent/1.1 (+https://developers.facebook.com/docs/sharing/webmasters/crawler)"
45.79.238.235 - - [31/Mar/2026:15:58:33 +0000] "POST /wp-cron.php?doing_wp_cron=1774972712.5927209854125976562500 HTTP/1.1" 200 - "-" "WordPress/6.9.4; http://tempspray.co.nz"
134.209.211.184 - - [31/Mar/2026:15:58:31 +0000] "POST /wp-login.php HTTP/1.1" 200 7096 "-" "Mozilla/5.0"
195.250.23.93 - - [31/Mar/2026:15:59:21 +0000] "POST /wp-login.php HTTP/1.1" 403 4170 "-" "Mozilla/5.0 (Windows NT 10.0; WOW64; rv:145.0) Gecko/20100101 Firefox/145.0"
57.141.14.96 - - [31/Mar/2026:15:59:22 +0000] "GET /products/8105138 HTTP/1.1" 404 16 "-" "meta-externalagent/1.1 (+https://developers.facebook.com/docs/sharing/webmasters/crawler)"
57.141.14.98 - - [31/Mar/2026:16:00:29 +0000] "GET /products/399955445 HTTP/1.1" 404 16 "-" "meta-externalagent/1.1 (+https://developers.facebook.com/docs/sharing/webmasters/crawler)"
45.79.238.235 - - [31/Mar/2026:16:00:48 +0000] "POST /wp-cron.php?doing_wp_cron=1774972848.6551198959350585937500 HTTP/1.1" 200 - "-" "WordPress/6.9.4; http://tempspray.co.nz"
167.172.38.250 - - [31/Mar/2026:16:00:47 +0000] "POST /wp-login.php HTTP/1.1" 200 7096 "-" "Mozilla/5.0"
57.141.14.75 - - [31/Mar/2026:16:01:36 +0000] "GET /products/1876767 HTTP/1.1" 404 16 "-" "meta-externalagent/1.1 (+https://developers.facebook.com/docs/sharing/webmasters/crawler)"
57.141.14.76 - - [31/Mar/2026:16:02:43 +0000] "GET /products/5431776 HTTP/1.1" 404 16 "-" "meta-externalagent/1.1 (+https://developers.facebook.com/docs/sharing/webmasters/crawler)"
57.141.14.68 - - [31/Mar/2026:16:03:50 +0000] "GET /products/570973080 HTTP/1.1" 404 16 "-" "meta-externalagent/1.1 (+https://developers.facebook.com/docs/sharing/webmasters/crawler)"
57.141.14.30 - - [31/Mar/2026:16:07:10 +0000] "GET /products/8152706 HTTP/1.1" 404 16 "-" "meta-externalagent/1.1 (+https://developers.facebook.com/docs/sharing/webmasters/crawler)"
57.141.14.29 - - [31/Mar/2026:16:08:16 +0000] "GET /products/708503791 HTTP/1.1" 404 16 "-" "meta-externalagent/1.1 (+https://developers.facebook.com/docs/sharing/webmasters/crawler)"
192.99.70.8 - - [31/Mar/2026:16:09:00 +0000] "POST /wp-login.php HTTP/1.1" 403 4170 "-" "Mozilla/5.0 (Windows NT 10.0; WOW64; rv:143.0) Gecko/20100101 Firefox/143.0"
57.141.14.108 - - [31/Mar/2026:16:09:23 +0000] "GET /products/9028208 HTTP/1.1" 404 16 "-" "meta-externalagent/1.1 (+https://developers.facebook.com/docs/sharing/webmasters/crawler)"
45.79.238.235 - - [31/Mar/2026:16:09:56 +0000] "POST /wp-cron.php?doing_wp_cron=1774973396.6645679473876953125000 HTTP/1.1" 200 - "-" "WordPress/6.9.4; http://tempspray.co.nz"
134.209.211.184 - - [31/Mar/2026:16:09:55 +0000] "POST /wp-login.php HTTP/1.1" 200 7096 "-" "Mozilla/5.0"
57.141.14.80 - - [31/Mar/2026:16:10:29 +0000] "GET /products/359756246 HTTP/1.1" 404 16 "-" "meta-externalagent/1.1 (+https://developers.facebook.com/docs/sharing/webmasters/crawler)"
45.79.238.235 - - [31/Mar/2026:16:11:38 +0000] "POST /wp-cron.php?doing_wp_cron=1774973498.6590189933776855468750 HTTP/1.1" 200 - "-" "WordPress/6.9.4; http://tempspray.co.nz"
167.172.38.250 - - [31/Mar/2026:16:11:37 +0000] "POST /wp-login.php HTTP/1.1" 200 7096 "-" "Mozilla/5.0"
57.141.14.66 - - [31/Mar/2026:16:12:43 +0000] "GET /products/747008173 HTTP/1.1" 404 16 "-" "meta-externalagent/1.1 (+https://developers.facebook.com/docs/sharing/webmasters/crawler)"
57.141.14.15 - - [31/Mar/2026:16:13:50 +0000] "GET /products/99718332 HTTP/1.1" 404 16 "-" "meta-externalagent/1.1 (+https://developers.facebook.com/docs/sharing/webmasters/crawler)"
57.141.14.31 - - [31/Mar/2026:16:14:56 +0000] "GET /products/773304513 HTTP/1.1" 404 16 "-" "meta-externalagent/1.1 (+https://developers.facebook.com/docs/sharing/webmasters/crawler)"
20.63.96.180 - - [31/Mar/2026:16:15:39 +0000] "GET /wp-content/plugins/hellopress/wp_filemanager.php HTTP/1.1" 403 4170 "-" "-"
20.63.96.180 - - [31/Mar/2026:16:15:39 +0000] "GET /wp-good.php HTTP/1.1" 404 16 "-" "-"
20.63.96.180 - - [31/Mar/2026:16:15:40 +0000] "GET /file.php HTTP/1.1" 404 16 "-" "-"
20.63.96.180 - - [31/Mar/2026:16:15:40 +0000] "GET /bless.php HTTP/1.1" 404 16 "-" "-"
20.63.96.180 - - [31/Mar/2026:16:15:40 +0000] "GET /admin.php HTTP/1.1" 404 16 "-" "-"
20.63.96.180 - - [31/Mar/2026:16:15:40 +0000] "GET /ioxi-o.php HTTP/1.1" 404 16 "-" "-"
20.63.96.180 - - [31/Mar/2026:16:15:41 +0000] "GET /adminfuns.php HTTP/1.1" 404 16 "-" "-"
20.63.96.180 - - [31/Mar/2026:16:15:41 +0000] "GET /wp-content/admin.php HTTP/1.1" 404 16 "-" "-"
20.63.96.180 - - [31/Mar/2026:16:15:41 +0000] "GET /aa.php HTTP/1.1" 404 16 "-" "-"
20.63.96.180 - - [31/Mar/2026:16:15:41 +0000] "GET /xmrlpc.php HTTP/1.1" 404 16 "-" "-"
20.63.96.180 - - [31/Mar/2026:16:15:41 +0000] "GET /class.php HTTP/1.1" 404 16 "-" "-"
20.63.96.180 - - [31/Mar/2026:16:15:42 +0000] "GET /goods.php HTTP/1.1" 404 16 "-" "-"
20.63.96.180 - - [31/Mar/2026:16:15:42 +0000] "GET /info.php HTTP/1.1" 404 16 "-" "-"
20.63.96.180 - - [31/Mar/2026:16:15:42 +0000] "GET /as.php HTTP/1.1" 404 16 "-" "-"
20.63.96.180 - - [31/Mar/2026:16:15:42 +0000] "GET /aw.php HTTP/1.1" 404 16 "-" "-"
20.63.96.180 - - [31/Mar/2026:16:15:42 +0000] "GET /bb.php HTTP/1.1" 404 16 "-" "-"
20.63.96.180 - - [31/Mar/2026:16:15:42 +0000] "GET /about.php HTTP/1.1" 404 16 "-" "-"
20.63.96.180 - - [31/Mar/2026:16:15:43 +0000] "GET /222.php HTTP/1.1" 404 16 "-" "-"
20.63.96.180 - - [31/Mar/2026:16:15:43 +0000] "GET /test1.php HTTP/1.1" 404 16 "-" "-"
20.63.96.180 - - [31/Mar/2026:16:15:43 +0000] "GET /classwithtostring.php HTTP/1.1" 404 16 "-" "-"
20.63.96.180 - - [31/Mar/2026:16:15:43 +0000] "GET /css/autoload_classmap.php HTTP/1.1" 404 16 "-" "-"
20.63.96.180 - - [31/Mar/2026:16:15:43 +0000] "GET /fx.php HTTP/1.1" 404 16 "-" "-"
20.63.96.180 - - [31/Mar/2026:16:15:44 +0000] "GET /gelay.php HTTP/1.1" 404 16 "-" "-"
20.63.96.180 - - [31/Mar/2026:16:15:44 +0000] "GET /god4m.php HTTP/1.1" 404 16 "-" "-"
20.63.96.180 - - [31/Mar/2026:16:15:44 +0000] "GET /mari.php HTTP/1.1" 404 16 "-" "-"
20.63.96.180 - - [31/Mar/2026:16:15:44 +0000] "GET /moon.php HTTP/1.1" 404 16 "-" "-"
20.63.96.180 - - [31/Mar/2026:16:15:44 +0000] "GET /o.php HTTP/1.1" 404 16 "-" "-"
20.63.96.180 - - [31/Mar/2026:16:15:45 +0000] "GET /tmp.php HTTP/1.1" 404 16 "-" "-"
20.63.96.180 - - [31/Mar/2026:16:15:45 +0000] "GET /wp-admin/js/ HTTP/1.1" 404 16 "-" "-"
20.63.96.180 - - [31/Mar/2026:16:15:45 +0000] "GET /wp-admin/a.php HTTP/1.1" 404 16 "-" "-"
20.63.96.180 - - [31/Mar/2026:16:15:45 +0000] "GET /wp-admin/alfa.php HTTP/1.1" 404 16 "-" "-"
20.63.96.180 - - [31/Mar/2026:16:15:45 +0000] "GET /wp-admin/css/colors HTTP/1.1" 301 251 "-" "-"
20.63.96.180 - - [31/Mar/2026:16:15:46 +0000] "GET /wp-admin/css/colors/ HTTP/1.1" 404 16 "-" "-"
20.63.96.180 - - [31/Mar/2026:16:15:46 +0000] "GET /wp-admin/js/widgets/ HTTP/1.1" 404 16 "-" "-"
45.79.238.235 - - [31/Mar/2026:16:15:47 +0000] "POST /wp-cron.php?doing_wp_cron=1774973747.2788310050964355468750 HTTP/1.1" 200 - "-" "WordPress/6.9.4; http://tempspray.co.nz"
20.63.96.180 - - [31/Mar/2026:16:15:46 +0000] "GET /wp-admin/network/index.php HTTP/1.1" 302 - "-" "-"
20.63.96.180 - - [31/Mar/2026:16:15:47 +0000] "GET /wp-login.php?redirect_to=http%3A%2F%2Ftempspray.co.nz%2Fwp-admin%2Fnetwork%2Findex.php&reauth=1 HTTP/1.1" 200 6693 "-" "-"
20.63.96.180 - - [31/Mar/2026:16:15:48 +0000] "GET /wp-content/plugins/core-plugin/include.php HTTP/1.1" 404 16 "-" "-"
20.63.96.180 - - [31/Mar/2026:16:15:48 +0000] "GET /wp-includes/IXR/test1.php HTTP/1.1" 404 16 "-" "-"
20.63.96.180 - - [31/Mar/2026:16:15:49 +0000] "GET /wp-includes/js/crop/cropper.php HTTP/1.1" 404 16 "-" "-"
20.63.96.180 - - [31/Mar/2026:16:15:49 +0000] "GET /wp-content/themes/ HTTP/1.1" 404 16 "-" "-"
20.63.96.180 - - [31/Mar/2026:16:15:49 +0000] "GET /wp-includes/ID3/ HTTP/1.1" 404 16 "-" "-"
20.63.96.180 - - [31/Mar/2026:16:15:49 +0000] "GET /wk/index.php HTTP/1.1" 404 16 "-" "-"
20.63.96.180 - - [31/Mar/2026:16:15:49 +0000] "GET /inputs.php HTTP/1.1" 404 16 "-" "-"
20.63.96.180 - - [31/Mar/2026:16:15:50 +0000] "GET /function/function.php HTTP/1.1" 404 16 "-" "-"
20.63.96.180 - - [31/Mar/2026:16:15:50 +0000] "GET /rip.php HTTP/1.1" 404 16 "-" "-"
20.63.96.180 - - [31/Mar/2026:16:15:50 +0000] "GET /wp-content/uploads/index.php HTTP/1.1" 404 16 "-" "-"
20.63.96.180 - - [31/Mar/2026:16:15:50 +0000] "GET /cache.php HTTP/1.1" 404 16 "-" "-"
20.63.96.180 - - [31/Mar/2026:16:15:50 +0000] "GET /themes.php HTTP/1.1" 404 16 "-" "-"
20.63.96.180 - - [31/Mar/2026:16:15:51 +0000] "GET /an.php HTTP/1.1" 404 16 "-" "-"
20.63.96.180 - - [31/Mar/2026:16:15:51 +0000] "GET /index/function.php HTTP/1.1" 404 16 "-" "-"
20.63.96.180 - - [31/Mar/2026:16:15:51 +0000] "GET /randkeyword.PhP7 HTTP/1.1" 404 16 "-" "-"
20.63.96.180 - - [31/Mar/2026:16:15:51 +0000] "GET /ws.php HTTP/1.1" 404 16 "-" "-"
20.63.96.180 - - [31/Mar/2026:16:15:51 +0000] "GET /404.php HTTP/1.1" 404 16 "-" "-"
20.63.96.180 - - [31/Mar/2026:16:15:52 +0000] "GET /wp-admin/user/index.php HTTP/1.1" 302 - "-" "-"
20.63.96.180 - - [31/Mar/2026:16:15:52 +0000] "GET /wp-login.php?redirect_to=http%3A%2F%2Ftempspray.co.nz%2Fwp-admin%2Fuser%2Findex.php&reauth=1 HTTP/1.1" 200 6690 "-" "-"
20.63.96.180 - - [31/Mar/2026:16:15:53 +0000] "GET /wp-conf.php HTTP/1.1" 404 16 "-" "-"
20.63.96.180 - - [31/Mar/2026:16:15:53 +0000] "GET /wp-content/themes/hideo/network.php HTTP/1.1" 404 16 "-" "-"
20.63.96.180 - - [31/Mar/2026:16:15:53 +0000] "GET /wp-login.php HTTP/1.1" 200 6676 "-" "-"
20.63.96.180 - - [31/Mar/2026:16:15:54 +0000] "GET /abc.php HTTP/1.1" 404 16 "-" "-"
20.63.96.180 - - [31/Mar/2026:16:15:54 +0000] "GET /abcd.php HTTP/1.1" 404 16 "-" "-"
20.63.96.180 - - [31/Mar/2026:16:15:54 +0000] "GET /wp-trackback.php HTTP/1.1" 404 135 "-" "-"
20.63.96.180 - - [31/Mar/2026:16:15:55 +0000] "GET /xmlrpc.php HTTP/1.1" 405 42 "-" "-"
20.63.96.180 - - [31/Mar/2026:16:15:56 +0000] "GET /class-t.api.php HTTP/1.1" 404 16 "-" "-"
20.63.96.180 - - [31/Mar/2026:16:15:56 +0000] "GET /sf.php HTTP/1.1" 404 16 "-" "-"
20.63.96.180 - - [31/Mar/2026:16:15:57 +0000] "GET /kbfr.php HTTP/1.1" 404 16 "-" "-"
20.63.96.180 - - [31/Mar/2026:16:15:57 +0000] "GET /autoload_classmap.php HTTP/1.1" 404 16 "-" "-"
20.63.96.180 - - [31/Mar/2026:16:15:57 +0000] "GET /chosen.php?p= HTTP/1.1" 404 16 "-" "-"
20.63.96.180 - - [31/Mar/2026:16:15:57 +0000] "GET /defaults.php HTTP/1.1" 404 16 "-" "-"
20.63.96.180 - - [31/Mar/2026:16:15:57 +0000] "GET /wp-includes/ HTTP/1.1" 404 16 "-" "-"
20.63.96.180 - - [31/Mar/2026:16:15:58 +0000] "GET /.well-known/ HTTP/1.1" 404 16 "-" "-"
20.63.96.180 - - [31/Mar/2026:16:15:58 +0000] "GET /cgi-bin/ HTTP/1.1" 404 16 "-" "-"
20.63.96.180 - - [31/Mar/2026:16:15:58 +0000] "GET /uploads/ HTTP/1.1" 404 16 "-" "-"
20.63.96.180 - - [31/Mar/2026:16:15:58 +0000] "GET /wp-admin/images/ HTTP/1.1" 404 16 "-" "-"
20.63.96.180 - - [31/Mar/2026:16:15:58 +0000] "GET /wp-includes/Requests/src/Response/about.php HTTP/1.1" 404 16 "-" "-"
20.63.96.180 - - [31/Mar/2026:16:15:59 +0000] "GET /wp-includes/html-api/ HTTP/1.1" 404 16 "-" "-"
20.63.96.180 - - [31/Mar/2026:16:15:59 +0000] "GET /wp-admin/css/colors/ectoplasm/ HTTP/1.1" 404 16 "-" "-"
20.63.96.180 - - [31/Mar/2026:16:15:59 +0000] "GET /wp-content/uploads/ HTTP/1.1" 404 16 "-" "-"
20.63.96.180 - - [31/Mar/2026:16:15:59 +0000] "GET /wp-content/themes/admin.php HTTP/1.1" 404 16 "-" "-"
20.63.96.180 - - [31/Mar/2026:16:15:59 +0000] "GET /wp-content/themes/index.php HTTP/1.1" 404 16 "-" "-"
20.63.96.180 - - [31/Mar/2026:16:16:00 +0000] "GET /wp-content/plugins/index.php HTTP/1.1" 404 16 "-" "-"
20.63.96.180 - - [31/Mar/2026:16:16:00 +0000] "GET /wp-includes/PHPMailer/ HTTP/1.1" 404 16 "-" "-"
20.63.96.180 - - [31/Mar/2026:16:16:00 +0000] "GET /wp-includes/images/ HTTP/1.1" 404 16 "-" "-"
20.63.96.180 - - [31/Mar/2026:16:16:00 +0000] "GET /wp-content/plugins/WordPressCore/ HTTP/1.1" 404 16 "-" "-"
57.141.14.45 - - [31/Mar/2026:16:16:03 +0000] "GET /products/87647113 HTTP/1.1" 404 16 "-" "meta-externalagent/1.1 (+https://developers.facebook.com/docs/sharing/webmasters/crawler)"
57.141.14.7 - - [31/Mar/2026:16:17:10 +0000] "GET /products/95652959 HTTP/1.1" 404 16 "-" "meta-externalagent/1.1 (+https://developers.facebook.com/docs/sharing/webmasters/crawler)"
57.141.14.6 - - [31/Mar/2026:16:18:16 +0000] "GET /products/546558104 HTTP/1.1" 404 16 "-" "meta-externalagent/1.1 (+https://developers.facebook.com/docs/sharing/webmasters/crawler)"
57.141.14.29 - - [31/Mar/2026:16:19:23 +0000] "GET /products/38668943 HTTP/1.1" 404 16 "-" "meta-externalagent/1.1 (+https://developers.facebook.com/docs/sharing/webmasters/crawler)"
45.79.238.235 - - [31/Mar/2026:16:21:20 +0000] "POST /wp-cron.php?doing_wp_cron=1774974080.0602760314941406250000 HTTP/1.1" 200 - "-" "WordPress/6.9.4; http://tempspray.co.nz"
134.209.211.184 - - [31/Mar/2026:16:21:19 +0000] "POST /wp-login.php HTTP/1.1" 200 7096 "-" "Mozilla/5.0"
57.141.14.104 - - [31/Mar/2026:16:21:36 +0000] "GET /products/395867132 HTTP/1.1" 404 16 "-" "meta-externalagent/1.1 (+https://developers.facebook.com/docs/sharing/webmasters/crawler)"
45.79.238.235 - - [31/Mar/2026:16:22:33 +0000] "POST /wp-cron.php?doing_wp_cron=1774974152.6131680011749267578125 HTTP/1.1" 200 - "-" "WordPress/6.9.4; http://tempspray.co.nz"
167.172.38.250 - - [31/Mar/2026:16:22:31 +0000] "POST /wp-login.php HTTP/1.1" 200 7096 "-" "Mozilla/5.0"
57.141.14.12 - - [31/Mar/2026:16:22:44 +0000] "GET /products/458240673 HTTP/1.1" 404 16 "-" "meta-externalagent/1.1 (+https://developers.facebook.com/docs/sharing/webmasters/crawler)"
141.98.11.44 - - [31/Mar/2026:16:22:49 +0000] "GET /wp-includes/sodium_compat/src/Core/SecretStream/State.php HTTP/1.1" 403 4170 "-" "Mozilla/5.0 (Windows NT 10.0; Win64; x64) AppleWebKit/537.36"
57.141.14.104 - - [31/Mar/2026:16:23:50 +0000] "GET /products/75084558 HTTP/1.1" 404 16 "-" "meta-externalagent/1.1 (+https://developers.facebook.com/docs/sharing/webmasters/crawler)"
57.141.14.41 - - [31/Mar/2026:16:26:03 +0000] "GET /products/40110996 HTTP/1.1" 404 16 "-" "meta-externalagent/1.1 (+https://developers.facebook.com/docs/sharing/webmasters/crawler)"
57.141.14.97 - - [31/Mar/2026:16:27:09 +0000] "GET /products/497729589 HTTP/1.1" 404 16 "-" "meta-externalagent/1.1 (+https://developers.facebook.com/docs/sharing/webmasters/crawler)"
57.141.14.36 - - [31/Mar/2026:16:29:23 +0000] "GET /products/3006859 HTTP/1.1" 404 16 "-" "meta-externalagent/1.1 (+https://developers.facebook.com/docs/sharing/webmasters/crawler)"
57.141.14.67 - - [31/Mar/2026:16:31:36 +0000] "GET /products/60128709 HTTP/1.1" 404 16 "-" "meta-externalagent/1.1 (+https://developers.facebook.com/docs/sharing/webmasters/crawler)"
57.141.14.109 - - [31/Mar/2026:16:32:43 +0000] "GET /products/7161375 HTTP/1.1" 404 16 "-" "meta-externalagent/1.1 (+https://developers.facebook.com/docs/sharing/webmasters/crawler)"
45.79.238.235 - - [31/Mar/2026:16:32:56 +0000] "POST /wp-cron.php?doing_wp_cron=1774974776.1090788841247558593750 HTTP/1.1" 200 - "-" "WordPress/6.9.4; http://tempspray.co.nz"
134.209.211.184 - - [31/Mar/2026:16:32:55 +0000] "POST /wp-login.php HTTP/1.1" 200 7096 "-" "Mozilla/5.0"
45.79.238.235 - - [31/Mar/2026:16:33:29 +0000] "POST /wp-cron.php?doing_wp_cron=1774974809.1646540164947509765625 HTTP/1.1" 200 - "-" "WordPress/6.9.4; http://tempspray.co.nz"
167.172.38.250 - - [31/Mar/2026:16:33:28 +0000] "POST /wp-login.php HTTP/1.1" 200 7096 "-" "Mozilla/5.0"
57.141.14.32 - - [31/Mar/2026:16:33:50 +0000] "GET /products/64061604 HTTP/1.1" 404 16 "-" "meta-externalagent/1.1 (+https://developers.facebook.com/docs/sharing/webmasters/crawler)"
57.141.14.21 - - [31/Mar/2026:16:36:03 +0000] "GET /products/625194531 HTTP/1.1" 404 16 "-" "meta-externalagent/1.1 (+https://developers.facebook.com/docs/sharing/webmasters/crawler)"
45.79.238.235 - - [31/Mar/2026:16:36:13 +0000] "POST /wp-cron.php?doing_wp_cron=1774974973.2593719959259033203125 HTTP/1.1" 200 - "-" "WordPress/6.9.4; http://tempspray.co.nz"
159.65.130.72 - - [31/Mar/2026:16:36:12 +0000] "POST /wp-login.php HTTP/1.1" 200 7093 "-" "Mozilla/5.0 (Windows NT 10.0; WOW64) AppleWebKit/537.43 (KHTML, like Gecko) Chrome/138.0.0.0 Safari/537.36 OPR/122.0.0.0"
57.141.14.89 - - [31/Mar/2026:16:37:09 +0000] "GET /products/1472833 HTTP/1.1" 404 16 "-" "meta-externalagent/1.1 (+https://developers.facebook.com/docs/sharing/webmasters/crawler)"
57.141.14.55 - - [31/Mar/2026:16:39:22 +0000] "GET /products/1472833 HTTP/1.1" 404 16 "-" "meta-externalagent/1.1 (+https://developers.facebook.com/docs/sharing/webmasters/crawler)"
57.141.14.2 - - [31/Mar/2026:16:41:36 +0000] "GET /products/96754899 HTTP/1.1" 404 16 "-" "meta-externalagent/1.1 (+https://developers.facebook.com/docs/sharing/webmasters/crawler)"
57.141.14.69 - - [31/Mar/2026:16:42:42 +0000] "GET /products/36413508 HTTP/1.1" 404 16 "-" "meta-externalagent/1.1 (+https://developers.facebook.com/docs/sharing/webmasters/crawler)"
45.79.238.235 - - [31/Mar/2026:16:44:34 +0000] "POST /wp-cron.php?doing_wp_cron=1774975474.3561909198760986328125 HTTP/1.1" 200 - "-" "WordPress/6.9.4; http://tempspray.co.nz"
134.209.211.184 - - [31/Mar/2026:16:44:33 +0000] "POST /wp-login.php HTTP/1.1" 200 7096 "-" "Mozilla/5.0"
167.172.38.250 - - [31/Mar/2026:16:44:37 +0000] "POST /wp-login.php HTTP/1.1" 200 7096 "-" "Mozilla/5.0"
162.222.34.234 - - [31/Mar/2026:16:44:40 +0000] "POST /wp-login.php HTTP/1.1" 200 7102 "-" "Mozilla/5.0 (Windows NT 10.0; WOW64; rv:145.0) Gecko/20100101 Firefox/145.0"
57.141.14.101 - - [31/Mar/2026:16:44:56 +0000] "GET /products/543905649 HTTP/1.1" 404 16 "-" "meta-externalagent/1.1 (+https://developers.facebook.com/docs/sharing/webmasters/crawler)"
57.141.14.80 - - [31/Mar/2026:16:46:03 +0000] "GET /products/642938770 HTTP/1.1" 404 16 "-" "meta-externalagent/1.1 (+https://developers.facebook.com/docs/sharing/webmasters/crawler)"
45.79.238.235 - - [31/Mar/2026:16:46:27 +0000] "POST /wp-cron.php?doing_wp_cron=1774975587.6215300559997558593750 HTTP/1.1" 200 - "-" "WordPress/6.9.4; http://tempspray.co.nz"
103.205.142.28 - - [31/Mar/2026:16:46:26 +0000] "POST /wp-login.php HTTP/1.1" 200 7095 "-" "Mozilla/5.0 (Windows NT 10.0; Win64; x64) AppleWebKit/537.36 (KHTML, like Gecko) Chrome/140.0.0.0 Safari/537.36 Edg/140.0.0.0"
57.141.14.9 - - [31/Mar/2026:16:47:09 +0000] "GET /products/477995330 HTTP/1.1" 404 16 "-" "meta-externalagent/1.1 (+https://developers.facebook.com/docs/sharing/webmasters/crawler)"
57.141.14.24 - - [31/Mar/2026:16:48:16 +0000] "GET /products/4095086 HTTP/1.1" 404 16 "-" "meta-externalagent/1.1 (+https://developers.facebook.com/docs/sharing/webmasters/crawler)"
57.141.14.96 - - [31/Mar/2026:16:49:23 +0000] "GET /products/75978395 HTTP/1.1" 404 16 "-" "meta-externalagent/1.1 (+https://developers.facebook.com/docs/sharing/webmasters/crawler)"
57.141.14.42 - - [31/Mar/2026:16:51:36 +0000] "GET /products/493596421 HTTP/1.1" 404 16 "-" "meta-externalagent/1.1 (+https://developers.facebook.com/docs/sharing/webmasters/crawler)"
57.141.14.110 - - [31/Mar/2026:16:52:19 +0000] "GET /products/493596421 HTTP/1.1" 404 16 "-" "meta-externalagent/1.1 (+https://developers.facebook.com/docs/sharing/webmasters/crawler)"
57.141.14.42 - - [31/Mar/2026:16:52:32 +0000] "GET /products/744260638 HTTP/1.1" 404 16 "-" "meta-externalagent/1.1 (+https://developers.facebook.com/docs/sharing/webmasters/crawler)"
57.141.14.96 - - [31/Mar/2026:16:52:42 +0000] "GET /products/360862404 HTTP/1.1" 404 16 "-" "meta-externalagent/1.1 (+https://developers.facebook.com/docs/sharing/webmasters/crawler)"
57.141.14.61 - - [31/Mar/2026:16:52:52 +0000] "GET /products/46361690 HTTP/1.1" 404 16 "-" "meta-externalagent/1.1 (+https://developers.facebook.com/docs/sharing/webmasters/crawler)"
57.141.14.38 - - [31/Mar/2026:16:53:03 +0000] "GET /products/645616885 HTTP/1.1" 404 16 "-" "meta-externalagent/1.1 (+https://developers.facebook.com/docs/sharing/webmasters/crawler)"
57.141.14.110 - - [31/Mar/2026:16:53:14 +0000] "GET /products/610435921 HTTP/1.1" 404 16 "-" "meta-externalagent/1.1 (+https://developers.facebook.com/docs/sharing/webmasters/crawler)"
57.141.14.40 - - [31/Mar/2026:16:53:25 +0000] "GET /products/14461261 HTTP/1.1" 404 16 "-" "meta-externalagent/1.1 (+https://developers.facebook.com/docs/sharing/webmasters/crawler)"
57.141.14.67 - - [31/Mar/2026:16:53:47 +0000] "GET /products/1808802 HTTP/1.1" 404 16 "-" "meta-externalagent/1.1 (+https://developers.facebook.com/docs/sharing/webmasters/crawler)"
57.141.14.38 - - [31/Mar/2026:16:53:57 +0000] "GET /products/421756989 HTTP/1.1" 404 16 "-" "meta-externalagent/1.1 (+https://developers.facebook.com/docs/sharing/webmasters/crawler)"
57.141.14.68 - - [31/Mar/2026:16:54:07 +0000] "GET /products/6299176 HTTP/1.1" 404 16 "-" "meta-externalagent/1.1 (+https://developers.facebook.com/docs/sharing/webmasters/crawler)"
57.141.14.48 - - [31/Mar/2026:16:54:29 +0000] "GET /products/11466451 HTTP/1.1" 404 16 "-" "meta-externalagent/1.1 (+https://developers.facebook.com/docs/sharing/webmasters/crawler)"
57.141.14.105 - - [31/Mar/2026:16:54:40 +0000] "GET /products/511391267 HTTP/1.1" 404 16 "-" "meta-externalagent/1.1 (+https://developers.facebook.com/docs/sharing/webmasters/crawler)"
57.141.14.86 - - [31/Mar/2026:16:54:51 +0000] "GET /products/371200403 HTTP/1.1" 404 16 "-" "meta-externalagent/1.1 (+https://developers.facebook.com/docs/sharing/webmasters/crawler)"
57.141.14.96 - - [31/Mar/2026:16:55:01 +0000] "GET /products/7579319 HTTP/1.1" 404 16 "-" "meta-externalagent/1.1 (+https://developers.facebook.com/docs/sharing/webmasters/crawler)"
57.141.14.110 - - [31/Mar/2026:16:55:13 +0000] "GET /products/385199393 HTTP/1.1" 404 16 "-" "meta-externalagent/1.1 (+https://developers.facebook.com/docs/sharing/webmasters/crawler)"
57.141.14.2 - - [31/Mar/2026:16:55:23 +0000] "GET /products/9004818 HTTP/1.1" 404 16 "-" "meta-externalagent/1.1 (+https://developers.facebook.com/docs/sharing/webmasters/crawler)"
57.141.14.61 - - [31/Mar/2026:16:55:33 +0000] "GET /products/99231184 HTTP/1.1" 404 16 "-" "meta-externalagent/1.1 (+https://developers.facebook.com/docs/sharing/webmasters/crawler)"
57.141.14.110 - - [31/Mar/2026:16:55:45 +0000] "GET /products/88618239 HTTP/1.1" 404 16 "-" "meta-externalagent/1.1 (+https://developers.facebook.com/docs/sharing/webmasters/crawler)"
141.98.11.44 - - [31/Mar/2026:16:55:51 +0000] "GET /wp-includes/sodium_compat/src/Core/SecretStream/State.php HTTP/1.1" 403 4170 "-" "Mozilla/5.0 (Windows NT 10.0; Win64; x64) AppleWebKit/537.36"
57.141.14.20 - - [31/Mar/2026:16:56:06 +0000] "GET /products/753233718 HTTP/1.1" 404 16 "-" "meta-externalagent/1.1 (+https://developers.facebook.com/docs/sharing/webmasters/crawler)"
45.79.238.235 - - [31/Mar/2026:16:56:07 +0000] "POST /wp-cron.php?doing_wp_cron=1774976167.2402830123901367187500 HTTP/1.1" 200 - "-" "WordPress/6.9.4; http://tempspray.co.nz"
134.209.211.184 - - [31/Mar/2026:16:56:06 +0000] "POST /wp-login.php HTTP/1.1" 200 7096 "-" "Mozilla/5.0"
57.141.14.89 - - [31/Mar/2026:16:56:17 +0000] "GET /products/699061972 HTTP/1.1" 404 16 "-" "meta-externalagent/1.1 (+https://developers.facebook.com/docs/sharing/webmasters/crawler)"
57.141.14.49 - - [31/Mar/2026:16:56:28 +0000] "GET /products/88423942 HTTP/1.1" 404 16 "-" "meta-externalagent/1.1 (+https://developers.facebook.com/docs/sharing/webmasters/crawler)"
57.141.14.20 - - [31/Mar/2026:16:56:40 +0000] "GET /products/2195744 HTTP/1.1" 404 16 "-" "meta-externalagent/1.1 (+https://developers.facebook.com/docs/sharing/webmasters/crawler)"
57.141.14.38 - - [31/Mar/2026:16:56:50 +0000] "GET /products/3046212 HTTP/1.1" 404 16 "-" "meta-externalagent/1.1 (+https://developers.facebook.com/docs/sharing/webmasters/crawler)"
167.172.38.250 - - [31/Mar/2026:16:56:51 +0000] "POST /wp-login.php HTTP/1.1" 200 7096 "-" "Mozilla/5.0"
57.141.14.105 - - [31/Mar/2026:16:57:02 +0000] "GET /products/45601835 HTTP/1.1" 404 16 "-" "meta-externalagent/1.1 (+https://developers.facebook.com/docs/sharing/webmasters/crawler)"
57.141.14.63 - - [31/Mar/2026:16:57:12 +0000] "GET /products/73815886 HTTP/1.1" 404 16 "-" "meta-externalagent/1.1 (+https://developers.facebook.com/docs/sharing/webmasters/crawler)"
57.141.14.96 - - [31/Mar/2026:16:57:23 +0000] "GET /products/493264982 HTTP/1.1" 404 16 "-" "meta-externalagent/1.1 (+https://developers.facebook.com/docs/sharing/webmasters/crawler)"
57.141.14.3 - - [31/Mar/2026:16:57:34 +0000] "GET /products/49501781 HTTP/1.1" 404 16 "-" "meta-externalagent/1.1 (+https://developers.facebook.com/docs/sharing/webmasters/crawler)"
57.141.14.8 - - [31/Mar/2026:16:57:45 +0000] "GET /products/45832879 HTTP/1.1" 404 16 "-" "meta-externalagent/1.1 (+https://developers.facebook.com/docs/sharing/webmasters/crawler)"
57.141.14.73 - - [31/Mar/2026:16:57:55 +0000] "GET /products/6618779 HTTP/1.1" 404 16 "-" "meta-externalagent/1.1 (+https://developers.facebook.com/docs/sharing/webmasters/crawler)"
57.141.14.85 - - [31/Mar/2026:16:58:06 +0000] "GET /products/9113171 HTTP/1.1" 404 16 "-" "meta-externalagent/1.1 (+https://developers.facebook.com/docs/sharing/webmasters/crawler)"
57.141.14.96 - - [31/Mar/2026:16:58:38 +0000] "GET /products/81875674 HTTP/1.1" 404 16 "-" "meta-externalagent/1.1 (+https://developers.facebook.com/docs/sharing/webmasters/crawler)"
57.141.14.96 - - [31/Mar/2026:16:58:49 +0000] "GET /products/1429722 HTTP/1.1" 404 16 "-" "meta-externalagent/1.1 (+https://developers.facebook.com/docs/sharing/webmasters/crawler)"
57.141.14.96 - - [31/Mar/2026:16:59:11 +0000] "GET /products/11564837 HTTP/1.1" 404 16 "-" "meta-externalagent/1.1 (+https://developers.facebook.com/docs/sharing/webmasters/crawler)"
57.141.14.15 - - [31/Mar/2026:16:59:33 +0000] "GET /products/456364984 HTTP/1.1" 404 16 "-" "meta-externalagent/1.1 (+https://developers.facebook.com/docs/sharing/webmasters/crawler)"
57.141.14.9 - - [31/Mar/2026:17:00:16 +0000] "GET /products/18066717 HTTP/1.1" 404 16 "-" "meta-externalagent/1.1 (+https://developers.facebook.com/docs/sharing/webmasters/crawler)"
57.141.14.97 - - [31/Mar/2026:17:00:26 +0000] "GET /products/4741687 HTTP/1.1" 404 16 "-" "meta-externalagent/1.1 (+https://developers.facebook.com/docs/sharing/webmasters/crawler)"
57.141.14.32 - - [31/Mar/2026:17:00:59 +0000] "GET /products/36129608 HTTP/1.1" 404 16 "-" "meta-externalagent/1.1 (+https://developers.facebook.com/docs/sharing/webmasters/crawler)"
57.141.14.82 - - [31/Mar/2026:17:01:09 +0000] "GET /products/72387851 HTTP/1.1" 404 16 "-" "meta-externalagent/1.1 (+https://developers.facebook.com/docs/sharing/webmasters/crawler)"
57.141.14.82 - - [31/Mar/2026:17:01:20 +0000] "GET /products/86580899 HTTP/1.1" 404 16 "-" "meta-externalagent/1.1 (+https://developers.facebook.com/docs/sharing/webmasters/crawler)"
57.141.14.26 - - [31/Mar/2026:17:01:42 +0000] "GET /products/480910290 HTTP/1.1" 404 16 "-" "meta-externalagent/1.1 (+https://developers.facebook.com/docs/sharing/webmasters/crawler)"
57.141.14.83 - - [31/Mar/2026:17:01:53 +0000] "GET /products/2722253 HTTP/1.1" 404 16 "-" "meta-externalagent/1.1 (+https://developers.facebook.com/docs/sharing/webmasters/crawler)"
57.141.14.107 - - [31/Mar/2026:17:02:03 +0000] "GET /products/64500009 HTTP/1.1" 404 16 "-" "meta-externalagent/1.1 (+https://developers.facebook.com/docs/sharing/webmasters/crawler)"
57.141.14.109 - - [31/Mar/2026:17:02:14 +0000] "GET /products/398615502 HTTP/1.1" 404 16 "-" "meta-externalagent/1.1 (+https://developers.facebook.com/docs/sharing/webmasters/crawler)"
57.141.14.51 - - [31/Mar/2026:17:02:25 +0000] "GET /products/63359577 HTTP/1.1" 404 16 "-" "meta-externalagent/1.1 (+https://developers.facebook.com/docs/sharing/webmasters/crawler)"
57.141.14.91 - - [31/Mar/2026:17:02:36 +0000] "GET /products/392040830 HTTP/1.1" 404 16 "-" "meta-externalagent/1.1 (+https://developers.facebook.com/docs/sharing/webmasters/crawler)"
57.141.14.45 - - [31/Mar/2026:17:02:47 +0000] "GET /products/7058531 HTTP/1.1" 404 16 "-" "meta-externalagent/1.1 (+https://developers.facebook.com/docs/sharing/webmasters/crawler)"
57.141.14.7 - - [31/Mar/2026:17:02:57 +0000] "GET /products/74216499 HTTP/1.1" 404 16 "-" "meta-externalagent/1.1 (+https://developers.facebook.com/docs/sharing/webmasters/crawler)"
57.141.14.92 - - [31/Mar/2026:17:03:08 +0000] "GET /products/679226116 HTTP/1.1" 404 16 "-" "meta-externalagent/1.1 (+https://developers.facebook.com/docs/sharing/webmasters/crawler)"
57.141.14.9 - - [31/Mar/2026:17:03:19 +0000] "GET /products/765373289 HTTP/1.1" 404 16 "-" "meta-externalagent/1.1 (+https://developers.facebook.com/docs/sharing/webmasters/crawler)"
57.141.14.52 - - [31/Mar/2026:17:03:30 +0000] "GET /products/393159644 HTTP/1.1" 404 16 "-" "meta-externalagent/1.1 (+https://developers.facebook.com/docs/sharing/webmasters/crawler)"
57.141.14.86 - - [31/Mar/2026:17:03:51 +0000] "GET /products/8540172 HTTP/1.1" 404 16 "-" "meta-externalagent/1.1 (+https://developers.facebook.com/docs/sharing/webmasters/crawler)"
57.141.14.80 - - [31/Mar/2026:17:04:02 +0000] "GET /products/5220382 HTTP/1.1" 404 16 "-" "meta-externalagent/1.1 (+https://developers.facebook.com/docs/sharing/webmasters/crawler)"
57.141.14.96 - - [31/Mar/2026:17:04:24 +0000] "GET /products/99234522 HTTP/1.1" 404 16 "-" "meta-externalagent/1.1 (+https://developers.facebook.com/docs/sharing/webmasters/crawler)"
57.141.14.98 - - [31/Mar/2026:17:04:35 +0000] "GET /products/7362501 HTTP/1.1" 404 16 "-" "meta-externalagent/1.1 (+https://developers.facebook.com/docs/sharing/webmasters/crawler)"
57.141.14.74 - - [31/Mar/2026:17:04:56 +0000] "GET /products/682225674 HTTP/1.1" 404 16 "-" "meta-externalagent/1.1 (+https://developers.facebook.com/docs/sharing/webmasters/crawler)"
57.141.14.99 - - [31/Mar/2026:17:05:18 +0000] "GET /products/40884214 HTTP/1.1" 404 16 "-" "meta-externalagent/1.1 (+https://developers.facebook.com/docs/sharing/webmasters/crawler)"
57.141.14.45 - - [31/Mar/2026:17:05:29 +0000] "GET /products/5981235 HTTP/1.1" 404 16 "-" "meta-externalagent/1.1 (+https://developers.facebook.com/docs/sharing/webmasters/crawler)"
57.141.14.49 - - [31/Mar/2026:17:06:01 +0000] "GET /products/12420446 HTTP/1.1" 404 16 "-" "meta-externalagent/1.1 (+https://developers.facebook.com/docs/sharing/webmasters/crawler)"
57.141.14.71 - - [31/Mar/2026:17:06:11 +0000] "GET /products/5486729 HTTP/1.1" 404 16 "-" "meta-externalagent/1.1 (+https://developers.facebook.com/docs/sharing/webmasters/crawler)"
57.141.14.45 - - [31/Mar/2026:17:06:23 +0000] "GET /products/5912883 HTTP/1.1" 404 16 "-" "meta-externalagent/1.1 (+https://developers.facebook.com/docs/sharing/webmasters/crawler)"
57.141.14.100 - - [31/Mar/2026:17:06:44 +0000] "GET /products/361499608 HTTP/1.1" 404 16 "-" "meta-externalagent/1.1 (+https://developers.facebook.com/docs/sharing/webmasters/crawler)"
57.141.14.13 - - [31/Mar/2026:17:06:55 +0000] "GET /products/402908408 HTTP/1.1" 404 16 "-" "meta-externalagent/1.1 (+https://developers.facebook.com/docs/sharing/webmasters/crawler)"
57.141.14.105 - - [31/Mar/2026:17:07:06 +0000] "GET /products/2161501 HTTP/1.1" 404 16 "-" "meta-externalagent/1.1 (+https://developers.facebook.com/docs/sharing/webmasters/crawler)"
57.141.14.79 - - [31/Mar/2026:17:07:16 +0000] "GET /products/8087840 HTTP/1.1" 404 16 "-" "meta-externalagent/1.1 (+https://developers.facebook.com/docs/sharing/webmasters/crawler)"
57.141.14.41 - - [31/Mar/2026:17:07:27 +0000] "GET /products/4452938 HTTP/1.1" 404 16 "-" "meta-externalagent/1.1 (+https://developers.facebook.com/docs/sharing/webmasters/crawler)"
57.141.14.108 - - [31/Mar/2026:17:07:38 +0000] "GET /products/2953695 HTTP/1.1" 404 16 "-" "meta-externalagent/1.1 (+https://developers.facebook.com/docs/sharing/webmasters/crawler)"
45.79.238.235 - - [31/Mar/2026:17:07:49 +0000] "POST /wp-cron.php?doing_wp_cron=1774976868.7216770648956298828125 HTTP/1.1" 200 - "-" "WordPress/6.9.4; http://tempspray.co.nz"
134.209.211.184 - - [31/Mar/2026:17:07:47 +0000] "POST /wp-login.php HTTP/1.1" 200 7096 "-" "Mozilla/5.0"
57.141.14.60 - - [31/Mar/2026:17:07:49 +0000] "GET /products/40262706 HTTP/1.1" 404 16 "-" "meta-externalagent/1.1 (+https://developers.facebook.com/docs/sharing/webmasters/crawler)"
57.141.14.84 - - [31/Mar/2026:17:07:59 +0000] "GET /products/381185607 HTTP/1.1" 404 16 "-" "meta-externalagent/1.1 (+https://developers.facebook.com/docs/sharing/webmasters/crawler)"
57.141.14.105 - - [31/Mar/2026:17:08:21 +0000] "GET /products/94937338 HTTP/1.1" 404 16 "-" "meta-externalagent/1.1 (+https://developers.facebook.com/docs/sharing/webmasters/crawler)"
57.141.14.45 - - [31/Mar/2026:17:08:31 +0000] "GET /products/2702762 HTTP/1.1" 404 16 "-" "meta-externalagent/1.1 (+https://developers.facebook.com/docs/sharing/webmasters/crawler)"
57.141.14.8 - - [31/Mar/2026:17:08:42 +0000] "GET /products/9820576 HTTP/1.1" 404 16 "-" "meta-externalagent/1.1 (+https://developers.facebook.com/docs/sharing/webmasters/crawler)"
57.141.14.9 - - [31/Mar/2026:17:08:54 +0000] "GET /products/74259734 HTTP/1.1" 404 16 "-" "meta-externalagent/1.1 (+https://developers.facebook.com/docs/sharing/webmasters/crawler)"
45.79.238.235 - - [31/Mar/2026:17:09:19 +0000] "GET /.well-known/acme-challenge/RCRJ595Y0CMVRIRX6YFM-T917TO4JJIZ HTTP/1.1" 200 64 "-" "Cpanel-HTTP-Client/1.0"
57.141.14.101 - - [31/Mar/2026:17:09:26 +0000] "GET /products/2768024 HTTP/1.1" 404 16 "-" "meta-externalagent/1.1 (+https://developers.facebook.com/docs/sharing/webmasters/crawler)"
57.141.14.18 - - [31/Mar/2026:17:09:37 +0000] "GET /products/3391197 HTTP/1.1" 404 16 "-" "meta-externalagent/1.1 (+https://developers.facebook.com/docs/sharing/webmasters/crawler)"
57.141.14.69 - - [31/Mar/2026:17:09:47 +0000] "GET /products/9399959 HTTP/1.1" 404 16 "-" "meta-externalagent/1.1 (+https://developers.facebook.com/docs/sharing/webmasters/crawler)"
