ruạṛ
45.79.238.235 - - [31/Mar/2026:11:57:09 +0000] "POST /wp-cron.php?doing_wp_cron=1774958229.3885281085968017578125 HTTP/1.1" 200 - "-" "WordPress/6.9.4; http://tempspray.co.nz"
134.209.211.184 - - [31/Mar/2026:11:57:07 +0000] "GET /wp-login.php HTTP/1.1" 200 6676 "-" "Mozilla/5.0"
134.209.211.184 - - [31/Mar/2026:11:57:09 +0000] "GET /?author=1 HTTP/1.1" 404 16 "-" "Mozilla/5.0"
134.209.211.184 - - [31/Mar/2026:11:57:10 +0000] "GET /?feed=rss2 HTTP/1.1" 404 16 "-" "Mozilla/5.0"
57.141.14.111 - - [31/Mar/2026:11:58:16 +0000] "GET /products/97312189 HTTP/1.1" 503 - "-" "meta-externalagent/1.1 (+https://developers.facebook.com/docs/sharing/webmasters/crawler)"
57.141.14.102 - - [31/Mar/2026:11:59:23 +0000] "GET /products/9896236 HTTP/1.1" 503 - "-" "meta-externalagent/1.1 (+https://developers.facebook.com/docs/sharing/webmasters/crawler)"
167.172.38.250 - - [31/Mar/2026:11:59:38 +0000] "POST /wp-login.php HTTP/1.1" 503 - "-" "Mozilla/5.0"
57.141.14.20 - - [31/Mar/2026:12:00:29 +0000] "GET /products/771124609 HTTP/1.1" 503 - "-" "meta-externalagent/1.1 (+https://developers.facebook.com/docs/sharing/webmasters/crawler)"
57.141.14.92 - - [31/Mar/2026:12:01:36 +0000] "GET /products/724231432 HTTP/1.1" 404 16 "-" "meta-externalagent/1.1 (+https://developers.facebook.com/docs/sharing/webmasters/crawler)"
45.79.238.235 - - [31/Mar/2026:12:01:52 +0000] "GET /.well-known/acme-challenge/LWKAS2Z8-YJ37TWQVK1P_AI_N48DB7KZ HTTP/1.1" 200 64 "-" "Cpanel-HTTP-Client/1.0"
57.141.14.64 - - [31/Mar/2026:12:02:43 +0000] "GET /products/500443127 HTTP/1.1" 404 16 "-" "meta-externalagent/1.1 (+https://developers.facebook.com/docs/sharing/webmasters/crawler)"
57.141.14.84 - - [31/Mar/2026:12:03:50 +0000] "GET /products/24366138 HTTP/1.1" 404 16 "-" "meta-externalagent/1.1 (+https://developers.facebook.com/docs/sharing/webmasters/crawler)"
57.141.14.101 - - [31/Mar/2026:12:04:56 +0000] "GET /products/750554692 HTTP/1.1" 404 16 "-" "meta-externalagent/1.1 (+https://developers.facebook.com/docs/sharing/webmasters/crawler)"
57.141.14.13 - - [31/Mar/2026:12:06:27 +0000] "GET /products/95292086 HTTP/1.1" 404 16 "-" "meta-externalagent/1.1 (+https://developers.facebook.com/docs/sharing/webmasters/crawler)"
34.123.170.104 - - [31/Mar/2026:12:06:27 +0000] "GET / HTTP/1.1" 404 16 "-" "Mozilla/5.0 (X11; Linux x86_64) AppleWebKit/537.36 (KHTML, like Gecko) Chrome/125.0.0.0 Safari/537.36"
34.72.176.129 - - [31/Mar/2026:12:06:28 +0000] "GET / HTTP/1.1" 404 16 "-" "Mozilla/5.0 (X11; Linux x86_64) AppleWebKit/537.36 (KHTML, like Gecko) Chrome/125.0.0.0 Safari/537.36"
167.172.38.250 - - [31/Mar/2026:12:06:27 +0000] "POST /wp-login.php HTTP/1.1" 500 2431 "-" "Mozilla/5.0"
205.169.39.58 - - [31/Mar/2026:12:07:22 +0000] "GET / HTTP/1.1" 404 16 "-" "Mozilla/5.0 (Windows NT 10.0; Win64; x64) AppleWebKit/537.36 (KHTML, like Gecko) Chrome/117.0.5938.132 Safari/537.36"
57.141.14.51 - - [31/Mar/2026:12:09:22 +0000] "GET /products/4063236 HTTP/1.1" 404 16 "-" "meta-externalagent/1.1 (+https://developers.facebook.com/docs/sharing/webmasters/crawler)"
57.141.14.49 - - [31/Mar/2026:12:10:30 +0000] "GET /products/621328912 HTTP/1.1" 404 16 "-" "meta-externalagent/1.1 (+https://developers.facebook.com/docs/sharing/webmasters/crawler)"
57.141.14.51 - - [31/Mar/2026:12:11:36 +0000] "GET /products/1322240 HTTP/1.1" 404 16 "-" "meta-externalagent/1.1 (+https://developers.facebook.com/docs/sharing/webmasters/crawler)"
57.141.14.51 - - [31/Mar/2026:12:12:43 +0000] "GET /products/23334632 HTTP/1.1" 404 16 "-" "meta-externalagent/1.1 (+https://developers.facebook.com/docs/sharing/webmasters/crawler)"
45.79.238.235 - - [31/Mar/2026:12:12:44 +0000] "POST /wp-cron.php?doing_wp_cron=1774959163.9148700237274169921875 HTTP/1.1" 200 - "-" "WordPress/6.9.4; http://tempspray.co.nz"
167.172.38.250 - - [31/Mar/2026:12:12:41 +0000] "POST /wp-login.php HTTP/1.1" 200 7096 "-" "Mozilla/5.0"
57.141.14.34 - - [31/Mar/2026:12:13:50 +0000] "GET /products/642409160 HTTP/1.1" 404 16 "-" "meta-externalagent/1.1 (+https://developers.facebook.com/docs/sharing/webmasters/crawler)"
57.141.14.37 - - [31/Mar/2026:12:14:56 +0000] "GET /products/744080178 HTTP/1.1" 404 16 "-" "meta-externalagent/1.1 (+https://developers.facebook.com/docs/sharing/webmasters/crawler)"
185.177.72.50 - - [31/Mar/2026:12:15:07 +0000] "GET / HTTP/1.1" 404 16 "-" "Mozilla/5.0 (Windows NT 10.0; Win64; x64) AppleWebKit/537.36"
185.177.72.50 - - [31/Mar/2026:12:17:43 +0000] "GET / HTTP/1.1" 404 16 "-" "Mozilla/5.0 (Windows NT 10.0; Win64; x64) AppleWebKit/537.36"
185.177.72.50 - - [31/Mar/2026:12:17:46 +0000] "GET / HTTP/1.1" 404 16 "-" "Mozilla/5.0 (Windows NT 10.0; Win64; x64) AppleWebKit/537.36"
185.177.72.50 - - [31/Mar/2026:12:17:46 +0000] "GET / HTTP/1.1" 404 16 "-" "Mozilla/5.0 (Windows NT 10.0; Win64; x64) AppleWebKit/537.36"
185.177.72.50 - - [31/Mar/2026:12:17:46 +0000] "GET / HTTP/1.1" 404 16 "-" "Mozilla/5.0 (Windows NT 10.0; Win64; x64) AppleWebKit/537.36"
185.177.72.50 - - [31/Mar/2026:12:17:46 +0000] "GET /laravel/.env HTTP/1.1" 403 4170 "-" "Mozilla/5.0 (Windows NT 10.0; Win64; x64) AppleWebKit/537.36, curl/8.4.0"
185.177.72.50 - - [31/Mar/2026:12:17:46 +0000] "GET /backend/.env HTTP/1.1" 403 4170 "-" "Mozilla/5.0 (Windows NT 10.0; Win64; x64) AppleWebKit/537.36, curl/8.4.0"
185.177.72.50 - - [31/Mar/2026:12:17:46 +0000] "GET /.env.json HTTP/1.1" 403 4170 "-" "Mozilla/5.0 (Windows NT 10.0; Win64; x64) AppleWebKit/537.36, curl/8.4.0"
185.177.72.50 - - [31/Mar/2026:12:17:46 +0000] "GET /payment/.env HTTP/1.1" 403 4170 "-" "Mozilla/5.0 (Windows NT 10.0; Win64; x64) AppleWebKit/537.36, curl/8.4.0"
185.177.72.50 - - [31/Mar/2026:12:17:46 +0000] "GET /assets/.env HTTP/1.1" 403 4170 "-" "Mozilla/5.0 (Windows NT 10.0; Win64; x64) AppleWebKit/537.36, curl/8.4.0"
185.177.72.50 - - [31/Mar/2026:12:17:46 +0000] "GET /laravel/core/.env HTTP/1.1" 403 4170 "-" "Mozilla/5.0 (Windows NT 10.0; Win64; x64) AppleWebKit/537.36, curl/8.4.0"
185.177.72.50 - - [31/Mar/2026:12:17:46 +0000] "GET /stripe/.env HTTP/1.1" 403 4170 "-" "Mozilla/5.0 (Windows NT 10.0; Win64; x64) AppleWebKit/537.36, curl/8.4.0"
185.177.72.50 - - [31/Mar/2026:12:17:46 +0000] "GET /env.backup HTTP/1.1" 404 16 "-" "Mozilla/5.0 (Windows NT 10.0; Win64; x64) AppleWebKit/537.36, curl/8.4.0"
185.177.72.50 - - [31/Mar/2026:12:17:46 +0000] "GET /.env_sample HTTP/1.1" 403 4170 "-" "Mozilla/5.0 (Windows NT 10.0; Win64; x64) AppleWebKit/537.36, curl/8.4.0"
185.177.72.50 - - [31/Mar/2026:12:17:46 +0000] "GET /core/.env HTTP/1.1" 403 4170 "-" "Mozilla/5.0 (Windows NT 10.0; Win64; x64) AppleWebKit/537.36, curl/8.4.0"
185.177.72.50 - - [31/Mar/2026:12:17:46 +0000] "GET /env HTTP/1.1" 404 16 "-" "Mozilla/5.0 (Windows NT 10.0; Win64; x64) AppleWebKit/537.36, curl/8.4.0"
185.177.72.50 - - [31/Mar/2026:12:17:46 +0000] "GET /admin/.env HTTP/1.1" 403 4170 "-" "Mozilla/5.0 (Windows NT 10.0; Win64; x64) AppleWebKit/537.36, curl/8.4.0"
185.177.72.50 - - [31/Mar/2026:12:17:46 +0000] "GET /api/v1/.env HTTP/1.1" 403 4170 "-" "Mozilla/5.0 (Windows NT 10.0; Win64; x64) AppleWebKit/537.36, curl/8.4.0"
185.177.72.50 - - [31/Mar/2026:12:17:46 +0000] "GET /api/shared/config/.env HTTP/1.1" 403 4170 "-" "Mozilla/5.0 (Windows NT 10.0; Win64; x64) AppleWebKit/537.36, curl/8.4.0"
185.177.72.50 - - [31/Mar/2026:12:17:46 +0000] "GET /api/.env HTTP/1.1" 403 4170 "-" "Mozilla/5.0 (Windows NT 10.0; Win64; x64) AppleWebKit/537.36, curl/8.4.0"
185.177.72.50 - - [31/Mar/2026:12:17:46 +0000] "GET /app/.env HTTP/1.1" 403 4170 "-" "Mozilla/5.0 (Windows NT 10.0; Win64; x64) AppleWebKit/537.36, curl/8.4.0"
185.177.72.50 - - [31/Mar/2026:12:17:46 +0000] "GET /admin/.env HTTP/1.1" 403 4170 "-" "Mozilla/5.0 (Windows NT 10.0; Win64; x64) AppleWebKit/537.36, curl/8.4.0"
185.177.72.50 - - [31/Mar/2026:12:17:46 +0000] "GET /api/shared/.env HTTP/1.1" 403 4170 "-" "Mozilla/5.0 (Windows NT 10.0; Win64; x64) AppleWebKit/537.36, curl/8.4.0"
185.177.72.50 - - [31/Mar/2026:12:17:46 +0000] "GET /docker/.env HTTP/1.1" 403 4170 "-" "Mozilla/5.0 (Windows NT 10.0; Win64; x64) AppleWebKit/537.36, curl/8.4.0"
185.177.72.50 - - [31/Mar/2026:12:17:46 +0000] "GET /docker/app/.env HTTP/1.1" 403 4170 "-" "Mozilla/5.0 (Windows NT 10.0; Win64; x64) AppleWebKit/537.36, curl/8.4.0"
57.141.14.99 - - [31/Mar/2026:12:17:46 +0000] "GET /products/743669666 HTTP/1.1" 404 16 "-" "meta-externalagent/1.1 (+https://developers.facebook.com/docs/sharing/webmasters/crawler)"
185.177.72.50 - - [31/Mar/2026:12:17:46 +0000] "GET /api/v2/.env HTTP/1.1" 403 4170 "-" "Mozilla/5.0 (Windows NT 10.0; Win64; x64) AppleWebKit/537.36, curl/8.4.0"
185.177.72.50 - - [31/Mar/2026:12:17:47 +0000] "GET /src/config/.env HTTP/1.1" 403 4170 "-" "Mozilla/5.0 (Windows NT 10.0; Win64; x64) AppleWebKit/537.36, curl/8.4.0"
185.177.72.50 - - [31/Mar/2026:12:17:47 +0000] "GET /config/.env HTTP/1.1" 403 4170 "-" "Mozilla/5.0 (Windows NT 10.0; Win64; x64) AppleWebKit/537.36, curl/8.4.0"
185.177.72.50 - - [31/Mar/2026:12:17:47 +0000] "GET /public/.env HTTP/1.1" 403 4170 "-" "Mozilla/5.0 (Windows NT 10.0; Win64; x64) AppleWebKit/537.36, curl/8.4.0"
185.177.72.50 - - [31/Mar/2026:12:17:47 +0000] "GET /portal/.env HTTP/1.1" 403 4170 "-" "Mozilla/5.0 (Windows NT 10.0; Win64; x64) AppleWebKit/537.36, curl/8.4.0"
185.177.72.50 - - [31/Mar/2026:12:17:47 +0000] "GET /src/.env HTTP/1.1" 403 4170 "-" "Mozilla/5.0 (Windows NT 10.0; Win64; x64) AppleWebKit/537.36, curl/8.4.0"
185.177.72.50 - - [31/Mar/2026:12:17:47 +0000] "GET /server/.env HTTP/1.1" 403 4170 "-" "Mozilla/5.0 (Windows NT 10.0; Win64; x64) AppleWebKit/537.36, curl/8.4.0"
185.177.72.50 - - [31/Mar/2026:12:17:47 +0000] "GET /dev/.env HTTP/1.1" 403 4170 "-" "Mozilla/5.0 (Windows NT 10.0; Win64; x64) AppleWebKit/537.36, curl/8.4.0"
185.177.72.50 - - [31/Mar/2026:12:17:47 +0000] "GET /web/.env HTTP/1.1" 403 4170 "-" "Mozilla/5.0 (Windows NT 10.0; Win64; x64) AppleWebKit/537.36, curl/8.4.0"
185.177.72.50 - - [31/Mar/2026:12:17:47 +0000] "GET /prod/.env HTTP/1.1" 403 4170 "-" "Mozilla/5.0 (Windows NT 10.0; Win64; x64) AppleWebKit/537.36, curl/8.4.0"
185.177.72.50 - - [31/Mar/2026:12:17:47 +0000] "GET /env/.env HTTP/1.1" 403 4170 "-" "Mozilla/5.0 (Windows NT 10.0; Win64; x64) AppleWebKit/537.36, curl/8.4.0"
185.177.72.50 - - [31/Mar/2026:12:17:47 +0000] "GET /new/.env HTTP/1.1" 403 4170 "-" "Mozilla/5.0 (Windows NT 10.0; Win64; x64) AppleWebKit/537.36, curl/8.4.0"
185.177.72.50 - - [31/Mar/2026:12:17:47 +0000] "GET /www/.env HTTP/1.1" 403 4170 "-" "Mozilla/5.0 (Windows NT 10.0; Win64; x64) AppleWebKit/537.36, curl/8.4.0"
185.177.72.50 - - [31/Mar/2026:12:17:47 +0000] "GET /conf/.env HTTP/1.1" 403 4170 "-" "Mozilla/5.0 (Windows NT 10.0; Win64; x64) AppleWebKit/537.36, curl/8.4.0"
185.177.72.50 - - [31/Mar/2026:12:17:47 +0000] "GET /site/.env HTTP/1.1" 403 4170 "-" "Mozilla/5.0 (Windows NT 10.0; Win64; x64) AppleWebKit/537.36, curl/8.4.0"
185.177.72.50 - - [31/Mar/2026:12:17:47 +0000] "GET /crm/.env HTTP/1.1" 403 4170 "-" "Mozilla/5.0 (Windows NT 10.0; Win64; x64) AppleWebKit/537.36, curl/8.4.0"
185.177.72.50 - - [31/Mar/2026:12:17:47 +0000] "GET /development/.env HTTP/1.1" 403 4170 "-" "Mozilla/5.0 (Windows NT 10.0; Win64; x64) AppleWebKit/537.36, curl/8.4.0"
185.177.72.50 - - [31/Mar/2026:12:17:47 +0000] "GET /local/.env HTTP/1.1" 403 4170 "-" "Mozilla/5.0 (Windows NT 10.0; Win64; x64) AppleWebKit/537.36, curl/8.4.0"
185.177.72.50 - - [31/Mar/2026:12:17:47 +0000] "GET /website/.env HTTP/1.1" 403 4170 "-" "Mozilla/5.0 (Windows NT 10.0; Win64; x64) AppleWebKit/537.36, curl/8.4.0"
185.177.72.50 - - [31/Mar/2026:12:17:47 +0000] "GET /application/.env HTTP/1.1" 403 4170 "-" "Mozilla/5.0 (Windows NT 10.0; Win64; x64) AppleWebKit/537.36, curl/8.4.0"
185.177.72.50 - - [31/Mar/2026:12:17:47 +0000] "GET /apps/.env HTTP/1.1" 403 4170 "-" "Mozilla/5.0 (Windows NT 10.0; Win64; x64) AppleWebKit/537.36, curl/8.4.0"
185.177.72.50 - - [31/Mar/2026:12:17:47 +0000] "GET /test/.env HTTP/1.1" 403 4170 "-" "Mozilla/5.0 (Windows NT 10.0; Win64; x64) AppleWebKit/537.36, curl/8.4.0"
185.177.72.50 - - [31/Mar/2026:12:17:47 +0000] "GET /tests/.env HTTP/1.1" 403 4170 "-" "Mozilla/5.0 (Windows NT 10.0; Win64; x64) AppleWebKit/537.36, curl/8.4.0"
185.177.72.50 - - [31/Mar/2026:12:17:47 +0000] "GET /backup/.env HTTP/1.1" 403 4170 "-" "Mozilla/5.0 (Windows NT 10.0; Win64; x64) AppleWebKit/537.36, curl/8.4.0"
185.177.72.50 - - [31/Mar/2026:12:17:47 +0000] "GET /old/.env HTTP/1.1" 403 4170 "-" "Mozilla/5.0 (Windows NT 10.0; Win64; x64) AppleWebKit/537.36, curl/8.4.0"
185.177.72.50 - - [31/Mar/2026:12:17:47 +0000] "GET /graphql/.env HTTP/1.1" 403 4170 "-" "Mozilla/5.0 (Windows NT 10.0; Win64; x64) AppleWebKit/537.36, curl/8.4.0"
185.177.72.50 - - [31/Mar/2026:12:17:47 +0000] "GET /storage/.env HTTP/1.1" 403 4170 "-" "Mozilla/5.0 (Windows NT 10.0; Win64; x64) AppleWebKit/537.36, curl/8.4.0"
185.177.72.50 - - [31/Mar/2026:12:17:47 +0000] "GET /rest/.env HTTP/1.1" 403 4170 "-" "Mozilla/5.0 (Windows NT 10.0; Win64; x64) AppleWebKit/537.36, curl/8.4.0"
185.177.72.50 - - [31/Mar/2026:12:17:47 +0000] "GET /mail/.env HTTP/1.1" 403 4170 "-" "Mozilla/5.0 (Windows NT 10.0; Win64; x64) AppleWebKit/537.36, curl/8.4.0"
185.177.72.50 - - [31/Mar/2026:12:17:47 +0000] "GET /v1/.env HTTP/1.1" 403 4170 "-" "Mozilla/5.0 (Windows NT 10.0; Win64; x64) AppleWebKit/537.36, curl/8.4.0"
185.177.72.50 - - [31/Mar/2026:12:17:47 +0000] "GET /v2/.env HTTP/1.1" 403 4170 "-" "Mozilla/5.0 (Windows NT 10.0; Win64; x64) AppleWebKit/537.36, curl/8.4.0"
185.177.72.50 - - [31/Mar/2026:12:17:47 +0000] "GET /tmp/.env HTTP/1.1" 403 4170 "-" "Mozilla/5.0 (Windows NT 10.0; Win64; x64) AppleWebKit/537.36, curl/8.4.0"
185.177.72.50 - - [31/Mar/2026:12:17:47 +0000] "GET /db/.env HTTP/1.1" 403 4170 "-" "Mozilla/5.0 (Windows NT 10.0; Win64; x64) AppleWebKit/537.36, curl/8.4.0"
185.177.72.50 - - [31/Mar/2026:12:17:47 +0000] "GET /var/.env HTTP/1.1" 403 4170 "-" "Mozilla/5.0 (Windows NT 10.0; Win64; x64) AppleWebKit/537.36, curl/8.4.0"
185.177.72.50 - - [31/Mar/2026:12:17:47 +0000] "GET /kyc/.env HTTP/1.1" 403 4170 "-" "Mozilla/5.0 (Windows NT 10.0; Win64; x64) AppleWebKit/537.36, curl/8.4.0"
185.177.72.50 - - [31/Mar/2026:12:17:47 +0000] "GET /.vscode/.env HTTP/1.1" 403 4170 "-" "Mozilla/5.0 (Windows NT 10.0; Win64; x64) AppleWebKit/537.36, curl/8.4.0"
185.177.72.50 - - [31/Mar/2026:12:17:47 +0000] "GET /database/.env HTTP/1.1" 403 4170 "-" "Mozilla/5.0 (Windows NT 10.0; Win64; x64) AppleWebKit/537.36, curl/8.4.0"
185.177.72.50 - - [31/Mar/2026:12:17:47 +0000] "GET /backend/.env HTTP/1.1" 403 4170 "-" "Mozilla/5.0 (Windows NT 10.0; Win64; x64) AppleWebKit/537.36, curl/8.4.0"
185.177.72.50 - - [31/Mar/2026:12:17:47 +0000] "GET /laravel/.env HTTP/1.1" 403 4170 "-" "Mozilla/5.0 (Windows NT 10.0; Win64; x64) AppleWebKit/537.36, curl/8.4.0"
185.177.72.50 - - [31/Mar/2026:12:17:47 +0000] "GET /.env.json HTTP/1.1" 403 4170 "-" "Mozilla/5.0 (Windows NT 10.0; Win64; x64) AppleWebKit/537.36, curl/8.4.0"
185.177.72.50 - - [31/Mar/2026:12:17:47 +0000] "GET /assets/.env HTTP/1.1" 403 4170 "-" "Mozilla/5.0 (Windows NT 10.0; Win64; x64) AppleWebKit/537.36, curl/8.4.0"
185.177.72.50 - - [31/Mar/2026:12:17:47 +0000] "GET /payment/.env HTTP/1.1" 403 4170 "-" "Mozilla/5.0 (Windows NT 10.0; Win64; x64) AppleWebKit/537.36, curl/8.4.0"
185.177.72.50 - - [31/Mar/2026:12:17:47 +0000] "GET /laravel/core/.env HTTP/1.1" 403 4170 "-" "Mozilla/5.0 (Windows NT 10.0; Win64; x64) AppleWebKit/537.36, curl/8.4.0"
185.177.72.50 - - [31/Mar/2026:12:17:47 +0000] "GET /stripe/.env HTTP/1.1" 403 4170 "-" "Mozilla/5.0 (Windows NT 10.0; Win64; x64) AppleWebKit/537.36, curl/8.4.0"
185.177.72.50 - - [31/Mar/2026:12:17:47 +0000] "GET /core/.env HTTP/1.1" 403 4170 "-" "Mozilla/5.0 (Windows NT 10.0; Win64; x64) AppleWebKit/537.36, curl/8.4.0"
185.177.72.50 - - [31/Mar/2026:12:17:47 +0000] "GET /env.backup HTTP/1.1" 404 16 "-" "Mozilla/5.0 (Windows NT 10.0; Win64; x64) AppleWebKit/537.36, curl/8.4.0"
185.177.72.50 - - [31/Mar/2026:12:17:47 +0000] "GET /.env_sample HTTP/1.1" 403 4170 "-" "Mozilla/5.0 (Windows NT 10.0; Win64; x64) AppleWebKit/537.36, curl/8.4.0"
185.177.72.50 - - [31/Mar/2026:12:17:47 +0000] "GET /env HTTP/1.1" 404 16 "-" "Mozilla/5.0 (Windows NT 10.0; Win64; x64) AppleWebKit/537.36, curl/8.4.0"
185.177.72.50 - - [31/Mar/2026:12:17:48 +0000] "GET /api/.env HTTP/1.1" 403 4170 "-" "Mozilla/5.0 (Windows NT 10.0; Win64; x64) AppleWebKit/537.36, curl/8.4.0"
185.177.72.50 - - [31/Mar/2026:12:17:48 +0000] "GET /api/v1/.env HTTP/1.1" 403 4170 "-" "Mozilla/5.0 (Windows NT 10.0; Win64; x64) AppleWebKit/537.36, curl/8.4.0"
185.177.72.50 - - [31/Mar/2026:12:17:48 +0000] "GET /app/.env HTTP/1.1" 403 4170 "-" "Mozilla/5.0 (Windows NT 10.0; Win64; x64) AppleWebKit/537.36, curl/8.4.0"
185.177.72.50 - - [31/Mar/2026:12:17:48 +0000] "GET /api/shared/config/.env HTTP/1.1" 403 4170 "-" "Mozilla/5.0 (Windows NT 10.0; Win64; x64) AppleWebKit/537.36, curl/8.4.0"
185.177.72.50 - - [31/Mar/2026:12:17:48 +0000] "GET /docker/.env HTTP/1.1" 403 4170 "-" "Mozilla/5.0 (Windows NT 10.0; Win64; x64) AppleWebKit/537.36, curl/8.4.0"
185.177.72.50 - - [31/Mar/2026:12:17:48 +0000] "GET /kyc/.env HTTP/1.1" 403 4170 "-" "Mozilla/5.0 (Windows NT 10.0; Win64; x64) AppleWebKit/537.36, curl/8.4.0"
185.177.72.50 - - [31/Mar/2026:12:17:48 +0000] "GET /.vscode/.env HTTP/1.1" 403 4170 "-" "Mozilla/5.0 (Windows NT 10.0; Win64; x64) AppleWebKit/537.36, curl/8.4.0"
185.177.72.50 - - [31/Mar/2026:12:17:48 +0000] "GET /v2/.env HTTP/1.1" 403 4170 "-" "Mozilla/5.0 (Windows NT 10.0; Win64; x64) AppleWebKit/537.36, curl/8.4.0"
185.177.72.50 - - [31/Mar/2026:12:17:48 +0000] "GET /tmp/.env HTTP/1.1" 403 4170 "-" "Mozilla/5.0 (Windows NT 10.0; Win64; x64) AppleWebKit/537.36, curl/8.4.0"
185.177.72.50 - - [31/Mar/2026:12:17:48 +0000] "GET /api/v2/.env HTTP/1.1" 403 4170 "-" "Mozilla/5.0 (Windows NT 10.0; Win64; x64) AppleWebKit/537.36, curl/8.4.0"
185.177.72.50 - - [31/Mar/2026:12:17:48 +0000] "GET /database/.env HTTP/1.1" 403 4170 "-" "Mozilla/5.0 (Windows NT 10.0; Win64; x64) AppleWebKit/537.36, curl/8.4.0"
185.177.72.50 - - [31/Mar/2026:12:17:48 +0000] "GET /config/.env HTTP/1.1" 403 4170 "-" "Mozilla/5.0 (Windows NT 10.0; Win64; x64) AppleWebKit/537.36, curl/8.4.0"
185.177.72.50 - - [31/Mar/2026:12:17:48 +0000] "GET /src/config/.env HTTP/1.1" 403 4170 "-" "Mozilla/5.0 (Windows NT 10.0; Win64; x64) AppleWebKit/537.36, curl/8.4.0"
185.177.72.50 - - [31/Mar/2026:12:17:48 +0000] "GET /api/shared/.env HTTP/1.1" 403 4170 "-" "Mozilla/5.0 (Windows NT 10.0; Win64; x64) AppleWebKit/537.36, curl/8.4.0"
185.177.72.50 - - [31/Mar/2026:12:17:48 +0000] "GET /docker/app/.env HTTP/1.1" 403 4170 "-" "Mozilla/5.0 (Windows NT 10.0; Win64; x64) AppleWebKit/537.36, curl/8.4.0"
185.177.72.50 - - [31/Mar/2026:12:17:48 +0000] "GET /src/.env HTTP/1.1" 403 4170 "-" "Mozilla/5.0 (Windows NT 10.0; Win64; x64) AppleWebKit/537.36, curl/8.4.0"
185.177.72.50 - - [31/Mar/2026:12:17:48 +0000] "GET /public/.env HTTP/1.1" 403 4170 "-" "Mozilla/5.0 (Windows NT 10.0; Win64; x64) AppleWebKit/537.36, curl/8.4.0"
185.177.72.50 - - [31/Mar/2026:12:17:48 +0000] "GET /web/.env HTTP/1.1" 403 4170 "-" "Mozilla/5.0 (Windows NT 10.0; Win64; x64) AppleWebKit/537.36, curl/8.4.0"
185.177.72.50 - - [31/Mar/2026:12:17:48 +0000] "GET /portal/.env HTTP/1.1" 403 4170 "-" "Mozilla/5.0 (Windows NT 10.0; Win64; x64) AppleWebKit/537.36, curl/8.4.0"
185.177.72.50 - - [31/Mar/2026:12:17:48 +0000] "GET /server/.env HTTP/1.1" 403 4170 "-" "Mozilla/5.0 (Windows NT 10.0; Win64; x64) AppleWebKit/537.36, curl/8.4.0"
185.177.72.50 - - [31/Mar/2026:12:17:48 +0000] "GET /env/.env HTTP/1.1" 403 4170 "-" "Mozilla/5.0 (Windows NT 10.0; Win64; x64) AppleWebKit/537.36, curl/8.4.0"
185.177.72.50 - - [31/Mar/2026:12:17:48 +0000] "GET /prod/.env HTTP/1.1" 403 4170 "-" "Mozilla/5.0 (Windows NT 10.0; Win64; x64) AppleWebKit/537.36, curl/8.4.0"
185.177.72.50 - - [31/Mar/2026:12:17:48 +0000] "GET /www/.env HTTP/1.1" 403 4170 "-" "Mozilla/5.0 (Windows NT 10.0; Win64; x64) AppleWebKit/537.36, curl/8.4.0"
185.177.72.50 - - [31/Mar/2026:12:17:48 +0000] "GET /conf/.env HTTP/1.1" 403 4170 "-" "Mozilla/5.0 (Windows NT 10.0; Win64; x64) AppleWebKit/537.36, curl/8.4.0"
185.177.72.50 - - [31/Mar/2026:12:17:48 +0000] "GET /dev/.env HTTP/1.1" 403 4170 "-" "Mozilla/5.0 (Windows NT 10.0; Win64; x64) AppleWebKit/537.36, curl/8.4.0"
185.177.72.50 - - [31/Mar/2026:12:17:48 +0000] "GET /site/.env HTTP/1.1" 403 4170 "-" "Mozilla/5.0 (Windows NT 10.0; Win64; x64) AppleWebKit/537.36, curl/8.4.0"
185.177.72.50 - - [31/Mar/2026:12:17:48 +0000] "GET /crm/.env HTTP/1.1" 403 4170 "-" "Mozilla/5.0 (Windows NT 10.0; Win64; x64) AppleWebKit/537.36, curl/8.4.0"
185.177.72.50 - - [31/Mar/2026:12:17:48 +0000] "GET /new/.env HTTP/1.1" 403 4170 "-" "Mozilla/5.0 (Windows NT 10.0; Win64; x64) AppleWebKit/537.36, curl/8.4.0"
185.177.72.50 - - [31/Mar/2026:12:17:48 +0000] "GET /local/.env HTTP/1.1" 403 4170 "-" "Mozilla/5.0 (Windows NT 10.0; Win64; x64) AppleWebKit/537.36, curl/8.4.0"
185.177.72.50 - - [31/Mar/2026:12:17:48 +0000] "GET /apps/.env HTTP/1.1" 403 4170 "-" "Mozilla/5.0 (Windows NT 10.0; Win64; x64) AppleWebKit/537.36, curl/8.4.0"
185.177.72.50 - - [31/Mar/2026:12:17:48 +0000] "GET /website/.env HTTP/1.1" 403 4170 "-" "Mozilla/5.0 (Windows NT 10.0; Win64; x64) AppleWebKit/537.36, curl/8.4.0"
185.177.72.50 - - [31/Mar/2026:12:17:48 +0000] "GET /application/.env HTTP/1.1" 403 4170 "-" "Mozilla/5.0 (Windows NT 10.0; Win64; x64) AppleWebKit/537.36, curl/8.4.0"
185.177.72.50 - - [31/Mar/2026:12:17:48 +0000] "GET /development/.env HTTP/1.1" 403 4170 "-" "Mozilla/5.0 (Windows NT 10.0; Win64; x64) AppleWebKit/537.36, curl/8.4.0"
185.177.72.50 - - [31/Mar/2026:12:17:48 +0000] "GET /graphql/.env HTTP/1.1" 403 4170 "-" "Mozilla/5.0 (Windows NT 10.0; Win64; x64) AppleWebKit/537.36, curl/8.4.0"
185.177.72.50 - - [31/Mar/2026:12:17:48 +0000] "GET /tests/.env HTTP/1.1" 403 4170 "-" "Mozilla/5.0 (Windows NT 10.0; Win64; x64) AppleWebKit/537.36, curl/8.4.0"
185.177.72.50 - - [31/Mar/2026:12:17:48 +0000] "GET /mail/.env HTTP/1.1" 403 4170 "-" "Mozilla/5.0 (Windows NT 10.0; Win64; x64) AppleWebKit/537.36, curl/8.4.0"
185.177.72.50 - - [31/Mar/2026:12:17:48 +0000] "GET /backup/.env HTTP/1.1" 403 4170 "-" "Mozilla/5.0 (Windows NT 10.0; Win64; x64) AppleWebKit/537.36, curl/8.4.0"
185.177.72.50 - - [31/Mar/2026:12:17:48 +0000] "GET /old/.env HTTP/1.1" 403 4170 "-" "Mozilla/5.0 (Windows NT 10.0; Win64; x64) AppleWebKit/537.36, curl/8.4.0"
185.177.72.50 - - [31/Mar/2026:12:17:48 +0000] "GET /v1/.env HTTP/1.1" 403 4170 "-" "Mozilla/5.0 (Windows NT 10.0; Win64; x64) AppleWebKit/537.36, curl/8.4.0"
185.177.72.50 - - [31/Mar/2026:12:17:48 +0000] "GET /test/.env HTTP/1.1" 403 4170 "-" "Mozilla/5.0 (Windows NT 10.0; Win64; x64) AppleWebKit/537.36, curl/8.4.0"
185.177.72.50 - - [31/Mar/2026:12:17:48 +0000] "GET /rest/.env HTTP/1.1" 403 4170 "-" "Mozilla/5.0 (Windows NT 10.0; Win64; x64) AppleWebKit/537.36, curl/8.4.0"
185.177.72.50 - - [31/Mar/2026:12:17:48 +0000] "GET /var/.env HTTP/1.1" 403 4170 "-" "Mozilla/5.0 (Windows NT 10.0; Win64; x64) AppleWebKit/537.36, curl/8.4.0"
185.177.72.50 - - [31/Mar/2026:12:17:48 +0000] "GET /storage/.env HTTP/1.1" 403 4170 "-" "Mozilla/5.0 (Windows NT 10.0; Win64; x64) AppleWebKit/537.36, curl/8.4.0"
185.177.72.50 - - [31/Mar/2026:12:17:48 +0000] "GET /db/.env HTTP/1.1" 403 4170 "-" "Mozilla/5.0 (Windows NT 10.0; Win64; x64) AppleWebKit/537.36, curl/8.4.0"
57.141.14.61 - - [31/Mar/2026:12:20:28 +0000] "GET /products/74972164 HTTP/1.1" 404 16 "-" "meta-externalagent/1.1 (+https://developers.facebook.com/docs/sharing/webmasters/crawler)"
57.141.14.29 - - [31/Mar/2026:12:21:37 +0000] "GET /products/506194313 HTTP/1.1" 404 16 "-" "meta-externalagent/1.1 (+https://developers.facebook.com/docs/sharing/webmasters/crawler)"
57.141.14.104 - - [31/Mar/2026:12:22:43 +0000] "GET /products/29816990 HTTP/1.1" 404 16 "-" "meta-externalagent/1.1 (+https://developers.facebook.com/docs/sharing/webmasters/crawler)"
57.141.14.76 - - [31/Mar/2026:12:23:49 +0000] "GET /products/26279166 HTTP/1.1" 404 16 "-" "meta-externalagent/1.1 (+https://developers.facebook.com/docs/sharing/webmasters/crawler)"
57.141.14.80 - - [31/Mar/2026:12:24:56 +0000] "GET /products/4697925 HTTP/1.1" 404 16 "-" "meta-externalagent/1.1 (+https://developers.facebook.com/docs/sharing/webmasters/crawler)"
57.141.14.106 - - [31/Mar/2026:12:26:03 +0000] "GET /products/2930202 HTTP/1.1" 404 16 "-" "meta-externalagent/1.1 (+https://developers.facebook.com/docs/sharing/webmasters/crawler)"
45.79.238.235 - - [31/Mar/2026:12:26:14 +0000] "POST /wp-cron.php?doing_wp_cron=1774959973.9488050937652587890625 HTTP/1.1" 200 - "-" "WordPress/6.9.4; http://tempspray.co.nz"
167.172.38.250 - - [31/Mar/2026:12:26:12 +0000] "POST /wp-login.php HTTP/1.1" 200 7096 "-" "Mozilla/5.0"
57.141.14.39 - - [31/Mar/2026:12:27:09 +0000] "GET /products/8984767 HTTP/1.1" 404 16 "-" "meta-externalagent/1.1 (+https://developers.facebook.com/docs/sharing/webmasters/crawler)"
57.141.14.51 - - [31/Mar/2026:12:28:16 +0000] "GET /products/6150662 HTTP/1.1" 404 16 "-" "meta-externalagent/1.1 (+https://developers.facebook.com/docs/sharing/webmasters/crawler)"
57.141.14.96 - - [31/Mar/2026:12:29:23 +0000] "GET /products/60151585 HTTP/1.1" 404 16 "-" "meta-externalagent/1.1 (+https://developers.facebook.com/docs/sharing/webmasters/crawler)"
57.141.14.88 - - [31/Mar/2026:12:30:29 +0000] "GET /category/vdcasino-1/feed/ HTTP/1.1" 404 16 "-" "meta-externalagent/1.1 (+https://developers.facebook.com/docs/sharing/webmasters/crawler)"
57.141.14.67 - - [31/Mar/2026:12:31:36 +0000] "GET /products/67361862 HTTP/1.1" 404 16 "-" "meta-externalagent/1.1 (+https://developers.facebook.com/docs/sharing/webmasters/crawler)"
45.79.238.235 - - [31/Mar/2026:12:31:47 +0000] "POST /wp-cron.php?doing_wp_cron=1774960306.9866490364074707031250 HTTP/1.1" 200 - "-" "WordPress/6.9.4; http://tempspray.co.nz"
82.223.70.218 - - [31/Mar/2026:12:31:46 +0000] "POST /wp-login.php HTTP/1.1" 200 7095 "-" "Mozilla/5.0 (Windows NT 10.0) AppleWebKit/537.36 (KHTML, like Gecko) Chrome/139.0.0.0 Safari/537.36 Edg/139.0.0.0"
57.141.14.109 - - [31/Mar/2026:12:32:43 +0000] "GET /products/366621452 HTTP/1.1" 404 16 "-" "meta-externalagent/1.1 (+https://developers.facebook.com/docs/sharing/webmasters/crawler)"
45.79.238.235 - - [31/Mar/2026:12:33:12 +0000] "POST /wp-cron.php?doing_wp_cron=1774960392.4166510105133056640625 HTTP/1.1" 200 - "-" "WordPress/6.9.4; http://tempspray.co.nz"
167.172.38.250 - - [31/Mar/2026:12:33:11 +0000] "POST /wp-login.php HTTP/1.1" 200 7096 "-" "Mozilla/5.0"
57.141.14.20 - - [31/Mar/2026:12:33:49 +0000] "GET /products/81814510 HTTP/1.1" 404 16 "-" "meta-externalagent/1.1 (+https://developers.facebook.com/docs/sharing/webmasters/crawler)"
57.141.14.51 - - [31/Mar/2026:12:34:56 +0000] "GET /products/97988429 HTTP/1.1" 404 16 "-" "meta-externalagent/1.1 (+https://developers.facebook.com/docs/sharing/webmasters/crawler)"
45.79.238.235 - - [31/Mar/2026:12:35:12 +0000] "POST /wp-cron.php?doing_wp_cron=1774960512.1656990051269531250000 HTTP/1.1" 200 - "-" "WordPress/6.9.4; http://tempspray.co.nz"
134.209.211.184 - - [31/Mar/2026:12:35:11 +0000] "POST /wp-login.php HTTP/1.1" 200 7096 "-" "Mozilla/5.0"
57.141.14.12 - - [31/Mar/2026:12:36:03 +0000] "GET /products/39658461 HTTP/1.1" 404 16 "-" "meta-externalagent/1.1 (+https://developers.facebook.com/docs/sharing/webmasters/crawler)"
43.157.50.58 - - [31/Mar/2026:12:36:08 +0000] "GET / HTTP/1.1" 404 16 "-" "Mozilla/5.0 (iPhone; CPU iPhone OS 13_2_3 like Mac OS X) AppleWebKit/605.1.15 (KHTML, like Gecko) Version/13.0.3 Mobile/15E148 Safari/604.1"
57.141.14.78 - - [31/Mar/2026:12:37:10 +0000] "GET /products/48650639 HTTP/1.1" 404 16 "-" "meta-externalagent/1.1 (+https://developers.facebook.com/docs/sharing/webmasters/crawler)"
57.141.14.56 - - [31/Mar/2026:12:38:16 +0000] "GET /products/50110663 HTTP/1.1" 404 16 "-" "meta-externalagent/1.1 (+https://developers.facebook.com/docs/sharing/webmasters/crawler)"
45.79.238.235 - - [31/Mar/2026:12:40:04 +0000] "POST /wp-cron.php?doing_wp_cron=1774960803.8448750972747802734375 HTTP/1.1" 200 - "-" "WordPress/6.9.4; http://tempspray.co.nz"
134.209.211.184 - - [31/Mar/2026:12:40:03 +0000] "POST /wp-login.php HTTP/1.1" 200 7096 "-" "Mozilla/5.0"
167.172.38.250 - - [31/Mar/2026:12:40:20 +0000] "POST /wp-login.php HTTP/1.1" 200 7096 "-" "Mozilla/5.0"
57.141.14.91 - - [31/Mar/2026:12:40:30 +0000] "GET /products/1334496 HTTP/1.1" 404 16 "-" "meta-externalagent/1.1 (+https://developers.facebook.com/docs/sharing/webmasters/crawler)"
57.141.14.32 - - [31/Mar/2026:12:41:36 +0000] "GET /products/429972578 HTTP/1.1" 404 16 "-" "meta-externalagent/1.1 (+https://developers.facebook.com/docs/sharing/webmasters/crawler)"
45.79.238.235 - - [31/Mar/2026:12:44:27 +0000] "POST /wp-cron.php?doing_wp_cron=1774961067.0280098915100097656250 HTTP/1.1" 200 - "-" "WordPress/6.9.4; http://tempspray.co.nz"
134.209.211.184 - - [31/Mar/2026:12:44:26 +0000] "POST /wp-login.php HTTP/1.1" 200 7096 "-" "Mozilla/5.0"
57.141.14.102 - - [31/Mar/2026:12:44:56 +0000] "GET /products/672126812 HTTP/1.1" 404 16 "-" "meta-externalagent/1.1 (+https://developers.facebook.com/docs/sharing/webmasters/crawler)"
57.141.14.111 - - [31/Mar/2026:12:46:03 +0000] "GET /products/736238935 HTTP/1.1" 404 16 "-" "meta-externalagent/1.1 (+https://developers.facebook.com/docs/sharing/webmasters/crawler)"
57.141.14.61 - - [31/Mar/2026:12:47:11 +0000] "GET /products/61416653 HTTP/1.1" 404 16 "-" "meta-externalagent/1.1 (+https://developers.facebook.com/docs/sharing/webmasters/crawler)"
45.79.238.235 - - [31/Mar/2026:12:47:51 +0000] "POST /wp-cron.php?doing_wp_cron=1774961271.4970939159393310546875 HTTP/1.1" 200 - "-" "WordPress/6.9.4; http://tempspray.co.nz"
167.172.38.250 - - [31/Mar/2026:12:47:50 +0000] "POST /wp-login.php HTTP/1.1" 200 7096 "-" "Mozilla/5.0"
57.141.14.111 - - [31/Mar/2026:12:48:16 +0000] "GET /products/32168528 HTTP/1.1" 404 16 "-" "meta-externalagent/1.1 (+https://developers.facebook.com/docs/sharing/webmasters/crawler)"
45.79.238.235 - - [31/Mar/2026:12:49:09 +0000] "POST /wp-cron.php?doing_wp_cron=1774961349.3087770938873291015625 HTTP/1.1" 200 - "-" "WordPress/6.9.4; http://tempspray.co.nz"
134.209.211.184 - - [31/Mar/2026:12:49:08 +0000] "POST /wp-login.php HTTP/1.1" 200 7096 "-" "Mozilla/5.0"
57.141.14.100 - - [31/Mar/2026:12:49:24 +0000] "GET /products/40967476 HTTP/1.1" 404 16 "-" "meta-externalagent/1.1 (+https://developers.facebook.com/docs/sharing/webmasters/crawler)"
57.141.14.67 - - [31/Mar/2026:12:50:30 +0000] "GET /products/484650069 HTTP/1.1" 404 16 "-" "meta-externalagent/1.1 (+https://developers.facebook.com/docs/sharing/webmasters/crawler)"
57.141.14.12 - - [31/Mar/2026:12:51:36 +0000] "GET /products/70895153 HTTP/1.1" 404 16 "-" "meta-externalagent/1.1 (+https://developers.facebook.com/docs/sharing/webmasters/crawler)"
57.141.14.105 - - [31/Mar/2026:12:52:43 +0000] "GET /products/94402662 HTTP/1.1" 404 16 "-" "meta-externalagent/1.1 (+https://developers.facebook.com/docs/sharing/webmasters/crawler)"
45.79.238.235 - - [31/Mar/2026:12:53:47 +0000] "POST /wp-cron.php?doing_wp_cron=1774961626.9945979118347167968750 HTTP/1.1" 200 - "-" "WordPress/6.9.4; http://tempspray.co.nz"
134.209.211.184 - - [31/Mar/2026:12:53:46 +0000] "POST /wp-login.php HTTP/1.1" 200 7096 "-" "Mozilla/5.0"
57.141.14.22 - - [31/Mar/2026:12:53:50 +0000] "GET /products/1165347 HTTP/1.1" 404 16 "-" "meta-externalagent/1.1 (+https://developers.facebook.com/docs/sharing/webmasters/crawler)"
57.141.14.42 - - [31/Mar/2026:12:54:56 +0000] "GET /products/556725575 HTTP/1.1" 404 16 "-" "meta-externalagent/1.1 (+https://developers.facebook.com/docs/sharing/webmasters/crawler)"
45.79.238.235 - - [31/Mar/2026:12:55:13 +0000] "POST /wp-cron.php?doing_wp_cron=1774961713.3660728931427001953125 HTTP/1.1" 200 - "-" "WordPress/6.9.4; http://tempspray.co.nz"
167.172.38.250 - - [31/Mar/2026:12:55:12 +0000] "POST /wp-login.php HTTP/1.1" 200 7096 "-" "Mozilla/5.0"
57.141.14.51 - - [31/Mar/2026:12:56:03 +0000] "GET /products/29530563 HTTP/1.1" 404 16 "-" "meta-externalagent/1.1 (+https://developers.facebook.com/docs/sharing/webmasters/crawler)"
57.141.14.51 - - [31/Mar/2026:12:57:10 +0000] "GET /products/48342649 HTTP/1.1" 404 16 "-" "meta-externalagent/1.1 (+https://developers.facebook.com/docs/sharing/webmasters/crawler)"
45.79.238.235 - - [31/Mar/2026:12:58:06 +0000] "POST /wp-cron.php?doing_wp_cron=1774961886.1421229839324951171875 HTTP/1.1" 200 - "-" "WordPress/6.9.4; http://tempspray.co.nz"
134.209.211.184 - - [31/Mar/2026:12:58:05 +0000] "POST /wp-login.php HTTP/1.1" 200 7096 "-" "Mozilla/5.0"
57.141.14.29 - - [31/Mar/2026:12:58:16 +0000] "GET /products/78268132 HTTP/1.1" 404 16 "-" "meta-externalagent/1.1 (+https://developers.facebook.com/docs/sharing/webmasters/crawler)"
57.141.14.68 - - [31/Mar/2026:12:59:22 +0000] "GET /products/48810124 HTTP/1.1" 404 16 "-" "meta-externalagent/1.1 (+https://developers.facebook.com/docs/sharing/webmasters/crawler)"
57.141.14.22 - - [31/Mar/2026:13:01:58 +0000] "GET /products/506232391 HTTP/1.1" 404 16 "-" "meta-externalagent/1.1 (+https://developers.facebook.com/docs/sharing/webmasters/crawler)"
45.79.238.235 - - [31/Mar/2026:13:03:01 +0000] "POST /wp-cron.php?doing_wp_cron=1774962181.0210299491882324218750 HTTP/1.1" 200 - "-" "WordPress/6.9.4; http://tempspray.co.nz"
134.209.211.184 - - [31/Mar/2026:13:03:00 +0000] "POST /wp-login.php HTTP/1.1" 200 7096 "-" "Mozilla/5.0"
167.172.38.250 - - [31/Mar/2026:13:03:22 +0000] "POST /wp-login.php HTTP/1.1" 200 7096 "-" "Mozilla/5.0"
141.98.11.44 - - [31/Mar/2026:13:04:39 +0000] "GET /wp-includes/sodium_compat/src/Core/SecretStream/State.php HTTP/1.1" 403 4170 "-" "Mozilla/5.0 (Windows NT 10.0; Win64; x64) AppleWebKit/537.36"
57.141.14.77 - - [31/Mar/2026:13:04:56 +0000] "GET /products/546849528 HTTP/1.1" 404 16 "-" "meta-externalagent/1.1 (+https://developers.facebook.com/docs/sharing/webmasters/crawler)"
57.141.14.53 - - [31/Mar/2026:13:06:03 +0000] "GET /products/549365042 HTTP/1.1" 404 16 "-" "meta-externalagent/1.1 (+https://developers.facebook.com/docs/sharing/webmasters/crawler)"
57.141.14.32 - - [31/Mar/2026:13:07:10 +0000] "GET /products/36571221 HTTP/1.1" 404 16 "-" "meta-externalagent/1.1 (+https://developers.facebook.com/docs/sharing/webmasters/crawler)"
57.141.14.55 - - [31/Mar/2026:13:08:16 +0000] "GET /products/8570385 HTTP/1.1" 404 16 "-" "meta-externalagent/1.1 (+https://developers.facebook.com/docs/sharing/webmasters/crawler)"
57.141.14.72 - - [31/Mar/2026:13:10:30 +0000] "GET /products/7227051 HTTP/1.1" 404 16 "-" "meta-externalagent/1.1 (+https://developers.facebook.com/docs/sharing/webmasters/crawler)"
45.79.238.235 - - [31/Mar/2026:13:10:32 +0000] "POST /wp-cron.php?doing_wp_cron=1774962631.9426651000976562500000 HTTP/1.1" 200 - "-" "WordPress/6.9.4; http://tempspray.co.nz"
134.209.211.184 - - [31/Mar/2026:13:10:30 +0000] "POST /wp-login.php HTTP/1.1" 200 7096 "-" "Mozilla/5.0"
45.79.238.235 - - [31/Mar/2026:13:11:36 +0000] "POST /wp-cron.php?doing_wp_cron=1774962696.2716279029846191406250 HTTP/1.1" 200 - "-" "WordPress/6.9.4; http://tempspray.co.nz"
167.172.38.250 - - [31/Mar/2026:13:11:35 +0000] "POST /wp-login.php HTTP/1.1" 200 7096 "-" "Mozilla/5.0"
57.141.14.7 - - [31/Mar/2026:13:11:36 +0000] "GET /products/7027419 HTTP/1.1" 404 16 "-" "meta-externalagent/1.1 (+https://developers.facebook.com/docs/sharing/webmasters/crawler)"
57.141.14.63 - - [31/Mar/2026:13:13:49 +0000] "GET /products/7030681 HTTP/1.1" 404 16 "-" "meta-externalagent/1.1 (+https://developers.facebook.com/docs/sharing/webmasters/crawler)"
57.141.14.55 - - [31/Mar/2026:13:14:57 +0000] "GET /products/558769335 HTTP/1.1" 404 16 "-" "meta-externalagent/1.1 (+https://developers.facebook.com/docs/sharing/webmasters/crawler)"
57.141.14.47 - - [31/Mar/2026:13:16:04 +0000] "GET /products/699848860 HTTP/1.1" 404 16 "-" "meta-externalagent/1.1 (+https://developers.facebook.com/docs/sharing/webmasters/crawler)"
57.141.14.42 - - [31/Mar/2026:13:17:10 +0000] "GET /products/1771847 HTTP/1.1" 404 16 "-" "meta-externalagent/1.1 (+https://developers.facebook.com/docs/sharing/webmasters/crawler)"
57.141.14.5 - - [31/Mar/2026:13:18:16 +0000] "GET /products/3129785 HTTP/1.1" 404 16 "-" "meta-externalagent/1.1 (+https://developers.facebook.com/docs/sharing/webmasters/crawler)"
45.79.238.235 - - [31/Mar/2026:13:20:09 +0000] "POST /wp-cron.php?doing_wp_cron=1774963209.6839361190795898437500 HTTP/1.1" 200 - "-" "WordPress/6.9.4; http://tempspray.co.nz"
167.172.38.250 - - [31/Mar/2026:13:20:09 +0000] "POST /wp-login.php HTTP/1.1" 200 7096 "-" "Mozilla/5.0"
134.209.211.184 - - [31/Mar/2026:13:20:23 +0000] "POST /wp-login.php HTTP/1.1" 200 7096 "-" "Mozilla/5.0"
57.141.14.31 - - [31/Mar/2026:13:20:30 +0000] "GET /products/552096775 HTTP/1.1" 404 16 "-" "meta-externalagent/1.1 (+https://developers.facebook.com/docs/sharing/webmasters/crawler)"
57.141.14.49 - - [31/Mar/2026:13:23:50 +0000] "GET /products/3020945 HTTP/1.1" 404 16 "-" "meta-externalagent/1.1 (+https://developers.facebook.com/docs/sharing/webmasters/crawler)"
57.141.14.60 - - [31/Mar/2026:13:24:56 +0000] "GET /products/7130278 HTTP/1.1" 404 16 "-" "meta-externalagent/1.1 (+https://developers.facebook.com/docs/sharing/webmasters/crawler)"
57.141.14.72 - - [31/Mar/2026:13:27:09 +0000] "GET /products/369531596 HTTP/1.1" 404 16 "-" "meta-externalagent/1.1 (+https://developers.facebook.com/docs/sharing/webmasters/crawler)"
45.79.238.235 - - [31/Mar/2026:13:28:33 +0000] "POST /wp-cron.php?doing_wp_cron=1774963713.1731851100921630859375 HTTP/1.1" 200 - "-" "WordPress/6.9.4; http://tempspray.co.nz"
167.172.38.250 - - [31/Mar/2026:13:28:32 +0000] "POST /wp-login.php HTTP/1.1" 200 7096 "-" "Mozilla/5.0"
57.141.14.66 - - [31/Mar/2026:13:29:23 +0000] "GET /products/42886476 HTTP/1.1" 404 16 "-" "meta-externalagent/1.1 (+https://developers.facebook.com/docs/sharing/webmasters/crawler)"
57.141.14.104 - - [31/Mar/2026:13:30:29 +0000] "GET /products/437136135 HTTP/1.1" 404 16 "-" "meta-externalagent/1.1 (+https://developers.facebook.com/docs/sharing/webmasters/crawler)"
45.79.238.235 - - [31/Mar/2026:13:30:39 +0000] "POST /wp-cron.php?doing_wp_cron=1774963839.5341939926147460937500 HTTP/1.1" 200 - "-" "WordPress/6.9.4; http://tempspray.co.nz"
134.209.211.184 - - [31/Mar/2026:13:30:38 +0000] "POST /wp-login.php HTTP/1.1" 200 7096 "-" "Mozilla/5.0"
57.141.14.55 - - [31/Mar/2026:13:32:43 +0000] "GET /products/44000954 HTTP/1.1" 404 16 "-" "meta-externalagent/1.1 (+https://developers.facebook.com/docs/sharing/webmasters/crawler)"
57.141.14.34 - - [31/Mar/2026:13:33:50 +0000] "GET /products/77073128 HTTP/1.1" 404 16 "-" "meta-externalagent/1.1 (+https://developers.facebook.com/docs/sharing/webmasters/crawler)"
57.141.14.66 - - [31/Mar/2026:13:34:56 +0000] "GET /products/1432634 HTTP/1.1" 404 16 "-" "meta-externalagent/1.1 (+https://developers.facebook.com/docs/sharing/webmasters/crawler)"
57.141.14.106 - - [31/Mar/2026:13:36:03 +0000] "GET /products/5715463 HTTP/1.1" 404 16 "-" "meta-externalagent/1.1 (+https://developers.facebook.com/docs/sharing/webmasters/crawler)"
45.79.238.235 - - [31/Mar/2026:13:36:51 +0000] "POST /wp-cron.php?doing_wp_cron=1774964211.1571190357208251953125 HTTP/1.1" 200 - "-" "WordPress/6.9.4; http://tempspray.co.nz"
167.172.38.250 - - [31/Mar/2026:13:36:50 +0000] "POST /wp-login.php HTTP/1.1" 200 7096 "-" "Mozilla/5.0"
57.141.14.29 - - [31/Mar/2026:13:37:10 +0000] "GET /products/9383081 HTTP/1.1" 404 16 "-" "meta-externalagent/1.1 (+https://developers.facebook.com/docs/sharing/webmasters/crawler)"
57.141.14.54 - - [31/Mar/2026:13:39:23 +0000] "GET /products/433606495 HTTP/1.1" 404 16 "-" "meta-externalagent/1.1 (+https://developers.facebook.com/docs/sharing/webmasters/crawler)"
57.141.14.31 - - [31/Mar/2026:13:40:30 +0000] "GET /products/6998625 HTTP/1.1" 404 16 "-" "meta-externalagent/1.1 (+https://developers.facebook.com/docs/sharing/webmasters/crawler)"
45.79.238.235 - - [31/Mar/2026:13:41:02 +0000] "POST /wp-cron.php?doing_wp_cron=1774964462.5410270690917968750000 HTTP/1.1" 200 - "-" "WordPress/6.9.4; http://tempspray.co.nz"
134.209.211.184 - - [31/Mar/2026:13:41:01 +0000] "POST /wp-login.php HTTP/1.1" 200 7096 "-" "Mozilla/5.0"
141.98.11.44 - - [31/Mar/2026:13:41:06 +0000] "GET /wp-includes/sodium_compat/src/Core/SecretStream/State.php HTTP/1.1" 403 4170 "-" "Mozilla/5.0 (Windows NT 10.0; Win64; x64) AppleWebKit/537.36"
57.141.14.103 - - [31/Mar/2026:13:41:36 +0000] "GET /products/6729894 HTTP/1.1" 404 16 "-" "meta-externalagent/1.1 (+https://developers.facebook.com/docs/sharing/webmasters/crawler)"
45.79.238.235 - - [31/Mar/2026:13:42:21 +0000] "POST /wp-cron.php?doing_wp_cron=1774964540.8419959545135498046875 HTTP/1.1" 200 - "-" "WordPress/6.9.4; http://tempspray.co.nz"
170.249.163.210 - - [31/Mar/2026:13:42:20 +0000] "POST /wp-login.php HTTP/1.1" 200 7099 "-" "Mozilla/5.0 (Windows NT 10.0; Win64; x64) AppleWebKit/537.43 (KHTML, like Gecko) Chrome/138.0.0.0 Safari/537.36 OPR/122.0.0.0"
57.141.14.36 - - [31/Mar/2026:13:43:49 +0000] "GET /products/6400545 HTTP/1.1" 404 16 "-" "meta-externalagent/1.1 (+https://developers.facebook.com/docs/sharing/webmasters/crawler)"
45.79.238.235 - - [31/Mar/2026:13:45:01 +0000] "POST /wp-cron.php?doing_wp_cron=1774964701.5587279796600341796875 HTTP/1.1" 200 - "-" "WordPress/6.9.4; http://tempspray.co.nz"
167.172.38.250 - - [31/Mar/2026:13:45:00 +0000] "POST /wp-login.php HTTP/1.1" 200 7096 "-" "Mozilla/5.0"
57.141.14.62 - - [31/Mar/2026:13:47:10 +0000] "GET /products/667962957 HTTP/1.1" 404 16 "-" "meta-externalagent/1.1 (+https://developers.facebook.com/docs/sharing/webmasters/crawler)"
57.141.14.82 - - [31/Mar/2026:13:48:16 +0000] "GET /products/674995588 HTTP/1.1" 404 16 "-" "meta-externalagent/1.1 (+https://developers.facebook.com/docs/sharing/webmasters/crawler)"
57.141.14.62 - - [31/Mar/2026:13:49:23 +0000] "GET /products/724852038 HTTP/1.1" 404 16 "-" "meta-externalagent/1.1 (+https://developers.facebook.com/docs/sharing/webmasters/crawler)"
45.79.238.235 - - [31/Mar/2026:13:51:11 +0000] "POST /wp-cron.php?doing_wp_cron=1774965071.4641840457916259765625 HTTP/1.1" 200 - "-" "WordPress/6.9.4; http://tempspray.co.nz"
134.209.211.184 - - [31/Mar/2026:13:51:10 +0000] "POST /wp-login.php HTTP/1.1" 200 7096 "-" "Mozilla/5.0"
57.141.14.108 - - [31/Mar/2026:13:51:36 +0000] "GET /products/6076906 HTTP/1.1" 404 16 "-" "meta-externalagent/1.1 (+https://developers.facebook.com/docs/sharing/webmasters/crawler)"
57.141.14.71 - - [31/Mar/2026:13:52:42 +0000] "GET /products/381595296 HTTP/1.1" 404 16 "-" "meta-externalagent/1.1 (+https://developers.facebook.com/docs/sharing/webmasters/crawler)"
45.79.238.235 - - [31/Mar/2026:13:53:30 +0000] "POST /wp-cron.php?doing_wp_cron=1774965210.0401659011840820312500 HTTP/1.1" 200 - "-" "WordPress/6.9.4; http://tempspray.co.nz"
167.172.38.250 - - [31/Mar/2026:13:53:29 +0000] "POST /wp-login.php HTTP/1.1" 200 7096 "-" "Mozilla/5.0"
45.79.238.235 - - [31/Mar/2026:14:00:06 +0000] "POST /wp-cron.php?doing_wp_cron=1774965606.3715009689331054687500 HTTP/1.1" 200 - "-" "WordPress/6.9.4; http://tempspray.co.nz"
84.201.130.79 - - [31/Mar/2026:14:00:05 +0000] "POST /wp-login.php HTTP/1.1" 200 7094 "-" "Mozilla/5.0 (Windows NT 10.0; Win64; x64) AppleWebKit/537.43 (KHTML, like Gecko) Chrome/135.0.0.0 Safari/537.36 OPR/120.0.0.0"
57.141.14.6 - - [31/Mar/2026:14:00:29 +0000] "GET /products/65157589 HTTP/1.1" 404 16 "-" "meta-externalagent/1.1 (+https://developers.facebook.com/docs/sharing/webmasters/crawler)"
45.79.238.235 - - [31/Mar/2026:14:01:02 +0000] "GET /.well-known/acme-challenge/J1OSNV_CVKFI0X0I4U_Q6XVMC24DFBNG HTTP/1.1" 200 64 "-" "Cpanel-HTTP-Client/1.0"
45.79.238.235 - - [31/Mar/2026:14:01:34 +0000] "POST /wp-cron.php?doing_wp_cron=1774965694.2585229873657226562500 HTTP/1.1" 200 - "-" "WordPress/6.9.4; http://tempspray.co.nz"
134.209.211.184 - - [31/Mar/2026:14:01:33 +0000] "POST /wp-login.php HTTP/1.1" 200 7096 "-" "Mozilla/5.0"
45.79.238.235 - - [31/Mar/2026:14:02:08 +0000] "POST /wp-cron.php?doing_wp_cron=1774965728.7013669013977050781250 HTTP/1.1" 200 - "-" "WordPress/6.9.4; http://tempspray.co.nz"
167.172.38.250 - - [31/Mar/2026:14:02:08 +0000] "POST /wp-login.php HTTP/1.1" 200 7096 "-" "Mozilla/5.0"
57.141.14.55 - - [31/Mar/2026:14:02:45 +0000] "GET /products/3917726 HTTP/1.1" 404 16 "-" "meta-externalagent/1.1 (+https://developers.facebook.com/docs/sharing/webmasters/crawler)"
57.141.14.101 - - [31/Mar/2026:14:06:03 +0000] "GET /products/54818513 HTTP/1.1" 404 16 "-" "meta-externalagent/1.1 (+https://developers.facebook.com/docs/sharing/webmasters/crawler)"
52.167.144.214 - - [31/Mar/2026:14:08:59 +0000] "GET /the-strange-and-disgusting-things-people-do-in-5/ HTTP/1.1" 404 16 "-" "Mozilla/5.0 AppleWebKit/537.36 (KHTML, like Gecko; compatible; bingbot/2.0; +http://www.bing.com/bingbot.htm) Chrome/116.0.1938.76 Safari/537.36"
45.79.238.235 - - [31/Mar/2026:14:09:16 +0000] "GET /.well-known/acme-challenge/9E0URBLRWIRSDXOF1QY0CD43YKGUCZXT HTTP/1.1" 200 64 "-" "Cpanel-HTTP-Client/1.0"
57.141.14.7 - - [31/Mar/2026:14:09:23 +0000] "GET /products/47252977 HTTP/1.1" 404 16 "-" "meta-externalagent/1.1 (+https://developers.facebook.com/docs/sharing/webmasters/crawler)"
57.141.14.107 - - [31/Mar/2026:14:10:30 +0000] "GET /products/675917437 HTTP/1.1" 404 16 "-" "meta-externalagent/1.1 (+https://developers.facebook.com/docs/sharing/webmasters/crawler)"
45.79.238.235 - - [31/Mar/2026:14:11:01 +0000] "POST /wp-cron.php?doing_wp_cron=1774966261.4116508960723876953125 HTTP/1.1" 200 - "-" "WordPress/6.9.4; http://tempspray.co.nz"
167.172.38.250 - - [31/Mar/2026:14:11:00 +0000] "POST /wp-login.php HTTP/1.1" 200 7096 "-" "Mozilla/5.0"
57.141.14.7 - - [31/Mar/2026:14:11:36 +0000] "GET /products/6643198 HTTP/1.1" 404 16 "-" "meta-externalagent/1.1 (+https://developers.facebook.com/docs/sharing/webmasters/crawler)"
45.79.238.235 - - [31/Mar/2026:14:12:07 +0000] "POST /wp-cron.php?doing_wp_cron=1774966326.9384269714355468750000 HTTP/1.1" 200 - "-" "WordPress/6.9.4; http://tempspray.co.nz"
134.209.211.184 - - [31/Mar/2026:14:12:06 +0000] "POST /wp-login.php HTTP/1.1" 200 7096 "-" "Mozilla/5.0"
57.141.14.24 - - [31/Mar/2026:14:12:43 +0000] "GET /products/6656578 HTTP/1.1" 404 16 "-" "meta-externalagent/1.1 (+https://developers.facebook.com/docs/sharing/webmasters/crawler)"
57.141.14.9 - - [31/Mar/2026:14:13:50 +0000] "GET /products/4280524 HTTP/1.1" 404 16 "-" "meta-externalagent/1.1 (+https://developers.facebook.com/docs/sharing/webmasters/crawler)"
57.141.14.24 - - [31/Mar/2026:14:14:56 +0000] "GET /products/583228294 HTTP/1.1" 404 16 "-" "meta-externalagent/1.1 (+https://developers.facebook.com/docs/sharing/webmasters/crawler)"
57.141.14.26 - - [31/Mar/2026:14:16:02 +0000] "GET /products/7818940 HTTP/1.1" 404 16 "-" "meta-externalagent/1.1 (+https://developers.facebook.com/docs/sharing/webmasters/crawler)"
141.98.11.44 - - [31/Mar/2026:14:16:09 +0000] "GET /wp-includes/sodium_compat/src/Core/SecretStream/State.php HTTP/1.1" 403 4170 "-" "Mozilla/5.0 (Windows NT 10.0; Win64; x64) AppleWebKit/537.36"
57.141.14.8 - - [31/Mar/2026:14:17:10 +0000] "GET /products/5654235 HTTP/1.1" 404 16 "-" "meta-externalagent/1.1 (+https://developers.facebook.com/docs/sharing/webmasters/crawler)"
45.79.238.235 - - [31/Mar/2026:14:17:36 +0000] "POST /wp-cron.php?doing_wp_cron=1774966656.1735179424285888671875 HTTP/1.1" 200 - "-" "WordPress/6.9.4; http://tempspray.co.nz"
134.209.114.227 - - [31/Mar/2026:14:17:35 +0000] "POST /wp-login.php HTTP/1.1" 200 7095 "-" "Mozilla/5.0 (Windows NT 10.0; WOW64) AppleWebKit/537.36 (KHTML, like Gecko) Chrome/137.0.0.0 Safari/537.36"
57.141.14.55 - - [31/Mar/2026:14:18:16 +0000] "GET /products/2090436 HTTP/1.1" 404 16 "-" "meta-externalagent/1.1 (+https://developers.facebook.com/docs/sharing/webmasters/crawler)"
45.79.238.235 - - [31/Mar/2026:14:19:51 +0000] "POST /wp-cron.php?doing_wp_cron=1774966791.8295509815216064453125 HTTP/1.1" 200 - "-" "WordPress/6.9.4; http://tempspray.co.nz"
167.172.38.250 - - [31/Mar/2026:14:19:51 +0000] "POST /wp-login.php HTTP/1.1" 200 7096 "-" "Mozilla/5.0"
45.79.238.235 - - [31/Mar/2026:14:22:34 +0000] "POST /wp-cron.php?doing_wp_cron=1774966953.9243609905242919921875 HTTP/1.1" 200 - "-" "WordPress/6.9.4; http://tempspray.co.nz"
134.209.211.184 - - [31/Mar/2026:14:22:33 +0000] "POST /wp-login.php HTTP/1.1" 200 7096 "-" "Mozilla/5.0"
57.141.14.59 - - [31/Mar/2026:14:23:50 +0000] "GET /products/26757762 HTTP/1.1" 404 16 "-" "meta-externalagent/1.1 (+https://developers.facebook.com/docs/sharing/webmasters/crawler)"
45.79.238.235 - - [31/Mar/2026:14:27:05 +0000] "POST /wp-cron.php?doing_wp_cron=1774967225.1324229240417480468750 HTTP/1.1" 200 - "-" "WordPress/6.9.4; http://tempspray.co.nz"
161.97.166.122 - - [31/Mar/2026:14:27:04 +0000] "POST /wp-login.php HTTP/1.1" 200 7097 "-" "Mozilla/5.0 (Windows NT 10.0; Win64; x64) AppleWebKit/537.36 (KHTML, like Gecko) Chrome/137.0.0.0 Safari/537.36 Edg/137.0.0.0"
57.141.14.110 - - [31/Mar/2026:14:27:10 +0000] "GET /products/638511866 HTTP/1.1" 404 16 "-" "meta-externalagent/1.1 (+https://developers.facebook.com/docs/sharing/webmasters/crawler)"
57.141.14.107 - - [31/Mar/2026:14:28:16 +0000] "GET /products/374481270 HTTP/1.1" 404 16 "-" "meta-externalagent/1.1 (+https://developers.facebook.com/docs/sharing/webmasters/crawler)"
45.79.238.235 - - [31/Mar/2026:14:29:01 +0000] "POST /wp-cron.php?doing_wp_cron=1774967340.9303719997406005859375 HTTP/1.1" 200 - "-" "WordPress/6.9.4; http://tempspray.co.nz"
52.226.240.29 - - [31/Mar/2026:14:29:00 +0000] "POST /wp-login.php HTTP/1.1" 200 7099 "-" "Mozilla/5.0 (Windows NT 10.0; WOW64) AppleWebKit/537.36 (KHTML, like Gecko) Chrome/140.0.0.0 Safari/537.36 Edg/140.0.0.0"
167.172.38.250 - - [31/Mar/2026:14:29:02 +0000] "POST /wp-login.php HTTP/1.1" 200 7096 "-" "Mozilla/5.0"
57.141.14.110 - - [31/Mar/2026:14:29:23 +0000] "GET /products/3427825 HTTP/1.1" 404 16 "-" "meta-externalagent/1.1 (+https://developers.facebook.com/docs/sharing/webmasters/crawler)"
