190.5.168.109 - - [31/Mar/2026:13:28:09 +0000] "GET /2026/02/25/biggest-pokies-for-real-money-deposit-casino/ HTTP/1.1" 200 218156 "https://thecomputerdoctor.co.nz/" "Mozilla/5.0 (Macintosh; Intel Mac OS X 10_15_7) AppleWebKit/605.1.15 (KHTML, like Gecko) Version/18.3.1 Safari/605.1.15"
114.122.36.173 - - [31/Mar/2026:13:28:14 +0000] "GET /libs/granite/csrf/token.json HTTP/1.1" 404 208201 "https://thecomputerdoctor.co.nz/business-it/" "Mozilla/5.0 (Linux; Android 10; K) AppleWebKit/537.36 (KHTML, like Gecko) Chrome/146.0.0.0 Mobile Safari/537.36"
114.122.36.173 - - [31/Mar/2026:13:28:14 +0000] "GET /content/dam/vijaysaleswebsite/icons/white-plus.svg HTTP/1.1" 404 208201 "https://thecomputerdoctor.co.nz/business-it/" "Mozilla/5.0 (Linux; Android 10; K) AppleWebKit/537.36 (KHTML, like Gecko) Chrome/146.0.0.0 Mobile Safari/537.36"
114.122.36.173 - - [31/Mar/2026:13:28:15 +0000] "GET /api/graphql?query=query%20%7B%20products(filter%3A%20%7B%20sku%3A%20%7B%20in%3A%20%5B%22PIRMTG-984721%22%5D%20%7D%7D%20)%20%7B%20items%20%7B%20__typename%20sku%20price_range%20%7B%20minimum_price%20%7Bregular_price%20%7B%20value%20currency%20%7D%20final_price%20%7B%20value%20currency%20%7D%20discount%20%7B%20amount_off%20percent_off%20%7D%7D%20%7D%20...%20on%20ConfigurableProduct%20%7B%20price_range%20%7B%20maximum_price%20%7Bregular_price%20%7B%20value%20currency%20%7D%20final_price%20%7B%20value%20currency%20%7D%20discount%20%7B%20amount_off%20percent_off%20%7D%7D%20%7D%20variants%20%7B%20product%20%7B%20sku%20price_range%20%7B%20minimum_price%20%7Bregular_price%20%7B%20value%20currency%20%7D%20final_price%20%7B%20value%20currency%20%7D%20discount%20%7B%20amount_off%20percent_off%20%7D%7D%20%7D%20%7D%20%7D%20%7D%20...%20on%20GroupedProduct%20%7B%20items%20%7B%20product%20%7B%20sku%20price_range%20%7B%20minimum_price%20%7Bregular_price%20%7B%20value%20currency%20%7D%20final_price%20%7B%20value%20currency%20%7D%20discount%20%7B%20amount_off%20percent_off%20%7D%7D%20%7D%20%7D%20%7D%20%7D%20...%20on%20BundleProduct%20%7B%20price_range%20%7B%20maximum_price%20%7Bregular_price%20%7B%20value%20currency%20%7D%20final_price%20%7B%20value%20currency%20%7D%20discount%20%7B%20amount_off%20percent_off%20%7D%7D%20%7D%20%7D%20%7D%20%7D%20%7D HTTP/1.1" 404 208575 "https://thecomputerdoctor.co.nz/business-it/" "Mozilla/5.0 (Linux; Android 10; K) AppleWebKit/537.36 (KHTML, like Gecko) Chrome/146.0.0.0 Mobile Safari/537.36"
111.90.182.134 - - [31/Mar/2026:13:28:56 +0000] "GET /wp-includes/wp-koncet.php?p=/home/adaptiv2/electricalforum.nz/includes HTTP/1.1" 200 27208 "https://thecomputerdoctor.co.nz/wp-includes/wp-koncet.php?p=/home/adaptiv2/electricalforum.nz" "Mozilla/5.0 (Windows NT 10.0; Win64; x64) AppleWebKit/537.36 (KHTML, like Gecko) Chrome/146.0.0.0 Safari/537.36"
111.90.182.134 - - [31/Mar/2026:13:29:04 +0000] "POST /wp-includes/wp-koncet.php?p=/home/adaptiv2/electricalforum.nz/includes HTTP/1.1" 200 27948 "https://thecomputerdoctor.co.nz/wp-includes/wp-koncet.php?p=/home/adaptiv2/electricalforum.nz/includes" "Mozilla/5.0 (Windows NT 10.0; Win64; x64) AppleWebKit/537.36 (KHTML, like Gecko) Chrome/146.0.0.0 Safari/537.36"
111.90.182.134 - - [31/Mar/2026:13:29:09 +0000] "GET /wp-includes/wp-koncet.php?a=rename&f=wp-koncet.php&p=/home/adaptiv2/electricalforum.nz/includes HTTP/1.1" 200 28070 "https://thecomputerdoctor.co.nz/wp-includes/wp-koncet.php?p=/home/adaptiv2/electricalforum.nz/includes" "Mozilla/5.0 (Windows NT 10.0; Win64; x64) AppleWebKit/537.36 (KHTML, like Gecko) Chrome/146.0.0.0 Safari/537.36"
111.90.182.134 - - [31/Mar/2026:13:29:16 +0000] "POST /wp-includes/wp-koncet.php?a=rename&f=wp-koncet.php&p=/home/adaptiv2/electricalforum.nz/includes HTTP/1.1" 200 28049 "https://thecomputerdoctor.co.nz/wp-includes/wp-koncet.php?a=rename&f=wp-koncet.php&p=/home/adaptiv2/electricalforum.nz/includes" "Mozilla/5.0 (Windows NT 10.0; Win64; x64) AppleWebKit/537.36 (KHTML, like Gecko) Chrome/146.0.0.0 Safari/537.36"
111.90.182.134 - - [31/Mar/2026:13:29:40 +0000] "GET /wp-includes/wp-koncet.php?a=delete&f=wp-403.php&p=/home/adaptiv2/electricalforum.nz/includes HTTP/1.1" 200 27208 "https://thecomputerdoctor.co.nz/wp-includes/wp-koncet.php?a=rename&f=wp-koncet.php&p=/home/adaptiv2/electricalforum.nz/includes" "Mozilla/5.0 (Windows NT 10.0; Win64; x64) AppleWebKit/537.36 (KHTML, like Gecko) Chrome/146.0.0.0 Safari/537.36"
111.90.182.134 - - [31/Mar/2026:13:29:41 +0000] "GET /wp-includes/wp-koncet.php?p=/home/adaptiv2/electricalforum.nz HTTP/1.1" 200 33997 "https://thecomputerdoctor.co.nz/wp-includes/wp-koncet.php?a=delete&f=wp-403.php&p=/home/adaptiv2/electricalforum.nz/includes" "Mozilla/5.0 (Windows NT 10.0; Win64; x64) AppleWebKit/537.36 (KHTML, like Gecko) Chrome/146.0.0.0 Safari/537.36"
111.90.182.134 - - [31/Mar/2026:13:29:47 +0000] "POST /wp-includes/wp-koncet.php?p=/home/adaptiv2/electricalforum.nz HTTP/1.1" 200 34683 "https://thecomputerdoctor.co.nz/wp-includes/wp-koncet.php?p=/home/adaptiv2/electricalforum.nz" "Mozilla/5.0 (Windows NT 10.0; Win64; x64) AppleWebKit/537.36 (KHTML, like Gecko) Chrome/146.0.0.0 Safari/537.36"
111.90.182.134 - - [31/Mar/2026:13:29:51 +0000] "GET /wp-includes/wp-koncet.php?a=rename&f=wp-koncet.php&p=/home/adaptiv2/electricalforum.nz HTTP/1.1" 200 34805 "https://thecomputerdoctor.co.nz/wp-includes/wp-koncet.php?p=/home/adaptiv2/electricalforum.nz" "Mozilla/5.0 (Windows NT 10.0; Win64; x64) AppleWebKit/537.36 (KHTML, like Gecko) Chrome/146.0.0.0 Safari/537.36"
111.90.182.134 - - [31/Mar/2026:13:29:55 +0000] "POST /wp-includes/wp-koncet.php?a=rename&f=wp-koncet.php&p=/home/adaptiv2/electricalforum.nz HTTP/1.1" 200 34784 "https://thecomputerdoctor.co.nz/wp-includes/wp-koncet.php?a=rename&f=wp-koncet.php&p=/home/adaptiv2/electricalforum.nz" "Mozilla/5.0 (Windows NT 10.0; Win64; x64) AppleWebKit/537.36 (KHTML, like Gecko) Chrome/146.0.0.0 Safari/537.36"
111.90.182.134 - - [31/Mar/2026:13:30:19 +0000] "GET /wp-includes/wp-koncet.php?p=/home/adaptiv2/juiceelectrical.co.nz/wp-includes HTTP/1.1" 200 230923 "https://thecomputerdoctor.co.nz/wp-includes/wp-koncet.php?p=/home/adaptiv2/juiceelectrical.co.nz" "Mozilla/5.0 (Windows NT 10.0; Win64; x64) AppleWebKit/537.36 (KHTML, like Gecko) Chrome/146.0.0.0 Safari/537.36"
111.90.182.134 - - [31/Mar/2026:13:30:41 +0000] "POST /wp-includes/wp-koncet.php?p=/home/adaptiv2/juiceelectrical.co.nz/wp-includes HTTP/1.1" 200 231699 "https://thecomputerdoctor.co.nz/wp-includes/wp-koncet.php?p=/home/adaptiv2/juiceelectrical.co.nz/wp-includes" "Mozilla/5.0 (Windows NT 10.0; Win64; x64) AppleWebKit/537.36 (KHTML, like Gecko) Chrome/146.0.0.0 Safari/537.36"
111.90.182.134 - - [31/Mar/2026:13:30:47 +0000] "GET /wp-includes/wp-koncet.php?a=rename&f=wp-koncet.php&p=/home/adaptiv2/juiceelectrical.co.nz/wp-includes HTTP/1.1" 200 231821 "https://thecomputerdoctor.co.nz/wp-includes/wp-koncet.php?p=/home/adaptiv2/juiceelectrical.co.nz/wp-includes" "Mozilla/5.0 (Windows NT 10.0; Win64; x64) AppleWebKit/537.36 (KHTML, like Gecko) Chrome/146.0.0.0 Safari/537.36"
45.79.238.235 - - [31/Mar/2026:13:30:54 +0000] "POST /wp-cron.php?doing_wp_cron=1774963854.9184958934783935546875 HTTP/1.1" 200 - "-" "WordPress/6.9.4; https://thecomputerdoctor.co.nz"
192.0.103.42 - - [31/Mar/2026:13:30:53 +0000] "GET / HTTP/1.1" 200 311108 "-" "jetmon/1.0 (Jetpack Site Uptime Monitor by WordPress.com)"
111.90.182.134 - - [31/Mar/2026:13:31:00 +0000] "POST /wp-includes/wp-koncet.php?a=rename&f=wp-koncet.php&p=/home/adaptiv2/juiceelectrical.co.nz/wp-includes HTTP/1.1" 200 231800 "https://thecomputerdoctor.co.nz/wp-includes/wp-koncet.php?a=rename&f=wp-koncet.php&p=/home/adaptiv2/juiceelectrical.co.nz/wp-includes" "Mozilla/5.0 (Windows NT 10.0; Win64; x64) AppleWebKit/537.36 (KHTML, like Gecko) Chrome/146.0.0.0 Safari/537.36"
45.79.238.235 - - [31/Mar/2026:13:34:29 +0000] "POST /wp-cron.php?doing_wp_cron=1774964069.2609989643096923828125 HTTP/1.1" 200 - "-" "WordPress/6.9.4; https://thecomputerdoctor.co.nz"
66.249.82.12 - - [31/Mar/2026:13:34:27 +0000] "GET /.well-known/traffic-advice HTTP/1.1" 404 208178 "-" "Chrome Privacy Preserving Prefetch Proxy"
45.79.238.235 - - [31/Mar/2026:13:34:36 +0000] "POST /wp-cron.php?doing_wp_cron=1774964076.7422099113464355468750 HTTP/1.1" 200 - "-" "WordPress/6.9.4; https://thecomputerdoctor.co.nz"
136.118.2.97 - - [31/Mar/2026:13:34:35 +0000] "GET / HTTP/1.1" 200 311108 "-" "Mozilla/5.0 (Windows NT 10.0; Win64; x64) AppleWebKit/537.36 (KHTML, like Gecko) Chrome/78.0.3904.108 Safari/537.36"
2001:4860:7:810::e8 - - [31/Mar/2026:13:34:38 +0000] "GET /?p=3924 HTTP/1.1" 301 - "https://www.google.com/" "Mozilla/5.0 (Windows NT 10.0; Win64; x64) AppleWebKit/537.36 (KHTML, like Gecko) Chrome/146.0.0.0 Safari/537.36"
2001:4860:7:810::e8 - - [31/Mar/2026:13:34:40 +0000] "GET /2026/02/25/craps-nz-to-znaczy/ HTTP/1.1" 200 217104 "https://www.google.com/" "Mozilla/5.0 (Windows NT 10.0; Win64; x64) AppleWebKit/537.36 (KHTML, like Gecko) Chrome/146.0.0.0 Safari/537.36"
136.118.2.97 - - [31/Mar/2026:13:34:45 +0000] "GET //wp-includes/wlwmanifest.xml HTTP/1.1" 403 4170 "-" "Mozilla/5.0 (Windows NT 10.0; Win64; x64) AppleWebKit/537.36 (KHTML, like Gecko) Chrome/78.0.3904.108 Safari/537.36"
136.118.2.97 - - [31/Mar/2026:13:34:46 +0000] "GET / HTTP/1.1" 200 311108 "-" "Mozilla/5.0 (Windows NT 10.0; Win64; x64) AppleWebKit/537.36 (KHTML, like Gecko) Chrome/78.0.3904.108 Safari/537.36"
136.118.2.97 - - [31/Mar/2026:13:34:53 +0000] "GET //?author=1 HTTP/1.1" 301 - "-" "Mozilla/5.0 (Windows NT 10.0; Win64; x64) AppleWebKit/537.36 (KHTML, like Gecko) Chrome/78.0.3904.108 Safari/537.36"
136.118.2.97 - - [31/Mar/2026:13:34:54 +0000] "GET //?author=2 HTTP/1.1" 301 - "-" "Mozilla/5.0 (Windows NT 10.0; Win64; x64) AppleWebKit/537.36 (KHTML, like Gecko) Chrome/78.0.3904.108 Safari/537.36"
45.79.238.235 - - [31/Mar/2026:13:35:21 +0000] "POST /wp-cron.php?doing_wp_cron=1774964121.1066939830780029296875 HTTP/1.1" 200 - "-" "WordPress/6.9.4; https://thecomputerdoctor.co.nz"
122.2.97.156 - - [31/Mar/2026:13:35:20 +0000] "GET /my-account HTTP/1.1" 301 - "https://thecomputerdoctor.co.nz/my-account/" "Mozilla/5.0 (X11; Ubuntu; Linux x86_64) AppleWebKit/537.36 (KHTML, like Gecko) Chrome/84.0.4147.105 Safari/537.36"
122.2.97.156 - - [31/Mar/2026:13:35:21 +0000] "GET /my-account/ HTTP/1.1" 200 230655 "https://thecomputerdoctor.co.nz/my-account/" "Mozilla/5.0 (X11; Ubuntu; Linux x86_64) AppleWebKit/537.36 (KHTML, like Gecko) Chrome/84.0.4147.105 Safari/537.36"
122.2.97.156 - - [31/Mar/2026:13:35:29 +0000] "POST /my-account HTTP/1.1" 200 230673 "https://thecomputerdoctor.co.nz/my-account/" "Mozilla/5.0 (X11; Ubuntu; Linux x86_64) AppleWebKit/537.36 (KHTML, like Gecko) Chrome/84.0.4147.105 Safari/537.36"
45.79.238.235 - - [31/Mar/2026:13:35:34 +0000] "POST /wp-cron.php?doing_wp_cron=1774964134.8165419101715087890625 HTTP/1.1" 200 - "-" "WordPress/6.9.4; https://thecomputerdoctor.co.nz"
122.2.97.156 - - [31/Mar/2026:13:35:33 +0000] "GET /my-account/payment-methods/ HTTP/1.1" 200 298408 "https://thecomputerdoctor.co.nz/my-account/" "Mozilla/5.0 (X11; Ubuntu; Linux x86_64) AppleWebKit/537.36 (KHTML, like Gecko) Chrome/84.0.4147.105 Safari/537.36"
122.2.97.156 - - [31/Mar/2026:13:35:36 +0000] "GET /my-account/add-payment-method/ HTTP/1.1" 200 298420 "https://thecomputerdoctor.co.nz/my-account/payment-methods/" "Mozilla/5.0 (X11; Ubuntu; Linux x86_64) AppleWebKit/537.36 (KHTML, like Gecko) Chrome/84.0.4147.105 Safari/537.36"
122.2.97.156 - - [31/Mar/2026:13:35:42 +0000] "POST /?wc-ajax=wc_stripe_create_and_confirm_setup_intent HTTP/1.1" 200 72 "https://thecomputerdoctor.co.nz/my-account/add-payment-method" "Mozilla/5.0 (Windows NT 6.3; WOW64) AppleWebKit/537.36 (KHTML, like Gecko) Chrome/86.0.4240.96 Safari/537.36"
192.0.103.42 - - [31/Mar/2026:13:35:54 +0000] "GET / HTTP/1.1" 200 311108 "-" "jetmon/1.0 (Jetpack Site Uptime Monitor by WordPress.com)"
66.249.64.105 - - [31/Mar/2026:13:37:40 +0000] "GET /products/detail/199765919 HTTP/1.1" 200 188078 "-" "Mozilla/5.0 (Linux; Android 6.0.1; Nexus 5X Build/MMB29P) AppleWebKit/537.36 (KHTML, like Gecko) Chrome/146.0.7680.153 Mobile Safari/537.36 (compatible; Googlebot/2.1; +http://www.google.com/bot.html)"
43.157.38.228 - - [31/Mar/2026:13:40:18 +0000] "GET / HTTP/1.1" 301 - "http://www.thecomputerdoctor.co.nz" "Mozilla/5.0 (iPhone; CPU iPhone OS 13_2_3 like Mac OS X) AppleWebKit/605.1.15 (KHTML, like Gecko) Version/13.0.3 Mobile/15E148 Safari/604.1"
45.79.238.235 - - [31/Mar/2026:13:40:20 +0000] "POST /wp-cron.php?doing_wp_cron=1774964420.8967909812927246093750 HTTP/1.1" 200 - "-" "WordPress/6.9.4; https://thecomputerdoctor.co.nz"
43.157.38.228 - - [31/Mar/2026:13:40:19 +0000] "GET / HTTP/1.1" 200 311131 "https://www.thecomputerdoctor.co.nz/" "Mozilla/5.0 (iPhone; CPU iPhone OS 13_2_3 like Mac OS X) AppleWebKit/605.1.15 (KHTML, like Gecko) Version/13.0.3 Mobile/15E148 Safari/604.1"
141.98.11.44 - - [31/Mar/2026:13:40:58 +0000] "GET /wp-includes/sodium_compat/src/Core/SecretStream//State.php HTTP/1.1" 403 4170 "-" "Mozilla/5.0 (Windows NT 10.0; Win64; x64) AppleWebKit/537.36"
45.79.238.235 - - [31/Mar/2026:13:40:59 +0000] "POST /wp-cron.php?doing_wp_cron=1774964459.6374249458312988281250 HTTP/1.1" 200 - "-" "WordPress/6.9.4; https://thecomputerdoctor.co.nz"
192.0.103.42 - - [31/Mar/2026:13:40:58 +0000] "GET / HTTP/1.1" 200 311108 "-" "jetmon/1.0 (Jetpack Site Uptime Monitor by WordPress.com)"
66.249.64.105 - - [31/Mar/2026:13:41:41 +0000] "GET /products/detail/162802919 HTTP/1.1" 200 200025 "-" "Mozilla/5.0 (Linux; Android 6.0.1; Nexus 5X Build/MMB29P) AppleWebKit/537.36 (KHTML, like Gecko) Chrome/146.0.7680.153 Mobile Safari/537.36 (compatible; Googlebot/2.1; +http://www.google.com/bot.html)"
140.213.149.248 - - [31/Mar/2026:13:41:54 +0000] "GET /business-it/ HTTP/1.1" 200 615858 "https://www.google.com/" "Mozilla/5.0 (Linux; Android 10; K) AppleWebKit/537.36 (KHTML, like Gecko) Chrome/138.0.0.0 Mobile Safari/537.36"
45.79.238.235 - - [31/Mar/2026:13:42:19 +0000] "POST /wp-cron.php?doing_wp_cron=1774964539.0600039958953857421875 HTTP/1.1" 200 - "-" "WordPress/6.9.4; https://thecomputerdoctor.co.nz"
113.191.217.94 - - [31/Mar/2026:13:42:17 +0000] "GET /laptop-pc-sales/ HTTP/1.1" 200 245436 "-" "Opera/9.54.(X11; Linux i686; bem-ZM) Presto/2.9.166 Version/11.00"
45.79.238.235 - - [31/Mar/2026:13:42:45 +0000] "POST /wp-cron.php?doing_wp_cron=1774964565.3029339313507080078125 HTTP/1.1" 200 - "-" "WordPress/6.9.4; https://thecomputerdoctor.co.nz"
103.123.169.169 - - [31/Mar/2026:13:42:44 +0000] "GET /?p=3305 HTTP/1.1" 301 - "https://thecomputerdoctor.co.nz/" "Mozilla/5.0 (Windows NT 10.0; Win64; x64) AppleWebKit/537.36 (KHTML, like Gecko) Chrome/134.0.0.0 Safari/537.36 Edg/134.0.0.0"
38.92.20.14 - - [31/Mar/2026:13:42:47 +0000] "GET /2026/02/25/olg-casino-australia/ HTTP/1.1" 200 218770 "https://thecomputerdoctor.co.nz/" "Mozilla/5.0 (Windows NT 10.0; Win64; x64) AppleWebKit/537.36 (KHTML, like Gecko) Chrome/134.0.0.0 Safari/537.36 Edg/134.0.0.0"
45.78.227.232 - - [31/Mar/2026:13:43:07 +0000] "GET /product/promate-9-in-1-usb-multi-port-hub-with-usb-c-connector-includes-100w/?add-to-cart=1963 HTTP/1.1" 200 348442 "-" "Mozilla/5.0 (iPhone; CPU iPhone OS 17_0 like Mac OS X) AppleWebKit/605.1.15 (KHTML, like Gecko) Version/17.0 Mobile/15E148 Safari/184.1"
45.79.238.235 - - [31/Mar/2026:13:43:42 +0000] "POST /wp-cron.php?doing_wp_cron=1774964622.4252541065216064453125 HTTP/1.1" 200 - "-" "WordPress/6.9.4; https://thecomputerdoctor.co.nz"
122.2.97.156 - - [31/Mar/2026:13:43:41 +0000] "GET /my-account HTTP/1.1" 301 - "https://thecomputerdoctor.co.nz/my-account/" "Mozilla/5.0 (Macintosh; Intel Mac OS X 10.8; rv:46.0) Gecko/20100101 Firefox/46.0"
122.2.97.156 - - [31/Mar/2026:13:43:42 +0000] "GET /my-account/ HTTP/1.1" 200 230655 "https://thecomputerdoctor.co.nz/my-account/" "Mozilla/5.0 (Macintosh; Intel Mac OS X 10.8; rv:46.0) Gecko/20100101 Firefox/46.0"
122.2.97.156 - - [31/Mar/2026:13:43:50 +0000] "POST /my-account HTTP/1.1" 200 230678 "https://thecomputerdoctor.co.nz/my-account/" "Mozilla/5.0 (Macintosh; Intel Mac OS X 10.8; rv:46.0) Gecko/20100101 Firefox/46.0"
122.2.97.156 - - [31/Mar/2026:13:43:53 +0000] "GET /my-account/payment-methods/ HTTP/1.1" 200 298408 "https://thecomputerdoctor.co.nz/my-account/" "Mozilla/5.0 (Macintosh; Intel Mac OS X 10.8; rv:46.0) Gecko/20100101 Firefox/46.0"
122.2.97.156 - - [31/Mar/2026:13:43:55 +0000] "GET /my-account/add-payment-method/ HTTP/1.1" 200 298420 "https://thecomputerdoctor.co.nz/my-account/payment-methods/" "Mozilla/5.0 (Macintosh; Intel Mac OS X 10.8; rv:46.0) Gecko/20100101 Firefox/46.0"
122.2.97.156 - - [31/Mar/2026:13:44:03 +0000] "POST /?wc-ajax=wc_stripe_create_and_confirm_setup_intent HTTP/1.1" 200 72 "https://thecomputerdoctor.co.nz/my-account/add-payment-method" "Mozilla/5.0 (Windows NT 6.2) AppleWebKit/537.36 (KHTML, like Gecko) Chrome/86.0.4240.185 Safari/537.36"
45.79.238.235 - - [31/Mar/2026:13:44:09 +0000] "POST /wp-cron.php?doing_wp_cron=1774964649.8051500320434570312500 HTTP/1.1" 200 - "-" "WordPress/6.9.4; https://thecomputerdoctor.co.nz"
122.2.97.156 - - [31/Mar/2026:13:44:09 +0000] "GET /my-account HTTP/1.1" 301 - "https://thecomputerdoctor.co.nz/my-account/" "Mozilla/5.0 (Windows NT 6.2) AppleWebKit/537.36 (KHTML, like Gecko) Chrome/83.0.4103.96 Safari/537.36"
122.2.97.156 - - [31/Mar/2026:13:44:12 +0000] "GET /my-account/ HTTP/1.1" 200 230655 "https://thecomputerdoctor.co.nz/my-account/" "Mozilla/5.0 (Windows NT 6.2) AppleWebKit/537.36 (KHTML, like Gecko) Chrome/83.0.4103.96 Safari/537.36"
122.2.97.156 - - [31/Mar/2026:13:44:17 +0000] "POST /my-account HTTP/1.1" 200 230673 "https://thecomputerdoctor.co.nz/my-account/" "Mozilla/5.0 (Windows NT 6.2) AppleWebKit/537.36 (KHTML, like Gecko) Chrome/83.0.4103.96 Safari/537.36"
122.2.97.156 - - [31/Mar/2026:13:44:20 +0000] "GET /my-account/payment-methods/ HTTP/1.1" 200 298408 "https://thecomputerdoctor.co.nz/my-account/" "Mozilla/5.0 (Windows NT 6.2) AppleWebKit/537.36 (KHTML, like Gecko) Chrome/83.0.4103.96 Safari/537.36"
122.2.97.156 - - [31/Mar/2026:13:44:25 +0000] "GET /my-account/add-payment-method/ HTTP/1.1" 200 298420 "https://thecomputerdoctor.co.nz/my-account/payment-methods/" "Mozilla/5.0 (Windows NT 6.2) AppleWebKit/537.36 (KHTML, like Gecko) Chrome/83.0.4103.96 Safari/537.36"
45.79.238.235 - - [31/Mar/2026:13:44:34 +0000] "POST /wp-cron.php?doing_wp_cron=1774964674.7777709960937500000000 HTTP/1.1" 200 - "-" "WordPress/6.9.4; https://thecomputerdoctor.co.nz"
122.2.97.156 - - [31/Mar/2026:13:44:32 +0000] "POST /?wc-ajax=wc_stripe_create_and_confirm_setup_intent HTTP/1.1" 200 72 "https://thecomputerdoctor.co.nz/my-account/add-payment-method" "Mozilla/5.0 (Macintosh; Intel Mac OS X 10.9; rv:51.0) Gecko/20100101 Firefox/51.0"
45.79.238.235 - - [31/Mar/2026:13:45:40 +0000] "POST /wp-cron.php?doing_wp_cron=1774964740.8063790798187255859375 HTTP/1.1" 200 - "-" "WordPress/6.9.4; https://thecomputerdoctor.co.nz"
188.72.40.112 - - [31/Mar/2026:13:45:39 +0000] "GET /?page_id=3 HTTP/1.1" 404 208178 "-" "Mozilla/5.0 (Macintosh; Intel Mac OS X 10_15_7) AppleWebKit/537.36 (KHTML, like Gecko) Chrome/93.0.4577.63 Safari/537.36"
192.0.103.42 - - [31/Mar/2026:13:45:53 +0000] "GET / HTTP/1.1" 200 311108 "-" "jetmon/1.0 (Jetpack Site Uptime Monitor by WordPress.com)"
45.79.238.235 - - [31/Mar/2026:13:48:36 +0000] "POST /wp-cron.php?doing_wp_cron=1774964916.2238769531250000000000 HTTP/1.1" 200 - "-" "WordPress/6.9.4; https://thecomputerdoctor.co.nz"
14.239.213.74 - - [31/Mar/2026:13:48:34 +0000] "GET /product-category/uncategorised/page/6/ HTTP/1.1" 200 274385 "-" "Mozilla/5.0 (Windows NT 6.3) AppleWebKit/537.36 (KHTML, like Gecko) Chrome/94.0.4606.61 Safari/537.36"
2001:4860:7:80c::e - - [31/Mar/2026:13:49:50 +0000] "GET /pc-repair/ HTTP/1.1" 200 137555 "https://www.google.com/" "Mozilla/5.0 (Windows NT 10.0; Win64; x64) AppleWebKit/537.36 (KHTML, like Gecko) Chrome/145.0.0.0 Safari/537.36"
45.79.238.235 - - [31/Mar/2026:13:50:15 +0000] "POST /wp-cron.php?doing_wp_cron=1774965015.5704441070556640625000 HTTP/1.1" 200 - "-" "WordPress/6.9.4; https://thecomputerdoctor.co.nz"
3.83.70.191 - - [31/Mar/2026:13:50:14 +0000] "GET /product/unitek-70w-desktop-gan-charging-station-with-2x-usb-c-pd-ports-2x/ HTTP/1.1" 200 334626 "-" "Mozilla/5.0 AppleWebKit/605.1.15 (KHTML, like Gecko) Chrome/139.0.0.0 Safari/605.1.15"
45.79.238.235 - - [31/Mar/2026:13:50:55 +0000] "POST /wp-cron.php?doing_wp_cron=1774965055.1996700763702392578125 HTTP/1.1" 200 - "-" "WordPress/6.9.4; https://thecomputerdoctor.co.nz"
192.0.103.42 - - [31/Mar/2026:13:50:53 +0000] "GET / HTTP/1.1" 200 311108 "-" "jetmon/1.0 (Jetpack Site Uptime Monitor by WordPress.com)"
45.79.238.235 - - [31/Mar/2026:13:51:12 +0000] "POST /wp-cron.php?doing_wp_cron=1774965072.0739510059356689453125 HTTP/1.1" 200 - "-" "WordPress/6.9.4; https://thecomputerdoctor.co.nz"
45.79.238.235 - - [31/Mar/2026:13:51:12 +0000] "POST /wp-cron.php?doing_wp_cron=1774965072.4609270095825195312500 HTTP/1.1" 200 - "-" "WordPress/6.9.4; https://thecomputerdoctor.co.nz"
103.109.239.69 - - [31/Mar/2026:13:51:11 +0000] "GET /2026/02/25/how-to-crack-no-registration-pokies/ HTTP/1.1" 200 219166 "https://thecomputerdoctor.co.nz/" "Mozilla/5.0 (Windows NT 10.0; Win64; x64) AppleWebKit/537.36 (KHTML, like Gecko) Chrome/134.0.0.0 Safari/537.36 Edg/134.0.0.0"
2001:4860:7:506::ec - - [31/Mar/2026:13:51:48 +0000] "GET /business-it/ HTTP/1.1" 200 615858 "https://www.google.com/" "Mozilla/5.0 (Linux; Android 10; K) AppleWebKit/537.36 (KHTML, like Gecko) Chrome/146.0.0.0 Safari/537.36"
45.79.238.235 - - [31/Mar/2026:13:55:39 +0000] "POST /wp-cron.php?doing_wp_cron=1774965339.4673318862915039062500 HTTP/1.1" 200 - "-" "WordPress/6.9.4; https://thecomputerdoctor.co.nz"
111.90.182.134 - - [31/Mar/2026:13:55:38 +0000] "GET /?p=3924 HTTP/1.1" 301 - "https://www.google.com/" "Mozilla/5.0 (Windows NT 10.0; Win64; x64) AppleWebKit/537.36 (KHTML, like Gecko) Chrome/146.0.0.0 Safari/537.36"
66.249.64.106 - - [31/Mar/2026:13:55:41 +0000] "GET /wp-content/uploads/2024/04/1295054_dynamix-2m-hdmi-10gbs-slimline-high-speed-cable-with-ethernet.jpg HTTP/1.1" 200 116816 "-" "Googlebot-Image/1.0"
111.90.182.134 - - [31/Mar/2026:13:55:41 +0000] "GET /home HTTP/1.1" 301 - "https://www.google.com/" "Mozilla/5.0 (Windows NT 10.0; Win64; x64) AppleWebKit/537.36 (KHTML, like Gecko) Chrome/146.0.0.0 Safari/537.36"
111.90.182.134 - - [31/Mar/2026:13:55:42 +0000] "GET / HTTP/1.1" 200 311108 "https://www.google.com/" "Mozilla/5.0 (Windows NT 10.0; Win64; x64) AppleWebKit/537.36 (KHTML, like Gecko) Chrome/146.0.0.0 Safari/537.36"
111.90.182.134 - - [31/Mar/2026:13:55:45 +0000] "GET /wp-content/uploads/2021/07/about-us11.png HTTP/1.1" 200 107806 "https://thecomputerdoctor.co.nz/" "Mozilla/5.0 (Windows NT 10.0; Win64; x64) AppleWebKit/537.36 (KHTML, like Gecko) Chrome/146.0.0.0 Safari/537.36"
111.90.182.134 - - [31/Mar/2026:13:55:45 +0000] "GET /wp-content/uploads/2024/04/image-150x150.png HTTP/1.1" 200 4252 "https://thecomputerdoctor.co.nz/" "Mozilla/5.0 (Windows NT 10.0; Win64; x64) AppleWebKit/537.36 (KHTML, like Gecko) Chrome/146.0.0.0 Safari/537.36"
111.90.182.134 - - [31/Mar/2026:13:55:46 +0000] "GET /wp-content/uploads/2024/03/BYD-Image-Final2-LR.jpg HTTP/1.1" 200 755844 "https://thecomputerdoctor.co.nz/wp-content/uploads/elementor/css/post-883.css?ver=1759203008" "Mozilla/5.0 (Windows NT 10.0; Win64; x64) AppleWebKit/537.36 (KHTML, like Gecko) Chrome/146.0.0.0 Safari/537.36"
111.90.182.134 - - [31/Mar/2026:13:55:46 +0000] "GET /wp-content/plugins/elementor/assets/lib/font-awesome/webfonts/fa-solid-900.woff2 HTTP/1.1" 200 78196 "https://thecomputerdoctor.co.nz/wp-content/plugins/elementor/assets/lib/font-awesome/css/all.min.css?ver=3.21.0" "Mozilla/5.0 (Windows NT 10.0; Win64; x64) AppleWebKit/537.36 (KHTML, like Gecko) Chrome/146.0.0.0 Safari/537.36"
111.90.182.134 - - [31/Mar/2026:13:55:45 +0000] "GET /home HTTP/1.1" 301 - "-" "Mozilla/5.0 (Windows NT 10.0; Win64; x64) AppleWebKit/537.36 (KHTML, like Gecko) Chrome/146.0.0.0 Safari/537.36"
111.90.182.134 - - [31/Mar/2026:13:55:46 +0000] "GET / HTTP/1.1" 200 311108 "-" "Mozilla/5.0 (Windows NT 10.0; Win64; x64) AppleWebKit/537.36 (KHTML, like Gecko) Chrome/146.0.0.0 Safari/537.36"
111.90.182.134 - - [31/Mar/2026:13:55:48 +0000] "POST /?wc-ajax=get_refreshed_fragments HTTP/1.1" 200 6551 "https://thecomputerdoctor.co.nz/" "Mozilla/5.0 (Windows NT 10.0; Win64; x64) AppleWebKit/537.36 (KHTML, like Gecko) Chrome/146.0.0.0 Safari/537.36"
111.90.182.134 - - [31/Mar/2026:13:55:49 +0000] "POST /?wc-ajax=get_refreshed_fragments HTTP/1.1" 200 6551 "https://thecomputerdoctor.co.nz/" "Mozilla/5.0 (Windows NT 10.0; Win64; x64) AppleWebKit/537.36 (KHTML, like Gecko) Chrome/146.0.0.0 Safari/537.36"
192.0.103.42 - - [31/Mar/2026:13:55:51 +0000] "GET / HTTP/1.1" 200 311108 "-" "jetmon/1.0 (Jetpack Site Uptime Monitor by WordPress.com)"
111.90.182.134 - - [31/Mar/2026:13:56:08 +0000] "GET /?p=3412 HTTP/1.1" 301 - "https://www.google.com/" "Mozilla/5.0 (Windows NT 10.0; Win64; x64) AppleWebKit/537.36 (KHTML, like Gecko) Chrome/146.0.0.0 Safari/537.36"
111.90.182.134 - - [31/Mar/2026:13:56:10 +0000] "GET /2026/02/25/new-zealand-online-casino-min-deposit-10/ HTTP/1.1" 200 218332 "https://www.google.com/" "Mozilla/5.0 (Windows NT 10.0; Win64; x64) AppleWebKit/537.36 (KHTML, like Gecko) Chrome/146.0.0.0 Safari/537.36"
111.90.182.134 - - [31/Mar/2026:13:56:13 +0000] "GET /?p=3263 HTTP/1.1" 301 - "https://www.google.com/" "Mozilla/5.0 (Windows NT 10.0; Win64; x64) AppleWebKit/537.36 (KHTML, like Gecko) Chrome/146.0.0.0 Safari/537.36"
111.90.182.134 - - [31/Mar/2026:13:56:14 +0000] "GET /2026/02/25/can-you-win-money-on-online-pokies/ HTTP/1.1" 200 218234 "https://www.google.com/" "Mozilla/5.0 (Windows NT 10.0; Win64; x64) AppleWebKit/537.36 (KHTML, like Gecko) Chrome/146.0.0.0 Safari/537.36"
111.90.182.134 - - [31/Mar/2026:13:56:16 +0000] "GET /?p=3040 HTTP/1.1" 301 - "https://www.google.com/" "Mozilla/5.0 (Windows NT 10.0; Win64; x64) AppleWebKit/537.36 (KHTML, like Gecko) Chrome/146.0.0.0 Safari/537.36"
111.90.182.134 - - [31/Mar/2026:13:56:24 +0000] "GET /?p=4534 HTTP/1.1" 301 - "https://www.google.com/" "Mozilla/5.0 (Windows NT 10.0; Win64; x64) AppleWebKit/537.36 (KHTML, like Gecko) Chrome/146.0.0.0 Safari/537.36"
111.90.182.134 - - [31/Mar/2026:13:56:25 +0000] "GET /2026/02/25/are-pokies-illegal-in-new-zealand/ HTTP/1.1" 200 218747 "https://www.google.com/" "Mozilla/5.0 (Windows NT 10.0; Win64; x64) AppleWebKit/537.36 (KHTML, like Gecko) Chrome/146.0.0.0 Safari/537.36"
111.90.182.134 - - [31/Mar/2026:13:56:27 +0000] "GET /?p=5515 HTTP/1.1" 301 - "https://www.google.com/" "Mozilla/5.0 (Windows NT 10.0; Win64; x64) AppleWebKit/537.36 (KHTML, like Gecko) Chrome/146.0.0.0 Safari/537.36"
111.90.182.134 - - [31/Mar/2026:13:56:28 +0000] "GET /2026/02/25/can-you-win-at-pokies-for-real-money/ HTTP/1.1" 200 218496 "https://www.google.com/" "Mozilla/5.0 (Windows NT 10.0; Win64; x64) AppleWebKit/537.36 (KHTML, like Gecko) Chrome/146.0.0.0 Safari/537.36"
111.90.182.134 - - [31/Mar/2026:13:56:30 +0000] "GET /?p=5109 HTTP/1.1" 301 - "https://www.google.com/" "Mozilla/5.0 (Windows NT 10.0; Win64; x64) AppleWebKit/537.36 (KHTML, like Gecko) Chrome/146.0.0.0 Safari/537.36"
45.79.238.235 - - [31/Mar/2026:13:56:33 +0000] "POST /wp-cron.php?doing_wp_cron=1774965393.2338159084320068359375 HTTP/1.1" 200 - "-" "WordPress/6.9.4; https://thecomputerdoctor.co.nz"
111.90.182.134 - - [31/Mar/2026:13:56:31 +0000] "GET /2026/02/25/best-paying-online-pokies/ HTTP/1.1" 200 218170 "https://www.google.com/" "Mozilla/5.0 (Windows NT 10.0; Win64; x64) AppleWebKit/537.36 (KHTML, like Gecko) Chrome/146.0.0.0 Safari/537.36"
111.90.182.134 - - [31/Mar/2026:13:56:34 +0000] "GET /?p=2784 HTTP/1.1" 301 - "https://www.google.com/" "Mozilla/5.0 (Windows NT 10.0; Win64; x64) AppleWebKit/537.36 (KHTML, like Gecko) Chrome/146.0.0.0 Safari/537.36"
111.90.182.134 - - [31/Mar/2026:13:56:35 +0000] "GET /2026/02/25/best-online-casino-welcome-bonus-new-zealand/ HTTP/1.1" 200 218923 "https://www.google.com/" "Mozilla/5.0 (Windows NT 10.0; Win64; x64) AppleWebKit/537.36 (KHTML, like Gecko) Chrome/146.0.0.0 Safari/537.36"
111.90.182.134 - - [31/Mar/2026:13:56:37 +0000] "GET /?p=3071 HTTP/1.1" 301 - "https://www.google.com/" "Mozilla/5.0 (Windows NT 10.0; Win64; x64) AppleWebKit/537.36 (KHTML, like Gecko) Chrome/146.0.0.0 Safari/537.36"
111.90.182.134 - - [31/Mar/2026:13:56:38 +0000] "GET /2026/02/25/online-casino-bonus-nz/ HTTP/1.1" 200 218120 "https://www.google.com/" "Mozilla/5.0 (Windows NT 10.0; Win64; x64) AppleWebKit/537.36 (KHTML, like Gecko) Chrome/146.0.0.0 Safari/537.36"
111.90.182.134 - - [31/Mar/2026:13:56:41 +0000] "GET /?p=5288 HTTP/1.1" 301 - "https://www.google.com/" "Mozilla/5.0 (Windows NT 10.0; Win64; x64) AppleWebKit/537.36 (KHTML, like Gecko) Chrome/146.0.0.0 Safari/537.36"
111.90.182.134 - - [31/Mar/2026:13:56:43 +0000] "GET /2026/02/25/best-pokies-to-play-on-heart-of-vegas/ HTTP/1.1" 200 218677 "https://www.google.com/" "Mozilla/5.0 (Windows NT 10.0; Win64; x64) AppleWebKit/537.36 (KHTML, like Gecko) Chrome/146.0.0.0 Safari/537.36"
111.90.182.134 - - [31/Mar/2026:13:56:44 +0000] "GET /shop/page/3/ HTTP/1.1" 200 288056 "https://www.google.com/" "Mozilla/5.0 (Windows NT 10.0; Win64; x64) AppleWebKit/537.36 (KHTML, like Gecko) Chrome/146.0.0.0 Safari/537.36"
111.90.182.134 - - [31/Mar/2026:13:56:47 +0000] "GET /wp-content/uploads/2024/08/1410289_BOOM-10-RED__boom10red_550-300x300.jpg HTTP/1.1" 200 3771 "https://thecomputerdoctor.co.nz/shop/page/3/" "Mozilla/5.0 (Windows NT 10.0; Win64; x64) AppleWebKit/537.36 (KHTML, like Gecko) Chrome/146.0.0.0 Safari/537.36"
111.90.182.134 - - [31/Mar/2026:13:56:47 +0000] "GET /wp-content/uploads/2024/08/23771-2314257.png HTTP/1.1" 200 30195 "https://thecomputerdoctor.co.nz/shop/page/3/" "Mozilla/5.0 (Windows NT 10.0; Win64; x64) AppleWebKit/537.36 (KHTML, like Gecko) Chrome/146.0.0.0 Safari/537.36"
111.90.182.134 - - [31/Mar/2026:13:56:47 +0000] "GET /wp-content/uploads/2024/08/23770-1714257.png HTTP/1.1" 200 30195 "https://thecomputerdoctor.co.nz/shop/page/3/" "Mozilla/5.0 (Windows NT 10.0; Win64; x64) AppleWebKit/537.36 (KHTML, like Gecko) Chrome/146.0.0.0 Safari/537.36"
111.90.182.134 - - [31/Mar/2026:13:56:47 +0000] "GET /wp-content/uploads/2024/05/1382739_C14103BK-1.5M__c14103bk_550-300x300.jpg HTTP/1.1" 200 7436 "https://thecomputerdoctor.co.nz/shop/page/3/" "Mozilla/5.0 (Windows NT 10.0; Win64; x64) AppleWebKit/537.36 (KHTML, like Gecko) Chrome/146.0.0.0 Safari/537.36"
111.90.182.134 - - [31/Mar/2026:13:56:47 +0000] "GET /wp-content/uploads/2024/08/25937-3214245.png HTTP/1.1" 200 41898 "https://thecomputerdoctor.co.nz/shop/page/3/" "Mozilla/5.0 (Windows NT 10.0; Win64; x64) AppleWebKit/537.36 (KHTML, like Gecko) Chrome/146.0.0.0 Safari/537.36"
111.90.182.134 - - [31/Mar/2026:13:56:47 +0000] "GET /wp-content/uploads/2024/08/25696-3815105.png HTTP/1.1" 200 25935 "https://thecomputerdoctor.co.nz/shop/page/3/" "Mozilla/5.0 (Windows NT 10.0; Win64; x64) AppleWebKit/537.36 (KHTML, like Gecko) Chrome/146.0.0.0 Safari/537.36"
111.90.182.134 - - [31/Mar/2026:13:56:47 +0000] "GET /wp-content/uploads/2024/08/1416606_D1109A__d1109a_550-300x300.png HTTP/1.1" 200 50969 "https://thecomputerdoctor.co.nz/shop/page/3/" "Mozilla/5.0 (Windows NT 10.0; Win64; x64) AppleWebKit/537.36 (KHTML, like Gecko) Chrome/146.0.0.0 Safari/537.36"
111.90.182.134 - - [31/Mar/2026:13:56:47 +0000] "GET /wp-content/uploads/2024/07/1415736_R1010A__R1010A_550-300x300.jpg HTTP/1.1" 200 9973 "https://thecomputerdoctor.co.nz/shop/page/3/" "Mozilla/5.0 (Windows NT 10.0; Win64; x64) AppleWebKit/537.36 (KHTML, like Gecko) Chrome/146.0.0.0 Safari/537.36"
111.90.182.134 - - [31/Mar/2026:13:56:47 +0000] "GET /wp-content/uploads/2024/08/1418723_EB5__eb5-300x300.png HTTP/1.1" 200 32027 "https://thecomputerdoctor.co.nz/shop/page/3/" "Mozilla/5.0 (Windows NT 10.0; Win64; x64) AppleWebKit/537.36 (KHTML, like Gecko) Chrome/146.0.0.0 Safari/537.36"
111.90.182.134 - - [31/Mar/2026:13:56:47 +0000] "GET /wp-content/uploads/2024/05/23778-1415257.png HTTP/1.1" 200 83113 "https://thecomputerdoctor.co.nz/shop/page/3/" "Mozilla/5.0 (Windows NT 10.0; Win64; x64) AppleWebKit/537.36 (KHTML, like Gecko) Chrome/146.0.0.0 Safari/537.36"
111.90.182.134 - - [31/Mar/2026:13:56:47 +0000] "GET /wp-content/uploads/2024/07/1412681_UNIGLIDE.BLK__uniglideblk_550-300x300.jpg HTTP/1.1" 200 6432 "https://thecomputerdoctor.co.nz/shop/page/3/" "Mozilla/5.0 (Windows NT 10.0; Win64; x64) AppleWebKit/537.36 (KHTML, like Gecko) Chrome/146.0.0.0 Safari/537.36"
111.90.182.134 - - [31/Mar/2026:13:56:48 +0000] "GET /wp-content/uploads/2024/07/1415802_TRANSHUB-LITE__transhublite_550-300x300.jpg HTTP/1.1" 200 13600 "https://thecomputerdoctor.co.nz/shop/page/3/" "Mozilla/5.0 (Windows NT 10.0; Win64; x64) AppleWebKit/537.36 (KHTML, like Gecko) Chrome/146.0.0.0 Safari/537.36"
111.90.182.134 - - [31/Mar/2026:13:56:47 +0000] "POST /?wc-ajax=get_refreshed_fragments HTTP/1.1" 200 6551 "https://thecomputerdoctor.co.nz/shop/page/3/" "Mozilla/5.0 (Windows NT 10.0; Win64; x64) AppleWebKit/537.36 (KHTML, like Gecko) Chrome/146.0.0.0 Safari/537.36"
111.90.182.134 - - [31/Mar/2026:13:57:11 +0000] "GET /wp-admin/helper.php?p= HTTP/1.1" 200 4398 "https://thecomputerdoctor.co.nz/wp-admin/helper.php?p=wp-includes" "Mozilla/5.0 (Windows NT 10.0; Win64; x64) AppleWebKit/537.36 (KHTML, like Gecko) Chrome/146.0.0.0 Safari/537.36"
111.90.182.134 - - [31/Mar/2026:13:57:36 +0000] "POST /wp-admin/helper.php?p= HTTP/1.1" 302 - "https://thecomputerdoctor.co.nz/wp-admin/helper.php?p=" "Mozilla/5.0 (Windows NT 10.0; Win64; x64) AppleWebKit/537.36 (KHTML, like Gecko) Chrome/146.0.0.0 Safari/537.36"
111.90.182.134 - - [31/Mar/2026:13:57:37 +0000] "GET /wp-admin/helper.php HTTP/1.1" 302 - "https://thecomputerdoctor.co.nz/wp-admin/helper.php?p=" "Mozilla/5.0 (Windows NT 10.0; Win64; x64) AppleWebKit/537.36 (KHTML, like Gecko) Chrome/146.0.0.0 Safari/537.36"
111.90.182.134 - - [31/Mar/2026:13:57:37 +0000] "GET /wp-admin/helper.php?p= HTTP/1.1" 200 131459 "https://thecomputerdoctor.co.nz/wp-admin/helper.php?p=" "Mozilla/5.0 (Windows NT 10.0; Win64; x64) AppleWebKit/537.36 (KHTML, like Gecko) Chrome/146.0.0.0 Safari/537.36"
111.90.182.134 - - [31/Mar/2026:13:57:41 +0000] "GET /wp-admin/helper.php?p=shop HTTP/1.1" 200 46290 "https://thecomputerdoctor.co.nz/wp-admin/helper.php?p=" "Mozilla/5.0 (Windows NT 10.0; Win64; x64) AppleWebKit/537.36 (KHTML, like Gecko) Chrome/146.0.0.0 Safari/537.36"
111.90.182.134 - - [31/Mar/2026:13:57:47 +0000] "POST /wp-admin/helper.php?p=shop HTTP/1.1" 302 - "https://thecomputerdoctor.co.nz/wp-admin/helper.php?p=shop" "Mozilla/5.0 (Windows NT 10.0; Win64; x64) AppleWebKit/537.36 (KHTML, like Gecko) Chrome/146.0.0.0 Safari/537.36"
111.90.182.134 - - [31/Mar/2026:13:57:48 +0000] "GET /wp-admin/helper.php?p=shop HTTP/1.1" 200 48185 "https://thecomputerdoctor.co.nz/wp-admin/helper.php?p=shop" "Mozilla/5.0 (Windows NT 10.0; Win64; x64) AppleWebKit/537.36 (KHTML, like Gecko) Chrome/146.0.0.0 Safari/537.36"
111.90.182.134 - - [31/Mar/2026:13:57:50 +0000] "GET /wp-admin/helper.php?p=shop%2Fpage HTTP/1.1" 200 37076 "https://thecomputerdoctor.co.nz/wp-admin/helper.php?p=shop" "Mozilla/5.0 (Windows NT 10.0; Win64; x64) AppleWebKit/537.36 (KHTML, like Gecko) Chrome/146.0.0.0 Safari/537.36"
111.90.182.134 - - [31/Mar/2026:13:57:53 +0000] "POST /wp-admin/helper.php?p=shop%2Fpage HTTP/1.1" 302 - "https://thecomputerdoctor.co.nz/wp-admin/helper.php?p=shop%2Fpage" "Mozilla/5.0 (Windows NT 10.0; Win64; x64) AppleWebKit/537.36 (KHTML, like Gecko) Chrome/146.0.0.0 Safari/537.36"
111.90.182.134 - - [31/Mar/2026:13:57:54 +0000] "GET /wp-admin/helper.php?p=shop%2Fpage HTTP/1.1" 200 39239 "https://thecomputerdoctor.co.nz/wp-admin/helper.php?p=shop%2Fpage" "Mozilla/5.0 (Windows NT 10.0; Win64; x64) AppleWebKit/537.36 (KHTML, like Gecko) Chrome/146.0.0.0 Safari/537.36"
111.90.182.134 - - [31/Mar/2026:13:57:55 +0000] "GET /wp-admin/helper.php?p=shop%2Fpage%2F3 HTTP/1.1" 200 37163 "https://thecomputerdoctor.co.nz/wp-admin/helper.php?p=shop%2Fpage" "Mozilla/5.0 (Windows NT 10.0; Win64; x64) AppleWebKit/537.36 (KHTML, like Gecko) Chrome/146.0.0.0 Safari/537.36"
111.90.182.134 - - [31/Mar/2026:13:57:57 +0000] "GET /wp-admin/helper.php?p= HTTP/1.1" 200 131416 "https://thecomputerdoctor.co.nz/wp-admin/helper.php?p=shop%2Fpage%2F3" "Mozilla/5.0 (Windows NT 10.0; Win64; x64) AppleWebKit/537.36 (KHTML, like Gecko) Chrome/146.0.0.0 Safari/537.36"
111.90.182.134 - - [31/Mar/2026:13:57:58 +0000] "GET /wp-admin/helper.php?p=&upload HTTP/1.1" 200 36433 "https://thecomputerdoctor.co.nz/wp-admin/helper.php?p=" "Mozilla/5.0 (Windows NT 10.0; Win64; x64) AppleWebKit/537.36 (KHTML, like Gecko) Chrome/146.0.0.0 Safari/537.36"
111.90.182.134 - - [31/Mar/2026:13:58:13 +0000] "POST /wp-admin/helper.php?p= HTTP/1.1" 200 52 "https://thecomputerdoctor.co.nz/wp-admin/helper.php?p=&upload" "Mozilla/5.0 (Windows NT 10.0; Win64; x64) AppleWebKit/537.36 (KHTML, like Gecko) Chrome/146.0.0.0 Safari/537.36"
111.90.182.134 - - [31/Mar/2026:13:58:30 +0000] "GET /wp-admin/helper.php?p= HTTP/1.1" 200 133908 "https://thecomputerdoctor.co.nz/wp-admin/helper.php?p=&upload" "Mozilla/5.0 (Windows NT 10.0; Win64; x64) AppleWebKit/537.36 (KHTML, like Gecko) Chrome/146.0.0.0 Safari/537.36"
45.79.238.235 - - [31/Mar/2026:14:00:54 +0000] "POST /wp-cron.php?doing_wp_cron=1774965653.8895859718322753906250 HTTP/1.1" 200 - "-" "WordPress/6.9.4; https://thecomputerdoctor.co.nz"
192.0.103.42 - - [31/Mar/2026:14:00:52 +0000] "GET / HTTP/1.1" 200 311108 "-" "jetmon/1.0 (Jetpack Site Uptime Monitor by WordPress.com)"
66.249.64.107 - - [31/Mar/2026:14:02:42 +0000] "GET /2026/02/25/best-legitimate-real-money-casinos-in-new-zealand/ HTTP/1.1" 200 202867 "-" "Mozilla/5.0 (Linux; Android 6.0.1; Nexus 5X Build/MMB29P) AppleWebKit/537.36 (KHTML, like Gecko) Chrome/146.0.7680.153 Mobile Safari/537.36 (compatible; Googlebot/2.1; +http://www.google.com/bot.html)"
45.79.238.235 - - [31/Mar/2026:14:03:11 +0000] "POST /wp-cron.php?doing_wp_cron=1774965791.7484860420227050781250 HTTP/1.1" 200 - "-" "WordPress/6.9.4; https://thecomputerdoctor.co.nz"
113.162.169.141 - - [31/Mar/2026:14:03:10 +0000] "GET /feed/ HTTP/1.1" 200 1278 "-" "Opera/9.72.(Windows NT 6.1; mn-MN) Presto/2.9.160 Version/12.00"
66.249.64.106 - - [31/Mar/2026:14:03:19 +0000] "GET /products/detail/291905545 HTTP/1.1" 200 187647 "-" "Mozilla/5.0 (Linux; Android 6.0.1; Nexus 5X Build/MMB29P) AppleWebKit/537.36 (KHTML, like Gecko) Chrome/146.0.7680.153 Mobile Safari/537.36 (compatible; Googlebot/2.1; +http://www.google.com/bot.html)"
45.79.238.235 - - [31/Mar/2026:14:03:50 +0000] "POST /wp-cron.php?doing_wp_cron=1774965830.5610539913177490234375 HTTP/1.1" 200 - "-" "WordPress/6.9.4; https://thecomputerdoctor.co.nz"
79.116.140.68 - - [31/Mar/2026:14:03:49 +0000] "GET /2026/02/25/no-wager-no-deposit-bonus-new-zealand/ HTTP/1.1" 200 218726 "-" "Mozilla/5.0 (Macintosh; Intel Mac OS X 13_4_1) AppleWebKit/537.36 (KHTML, like Gecko) Chrome/130.0.6723.116 Safari/537.36"
66.249.64.107 - - [31/Mar/2026:14:04:20 +0000] "GET /products/detail/308018131 HTTP/1.1" 200 189538 "-" "Mozilla/5.0 (Linux; Android 6.0.1; Nexus 5X Build/MMB29P) AppleWebKit/537.36 (KHTML, like Gecko) Chrome/146.0.7680.153 Mobile Safari/537.36 (compatible; Googlebot/2.1; +http://www.google.com/bot.html)"
66.249.64.107 - - [31/Mar/2026:14:04:20 +0000] "GET /2026/02/25/rich-casino-pokies/ HTTP/1.1" 200 193209 "-" "Mozilla/5.0 (Linux; Android 6.0.1; Nexus 5X Build/MMB29P) AppleWebKit/537.36 (KHTML, like Gecko) Chrome/146.0.7680.153 Mobile Safari/537.36 (compatible; Googlebot/2.1; +http://www.google.com/bot.html)"
66.249.64.106 - - [31/Mar/2026:14:04:20 +0000] "GET /products/detail/314152979 HTTP/1.1" 200 187856 "-" "Mozilla/5.0 (Linux; Android 6.0.1; Nexus 5X Build/MMB29P) AppleWebKit/537.36 (KHTML, like Gecko) Chrome/146.0.7680.153 Mobile Safari/537.36 (compatible; Googlebot/2.1; +http://www.google.com/bot.html)"
66.249.64.105 - - [31/Mar/2026:14:04:21 +0000] "GET /page/3/?add-to-cart=1920 HTTP/1.1" 200 189465 "-" "Mozilla/5.0 (Linux; Android 6.0.1; Nexus 5X Build/MMB29P) AppleWebKit/537.36 (KHTML, like Gecko) Chrome/146.0.7680.153 Mobile Safari/537.36 (compatible; Googlebot/2.1; +http://www.google.com/bot.html)"
66.249.64.106 - - [31/Mar/2026:14:05:21 +0000] "GET /products/detail/321333282 HTTP/1.1" 200 203116 "-" "Mozilla/5.0 (Linux; Android 6.0.1; Nexus 5X Build/MMB29P) AppleWebKit/537.36 (KHTML, like Gecko) Chrome/146.0.7680.153 Mobile Safari/537.36 (compatible; Googlebot/2.1; +http://www.google.com/bot.html)"
45.79.238.235 - - [31/Mar/2026:14:05:58 +0000] "POST /wp-cron.php?doing_wp_cron=1774965958.5137279033660888671875 HTTP/1.1" 200 - "-" "WordPress/6.9.4; https://thecomputerdoctor.co.nz"
192.0.103.42 - - [31/Mar/2026:14:05:57 +0000] "GET / HTTP/1.1" 200 311108 "-" "jetmon/1.0 (Jetpack Site Uptime Monitor by WordPress.com)"
52.167.144.190 - - [31/Mar/2026:14:08:15 +0000] "GET /wp-content/uploads/2024/04/1354811_promate-9-in-1-usb-multi-port-hub-with-usb-c-connector-includes-100w-600x600.jpg HTTP/1.1" 200 26106 "-" "Mozilla/5.0 AppleWebKit/537.36 (KHTML, like Gecko; compatible; bingbot/2.0; +http://www.bing.com/bingbot.htm) Chrome/116.0.1938.76 Safari/537.36"
40.77.167.3 - - [31/Mar/2026:14:08:49 +0000] "GET /?p=5054 HTTP/1.1" 200 189784 "-" "Mozilla/5.0 AppleWebKit/537.36 (KHTML, like Gecko; compatible; bingbot/2.0; +http://www.bing.com/bingbot.htm) Chrome/116.0.1938.76 Safari/537.36"
45.79.238.235 - - [31/Mar/2026:14:10:00 +0000] "POST /wp-cron.php?doing_wp_cron=1774966200.0460410118103027343750 HTTP/1.1" 200 - "-" "WordPress/6.9.4; https://thecomputerdoctor.co.nz"
47.82.11.35 - - [31/Mar/2026:14:09:59 +0000] "GET /?p=3076 HTTP/1.1" 301 - "https://thecomputerdoctor.co.nz/" "Mozilla/5.0 (Macintosh; Intel Mac OS X 10_15_7) AppleWebKit/605.1.15 (KHTML, like Gecko) Version/15.5 Safari/605.1.15"
47.82.11.35 - - [31/Mar/2026:14:10:00 +0000] "GET /2026/02/25/top-australian-pokies-that-payout/ HTTP/1.1" 200 218580 "https://thecomputerdoctor.co.nz/" "Mozilla/5.0 (Macintosh; Intel Mac OS X 10_15_7) AppleWebKit/605.1.15 (KHTML, like Gecko) Version/15.5 Safari/605.1.15"
197.200.20.80 - - [31/Mar/2026:14:10:14 +0000] "GET /?p=3025 HTTP/1.1" 301 - "https://thecomputerdoctor.co.nz/" "Mozilla/5.0 (Windows NT 10.0; Win64; x64) AppleWebKit/537.36 (KHTML, like Gecko) Chrome/135.0.0.0 Safari/537.36 Edg/135.0.0.0"
181.46.57.142 - - [31/Mar/2026:14:10:17 +0000] "GET /2026/02/25/fast-playing-winning-pokies/ HTTP/1.1" 200 219183 "https://thecomputerdoctor.co.nz/" "Mozilla/5.0 (Windows NT 10.0; Win64; x64) AppleWebKit/537.36 (KHTML, like Gecko) Chrome/135.0.0.0 Safari/537.36 Edg/135.0.0.0"
45.79.238.235 - - [31/Mar/2026:14:10:26 +0000] "POST /wp-cron.php?doing_wp_cron=1774966226.1692309379577636718750 HTTP/1.1" 200 - "-" "WordPress/6.9.4; https://thecomputerdoctor.co.nz"
179.43.159.170 - - [31/Mar/2026:14:10:23 +0000] "GET /wp-admin/ HTTP/1.1" 302 - "https://www.facebook.com/" "Mozilla/5.0 (Macintosh; Intel Mac OS X 10_15_7) AppleWebKit/605.1.15 (KHTML, like Gecko) Version/17.0 Safari/605.1.15"
45.79.238.235 - - [31/Mar/2026:14:10:55 +0000] "POST /wp-cron.php?doing_wp_cron=1774966255.1173970699310302734375 HTTP/1.1" 200 - "-" "WordPress/6.9.4; https://thecomputerdoctor.co.nz"
192.0.103.42 - - [31/Mar/2026:14:10:53 +0000] "GET / HTTP/1.1" 200 311108 "-" "jetmon/1.0 (Jetpack Site Uptime Monitor by WordPress.com)"
45.79.238.235 - - [31/Mar/2026:14:15:07 +0000] "POST /wp-cron.php?doing_wp_cron=1774966507.6171720027923583984375 HTTP/1.1" 200 - "-" "WordPress/6.9.4; https://thecomputerdoctor.co.nz"
102.156.65.118 - - [31/Mar/2026:14:15:06 +0000] "GET /?p=4213 HTTP/1.1" 301 - "https://thecomputerdoctor.co.nz/" "Mozilla/5.0 (Windows NT 10.0; Win64; x64) AppleWebKit/537.36 (KHTML, like Gecko) Chrome/135.0.0.0 Safari/537.36"
5.59.230.20 - - [31/Mar/2026:14:15:09 +0000] "GET /2026/02/25/best-new-zealand-online-pokies-no-deposit-bonus/ HTTP/1.1" 200 218569 "https://thecomputerdoctor.co.nz/" "Mozilla/5.0 (Windows NT 10.0; Win64; x64) AppleWebKit/537.36 (KHTML, like Gecko) Chrome/135.0.0.0 Safari/537.36"
45.79.238.235 - - [31/Mar/2026:14:15:54 +0000] "POST /wp-cron.php?doing_wp_cron=1774966554.8521599769592285156250 HTTP/1.1" 200 - "-" "WordPress/6.9.4; https://thecomputerdoctor.co.nz"
45.79.238.235 - - [31/Mar/2026:14:15:55 +0000] "POST /wp-cron.php?doing_wp_cron=1774966555.5106010437011718750000 HTTP/1.1" 200 - "-" "WordPress/6.9.4; https://thecomputerdoctor.co.nz"
192.0.103.42 - - [31/Mar/2026:14:15:53 +0000] "GET / HTTP/1.1" 200 311108 "-" "jetmon/1.0 (Jetpack Site Uptime Monitor by WordPress.com)"
141.98.11.44 - - [31/Mar/2026:14:16:02 +0000] "GET /wp-includes/sodium_compat/src/Core/SecretStream//State.php HTTP/1.1" 403 4170 "-" "Mozilla/5.0 (Windows NT 10.0; Win64; x64) AppleWebKit/537.36"
141.0.8.54 - - [31/Mar/2026:14:16:37 +0000] "GET /business-it/ HTTP/1.1" 200 615858 "https://www.google.com/" "Mozilla/5.0 (X11; Linux x86_64) AppleWebKit/537.36 (KHTML, like Gecko) Chrome/60.0.3112.116 Safari/537.36 OPR/44.12.2246.133431"
66.249.64.107 - - [31/Mar/2026:14:16:50 +0000] "GET /products/detail/202897565 HTTP/1.1" 200 195535 "-" "Mozilla/5.0 (Linux; Android 6.0.1; Nexus 5X Build/MMB29P) AppleWebKit/537.36 (KHTML, like Gecko) Chrome/146.0.7680.153 Mobile Safari/537.36 (compatible; Googlebot/2.1; +http://www.google.com/bot.html)"
45.79.238.235 - - [31/Mar/2026:14:17:01 +0000] "POST /wp-cron.php?doing_wp_cron=1774966620.9761741161346435546875 HTTP/1.1" 200 - "-" "WordPress/6.9.4; https://thecomputerdoctor.co.nz"
118.148.76.153 - - [31/Mar/2026:14:16:59 +0000] "GET /2026/02/25/nz-free-spins-on-registration-no-deposit/ HTTP/1.1" 200 218472 "https://www.google.com/" "Mozilla/5.0 (Linux; Android 10; K) AppleWebKit/537.36 (KHTML, like Gecko) Chrome/146.0.0.0 Mobile Safari/537.36"
45.79.238.235 - - [31/Mar/2026:14:20:56 +0000] "POST /wp-cron.php?doing_wp_cron=1774966856.1177361011505126953125 HTTP/1.1" 200 - "-" "WordPress/6.9.4; https://thecomputerdoctor.co.nz"
192.0.103.42 - - [31/Mar/2026:14:20:54 +0000] "GET / HTTP/1.1" 200 311108 "-" "jetmon/1.0 (Jetpack Site Uptime Monitor by WordPress.com)"
182.1.132.132 - - [31/Mar/2026:14:21:18 +0000] "GET /shop/ HTTP/1.1" 200 36323 "https://www.google.com/" "Mozilla/5.0 (Linux; Android 10; K) AppleWebKit/537.36 (KHTML, like Gecko) Chrome/142.0.0.0 Mobile Safari/537.36"
182.1.132.132 - - [31/Mar/2026:14:21:34 +0000] "GET /shop/css/date.css HTTP/1.1" 404 208201 "https://thecomputerdoctor.co.nz/shop/" "Mozilla/5.0 (Linux; Android 10; K) AppleWebKit/537.36 (KHTML, like Gecko) Chrome/142.0.0.0 Mobile Safari/537.36"
182.1.132.132 - - [31/Mar/2026:14:21:34 +0000] "GET /shop/css/date1.css HTTP/1.1" 404 208201 "https://thecomputerdoctor.co.nz/shop/" "Mozilla/5.0 (Linux; Android 10; K) AppleWebKit/537.36 (KHTML, like Gecko) Chrome/142.0.0.0 Mobile Safari/537.36"
45.79.238.235 - - [31/Mar/2026:14:21:35 +0000] "POST /wp-cron.php?doing_wp_cron=1774966895.8547968864440917968750 HTTP/1.1" 200 - "-" "WordPress/6.9.4; https://thecomputerdoctor.co.nz"
182.1.132.132 - - [31/Mar/2026:14:21:34 +0000] "GET /shop/css/date2.css HTTP/1.1" 404 208201 "https://thecomputerdoctor.co.nz/shop/" "Mozilla/5.0 (Linux; Android 10; K) AppleWebKit/537.36 (KHTML, like Gecko) Chrome/142.0.0.0 Mobile Safari/537.36"
182.1.132.132 - - [31/Mar/2026:14:21:37 +0000] "GET /shop/css/date3.css HTTP/1.1" 404 208201 "https://thecomputerdoctor.co.nz/shop/" "Mozilla/5.0 (Linux; Android 10; K) AppleWebKit/537.36 (KHTML, like Gecko) Chrome/142.0.0.0 Mobile Safari/537.36"
182.1.132.132 - - [31/Mar/2026:14:21:38 +0000] "GET /shop/css/date4.css HTTP/1.1" 404 208201 "https://thecomputerdoctor.co.nz/shop/" "Mozilla/5.0 (Linux; Android 10; K) AppleWebKit/537.36 (KHTML, like Gecko) Chrome/142.0.0.0 Mobile Safari/537.36"
182.1.132.132 - - [31/Mar/2026:14:21:38 +0000] "GET /Content/reserve-css?v= HTTP/1.1" 404 208201 "https://thecomputerdoctor.co.nz/shop/" "Mozilla/5.0 (Linux; Android 10; K) AppleWebKit/537.36 (KHTML, like Gecko) Chrome/142.0.0.0 Mobile Safari/537.36"
182.1.132.132 - - [31/Mar/2026:14:21:41 +0000] "GET /shop/js/beta.js?v=Z8QFNvaltbzDiPPEoTaSeOO3IYZexjvAPrsLeea_2XE1 HTTP/1.1" 404 208201 "https://thecomputerdoctor.co.nz/shop/" "Mozilla/5.0 (Linux; Android 10; K) AppleWebKit/537.36 (KHTML, like Gecko) Chrome/142.0.0.0 Mobile Safari/537.36"
182.1.132.132 - - [31/Mar/2026:14:21:41 +0000] "GET /shop/js/Home.js?v=9Zwby9nwORnewSNBuqQKxOhQlfOigartOVQeAR1eHsQ1 HTTP/1.1" 404 208201 "https://thecomputerdoctor.co.nz/shop/" "Mozilla/5.0 (Linux; Android 10; K) AppleWebKit/537.36 (KHTML, like Gecko) Chrome/142.0.0.0 Mobile Safari/537.36"
182.1.132.132 - - [31/Mar/2026:14:21:45 +0000] "GET /bundles/Account/forgot-password-js?v=CClJff2pltPmOjDCzOkK6MX4HbYKUXtBbcpYBr_axfo1 HTTP/1.1" 404 208201 "https://thecomputerdoctor.co.nz/shop/" "Mozilla/5.0 (Linux; Android 10; K) AppleWebKit/537.36 (KHTML, like Gecko) Chrome/142.0.0.0 Mobile Safari/537.36"
182.1.132.132 - - [31/Mar/2026:14:21:47 +0000] "GET /bundles/reserve-js?v=8ZkoZ3svUa1mm3fUna_DT0LFrjbAHZVOgr4xzLxrZZ81 HTTP/1.1" 404 208201 "https://thecomputerdoctor.co.nz/shop/" "Mozilla/5.0 (Linux; Android 10; K) AppleWebKit/537.36 (KHTML, like Gecko) Chrome/142.0.0.0 Mobile Safari/537.36"
111.90.182.134 - - [31/Mar/2026:14:22:37 +0000] "GET /wp-admin/helper.php?p= HTTP/1.1" 200 4398 "-" "Mozilla/5.0 (Windows NT 10.0; Win64; x64) AppleWebKit/537.36 (KHTML, like Gecko) Chrome/146.0.0.0 Safari/537.36"
111.90.182.134 - - [31/Mar/2026:14:22:57 +0000] "POST /wp-admin/helper.php?p= HTTP/1.1" 302 - "https://thecomputerdoctor.co.nz/wp-admin/helper.php?p=" "Mozilla/5.0 (Windows NT 10.0; Win64; x64) AppleWebKit/537.36 (KHTML, like Gecko) Chrome/146.0.0.0 Safari/537.36"
111.90.182.134 - - [31/Mar/2026:14:22:58 +0000] "GET /wp-admin/helper.php HTTP/1.1" 302 - "https://thecomputerdoctor.co.nz/wp-admin/helper.php?p=" "Mozilla/5.0 (Windows NT 10.0; Win64; x64) AppleWebKit/537.36 (KHTML, like Gecko) Chrome/146.0.0.0 Safari/537.36"
