52.167.144.161 - - [31/Mar/2026:16:39:42 +0000] "GET /products/detail/183253262 HTTP/1.1" 200 193463 "-" "Mozilla/5.0 AppleWebKit/537.36 (KHTML, like Gecko; compatible; bingbot/2.0; +http://www.bing.com/bingbot.htm) Chrome/116.0.1938.76 Safari/537.36"
84.37.244.6 - - [31/Mar/2026:16:39:41 +0000] "GET /product/dynamix-3m-hdmi-10gbs-slimline-high-speed-cable-with-ethernet/?add-to-cart=1852 HTTP/1.1" 200 340470 "-" "Mozilla/5.0 (Macintosh; Intel Mac OS X 10_15_7) AppleWebKit/537.36 (KHTML, like Gecko) Chrome/142.0.0.0 Safari/537.36"
52.167.144.161 - - [31/Mar/2026:16:39:43 +0000] "GET /products/detail/147540474 HTTP/1.1" 200 192554 "-" "Mozilla/5.0 AppleWebKit/537.36 (KHTML, like Gecko; compatible; bingbot/2.0; +http://www.bing.com/bingbot.htm) Chrome/116.0.1938.76 Safari/537.36"
52.167.144.161 - - [31/Mar/2026:16:39:44 +0000] "GET /products/detail/254731838 HTTP/1.1" 200 196816 "-" "Mozilla/5.0 AppleWebKit/537.36 (KHTML, like Gecko; compatible; bingbot/2.0; +http://www.bing.com/bingbot.htm) Chrome/116.0.1938.76 Safari/537.36"
52.167.144.161 - - [31/Mar/2026:16:39:45 +0000] "GET /products/detail/198294525 HTTP/1.1" 200 195663 "-" "Mozilla/5.0 AppleWebKit/537.36 (KHTML, like Gecko; compatible; bingbot/2.0; +http://www.bing.com/bingbot.htm) Chrome/116.0.1938.76 Safari/537.36"
195.40.106.11 - - [31/Mar/2026:16:39:43 +0000] "GET /product/promate-2m-140w-usb-c-to-magsafe-3-charging-cable-for-macbook/?add-to-cart=1908 HTTP/1.1" 200 341147 "-" "Mozilla/5.0 (Macintosh; Intel Mac OS X 10_15_7) AppleWebKit/537.36 (KHTML, like Gecko) Chrome/142.0.0.0 Safari/537.36"
52.167.144.161 - - [31/Mar/2026:16:39:45 +0000] "GET /products/detail/244924646 HTTP/1.1" 200 197526 "-" "Mozilla/5.0 AppleWebKit/537.36 (KHTML, like Gecko; compatible; bingbot/2.0; +http://www.bing.com/bingbot.htm) Chrome/116.0.1938.76 Safari/537.36"
52.167.144.161 - - [31/Mar/2026:16:39:46 +0000] "GET /products/detail/248028303 HTTP/1.1" 200 208728 "-" "Mozilla/5.0 AppleWebKit/537.36 (KHTML, like Gecko; compatible; bingbot/2.0; +http://www.bing.com/bingbot.htm) Chrome/116.0.1938.76 Safari/537.36"
52.167.144.161 - - [31/Mar/2026:16:39:47 +0000] "GET /products/detail/215113838 HTTP/1.1" 200 196318 "-" "Mozilla/5.0 AppleWebKit/537.36 (KHTML, like Gecko; compatible; bingbot/2.0; +http://www.bing.com/bingbot.htm) Chrome/116.0.1938.76 Safari/537.36"
52.167.144.161 - - [31/Mar/2026:16:39:48 +0000] "GET /products/detail/212923232 HTTP/1.1" 200 192108 "-" "Mozilla/5.0 AppleWebKit/537.36 (KHTML, like Gecko; compatible; bingbot/2.0; +http://www.bing.com/bingbot.htm) Chrome/116.0.1938.76 Safari/537.36"
84.37.134.70 - - [31/Mar/2026:16:39:47 +0000] "GET /product/promate-7-in-1-usb-multi-port-hub-with-usb-c-connector-with-4k-hdmi/?add-to-cart=1916 HTTP/1.1" 200 356934 "-" "Mozilla/5.0 (Macintosh; Intel Mac OS X 10_15_7) AppleWebKit/537.36 (KHTML, like Gecko) Chrome/142.0.0.0 Safari/537.36"
52.167.144.161 - - [31/Mar/2026:16:39:49 +0000] "GET /products/detail/225032383 HTTP/1.1" 200 195043 "-" "Mozilla/5.0 AppleWebKit/537.36 (KHTML, like Gecko; compatible; bingbot/2.0; +http://www.bing.com/bingbot.htm) Chrome/116.0.1938.76 Safari/537.36"
52.167.144.161 - - [31/Mar/2026:16:39:49 +0000] "GET /products/detail/252397919 HTTP/1.1" 200 209242 "-" "Mozilla/5.0 AppleWebKit/537.36 (KHTML, like Gecko; compatible; bingbot/2.0; +http://www.bing.com/bingbot.htm) Chrome/116.0.1938.76 Safari/537.36"
52.167.144.161 - - [31/Mar/2026:16:39:50 +0000] "GET /products/detail/202408868 HTTP/1.1" 200 196796 "-" "Mozilla/5.0 AppleWebKit/537.36 (KHTML, like Gecko; compatible; bingbot/2.0; +http://www.bing.com/bingbot.htm) Chrome/116.0.1938.76 Safari/537.36"
52.167.144.161 - - [31/Mar/2026:16:39:51 +0000] "GET /products/detail/183373646 HTTP/1.1" 200 197907 "-" "Mozilla/5.0 AppleWebKit/537.36 (KHTML, like Gecko; compatible; bingbot/2.0; +http://www.bing.com/bingbot.htm) Chrome/116.0.1938.76 Safari/537.36"
52.167.144.161 - - [31/Mar/2026:16:39:52 +0000] "GET /products/detail/232103131 HTTP/1.1" 200 198659 "-" "Mozilla/5.0 AppleWebKit/537.36 (KHTML, like Gecko; compatible; bingbot/2.0; +http://www.bing.com/bingbot.htm) Chrome/116.0.1938.76 Safari/537.36"
198.145.140.120 - - [31/Mar/2026:16:39:51 +0000] "GET /product/unitek-100w-desktop-gan-charging-station-with-2x-usb-c-pd-ports-2x/?add-to-cart=1855 HTTP/1.1" 200 344757 "-" "Mozilla/5.0 (Macintosh; Intel Mac OS X 10_15_7) AppleWebKit/537.36 (KHTML, like Gecko) Chrome/142.0.0.0 Safari/537.36"
216.227.219.244 - - [31/Mar/2026:16:39:51 +0000] "GET /product/dynamix-1m-hdmi-10gbs-slimline-high-speed-cable-with-ethernet/?add-to-cart=1866 HTTP/1.1" 200 341171 "-" "Mozilla/5.0 (Macintosh; Intel Mac OS X 10_15_7) AppleWebKit/537.36 (KHTML, like Gecko) Chrome/142.0.0.0 Safari/537.36"
52.167.144.161 - - [31/Mar/2026:16:39:53 +0000] "GET /products/detail/154840838 HTTP/1.1" 200 213552 "-" "Mozilla/5.0 AppleWebKit/537.36 (KHTML, like Gecko; compatible; bingbot/2.0; +http://www.bing.com/bingbot.htm) Chrome/116.0.1938.76 Safari/537.36"
52.167.144.161 - - [31/Mar/2026:16:39:54 +0000] "GET /products/detail/267372777 HTTP/1.1" 200 195788 "-" "Mozilla/5.0 AppleWebKit/537.36 (KHTML, like Gecko; compatible; bingbot/2.0; +http://www.bing.com/bingbot.htm) Chrome/116.0.1938.76 Safari/537.36"
52.167.144.161 - - [31/Mar/2026:16:39:55 +0000] "GET /products/detail/194556585 HTTP/1.1" 200 191382 "-" "Mozilla/5.0 AppleWebKit/537.36 (KHTML, like Gecko; compatible; bingbot/2.0; +http://www.bing.com/bingbot.htm) Chrome/116.0.1938.76 Safari/537.36"
52.167.144.161 - - [31/Mar/2026:16:39:55 +0000] "GET /products/detail/238769323 HTTP/1.1" 200 198388 "-" "Mozilla/5.0 AppleWebKit/537.36 (KHTML, like Gecko; compatible; bingbot/2.0; +http://www.bing.com/bingbot.htm) Chrome/116.0.1938.76 Safari/537.36"
66.249.64.105 - - [31/Mar/2026:16:39:56 +0000] "GET /?p=3382 HTTP/1.1" 200 193711 "-" "Mozilla/5.0 (Linux; Android 6.0.1; Nexus 5X Build/MMB29P) AppleWebKit/537.36 (KHTML, like Gecko) Chrome/146.0.7680.153 Mobile Safari/537.36 (compatible; Googlebot/2.1; +http://www.google.com/bot.html)"
66.249.64.106 - - [31/Mar/2026:16:39:56 +0000] "GET /products/detail/82691656 HTTP/1.1" 200 192780 "-" "Mozilla/5.0 (Linux; Android 6.0.1; Nexus 5X Build/MMB29P) AppleWebKit/537.36 (KHTML, like Gecko) Chrome/146.0.7680.153 Mobile Safari/537.36 (compatible; Googlebot/2.1; +http://www.google.com/bot.html)"
52.167.144.161 - - [31/Mar/2026:16:39:56 +0000] "GET /products/detail/209248979 HTTP/1.1" 200 195880 "-" "Mozilla/5.0 AppleWebKit/537.36 (KHTML, like Gecko; compatible; bingbot/2.0; +http://www.bing.com/bingbot.htm) Chrome/116.0.1938.76 Safari/537.36"
52.167.144.161 - - [31/Mar/2026:16:39:57 +0000] "GET /products/detail/230547363 HTTP/1.1" 200 197928 "-" "Mozilla/5.0 AppleWebKit/537.36 (KHTML, like Gecko; compatible; bingbot/2.0; +http://www.bing.com/bingbot.htm) Chrome/116.0.1938.76 Safari/537.36"
66.249.64.106 - - [31/Mar/2026:16:39:59 +0000] "GET /products/detail/214730545 HTTP/1.1" 200 188390 "-" "Mozilla/5.0 (Linux; Android 6.0.1; Nexus 5X Build/MMB29P) AppleWebKit/537.36 (KHTML, like Gecko) Chrome/146.0.7680.153 Mobile Safari/537.36 (compatible; Googlebot/2.1; +http://www.google.com/bot.html)"
45.79.238.235 - - [31/Mar/2026:16:40:00 +0000] "POST /wp-cron.php?doing_wp_cron=1774975200.9418809413909912109375 HTTP/1.1" 200 - "-" "WordPress/6.9.4; https://thecomputerdoctor.co.nz"
138.226.28.11 - - [31/Mar/2026:16:39:59 +0000] "GET /product/aoc-c27g4z-27-curved-1920x1080-fhd-280hz/?add-to-cart=2403 HTTP/1.1" 200 330235 "-" "Mozilla/5.0 (Macintosh; Intel Mac OS X 10_15_7) AppleWebKit/537.36 (KHTML, like Gecko) Chrome/142.0.0.0 Safari/537.36"
52.167.144.161 - - [31/Mar/2026:16:40:03 +0000] "GET /products/detail/161087161 HTTP/1.1" 200 205432 "-" "Mozilla/5.0 AppleWebKit/537.36 (KHTML, like Gecko; compatible; bingbot/2.0; +http://www.bing.com/bingbot.htm) Chrome/116.0.1938.76 Safari/537.36"
52.167.144.161 - - [31/Mar/2026:16:40:04 +0000] "GET /products/detail/247173282 HTTP/1.1" 200 201680 "-" "Mozilla/5.0 AppleWebKit/537.36 (KHTML, like Gecko; compatible; bingbot/2.0; +http://www.bing.com/bingbot.htm) Chrome/116.0.1938.76 Safari/537.36"
191.101.221.135 - - [31/Mar/2026:16:40:02 +0000] "GET /product/dynamix-3m-hdmi-10gbs-slimline-high-speed-cable-with-ethernet/?add-to-cart=1882 HTTP/1.1" 200 341122 "-" "Mozilla/5.0 (Macintosh; Intel Mac OS X 10_15_7) AppleWebKit/537.36 (KHTML, like Gecko) Chrome/142.0.0.0 Safari/537.36"
52.167.144.161 - - [31/Mar/2026:16:40:05 +0000] "GET /products/detail/254574909 HTTP/1.1" 200 197433 "-" "Mozilla/5.0 AppleWebKit/537.36 (KHTML, like Gecko; compatible; bingbot/2.0; +http://www.bing.com/bingbot.htm) Chrome/116.0.1938.76 Safari/537.36"
52.167.144.161 - - [31/Mar/2026:16:40:05 +0000] "GET /products/detail/185950565 HTTP/1.1" 200 191658 "-" "Mozilla/5.0 AppleWebKit/537.36 (KHTML, like Gecko; compatible; bingbot/2.0; +http://www.bing.com/bingbot.htm) Chrome/116.0.1938.76 Safari/537.36"
52.167.144.161 - - [31/Mar/2026:16:40:06 +0000] "GET /products/detail/224167727 HTTP/1.1" 200 190013 "-" "Mozilla/5.0 AppleWebKit/537.36 (KHTML, like Gecko; compatible; bingbot/2.0; +http://www.bing.com/bingbot.htm) Chrome/116.0.1938.76 Safari/537.36"
52.167.144.161 - - [31/Mar/2026:16:40:07 +0000] "GET /products/detail/268394737 HTTP/1.1" 200 204447 "-" "Mozilla/5.0 AppleWebKit/537.36 (KHTML, like Gecko; compatible; bingbot/2.0; +http://www.bing.com/bingbot.htm) Chrome/116.0.1938.76 Safari/537.36"
52.167.144.161 - - [31/Mar/2026:16:40:08 +0000] "GET /products/detail/235080000 HTTP/1.1" 200 206531 "-" "Mozilla/5.0 AppleWebKit/537.36 (KHTML, like Gecko; compatible; bingbot/2.0; +http://www.bing.com/bingbot.htm) Chrome/116.0.1938.76 Safari/537.36"
52.167.144.161 - - [31/Mar/2026:16:40:09 +0000] "GET /products/detail/248051818 HTTP/1.1" 200 189073 "-" "Mozilla/5.0 AppleWebKit/537.36 (KHTML, like Gecko; compatible; bingbot/2.0; +http://www.bing.com/bingbot.htm) Chrome/116.0.1938.76 Safari/537.36"
52.167.144.161 - - [31/Mar/2026:16:40:10 +0000] "GET /products/detail/199809333 HTTP/1.1" 200 195709 "-" "Mozilla/5.0 AppleWebKit/537.36 (KHTML, like Gecko; compatible; bingbot/2.0; +http://www.bing.com/bingbot.htm) Chrome/116.0.1938.76 Safari/537.36"
52.167.144.161 - - [31/Mar/2026:16:40:11 +0000] "GET /products/detail/211887888 HTTP/1.1" 200 195754 "-" "Mozilla/5.0 AppleWebKit/537.36 (KHTML, like Gecko; compatible; bingbot/2.0; +http://www.bing.com/bingbot.htm) Chrome/116.0.1938.76 Safari/537.36"
166.88.123.84 - - [31/Mar/2026:16:40:09 +0000] "GET /page/4/?add-to-cart=1855 HTTP/1.1" 200 319935 "-" "Mozilla/5.0 (Macintosh; Intel Mac OS X 10_15_7) AppleWebKit/537.36 (KHTML, like Gecko) Chrome/142.0.0.0 Safari/537.36"
52.167.144.161 - - [31/Mar/2026:16:40:11 +0000] "GET /products/detail/214823707 HTTP/1.1" 200 192349 "-" "Mozilla/5.0 AppleWebKit/537.36 (KHTML, like Gecko; compatible; bingbot/2.0; +http://www.bing.com/bingbot.htm) Chrome/116.0.1938.76 Safari/537.36"
84.37.34.94 - - [31/Mar/2026:16:40:13 +0000] "GET /wp-content/uploads/2024/04/1381472_promate-10000mah-magnetic-qi-15w-wireless-charging-power-bank-usb-c.jpg HTTP/1.1" 200 112948 "-" "Mozilla/5.0 (Macintosh; Intel Mac OS X 10_15_7) AppleWebKit/537.36 (KHTML, like Gecko) Chrome/142.0.0.0 Safari/537.36"
52.167.144.161 - - [31/Mar/2026:16:40:12 +0000] "GET /products/detail/228873585 HTTP/1.1" 200 200916 "-" "Mozilla/5.0 AppleWebKit/537.36 (KHTML, like Gecko; compatible; bingbot/2.0; +http://www.bing.com/bingbot.htm) Chrome/116.0.1938.76 Safari/537.36"
52.167.144.161 - - [31/Mar/2026:16:40:13 +0000] "GET /products/detail/263252020 HTTP/1.1" 200 191859 "-" "Mozilla/5.0 AppleWebKit/537.36 (KHTML, like Gecko; compatible; bingbot/2.0; +http://www.bing.com/bingbot.htm) Chrome/116.0.1938.76 Safari/537.36"
52.167.144.161 - - [31/Mar/2026:16:40:14 +0000] "GET /products/detail/149811858 HTTP/1.1" 200 192597 "-" "Mozilla/5.0 AppleWebKit/537.36 (KHTML, like Gecko; compatible; bingbot/2.0; +http://www.bing.com/bingbot.htm) Chrome/116.0.1938.76 Safari/537.36"
52.167.144.161 - - [31/Mar/2026:16:40:15 +0000] "GET /products/detail/180186060 HTTP/1.1" 200 196247 "-" "Mozilla/5.0 AppleWebKit/537.36 (KHTML, like Gecko; compatible; bingbot/2.0; +http://www.bing.com/bingbot.htm) Chrome/116.0.1938.76 Safari/537.36"
52.167.144.161 - - [31/Mar/2026:16:40:15 +0000] "GET /products/detail/239494373 HTTP/1.1" 200 199051 "-" "Mozilla/5.0 AppleWebKit/537.36 (KHTML, like Gecko; compatible; bingbot/2.0; +http://www.bing.com/bingbot.htm) Chrome/116.0.1938.76 Safari/537.36"
52.167.144.161 - - [31/Mar/2026:16:40:16 +0000] "GET /products/detail/255640616 HTTP/1.1" 200 201457 "-" "Mozilla/5.0 AppleWebKit/537.36 (KHTML, like Gecko; compatible; bingbot/2.0; +http://www.bing.com/bingbot.htm) Chrome/116.0.1938.76 Safari/537.36"
52.167.144.161 - - [31/Mar/2026:16:40:17 +0000] "GET /products/detail/206907171 HTTP/1.1" 200 193582 "-" "Mozilla/5.0 AppleWebKit/537.36 (KHTML, like Gecko; compatible; bingbot/2.0; +http://www.bing.com/bingbot.htm) Chrome/116.0.1938.76 Safari/537.36"
52.167.144.161 - - [31/Mar/2026:16:40:18 +0000] "GET /products/detail/265000151 HTTP/1.1" 200 189405 "-" "Mozilla/5.0 AppleWebKit/537.36 (KHTML, like Gecko; compatible; bingbot/2.0; +http://www.bing.com/bingbot.htm) Chrome/116.0.1938.76 Safari/537.36"
52.167.144.161 - - [31/Mar/2026:16:40:19 +0000] "GET /products/detail/195258030 HTTP/1.1" 200 209073 "-" "Mozilla/5.0 AppleWebKit/537.36 (KHTML, like Gecko; compatible; bingbot/2.0; +http://www.bing.com/bingbot.htm) Chrome/116.0.1938.76 Safari/537.36"
52.167.144.161 - - [31/Mar/2026:16:40:20 +0000] "GET /products/detail/194281202 HTTP/1.1" 200 192816 "-" "Mozilla/5.0 AppleWebKit/537.36 (KHTML, like Gecko; compatible; bingbot/2.0; +http://www.bing.com/bingbot.htm) Chrome/116.0.1938.76 Safari/537.36"
52.167.144.161 - - [31/Mar/2026:16:40:21 +0000] "GET /products/detail/252505565 HTTP/1.1" 200 226662 "-" "Mozilla/5.0 AppleWebKit/537.36 (KHTML, like Gecko; compatible; bingbot/2.0; +http://www.bing.com/bingbot.htm) Chrome/116.0.1938.76 Safari/537.36"
52.167.144.161 - - [31/Mar/2026:16:40:21 +0000] "GET /products/detail/229956858 HTTP/1.1" 200 189755 "-" "Mozilla/5.0 AppleWebKit/537.36 (KHTML, like Gecko; compatible; bingbot/2.0; +http://www.bing.com/bingbot.htm) Chrome/116.0.1938.76 Safari/537.36"
66.249.64.105 - - [31/Mar/2026:16:40:22 +0000] "GET /2026/02/25/tips-pokies-in-australia/ HTTP/1.1" 200 193049 "-" "Mozilla/5.0 (Linux; Android 6.0.1; Nexus 5X Build/MMB29P) AppleWebKit/537.36 (KHTML, like Gecko) Chrome/146.0.7680.153 Mobile Safari/537.36 (compatible; Googlebot/2.1; +http://www.google.com/bot.html)"
52.167.144.161 - - [31/Mar/2026:16:40:22 +0000] "GET /products/detail/228564777 HTTP/1.1" 200 190948 "-" "Mozilla/5.0 AppleWebKit/537.36 (KHTML, like Gecko; compatible; bingbot/2.0; +http://www.bing.com/bingbot.htm) Chrome/116.0.1938.76 Safari/537.36"
52.167.144.161 - - [31/Mar/2026:16:40:23 +0000] "GET /products/detail/201504717 HTTP/1.1" 200 196052 "-" "Mozilla/5.0 AppleWebKit/537.36 (KHTML, like Gecko; compatible; bingbot/2.0; +http://www.bing.com/bingbot.htm) Chrome/116.0.1938.76 Safari/537.36"
52.167.144.161 - - [31/Mar/2026:16:40:24 +0000] "GET /products/detail/208403767 HTTP/1.1" 200 194858 "-" "Mozilla/5.0 AppleWebKit/537.36 (KHTML, like Gecko; compatible; bingbot/2.0; +http://www.bing.com/bingbot.htm) Chrome/116.0.1938.76 Safari/537.36"
52.167.144.161 - - [31/Mar/2026:16:40:25 +0000] "GET /products/detail/225840585 HTTP/1.1" 200 191516 "-" "Mozilla/5.0 AppleWebKit/537.36 (KHTML, like Gecko; compatible; bingbot/2.0; +http://www.bing.com/bingbot.htm) Chrome/116.0.1938.76 Safari/537.36"
52.167.144.161 - - [31/Mar/2026:16:40:25 +0000] "GET /products/detail/208417373 HTTP/1.1" 200 198749 "-" "Mozilla/5.0 AppleWebKit/537.36 (KHTML, like Gecko; compatible; bingbot/2.0; +http://www.bing.com/bingbot.htm) Chrome/116.0.1938.76 Safari/537.36"
52.167.144.161 - - [31/Mar/2026:16:40:26 +0000] "GET /products/detail/253268434 HTTP/1.1" 200 211821 "-" "Mozilla/5.0 AppleWebKit/537.36 (KHTML, like Gecko; compatible; bingbot/2.0; +http://www.bing.com/bingbot.htm) Chrome/116.0.1938.76 Safari/537.36"
52.167.144.161 - - [31/Mar/2026:16:40:27 +0000] "GET /products/detail/247663454 HTTP/1.1" 200 201258 "-" "Mozilla/5.0 AppleWebKit/537.36 (KHTML, like Gecko; compatible; bingbot/2.0; +http://www.bing.com/bingbot.htm) Chrome/116.0.1938.76 Safari/537.36"
45.79.238.235 - - [31/Mar/2026:16:40:29 +0000] "POST /wp-cron.php?doing_wp_cron=1774975229.1606481075286865234375 HTTP/1.1" 200 - "-" "WordPress/6.9.4; https://thecomputerdoctor.co.nz"
45.43.139.77 - - [31/Mar/2026:16:40:27 +0000] "GET /product/promate-2m-140w-usb-c-to-magsafe-3-charging-cable-for-macbook/?add-to-cart=1855 HTTP/1.1" 200 341546 "-" "Mozilla/5.0 (Macintosh; Intel Mac OS X 10_15_7) AppleWebKit/537.36 (KHTML, like Gecko) Chrome/142.0.0.0 Safari/537.36"
52.167.144.161 - - [31/Mar/2026:16:40:33 +0000] "GET /products/detail/211972484 HTTP/1.1" 200 197048 "-" "Mozilla/5.0 AppleWebKit/537.36 (KHTML, like Gecko; compatible; bingbot/2.0; +http://www.bing.com/bingbot.htm) Chrome/116.0.1938.76 Safari/537.36"
52.167.144.161 - - [31/Mar/2026:16:40:34 +0000] "GET /products/detail/207828444 HTTP/1.1" 200 207775 "-" "Mozilla/5.0 AppleWebKit/537.36 (KHTML, like Gecko; compatible; bingbot/2.0; +http://www.bing.com/bingbot.htm) Chrome/116.0.1938.76 Safari/537.36"
52.167.144.161 - - [31/Mar/2026:16:40:35 +0000] "GET /products/detail/253055818 HTTP/1.1" 200 207573 "-" "Mozilla/5.0 AppleWebKit/537.36 (KHTML, like Gecko; compatible; bingbot/2.0; +http://www.bing.com/bingbot.htm) Chrome/116.0.1938.76 Safari/537.36"
52.167.144.161 - - [31/Mar/2026:16:40:36 +0000] "GET /products/detail/210320101 HTTP/1.1" 200 190360 "-" "Mozilla/5.0 AppleWebKit/537.36 (KHTML, like Gecko; compatible; bingbot/2.0; +http://www.bing.com/bingbot.htm) Chrome/116.0.1938.76 Safari/537.36"
52.167.144.161 - - [31/Mar/2026:16:40:36 +0000] "GET /products/detail/248011757 HTTP/1.1" 200 209012 "-" "Mozilla/5.0 AppleWebKit/537.36 (KHTML, like Gecko; compatible; bingbot/2.0; +http://www.bing.com/bingbot.htm) Chrome/116.0.1938.76 Safari/537.36"
52.167.144.161 - - [31/Mar/2026:16:40:37 +0000] "GET /products/detail/267235979 HTTP/1.1" 200 194369 "-" "Mozilla/5.0 AppleWebKit/537.36 (KHTML, like Gecko; compatible; bingbot/2.0; +http://www.bing.com/bingbot.htm) Chrome/116.0.1938.76 Safari/537.36"
52.167.144.161 - - [31/Mar/2026:16:40:38 +0000] "GET /products/detail/194201434 HTTP/1.1" 200 192483 "-" "Mozilla/5.0 AppleWebKit/537.36 (KHTML, like Gecko; compatible; bingbot/2.0; +http://www.bing.com/bingbot.htm) Chrome/116.0.1938.76 Safari/537.36"
52.167.144.161 - - [31/Mar/2026:16:40:39 +0000] "GET /products/detail/249356686 HTTP/1.1" 200 197796 "-" "Mozilla/5.0 AppleWebKit/537.36 (KHTML, like Gecko; compatible; bingbot/2.0; +http://www.bing.com/bingbot.htm) Chrome/116.0.1938.76 Safari/537.36"
52.167.144.161 - - [31/Mar/2026:16:40:40 +0000] "GET /products/detail/236126131 HTTP/1.1" 200 198315 "-" "Mozilla/5.0 AppleWebKit/537.36 (KHTML, like Gecko; compatible; bingbot/2.0; +http://www.bing.com/bingbot.htm) Chrome/116.0.1938.76 Safari/537.36"
52.167.144.161 - - [31/Mar/2026:16:40:41 +0000] "GET /products/detail/216657000 HTTP/1.1" 200 191289 "-" "Mozilla/5.0 AppleWebKit/537.36 (KHTML, like Gecko; compatible; bingbot/2.0; +http://www.bing.com/bingbot.htm) Chrome/116.0.1938.76 Safari/537.36"
52.167.144.161 - - [31/Mar/2026:16:40:42 +0000] "GET /products/detail/237332929 HTTP/1.1" 200 200619 "-" "Mozilla/5.0 AppleWebKit/537.36 (KHTML, like Gecko; compatible; bingbot/2.0; +http://www.bing.com/bingbot.htm) Chrome/116.0.1938.76 Safari/537.36"
45.79.238.235 - - [31/Mar/2026:16:40:42 +0000] "POST /wp-cron.php?doing_wp_cron=1774975242.5903189182281494140625 HTTP/1.1" 200 - "-" "WordPress/6.9.4; https://thecomputerdoctor.co.nz"
23.239.178.140 - - [31/Mar/2026:16:40:40 +0000] "GET /page/4/?add-to-cart=1866 HTTP/1.1" 200 319918 "-" "Mozilla/5.0 (Macintosh; Intel Mac OS X 10_15_7) AppleWebKit/537.36 (KHTML, like Gecko) Chrome/142.0.0.0 Safari/537.36"
52.167.144.161 - - [31/Mar/2026:16:40:42 +0000] "GET /products/detail/197357404 HTTP/1.1" 200 201273 "-" "Mozilla/5.0 AppleWebKit/537.36 (KHTML, like Gecko; compatible; bingbot/2.0; +http://www.bing.com/bingbot.htm) Chrome/116.0.1938.76 Safari/537.36"
52.167.144.161 - - [31/Mar/2026:16:40:43 +0000] "GET /products/detail/159488101 HTTP/1.1" 200 193579 "-" "Mozilla/5.0 AppleWebKit/537.36 (KHTML, like Gecko; compatible; bingbot/2.0; +http://www.bing.com/bingbot.htm) Chrome/116.0.1938.76 Safari/537.36"
52.167.144.161 - - [31/Mar/2026:16:40:44 +0000] "GET /products/detail/214488555 HTTP/1.1" 200 195053 "-" "Mozilla/5.0 AppleWebKit/537.36 (KHTML, like Gecko; compatible; bingbot/2.0; +http://www.bing.com/bingbot.htm) Chrome/116.0.1938.76 Safari/537.36"
52.167.144.161 - - [31/Mar/2026:16:40:45 +0000] "GET /products/detail/227503121 HTTP/1.1" 200 189397 "-" "Mozilla/5.0 AppleWebKit/537.36 (KHTML, like Gecko; compatible; bingbot/2.0; +http://www.bing.com/bingbot.htm) Chrome/116.0.1938.76 Safari/537.36"
52.167.144.161 - - [31/Mar/2026:16:40:46 +0000] "GET /products/detail/197519515 HTTP/1.1" 200 193303 "-" "Mozilla/5.0 AppleWebKit/537.36 (KHTML, like Gecko; compatible; bingbot/2.0; +http://www.bing.com/bingbot.htm) Chrome/116.0.1938.76 Safari/537.36"
52.167.144.161 - - [31/Mar/2026:16:40:46 +0000] "GET /products/detail/287155232 HTTP/1.1" 200 189788 "-" "Mozilla/5.0 AppleWebKit/537.36 (KHTML, like Gecko; compatible; bingbot/2.0; +http://www.bing.com/bingbot.htm) Chrome/116.0.1938.76 Safari/537.36"
52.167.144.161 - - [31/Mar/2026:16:40:47 +0000] "GET /products/detail/258755050 HTTP/1.1" 200 214184 "-" "Mozilla/5.0 AppleWebKit/537.36 (KHTML, like Gecko; compatible; bingbot/2.0; +http://www.bing.com/bingbot.htm) Chrome/116.0.1938.76 Safari/537.36"
52.167.144.161 - - [31/Mar/2026:16:40:48 +0000] "GET /products/detail/185644787 HTTP/1.1" 200 214554 "-" "Mozilla/5.0 AppleWebKit/537.36 (KHTML, like Gecko; compatible; bingbot/2.0; +http://www.bing.com/bingbot.htm) Chrome/116.0.1938.76 Safari/537.36"
52.167.144.161 - - [31/Mar/2026:16:40:49 +0000] "GET /products/detail/216087969 HTTP/1.1" 200 204732 "-" "Mozilla/5.0 AppleWebKit/537.36 (KHTML, like Gecko; compatible; bingbot/2.0; +http://www.bing.com/bingbot.htm) Chrome/116.0.1938.76 Safari/537.36"
52.167.144.161 - - [31/Mar/2026:16:40:50 +0000] "GET /products/detail/216931727 HTTP/1.1" 200 195903 "-" "Mozilla/5.0 AppleWebKit/537.36 (KHTML, like Gecko; compatible; bingbot/2.0; +http://www.bing.com/bingbot.htm) Chrome/116.0.1938.76 Safari/537.36"
52.167.144.161 - - [31/Mar/2026:16:40:51 +0000] "GET /products/detail/190145464 HTTP/1.1" 200 198646 "-" "Mozilla/5.0 AppleWebKit/537.36 (KHTML, like Gecko; compatible; bingbot/2.0; +http://www.bing.com/bingbot.htm) Chrome/116.0.1938.76 Safari/537.36"
52.167.144.161 - - [31/Mar/2026:16:40:51 +0000] "GET /products/detail/165005545 HTTP/1.1" 200 188222 "-" "Mozilla/5.0 AppleWebKit/537.36 (KHTML, like Gecko; compatible; bingbot/2.0; +http://www.bing.com/bingbot.htm) Chrome/116.0.1938.76 Safari/537.36"
52.167.144.161 - - [31/Mar/2026:16:40:52 +0000] "GET /products/detail/176209202 HTTP/1.1" 200 197786 "-" "Mozilla/5.0 AppleWebKit/537.36 (KHTML, like Gecko; compatible; bingbot/2.0; +http://www.bing.com/bingbot.htm) Chrome/116.0.1938.76 Safari/537.36"
192.0.103.42 - - [31/Mar/2026:16:40:52 +0000] "GET / HTTP/1.1" 200 311108 "-" "jetmon/1.0 (Jetpack Site Uptime Monitor by WordPress.com)"
52.167.144.161 - - [31/Mar/2026:16:40:53 +0000] "GET /products/detail/162235343 HTTP/1.1" 200 202884 "-" "Mozilla/5.0 AppleWebKit/537.36 (KHTML, like Gecko; compatible; bingbot/2.0; +http://www.bing.com/bingbot.htm) Chrome/116.0.1938.76 Safari/537.36"
52.167.144.161 - - [31/Mar/2026:16:40:54 +0000] "GET /products/detail/219211313 HTTP/1.1" 200 190116 "-" "Mozilla/5.0 AppleWebKit/537.36 (KHTML, like Gecko; compatible; bingbot/2.0; +http://www.bing.com/bingbot.htm) Chrome/116.0.1938.76 Safari/537.36"
52.167.144.161 - - [31/Mar/2026:16:40:55 +0000] "GET /products/detail/191186323 HTTP/1.1" 200 209345 "-" "Mozilla/5.0 AppleWebKit/537.36 (KHTML, like Gecko; compatible; bingbot/2.0; +http://www.bing.com/bingbot.htm) Chrome/116.0.1938.76 Safari/537.36"
52.167.144.161 - - [31/Mar/2026:16:40:55 +0000] "GET /products/detail/246258444 HTTP/1.1" 200 195986 "-" "Mozilla/5.0 AppleWebKit/537.36 (KHTML, like Gecko; compatible; bingbot/2.0; +http://www.bing.com/bingbot.htm) Chrome/116.0.1938.76 Safari/537.36"
52.167.144.161 - - [31/Mar/2026:16:40:56 +0000] "GET /products/detail/270022727 HTTP/1.1" 200 205754 "-" "Mozilla/5.0 AppleWebKit/537.36 (KHTML, like Gecko; compatible; bingbot/2.0; +http://www.bing.com/bingbot.htm) Chrome/116.0.1938.76 Safari/537.36"
52.167.144.161 - - [31/Mar/2026:16:40:57 +0000] "GET /products/detail/259931242 HTTP/1.1" 200 192526 "-" "Mozilla/5.0 AppleWebKit/537.36 (KHTML, like Gecko; compatible; bingbot/2.0; +http://www.bing.com/bingbot.htm) Chrome/116.0.1938.76 Safari/537.36"
2.57.177.231 - - [31/Mar/2026:16:41:01 +0000] "GET /product/unitek-100w-desktop-gan-charging-station-with-2x-usb-c-pd-ports-2x/?add-to-cart=1920 HTTP/1.1" 200 344386 "-" "Mozilla/5.0 (Macintosh; Intel Mac OS X 10_15_7) AppleWebKit/537.36 (KHTML, like Gecko) Chrome/142.0.0.0 Safari/537.36"
52.167.144.161 - - [31/Mar/2026:16:41:03 +0000] "GET /products/detail/234470020 HTTP/1.1" 200 198723 "-" "Mozilla/5.0 AppleWebKit/537.36 (KHTML, like Gecko; compatible; bingbot/2.0; +http://www.bing.com/bingbot.htm) Chrome/116.0.1938.76 Safari/537.36"
52.167.144.161 - - [31/Mar/2026:16:41:04 +0000] "GET /products/detail/204591828 HTTP/1.1" 200 202218 "-" "Mozilla/5.0 AppleWebKit/537.36 (KHTML, like Gecko; compatible; bingbot/2.0; +http://www.bing.com/bingbot.htm) Chrome/116.0.1938.76 Safari/537.36"
52.167.144.161 - - [31/Mar/2026:16:41:05 +0000] "GET /products/detail/202313353 HTTP/1.1" 200 195092 "-" "Mozilla/5.0 AppleWebKit/537.36 (KHTML, like Gecko; compatible; bingbot/2.0; +http://www.bing.com/bingbot.htm) Chrome/116.0.1938.76 Safari/537.36"
52.167.144.161 - - [31/Mar/2026:16:41:06 +0000] "GET /products/detail/201619919 HTTP/1.1" 200 216556 "-" "Mozilla/5.0 AppleWebKit/537.36 (KHTML, like Gecko; compatible; bingbot/2.0; +http://www.bing.com/bingbot.htm) Chrome/116.0.1938.76 Safari/537.36"
52.167.144.161 - - [31/Mar/2026:16:41:07 +0000] "GET /products/detail/214761606 HTTP/1.1" 200 212714 "-" "Mozilla/5.0 AppleWebKit/537.36 (KHTML, like Gecko; compatible; bingbot/2.0; +http://www.bing.com/bingbot.htm) Chrome/116.0.1938.76 Safari/537.36"
52.167.144.161 - - [31/Mar/2026:16:41:08 +0000] "GET /products/detail/195094787 HTTP/1.1" 200 191469 "-" "Mozilla/5.0 AppleWebKit/537.36 (KHTML, like Gecko; compatible; bingbot/2.0; +http://www.bing.com/bingbot.htm) Chrome/116.0.1938.76 Safari/537.36"
52.167.144.161 - - [31/Mar/2026:16:41:08 +0000] "GET /products/detail/246400646 HTTP/1.1" 200 206484 "-" "Mozilla/5.0 AppleWebKit/537.36 (KHTML, like Gecko; compatible; bingbot/2.0; +http://www.bing.com/bingbot.htm) Chrome/116.0.1938.76 Safari/537.36"
52.167.144.161 - - [31/Mar/2026:16:41:09 +0000] "GET /products/detail/177565151 HTTP/1.1" 200 188866 "-" "Mozilla/5.0 AppleWebKit/537.36 (KHTML, like Gecko; compatible; bingbot/2.0; +http://www.bing.com/bingbot.htm) Chrome/116.0.1938.76 Safari/537.36"
52.167.144.161 - - [31/Mar/2026:16:41:10 +0000] "GET /products/detail/236570737 HTTP/1.1" 200 189640 "-" "Mozilla/5.0 AppleWebKit/537.36 (KHTML, like Gecko; compatible; bingbot/2.0; +http://www.bing.com/bingbot.htm) Chrome/116.0.1938.76 Safari/537.36"
52.167.144.161 - - [31/Mar/2026:16:41:11 +0000] "GET /products/detail/264024333 HTTP/1.1" 200 192534 "-" "Mozilla/5.0 AppleWebKit/537.36 (KHTML, like Gecko; compatible; bingbot/2.0; +http://www.bing.com/bingbot.htm) Chrome/116.0.1938.76 Safari/537.36"
52.167.144.161 - - [31/Mar/2026:16:41:12 +0000] "GET /products/detail/152230949 HTTP/1.1" 200 194282 "-" "Mozilla/5.0 AppleWebKit/537.36 (KHTML, like Gecko; compatible; bingbot/2.0; +http://www.bing.com/bingbot.htm) Chrome/116.0.1938.76 Safari/537.36"
52.167.144.161 - - [31/Mar/2026:16:41:13 +0000] "GET /products/detail/249204252 HTTP/1.1" 200 192156 "-" "Mozilla/5.0 AppleWebKit/537.36 (KHTML, like Gecko; compatible; bingbot/2.0; +http://www.bing.com/bingbot.htm) Chrome/116.0.1938.76 Safari/537.36"
52.167.144.161 - - [31/Mar/2026:16:41:14 +0000] "GET /products/detail/233973909 HTTP/1.1" 200 199555 "-" "Mozilla/5.0 AppleWebKit/537.36 (KHTML, like Gecko; compatible; bingbot/2.0; +http://www.bing.com/bingbot.htm) Chrome/116.0.1938.76 Safari/537.36"
45.61.115.190 - - [31/Mar/2026:16:41:13 +0000] "GET /product/silverstone-pf240-argb-v2-permafrost-liquid-cooler/ HTTP/1.1" 200 308996 "-" "Mozilla/5.0 (Macintosh; Intel Mac OS X 10_15_7) AppleWebKit/537.36 (KHTML, like Gecko) Chrome/142.0.0.0 Safari/537.36"
52.167.144.161 - - [31/Mar/2026:16:41:14 +0000] "GET /products/detail/241448161 HTTP/1.1" 200 192014 "-" "Mozilla/5.0 AppleWebKit/537.36 (KHTML, like Gecko; compatible; bingbot/2.0; +http://www.bing.com/bingbot.htm) Chrome/116.0.1938.76 Safari/537.36"
52.167.144.161 - - [31/Mar/2026:16:41:15 +0000] "GET /products/detail/199463848 HTTP/1.1" 200 197407 "-" "Mozilla/5.0 AppleWebKit/537.36 (KHTML, like Gecko; compatible; bingbot/2.0; +http://www.bing.com/bingbot.htm) Chrome/116.0.1938.76 Safari/537.36"
52.167.144.161 - - [31/Mar/2026:16:41:16 +0000] "GET /products/detail/173374313 HTTP/1.1" 200 191469 "-" "Mozilla/5.0 AppleWebKit/537.36 (KHTML, like Gecko; compatible; bingbot/2.0; +http://www.bing.com/bingbot.htm) Chrome/116.0.1938.76 Safari/537.36"
52.167.144.161 - - [31/Mar/2026:16:41:17 +0000] "GET /products/detail/208027565 HTTP/1.1" 200 200452 "-" "Mozilla/5.0 AppleWebKit/537.36 (KHTML, like Gecko; compatible; bingbot/2.0; +http://www.bing.com/bingbot.htm) Chrome/116.0.1938.76 Safari/537.36"
52.167.144.161 - - [31/Mar/2026:16:41:18 +0000] "GET /products/detail/255616202 HTTP/1.1" 200 202337 "-" "Mozilla/5.0 AppleWebKit/537.36 (KHTML, like Gecko; compatible; bingbot/2.0; +http://www.bing.com/bingbot.htm) Chrome/116.0.1938.76 Safari/537.36"
52.167.144.161 - - [31/Mar/2026:16:41:18 +0000] "GET /products/detail/224605010 HTTP/1.1" 200 193878 "-" "Mozilla/5.0 AppleWebKit/537.36 (KHTML, like Gecko; compatible; bingbot/2.0; +http://www.bing.com/bingbot.htm) Chrome/116.0.1938.76 Safari/537.36"
52.167.144.161 - - [31/Mar/2026:16:41:19 +0000] "GET /products/detail/214548858 HTTP/1.1" 200 197339 "-" "Mozilla/5.0 AppleWebKit/537.36 (KHTML, like Gecko; compatible; bingbot/2.0; +http://www.bing.com/bingbot.htm) Chrome/116.0.1938.76 Safari/537.36"
52.167.144.161 - - [31/Mar/2026:16:41:20 +0000] "GET /products/detail/245083616 HTTP/1.1" 200 203832 "-" "Mozilla/5.0 AppleWebKit/537.36 (KHTML, like Gecko; compatible; bingbot/2.0; +http://www.bing.com/bingbot.htm) Chrome/116.0.1938.76 Safari/537.36"
52.167.144.161 - - [31/Mar/2026:16:41:21 +0000] "GET /products/detail/186264666 HTTP/1.1" 200 195017 "-" "Mozilla/5.0 AppleWebKit/537.36 (KHTML, like Gecko; compatible; bingbot/2.0; +http://www.bing.com/bingbot.htm) Chrome/116.0.1938.76 Safari/537.36"
52.167.144.161 - - [31/Mar/2026:16:41:22 +0000] "GET /products/detail/181246727 HTTP/1.1" 200 191986 "-" "Mozilla/5.0 AppleWebKit/537.36 (KHTML, like Gecko; compatible; bingbot/2.0; +http://www.bing.com/bingbot.htm) Chrome/116.0.1938.76 Safari/537.36"
52.167.144.161 - - [31/Mar/2026:16:41:23 +0000] "GET /products/detail/223795454 HTTP/1.1" 200 190579 "-" "Mozilla/5.0 AppleWebKit/537.36 (KHTML, like Gecko; compatible; bingbot/2.0; +http://www.bing.com/bingbot.htm) Chrome/116.0.1938.76 Safari/537.36"
52.167.144.161 - - [31/Mar/2026:16:41:24 +0000] "GET /products/detail/236618767 HTTP/1.1" 200 195135 "-" "Mozilla/5.0 AppleWebKit/537.36 (KHTML, like Gecko; compatible; bingbot/2.0; +http://www.bing.com/bingbot.htm) Chrome/116.0.1938.76 Safari/537.36"
52.167.144.161 - - [31/Mar/2026:16:41:24 +0000] "GET /products/detail/222443101 HTTP/1.1" 200 210030 "-" "Mozilla/5.0 AppleWebKit/537.36 (KHTML, like Gecko; compatible; bingbot/2.0; +http://www.bing.com/bingbot.htm) Chrome/116.0.1938.76 Safari/537.36"
52.167.144.161 - - [31/Mar/2026:16:41:25 +0000] "GET /products/detail/186559181 HTTP/1.1" 200 206978 "-" "Mozilla/5.0 AppleWebKit/537.36 (KHTML, like Gecko; compatible; bingbot/2.0; +http://www.bing.com/bingbot.htm) Chrome/116.0.1938.76 Safari/537.36"
52.167.144.161 - - [31/Mar/2026:16:41:26 +0000] "GET /products/detail/208335363 HTTP/1.1" 200 204035 "-" "Mozilla/5.0 AppleWebKit/537.36 (KHTML, like Gecko; compatible; bingbot/2.0; +http://www.bing.com/bingbot.htm) Chrome/116.0.1938.76 Safari/537.36"
52.167.144.161 - - [31/Mar/2026:16:41:27 +0000] "GET /products/detail/199906868 HTTP/1.1" 200 195322 "-" "Mozilla/5.0 AppleWebKit/537.36 (KHTML, like Gecko; compatible; bingbot/2.0; +http://www.bing.com/bingbot.htm) Chrome/116.0.1938.76 Safari/537.36"
142.147.182.173 - - [31/Mar/2026:16:41:25 +0000] "GET /product/dynamix-1m-hdmi-10gbs-slimline-high-speed-cable-with-ethernet/?add-to-cart=1886 HTTP/1.1" 200 341153 "-" "Mozilla/5.0 (Macintosh; Intel Mac OS X 10_15_7) AppleWebKit/537.36 (KHTML, like Gecko) Chrome/142.0.0.0 Safari/537.36"
52.167.144.161 - - [31/Mar/2026:16:41:28 +0000] "GET /products/detail/185528242 HTTP/1.1" 200 189387 "-" "Mozilla/5.0 AppleWebKit/537.36 (KHTML, like Gecko; compatible; bingbot/2.0; +http://www.bing.com/bingbot.htm) Chrome/116.0.1938.76 Safari/537.36"
52.167.144.161 - - [31/Mar/2026:16:41:33 +0000] "GET /products/detail/201529787 HTTP/1.1" 200 193340 "-" "Mozilla/5.0 AppleWebKit/537.36 (KHTML, like Gecko; compatible; bingbot/2.0; +http://www.bing.com/bingbot.htm) Chrome/116.0.1938.76 Safari/537.36"
52.167.144.161 - - [31/Mar/2026:16:41:33 +0000] "GET /products/detail/214645838 HTTP/1.1" 200 218051 "-" "Mozilla/5.0 AppleWebKit/537.36 (KHTML, like Gecko; compatible; bingbot/2.0; +http://www.bing.com/bingbot.htm) Chrome/116.0.1938.76 Safari/537.36"
52.167.144.161 - - [31/Mar/2026:16:41:34 +0000] "GET /products/detail/239354323 HTTP/1.1" 200 205961 "-" "Mozilla/5.0 AppleWebKit/537.36 (KHTML, like Gecko; compatible; bingbot/2.0; +http://www.bing.com/bingbot.htm) Chrome/116.0.1938.76 Safari/537.36"
52.167.144.161 - - [31/Mar/2026:16:41:35 +0000] "GET /products/detail/224609737 HTTP/1.1" 200 205901 "-" "Mozilla/5.0 AppleWebKit/537.36 (KHTML, like Gecko; compatible; bingbot/2.0; +http://www.bing.com/bingbot.htm) Chrome/116.0.1938.76 Safari/537.36"
52.167.144.161 - - [31/Mar/2026:16:41:36 +0000] "GET /products/detail/249236212 HTTP/1.1" 200 192819 "-" "Mozilla/5.0 AppleWebKit/537.36 (KHTML, like Gecko; compatible; bingbot/2.0; +http://www.bing.com/bingbot.htm) Chrome/116.0.1938.76 Safari/537.36"
52.167.144.161 - - [31/Mar/2026:16:41:37 +0000] "GET /products/detail/210987888 HTTP/1.1" 200 209285 "-" "Mozilla/5.0 AppleWebKit/537.36 (KHTML, like Gecko; compatible; bingbot/2.0; +http://www.bing.com/bingbot.htm) Chrome/116.0.1938.76 Safari/537.36"
52.167.144.161 - - [31/Mar/2026:16:41:38 +0000] "GET /products/detail/186372888 HTTP/1.1" 200 198943 "-" "Mozilla/5.0 AppleWebKit/537.36 (KHTML, like Gecko; compatible; bingbot/2.0; +http://www.bing.com/bingbot.htm) Chrome/116.0.1938.76 Safari/537.36"
45.41.165.173 - - [31/Mar/2026:16:41:39 +0000] "GET /wp-content/uploads/2024/12/1421942_promate-compact-all-in-1-multi-connect-charging-cable-travel-kit.jpg HTTP/1.1" 200 544819 "-" "Mozilla/5.0 (Macintosh; Intel Mac OS X 10_15_7) AppleWebKit/537.36 (KHTML, like Gecko) Chrome/142.0.0.0 Safari/537.36"
52.167.144.161 - - [31/Mar/2026:16:41:39 +0000] "GET /products/detail/241039343 HTTP/1.1" 200 199982 "-" "Mozilla/5.0 AppleWebKit/537.36 (KHTML, like Gecko; compatible; bingbot/2.0; +http://www.bing.com/bingbot.htm) Chrome/116.0.1938.76 Safari/537.36"
52.167.144.161 - - [31/Mar/2026:16:41:40 +0000] "GET /products/detail/189948474 HTTP/1.1" 200 195309 "-" "Mozilla/5.0 AppleWebKit/537.36 (KHTML, like Gecko; compatible; bingbot/2.0; +http://www.bing.com/bingbot.htm) Chrome/116.0.1938.76 Safari/537.36"
52.167.144.161 - - [31/Mar/2026:16:41:41 +0000] "GET /products/detail/202875414 HTTP/1.1" 200 190987 "-" "Mozilla/5.0 AppleWebKit/537.36 (KHTML, like Gecko; compatible; bingbot/2.0; +http://www.bing.com/bingbot.htm) Chrome/116.0.1938.76 Safari/537.36"
52.167.144.161 - - [31/Mar/2026:16:41:42 +0000] "GET /products/detail/277366151 HTTP/1.1" 200 208082 "-" "Mozilla/5.0 AppleWebKit/537.36 (KHTML, like Gecko; compatible; bingbot/2.0; +http://www.bing.com/bingbot.htm) Chrome/116.0.1938.76 Safari/537.36"
52.167.144.161 - - [31/Mar/2026:16:41:42 +0000] "GET /products/detail/207185050 HTTP/1.1" 200 198579 "-" "Mozilla/5.0 AppleWebKit/537.36 (KHTML, like Gecko; compatible; bingbot/2.0; +http://www.bing.com/bingbot.htm) Chrome/116.0.1938.76 Safari/537.36"
52.167.144.161 - - [31/Mar/2026:16:41:43 +0000] "GET /products/detail/194657404 HTTP/1.1" 200 198870 "-" "Mozilla/5.0 AppleWebKit/537.36 (KHTML, like Gecko; compatible; bingbot/2.0; +http://www.bing.com/bingbot.htm) Chrome/116.0.1938.76 Safari/537.36"
52.167.144.161 - - [31/Mar/2026:16:41:44 +0000] "GET /products/detail/194908727 HTTP/1.1" 200 204575 "-" "Mozilla/5.0 AppleWebKit/537.36 (KHTML, like Gecko; compatible; bingbot/2.0; +http://www.bing.com/bingbot.htm) Chrome/116.0.1938.76 Safari/537.36"
52.167.144.161 - - [31/Mar/2026:16:41:45 +0000] "GET /products/detail/212900848 HTTP/1.1" 200 193951 "-" "Mozilla/5.0 AppleWebKit/537.36 (KHTML, like Gecko; compatible; bingbot/2.0; +http://www.bing.com/bingbot.htm) Chrome/116.0.1938.76 Safari/537.36"
52.167.144.161 - - [31/Mar/2026:16:41:46 +0000] "GET /products/detail/226838575 HTTP/1.1" 200 197882 "-" "Mozilla/5.0 AppleWebKit/537.36 (KHTML, like Gecko; compatible; bingbot/2.0; +http://www.bing.com/bingbot.htm) Chrome/116.0.1938.76 Safari/537.36"
52.167.144.161 - - [31/Mar/2026:16:41:46 +0000] "GET /products/detail/211013989 HTTP/1.1" 200 207621 "-" "Mozilla/5.0 AppleWebKit/537.36 (KHTML, like Gecko; compatible; bingbot/2.0; +http://www.bing.com/bingbot.htm) Chrome/116.0.1938.76 Safari/537.36"
52.167.144.161 - - [31/Mar/2026:16:41:48 +0000] "GET /products/detail/136219373 HTTP/1.1" 200 198435 "-" "Mozilla/5.0 AppleWebKit/537.36 (KHTML, like Gecko; compatible; bingbot/2.0; +http://www.bing.com/bingbot.htm) Chrome/116.0.1938.76 Safari/537.36"
52.167.144.161 - - [31/Mar/2026:16:41:48 +0000] "GET /products/detail/248422505 HTTP/1.1" 200 198759 "-" "Mozilla/5.0 AppleWebKit/537.36 (KHTML, like Gecko; compatible; bingbot/2.0; +http://www.bing.com/bingbot.htm) Chrome/116.0.1938.76 Safari/537.36"
52.167.144.161 - - [31/Mar/2026:16:41:49 +0000] "GET /products/detail/164426515 HTTP/1.1" 200 206197 "-" "Mozilla/5.0 AppleWebKit/537.36 (KHTML, like Gecko; compatible; bingbot/2.0; +http://www.bing.com/bingbot.htm) Chrome/116.0.1938.76 Safari/537.36"
52.167.144.161 - - [31/Mar/2026:16:41:50 +0000] "GET /products/detail/193061242 HTTP/1.1" 200 208227 "-" "Mozilla/5.0 AppleWebKit/537.36 (KHTML, like Gecko; compatible; bingbot/2.0; +http://www.bing.com/bingbot.htm) Chrome/116.0.1938.76 Safari/537.36"
52.167.144.161 - - [31/Mar/2026:16:41:51 +0000] "GET /products/detail/234177636 HTTP/1.1" 200 216298 "-" "Mozilla/5.0 AppleWebKit/537.36 (KHTML, like Gecko; compatible; bingbot/2.0; +http://www.bing.com/bingbot.htm) Chrome/116.0.1938.76 Safari/537.36"
52.167.144.161 - - [31/Mar/2026:16:41:52 +0000] "GET /products/detail/252178070 HTTP/1.1" 200 192333 "-" "Mozilla/5.0 AppleWebKit/537.36 (KHTML, like Gecko; compatible; bingbot/2.0; +http://www.bing.com/bingbot.htm) Chrome/116.0.1938.76 Safari/537.36"
52.167.144.161 - - [31/Mar/2026:16:41:53 +0000] "GET /products/detail/168216525 HTTP/1.1" 200 193460 "-" "Mozilla/5.0 AppleWebKit/537.36 (KHTML, like Gecko; compatible; bingbot/2.0; +http://www.bing.com/bingbot.htm) Chrome/116.0.1938.76 Safari/537.36"
52.167.144.161 - - [31/Mar/2026:16:41:53 +0000] "GET /products/detail/175429808 HTTP/1.1" 200 194714 "-" "Mozilla/5.0 AppleWebKit/537.36 (KHTML, like Gecko; compatible; bingbot/2.0; +http://www.bing.com/bingbot.htm) Chrome/116.0.1938.76 Safari/537.36"
52.167.144.161 - - [31/Mar/2026:16:41:54 +0000] "GET /products/detail/158614979 HTTP/1.1" 200 201666 "-" "Mozilla/5.0 AppleWebKit/537.36 (KHTML, like Gecko; compatible; bingbot/2.0; +http://www.bing.com/bingbot.htm) Chrome/116.0.1938.76 Safari/537.36"
52.167.144.161 - - [31/Mar/2026:16:41:55 +0000] "GET /products/detail/209015212 HTTP/1.1" 200 203374 "-" "Mozilla/5.0 AppleWebKit/537.36 (KHTML, like Gecko; compatible; bingbot/2.0; +http://www.bing.com/bingbot.htm) Chrome/116.0.1938.76 Safari/537.36"
52.167.144.161 - - [31/Mar/2026:16:41:56 +0000] "GET /products/detail/280434363 HTTP/1.1" 200 203800 "-" "Mozilla/5.0 AppleWebKit/537.36 (KHTML, like Gecko; compatible; bingbot/2.0; +http://www.bing.com/bingbot.htm) Chrome/116.0.1938.76 Safari/537.36"
52.167.144.161 - - [31/Mar/2026:16:41:57 +0000] "GET /products/detail/237227959 HTTP/1.1" 200 189810 "-" "Mozilla/5.0 AppleWebKit/537.36 (KHTML, like Gecko; compatible; bingbot/2.0; +http://www.bing.com/bingbot.htm) Chrome/116.0.1938.76 Safari/537.36"
52.167.144.161 - - [31/Mar/2026:16:41:58 +0000] "GET /products/detail/237570747 HTTP/1.1" 200 192044 "-" "Mozilla/5.0 AppleWebKit/537.36 (KHTML, like Gecko; compatible; bingbot/2.0; +http://www.bing.com/bingbot.htm) Chrome/116.0.1938.76 Safari/537.36"
52.167.144.161 - - [31/Mar/2026:16:42:03 +0000] "GET /products/detail/228004757 HTTP/1.1" 200 190585 "-" "Mozilla/5.0 AppleWebKit/537.36 (KHTML, like Gecko; compatible; bingbot/2.0; +http://www.bing.com/bingbot.htm) Chrome/116.0.1938.76 Safari/537.36"
45.79.238.235 - - [31/Mar/2026:16:42:03 +0000] "POST /wp-cron.php?doing_wp_cron=1774975323.8963780403137207031250 HTTP/1.1" 200 - "-" "WordPress/6.9.4; https://thecomputerdoctor.co.nz"
104.252.184.192 - - [31/Mar/2026:16:42:02 +0000] "GET /product/dynamix-3m-hdmi-10gbs-slimline-high-speed-cable-with-ethernet/?add-to-cart=1866 HTTP/1.1" 200 341077 "-" "Mozilla/5.0 (Macintosh; Intel Mac OS X 10_15_7) AppleWebKit/537.36 (KHTML, like Gecko) Chrome/142.0.0.0 Safari/537.36"
52.167.144.161 - - [31/Mar/2026:16:42:04 +0000] "GET /products/detail/239353424 HTTP/1.1" 200 212252 "-" "Mozilla/5.0 AppleWebKit/537.36 (KHTML, like Gecko; compatible; bingbot/2.0; +http://www.bing.com/bingbot.htm) Chrome/116.0.1938.76 Safari/537.36"
52.167.144.161 - - [31/Mar/2026:16:42:04 +0000] "GET /products/detail/218550585 HTTP/1.1" 200 199933 "-" "Mozilla/5.0 AppleWebKit/537.36 (KHTML, like Gecko; compatible; bingbot/2.0; +http://www.bing.com/bingbot.htm) Chrome/116.0.1938.76 Safari/537.36"
52.167.144.161 - - [31/Mar/2026:16:42:05 +0000] "GET /products/detail/224450767 HTTP/1.1" 200 197142 "-" "Mozilla/5.0 AppleWebKit/537.36 (KHTML, like Gecko; compatible; bingbot/2.0; +http://www.bing.com/bingbot.htm) Chrome/116.0.1938.76 Safari/537.36"
52.167.144.161 - - [31/Mar/2026:16:42:06 +0000] "GET /products/detail/248162848 HTTP/1.1" 200 205654 "-" "Mozilla/5.0 AppleWebKit/537.36 (KHTML, like Gecko; compatible; bingbot/2.0; +http://www.bing.com/bingbot.htm) Chrome/116.0.1938.76 Safari/537.36"
52.167.144.161 - - [31/Mar/2026:16:42:07 +0000] "GET /products/detail/274084202 HTTP/1.1" 200 215564 "-" "Mozilla/5.0 AppleWebKit/537.36 (KHTML, like Gecko; compatible; bingbot/2.0; +http://www.bing.com/bingbot.htm) Chrome/116.0.1938.76 Safari/537.36"
52.167.144.161 - - [31/Mar/2026:16:42:08 +0000] "GET /products/detail/263908232 HTTP/1.1" 200 200370 "-" "Mozilla/5.0 AppleWebKit/537.36 (KHTML, like Gecko; compatible; bingbot/2.0; +http://www.bing.com/bingbot.htm) Chrome/116.0.1938.76 Safari/537.36"
52.167.144.161 - - [31/Mar/2026:16:42:09 +0000] "GET /products/detail/237176989 HTTP/1.1" 200 197542 "-" "Mozilla/5.0 AppleWebKit/537.36 (KHTML, like Gecko; compatible; bingbot/2.0; +http://www.bing.com/bingbot.htm) Chrome/116.0.1938.76 Safari/537.36"
52.167.144.161 - - [31/Mar/2026:16:42:09 +0000] "GET /products/detail/199863444 HTTP/1.1" 200 215422 "-" "Mozilla/5.0 AppleWebKit/537.36 (KHTML, like Gecko; compatible; bingbot/2.0; +http://www.bing.com/bingbot.htm) Chrome/116.0.1938.76 Safari/537.36"
52.167.144.161 - - [31/Mar/2026:16:42:10 +0000] "GET /products/detail/274513484 HTTP/1.1" 200 201178 "-" "Mozilla/5.0 AppleWebKit/537.36 (KHTML, like Gecko; compatible; bingbot/2.0; +http://www.bing.com/bingbot.htm) Chrome/116.0.1938.76 Safari/537.36"
52.167.144.161 - - [31/Mar/2026:16:42:11 +0000] "GET /products/detail/179104484 HTTP/1.1" 200 207078 "-" "Mozilla/5.0 AppleWebKit/537.36 (KHTML, like Gecko; compatible; bingbot/2.0; +http://www.bing.com/bingbot.htm) Chrome/116.0.1938.76 Safari/537.36"
52.167.144.161 - - [31/Mar/2026:16:42:11 +0000] "GET /products/detail/225817070 HTTP/1.1" 200 212508 "-" "Mozilla/5.0 AppleWebKit/537.36 (KHTML, like Gecko; compatible; bingbot/2.0; +http://www.bing.com/bingbot.htm) Chrome/116.0.1938.76 Safari/537.36"
52.167.144.161 - - [31/Mar/2026:16:42:12 +0000] "GET /products/detail/179168515 HTTP/1.1" 200 192674 "-" "Mozilla/5.0 AppleWebKit/537.36 (KHTML, like Gecko; compatible; bingbot/2.0; +http://www.bing.com/bingbot.htm) Chrome/116.0.1938.76 Safari/537.36"
52.167.144.161 - - [31/Mar/2026:16:42:13 +0000] "GET /products/detail/178548282 HTTP/1.1" 200 201936 "-" "Mozilla/5.0 AppleWebKit/537.36 (KHTML, like Gecko; compatible; bingbot/2.0; +http://www.bing.com/bingbot.htm) Chrome/116.0.1938.76 Safari/537.36"
31.56.136.135 - - [31/Mar/2026:16:42:14 +0000] "GET /wp-content/uploads/2024/04/1381476_promate-10000mah-magnetic-qi-15w-wireless-charging-power-bank-usb-c.jpg HTTP/1.1" 200 305155 "-" "Mozilla/5.0 (Macintosh; Intel Mac OS X 10_15_7) AppleWebKit/537.36 (KHTML, like Gecko) Chrome/142.0.0.0 Safari/537.36"
52.167.144.161 - - [31/Mar/2026:16:42:14 +0000] "GET /products/detail/227041757 HTTP/1.1" 200 201840 "-" "Mozilla/5.0 AppleWebKit/537.36 (KHTML, like Gecko; compatible; bingbot/2.0; +http://www.bing.com/bingbot.htm) Chrome/116.0.1938.76 Safari/537.36"
52.167.144.161 - - [31/Mar/2026:16:42:15 +0000] "GET /products/detail/210415151 HTTP/1.1" 200 208521 "-" "Mozilla/5.0 AppleWebKit/537.36 (KHTML, like Gecko; compatible; bingbot/2.0; +http://www.bing.com/bingbot.htm) Chrome/116.0.1938.76 Safari/537.36"
52.167.144.161 - - [31/Mar/2026:16:42:16 +0000] "GET /products/detail/243627303 HTTP/1.1" 200 217362 "-" "Mozilla/5.0 AppleWebKit/537.36 (KHTML, like Gecko; compatible; bingbot/2.0; +http://www.bing.com/bingbot.htm) Chrome/116.0.1938.76 Safari/537.36"
52.167.144.161 - - [31/Mar/2026:16:42:16 +0000] "GET /products/detail/207813363 HTTP/1.1" 200 195183 "-" "Mozilla/5.0 AppleWebKit/537.36 (KHTML, like Gecko; compatible; bingbot/2.0; +http://www.bing.com/bingbot.htm) Chrome/116.0.1938.76 Safari/537.36"
52.167.144.161 - - [31/Mar/2026:16:42:17 +0000] "GET /products/detail/265271737 HTTP/1.1" 200 209737 "-" "Mozilla/5.0 AppleWebKit/537.36 (KHTML, like Gecko; compatible; bingbot/2.0; +http://www.bing.com/bingbot.htm) Chrome/116.0.1938.76 Safari/537.36"
52.167.144.161 - - [31/Mar/2026:16:42:18 +0000] "GET /products/detail/223655737 HTTP/1.1" 200 216250 "-" "Mozilla/5.0 AppleWebKit/537.36 (KHTML, like Gecko; compatible; bingbot/2.0; +http://www.bing.com/bingbot.htm) Chrome/116.0.1938.76 Safari/537.36"
52.167.144.161 - - [31/Mar/2026:16:42:19 +0000] "GET /products/detail/187347474 HTTP/1.1" 200 192038 "-" "Mozilla/5.0 AppleWebKit/537.36 (KHTML, like Gecko; compatible; bingbot/2.0; +http://www.bing.com/bingbot.htm) Chrome/116.0.1938.76 Safari/537.36"
52.167.144.161 - - [31/Mar/2026:16:42:20 +0000] "GET /products/detail/201396141 HTTP/1.1" 200 191186 "-" "Mozilla/5.0 AppleWebKit/537.36 (KHTML, like Gecko; compatible; bingbot/2.0; +http://www.bing.com/bingbot.htm) Chrome/116.0.1938.76 Safari/537.36"
52.167.144.161 - - [31/Mar/2026:16:42:20 +0000] "GET /products/detail/233492383 HTTP/1.1" 200 190044 "-" "Mozilla/5.0 AppleWebKit/537.36 (KHTML, like Gecko; compatible; bingbot/2.0; +http://www.bing.com/bingbot.htm) Chrome/116.0.1938.76 Safari/537.36"
52.167.144.161 - - [31/Mar/2026:16:42:21 +0000] "GET /products/detail/175029303 HTTP/1.1" 200 190418 "-" "Mozilla/5.0 AppleWebKit/537.36 (KHTML, like Gecko; compatible; bingbot/2.0; +http://www.bing.com/bingbot.htm) Chrome/116.0.1938.76 Safari/537.36"
52.167.144.161 - - [31/Mar/2026:16:42:22 +0000] "GET /products/detail/262719888 HTTP/1.1" 200 204616 "-" "Mozilla/5.0 AppleWebKit/537.36 (KHTML, like Gecko; compatible; bingbot/2.0; +http://www.bing.com/bingbot.htm) Chrome/116.0.1938.76 Safari/537.36"
52.167.144.161 - - [31/Mar/2026:16:42:23 +0000] "GET /products/detail/243125323 HTTP/1.1" 200 198093 "-" "Mozilla/5.0 AppleWebKit/537.36 (KHTML, like Gecko; compatible; bingbot/2.0; +http://www.bing.com/bingbot.htm) Chrome/116.0.1938.76 Safari/537.36"
52.167.144.161 - - [31/Mar/2026:16:42:24 +0000] "GET /products/detail/201579747 HTTP/1.1" 200 194459 "-" "Mozilla/5.0 AppleWebKit/537.36 (KHTML, like Gecko; compatible; bingbot/2.0; +http://www.bing.com/bingbot.htm) Chrome/116.0.1938.76 Safari/537.36"
52.167.144.161 - - [31/Mar/2026:16:42:25 +0000] "GET /products/detail/182138848 HTTP/1.1" 200 197731 "-" "Mozilla/5.0 AppleWebKit/537.36 (KHTML, like Gecko; compatible; bingbot/2.0; +http://www.bing.com/bingbot.htm) Chrome/116.0.1938.76 Safari/537.36"
52.167.144.161 - - [31/Mar/2026:16:42:25 +0000] "GET /products/detail/262251666 HTTP/1.1" 200 209207 "-" "Mozilla/5.0 AppleWebKit/537.36 (KHTML, like Gecko; compatible; bingbot/2.0; +http://www.bing.com/bingbot.htm) Chrome/116.0.1938.76 Safari/537.36"
52.167.144.161 - - [31/Mar/2026:16:42:26 +0000] "GET /products/detail/196184707 HTTP/1.1" 200 192831 "-" "Mozilla/5.0 AppleWebKit/537.36 (KHTML, like Gecko; compatible; bingbot/2.0; +http://www.bing.com/bingbot.htm) Chrome/116.0.1938.76 Safari/537.36"
45.79.238.235 - - [31/Mar/2026:16:42:27 +0000] "POST /wp-cron.php?doing_wp_cron=1774975347.0702819824218750000000 HTTP/1.1" 200 - "-" "WordPress/6.9.4; https://thecomputerdoctor.co.nz"
159.148.158.68 - - [31/Mar/2026:16:42:24 +0000] "GET /page/2/?taxonomy=product_shipping_class&term=sml-bag HTTP/1.1" 200 287901 "-" "Mozilla/5.0 (Macintosh; Intel Mac OS X 10_15_7) AppleWebKit/537.36 (KHTML, like Gecko) Chrome/142.0.0.0 Safari/537.36"
