111.90.182.134 - - [31/Mar/2026:14:41:27 +0000] "POST /clientlog HTTP/1.1" 404 208178 "https://thecomputerdoctor.co.nz/products/detail/134597575.php" "Mozilla/5.0 (Windows NT 10.0; Win64; x64) AppleWebKit/537.36 (KHTML, like Gecko) Chrome/146.0.0.0 Safari/537.36"
111.90.182.134 - - [31/Mar/2026:14:41:30 +0000] "POST /wp-admin/helper.php?p=products%2Fdetail HTTP/1.1" 302 - "https://thecomputerdoctor.co.nz/wp-admin/helper.php?p=products%2Fdetail" "Mozilla/5.0 (Windows NT 10.0; Win64; x64) AppleWebKit/537.36 (KHTML, like Gecko) Chrome/146.0.0.0 Safari/537.36"
111.90.182.134 - - [31/Mar/2026:14:41:30 +0000] "GET /wp-admin/helper.php?p=products%2Fdetail HTTP/1.1" 200 39881 "https://thecomputerdoctor.co.nz/wp-admin/helper.php?p=products%2Fdetail" "Mozilla/5.0 (Windows NT 10.0; Win64; x64) AppleWebKit/537.36 (KHTML, like Gecko) Chrome/146.0.0.0 Safari/537.36"
111.90.182.134 - - [31/Mar/2026:14:41:33 +0000] "GET /products/detail/134597575 HTTP/1.1" 200 227844 "-" "Mozilla/5.0 (Windows NT 10.0; Win64; x64) AppleWebKit/537.36 (KHTML, like Gecko) Chrome/146.0.0.0 Safari/537.36"
111.90.182.134 - - [31/Mar/2026:14:41:36 +0000] "GET /products/detail/134597575 HTTP/1.1" 200 227844 "-" "Mozilla/5.0 (Windows NT 10.0; Win64; x64) AppleWebKit/537.36 (KHTML, like Gecko) Chrome/146.0.0.0 Safari/537.36"
111.90.182.134 - - [31/Mar/2026:14:41:39 +0000] "GET /products/detail/134597575 HTTP/1.1" 200 227844 "-" "Mozilla/5.0 (Windows NT 10.0; Win64; x64) AppleWebKit/537.36 (KHTML, like Gecko) Chrome/146.0.0.0 Safari/537.36"
111.90.182.134 - - [31/Mar/2026:14:41:42 +0000] "GET /products/detail/134597575 HTTP/1.1" 200 227844 "-" "Mozilla/5.0 (Windows NT 10.0; Win64; x64) AppleWebKit/537.36 (KHTML, like Gecko) Chrome/146.0.0.0 Safari/537.36"
111.90.182.134 - - [31/Mar/2026:14:41:47 +0000] "GET /products/detail/134597575 HTTP/1.1" 200 227844 "https://thecomputerdoctor.co.nz/wp-admin/helper.php?p=products%2Fdetail" "Mozilla/5.0 (Windows NT 10.0; Win64; x64) AppleWebKit/537.36 (KHTML, like Gecko) Chrome/146.0.0.0 Safari/537.36"
66.249.64.107 - - [31/Mar/2026:14:41:50 +0000] "GET /product/2-in-1-microfibre-screencleaner/ HTTP/1.1" 200 200203 "-" "Mozilla/5.0 (Linux; Android 6.0.1; Nexus 5X Build/MMB29P) AppleWebKit/537.36 (KHTML, like Gecko) Chrome/146.0.7680.153 Mobile Safari/537.36 (compatible; Googlebot/2.1; +http://www.google.com/bot.html)"
45.79.238.235 - - [31/Mar/2026:14:41:54 +0000] "POST /wp-cron.php?doing_wp_cron=1774968114.7432000637054443359375 HTTP/1.1" 200 - "-" "WordPress/6.9.4; https://thecomputerdoctor.co.nz"
111.90.182.134 - - [31/Mar/2026:14:41:53 +0000] "GET /products/detail/284246656 HTTP/1.1" 404 208178 "https://www.google.com/" "Mozilla/5.0 (Windows NT 10.0; Win64; x64) AppleWebKit/537.36 (KHTML, like Gecko) Chrome/146.0.0.0 Safari/537.36"
111.90.182.134 - - [31/Mar/2026:14:41:55 +0000] "POST /?wc-ajax=get_refreshed_fragments HTTP/1.1" 200 6551 "https://thecomputerdoctor.co.nz/products/detail/284246656" "Mozilla/5.0 (Windows NT 10.0; Win64; x64) AppleWebKit/537.36 (KHTML, like Gecko) Chrome/146.0.0.0 Safari/537.36"
111.90.182.134 - - [31/Mar/2026:14:42:00 +0000] "GET /products/detail/134597575 HTTP/1.1" 200 227844 "-" "Mozilla/5.0 (Windows NT 10.0; Win64; x64) AppleWebKit/537.36 (KHTML, like Gecko) Chrome/146.0.0.0 Safari/537.36"
111.90.182.134 - - [31/Mar/2026:14:42:04 +0000] "GET /?p=4149 HTTP/1.1" 301 - "https://www.google.com/" "Mozilla/5.0 (Windows NT 10.0; Win64; x64) AppleWebKit/537.36 (KHTML, like Gecko) Chrome/146.0.0.0 Safari/537.36"
111.90.182.134 - - [31/Mar/2026:14:42:06 +0000] "GET /2026/02/25/slot-machines-with-respins-in-australia/ HTTP/1.1" 200 218683 "https://www.google.com/" "Mozilla/5.0 (Windows NT 10.0; Win64; x64) AppleWebKit/537.36 (KHTML, like Gecko) Chrome/146.0.0.0 Safari/537.36"
111.90.182.134 - - [31/Mar/2026:14:42:09 +0000] "GET /?p=3434 HTTP/1.1" 301 - "https://www.google.com/" "Mozilla/5.0 (Windows NT 10.0; Win64; x64) AppleWebKit/537.36 (KHTML, like Gecko) Chrome/146.0.0.0 Safari/537.36"
111.90.182.134 - - [31/Mar/2026:14:42:11 +0000] "GET /2026/02/25/does-perth-have-pokies/ HTTP/1.1" 200 218189 "https://www.google.com/" "Mozilla/5.0 (Windows NT 10.0; Win64; x64) AppleWebKit/537.36 (KHTML, like Gecko) Chrome/146.0.0.0 Safari/537.36"
111.90.182.134 - - [31/Mar/2026:14:42:14 +0000] "GET /?p=4457 HTTP/1.1" 301 - "https://www.google.com/" "Mozilla/5.0 (Windows NT 10.0; Win64; x64) AppleWebKit/537.36 (KHTML, like Gecko) Chrome/146.0.0.0 Safari/537.36"
111.90.182.134 - - [31/Mar/2026:14:42:15 +0000] "GET /2026/02/25/gambling-online-australia/ HTTP/1.1" 200 217994 "https://www.google.com/" "Mozilla/5.0 (Windows NT 10.0; Win64; x64) AppleWebKit/537.36 (KHTML, like Gecko) Chrome/146.0.0.0 Safari/537.36"
111.90.182.134 - - [31/Mar/2026:14:42:16 +0000] "GET /products/detail/284246656 HTTP/1.1" 404 208178 "https://www.google.com/" "Mozilla/5.0 (Windows NT 10.0; Win64; x64) AppleWebKit/537.36 (KHTML, like Gecko) Chrome/146.0.0.0 Safari/537.36"
111.90.182.134 - - [31/Mar/2026:14:42:18 +0000] "POST /?wc-ajax=get_refreshed_fragments HTTP/1.1" 200 6551 "https://thecomputerdoctor.co.nz/products/detail/284246656" "Mozilla/5.0 (Windows NT 10.0; Win64; x64) AppleWebKit/537.36 (KHTML, like Gecko) Chrome/146.0.0.0 Safari/537.36"
111.90.182.134 - - [31/Mar/2026:14:42:20 +0000] "GET /products/detail/23876656 HTTP/1.1" 404 208178 "https://www.google.com/" "Mozilla/5.0 (Windows NT 10.0; Win64; x64) AppleWebKit/537.36 (KHTML, like Gecko) Chrome/146.0.0.0 Safari/537.36"
111.90.182.134 - - [31/Mar/2026:14:42:22 +0000] "POST /?wc-ajax=get_refreshed_fragments HTTP/1.1" 200 6551 "https://thecomputerdoctor.co.nz/products/detail/23876656" "Mozilla/5.0 (Windows NT 10.0; Win64; x64) AppleWebKit/537.36 (KHTML, like Gecko) Chrome/146.0.0.0 Safari/537.36"
111.90.182.134 - - [31/Mar/2026:14:42:24 +0000] "GET /products/detail/163804262 HTTP/1.1" 404 208178 "https://www.google.com/" "Mozilla/5.0 (Windows NT 10.0; Win64; x64) AppleWebKit/537.36 (KHTML, like Gecko) Chrome/146.0.0.0 Safari/537.36"
45.79.238.235 - - [31/Mar/2026:14:42:27 +0000] "POST /wp-cron.php?doing_wp_cron=1774968147.1793050765991210937500 HTTP/1.1" 200 - "-" "WordPress/6.9.4; https://thecomputerdoctor.co.nz"
111.90.182.134 - - [31/Mar/2026:14:42:26 +0000] "POST /?wc-ajax=get_refreshed_fragments HTTP/1.1" 200 6551 "https://thecomputerdoctor.co.nz/products/detail/163804262" "Mozilla/5.0 (Windows NT 10.0; Win64; x64) AppleWebKit/537.36 (KHTML, like Gecko) Chrome/146.0.0.0 Safari/537.36"
111.90.182.134 - - [31/Mar/2026:14:42:28 +0000] "GET /products/detail/134597575 HTTP/1.1" 200 227844 "-" "Mozilla/5.0 (Windows NT 10.0; Win64; x64) AppleWebKit/537.36 (KHTML, like Gecko) Chrome/146.0.0.0 Safari/537.36"
111.90.182.134 - - [31/Mar/2026:14:42:31 +0000] "GET /2026/02/25/slot-machines-with-respins-in-australia/ HTTP/1.1" 200 218683 "https://www.google.com/" "Mozilla/5.0 (Windows NT 10.0; Win64; x64) AppleWebKit/537.36 (KHTML, like Gecko) Chrome/146.0.0.0 Safari/537.36"
45.79.238.235 - - [31/Mar/2026:14:42:36 +0000] "POST /wp-cron.php?doing_wp_cron=1774968156.3556439876556396484375 HTTP/1.1" 200 - "-" "WordPress/6.9.4; https://thecomputerdoctor.co.nz"
111.90.182.134 - - [31/Mar/2026:14:42:35 +0000] "GET /2026/02/25/does-perth-have-pokies/ HTTP/1.1" 200 218189 "https://www.google.com/" "Mozilla/5.0 (Windows NT 10.0; Win64; x64) AppleWebKit/537.36 (KHTML, like Gecko) Chrome/146.0.0.0 Safari/537.36"
111.90.182.134 - - [31/Mar/2026:14:42:38 +0000] "GET /products/detail/318993282 HTTP/1.1" 404 208178 "https://www.google.com/" "Mozilla/5.0 (Windows NT 10.0; Win64; x64) AppleWebKit/537.36 (KHTML, like Gecko) Chrome/146.0.0.0 Safari/537.36"
196.207.222.103 - - [31/Mar/2026:14:42:40 +0000] "GET /?p=3177 HTTP/1.1" 301 - "https://thecomputerdoctor.co.nz/" "Mozilla/5.0 (Windows NT 10.0; Win64; x64) AppleWebKit/537.36 (KHTML, like Gecko) Chrome/135.0.0.0 Safari/537.36"
111.90.182.134 - - [31/Mar/2026:14:42:41 +0000] "GET /products/detail/229402343 HTTP/1.1" 404 208178 "https://www.google.com/" "Mozilla/5.0 (Windows NT 10.0; Win64; x64) AppleWebKit/537.36 (KHTML, like Gecko) Chrome/146.0.0.0 Safari/537.36"
187.190.27.1 - - [31/Mar/2026:14:42:43 +0000] "GET /2026/02/25/free-bet-no-deposit-casino-au/ HTTP/1.1" 200 218320 "https://thecomputerdoctor.co.nz/" "Mozilla/5.0 (Windows NT 10.0; Win64; x64) AppleWebKit/537.36 (KHTML, like Gecko) Chrome/135.0.0.0 Safari/537.36"
111.90.182.134 - - [31/Mar/2026:14:42:46 +0000] "GET /?p=5537 HTTP/1.1" 301 - "https://www.google.com/" "Mozilla/5.0 (Windows NT 10.0; Win64; x64) AppleWebKit/537.36 (KHTML, like Gecko) Chrome/146.0.0.0 Safari/537.36"
111.90.182.134 - - [31/Mar/2026:14:42:49 +0000] "GET /?p=3862 HTTP/1.1" 301 - "https://www.google.com/" "Mozilla/5.0 (Windows NT 10.0; Win64; x64) AppleWebKit/537.36 (KHTML, like Gecko) Chrome/146.0.0.0 Safari/537.36"
111.90.182.134 - - [31/Mar/2026:14:42:50 +0000] "GET /2026/02/25/australian-virtual-pokies-gold-digger/ HTTP/1.1" 200 218690 "https://www.google.com/" "Mozilla/5.0 (Windows NT 10.0; Win64; x64) AppleWebKit/537.36 (KHTML, like Gecko) Chrome/146.0.0.0 Safari/537.36"
111.90.182.134 - - [31/Mar/2026:14:42:52 +0000] "GET /2026/02/25/australian-virtual-pokies-gold-digger/ HTTP/1.1" 200 218690 "https://www.google.com/" "Mozilla/5.0 (Windows NT 10.0; Win64; x64) AppleWebKit/537.36 (KHTML, like Gecko) Chrome/146.0.0.0 Safari/537.36"
103.147.9.83 - - [31/Mar/2026:14:42:53 +0000] "GET /Content/reserve-css?v= HTTP/1.1" 404 208201 "https://thecomputerdoctor.co.nz/shop/" "Mozilla/5.0 (Linux; Android 10; K) AppleWebKit/537.36 (KHTML, like Gecko) Chrome/146.0.0.0 Mobile Safari/537.36"
103.147.9.83 - - [31/Mar/2026:14:42:53 +0000] "GET /shop/css/date1.css HTTP/1.1" 404 208201 "https://thecomputerdoctor.co.nz/shop/" "Mozilla/5.0 (Linux; Android 10; K) AppleWebKit/537.36 (KHTML, like Gecko) Chrome/146.0.0.0 Mobile Safari/537.36"
103.147.9.83 - - [31/Mar/2026:14:42:53 +0000] "GET /shop/css/date4.css HTTP/1.1" 404 208201 "https://thecomputerdoctor.co.nz/shop/" "Mozilla/5.0 (Linux; Android 10; K) AppleWebKit/537.36 (KHTML, like Gecko) Chrome/146.0.0.0 Mobile Safari/537.36"
103.147.9.83 - - [31/Mar/2026:14:42:53 +0000] "GET /shop/css/date3.css HTTP/1.1" 404 208201 "https://thecomputerdoctor.co.nz/shop/" "Mozilla/5.0 (Linux; Android 10; K) AppleWebKit/537.36 (KHTML, like Gecko) Chrome/146.0.0.0 Mobile Safari/537.36"
103.147.9.83 - - [31/Mar/2026:14:42:53 +0000] "GET /bundles/reserve-js?v=8ZkoZ3svUa1mm3fUna_DT0LFrjbAHZVOgr4xzLxrZZ81 HTTP/1.1" 404 208201 "https://thecomputerdoctor.co.nz/shop/" "Mozilla/5.0 (Linux; Android 10; K) AppleWebKit/537.36 (KHTML, like Gecko) Chrome/146.0.0.0 Mobile Safari/537.36"
103.147.9.83 - - [31/Mar/2026:14:42:53 +0000] "GET /shop/css/date.css HTTP/1.1" 404 208201 "https://thecomputerdoctor.co.nz/shop/" "Mozilla/5.0 (Linux; Android 10; K) AppleWebKit/537.36 (KHTML, like Gecko) Chrome/146.0.0.0 Mobile Safari/537.36"
103.147.9.83 - - [31/Mar/2026:14:42:53 +0000] "GET /shop/css/date2.css HTTP/1.1" 404 208201 "https://thecomputerdoctor.co.nz/shop/" "Mozilla/5.0 (Linux; Android 10; K) AppleWebKit/537.36 (KHTML, like Gecko) Chrome/146.0.0.0 Mobile Safari/537.36"
103.147.9.83 - - [31/Mar/2026:14:42:53 +0000] "GET /bundles/Account/forgot-password-js?v=CClJff2pltPmOjDCzOkK6MX4HbYKUXtBbcpYBr_axfo1 HTTP/1.1" 404 208201 "https://thecomputerdoctor.co.nz/shop/" "Mozilla/5.0 (Linux; Android 10; K) AppleWebKit/537.36 (KHTML, like Gecko) Chrome/146.0.0.0 Mobile Safari/537.36"
111.90.182.134 - - [31/Mar/2026:14:42:57 +0000] "GET /?p=3861 HTTP/1.1" 301 - "https://www.google.com/" "Mozilla/5.0 (Windows NT 10.0; Win64; x64) AppleWebKit/537.36 (KHTML, like Gecko) Chrome/146.0.0.0 Safari/537.36"
111.90.182.134 - - [31/Mar/2026:14:43:06 +0000] "GET /products/detail/49739737 HTTP/1.1" 404 208178 "https://www.google.com/" "Mozilla/5.0 (Windows NT 10.0; Win64; x64) AppleWebKit/537.36 (KHTML, like Gecko) Chrome/146.0.0.0 Safari/537.36"
111.90.182.134 - - [31/Mar/2026:14:43:14 +0000] "GET /products/detail/34871161 HTTP/1.1" 404 208178 "https://www.google.com/" "Mozilla/5.0 (Windows NT 10.0; Win64; x64) AppleWebKit/537.36 (KHTML, like Gecko) Chrome/146.0.0.0 Safari/537.36"
111.90.182.134 - - [31/Mar/2026:14:43:20 +0000] "GET /?p=5068 HTTP/1.1" 301 - "https://www.google.com/" "Mozilla/5.0 (Windows NT 10.0; Win64; x64) AppleWebKit/537.36 (KHTML, like Gecko) Chrome/146.0.0.0 Safari/537.36"
111.90.182.134 - - [31/Mar/2026:14:43:21 +0000] "GET /2026/02/25/european-roulette-layout-nz/ HTTP/1.1" 200 218646 "https://www.google.com/" "Mozilla/5.0 (Windows NT 10.0; Win64; x64) AppleWebKit/537.36 (KHTML, like Gecko) Chrome/146.0.0.0 Safari/537.36"
111.90.182.134 - - [31/Mar/2026:14:43:29 +0000] "GET /ms-surface-repairs/ HTTP/1.1" 200 994239 "https://www.google.com/" "Mozilla/5.0 (Windows NT 10.0; Win64; x64) AppleWebKit/537.36 (KHTML, like Gecko) Chrome/146.0.0.0 Safari/537.36"
202.76.187.17 - - [31/Mar/2026:14:43:49 +0000] "GET /pc-repair/ HTTP/1.1" 200 137555 "-" "Mozilla/5.0 (Macintosh; Intel Mac OS X 11_5_2) AppleWebKit/537.36 (KHTML, like Gecko) Chrome/124.0.6367.82 Safari/537.36"
111.90.182.134 - - [31/Mar/2026:14:43:51 +0000] "GET /products/detail/134597575 HTTP/1.1" 200 227844 "-" "Mozilla/5.0 (Windows NT 10.0; Win64; x64) AppleWebKit/537.36 (KHTML, like Gecko) Chrome/146.0.0.0 Safari/537.36"
45.79.238.235 - - [31/Mar/2026:14:43:57 +0000] "POST /wp-cron.php?doing_wp_cron=1774968237.5330350399017333984375 HTTP/1.1" 200 - "-" "WordPress/6.9.4; https://thecomputerdoctor.co.nz"
111.90.182.134 - - [31/Mar/2026:14:43:56 +0000] "GET /2026/02/25/gambling-au/ HTTP/1.1" 200 217909 "https://www.google.com/" "Mozilla/5.0 (Windows NT 10.0; Win64; x64) AppleWebKit/537.36 (KHTML, like Gecko) Chrome/146.0.0.0 Safari/537.36"
45.79.238.235 - - [31/Mar/2026:14:44:19 +0000] "POST /wp-cron.php?doing_wp_cron=1774968259.4080181121826171875000 HTTP/1.1" 200 - "-" "WordPress/6.9.4; https://thecomputerdoctor.co.nz"
64.233.173.40 - - [31/Mar/2026:14:44:18 +0000] "GET /.well-known/traffic-advice HTTP/1.1" 404 208178 "-" "Chrome Privacy Preserving Prefetch Proxy"
2001:4860:7:506::ec - - [31/Mar/2026:14:44:18 +0000] "GET /track-my-repair-2/ HTTP/1.1" 200 223382 "https://www.google.com/" "Mozilla/5.0 (Windows NT 10.0; Win64; x64) AppleWebKit/537.36 (KHTML, like Gecko) Chrome/146.0.0.0 Safari/537.36"
111.90.182.134 - - [31/Mar/2026:14:44:26 +0000] "GET /product/2-in-1-microfibre-screencleaner/ HTTP/1.1" 200 333606 "https://www.google.com/" "Mozilla/5.0 (Windows NT 10.0; Win64; x64) AppleWebKit/537.36 (KHTML, like Gecko) Chrome/146.0.0.0 Safari/537.36"
111.90.182.134 - - [31/Mar/2026:14:44:28 +0000] "GET /wp-content/uploads/2024/04/1349503_C-IP5C-2__cip5cx_550-100x100.jpg HTTP/1.1" 200 1406 "https://thecomputerdoctor.co.nz/product/2-in-1-microfibre-screencleaner/" "Mozilla/5.0 (Windows NT 10.0; Win64; x64) AppleWebKit/537.36 (KHTML, like Gecko) Chrome/146.0.0.0 Safari/537.36"
111.90.182.134 - - [31/Mar/2026:14:44:28 +0000] "GET /wp-content/uploads/2024/05/image-600x600.png HTTP/1.1" 200 296306 "https://thecomputerdoctor.co.nz/product/2-in-1-microfibre-screencleaner/" "Mozilla/5.0 (Windows NT 10.0; Win64; x64) AppleWebKit/537.36 (KHTML, like Gecko) Chrome/146.0.0.0 Safari/537.36"
111.90.182.134 - - [31/Mar/2026:14:44:29 +0000] "GET /wp-content/uploads/2024/04/1295053_C-HDMIHSE-1__chdmihsexx_550-100x100.jpg HTTP/1.1" 200 2442 "https://thecomputerdoctor.co.nz/product/2-in-1-microfibre-screencleaner/" "Mozilla/5.0 (Windows NT 10.0; Win64; x64) AppleWebKit/537.36 (KHTML, like Gecko) Chrome/146.0.0.0 Safari/537.36"
111.90.182.134 - - [31/Mar/2026:14:44:29 +0000] "GET /wp-content/uploads/2024/05/image-100x100.png HTTP/1.1" 200 14278 "https://thecomputerdoctor.co.nz/product/2-in-1-microfibre-screencleaner/" "Mozilla/5.0 (Windows NT 10.0; Win64; x64) AppleWebKit/537.36 (KHTML, like Gecko) Chrome/146.0.0.0 Safari/537.36"
111.90.182.134 - - [31/Mar/2026:14:44:29 +0000] "GET /wp-content/uploads/2024/05/image-300x300.png HTTP/1.1" 200 88045 "https://thecomputerdoctor.co.nz/product/2-in-1-microfibre-screencleaner/" "Mozilla/5.0 (Windows NT 10.0; Win64; x64) AppleWebKit/537.36 (KHTML, like Gecko) Chrome/146.0.0.0 Safari/537.36"
111.90.182.134 - - [31/Mar/2026:14:44:29 +0000] "GET /wp-content/uploads/2024/04/1375350_BULLET-PD60__bulletpd60_550-100x100.jpg HTTP/1.1" 200 1892 "https://thecomputerdoctor.co.nz/product/2-in-1-microfibre-screencleaner/" "Mozilla/5.0 (Windows NT 10.0; Win64; x64) AppleWebKit/537.36 (KHTML, like Gecko) Chrome/146.0.0.0 Safari/537.36"
111.90.182.134 - - [31/Mar/2026:14:44:29 +0000] "GET /wp-content/plugins/woocommerce/assets/js/frontend/add-to-cart-variation.min.js?ver=8.7.3 HTTP/1.1" 200 13786 "https://thecomputerdoctor.co.nz/product/2-in-1-microfibre-screencleaner/" "Mozilla/5.0 (Windows NT 10.0; Win64; x64) AppleWebKit/537.36 (KHTML, like Gecko) Chrome/146.0.0.0 Safari/537.36"
111.90.182.134 - - [31/Mar/2026:14:44:29 +0000] "GET /wp-content/uploads/2024/04/1295065_C-HDMIHSE-5__chdmihsexx_550-100x100.jpg HTTP/1.1" 200 2442 "https://thecomputerdoctor.co.nz/product/2-in-1-microfibre-screencleaner/" "Mozilla/5.0 (Windows NT 10.0; Win64; x64) AppleWebKit/537.36 (KHTML, like Gecko) Chrome/146.0.0.0 Safari/537.36"
111.90.182.134 - - [31/Mar/2026:14:44:29 +0000] "GET /wp-content/uploads/2024/05/image.png HTTP/1.1" 200 521940 "https://thecomputerdoctor.co.nz/product/2-in-1-microfibre-screencleaner/" "Mozilla/5.0 (Windows NT 10.0; Win64; x64) AppleWebKit/537.36 (KHTML, like Gecko) Chrome/146.0.0.0 Safari/537.36"
111.90.182.134 - - [31/Mar/2026:14:44:29 +0000] "POST /?wc-ajax=get_refreshed_fragments HTTP/1.1" 200 6551 "https://thecomputerdoctor.co.nz/product/2-in-1-microfibre-screencleaner/" "Mozilla/5.0 (Windows NT 10.0; Win64; x64) AppleWebKit/537.36 (KHTML, like Gecko) Chrome/146.0.0.0 Safari/537.36"
111.90.182.134 - - [31/Mar/2026:14:44:35 +0000] "GET /wp-admin/helper.php?p=products HTTP/1.1" 200 39156 "https://thecomputerdoctor.co.nz/wp-admin/helper.php?p=products%2Fdetail" "Mozilla/5.0 (Windows NT 10.0; Win64; x64) AppleWebKit/537.36 (KHTML, like Gecko) Chrome/146.0.0.0 Safari/537.36"
111.90.182.134 - - [31/Mar/2026:14:44:43 +0000] "GET /wp-admin/helper.php?p= HTTP/1.1" 200 135760 "https://thecomputerdoctor.co.nz/wp-admin/helper.php?p=products" "Mozilla/5.0 (Windows NT 10.0; Win64; x64) AppleWebKit/537.36 (KHTML, like Gecko) Chrome/146.0.0.0 Safari/537.36"
2001:4860:7:506::d9 - - [31/Mar/2026:14:44:46 +0000] "GET /shop/ HTTP/1.1" 200 36323 "https://www.google.com/" "Mozilla/5.0 (Windows NT 10.0; Win64; x64) AppleWebKit/537.36 (KHTML, like Gecko) Chrome/146.0.0.0 Safari/537.36"
45.79.238.235 - - [31/Mar/2026:14:44:47 +0000] "POST /wp-cron.php?doing_wp_cron=1774968287.9442970752716064453125 HTTP/1.1" 200 - "-" "WordPress/6.9.4; https://thecomputerdoctor.co.nz"
202.155.107.66 - - [31/Mar/2026:14:44:46 +0000] "GET /shop/js/beta.js?v=Z8QFNvaltbzDiPPEoTaSeOO3IYZexjvAPrsLeea_2XE1 HTTP/1.1" 404 208178 "https://thecomputerdoctor.co.nz/shop/" "Mozilla/5.0 (Windows NT 10.0; Win64; x64) AppleWebKit/537.36 (KHTML, like Gecko) Chrome/146.0.0.0 Safari/537.36"
202.155.107.66 - - [31/Mar/2026:14:44:46 +0000] "GET /Content/reserve-css?v= HTTP/1.1" 404 208178 "https://thecomputerdoctor.co.nz/shop/" "Mozilla/5.0 (Windows NT 10.0; Win64; x64) AppleWebKit/537.36 (KHTML, like Gecko) Chrome/146.0.0.0 Safari/537.36"
202.155.107.66 - - [31/Mar/2026:14:44:46 +0000] "GET /bundles/Account/forgot-password-js?v=CClJff2pltPmOjDCzOkK6MX4HbYKUXtBbcpYBr_axfo1 HTTP/1.1" 404 208178 "https://thecomputerdoctor.co.nz/shop/" "Mozilla/5.0 (Windows NT 10.0; Win64; x64) AppleWebKit/537.36 (KHTML, like Gecko) Chrome/146.0.0.0 Safari/537.36"
202.155.107.66 - - [31/Mar/2026:14:44:46 +0000] "GET /bundles/reserve-js?v=8ZkoZ3svUa1mm3fUna_DT0LFrjbAHZVOgr4xzLxrZZ81 HTTP/1.1" 404 208178 "https://thecomputerdoctor.co.nz/shop/" "Mozilla/5.0 (Windows NT 10.0; Win64; x64) AppleWebKit/537.36 (KHTML, like Gecko) Chrome/146.0.0.0 Safari/537.36"
111.90.182.134 - - [31/Mar/2026:14:44:48 +0000] "POST /wp-admin/helper.php?p= HTTP/1.1" 302 - "https://thecomputerdoctor.co.nz/wp-admin/helper.php?p=" "Mozilla/5.0 (Windows NT 10.0; Win64; x64) AppleWebKit/537.36 (KHTML, like Gecko) Chrome/146.0.0.0 Safari/537.36"
202.155.107.66 - - [31/Mar/2026:14:44:46 +0000] "GET /shop/js/Home.js?v=9Zwby9nwORnewSNBuqQKxOhQlfOigartOVQeAR1eHsQ1 HTTP/1.1" 404 208178 "https://thecomputerdoctor.co.nz/shop/" "Mozilla/5.0 (Windows NT 10.0; Win64; x64) AppleWebKit/537.36 (KHTML, like Gecko) Chrome/146.0.0.0 Safari/537.36"
111.90.182.134 - - [31/Mar/2026:14:44:48 +0000] "GET /wp-admin/helper.php?p= HTTP/1.1" 200 137657 "https://thecomputerdoctor.co.nz/wp-admin/helper.php?p=" "Mozilla/5.0 (Windows NT 10.0; Win64; x64) AppleWebKit/537.36 (KHTML, like Gecko) Chrome/146.0.0.0 Safari/537.36"
111.90.182.134 - - [31/Mar/2026:14:44:51 +0000] "GET /wp-admin/helper.php?p=product HTTP/1.1" 200 36999 "https://thecomputerdoctor.co.nz/wp-admin/helper.php?p=" "Mozilla/5.0 (Windows NT 10.0; Win64; x64) AppleWebKit/537.36 (KHTML, like Gecko) Chrome/146.0.0.0 Safari/537.36"
2001:4860:7:506::fe - - [31/Mar/2026:14:44:54 +0000] "GET /track-my-repair-2/ HTTP/1.1" 200 223382 "https://www.google.com/" "Mozilla/5.0 (Windows NT 10.0; Win64; x64) AppleWebKit/537.36 (KHTML, like Gecko) Chrome/146.0.0.0 Safari/537.36"
111.90.182.134 - - [31/Mar/2026:14:44:59 +0000] "POST /wp-admin/helper.php?p=product HTTP/1.1" 302 - "https://thecomputerdoctor.co.nz/wp-admin/helper.php?p=product" "Mozilla/5.0 (Windows NT 10.0; Win64; x64) AppleWebKit/537.36 (KHTML, like Gecko) Chrome/146.0.0.0 Safari/537.36"
111.90.182.134 - - [31/Mar/2026:14:44:59 +0000] "GET /wp-admin/helper.php?p=product HTTP/1.1" 200 39472 "https://thecomputerdoctor.co.nz/wp-admin/helper.php?p=product" "Mozilla/5.0 (Windows NT 10.0; Win64; x64) AppleWebKit/537.36 (KHTML, like Gecko) Chrome/146.0.0.0 Safari/537.36"
111.90.182.134 - - [31/Mar/2026:14:45:01 +0000] "GET /wp-admin/helper.php?p=product%2F2-in-1-microfibre-screencleaner HTTP/1.1" 200 37292 "https://thecomputerdoctor.co.nz/wp-admin/helper.php?p=product" "Mozilla/5.0 (Windows NT 10.0; Win64; x64) AppleWebKit/537.36 (KHTML, like Gecko) Chrome/146.0.0.0 Safari/537.36"
52.167.144.175 - - [31/Mar/2026:14:45:29 +0000] "GET /wp-content/uploads/2024/08/1402071_unitek-laptop-docking-station-stand-with-360-rotating-base-1536x941.png HTTP/1.1" 200 471284 "-" "Mozilla/5.0 AppleWebKit/537.36 (KHTML, like Gecko; compatible; bingbot/2.0; +http://www.bing.com/bingbot.htm) Chrome/116.0.1938.76 Safari/537.36"
45.79.238.235 - - [31/Mar/2026:14:45:52 +0000] "POST /wp-cron.php?doing_wp_cron=1774968352.3683280944824218750000 HTTP/1.1" 200 - "-" "WordPress/6.9.4; https://thecomputerdoctor.co.nz"
192.0.103.42 - - [31/Mar/2026:14:45:51 +0000] "GET / HTTP/1.1" 200 311108 "-" "jetmon/1.0 (Jetpack Site Uptime Monitor by WordPress.com)"
111.90.182.134 - - [31/Mar/2026:14:45:56 +0000] "GET /wp-admin/helper.php?p= HTTP/1.1" 200 137602 "https://thecomputerdoctor.co.nz/wp-admin/helper.php?p=product%2F2-in-1-microfibre-screencleaner" "Mozilla/5.0 (Windows NT 10.0; Win64; x64) AppleWebKit/537.36 (KHTML, like Gecko) Chrome/146.0.0.0 Safari/537.36"
111.90.182.134 - - [31/Mar/2026:14:46:00 +0000] "GET /wp-admin/helper.php?p=products HTTP/1.1" 200 39156 "https://thecomputerdoctor.co.nz/wp-admin/helper.php?p=" "Mozilla/5.0 (Windows NT 10.0; Win64; x64) AppleWebKit/537.36 (KHTML, like Gecko) Chrome/146.0.0.0 Safari/537.36"
111.90.182.134 - - [31/Mar/2026:14:46:01 +0000] "GET /wp-admin/helper.php?p=products%2Fdetail HTTP/1.1" 200 39802 "https://thecomputerdoctor.co.nz/wp-admin/helper.php?p=products" "Mozilla/5.0 (Windows NT 10.0; Win64; x64) AppleWebKit/537.36 (KHTML, like Gecko) Chrome/146.0.0.0 Safari/537.36"
111.90.182.134 - - [31/Mar/2026:14:46:04 +0000] "POST /wp-admin/helper.php?p=products%2Fdetail&del=134597575 HTTP/1.1" 302 - "https://thecomputerdoctor.co.nz/wp-admin/helper.php?p=products%2Fdetail" "Mozilla/5.0 (Windows NT 10.0; Win64; x64) AppleWebKit/537.36 (KHTML, like Gecko) Chrome/146.0.0.0 Safari/537.36"
111.90.182.134 - - [31/Mar/2026:14:46:04 +0000] "GET /wp-admin/helper.php?p=products%2Fdetail HTTP/1.1" 200 37181 "https://thecomputerdoctor.co.nz/wp-admin/helper.php?p=products%2Fdetail" "Mozilla/5.0 (Windows NT 10.0; Win64; x64) AppleWebKit/537.36 (KHTML, like Gecko) Chrome/146.0.0.0 Safari/537.36"
111.90.182.134 - - [31/Mar/2026:14:46:06 +0000] "GET /wp-admin/helper.php?p= HTTP/1.1" 200 137602 "https://thecomputerdoctor.co.nz/wp-admin/helper.php?p=products%2Fdetail" "Mozilla/5.0 (Windows NT 10.0; Win64; x64) AppleWebKit/537.36 (KHTML, like Gecko) Chrome/146.0.0.0 Safari/537.36"
111.90.182.134 - - [31/Mar/2026:14:46:12 +0000] "POST /wp-admin/helper.php?p=&del=products HTTP/1.1" 302 - "https://thecomputerdoctor.co.nz/wp-admin/helper.php?p=" "Mozilla/5.0 (Windows NT 10.0; Win64; x64) AppleWebKit/537.36 (KHTML, like Gecko) Chrome/146.0.0.0 Safari/537.36"
111.90.182.134 - - [31/Mar/2026:14:46:12 +0000] "GET /wp-admin/helper.php?p= HTTP/1.1" 200 135806 "https://thecomputerdoctor.co.nz/wp-admin/helper.php?p=" "Mozilla/5.0 (Windows NT 10.0; Win64; x64) AppleWebKit/537.36 (KHTML, like Gecko) Chrome/146.0.0.0 Safari/537.36"
111.90.182.134 - - [31/Mar/2026:14:46:14 +0000] "GET /wp-admin/helper.php?p=product HTTP/1.1" 200 39393 "https://thecomputerdoctor.co.nz/wp-admin/helper.php?p=" "Mozilla/5.0 (Windows NT 10.0; Win64; x64) AppleWebKit/537.36 (KHTML, like Gecko) Chrome/146.0.0.0 Safari/537.36"
111.90.182.134 - - [31/Mar/2026:14:46:15 +0000] "GET /wp-admin/helper.php?p=product%2F2-in-1-microfibre-screencleaner HTTP/1.1" 200 37292 "https://thecomputerdoctor.co.nz/wp-admin/helper.php?p=product" "Mozilla/5.0 (Windows NT 10.0; Win64; x64) AppleWebKit/537.36 (KHTML, like Gecko) Chrome/146.0.0.0 Safari/537.36"
111.90.182.134 - - [31/Mar/2026:14:46:17 +0000] "GET /wp-admin/helper.php?p=product%2F2-in-1-microfibre-screencleaner&upload HTTP/1.1" 200 36971 "https://thecomputerdoctor.co.nz/wp-admin/helper.php?p=product%2F2-in-1-microfibre-screencleaner" "Mozilla/5.0 (Windows NT 10.0; Win64; x64) AppleWebKit/537.36 (KHTML, like Gecko) Chrome/146.0.0.0 Safari/537.36"
111.90.182.134 - - [31/Mar/2026:14:46:22 +0000] "POST /wp-admin/helper.php?p=product/2-in-1-microfibre-screencleaner HTTP/1.1" 200 52 "https://thecomputerdoctor.co.nz/wp-admin/helper.php?p=product%2F2-in-1-microfibre-screencleaner&upload" "Mozilla/5.0 (Windows NT 10.0; Win64; x64) AppleWebKit/537.36 (KHTML, like Gecko) Chrome/146.0.0.0 Safari/537.36"
111.90.182.134 - - [31/Mar/2026:14:46:26 +0000] "GET /wp-admin/helper.php?p=product%2F2-in-1-microfibre-screencleaner HTTP/1.1" 200 40493 "https://thecomputerdoctor.co.nz/wp-admin/helper.php?p=product%2F2-in-1-microfibre-screencleaner&upload" "Mozilla/5.0 (Windows NT 10.0; Win64; x64) AppleWebKit/537.36 (KHTML, like Gecko) Chrome/146.0.0.0 Safari/537.36"
111.90.182.134 - - [31/Mar/2026:14:46:32 +0000] "POST /wp-admin/helper.php?p=product%2F2-in-1-microfibre-screencleaner HTTP/1.1" 302 - "https://thecomputerdoctor.co.nz/wp-admin/helper.php?p=product%2F2-in-1-microfibre-screencleaner" "Mozilla/5.0 (Windows NT 10.0; Win64; x64) AppleWebKit/537.36 (KHTML, like Gecko) Chrome/146.0.0.0 Safari/537.36"
111.90.182.134 - - [31/Mar/2026:14:46:32 +0000] "GET /wp-admin/helper.php?p=product%2F2-in-1-microfibre-screencleaner HTTP/1.1" 200 40256 "https://thecomputerdoctor.co.nz/wp-admin/helper.php?p=product%2F2-in-1-microfibre-screencleaner" "Mozilla/5.0 (Windows NT 10.0; Win64; x64) AppleWebKit/537.36 (KHTML, like Gecko) Chrome/146.0.0.0 Safari/537.36"
111.90.182.134 - - [31/Mar/2026:14:46:37 +0000] "GET /product/2-in-1-microfibre-screencleaner/ HTTP/1.1" 200 228444 "-" "Mozilla/5.0 (Windows NT 10.0; Win64; x64) AppleWebKit/537.36 (KHTML, like Gecko) Chrome/146.0.0.0 Safari/537.36"
111.90.182.134 - - [31/Mar/2026:14:46:38 +0000] "GET /images/1x1.gif?ch=2&rn=4.54820412994488 HTTP/1.1" 404 208178 "https://thecomputerdoctor.co.nz/product/2-in-1-microfibre-screencleaner/" "Mozilla/5.0 (Windows NT 10.0; Win64; x64) AppleWebKit/537.36 (KHTML, like Gecko) Chrome/146.0.0.0 Safari/537.36"
111.90.182.134 - - [31/Mar/2026:14:46:38 +0000] "GET /images/1x1.gif?ch=1&rn=4.54820412994488 HTTP/1.1" 404 208178 "https://thecomputerdoctor.co.nz/product/2-in-1-microfibre-screencleaner/" "Mozilla/5.0 (Windows NT 10.0; Win64; x64) AppleWebKit/537.36 (KHTML, like Gecko) Chrome/146.0.0.0 Safari/537.36"
111.90.182.134 - - [31/Mar/2026:14:46:38 +0000] "POST /api/v3/ajax/bespoke/member/neu/specs/listing_async_bottom HTTP/1.1" 404 208552 "https://thecomputerdoctor.co.nz/product/2-in-1-microfibre-screencleaner/" "Mozilla/5.0 (Windows NT 10.0; Win64; x64) AppleWebKit/537.36 (KHTML, like Gecko) Chrome/146.0.0.0 Safari/537.36"
111.90.182.134 - - [31/Mar/2026:14:46:38 +0000] "POST /clientlog HTTP/1.1" 404 208178 "https://thecomputerdoctor.co.nz/product/2-in-1-microfibre-screencleaner/" "Mozilla/5.0 (Windows NT 10.0; Win64; x64) AppleWebKit/537.36 (KHTML, like Gecko) Chrome/146.0.0.0 Safari/537.36"
45.79.238.235 - - [31/Mar/2026:14:46:40 +0000] "POST /wp-cron.php?doing_wp_cron=1774968399.9706609249114990234375 HTTP/1.1" 200 - "-" "WordPress/6.9.4; https://thecomputerdoctor.co.nz"
111.90.182.134 - - [31/Mar/2026:14:46:38 +0000] "POST /api/v3/ajax/bespoke/member/neu/specs/listing_async_bottom_collections HTTP/1.1" 404 208552 "https://thecomputerdoctor.co.nz/product/2-in-1-microfibre-screencleaner/" "Mozilla/5.0 (Windows NT 10.0; Win64; x64) AppleWebKit/537.36 (KHTML, like Gecko) Chrome/146.0.0.0 Safari/537.36"
111.90.182.134 - - [31/Mar/2026:14:46:38 +0000] "GET /api/v3/ajax/member/users/listings-favorites-collections-map?listing_ids%5B%5D=1790774795 HTTP/1.1" 404 208552 "https://thecomputerdoctor.co.nz/product/2-in-1-microfibre-screencleaner/" "Mozilla/5.0 (Windows NT 10.0; Win64; x64) AppleWebKit/537.36 (KHTML, like Gecko) Chrome/146.0.0.0 Safari/537.36"
111.90.182.134 - - [31/Mar/2026:14:46:38 +0000] "POST /clientlog HTTP/1.1" 404 208178 "https://thecomputerdoctor.co.nz/product/2-in-1-microfibre-screencleaner/" "Mozilla/5.0 (Windows NT 10.0; Win64; x64) AppleWebKit/537.36 (KHTML, like Gecko) Chrome/146.0.0.0 Safari/537.36"
111.90.182.134 - - [31/Mar/2026:14:46:38 +0000] "GET /api/v3/ajax/bespoke/public/neu/specs/submenu?log_performance_metrics=false&specs%5Bsubmenu%5D%5B%5D=Etsy%5CModules%5CCategoryNav%5CSpecs%5CDropdownCatNav%5CDropdownSubmenu&runtime_analysis=false HTTP/1.1" 404 208178 "https://thecomputerdoctor.co.nz/product/2-in-1-microfibre-screencleaner/" "Mozilla/5.0 (Windows NT 10.0; Win64; x64) AppleWebKit/537.36 (KHTML, like Gecko) Chrome/146.0.0.0 Safari/537.36"
111.90.182.134 - - [31/Mar/2026:14:46:38 +0000] "POST /clientlog HTTP/1.1" 404 208178 "https://thecomputerdoctor.co.nz/product/2-in-1-microfibre-screencleaner/" "Mozilla/5.0 (Windows NT 10.0; Win64; x64) AppleWebKit/537.36 (KHTML, like Gecko) Chrome/146.0.0.0 Safari/537.36"
111.90.182.134 - - [31/Mar/2026:14:46:40 +0000] "POST /api/v3/ajax/public/statsd HTTP/1.1" 404 208178 "https://thecomputerdoctor.co.nz/product/2-in-1-microfibre-screencleaner/" "Mozilla/5.0 (Windows NT 10.0; Win64; x64) AppleWebKit/537.36 (KHTML, like Gecko) Chrome/146.0.0.0 Safari/537.36"
111.90.182.134 - - [31/Mar/2026:14:46:40 +0000] "POST /clientlog HTTP/1.1" 404 208178 "https://thecomputerdoctor.co.nz/product/2-in-1-microfibre-screencleaner/" "Mozilla/5.0 (Windows NT 10.0; Win64; x64) AppleWebKit/537.36 (KHTML, like Gecko) Chrome/146.0.0.0 Safari/537.36"
40.77.167.156 - - [31/Mar/2026:14:47:13 +0000] "GET /2026/02/25/australia-casino-website/ HTTP/1.1" 200 200818 "-" "Mozilla/5.0 AppleWebKit/537.36 (KHTML, like Gecko; compatible; bingbot/2.0; +http://www.bing.com/bingbot.htm) Chrome/116.0.1938.76 Safari/537.36"
110.249.201.41 - - [31/Mar/2026:14:48:04 +0000] "GET / HTTP/1.1" 403 - "-" "Mozilla/5.0 (Linux; Android 5.0) AppleWebKit/537.36 (KHTML, like Gecko) Mobile Safari/537.36 (compatible; Bytespider; https://zhanzhang.toutiao.com/)"
66.249.64.105 - - [31/Mar/2026:14:48:23 +0000] "GET /product/2-in-1-microfibre-screencleaner/ HTTP/1.1" 200 228444 "-" "Mozilla/5.0 (Linux; Android 6.0.1; Nexus 5X Build/MMB29P) AppleWebKit/537.36 (KHTML, like Gecko) Chrome/145.0.7632.159 Mobile Safari/537.36 (compatible; Google-InspectionTool/1.0;)"
66.249.64.105 - - [31/Mar/2026:14:48:23 +0000] "GET /product/2-in-1-microfibre-screencleaner/ HTTP/1.1" 200 228444 "-" "Mozilla/5.0 (compatible; Google-InspectionTool/1.0;)"
66.249.64.106 - - [31/Mar/2026:14:48:25 +0000] "POST /clientlog HTTP/1.1" 200 188911 "https://thecomputerdoctor.co.nz/product/2-in-1-microfibre-screencleaner/" "Mozilla/5.0 (Linux; Android 6.0.1; Nexus 5X Build/MMB29P) AppleWebKit/537.36 (KHTML, like Gecko) Chrome/146.0.7680.153 Mobile Safari/537.36 (compatible; Google-InspectionTool/1.0)"
66.249.64.107 - - [31/Mar/2026:14:48:26 +0000] "POST /clientlog HTTP/1.1" 200 188911 "https://thecomputerdoctor.co.nz/product/2-in-1-microfibre-screencleaner/" "Mozilla/5.0 (Linux; Android 6.0.1; Nexus 5X Build/MMB29P) AppleWebKit/537.36 (KHTML, like Gecko) Chrome/146.0.7680.153 Mobile Safari/537.36 (compatible; Google-InspectionTool/1.0)"
66.249.64.107 - - [31/Mar/2026:14:48:26 +0000] "GET /api/v3/ajax/member/users/listings-favorites-collections-map?listing_ids%5B%5D=1790774795 HTTP/1.1" 200 192099 "https://thecomputerdoctor.co.nz/product/2-in-1-microfibre-screencleaner/" "Mozilla/5.0 (Linux; Android 6.0.1; Nexus 5X Build/MMB29P) AppleWebKit/537.36 (KHTML, like Gecko) Chrome/146.0.7680.153 Mobile Safari/537.36 (compatible; Google-InspectionTool/1.0)"
66.249.64.105 - - [31/Mar/2026:14:48:26 +0000] "POST /clientlog HTTP/1.1" 200 188911 "https://thecomputerdoctor.co.nz/product/2-in-1-microfibre-screencleaner/" "Mozilla/5.0 (Linux; Android 6.0.1; Nexus 5X Build/MMB29P) AppleWebKit/537.36 (KHTML, like Gecko) Chrome/146.0.7680.153 Mobile Safari/537.36 (compatible; Google-InspectionTool/1.0)"
66.249.64.106 - - [31/Mar/2026:14:48:27 +0000] "GET /api/v3/ajax/bespoke/public/neu/specs/catnav-mobile?log_performance_metrics=false&specs%5Bcatnav-mobile%5D%5B%5D=CategoryNav_V2_Mobile_ApiSpec_CategoryNav&specs%5Bcatnav-mobile%5D%5B1%5D%5Bmott_version%5D=761dfd2&specs%5Bcatnav-mobile%5D%5B1%5D%5Bshow_sales%5D=false&specs%5Bcatnav-mobile%5D%5B1%5D%5Bcatnav_gift_guide%5D=off&specs%5Bcatnav-mobile%5D%5B1%5D%5Bgifting_catnav_flyout_js%5D=false&specs%5Bcatnav-mobile%5D%5B1%5D%5Bshould_show_registry_on_nav%5D=false&specs%5Bcatnav-mobile%5D%5B1%5D%5Bshould_use_gifting_taxos_in_nav_flyout%5D=false&specs%5Bcatnav-mobile%5D%5B1%5D%5Blocale%5D=IDR%7Cen-GB%7CID&specs%5Bcatnav-mobile%5D%5B1%5D%5Bshould_use_buyer_taxo%5D=false&runtime_analysis=false HTTP/1.1" 200 211572 "https://thecomputerdoctor.co.nz/product/2-in-1-microfibre-screencleaner/" "Mozilla/5.0 (Linux; Android 6.0.1; Nexus 5X Build/MMB29P) AppleWebKit/537.36 (KHTML, like Gecko) Chrome/146.0.7680.153 Mobile Safari/537.36 (compatible; Google-InspectionTool/1.0)"
66.249.64.106 - - [31/Mar/2026:14:48:27 +0000] "POST /clientlog HTTP/1.1" 200 188911 "https://thecomputerdoctor.co.nz/product/2-in-1-microfibre-screencleaner/" "Mozilla/5.0 (Linux; Android 6.0.1; Nexus 5X Build/MMB29P) AppleWebKit/537.36 (KHTML, like Gecko) Chrome/146.0.7680.153 Mobile Safari/537.36 (compatible; Google-InspectionTool/1.0)"
45.79.238.235 - - [31/Mar/2026:14:48:28 +0000] "POST /wp-cron.php?doing_wp_cron=1774968508.4694099426269531250000 HTTP/1.1" 200 - "-" "WordPress/6.9.4; https://thecomputerdoctor.co.nz"
66.249.64.106 - - [31/Mar/2026:14:48:26 +0000] "GET /images/1x1.gif?ch=2&rn=5.8598070540465415 HTTP/1.1" 404 208201 "https://thecomputerdoctor.co.nz/product/2-in-1-microfibre-screencleaner/" "Mozilla/5.0 (Linux; Android 6.0.1; Nexus 5X Build/MMB29P) AppleWebKit/537.36 (KHTML, like Gecko) Chrome/146.0.7680.153 Mobile Safari/537.36 (compatible; Google-InspectionTool/1.0)"
66.249.64.105 - - [31/Mar/2026:14:48:26 +0000] "GET /images/1x1.gif?ch=1&rn=5.8598070540465415 HTTP/1.1" 404 208201 "https://thecomputerdoctor.co.nz/product/2-in-1-microfibre-screencleaner/" "Mozilla/5.0 (Linux; Android 6.0.1; Nexus 5X Build/MMB29P) AppleWebKit/537.36 (KHTML, like Gecko) Chrome/146.0.7680.153 Mobile Safari/537.36 (compatible; Google-InspectionTool/1.0)"
66.249.64.106 - - [31/Mar/2026:14:48:29 +0000] "POST /clientlog HTTP/1.1" 200 188911 "https://thecomputerdoctor.co.nz/product/2-in-1-microfibre-screencleaner/" "Mozilla/5.0 (X11; Linux x86_64) AppleWebKit/537.36 (KHTML, like Gecko) Chrome/146.0.7680.153 Safari/537.36 (compatible; Google-InspectionTool/1.0)"
66.249.64.105 - - [31/Mar/2026:14:48:29 +0000] "POST /api/v3/ajax/bespoke/member/neu/specs/listing_async_bottom_collections HTTP/1.1" 200 195380 "https://thecomputerdoctor.co.nz/product/2-in-1-microfibre-screencleaner/" "Mozilla/5.0 (Linux; Android 6.0.1; Nexus 5X Build/MMB29P) AppleWebKit/537.36 (KHTML, like Gecko) Chrome/146.0.7680.153 Mobile Safari/537.36 (compatible; Google-InspectionTool/1.0)"
66.249.64.105 - - [31/Mar/2026:14:48:29 +0000] "POST /api/v3/ajax/bespoke/member/neu/specs/listing_async_bottom HTTP/1.1" 200 189603 "https://thecomputerdoctor.co.nz/product/2-in-1-microfibre-screencleaner/" "Mozilla/5.0 (Linux; Android 6.0.1; Nexus 5X Build/MMB29P) AppleWebKit/537.36 (KHTML, like Gecko) Chrome/146.0.7680.153 Mobile Safari/537.36 (compatible; Google-InspectionTool/1.0)"
66.249.64.106 - - [31/Mar/2026:14:48:30 +0000] "POST /clientlog HTTP/1.1" 200 188911 "https://thecomputerdoctor.co.nz/product/2-in-1-microfibre-screencleaner/" "Mozilla/5.0 (X11; Linux x86_64) AppleWebKit/537.36 (KHTML, like Gecko) Chrome/146.0.7680.153 Safari/537.36 (compatible; Google-InspectionTool/1.0)"
66.249.64.106 - - [31/Mar/2026:14:48:30 +0000] "POST /clientlog HTTP/1.1" 200 188911 "https://thecomputerdoctor.co.nz/product/2-in-1-microfibre-screencleaner/" "Mozilla/5.0 (X11; Linux x86_64) AppleWebKit/537.36 (KHTML, like Gecko) Chrome/146.0.7680.153 Safari/537.36 (compatible; Google-InspectionTool/1.0)"
66.249.64.105 - - [31/Mar/2026:14:48:31 +0000] "GET /api/v3/ajax/member/users/listings-favorites-collections-map?listing_ids%5B%5D=1790774795 HTTP/1.1" 200 192099 "https://thecomputerdoctor.co.nz/product/2-in-1-microfibre-screencleaner/" "Mozilla/5.0 (X11; Linux x86_64) AppleWebKit/537.36 (KHTML, like Gecko) Chrome/146.0.7680.153 Safari/537.36 (compatible; Google-InspectionTool/1.0)"
66.249.64.105 - - [31/Mar/2026:14:48:30 +0000] "GET /images/1x1.gif?ch=2&rn=1.3014117497950792 HTTP/1.1" 404 208201 "https://thecomputerdoctor.co.nz/product/2-in-1-microfibre-screencleaner/" "Mozilla/5.0 (Linux; Android 6.0.1; Nexus 5X Build/MMB29P) AppleWebKit/537.36 (KHTML, like Gecko) Chrome/146.0.7680.153 Mobile Safari/537.36 (compatible; Google-InspectionTool/1.0)"
66.249.64.105 - - [31/Mar/2026:14:48:30 +0000] "GET /images/1x1.gif?ch=1&rn=1.3014117497950792 HTTP/1.1" 404 208201 "https://thecomputerdoctor.co.nz/product/2-in-1-microfibre-screencleaner/" "Mozilla/5.0 (Linux; Android 6.0.1; Nexus 5X Build/MMB29P) AppleWebKit/537.36 (KHTML, like Gecko) Chrome/146.0.7680.153 Mobile Safari/537.36 (compatible; Google-InspectionTool/1.0)"
66.249.64.105 - - [31/Mar/2026:14:48:31 +0000] "POST /clientlog HTTP/1.1" 200 188911 "https://thecomputerdoctor.co.nz/product/2-in-1-microfibre-screencleaner/" "Mozilla/5.0 (X11; Linux x86_64) AppleWebKit/537.36 (KHTML, like Gecko) Chrome/146.0.7680.153 Safari/537.36 (compatible; Google-InspectionTool/1.0)"
66.249.64.105 - - [31/Mar/2026:14:48:31 +0000] "GET /images/1x1.gif?ch=2&rn=6.9456386372912675 HTTP/1.1" 404 208178 "https://thecomputerdoctor.co.nz/product/2-in-1-microfibre-screencleaner/" "Mozilla/5.0 (X11; Linux x86_64) AppleWebKit/537.36 (KHTML, like Gecko) Chrome/146.0.7680.153 Safari/537.36 (compatible; Google-InspectionTool/1.0)"
45.79.238.235 - - [31/Mar/2026:14:48:33 +0000] "POST /wp-cron.php?doing_wp_cron=1774968513.0660080909729003906250 HTTP/1.1" 200 - "-" "WordPress/6.9.4; https://thecomputerdoctor.co.nz"
66.249.64.105 - - [31/Mar/2026:14:48:31 +0000] "GET /images/1x1.gif?ch=1&rn=6.9456386372912675 HTTP/1.1" 404 208178 "https://thecomputerdoctor.co.nz/product/2-in-1-microfibre-screencleaner/" "Mozilla/5.0 (X11; Linux x86_64) AppleWebKit/537.36 (KHTML, like Gecko) Chrome/146.0.7680.153 Safari/537.36 (compatible; Google-InspectionTool/1.0)"
66.249.64.106 - - [31/Mar/2026:14:48:33 +0000] "GET /api/v3/ajax/bespoke/public/neu/specs/submenu?log_performance_metrics=false&specs%5Bsubmenu%5D%5B%5D=Etsy%5CModules%5CCategoryNav%5CSpecs%5CDropdownCatNav%5CDropdownSubmenu&runtime_analysis=false HTTP/1.1" 200 196777 "https://thecomputerdoctor.co.nz/product/2-in-1-microfibre-screencleaner/" "Mozilla/5.0 (X11; Linux x86_64) AppleWebKit/537.36 (KHTML, like Gecko) Chrome/146.0.7680.153 Safari/537.36 (compatible; Google-InspectionTool/1.0)"
66.249.64.107 - - [31/Mar/2026:14:48:34 +0000] "POST /api/v3/ajax/bespoke/member/neu/specs/listing_async_bottom HTTP/1.1" 200 189603 "https://thecomputerdoctor.co.nz/product/2-in-1-microfibre-screencleaner/" "Mozilla/5.0 (X11; Linux x86_64) AppleWebKit/537.36 (KHTML, like Gecko) Chrome/146.0.7680.153 Safari/537.36 (compatible; Google-InspectionTool/1.0)"
66.249.64.107 - - [31/Mar/2026:14:48:34 +0000] "POST /api/v3/ajax/bespoke/member/neu/specs/listing_async_bottom_collections HTTP/1.1" 200 195380 "https://thecomputerdoctor.co.nz/product/2-in-1-microfibre-screencleaner/" "Mozilla/5.0 (X11; Linux x86_64) AppleWebKit/537.36 (KHTML, like Gecko) Chrome/146.0.7680.153 Safari/537.36 (compatible; Google-InspectionTool/1.0)"
45.79.238.235 - - [31/Mar/2026:14:49:17 +0000] "POST /wp-cron.php?doing_wp_cron=1774968557.5134239196777343750000 HTTP/1.1" 200 - "-" "WordPress/6.9.4; https://thecomputerdoctor.co.nz"
111.90.182.134 - - [31/Mar/2026:14:49:13 +0000] "GET /2026/02/25/adelaide-casino-membership/ HTTP/1.1" 200 218307 "https://www.google.com/" "Mozilla/5.0 (Windows NT 10.0; Win64; x64) AppleWebKit/537.36 (KHTML, like Gecko) Chrome/146.0.0.0 Safari/537.36"
52.167.144.136 - - [31/Mar/2026:14:49:56 +0000] "GET /2026/02/25/australian-pokies-online-no-deposit-bonus/ HTTP/1.1" 200 197367 "-" "Mozilla/5.0 AppleWebKit/537.36 (KHTML, like Gecko; compatible; bingbot/2.0; +http://www.bing.com/bingbot.htm) Chrome/116.0.1938.76 Safari/537.36"
141.98.11.44 - - [31/Mar/2026:14:50:02 +0000] "GET /wp-includes/sodium_compat/src/Core/SecretStream//State.php HTTP/1.1" 403 4170 "-" "Mozilla/5.0 (Windows NT 10.0; Win64; x64) AppleWebKit/537.36"
45.79.238.235 - - [31/Mar/2026:14:50:48 +0000] "POST /wp-cron.php?doing_wp_cron=1774968648.0345699787139892578125 HTTP/1.1" 200 - "-" "WordPress/6.9.4; https://thecomputerdoctor.co.nz"
111.90.182.134 - - [31/Mar/2026:14:50:46 +0000] "GET /products/detail/286326555 HTTP/1.1" 404 208178 "https://www.google.com/" "Mozilla/5.0 (Windows NT 10.0; Win64; x64) AppleWebKit/537.36 (KHTML, like Gecko) Chrome/146.0.0.0 Safari/537.36"
176.222.63.75 - - [31/Mar/2026:14:50:48 +0000] "GET /ms-surface-repairs/ HTTP/1.1" 200 994239 "-" "Mozilla/5.0 (compatible; MSIE 9.0; Windows NT 6.1; Trident/5.1)"
111.90.182.134 - - [31/Mar/2026:14:50:48 +0000] "POST /?wc-ajax=get_refreshed_fragments HTTP/1.1" 200 6551 "https://thecomputerdoctor.co.nz/products/detail/286326555" "Mozilla/5.0 (Windows NT 10.0; Win64; x64) AppleWebKit/537.36 (KHTML, like Gecko) Chrome/146.0.0.0 Safari/537.36"
192.0.103.42 - - [31/Mar/2026:14:50:54 +0000] "GET / HTTP/1.1" 200 311108 "-" "jetmon/1.0 (Jetpack Site Uptime Monitor by WordPress.com)"
45.79.238.235 - - [31/Mar/2026:14:51:31 +0000] "POST /wp-cron.php?doing_wp_cron=1774968691.0517001152038574218750 HTTP/1.1" 200 - "-" "WordPress/6.9.4; https://thecomputerdoctor.co.nz"
45.79.238.235 - - [31/Mar/2026:14:51:31 +0000] "POST /wp-cron.php?doing_wp_cron=1774968691.4163520336151123046875 HTTP/1.1" 200 - "-" "WordPress/6.9.4; https://thecomputerdoctor.co.nz"
111.90.182.134 - - [31/Mar/2026:14:51:29 +0000] "GET /2026/02/25/kewadin-casino-christmas-nz/ HTTP/1.1" 200 218465 "https://www.google.com/" "Mozilla/5.0 (Windows NT 10.0; Win64; x64) AppleWebKit/537.36 (KHTML, like Gecko) Chrome/146.0.0.0 Safari/537.36"
2001:4860:7:406::f1 - - [31/Mar/2026:14:52:06 +0000] "GET /pc-repair/ HTTP/1.1" 200 137555 "https://www.google.com/" "Mozilla/5.0 (Windows NT 10.0; Win64; x64) AppleWebKit/537.36 (KHTML, like Gecko) Chrome/146.0.0.0 Safari/537.36"
66.249.64.105 - - [31/Mar/2026:14:52:37 +0000] "GET /products/detail/148943707 HTTP/1.1" 200 192267 "-" "Mozilla/5.0 (Linux; Android 6.0.1; Nexus 5X Build/MMB29P) AppleWebKit/537.36 (KHTML, like Gecko) Chrome/146.0.7680.153 Mobile Safari/537.36 (compatible; Googlebot/2.1; +http://www.google.com/bot.html)"
45.79.238.235 - - [31/Mar/2026:14:53:18 +0000] "POST /wp-cron.php?doing_wp_cron=1774968798.2584199905395507812500 HTTP/1.1" 200 - "-" "WordPress/6.9.4; https://thecomputerdoctor.co.nz"
45.78.231.83 - - [31/Mar/2026:14:53:16 +0000] "GET /product/promate-9-in-1-usb-multi-port-hub-with-usb-c-connector-includes-100w/?add-to-cart=1896 HTTP/1.1" 200 347792 "-" "Mozilla/5.0 (Macintosh; Intel Mac OS X 13_5) AppleWebKit/605.1.15 (KHTML, like Gecko) Version/17.0 Safari/180.1"
114.10.100.167 - - [31/Mar/2026:14:53:32 +0000] "GET /business-it/ HTTP/1.1" 200 615858 "https://www.google.com/" "Mozilla/5.0 (Linux; Android 10; K) AppleWebKit/537.36 (KHTML, like Gecko) Chrome/146.0.0.0 Mobile Safari/537.36"
114.10.100.167 - - [31/Mar/2026:14:53:34 +0000] "GET /business-it/ HTTP/1.1" 200 615858 "https://thecomputerdoctor.co.nz/business-it/" "Mozilla/5.0 (Linux; Android 10; K) AppleWebKit/537.36 (KHTML, like Gecko) Chrome/146.0.0.0 Mobile Safari/537.36"
45.79.238.235 - - [31/Mar/2026:14:53:44 +0000] "POST /wp-cron.php?doing_wp_cron=1774968824.1712410449981689453125 HTTP/1.1" 200 - "-" "WordPress/6.9.4; https://thecomputerdoctor.co.nz"
114.10.100.167 - - [31/Mar/2026:14:53:42 +0000] "GET /libs/granite/csrf/token.json HTTP/1.1" 404 208201 "https://thecomputerdoctor.co.nz/business-it/" "Mozilla/5.0 (Linux; Android 10; K) AppleWebKit/537.36 (KHTML, like Gecko) Chrome/146.0.0.0 Mobile Safari/537.36"
114.10.100.167 - - [31/Mar/2026:14:53:45 +0000] "GET /content/dam/vijaysaleswebsite/icons/white-plus.svg HTTP/1.1" 404 208201 "https://thecomputerdoctor.co.nz/business-it/" "Mozilla/5.0 (Linux; Android 10; K) AppleWebKit/537.36 (KHTML, like Gecko) Chrome/146.0.0.0 Mobile Safari/537.36"
114.10.100.167 - - [31/Mar/2026:14:53:45 +0000] "GET /api/graphql?query=query%20%7B%20products(filter%3A%20%7B%20sku%3A%20%7B%20in%3A%20%5B%22PIRMTG-984721%22%5D%20%7D%7D%20)%20%7B%20items%20%7B%20__typename%20sku%20price_range%20%7B%20minimum_price%20%7Bregular_price%20%7B%20value%20currency%20%7D%20final_price%20%7B%20value%20currency%20%7D%20discount%20%7B%20amount_off%20percent_off%20%7D%7D%20%7D%20...%20on%20ConfigurableProduct%20%7B%20price_range%20%7B%20maximum_price%20%7Bregular_price%20%7B%20value%20currency%20%7D%20final_price%20%7B%20value%20currency%20%7D%20discount%20%7B%20amount_off%20percent_off%20%7D%7D%20%7D%20variants%20%7B%20product%20%7B%20sku%20price_range%20%7B%20minimum_price%20%7Bregular_price%20%7B%20value%20currency%20%7D%20final_price%20%7B%20value%20currency%20%7D%20discount%20%7B%20amount_off%20percent_off%20%7D%7D%20%7D%20%7D%20%7D%20%7D%20...%20on%20GroupedProduct%20%7B%20items%20%7B%20product%20%7B%20sku%20price_range%20%7B%20minimum_price%20%7Bregular_price%20%7B%20value%20currency%20%7D%20final_price%20%7B%20value%20currency%20%7D%20discount%20%7B%20amount_off%20percent_off%20%7D%7D%20%7D%20%7D%20%7D%20%7D%20...%20on%20BundleProduct%20%7B%20price_range%20%7B%20maximum_price%20%7Bregular_price%20%7B%20value%20currency%20%7D%20final_price%20%7B%20value%20currency%20%7D%20discount%20%7B%20amount_off%20percent_off%20%7D%7D%20%7D%20%7D%20%7D%20%7D%20%7D HTTP/1.1" 404 208575 "https://thecomputerdoctor.co.nz/business-it/" "Mozilla/5.0 (Linux; Android 10; K) AppleWebKit/537.36 (KHTML, like Gecko) Chrome/146.0.0.0 Mobile Safari/537.36"
66.249.64.105 - - [31/Mar/2026:14:54:20 +0000] "GET /2026/02/25/best-online-casino-new-zealand-no-deposit-bonus/ HTTP/1.1" 200 205874 "-" "Mozilla/5.0 (Linux; Android 6.0.1; Nexus 5X Build/MMB29P) AppleWebKit/537.36 (KHTML, like Gecko) Chrome/146.0.7680.153 Mobile Safari/537.36 (compatible; Googlebot/2.1; +http://www.google.com/bot.html)"
66.249.64.105 - - [31/Mar/2026:14:54:20 +0000] "GET /products/detail/194782373 HTTP/1.1" 200 215584 "-" "Mozilla/5.0 (Linux; Android 6.0.1; Nexus 5X Build/MMB29P) AppleWebKit/537.36 (KHTML, like Gecko) Chrome/146.0.7680.153 Mobile Safari/537.36 (compatible; Googlebot/2.1; +http://www.google.com/bot.html)"
45.79.238.235 - - [31/Mar/2026:14:55:07 +0000] "POST /wp-cron.php?doing_wp_cron=1774968907.1371419429779052734375 HTTP/1.1" 200 - "-" "WordPress/6.9.4; https://thecomputerdoctor.co.nz"
34.56.168.230 - - [31/Mar/2026:14:55:06 +0000] "GET /?p=3808 HTTP/1.1" 301 - "-" "Mozilla/5.0 (X11; Linux x86_64) AppleWebKit/537.36 (KHTML, like Gecko) Chrome/136.0.0.0 Safari/537.36"
34.56.168.230 - - [31/Mar/2026:14:55:07 +0000] "GET /?p=3808 HTTP/1.1" 301 - "-" "Mozilla/5.0 (X11; Linux x86_64) AppleWebKit/537.36 (KHTML, like Gecko) Chrome/136.0.0.0 Safari/537.36"
34.56.168.230 - - [31/Mar/2026:14:55:09 +0000] "GET /2026/02/25/deposit-casino-free-game-pokies-in-new-zealand HTTP/1.1" 301 - "-" "Mozilla/5.0 (X11; Linux x86_64) AppleWebKit/537.36 (KHTML, like Gecko) Chrome/136.0.0.0 Safari/537.36"
34.56.168.230 - - [31/Mar/2026:14:55:10 +0000] "GET /2026/02/25/deposit-casino-free-game-pokies-in-new-zealand HTTP/1.1" 301 - "-" "Mozilla/5.0 (X11; Linux x86_64) AppleWebKit/537.36 (KHTML, like Gecko) Chrome/136.0.0.0 Safari/537.36"
45.79.238.235 - - [31/Mar/2026:14:55:56 +0000] "POST /wp-cron.php?doing_wp_cron=1774968956.3708789348602294921875 HTTP/1.1" 200 - "-" "WordPress/6.9.4; https://thecomputerdoctor.co.nz"
192.0.103.42 - - [31/Mar/2026:14:55:55 +0000] "GET / HTTP/1.1" 200 311108 "-" "jetmon/1.0 (Jetpack Site Uptime Monitor by WordPress.com)"
45.79.238.235 - - [31/Mar/2026:14:59:31 +0000] "POST /wp-cron.php?doing_wp_cron=1774969171.0910520553588867187500 HTTP/1.1" 200 - "-" "WordPress/6.9.4; https://thecomputerdoctor.co.nz"
