185.177.72.50 - - [31/Mar/2026:12:20:47 +0000] "GET /backend/config/default.yml HTTP/1.1" 404 208178 "-" "Mozilla/5.0 (Windows NT 10.0; Win64; x64) AppleWebKit/537.36, Mozilla/5.0 (Windows NT 10.0; Win64; x64) AppleWebKit/537.36 (KHTML, like Gecko) Chrome/120.0.0.0 Safari/537.36"
185.177.72.50 - - [31/Mar/2026:12:20:47 +0000] "GET /application.properties HTTP/1.1" 404 24576 "-" "Mozilla/5.0 (Windows NT 10.0; Win64; x64) AppleWebKit/537.36, Mozilla/5.0 (Windows NT 10.0; Win64; x64) AppleWebKit/537.36 (KHTML, like Gecko) Chrome/120.0.0.0 Safari/537.36"
185.177.72.50 - - [31/Mar/2026:12:20:46 +0000] "GET /config.inc HTTP/1.1" 404 208178 "-" "Mozilla/5.0 (Windows NT 10.0; Win64; x64) AppleWebKit/537.36, Mozilla/5.0 (Windows NT 10.0; Win64; x64) AppleWebKit/537.36 (KHTML, like Gecko) Chrome/120.0.0.0 Safari/537.36"
185.177.72.50 - - [31/Mar/2026:12:20:47 +0000] "GET /.aws/credentials HTTP/1.1" 404 73720 "-" "Mozilla/5.0 (Windows NT 10.0; Win64; x64) AppleWebKit/537.36, Mozilla/5.0 (Windows NT 10.0; Win64; x64) AppleWebKit/537.36 (KHTML, like Gecko) Chrome/120.0.0.0 Safari/537.36"
185.177.72.50 - - [31/Mar/2026:12:20:47 +0000] "GET /backend/config/settings.yml HTTP/1.1" 404 208178 "-" "Mozilla/5.0 (Windows NT 10.0; Win64; x64) AppleWebKit/537.36, Mozilla/5.0 (Windows NT 10.0; Win64; x64) AppleWebKit/537.36 (KHTML, like Gecko) Chrome/120.0.0.0 Safari/537.36"
185.177.72.50 - - [31/Mar/2026:12:20:47 +0000] "GET /serverless.yml HTTP/1.1" 404 208178 "-" "Mozilla/5.0 (Windows NT 10.0; Win64; x64) AppleWebKit/537.36, Mozilla/5.0 (Windows NT 10.0; Win64; x64) AppleWebKit/537.36 (KHTML, like Gecko) Chrome/120.0.0.0 Safari/537.36"
185.177.72.50 - - [31/Mar/2026:12:20:48 +0000] "GET /aws/credentials HTTP/1.1" 404 208178 "-" "Mozilla/5.0 (Windows NT 10.0; Win64; x64) AppleWebKit/537.36, Mozilla/5.0 (Windows NT 10.0; Win64; x64) AppleWebKit/537.36 (KHTML, like Gecko) Chrome/120.0.0.0 Safari/537.36"
185.177.72.50 - - [31/Mar/2026:12:20:47 +0000] "GET /config/parameters.yml HTTP/1.1" 404 208178 "-" "Mozilla/5.0 (Windows NT 10.0; Win64; x64) AppleWebKit/537.36, Mozilla/5.0 (Windows NT 10.0; Win64; x64) AppleWebKit/537.36 (KHTML, like Gecko) Chrome/120.0.0.0 Safari/537.36"
185.177.72.50 - - [31/Mar/2026:12:20:47 +0000] "GET /.aws/config HTTP/1.1" 404 208178 "-" "Mozilla/5.0 (Windows NT 10.0; Win64; x64) AppleWebKit/537.36, Mozilla/5.0 (Windows NT 10.0; Win64; x64) AppleWebKit/537.36 (KHTML, like Gecko) Chrome/120.0.0.0 Safari/537.36"
185.177.72.50 - - [31/Mar/2026:12:20:48 +0000] "GET /instance/config.py HTTP/1.1" 404 208178 "-" "Mozilla/5.0 (Windows NT 10.0; Win64; x64) AppleWebKit/537.36, Mozilla/5.0 (Windows NT 10.0; Win64; x64) AppleWebKit/537.36 (KHTML, like Gecko) Chrome/120.0.0.0 Safari/537.36"
185.177.72.50 - - [31/Mar/2026:12:20:49 +0000] "GET /aws-secret.yaml HTTP/1.1" 404 208178 "-" "Mozilla/5.0 (Windows NT 10.0; Win64; x64) AppleWebKit/537.36, Mozilla/5.0 (Windows NT 10.0; Win64; x64) AppleWebKit/537.36 (KHTML, like Gecko) Chrome/120.0.0.0 Safari/537.36"
185.177.72.50 - - [31/Mar/2026:12:20:49 +0000] "GET /.travis.yml HTTP/1.1" 404 208178 "-" "Mozilla/5.0 (Windows NT 10.0; Win64; x64) AppleWebKit/537.36"
185.177.72.50 - - [31/Mar/2026:12:20:50 +0000] "GET /.circleci/config.yml HTTP/1.1" 404 208178 "-" "Mozilla/5.0 (Windows NT 10.0; Win64; x64) AppleWebKit/537.36"
185.177.72.50 - - [31/Mar/2026:12:20:50 +0000] "GET /config/application.yml HTTP/1.1" 404 90104 "-" "Mozilla/5.0 (Windows NT 10.0; Win64; x64) AppleWebKit/537.36, Mozilla/5.0 (Windows NT 10.0; Win64; x64) AppleWebKit/537.36 (KHTML, like Gecko) Chrome/120.0.0.0 Safari/537.36"
185.177.72.50 - - [31/Mar/2026:12:20:50 +0000] "GET /parameters.yml HTTP/1.1" 404 90104 "-" "Mozilla/5.0 (Windows NT 10.0; Win64; x64) AppleWebKit/537.36, Mozilla/5.0 (Windows NT 10.0; Win64; x64) AppleWebKit/537.36 (KHTML, like Gecko) Chrome/120.0.0.0 Safari/537.36"
185.177.72.50 - - [31/Mar/2026:12:20:50 +0000] "GET /config.yml HTTP/1.1" 404 208178 "-" "Mozilla/5.0 (Windows NT 10.0; Win64; x64) AppleWebKit/537.36, Mozilla/5.0 (Windows NT 10.0; Win64; x64) AppleWebKit/537.36 (KHTML, like Gecko) Chrome/120.0.0.0 Safari/537.36"
185.177.72.50 - - [31/Mar/2026:12:20:50 +0000] "GET /application.yml HTTP/1.1" 404 208178 "-" "Mozilla/5.0 (Windows NT 10.0; Win64; x64) AppleWebKit/537.36, Mozilla/5.0 (Windows NT 10.0; Win64; x64) AppleWebKit/537.36 (KHTML, like Gecko) Chrome/120.0.0.0 Safari/537.36"
185.177.72.50 - - [31/Mar/2026:12:20:51 +0000] "GET /.bitbucket/pipelines.yml HTTP/1.1" 404 73720 "-" "Mozilla/5.0 (Windows NT 10.0; Win64; x64) AppleWebKit/537.36, Mozilla/5.0 (Windows NT 10.0; Win64; x64) AppleWebKit/537.36 (KHTML, like Gecko) Chrome/120.0.0.0 Safari/537.36"
185.177.72.50 - - [31/Mar/2026:12:20:51 +0000] "GET /config/database.yml HTTP/1.1" 404 24576 "-" "Mozilla/5.0 (Windows NT 10.0; Win64; x64) AppleWebKit/537.36, Mozilla/5.0 (Windows NT 10.0; Win64; x64) AppleWebKit/537.36 (KHTML, like Gecko) Chrome/120.0.0.0 Safari/537.36"
185.177.72.50 - - [31/Mar/2026:12:20:50 +0000] "GET /settings.py HTTP/1.1" 404 208178 "-" "Mozilla/5.0 (Windows NT 10.0; Win64; x64) AppleWebKit/537.36, Mozilla/5.0 (Windows NT 10.0; Win64; x64) AppleWebKit/537.36 (KHTML, like Gecko) Chrome/120.0.0.0 Safari/537.36"
185.177.72.50 - - [31/Mar/2026:12:20:52 +0000] "GET /application.properties HTTP/1.1" 404 73720 "-" "Mozilla/5.0 (Windows NT 10.0; Win64; x64) AppleWebKit/537.36, Mozilla/5.0 (Windows NT 10.0; Win64; x64) AppleWebKit/537.36 (KHTML, like Gecko) Chrome/120.0.0.0 Safari/537.36"
185.177.72.50 - - [31/Mar/2026:12:20:52 +0000] "GET /config.inc HTTP/1.1" 404 208178 "-" "Mozilla/5.0 (Windows NT 10.0; Win64; x64) AppleWebKit/537.36, Mozilla/5.0 (Windows NT 10.0; Win64; x64) AppleWebKit/537.36 (KHTML, like Gecko) Chrome/120.0.0.0 Safari/537.36"
185.177.72.50 - - [31/Mar/2026:12:20:52 +0000] "GET /.aws/credentials HTTP/1.1" 404 208178 "-" "Mozilla/5.0 (Windows NT 10.0; Win64; x64) AppleWebKit/537.36, Mozilla/5.0 (Windows NT 10.0; Win64; x64) AppleWebKit/537.36 (KHTML, like Gecko) Chrome/120.0.0.0 Safari/537.36"
185.177.72.50 - - [31/Mar/2026:12:20:52 +0000] "GET /backend/config/settings.yml HTTP/1.1" 404 73720 "-" "Mozilla/5.0 (Windows NT 10.0; Win64; x64) AppleWebKit/537.36, Mozilla/5.0 (Windows NT 10.0; Win64; x64) AppleWebKit/537.36 (KHTML, like Gecko) Chrome/120.0.0.0 Safari/537.36"
185.177.72.50 - - [31/Mar/2026:12:20:52 +0000] "GET /backend/config/default.yml HTTP/1.1" 404 73720 "-" "Mozilla/5.0 (Windows NT 10.0; Win64; x64) AppleWebKit/537.36, Mozilla/5.0 (Windows NT 10.0; Win64; x64) AppleWebKit/537.36 (KHTML, like Gecko) Chrome/120.0.0.0 Safari/537.36"
185.177.72.50 - - [31/Mar/2026:12:20:52 +0000] "GET /info.php HTTP/1.1" 404 32768 "-" "Mozilla/5.0 (Windows NT 10.0; Win64; x64) AppleWebKit/537.36"
185.177.72.50 - - [31/Mar/2026:12:20:52 +0000] "GET /serverless.yml HTTP/1.1" 404 24576 "-" "Mozilla/5.0 (Windows NT 10.0; Win64; x64) AppleWebKit/537.36, Mozilla/5.0 (Windows NT 10.0; Win64; x64) AppleWebKit/537.36 (KHTML, like Gecko) Chrome/120.0.0.0 Safari/537.36"
185.177.72.50 - - [31/Mar/2026:12:20:52 +0000] "GET /.aws/config HTTP/1.1" 404 208178 "-" "Mozilla/5.0 (Windows NT 10.0; Win64; x64) AppleWebKit/537.36, Mozilla/5.0 (Windows NT 10.0; Win64; x64) AppleWebKit/537.36 (KHTML, like Gecko) Chrome/120.0.0.0 Safari/537.36"
185.177.72.50 - - [31/Mar/2026:12:20:53 +0000] "GET /aws/credentials HTTP/1.1" 404 81912 "-" "Mozilla/5.0 (Windows NT 10.0; Win64; x64) AppleWebKit/537.36, Mozilla/5.0 (Windows NT 10.0; Win64; x64) AppleWebKit/537.36 (KHTML, like Gecko) Chrome/120.0.0.0 Safari/537.36"
185.177.72.50 - - [31/Mar/2026:12:20:54 +0000] "GET /aws-secret.yaml HTTP/1.1" 404 208178 "-" "Mozilla/5.0 (Windows NT 10.0; Win64; x64) AppleWebKit/537.36, Mozilla/5.0 (Windows NT 10.0; Win64; x64) AppleWebKit/537.36 (KHTML, like Gecko) Chrome/120.0.0.0 Safari/537.36"
185.177.72.50 - - [31/Mar/2026:12:20:53 +0000] "GET /test.php HTTP/1.1" 404 24576 "-" "Mozilla/5.0 (Windows NT 10.0; Win64; x64) AppleWebKit/537.36"
185.177.72.50 - - [31/Mar/2026:12:20:54 +0000] "GET /_profiler/phpinfo HTTP/1.1" 404 208178 "-" "Mozilla/5.0 (Windows NT 10.0; Win64; x64) AppleWebKit/537.36, Mozilla/5.0 (Windows NT 10.0; Win64; x64) AppleWebKit/537.36 (KHTML, like Gecko) Chrome/120.0.0.0 Safari/537.36"
185.177.72.50 - - [31/Mar/2026:12:20:54 +0000] "GET /.travis.yml HTTP/1.1" 404 208178 "-" "Mozilla/5.0 (Windows NT 10.0; Win64; x64) AppleWebKit/537.36"
185.177.72.50 - - [31/Mar/2026:12:20:54 +0000] "GET /phpinfo.php HTTP/1.1" 404 208178 "-" "Mozilla/5.0 (Windows NT 10.0; Win64; x64) AppleWebKit/537.36"
185.177.72.50 - - [31/Mar/2026:12:20:55 +0000] "GET /app_dev.php/_profiler/phpinfo HTTP/1.1" 404 57344 "-" "Mozilla/5.0 (Windows NT 10.0; Win64; x64) AppleWebKit/537.36, Mozilla/5.0 (Windows NT 10.0; Win64; x64) AppleWebKit/537.36 (KHTML, like Gecko) Chrome/120.0.0.0 Safari/537.36"
185.177.72.50 - - [31/Mar/2026:12:20:55 +0000] "GET /_profiler/latest HTTP/1.1" 301 - "-" "Mozilla/5.0 (Windows NT 10.0; Win64; x64) AppleWebKit/537.36, Mozilla/5.0 (Windows NT 10.0; Win64; x64) AppleWebKit/537.36 (KHTML, like Gecko) Chrome/120.0.0.0 Safari/537.36"
185.177.72.50 - - [31/Mar/2026:12:20:54 +0000] "GET /phpinfo HTTP/1.1" 404 24576 "-" "Mozilla/5.0 (Windows NT 10.0; Win64; x64) AppleWebKit/537.36, Mozilla/5.0 (Windows NT 10.0; Win64; x64) AppleWebKit/537.36 (KHTML, like Gecko) Chrome/120.0.0.0 Safari/537.36"
185.177.72.50 - - [31/Mar/2026:12:20:55 +0000] "GET /.circleci/config.yml HTTP/1.1" 404 208178 "-" "Mozilla/5.0 (Windows NT 10.0; Win64; x64) AppleWebKit/537.36"
185.177.72.50 - - [31/Mar/2026:12:20:56 +0000] "GET /.bitbucket/pipelines.yml HTTP/1.1" 404 139248 "-" "Mozilla/5.0 (Windows NT 10.0; Win64; x64) AppleWebKit/537.36, Mozilla/5.0 (Windows NT 10.0; Win64; x64) AppleWebKit/537.36 (KHTML, like Gecko) Chrome/120.0.0.0 Safari/537.36"
185.177.72.50 - - [31/Mar/2026:12:20:55 +0000] "GET /debug/default/view HTTP/1.1" 404 49152 "-" "Mozilla/5.0 (Windows NT 10.0; Win64; x64) AppleWebKit/537.36, Mozilla/5.0 (Windows NT 10.0; Win64; x64) AppleWebKit/537.36 (KHTML, like Gecko) Chrome/120.0.0.0 Safari/537.36"
185.177.72.50 - - [31/Mar/2026:12:20:56 +0000] "GET /manage/env HTTP/1.1" 404 208178 "-" "Mozilla/5.0 (Windows NT 10.0; Win64; x64) AppleWebKit/537.36, Mozilla/5.0 (Windows NT 10.0; Win64; x64) AppleWebKit/537.36 (KHTML, like Gecko) Chrome/120.0.0.0 Safari/537.36"
192.0.103.42 - - [31/Mar/2026:12:20:55 +0000] "GET / HTTP/1.1" 200 311108 "-" "jetmon/1.0 (Jetpack Site Uptime Monitor by WordPress.com)"
185.177.72.50 - - [31/Mar/2026:12:20:56 +0000] "GET /horizon/api/stats HTTP/1.1" 404 24576 "-" "Mozilla/5.0 (Windows NT 10.0; Win64; x64) AppleWebKit/537.36, Mozilla/5.0 (Windows NT 10.0; Win64; x64) AppleWebKit/537.36 (KHTML, like Gecko) Chrome/120.0.0.0 Safari/537.36"
185.177.72.50 - - [31/Mar/2026:12:20:57 +0000] "GET /server-info HTTP/1.1" 404 24576 "-" "Mozilla/5.0 (Windows NT 10.0; Win64; x64) AppleWebKit/537.36, Mozilla/5.0 (Windows NT 10.0; Win64; x64) AppleWebKit/537.36 (KHTML, like Gecko) Chrome/120.0.0.0 Safari/537.36"
185.177.72.50 - - [31/Mar/2026:12:20:59 +0000] "GET /info.php HTTP/1.1" 404 24576 "-" "Mozilla/5.0 (Windows NT 10.0; Win64; x64) AppleWebKit/537.36"
185.177.72.50 - - [31/Mar/2026:12:21:00 +0000] "GET /phpinfo HTTP/1.1" 404 81912 "-" "Mozilla/5.0 (Windows NT 10.0; Win64; x64) AppleWebKit/537.36, Mozilla/5.0 (Windows NT 10.0; Win64; x64) AppleWebKit/537.36 (KHTML, like Gecko) Chrome/120.0.0.0 Safari/537.36"
185.177.72.50 - - [31/Mar/2026:12:20:58 +0000] "GET /test.php HTTP/1.1" 404 208178 "-" "Mozilla/5.0 (Windows NT 10.0; Win64; x64) AppleWebKit/537.36"
185.177.72.50 - - [31/Mar/2026:12:21:00 +0000] "GET /app_dev.php/_profiler/phpinfo HTTP/1.1" 404 208178 "-" "Mozilla/5.0 (Windows NT 10.0; Win64; x64) AppleWebKit/537.36, Mozilla/5.0 (Windows NT 10.0; Win64; x64) AppleWebKit/537.36 (KHTML, like Gecko) Chrome/120.0.0.0 Safari/537.36"
185.177.72.50 - - [31/Mar/2026:12:21:00 +0000] "GET /_profiler/phpinfo HTTP/1.1" 404 208178 "-" "Mozilla/5.0 (Windows NT 10.0; Win64; x64) AppleWebKit/537.36, Mozilla/5.0 (Windows NT 10.0; Win64; x64) AppleWebKit/537.36 (KHTML, like Gecko) Chrome/120.0.0.0 Safari/537.36"
185.177.72.50 - - [31/Mar/2026:12:21:00 +0000] "GET /_profiler/latest HTTP/1.1" 301 - "-" "Mozilla/5.0 (Windows NT 10.0; Win64; x64) AppleWebKit/537.36, Mozilla/5.0 (Windows NT 10.0; Win64; x64) AppleWebKit/537.36 (KHTML, like Gecko) Chrome/120.0.0.0 Safari/537.36"
185.177.72.50 - - [31/Mar/2026:12:21:03 +0000] "GET /server-info HTTP/1.1" 404 208178 "-" "Mozilla/5.0 (Windows NT 10.0; Win64; x64) AppleWebKit/537.36, Mozilla/5.0 (Windows NT 10.0; Win64; x64) AppleWebKit/537.36 (KHTML, like Gecko) Chrome/120.0.0.0 Safari/537.36"
185.177.72.50 - - [31/Mar/2026:12:21:02 +0000] "GET /phpinfo.php HTTP/1.1" 404 208178 "-" "Mozilla/5.0 (Windows NT 10.0; Win64; x64) AppleWebKit/537.36"
185.177.72.50 - - [31/Mar/2026:12:21:01 +0000] "GET /manage/env HTTP/1.1" 404 24576 "-" "Mozilla/5.0 (Windows NT 10.0; Win64; x64) AppleWebKit/537.36, Mozilla/5.0 (Windows NT 10.0; Win64; x64) AppleWebKit/537.36 (KHTML, like Gecko) Chrome/120.0.0.0 Safari/537.36"
185.177.72.50 - - [31/Mar/2026:12:21:02 +0000] "GET /debug/default/view HTTP/1.1" 404 40960 "-" "Mozilla/5.0 (Windows NT 10.0; Win64; x64) AppleWebKit/537.36, Mozilla/5.0 (Windows NT 10.0; Win64; x64) AppleWebKit/537.36 (KHTML, like Gecko) Chrome/120.0.0.0 Safari/537.36"
185.177.72.50 - - [31/Mar/2026:12:21:01 +0000] "GET /horizon/api/stats HTTP/1.1" 404 73720 "-" "Mozilla/5.0 (Windows NT 10.0; Win64; x64) AppleWebKit/537.36, Mozilla/5.0 (Windows NT 10.0; Win64; x64) AppleWebKit/537.36 (KHTML, like Gecko) Chrome/120.0.0.0 Safari/537.36"
2a02:4780:6:2081:0:24e8:9de2:1 - - [31/Mar/2026:12:21:16 +0000] "GET /product-category/pc-parts-and-accessories/windows/peripherals/keyboard-and-mouse/ HTTP/1.1" 200 204776 "-" "Mozilla/5.0 (Windows NT 10.0; Win64; x64) AppleWebKit/537.36 (KHTML, like Gecko) Chrome/121.0.0.0 Safari/537.36"
2a02:4780:6:2081:0:24e8:9de2:1 - - [31/Mar/2026:12:21:26 +0000] "GET /product-category/pc-parts-and-accessories/windows/peripherals/keyboard-and-mouse/ HTTP/1.1" 200 252743 "-" "Mozilla/5.0 (Windows NT 10.0; Win64; x64) AppleWebKit/537.36 (KHTML, like Gecko) Chrome/121.0.0.0 Safari/537.36"
2a02:4780:6:2081:0:24e8:9de2:1 - - [31/Mar/2026:12:21:28 +0000] "POST /?add-to-cart=2375 HTTP/1.1" 200 319919 "-" "Mozilla/5.0 (Windows NT 10.0; Win64; x64) AppleWebKit/537.36 (KHTML, like Gecko) Chrome/121.0.0.0 Safari/537.36"
2a02:4780:6:2081:0:24e8:9de2:1 - - [31/Mar/2026:12:21:29 +0000] "GET /checkout/ HTTP/1.1" 200 522051 "-" "Mozilla/5.0 (Windows NT 10.0; Win64; x64) AppleWebKit/537.36 (KHTML, like Gecko) Chrome/121.0.0.0 Safari/537.36"
66.249.64.105 - - [31/Mar/2026:12:21:35 +0000] "GET /2026/02/25/gambling-pokies-best-in-australia/ HTTP/1.1" 200 194421 "-" "Mozilla/5.0 (Linux; Android 6.0.1; Nexus 5X Build/MMB29P) AppleWebKit/537.36 (KHTML, like Gecko) Chrome/146.0.7680.153 Mobile Safari/537.36 (compatible; Googlebot/2.1; +http://www.google.com/bot.html)"
45.79.238.235 - - [31/Mar/2026:12:22:09 +0000] "POST /wp-cron.php?doing_wp_cron=1774959729.2631590366363525390625 HTTP/1.1" 200 - "-" "WordPress/6.9.4; https://thecomputerdoctor.co.nz"
192.0.103.42 - - [31/Mar/2026:12:22:08 +0000] "GET / HTTP/1.1" 200 311108 "-" "jetmon/1.0 (Jetpack Site Uptime Monitor by WordPress.com)"
202.6.193.18 - - [31/Mar/2026:12:22:10 +0000] "GET /business-it/ HTTP/1.1" 200 615858 "https://www.google.com/" "Mozilla/5.0 (Linux; Android 10; K) AppleWebKit/537.36 (KHTML, like Gecko) Chrome/146.0.0.0 Mobile Safari/537.36"
202.6.193.18 - - [31/Mar/2026:12:22:10 +0000] "GET /content/dam/vijaysaleswebsite/images/desktop/reviews%20bg%20-%20desktop.png HTTP/1.1" 404 208201 "https://thecomputerdoctor.co.nz/business-it/" "Mozilla/5.0 (Linux; Android 10; K) AppleWebKit/537.36 (KHTML, like Gecko) Chrome/146.0.0.0 Mobile Safari/537.36"
202.6.193.18 - - [31/Mar/2026:12:22:10 +0000] "GET /content/dam/vijaysaleswebsite/images/mobile/reviews%20bg%20-%20mobile.png HTTP/1.1" 404 208201 "https://thecomputerdoctor.co.nz/business-it/" "Mozilla/5.0 (Linux; Android 10; K) AppleWebKit/537.36 (KHTML, like Gecko) Chrome/146.0.0.0 Mobile Safari/537.36"
45.79.238.235 - - [31/Mar/2026:12:25:56 +0000] "POST /wp-cron.php?doing_wp_cron=1774959956.0781989097595214843750 HTTP/1.1" 200 - "-" "WordPress/6.9.4; https://thecomputerdoctor.co.nz"
192.0.103.42 - - [31/Mar/2026:12:25:54 +0000] "GET / HTTP/1.1" 200 311108 "-" "jetmon/1.0 (Jetpack Site Uptime Monitor by WordPress.com)"
89.110.115.121 - - [31/Mar/2026:12:26:07 +0000] "GET / HTTP/1.1" 200 311108 "http://THECOMPUTERDOCTOR.CO.NZ" "Mozilla/5.0 (Windows NT 10.0; Win64; x64) AppleWebKit/537.36 (KHTML, like Gecko) Chrome/120.0.0.0 Safari/537.36"
45.79.238.235 - - [31/Mar/2026:12:30:41 +0000] "POST /wp-cron.php?doing_wp_cron=1774960241.2441520690917968750000 HTTP/1.1" 200 - "-" "WordPress/6.9.4; https://thecomputerdoctor.co.nz"
178.156.239.13 - - [31/Mar/2026:12:30:40 +0000] "GET /?p=3189 HTTP/1.1" 301 - "-" "Mozilla/5.0 (Windows NT 10.0; Win64; x64) AppleWebKit/537.36 (KHTML, like Gecko) Chrome/84.0.4147.105 Safari/537.36"
178.156.239.13 - - [31/Mar/2026:12:30:41 +0000] "GET /2026/02/25/online-casino-no-deposit-free-spins-new-zealand/ HTTP/1.1" 200 218952 "-" "Mozilla/5.0 (Windows NT 10.0; Win64; x64) AppleWebKit/537.36 (KHTML, like Gecko) Chrome/84.0.4147.105 Safari/537.36"
49.224.252.200 - - [31/Mar/2026:12:30:53 +0000] "GET /product-category/cables/display-cables/ HTTP/1.1" 404 208178 "https://thecomputerdoctor.co.nz/" "Mozilla/5.0 (Windows NT 10.0; Win64; x64) AppleWebKit/537.36 (KHTML, like Gecko) Chrome/145.0.0.0 Safari/537.36"
192.0.103.42 - - [31/Mar/2026:12:30:54 +0000] "GET / HTTP/1.1" 200 311108 "-" "jetmon/1.0 (Jetpack Site Uptime Monitor by WordPress.com)"
182.253.242.122 - - [31/Mar/2026:12:31:34 +0000] "GET /business-it/ HTTP/1.1" 200 615858 "https://www.google.com/" "Mozilla/5.0 (Windows NT 10.0; Win64; x64) AppleWebKit/537.36 (KHTML, like Gecko) Chrome/146.0.0.0 Safari/537.36"
45.79.238.235 - - [31/Mar/2026:12:31:36 +0000] "POST /wp-cron.php?doing_wp_cron=1774960296.5005669593811035156250 HTTP/1.1" 200 - "-" "WordPress/6.9.4; https://thecomputerdoctor.co.nz"
182.253.242.122 - - [31/Mar/2026:12:31:35 +0000] "GET /content/dam/vijaysaleswebsite/images/mobile/reviews%20bg%20-%20mobile.png HTTP/1.1" 404 208178 "https://thecomputerdoctor.co.nz/business-it/" "Mozilla/5.0 (Windows NT 10.0; Win64; x64) AppleWebKit/537.36 (KHTML, like Gecko) Chrome/146.0.0.0 Safari/537.36"
182.253.242.122 - - [31/Mar/2026:12:31:35 +0000] "GET /content/dam/vijaysaleswebsite/images/desktop/reviews%20bg%20-%20desktop.png HTTP/1.1" 404 208178 "https://thecomputerdoctor.co.nz/business-it/" "Mozilla/5.0 (Windows NT 10.0; Win64; x64) AppleWebKit/537.36 (KHTML, like Gecko) Chrome/146.0.0.0 Safari/537.36"
66.249.64.107 - - [31/Mar/2026:12:31:36 +0000] "GET /2026/02/25/free-cash-no-deposit-casino-au/ HTTP/1.1" 200 197342 "-" "Mozilla/5.0 (Linux; Android 6.0.1; Nexus 5X Build/MMB29P) AppleWebKit/537.36 (KHTML, like Gecko) Chrome/146.0.7680.153 Mobile Safari/537.36 (compatible; Googlebot/2.1; +http://www.google.com/bot.html)"
182.253.242.122 - - [31/Mar/2026:12:31:37 +0000] "GET /business-it/ HTTP/1.1" 200 615858 "-" "Mozilla/5.0 (Windows NT 10.0; Win64; x64) AppleWebKit/537.36 (KHTML, like Gecko) Chrome/146.0.0.0 Safari/537.36"
182.253.242.122 - - [31/Mar/2026:12:31:36 +0000] "GET /libs/granite/csrf/token.json HTTP/1.1" 404 208178 "https://thecomputerdoctor.co.nz/business-it/" "Mozilla/5.0 (Windows NT 10.0; Win64; x64) AppleWebKit/537.36 (KHTML, like Gecko) Chrome/146.0.0.0 Safari/537.36"
182.253.242.122 - - [31/Mar/2026:12:31:37 +0000] "GET /content/dam/vijaysaleswebsite/icons/white-plus.svg HTTP/1.1" 404 208178 "https://thecomputerdoctor.co.nz/business-it/" "Mozilla/5.0 (Windows NT 10.0; Win64; x64) AppleWebKit/537.36 (KHTML, like Gecko) Chrome/146.0.0.0 Safari/537.36"
182.253.242.122 - - [31/Mar/2026:12:31:37 +0000] "GET /api/graphql?query=query%20%7B%20products(filter%3A%20%7B%20sku%3A%20%7B%20in%3A%20%5B%22PIRMTG-984721%22%5D%20%7D%7D%20)%20%7B%20items%20%7B%20__typename%20sku%20price_range%20%7B%20minimum_price%20%7Bregular_price%20%7B%20value%20currency%20%7D%20final_price%20%7B%20value%20currency%20%7D%20discount%20%7B%20amount_off%20percent_off%20%7D%7D%20%7D%20...%20on%20ConfigurableProduct%20%7B%20price_range%20%7B%20maximum_price%20%7Bregular_price%20%7B%20value%20currency%20%7D%20final_price%20%7B%20value%20currency%20%7D%20discount%20%7B%20amount_off%20percent_off%20%7D%7D%20%7D%20variants%20%7B%20product%20%7B%20sku%20price_range%20%7B%20minimum_price%20%7Bregular_price%20%7B%20value%20currency%20%7D%20final_price%20%7B%20value%20currency%20%7D%20discount%20%7B%20amount_off%20percent_off%20%7D%7D%20%7D%20%7D%20%7D%20%7D%20...%20on%20GroupedProduct%20%7B%20items%20%7B%20product%20%7B%20sku%20price_range%20%7B%20minimum_price%20%7Bregular_price%20%7B%20value%20currency%20%7D%20final_price%20%7B%20value%20currency%20%7D%20discount%20%7B%20amount_off%20percent_off%20%7D%7D%20%7D%20%7D%20%7D%20%7D%20...%20on%20BundleProduct%20%7B%20price_range%20%7B%20maximum_price%20%7Bregular_price%20%7B%20value%20currency%20%7D%20final_price%20%7B%20value%20currency%20%7D%20discount%20%7B%20amount_off%20percent_off%20%7D%7D%20%7D%20%7D%20%7D%20%7D%20%7D HTTP/1.1" 404 208552 "https://thecomputerdoctor.co.nz/business-it/" "Mozilla/5.0 (Windows NT 10.0; Win64; x64) AppleWebKit/537.36 (KHTML, like Gecko) Chrome/146.0.0.0 Safari/537.36"
91.231.89.97 - - [31/Mar/2026:12:33:44 +0000] "GET / HTTP/1.1" 200 311108 "-" "Mozilla/5.0 (X11; Ubuntu; Linux x86_64; rv:134.0) Gecko/20100101 Firefox/134.0"
52.167.144.137 - - [31/Mar/2026:12:34:46 +0000] "GET /wp-content/uploads/2024/04/1403928_promate-4-in-1-charging-station-includes-15w-magsafe-compatible-1024x1024.jpg HTTP/1.1" 200 96502 "-" "Mozilla/5.0 AppleWebKit/537.36 (KHTML, like Gecko; compatible; bingbot/2.0; +http://www.bing.com/bingbot.htm) Chrome/116.0.1938.76 Safari/537.36"
45.79.238.235 - - [31/Mar/2026:12:35:02 +0000] "POST /wp-cron.php?doing_wp_cron=1774960502.2853479385375976562500 HTTP/1.1" 200 - "-" "WordPress/6.9.4; https://thecomputerdoctor.co.nz"
91.231.89.103 - - [31/Mar/2026:12:35:01 +0000] "GET / HTTP/1.1" 301 - "-" "Mozilla/5.0 (X11; Ubuntu; Linux x86_64; rv:134.0) Gecko/20100101 Firefox/134.0"
45.79.238.235 - - [31/Mar/2026:12:35:36 +0000] "POST /wp-cron.php?doing_wp_cron=1774960536.9041318893432617187500 HTTP/1.1" 200 - "-" "WordPress/6.9.4; https://thecomputerdoctor.co.nz"
151.240.33.15 - - [31/Mar/2026:12:35:35 +0000] "GET / HTTP/1.1" 200 311108 "-" "Mozilla/5.0 (Windows NT 10.0; Win64; x64) AppleWebKit/537.36 (KHTML, like Gecko) Chrome/146.0.0.0 Safari/537.36"
151.240.33.15 - - [31/Mar/2026:12:35:37 +0000] "POST /?wc-ajax=get_refreshed_fragments HTTP/1.1" 200 6551 "https://thecomputerdoctor.co.nz/" "Mozilla/5.0 (Windows NT 10.0; Win64; x64) AppleWebKit/537.36 (KHTML, like Gecko) Chrome/146.0.0.0 Safari/537.36"
192.0.103.42 - - [31/Mar/2026:12:35:54 +0000] "GET / HTTP/1.1" 200 311108 "-" "jetmon/1.0 (Jetpack Site Uptime Monitor by WordPress.com)"
5.255.231.105 - - [31/Mar/2026:12:35:58 +0000] "GET / HTTP/1.1" 403 - "-" "Mozilla/5.0 (compatible; YandexBot/3.0; +http://yandex.com/bots)"
91.196.152.149 - - [31/Mar/2026:12:36:21 +0000] "GET / HTTP/1.1" 200 311108 "-" "Mozilla/5.0 (X11; Ubuntu; Linux x86_64; rv:134.0) Gecko/20100101 Firefox/134.0"
45.79.238.235 - - [31/Mar/2026:12:37:21 +0000] "POST /wp-cron.php?doing_wp_cron=1774960641.5749819278717041015625 HTTP/1.1" 200 - "-" "WordPress/6.9.4; https://thecomputerdoctor.co.nz"
91.196.152.230 - - [31/Mar/2026:12:37:15 +0000] "GET / HTTP/1.1" 301 - "-" "Mozilla/5.0 (X11; Ubuntu; Linux x86_64; rv:134.0) Gecko/20100101 Firefox/134.0"
45.79.238.235 - - [31/Mar/2026:12:38:26 +0000] "POST /wp-cron.php?doing_wp_cron=1774960706.6075110435485839843750 HTTP/1.1" 200 - "-" "WordPress/6.9.4; https://thecomputerdoctor.co.nz"
91.196.152.150 - - [31/Mar/2026:12:38:24 +0000] "GET / HTTP/1.1" 200 311108 "-" "Mozilla/5.0 (X11; Ubuntu; Linux x86_64; rv:134.0) Gecko/20100101 Firefox/134.0"
66.249.64.106 - - [31/Mar/2026:12:39:41 +0000] "GET /business-it/ HTTP/1.1" 200 615858 "-" "Googlebot-Image/1.0"
45.79.238.235 - - [31/Mar/2026:12:40:10 +0000] "POST /wp-cron.php?doing_wp_cron=1774960810.6395070552825927734375 HTTP/1.1" 200 - "-" "WordPress/6.9.4; https://thecomputerdoctor.co.nz"
91.196.152.61 - - [31/Mar/2026:12:40:09 +0000] "GET / HTTP/1.1" 200 311108 "-" "Mozilla/5.0 (X11; Ubuntu; Linux x86_64; rv:134.0) Gecko/20100101 Firefox/134.0"
182.253.242.122 - - [31/Mar/2026:12:40:49 +0000] "GET /pc-repair/ HTTP/1.1" 200 137555 "https://www.google.com/" "Mozilla/5.0 (Windows NT 10.0; Win64; x64) AppleWebKit/537.36 (KHTML, like Gecko) Chrome/146.0.0.0 Safari/537.36"
182.253.242.122 - - [31/Mar/2026:12:40:54 +0000] "GET /pc-repair/ HTTP/1.1" 200 137555 "-" "Mozilla/5.0 (Windows NT 10.0; Win64; x64) AppleWebKit/537.36 (KHTML, like Gecko) Chrome/146.0.0.0 Safari/537.36"
45.79.238.235 - - [31/Mar/2026:12:40:55 +0000] "POST /wp-cron.php?doing_wp_cron=1774960855.4324889183044433593750 HTTP/1.1" 200 - "-" "WordPress/6.9.4; https://thecomputerdoctor.co.nz"
192.0.103.42 - - [31/Mar/2026:12:40:54 +0000] "GET / HTTP/1.1" 200 311108 "-" "jetmon/1.0 (Jetpack Site Uptime Monitor by WordPress.com)"
45.79.238.235 - - [31/Mar/2026:12:41:34 +0000] "POST /wp-cron.php?doing_wp_cron=1774960894.9438409805297851562500 HTTP/1.1" 200 - "-" "WordPress/6.9.4; https://thecomputerdoctor.co.nz"
91.231.89.34 - - [31/Mar/2026:12:41:34 +0000] "GET / HTTP/1.1" 301 - "-" "Mozilla/5.0 (X11; Ubuntu; Linux x86_64; rv:134.0) Gecko/20100101 Firefox/134.0"
45.79.238.235 - - [31/Mar/2026:12:44:39 +0000] "POST /wp-cron.php?doing_wp_cron=1774961079.8043389320373535156250 HTTP/1.1" 200 - "-" "WordPress/6.9.4; https://thecomputerdoctor.co.nz"
91.196.152.160 - - [31/Mar/2026:12:44:38 +0000] "GET / HTTP/1.1" 200 311108 "-" "Mozilla/5.0 (X11; Ubuntu; Linux x86_64; rv:134.0) Gecko/20100101 Firefox/134.0"
45.79.238.235 - - [31/Mar/2026:12:45:33 +0000] "POST /wp-cron.php?doing_wp_cron=1774961133.2472479343414306640625 HTTP/1.1" 200 - "-" "WordPress/6.9.4; https://thecomputerdoctor.co.nz"
14.174.130.47 - - [31/Mar/2026:12:45:31 +0000] "GET /shop/page/7/ HTTP/1.1" 200 287972 "-" "Mozilla/5.0 (Windows NT 6.1; Win64; x64) AppleWebKit/537.36 (KHTML, like Gecko) Chrome/62.0.3202.94 Safari/537.36"
113.188.66.56 - - [31/Mar/2026:12:45:52 +0000] "GET /shop/page/7/ HTTP/1.1" 200 287972 "-" "Mozilla/5.0 (Macintosh; Intel Mac OS X 10_15_3) AppleWebKit/537.36 (KHTML, like Gecko) Chrome/79.0.3945.130 Safari/537.36\tChrome 79.0"
192.0.103.42 - - [31/Mar/2026:12:45:55 +0000] "GET / HTTP/1.1" 200 311108 "-" "jetmon/1.0 (Jetpack Site Uptime Monitor by WordPress.com)"
151.240.33.15 - - [31/Mar/2026:12:46:02 +0000] "GET /wp-admin/helper.php?p= HTTP/1.1" 200 4398 "https://thecomputerdoctor.co.nz/wp-admin/helper.php?p=&chmod=console-repairs" "Mozilla/5.0 (Windows NT 10.0; Win64; x64) AppleWebKit/537.36 (KHTML, like Gecko) Chrome/146.0.0.0 Safari/537.36"
151.240.33.15 - - [31/Mar/2026:12:46:10 +0000] "POST /wp-admin/helper.php?p= HTTP/1.1" 302 - "https://thecomputerdoctor.co.nz/wp-admin/helper.php?p=" "Mozilla/5.0 (Windows NT 10.0; Win64; x64) AppleWebKit/537.36 (KHTML, like Gecko) Chrome/146.0.0.0 Safari/537.36"
151.240.33.15 - - [31/Mar/2026:12:46:11 +0000] "GET /wp-admin/helper.php HTTP/1.1" 302 - "https://thecomputerdoctor.co.nz/wp-admin/helper.php?p=" "Mozilla/5.0 (Windows NT 10.0; Win64; x64) AppleWebKit/537.36 (KHTML, like Gecko) Chrome/146.0.0.0 Safari/537.36"
151.240.33.15 - - [31/Mar/2026:12:46:12 +0000] "GET /wp-admin/helper.php?p= HTTP/1.1" 200 127565 "https://thecomputerdoctor.co.nz/wp-admin/helper.php?p=" "Mozilla/5.0 (Windows NT 10.0; Win64; x64) AppleWebKit/537.36 (KHTML, like Gecko) Chrome/146.0.0.0 Safari/537.36"
91.231.89.124 - - [31/Mar/2026:12:46:11 +0000] "GET / HTTP/1.1" 200 311108 "-" "Mozilla/5.0 (X11; Ubuntu; Linux x86_64; rv:134.0) Gecko/20100101 Firefox/134.0"
151.240.33.15 - - [31/Mar/2026:12:46:19 +0000] "POST /wp-admin/helper.php?p= HTTP/1.1" 302 - "https://thecomputerdoctor.co.nz/wp-admin/helper.php?p=" "Mozilla/5.0 (Windows NT 10.0; Win64; x64) AppleWebKit/537.36 (KHTML, like Gecko) Chrome/146.0.0.0 Safari/537.36"
151.240.33.15 - - [31/Mar/2026:12:46:19 +0000] "GET /wp-admin/helper.php?p= HTTP/1.1" 200 129541 "https://thecomputerdoctor.co.nz/wp-admin/helper.php?p=" "Mozilla/5.0 (Windows NT 10.0; Win64; x64) AppleWebKit/537.36 (KHTML, like Gecko) Chrome/146.0.0.0 Safari/537.36"
151.240.33.15 - - [31/Mar/2026:12:46:23 +0000] "GET /wp-admin/helper.php?p=ms-surface-repairs HTTP/1.1" 200 37076 "https://thecomputerdoctor.co.nz/wp-admin/helper.php?p=" "Mozilla/5.0 (Windows NT 10.0; Win64; x64) AppleWebKit/537.36 (KHTML, like Gecko) Chrome/146.0.0.0 Safari/537.36"
151.240.33.15 - - [31/Mar/2026:12:46:28 +0000] "POST /wp-admin/helper.php?p=ms-surface-repairs HTTP/1.1" 302 - "https://thecomputerdoctor.co.nz/wp-admin/helper.php?p=ms-surface-repairs" "Mozilla/5.0 (Windows NT 10.0; Win64; x64) AppleWebKit/537.36 (KHTML, like Gecko) Chrome/146.0.0.0 Safari/537.36"
151.240.33.15 - - [31/Mar/2026:12:46:28 +0000] "GET /wp-admin/helper.php?p=ms-surface-repairs HTTP/1.1" 200 39813 "https://thecomputerdoctor.co.nz/wp-admin/helper.php?p=ms-surface-repairs" "Mozilla/5.0 (Windows NT 10.0; Win64; x64) AppleWebKit/537.36 (KHTML, like Gecko) Chrome/146.0.0.0 Safari/537.36"
151.240.33.15 - - [31/Mar/2026:12:46:30 +0000] "GET /wp-admin/helper.php?p=ms-surface-repairs&view=index.html HTTP/1.1" 200 34801 "https://thecomputerdoctor.co.nz/wp-admin/helper.php?p=ms-surface-repairs" "Mozilla/5.0 (Windows NT 10.0; Win64; x64) AppleWebKit/537.36 (KHTML, like Gecko) Chrome/146.0.0.0 Safari/537.36"
151.240.33.15 - - [31/Mar/2026:12:46:31 +0000] "GET /wp-admin/helper.php?p=ms-surface-repairs&edit=index.html HTTP/1.1" 200 34280 "https://thecomputerdoctor.co.nz/wp-admin/helper.php?p=ms-surface-repairs&view=index.html" "Mozilla/5.0 (Windows NT 10.0; Win64; x64) AppleWebKit/537.36 (KHTML, like Gecko) Chrome/146.0.0.0 Safari/537.36"
151.240.33.15 - - [31/Mar/2026:12:46:33 +0000] "POST /wp-admin/helper.php?p=ms-surface-repairs&edit=index.html HTTP/1.1" 200 1 "https://thecomputerdoctor.co.nz/wp-admin/helper.php?p=ms-surface-repairs&edit=index.html" "Mozilla/5.0 (Windows NT 10.0; Win64; x64) AppleWebKit/537.36 (KHTML, like Gecko) Chrome/146.0.0.0 Safari/537.36"
151.240.33.15 - - [31/Mar/2026:12:46:34 +0000] "GET /wp-admin/helper.php?p=ms-surface-repairs&view=index.html HTTP/1.1" 200 1103430 "https://thecomputerdoctor.co.nz/wp-admin/helper.php?p=ms-surface-repairs&edit=index.html" "Mozilla/5.0 (Windows NT 10.0; Win64; x64) AppleWebKit/537.36 (KHTML, like Gecko) Chrome/146.0.0.0 Safari/537.36"
151.240.33.15 - - [31/Mar/2026:12:46:38 +0000] "GET /wp-admin/helper.php?p=ms-surface-repairs HTTP/1.1" 200 39774 "https://thecomputerdoctor.co.nz/wp-admin/helper.php?p=ms-surface-repairs&view=index.html" "Mozilla/5.0 (Windows NT 10.0; Win64; x64) AppleWebKit/537.36 (KHTML, like Gecko) Chrome/146.0.0.0 Safari/537.36"
66.249.64.105 - - [31/Mar/2026:12:47:37 +0000] "GET /products/detail/97784767 HTTP/1.1" 200 195611 "-" "Mozilla/5.0 (Linux; Android 6.0.1; Nexus 5X Build/MMB29P) AppleWebKit/537.36 (KHTML, like Gecko) Chrome/146.0.7680.153 Mobile Safari/537.36 (compatible; Googlebot/2.1; +http://www.google.com/bot.html)"
66.249.64.107 - - [31/Mar/2026:12:47:37 +0000] "GET /products/detail/166018727 HTTP/1.1" 200 196638 "-" "Mozilla/5.0 (Linux; Android 6.0.1; Nexus 5X Build/MMB29P) AppleWebKit/537.36 (KHTML, like Gecko) Chrome/146.0.7680.153 Mobile Safari/537.36 (compatible; Googlebot/2.1; +http://www.google.com/bot.html)"
52.167.144.173 - - [31/Mar/2026:12:48:00 +0000] "GET /2026/02/25/statistics-of-gambling-in-new-zealand/ HTTP/1.1" 200 189120 "-" "Mozilla/5.0 AppleWebKit/537.36 (KHTML, like Gecko; compatible; bingbot/2.0; +http://www.bing.com/bingbot.htm) Chrome/116.0.1938.76 Safari/537.36"
151.240.33.15 - - [31/Mar/2026:12:48:05 +0000] "GET /pc-repair/ HTTP/1.1" 200 137555 "-" "Mozilla/5.0 (Windows NT 10.0; Win64; x64) AppleWebKit/537.36 (KHTML, like Gecko) Chrome/146.0.0.0 Safari/537.36"
151.240.33.15 - - [31/Mar/2026:12:48:32 +0000] "GET /ms-surface-repairs/index.html HTTP/1.1" 200 994239 "https://thecomputerdoctor.co.nz/wp-admin/helper.php?p=ms-surface-repairs" "Mozilla/5.0 (Windows NT 10.0; Win64; x64) AppleWebKit/537.36 (KHTML, like Gecko) Chrome/146.0.0.0 Safari/537.36"
151.240.33.15 - - [31/Mar/2026:12:48:33 +0000] "GET /wp-admin/helper.php?p= HTTP/1.1" 200 129475 "https://thecomputerdoctor.co.nz/wp-admin/helper.php?p=ms-surface-repairs" "Mozilla/5.0 (Windows NT 10.0; Win64; x64) AppleWebKit/537.36 (KHTML, like Gecko) Chrome/146.0.0.0 Safari/537.36"
151.240.33.15 - - [31/Mar/2026:12:48:37 +0000] "GET /wp-admin/helper.php?p=&chmod=ms-surface-repairs HTTP/1.1" 200 35269 "https://thecomputerdoctor.co.nz/wp-admin/helper.php?p=" "Mozilla/5.0 (Windows NT 10.0; Win64; x64) AppleWebKit/537.36 (KHTML, like Gecko) Chrome/146.0.0.0 Safari/537.36"
151.240.33.15 - - [31/Mar/2026:12:48:41 +0000] "POST /wp-admin/helper.php?p=&chmod=ms-surface-repairs HTTP/1.1" 302 - "https://thecomputerdoctor.co.nz/wp-admin/helper.php?p=&chmod=ms-surface-repairs" "Mozilla/5.0 (Windows NT 10.0; Win64; x64) AppleWebKit/537.36 (KHTML, like Gecko) Chrome/146.0.0.0 Safari/537.36"
151.240.33.15 - - [31/Mar/2026:12:48:41 +0000] "GET /wp-admin/helper.php?p= HTTP/1.1" 200 129520 "https://thecomputerdoctor.co.nz/wp-admin/helper.php?p=&chmod=ms-surface-repairs" "Mozilla/5.0 (Windows NT 10.0; Win64; x64) AppleWebKit/537.36 (KHTML, like Gecko) Chrome/146.0.0.0 Safari/537.36"
151.240.33.15 - - [31/Mar/2026:12:48:43 +0000] "GET /ms-surface-repairs/ HTTP/1.1" 200 994239 "-" "Mozilla/5.0 (Windows NT 10.0; Win64; x64) AppleWebKit/537.36 (KHTML, like Gecko) Chrome/146.0.0.0 Safari/537.36"
66.249.64.107 - - [31/Mar/2026:12:48:55 +0000] "GET /ms-surface-repairs/ HTTP/1.1" 200 994239 "-" "Mozilla/5.0 (compatible; Google-InspectionTool/1.0;)"
66.249.64.105 - - [31/Mar/2026:12:48:55 +0000] "GET /ms-surface-repairs/ HTTP/1.1" 200 994239 "-" "Mozilla/5.0 (Linux; Android 6.0.1; Nexus 5X Build/MMB29P) AppleWebKit/537.36 (KHTML, like Gecko) Chrome/145.0.7632.159 Mobile Safari/537.36 (compatible; Google-InspectionTool/1.0;)"
45.79.238.235 - - [31/Mar/2026:12:49:32 +0000] "POST /wp-cron.php?doing_wp_cron=1774961372.6676011085510253906250 HTTP/1.1" 200 - "-" "WordPress/6.9.4; https://thecomputerdoctor.co.nz"
45.156.87.44 - - [31/Mar/2026:12:49:31 +0000] "GET /wp-admin/ HTTP/1.1" 302 - "-" "Mozilla/5.0 (Windows NT 10.0; Win64; x64) AppleWebKit/537.36 (KHTML, like Gecko) Chrome/119.0.6045.159 Safari/537.36"
45.156.87.44 - - [31/Mar/2026:12:49:31 +0000] "GET /wp-admin/ HTTP/1.1" 302 - "-" "Mozilla/5.0 (Macintosh; Intel Mac OS X 10.15) Gecko/20100101 Firefox/120.0.1"
45.156.87.44 - - [31/Mar/2026:12:49:34 +0000] "GET /wp-admin/ HTTP/1.1" 302 - "http://thecomputerdoctor.co.nz/wp-admin/" "Mozilla/5.0 (Windows NT 10.0; Win64; x64) AppleWebKit/537.36 (KHTML, like Gecko) Chrome/122.0.6261.57 Safari/537.36"
45.156.87.44 - - [31/Mar/2026:12:49:35 +0000] "GET /administrator/ HTTP/1.1" 404 208178 "-" "Mozilla/5.0 (X11; Linux x86_64) Gecko/20100101 Firefox/119.0.1"
45.156.87.44 - - [31/Mar/2026:12:49:35 +0000] "GET /wp-admin/ HTTP/1.1" 302 - "http://www.thecomputerdoctor.co.nz/wp-admin/" "Mozilla/5.0 (Windows NT 10.0; Win64; x64) AppleWebKit/537.36 (KHTML, like Gecko) Chrome/119.0.6045.159 Safari/537.36"
45.156.87.44 - - [31/Mar/2026:12:49:36 +0000] "GET /administrator/ HTTP/1.1" 301 - "-" "Mozilla/5.0 (X11; Linux x86_64) Gecko/20100101 Firefox/119.0.1"
45.156.87.44 - - [31/Mar/2026:12:49:37 +0000] "GET /administrator/ HTTP/1.1" 404 208178 "https://www.thecomputerdoctor.co.nz/administrator/" "Mozilla/5.0 (X11; Linux x86_64) Gecko/20100101 Firefox/119.0.1"
45.79.238.235 - - [31/Mar/2026:12:50:56 +0000] "POST /wp-cron.php?doing_wp_cron=1774961456.4399280548095703125000 HTTP/1.1" 200 - "-" "WordPress/6.9.4; https://thecomputerdoctor.co.nz"
45.79.238.235 - - [31/Mar/2026:12:50:57 +0000] "POST /wp-cron.php?doing_wp_cron=1774961457.2323319911956787109375 HTTP/1.1" 200 - "-" "WordPress/6.9.4; https://thecomputerdoctor.co.nz"
192.0.103.42 - - [31/Mar/2026:12:50:55 +0000] "GET / HTTP/1.1" 200 311108 "-" "jetmon/1.0 (Jetpack Site Uptime Monitor by WordPress.com)"
14.174.125.23 - - [31/Mar/2026:12:51:04 +0000] "GET /apple-imac-macbook-repairs/ HTTP/1.1" 404 208178 "-" "Mozilla/5.0 (Macintosh; Intel Mac OS X 11_6_0) AppleWebKit/537.36 (KHTML, like Gecko) Chrome/129.0.6668.100 Safari/537.36"
91.231.89.20 - - [31/Mar/2026:12:51:06 +0000] "GET / HTTP/1.1" 200 311108 "-" "Mozilla/5.0 (X11; Ubuntu; Linux x86_64; rv:134.0) Gecko/20100101 Firefox/134.0"
40.77.167.230 - - [31/Mar/2026:12:51:25 +0000] "GET /wp-content/uploads/2024/04/1381474_promate-10000mah-magnetic-qi-15w-wireless-charging-power-bank-usb-c-100x100.jpg HTTP/1.1" 200 2916 "-" "Mozilla/5.0 AppleWebKit/537.36 (KHTML, like Gecko; compatible; bingbot/2.0; +http://www.bing.com/bingbot.htm) Chrome/116.0.1938.76 Safari/537.36"
40.77.167.24 - - [31/Mar/2026:12:53:20 +0000] "GET /product/netac-us11-usb3-2type-c-dual-flash-drv-64gb/ HTTP/1.1" 200 192777 "-" "Mozilla/5.0 AppleWebKit/537.36 (KHTML, like Gecko; compatible; bingbot/2.0; +http://www.bing.com/bingbot.htm) Chrome/116.0.1938.76 Safari/537.36"
103.157.61.162 - - [31/Mar/2026:12:54:41 +0000] "GET /business-it/ HTTP/1.1" 200 615858 "https://www.google.com/" "Mozilla/5.0 (Linux; Android 10; K) AppleWebKit/537.36 (KHTML, like Gecko) Chrome/146.0.0.0 Mobile Safari/537.36"
103.157.61.162 - - [31/Mar/2026:12:54:43 +0000] "GET /business-it/ HTTP/1.1" 200 615858 "https://thecomputerdoctor.co.nz/business-it/" "Mozilla/5.0 (Linux; Android 10; K) AppleWebKit/537.36 (KHTML, like Gecko) Chrome/146.0.0.0 Mobile Safari/537.36"
103.157.61.162 - - [31/Mar/2026:12:54:43 +0000] "GET /content/dam/vijaysaleswebsite/images/mobile/reviews%20bg%20-%20mobile.png HTTP/1.1" 404 208201 "https://thecomputerdoctor.co.nz/business-it/" "Mozilla/5.0 (Linux; Android 10; K) AppleWebKit/537.36 (KHTML, like Gecko) Chrome/146.0.0.0 Mobile Safari/537.36"
45.79.238.235 - - [31/Mar/2026:12:54:44 +0000] "POST /wp-cron.php?doing_wp_cron=1774961684.2430059909820556640625 HTTP/1.1" 200 - "-" "WordPress/6.9.4; https://thecomputerdoctor.co.nz"
103.157.61.162 - - [31/Mar/2026:12:54:43 +0000] "GET /content/dam/vijaysaleswebsite/images/desktop/reviews%20bg%20-%20desktop.png HTTP/1.1" 404 208201 "https://thecomputerdoctor.co.nz/business-it/" "Mozilla/5.0 (Linux; Android 10; K) AppleWebKit/537.36 (KHTML, like Gecko) Chrome/146.0.0.0 Mobile Safari/537.36"
45.79.238.235 - - [31/Mar/2026:12:55:57 +0000] "POST /wp-cron.php?doing_wp_cron=1774961757.5051488876342773437500 HTTP/1.1" 200 - "-" "WordPress/6.9.4; https://thecomputerdoctor.co.nz"
192.0.103.42 - - [31/Mar/2026:12:55:56 +0000] "GET / HTTP/1.1" 200 311108 "-" "jetmon/1.0 (Jetpack Site Uptime Monitor by WordPress.com)"
47.82.10.43 - - [31/Mar/2026:12:56:21 +0000] "GET /?p=3319 HTTP/1.1" 301 - "https://thecomputerdoctor.co.nz/" "Mozilla/5.0 (Macintosh; Intel Mac OS X 10_15_7) AppleWebKit/537.36 (KHTML, like Gecko) Chrome/136.0.0.0 Safari/537.36"
47.82.10.43 - - [31/Mar/2026:12:56:22 +0000] "GET /2026/02/25/mulvane-nz-casino/ HTTP/1.1" 200 217102 "https://thecomputerdoctor.co.nz/" "Mozilla/5.0 (Macintosh; Intel Mac OS X 10_15_7) AppleWebKit/537.36 (KHTML, like Gecko) Chrome/136.0.0.0 Safari/537.36"
45.79.238.235 - - [31/Mar/2026:12:57:32 +0000] "POST /wp-cron.php?doing_wp_cron=1774961851.9752049446105957031250 HTTP/1.1" 200 - "-" "WordPress/6.9.4; https://thecomputerdoctor.co.nz"
143.244.47.83 - - [31/Mar/2026:12:57:31 +0000] "GET / HTTP/1.1" 301 - "-" "Mozilla/5.0 (Windows NT 10.0; Win64; x64) AppleWebKit/537.36 (KHTML, like Gecko) Chrome/58.0.3029.110 Safari/537.3"
45.79.238.235 - - [31/Mar/2026:12:57:34 +0000] "POST /wp-cron.php?doing_wp_cron=1774961854.4439110755920410156250 HTTP/1.1" 200 - "-" "WordPress/6.9.4; https://thecomputerdoctor.co.nz"
143.244.47.83 - - [31/Mar/2026:12:57:32 +0000] "GET / HTTP/1.1" 200 311108 "-" "Mozilla/5.0 (Windows NT 10.0; Win64; x64) AppleWebKit/537.36 (KHTML, like Gecko) Chrome/58.0.3029.110 Safari/537.3"
66.249.64.107 - - [31/Mar/2026:12:58:45 +0000] "GET /ms-surface-repairs/ HTTP/1.1" 200 994239 "-" "Mozilla/5.0 (Linux; Android 6.0.1; Nexus 5X Build/MMB29P) AppleWebKit/537.36 (KHTML, like Gecko) Chrome/146.0.7680.153 Mobile Safari/537.36 (compatible; Googlebot/2.1; +http://www.google.com/bot.html)"
45.79.238.235 - - [31/Mar/2026:12:59:39 +0000] "POST /wp-cron.php?doing_wp_cron=1774961979.7798349857330322265625 HTTP/1.1" 200 - "-" "WordPress/6.9.4; https://thecomputerdoctor.co.nz"
47.82.10.81 - - [31/Mar/2026:12:59:38 +0000] "GET /?p=3715 HTTP/1.1" 301 - "https://thecomputerdoctor.co.nz/" "Mozilla/5.0 (Macintosh; Intel Mac OS X 10_15_7) AppleWebKit/605.1.15 (KHTML, like Gecko) Version/15.3 Safari/605.1.15"
47.82.10.81 - - [31/Mar/2026:12:59:39 +0000] "GET /2026/02/25/ojibwa-casino-marquette-au/ HTTP/1.1" 200 218052 "https://thecomputerdoctor.co.nz/" "Mozilla/5.0 (Macintosh; Intel Mac OS X 10_15_7) AppleWebKit/605.1.15 (KHTML, like Gecko) Version/15.3 Safari/605.1.15"
66.249.64.107 - - [31/Mar/2026:12:59:42 +0000] "GET /ms-surface-repairs/https://kunnstore.id/images/situs-slot-gacor-resmi.jpg HTTP/1.1" 301 - "-" "Googlebot-Image/1.0"
66.249.64.105 - - [31/Mar/2026:12:59:44 +0000] "GET /ms-surface-repairs/https:/kunnstore.id/images/situs-slot-gacor-resmi.jpg HTTP/1.1" 404 208178 "-" "Googlebot-Image/1.0"
45.79.238.235 - - [31/Mar/2026:13:00:24 +0000] "POST /wp-cron.php?doing_wp_cron=1774962024.4126040935516357421875 HTTP/1.1" 200 - "-" "WordPress/6.9.4; https://thecomputerdoctor.co.nz"
122.63.73.15 - - [31/Mar/2026:13:00:22 +0000] "GET /2026/02/25/no-deposit-casino-bonus-codes-for-existing-players-au/ HTTP/1.1" 200 219183 "https://www.google.com/url?q=https://thecomputerdoctor.co.nz/2026/02/25/no-deposit-casino-bonus-codes-for-existing-players-au/&sa=U&ved=2ahUKEwi-7-7slcqTAxWmaPUHHdqKOb0QFnoECGEQAQ&usg=AOvVaw3l-_ELDKS0kaH-4LVJi6dm" "Mozilla/5.0 (iPhone; CPU iPhone OS 26_3_1 like Mac OS X) AppleWebKit/605.1.15 (KHTML, like Gecko) GSA/413.1.887139264 Mobile/15E148 Safari/604.1"
45.79.238.235 - - [31/Mar/2026:13:00:57 +0000] "POST /wp-cron.php?doing_wp_cron=1774962057.0764050483703613281250 HTTP/1.1" 200 - "-" "WordPress/6.9.4; https://thecomputerdoctor.co.nz"
192.0.103.42 - - [31/Mar/2026:13:00:55 +0000] "GET / HTTP/1.1" 200 311108 "-" "jetmon/1.0 (Jetpack Site Uptime Monitor by WordPress.com)"
91.196.152.156 - - [31/Mar/2026:13:01:16 +0000] "GET / HTTP/1.1" 200 311108 "-" "Mozilla/5.0 (X11; Ubuntu; Linux x86_64; rv:134.0) Gecko/20100101 Firefox/134.0"
111.90.182.134 - - [31/Mar/2026:13:02:02 +0000] "GET /wp-admin/helper.php HTTP/1.1" 200 4398 "-" "Mozilla/5.0 (Windows NT 10.0; Win64; x64) AppleWebKit/537.36 (KHTML, like Gecko) Chrome/146.0.0.0 Safari/537.36"
111.90.182.134 - - [31/Mar/2026:13:02:12 +0000] "POST /wp-admin/helper.php HTTP/1.1" 302 - "https://thecomputerdoctor.co.nz/wp-admin/helper.php" "Mozilla/5.0 (Windows NT 10.0; Win64; x64) AppleWebKit/537.36 (KHTML, like Gecko) Chrome/146.0.0.0 Safari/537.36"
111.90.182.134 - - [31/Mar/2026:13:02:13 +0000] "GET /wp-admin/helper.php HTTP/1.1" 302 - "https://thecomputerdoctor.co.nz/wp-admin/helper.php" "Mozilla/5.0 (Windows NT 10.0; Win64; x64) AppleWebKit/537.36 (KHTML, like Gecko) Chrome/146.0.0.0 Safari/537.36"
111.90.182.134 - - [31/Mar/2026:13:02:13 +0000] "GET /wp-admin/helper.php?p= HTTP/1.1" 200 129517 "https://thecomputerdoctor.co.nz/wp-admin/helper.php" "Mozilla/5.0 (Windows NT 10.0; Win64; x64) AppleWebKit/537.36 (KHTML, like Gecko) Chrome/146.0.0.0 Safari/537.36"
202.65.238.220 - - [31/Mar/2026:13:02:18 +0000] "GET /business-it/ HTTP/1.1" 200 615858 "https://www.google.com/" "Mozilla/5.0 (Linux; Android 11; RMX1971) AppleWebKit/537.36 (KHTML, like Gecko) Chrome/94.0.4606.85 Mobile Safari/537.36"
45.79.238.235 - - [31/Mar/2026:13:02:29 +0000] "POST /wp-cron.php?doing_wp_cron=1774962149.3503539562225341796875 HTTP/1.1" 200 - "-" "WordPress/6.9.4; https://thecomputerdoctor.co.nz"
202.65.238.220 - - [31/Mar/2026:13:02:28 +0000] "GET /libs/granite/csrf/token.json HTTP/1.1" 404 208201 "https://thecomputerdoctor.co.nz/business-it/" "Mozilla/5.0 (Linux; Android 11; RMX1971) AppleWebKit/537.36 (KHTML, like Gecko) Chrome/94.0.4606.85 Mobile Safari/537.36"
202.65.238.220 - - [31/Mar/2026:13:02:28 +0000] "GET /content/dam/vijaysaleswebsite/icons/white-plus.svg HTTP/1.1" 404 208201 "https://thecomputerdoctor.co.nz/business-it/" "Mozilla/5.0 (Linux; Android 11; RMX1971) AppleWebKit/537.36 (KHTML, like Gecko) Chrome/94.0.4606.85 Mobile Safari/537.36"
202.65.238.220 - - [31/Mar/2026:13:02:28 +0000] "GET /api/graphql?query=query%20%7B%20products(filter%3A%20%7B%20sku%3A%20%7B%20in%3A%20%5B%22PIRMTG-984721%22%5D%20%7D%7D%20)%20%7B%20items%20%7B%20__typename%20sku%20price_range%20%7B%20minimum_price%20%7Bregular_price%20%7B%20value%20currency%20%7D%20final_price%20%7B%20value%20currency%20%7D%20discount%20%7B%20amount_off%20percent_off%20%7D%7D%20%7D%20...%20on%20ConfigurableProduct%20%7B%20price_range%20%7B%20maximum_price%20%7Bregular_price%20%7B%20value%20currency%20%7D%20final_price%20%7B%20value%20currency%20%7D%20discount%20%7B%20amount_off%20percent_off%20%7D%7D%20%7D%20variants%20%7B%20product%20%7B%20sku%20price_range%20%7B%20minimum_price%20%7Bregular_price%20%7B%20value%20currency%20%7D%20final_price%20%7B%20value%20currency%20%7D%20discount%20%7B%20amount_off%20percent_off%20%7D%7D%20%7D%20%7D%20%7D%20%7D%20...%20on%20GroupedProduct%20%7B%20items%20%7B%20product%20%7B%20sku%20price_range%20%7B%20minimum_price%20%7Bregular_price%20%7B%20value%20currency%20%7D%20final_price%20%7B%20value%20currency%20%7D%20discount%20%7B%20amount_off%20percent_off%20%7D%7D%20%7D%20%7D%20%7D%20%7D%20...%20on%20BundleProduct%20%7B%20price_range%20%7B%20maximum_price%20%7Bregular_price%20%7B%20value%20currency%20%7D%20final_price%20%7B%20value%20currency%20%7D%20discount%20%7B%20amount_off%20percent_off%20%7D%7D%20%7D%20%7D%20%7D%20%7D%20%7D HTTP/1.1" 404 208575 "https://thecomputerdoctor.co.nz/business-it/" "Mozilla/5.0 (Linux; Android 11; RMX1971) AppleWebKit/537.36 (KHTML, like Gecko) Chrome/94.0.4606.85 Mobile Safari/537.36"
141.98.11.44 - - [31/Mar/2026:13:04:31 +0000] "GET /wp-includes/sodium_compat/src/Core/SecretStream//State.php HTTP/1.1" 403 4170 "-" "Mozilla/5.0 (Windows NT 10.0; Win64; x64) AppleWebKit/537.36"
66.249.64.107 - - [31/Mar/2026:13:04:46 +0000] "GET /product/promate-ezgrip-ambidextrous-ergonomic-wireless-mouse/ HTTP/1.1" 200 188233 "-" "Mozilla/5.0 (compatible; Googlebot/2.1; +http://www.google.com/bot.html)"
45.79.238.235 - - [31/Mar/2026:13:05:20 +0000] "POST /wp-cron.php?doing_wp_cron=1774962320.0850350856781005859375 HTTP/1.1" 200 - "-" "WordPress/6.9.4; https://thecomputerdoctor.co.nz"
182.253.242.122 - - [31/Mar/2026:13:05:18 +0000] "GET /track-my-repair-2/ HTTP/1.1" 200 223382 "https://www.google.com/" "Mozilla/5.0 (Windows NT 10.0; Win64; x64) AppleWebKit/537.36 (KHTML, like Gecko) Chrome/146.0.0.0 Safari/537.36"
182.253.242.122 - - [31/Mar/2026:13:05:21 +0000] "POST /?wc-ajax=get_refreshed_fragments HTTP/1.1" 200 6551 "https://thecomputerdoctor.co.nz/track-my-repair-2/" "Mozilla/5.0 (Windows NT 10.0; Win64; x64) AppleWebKit/537.36 (KHTML, like Gecko) Chrome/146.0.0.0 Safari/537.36"
151.240.33.15 - - [31/Mar/2026:13:05:33 +0000] "GET /wp-admin/helper.php?p= HTTP/1.1" 200 129474 "https://thecomputerdoctor.co.nz/wp-admin/helper.php?p=&chmod=ms-surface-repairs" "Mozilla/5.0 (Windows NT 10.0; Win64; x64) AppleWebKit/537.36 (KHTML, like Gecko) Chrome/146.0.0.0 Safari/537.36"
151.240.33.15 - - [31/Mar/2026:13:05:50 +0000] "GET /wp-admin/helper.php?p=staff HTTP/1.1" 200 39555 "https://thecomputerdoctor.co.nz/wp-admin/helper.php?p=" "Mozilla/5.0 (Windows NT 10.0; Win64; x64) AppleWebKit/537.36 (KHTML, like Gecko) Chrome/146.0.0.0 Safari/537.36"
151.240.33.15 - - [31/Mar/2026:13:05:52 +0000] "GET /wp-admin/helper.php?p=stripe HTTP/1.1" 200 39130 "https://thecomputerdoctor.co.nz/wp-admin/helper.php?p=" "Mozilla/5.0 (Windows NT 10.0; Win64; x64) AppleWebKit/537.36 (KHTML, like Gecko) Chrome/146.0.0.0 Safari/537.36"
202.65.238.220 - - [31/Mar/2026:13:05:52 +0000] "GET /content/dam/vijaysaleswebsite/icons/white-plus.svg HTTP/1.1" 404 208201 "https://thecomputerdoctor.co.nz/business-it/" "Mozilla/5.0 (Linux; Android 11; RMX1971) AppleWebKit/537.36 (KHTML, like Gecko) Chrome/94.0.4606.85 Mobile Safari/537.36"
45.79.238.235 - - [31/Mar/2026:13:05:53 +0000] "POST /wp-cron.php?doing_wp_cron=1774962353.8581988811492919921875 HTTP/1.1" 200 - "-" "WordPress/6.9.4; https://thecomputerdoctor.co.nz"
