202.65.238.220 - - [31/Mar/2026:13:05:52 +0000] "GET /api/graphql?query=query%20%7B%20products(filter%3A%20%7B%20sku%3A%20%7B%20in%3A%20%5B%22PIRMTG-984721%22%5D%20%7D%7D%20)%20%7B%20items%20%7B%20__typename%20sku%20price_range%20%7B%20minimum_price%20%7Bregular_price%20%7B%20value%20currency%20%7D%20final_price%20%7B%20value%20currency%20%7D%20discount%20%7B%20amount_off%20percent_off%20%7D%7D%20%7D%20...%20on%20ConfigurableProduct%20%7B%20price_range%20%7B%20maximum_price%20%7Bregular_price%20%7B%20value%20currency%20%7D%20final_price%20%7B%20value%20currency%20%7D%20discount%20%7B%20amount_off%20percent_off%20%7D%7D%20%7D%20variants%20%7B%20product%20%7B%20sku%20price_range%20%7B%20minimum_price%20%7Bregular_price%20%7B%20value%20currency%20%7D%20final_price%20%7B%20value%20currency%20%7D%20discount%20%7B%20amount_off%20percent_off%20%7D%7D%20%7D%20%7D%20%7D%20%7D%20...%20on%20GroupedProduct%20%7B%20items%20%7B%20product%20%7B%20sku%20price_range%20%7B%20minimum_price%20%7Bregular_price%20%7B%20value%20currency%20%7D%20final_price%20%7B%20value%20currency%20%7D%20discount%20%7B%20amount_off%20percent_off%20%7D%7D%20%7D%20%7D%20%7D%20%7D%20...%20on%20BundleProduct%20%7B%20price_range%20%7B%20maximum_price%20%7Bregular_price%20%7B%20value%20currency%20%7D%20final_price%20%7B%20value%20currency%20%7D%20discount%20%7B%20amount_off%20percent_off%20%7D%7D%20%7D%20%7D%20%7D%20%7D%20%7D HTTP/1.1" 404 208575 "https://thecomputerdoctor.co.nz/business-it/" "Mozilla/5.0 (Linux; Android 11; RMX1971) AppleWebKit/537.36 (KHTML, like Gecko) Chrome/94.0.4606.85 Mobile Safari/537.36"
202.65.238.220 - - [31/Mar/2026:13:05:52 +0000] "GET /libs/granite/csrf/token.json HTTP/1.1" 404 208201 "https://thecomputerdoctor.co.nz/business-it/" "Mozilla/5.0 (Linux; Android 11; RMX1971) AppleWebKit/537.36 (KHTML, like Gecko) Chrome/94.0.4606.85 Mobile Safari/537.36"
151.240.33.15 - - [31/Mar/2026:13:05:55 +0000] "GET /wp-admin/helper.php?p=stripe%2Fpublic HTTP/1.1" 200 39336 "https://thecomputerdoctor.co.nz/wp-admin/helper.php?p=stripe" "Mozilla/5.0 (Windows NT 10.0; Win64; x64) AppleWebKit/537.36 (KHTML, like Gecko) Chrome/146.0.0.0 Safari/537.36"
192.0.103.42 - - [31/Mar/2026:13:05:54 +0000] "GET / HTTP/1.1" 200 311108 "-" "jetmon/1.0 (Jetpack Site Uptime Monitor by WordPress.com)"
151.240.33.15 - - [31/Mar/2026:13:05:55 +0000] "GET /wp-admin/helper.php?p=stripe%2Fpublic%2F_resources HTTP/1.1" 200 41525 "https://thecomputerdoctor.co.nz/wp-admin/helper.php?p=stripe%2Fpublic" "Mozilla/5.0 (Windows NT 10.0; Win64; x64) AppleWebKit/537.36 (KHTML, like Gecko) Chrome/146.0.0.0 Safari/537.36"
151.240.33.15 - - [31/Mar/2026:13:05:59 +0000] "GET /wp-admin/helper.php?p=darkshib HTTP/1.1" 200 39177 "https://thecomputerdoctor.co.nz/wp-admin/helper.php?p=" "Mozilla/5.0 (Windows NT 10.0; Win64; x64) AppleWebKit/537.36 (KHTML, like Gecko) Chrome/146.0.0.0 Safari/537.36"
151.240.33.15 - - [31/Mar/2026:13:06:00 +0000] "GET /wp-admin/helper.php?p=kiwiwadersexample HTTP/1.1" 200 87562 "https://thecomputerdoctor.co.nz/wp-admin/helper.php?p=" "Mozilla/5.0 (Windows NT 10.0; Win64; x64) AppleWebKit/537.36 (KHTML, like Gecko) Chrome/146.0.0.0 Safari/537.36"
151.240.33.15 - - [31/Mar/2026:13:06:02 +0000] "GET /wp-admin/helper.php?p=darkshib%2Fshib-bot HTTP/1.1" 200 39413 "https://thecomputerdoctor.co.nz/wp-admin/helper.php?p=darkshib" "Mozilla/5.0 (Windows NT 10.0; Win64; x64) AppleWebKit/537.36 (KHTML, like Gecko) Chrome/146.0.0.0 Safari/537.36"
151.240.33.15 - - [31/Mar/2026:13:06:03 +0000] "GET /wp-admin/helper.php?p=darkshib%2Fshib-bot%2Fnode_modules HTTP/1.1" 200 39595 "https://thecomputerdoctor.co.nz/wp-admin/helper.php?p=darkshib%2Fshib-bot" "Mozilla/5.0 (Windows NT 10.0; Win64; x64) AppleWebKit/537.36 (KHTML, like Gecko) Chrome/146.0.0.0 Safari/537.36"
151.240.33.15 - - [31/Mar/2026:13:06:04 +0000] "GET /wp-admin/helper.php?p=darkshib%2Fshib-bot%2Fnode_modules%2F.bin HTTP/1.1" 200 37455 "https://thecomputerdoctor.co.nz/wp-admin/helper.php?p=darkshib%2Fshib-bot%2Fnode_modules" "Mozilla/5.0 (Windows NT 10.0; Win64; x64) AppleWebKit/537.36 (KHTML, like Gecko) Chrome/146.0.0.0 Safari/537.36"
151.240.33.15 - - [31/Mar/2026:13:06:08 +0000] "GET /wp-admin/helper.php?p=kiwiwadersexample&view=index.php HTTP/1.1" 200 35208 "https://thecomputerdoctor.co.nz/wp-admin/helper.php?p=kiwiwadersexample" "Mozilla/5.0 (Windows NT 10.0; Win64; x64) AppleWebKit/537.36 (KHTML, like Gecko) Chrome/146.0.0.0 Safari/537.36"
151.240.33.15 - - [31/Mar/2026:13:06:10 +0000] "GET /wp-admin/helper.php?p=kiwiwadersexample HTTP/1.1" 200 87562 "https://thecomputerdoctor.co.nz/wp-admin/helper.php?p=kiwiwadersexample&view=index.php" "Mozilla/5.0 (Windows NT 10.0; Win64; x64) AppleWebKit/537.36 (KHTML, like Gecko) Chrome/146.0.0.0 Safari/537.36"
151.240.33.15 - - [31/Mar/2026:13:06:12 +0000] "GET /wp-admin/helper.php?p=kiwiwadersexample%2Fwp-includes HTTP/1.1" 200 759880 "https://thecomputerdoctor.co.nz/wp-admin/helper.php?p=kiwiwadersexample" "Mozilla/5.0 (Windows NT 10.0; Win64; x64) AppleWebKit/537.36 (KHTML, like Gecko) Chrome/146.0.0.0 Safari/537.36"
151.240.33.15 - - [31/Mar/2026:13:06:13 +0000] "GET /wp-admin/helper.php?p=kiwiwadersexample%2Fwp-content HTTP/1.1" 200 50231 "https://thecomputerdoctor.co.nz/wp-admin/helper.php?p=kiwiwadersexample" "Mozilla/5.0 (Windows NT 10.0; Win64; x64) AppleWebKit/537.36 (KHTML, like Gecko) Chrome/146.0.0.0 Safari/537.36"
151.240.33.15 - - [31/Mar/2026:13:06:13 +0000] "GET /wp-admin/helper.php?p=kiwiwadersexample%2Fwp-admin HTTP/1.1" 200 289537 "https://thecomputerdoctor.co.nz/wp-admin/helper.php?p=kiwiwadersexample" "Mozilla/5.0 (Windows NT 10.0; Win64; x64) AppleWebKit/537.36 (KHTML, like Gecko) Chrome/146.0.0.0 Safari/537.36"
151.240.33.15 - - [31/Mar/2026:13:06:17 +0000] "GET /wp-admin/helper.php?p=kiwiwadersexample%2Fwp-includes%2Fcss HTTP/1.1" 200 152924 "https://thecomputerdoctor.co.nz/wp-admin/helper.php?p=kiwiwadersexample%2Fwp-includes" "Mozilla/5.0 (Windows NT 10.0; Win64; x64) AppleWebKit/537.36 (KHTML, like Gecko) Chrome/146.0.0.0 Safari/537.36"
151.240.33.15 - - [31/Mar/2026:13:06:18 +0000] "GET /wp-admin/helper.php?p=kiwiwadersexample%2Fwp-includes%2Fcss%2Fdist HTTP/1.1" 200 78436 "https://thecomputerdoctor.co.nz/wp-admin/helper.php?p=kiwiwadersexample%2Fwp-includes%2Fcss" "Mozilla/5.0 (Windows NT 10.0; Win64; x64) AppleWebKit/537.36 (KHTML, like Gecko) Chrome/146.0.0.0 Safari/537.36"
151.240.33.15 - - [31/Mar/2026:13:06:20 +0000] "GET /kiwiwadersexample/wp-content/plugins/ HTTP/1.1" 200 - "https://thecomputerdoctor.co.nz/wp-admin/helper.php?p=kiwiwadersexample%2Fwp-content" "Mozilla/5.0 (Windows NT 10.0; Win64; x64) AppleWebKit/537.36 (KHTML, like Gecko) Chrome/146.0.0.0 Safari/537.36"
45.79.238.235 - - [31/Mar/2026:13:06:25 +0000] "POST /kiwiwadersexample/wp-cron.php?doing_wp_cron=1774962385.2074708938598632812500 HTTP/1.1" 200 - "-" "WordPress/6.9.4; https://thecomputerdoctor.co.nz/kiwiwadersexample"
45.79.238.235 - - [31/Mar/2026:13:06:25 +0000] "POST /kiwiwadersexample/wp-cron.php?doing_wp_cron=1774962385.2903130054473876953125 HTTP/1.1" 200 - "-" "WordPress/6.9.4; https://thecomputerdoctor.co.nz/kiwiwadersexample"
45.79.238.235 - - [31/Mar/2026:13:06:27 +0000] "POST /kiwiwadersexample/wp-cron.php?doing_wp_cron=1774962387.0049130916595458984375 HTTP/1.1" 200 - "-" "WordPress/6.9.4; https://thecomputerdoctor.co.nz/kiwiwadersexample"
151.240.33.15 - - [31/Mar/2026:13:06:23 +0000] "GET /kiwiwadersexample/ HTTP/1.1" 200 147985 "-" "Mozilla/5.0 (Windows NT 10.0; Win64; x64) AppleWebKit/537.36 (KHTML, like Gecko) Chrome/146.0.0.0 Safari/537.36"
151.240.33.15 - - [31/Mar/2026:13:06:27 +0000] "GET /kiwiwadersexample/wp-content/themes/astra/assets/css/minified/main.min.css?ver=4.11.18 HTTP/1.1" 200 45731 "https://thecomputerdoctor.co.nz/kiwiwadersexample/" "Mozilla/5.0 (Windows NT 10.0; Win64; x64) AppleWebKit/537.36 (KHTML, like Gecko) Chrome/146.0.0.0 Safari/537.36"
151.240.33.15 - - [31/Mar/2026:13:06:27 +0000] "GET /kiwiwadersexample/wp-content/plugins/elementor/assets/css/frontend.min.css?ver=3.34.1 HTTP/1.1" 200 54564 "https://thecomputerdoctor.co.nz/kiwiwadersexample/" "Mozilla/5.0 (Windows NT 10.0; Win64; x64) AppleWebKit/537.36 (KHTML, like Gecko) Chrome/146.0.0.0 Safari/537.36"
151.240.33.15 - - [31/Mar/2026:13:06:27 +0000] "GET /kiwiwadersexample/wp-content/plugins/elementor/assets/css/widget-image.min.css?ver=3.34.1 HTTP/1.1" 200 214 "https://thecomputerdoctor.co.nz/kiwiwadersexample/" "Mozilla/5.0 (Windows NT 10.0; Win64; x64) AppleWebKit/537.36 (KHTML, like Gecko) Chrome/146.0.0.0 Safari/537.36"
151.240.33.15 - - [31/Mar/2026:13:06:27 +0000] "GET /kiwiwadersexample/wp-content/plugins/elementor/assets/lib/font-awesome/css/solid.css?ver=5.15.3 HTTP/1.1" 200 727 "https://thecomputerdoctor.co.nz/kiwiwadersexample/" "Mozilla/5.0 (Windows NT 10.0; Win64; x64) AppleWebKit/537.36 (KHTML, like Gecko) Chrome/146.0.0.0 Safari/537.36"
151.240.33.15 - - [31/Mar/2026:13:06:27 +0000] "GET /kiwiwadersexample/wp-content/plugins/elementor/assets/css/widget-icon-list.min.css?ver=3.24.3 HTTP/1.1" 200 10255 "https://thecomputerdoctor.co.nz/kiwiwadersexample/" "Mozilla/5.0 (Windows NT 10.0; Win64; x64) AppleWebKit/537.36 (KHTML, like Gecko) Chrome/146.0.0.0 Safari/537.36"
151.240.33.15 - - [31/Mar/2026:13:06:27 +0000] "GET /kiwiwadersexample/wp-content/uploads/elementor/css/post-555.css?ver=1774409866 HTTP/1.1" 200 1170 "https://thecomputerdoctor.co.nz/kiwiwadersexample/" "Mozilla/5.0 (Windows NT 10.0; Win64; x64) AppleWebKit/537.36 (KHTML, like Gecko) Chrome/146.0.0.0 Safari/537.36"
151.240.33.15 - - [31/Mar/2026:13:06:27 +0000] "GET /kiwiwadersexample/wp-content/plugins/elementor/assets/css/widget-menu-anchor.min.css?ver=3.34.1 HTTP/1.1" 200 69 "https://thecomputerdoctor.co.nz/kiwiwadersexample/" "Mozilla/5.0 (Windows NT 10.0; Win64; x64) AppleWebKit/537.36 (KHTML, like Gecko) Chrome/146.0.0.0 Safari/537.36"
151.240.33.15 - - [31/Mar/2026:13:06:27 +0000] "GET /kiwiwadersexample/wp-includes/js/jquery/jquery.min.js?ver=3.7.1 HTTP/1.1" 200 87553 "https://thecomputerdoctor.co.nz/kiwiwadersexample/" "Mozilla/5.0 (Windows NT 10.0; Win64; x64) AppleWebKit/537.36 (KHTML, like Gecko) Chrome/146.0.0.0 Safari/537.36"
151.240.33.15 - - [31/Mar/2026:13:06:27 +0000] "GET /kiwiwadersexample/wp-content/plugins/elementor/assets/css/widget-social-icons.min.css?ver=3.24.0 HTTP/1.1" 200 5110 "https://thecomputerdoctor.co.nz/kiwiwadersexample/" "Mozilla/5.0 (Windows NT 10.0; Win64; x64) AppleWebKit/537.36 (KHTML, like Gecko) Chrome/146.0.0.0 Safari/537.36"
151.240.33.15 - - [31/Mar/2026:13:06:27 +0000] "GET /kiwiwadersexample/wp-content/themes/astra/assets/js/minified/flexibility.min.js?ver=4.11.18 HTTP/1.1" 200 15525 "https://thecomputerdoctor.co.nz/kiwiwadersexample/" "Mozilla/5.0 (Windows NT 10.0; Win64; x64) AppleWebKit/537.36 (KHTML, like Gecko) Chrome/146.0.0.0 Safari/537.36"
151.240.33.15 - - [31/Mar/2026:13:06:27 +0000] "GET /kiwiwadersexample/wp-content/plugins/header-footer-elementor/assets/css/header-footer-elementor.css?ver=2.8.1 HTTP/1.1" 200 776 "https://thecomputerdoctor.co.nz/kiwiwadersexample/" "Mozilla/5.0 (Windows NT 10.0; Win64; x64) AppleWebKit/537.36 (KHTML, like Gecko) Chrome/146.0.0.0 Safari/537.36"
151.240.33.15 - - [31/Mar/2026:13:06:27 +0000] "GET /kiwiwadersexample/wp-content/uploads/elementor/css/post-5.css?ver=1774409866 HTTP/1.1" 200 26474 "https://thecomputerdoctor.co.nz/kiwiwadersexample/" "Mozilla/5.0 (Windows NT 10.0; Win64; x64) AppleWebKit/537.36 (KHTML, like Gecko) Chrome/146.0.0.0 Safari/537.36"
151.240.33.15 - - [31/Mar/2026:13:06:27 +0000] "GET /kiwiwadersexample/wp-content/uploads/elementor/css/post-330.css?ver=1774409866 HTTP/1.1" 200 9959 "https://thecomputerdoctor.co.nz/kiwiwadersexample/" "Mozilla/5.0 (Windows NT 10.0; Win64; x64) AppleWebKit/537.36 (KHTML, like Gecko) Chrome/146.0.0.0 Safari/537.36"
151.240.33.15 - - [31/Mar/2026:13:06:27 +0000] "GET /kiwiwadersexample/wp-content/plugins/elementor/assets/css/widget-heading.min.css?ver=3.34.1 HTTP/1.1" 200 560 "https://thecomputerdoctor.co.nz/kiwiwadersexample/" "Mozilla/5.0 (Windows NT 10.0; Win64; x64) AppleWebKit/537.36 (KHTML, like Gecko) Chrome/146.0.0.0 Safari/537.36"
151.240.33.15 - - [31/Mar/2026:13:06:27 +0000] "GET /kiwiwadersexample/wp-content/themes/astra/assets/js/minified/frontend.min.js?ver=4.11.18 HTTP/1.1" 200 25965 "https://thecomputerdoctor.co.nz/kiwiwadersexample/" "Mozilla/5.0 (Windows NT 10.0; Win64; x64) AppleWebKit/537.36 (KHTML, like Gecko) Chrome/146.0.0.0 Safari/537.36"
151.240.33.15 - - [31/Mar/2026:13:06:27 +0000] "GET /kiwiwadersexample/wp-content/uploads/astra-addon/astra-addon-69657e92a71e26-87720657.css?ver=4.11.13 HTTP/1.1" 200 14909 "https://thecomputerdoctor.co.nz/kiwiwadersexample/" "Mozilla/5.0 (Windows NT 10.0; Win64; x64) AppleWebKit/537.36 (KHTML, like Gecko) Chrome/146.0.0.0 Safari/537.36"
151.240.33.15 - - [31/Mar/2026:13:06:27 +0000] "GET /kiwiwadersexample/wp-content/plugins/elementor/assets/css/widget-divider.min.css?ver=3.34.1 HTTP/1.1" 200 4258 "https://thecomputerdoctor.co.nz/kiwiwadersexample/" "Mozilla/5.0 (Windows NT 10.0; Win64; x64) AppleWebKit/537.36 (KHTML, like Gecko) Chrome/146.0.0.0 Safari/537.36"
151.240.33.15 - - [31/Mar/2026:13:06:27 +0000] "GET /kiwiwadersexample/wp-content/plugins/elementor/assets/css/widget-icon-list.min.css?ver=3.34.1 HTTP/1.1" 200 10255 "https://thecomputerdoctor.co.nz/kiwiwadersexample/" "Mozilla/5.0 (Windows NT 10.0; Win64; x64) AppleWebKit/537.36 (KHTML, like Gecko) Chrome/146.0.0.0 Safari/537.36"
151.240.33.15 - - [31/Mar/2026:13:06:27 +0000] "GET /kiwiwadersexample/wp-content/plugins/elementor/assets/js/webpack.runtime.min.js?ver=3.34.1 HTTP/1.1" 200 5677 "https://thecomputerdoctor.co.nz/kiwiwadersexample/" "Mozilla/5.0 (Windows NT 10.0; Win64; x64) AppleWebKit/537.36 (KHTML, like Gecko) Chrome/146.0.0.0 Safari/537.36"
151.240.33.15 - - [31/Mar/2026:13:06:27 +0000] "GET /kiwiwadersexample/wp-content/plugins/elementor/assets/lib/font-awesome/css/fontawesome.css?ver=5.15.3 HTTP/1.1" 200 72184 "https://thecomputerdoctor.co.nz/kiwiwadersexample/" "Mozilla/5.0 (Windows NT 10.0; Win64; x64) AppleWebKit/537.36 (KHTML, like Gecko) Chrome/146.0.0.0 Safari/537.36"
151.240.33.15 - - [31/Mar/2026:13:06:27 +0000] "GET /kiwiwadersexample/wp-content/plugins/header-footer-elementor/inc/widgets-css/frontend.css?ver=2.8.1 HTTP/1.1" 200 83015 "https://thecomputerdoctor.co.nz/kiwiwadersexample/" "Mozilla/5.0 (Windows NT 10.0; Win64; x64) AppleWebKit/537.36 (KHTML, like Gecko) Chrome/146.0.0.0 Safari/537.36"
151.240.33.15 - - [31/Mar/2026:13:06:27 +0000] "GET /kiwiwadersexample/wp-content/plugins/elementor/assets/lib/eicons/css/elementor-icons.min.css?ver=5.34.0 HTTP/1.1" 200 21415 "https://thecomputerdoctor.co.nz/kiwiwadersexample/" "Mozilla/5.0 (Windows NT 10.0; Win64; x64) AppleWebKit/537.36 (KHTML, like Gecko) Chrome/146.0.0.0 Safari/537.36"
151.240.33.15 - - [31/Mar/2026:13:06:27 +0000] "GET /kiwiwadersexample/wp-content/plugins/elementor/assets/lib/font-awesome/css/brands.css?ver=5.15.3 HTTP/1.1" 200 732 "https://thecomputerdoctor.co.nz/kiwiwadersexample/" "Mozilla/5.0 (Windows NT 10.0; Win64; x64) AppleWebKit/537.36 (KHTML, like Gecko) Chrome/146.0.0.0 Safari/537.36"
151.240.33.15 - - [31/Mar/2026:13:06:27 +0000] "GET /kiwiwadersexample/wp-content/uploads/2026/01/logo.avif HTTP/1.1" 200 15968 "https://thecomputerdoctor.co.nz/kiwiwadersexample/" "Mozilla/5.0 (Windows NT 10.0; Win64; x64) AppleWebKit/537.36 (KHTML, like Gecko) Chrome/146.0.0.0 Safari/537.36"
151.240.33.15 - - [31/Mar/2026:13:06:27 +0000] "GET /kiwiwadersexample/wp-includes/js/jquery/jquery-migrate.min.js?ver=3.4.1 HTTP/1.1" 200 13577 "https://thecomputerdoctor.co.nz/kiwiwadersexample/" "Mozilla/5.0 (Windows NT 10.0; Win64; x64) AppleWebKit/537.36 (KHTML, like Gecko) Chrome/146.0.0.0 Safari/537.36"
151.240.33.15 - - [31/Mar/2026:13:06:27 +0000] "GET /kiwiwadersexample/wp-includes/js/jquery/ui/core.min.js?ver=1.13.3 HTTP/1.1" 200 21464 "https://thecomputerdoctor.co.nz/kiwiwadersexample/" "Mozilla/5.0 (Windows NT 10.0; Win64; x64) AppleWebKit/537.36 (KHTML, like Gecko) Chrome/146.0.0.0 Safari/537.36"
151.240.33.15 - - [31/Mar/2026:13:06:27 +0000] "GET /kiwiwadersexample/wp-content/plugins/elementor/assets/js/frontend-modules.min.js?ver=3.34.1 HTTP/1.1" 200 85769 "https://thecomputerdoctor.co.nz/kiwiwadersexample/" "Mozilla/5.0 (Windows NT 10.0; Win64; x64) AppleWebKit/537.36 (KHTML, like Gecko) Chrome/146.0.0.0 Safari/537.36"
151.240.33.15 - - [31/Mar/2026:13:06:27 +0000] "GET /kiwiwadersexample/wp-content/plugins/elementor/assets/js/frontend.min.js?ver=3.34.1 HTTP/1.1" 200 31880 "https://thecomputerdoctor.co.nz/kiwiwadersexample/" "Mozilla/5.0 (Windows NT 10.0; Win64; x64) AppleWebKit/537.36 (KHTML, like Gecko) Chrome/146.0.0.0 Safari/537.36"
151.240.33.15 - - [31/Mar/2026:13:06:27 +0000] "GET /kiwiwadersexample/wp-content/uploads/2020/12/water-sport-template-testimonial-1.jpg HTTP/1.1" 200 4437 "https://thecomputerdoctor.co.nz/kiwiwadersexample/" "Mozilla/5.0 (Windows NT 10.0; Win64; x64) AppleWebKit/537.36 (KHTML, like Gecko) Chrome/146.0.0.0 Safari/537.36"
151.240.33.15 - - [31/Mar/2026:13:06:27 +0000] "GET /kiwiwadersexample/wp-content/plugins/Archive/assets/js/minified/purify.min.js?ver=4.11.13 HTTP/1.1" 200 22215 "https://thecomputerdoctor.co.nz/kiwiwadersexample/" "Mozilla/5.0 (Windows NT 10.0; Win64; x64) AppleWebKit/537.36 (KHTML, like Gecko) Chrome/146.0.0.0 Safari/537.36"
151.240.33.15 - - [31/Mar/2026:13:06:27 +0000] "GET /kiwiwadersexample/wp-content/uploads/astra-addon/astra-addon-69657e92a7f443-85723643.js?ver=4.11.13 HTTP/1.1" 200 11322 "https://thecomputerdoctor.co.nz/kiwiwadersexample/" "Mozilla/5.0 (Windows NT 10.0; Win64; x64) AppleWebKit/537.36 (KHTML, like Gecko) Chrome/146.0.0.0 Safari/537.36"
151.240.33.15 - - [31/Mar/2026:13:06:27 +0000] "GET /kiwiwadersexample/wp-content/uploads/2026/01/pexels-thirdman-5537773-scaled.jpg HTTP/1.1" 200 387937 "https://thecomputerdoctor.co.nz/kiwiwadersexample/wp-content/uploads/elementor/css/post-5.css?ver=1774409866" "Mozilla/5.0 (Windows NT 10.0; Win64; x64) AppleWebKit/537.36 (KHTML, like Gecko) Chrome/146.0.0.0 Safari/537.36"
151.240.33.15 - - [31/Mar/2026:13:06:27 +0000] "GET /kiwiwadersexample/wp-content/plugins/elementor/assets/js/text-editor.45609661e409413f1cef.bundle.min.js HTTP/1.1" 200 1348 "https://thecomputerdoctor.co.nz/kiwiwadersexample/" "Mozilla/5.0 (Windows NT 10.0; Win64; x64) AppleWebKit/537.36 (KHTML, like Gecko) Chrome/146.0.0.0 Safari/537.36"
151.240.33.15 - - [31/Mar/2026:13:06:27 +0000] "GET /kiwiwadersexample/wp-content/plugins/elementor/assets/js/section-frontend-handlers.d85ab872da118940910d.bundle.min.js HTTP/1.1" 200 449 "https://thecomputerdoctor.co.nz/kiwiwadersexample/" "Mozilla/5.0 (Windows NT 10.0; Win64; x64) AppleWebKit/537.36 (KHTML, like Gecko) Chrome/146.0.0.0 Safari/537.36"
151.240.33.15 - - [31/Mar/2026:13:06:27 +0000] "GET /kiwiwadersexample/wp-content/plugins/elementor/assets/js/shared-frontend-handlers.03caa53373b56d3bab67.bundle.min.js HTTP/1.1" 200 8481 "https://thecomputerdoctor.co.nz/kiwiwadersexample/" "Mozilla/5.0 (Windows NT 10.0; Win64; x64) AppleWebKit/537.36 (KHTML, like Gecko) Chrome/146.0.0.0 Safari/537.36"
151.240.33.15 - - [31/Mar/2026:13:06:27 +0000] "GET /kiwiwadersexample/wp-includes/js/wp-emoji-release.min.js?ver=6.9.4 HTTP/1.1" 200 22762 "https://thecomputerdoctor.co.nz/kiwiwadersexample/" "Mozilla/5.0 (Windows NT 10.0; Win64; x64) AppleWebKit/537.36 (KHTML, like Gecko) Chrome/146.0.0.0 Safari/537.36"
151.240.33.15 - - [31/Mar/2026:13:06:27 +0000] "GET /kiwiwadersexample/wp-content/uploads/2026/01/HeaderVideo.mp4 HTTP/1.1" 200 148390830 "https://thecomputerdoctor.co.nz/kiwiwadersexample/" "Mozilla/5.0 (Windows NT 10.0; Win64; x64) AppleWebKit/537.36 (KHTML, like Gecko) Chrome/146.0.0.0 Safari/537.36"
45.79.238.235 - - [31/Mar/2026:13:06:37 +0000] "POST /kiwiwadersexample/wp-cron.php HTTP/1.1" 200 - "-" "WordPress/6.9.4; https://thecomputerdoctor.co.nz/kiwiwadersexample"
45.79.238.235 - - [31/Mar/2026:13:06:37 +0000] "GET /kiwiwadersexample/ HTTP/1.1" 200 147985 "-" "WordPress/6.9.4; https://thecomputerdoctor.co.nz/kiwiwadersexample"
111.90.182.134 - - [31/Mar/2026:13:06:51 +0000] "GET /wp-admin/helper.php?p= HTTP/1.1" 200 129474 "https://thecomputerdoctor.co.nz/wp-admin/helper.php?p=" "Mozilla/5.0 (Windows NT 10.0; Win64; x64) AppleWebKit/537.36 (KHTML, like Gecko) Chrome/146.0.0.0 Safari/537.36"
111.90.182.134 - - [31/Mar/2026:13:06:54 +0000] "GET /wp-admin/helper.php?p=console-repairs HTTP/1.1" 200 37055 "https://thecomputerdoctor.co.nz/wp-admin/helper.php?p=" "Mozilla/5.0 (Windows NT 10.0; Win64; x64) AppleWebKit/537.36 (KHTML, like Gecko) Chrome/146.0.0.0 Safari/537.36"
111.90.182.134 - - [31/Mar/2026:13:06:56 +0000] "GET /wp-admin/helper.php?p= HTTP/1.1" 200 129474 "https://thecomputerdoctor.co.nz/wp-admin/helper.php?p=console-repairs" "Mozilla/5.0 (Windows NT 10.0; Win64; x64) AppleWebKit/537.36 (KHTML, like Gecko) Chrome/146.0.0.0 Safari/537.36"
151.240.33.15 - - [31/Mar/2026:13:06:58 +0000] "GET /wp-admin/helper.php?p=kiwiwadersexample HTTP/1.1" 200 87562 "https://thecomputerdoctor.co.nz/wp-admin/helper.php?p=kiwiwadersexample%2Fwp-content" "Mozilla/5.0 (Windows NT 10.0; Win64; x64) AppleWebKit/537.36 (KHTML, like Gecko) Chrome/146.0.0.0 Safari/537.36"
111.90.182.134 - - [31/Mar/2026:13:06:58 +0000] "GET /wp-admin/helper.php?p=wp-admin HTTP/1.1" 200 283778 "https://thecomputerdoctor.co.nz/wp-admin/helper.php?p=" "Mozilla/5.0 (Windows NT 10.0; Win64; x64) AppleWebKit/537.36 (KHTML, like Gecko) Chrome/146.0.0.0 Safari/537.36"
111.90.182.134 - - [31/Mar/2026:13:07:01 +0000] "GET /wp-admin/helper.php?p=wp-admin%2Fjs HTTP/1.1" 200 278447 "https://thecomputerdoctor.co.nz/wp-admin/helper.php?p=wp-admin" "Mozilla/5.0 (Windows NT 10.0; Win64; x64) AppleWebKit/537.36 (KHTML, like Gecko) Chrome/146.0.0.0 Safari/537.36"
151.240.33.15 - - [31/Mar/2026:13:07:02 +0000] "POST /wp-admin/helper.php?p=kiwiwadersexample HTTP/1.1" 302 - "https://thecomputerdoctor.co.nz/wp-admin/helper.php?p=kiwiwadersexample" "Mozilla/5.0 (Windows NT 10.0; Win64; x64) AppleWebKit/537.36 (KHTML, like Gecko) Chrome/146.0.0.0 Safari/537.36"
151.240.33.15 - - [31/Mar/2026:13:07:02 +0000] "GET /wp-admin/helper.php?p=kiwiwadersexample HTTP/1.1" 200 89513 "https://thecomputerdoctor.co.nz/wp-admin/helper.php?p=kiwiwadersexample" "Mozilla/5.0 (Windows NT 10.0; Win64; x64) AppleWebKit/537.36 (KHTML, like Gecko) Chrome/146.0.0.0 Safari/537.36"
111.90.182.134 - - [31/Mar/2026:13:07:03 +0000] "GET /wp-admin/helper.php?p=wp-admin%2Fjs%2Fwidgets HTTP/1.1" 200 76086 "https://thecomputerdoctor.co.nz/wp-admin/helper.php?p=wp-admin%2Fjs" "Mozilla/5.0 (Windows NT 10.0; Win64; x64) AppleWebKit/537.36 (KHTML, like Gecko) Chrome/146.0.0.0 Safari/537.36"
111.90.182.134 - - [31/Mar/2026:13:07:04 +0000] "GET /wp-admin/helper.php?p=wp-admin%2Fjs%2Fwidgets%2Fuser HTTP/1.1" 200 40113 "https://thecomputerdoctor.co.nz/wp-admin/helper.php?p=wp-admin%2Fjs%2Fwidgets" "Mozilla/5.0 (Windows NT 10.0; Win64; x64) AppleWebKit/537.36 (KHTML, like Gecko) Chrome/146.0.0.0 Safari/537.36"
151.240.33.15 - - [31/Mar/2026:13:07:09 +0000] "POST /wp-admin/helper.php?p=kiwiwadersexample HTTP/1.1" 302 - "https://thecomputerdoctor.co.nz/wp-admin/helper.php?p=kiwiwadersexample" "Mozilla/5.0 (Windows NT 10.0; Win64; x64) AppleWebKit/537.36 (KHTML, like Gecko) Chrome/146.0.0.0 Safari/537.36"
151.240.33.15 - - [31/Mar/2026:13:07:09 +0000] "GET /wp-admin/helper.php?p=kiwiwadersexample HTTP/1.1" 200 87621 "https://thecomputerdoctor.co.nz/wp-admin/helper.php?p=kiwiwadersexample" "Mozilla/5.0 (Windows NT 10.0; Win64; x64) AppleWebKit/537.36 (KHTML, like Gecko) Chrome/146.0.0.0 Safari/537.36"
111.90.182.134 - - [31/Mar/2026:13:07:11 +0000] "POST /wp-admin/helper.php?p=wp-admin%2Fjs%2Fwidgets%2Fuser HTTP/1.1" 302 - "https://thecomputerdoctor.co.nz/wp-admin/helper.php?p=wp-admin%2Fjs%2Fwidgets%2Fuser" "Mozilla/5.0 (Windows NT 10.0; Win64; x64) AppleWebKit/537.36 (KHTML, like Gecko) Chrome/146.0.0.0 Safari/537.36"
151.240.33.15 - - [31/Mar/2026:13:07:11 +0000] "GET /wp-admin/helper.php?p= HTTP/1.1" 200 129474 "https://thecomputerdoctor.co.nz/wp-admin/helper.php?p=kiwiwadersexample" "Mozilla/5.0 (Windows NT 10.0; Win64; x64) AppleWebKit/537.36 (KHTML, like Gecko) Chrome/146.0.0.0 Safari/537.36"
111.90.182.134 - - [31/Mar/2026:13:07:11 +0000] "GET /wp-admin/helper.php?p=wp-admin%2Fjs%2Fwidgets%2Fuser HTTP/1.1" 200 42152 "https://thecomputerdoctor.co.nz/wp-admin/helper.php?p=wp-admin%2Fjs%2Fwidgets%2Fuser" "Mozilla/5.0 (Windows NT 10.0; Win64; x64) AppleWebKit/537.36 (KHTML, like Gecko) Chrome/146.0.0.0 Safari/537.36"
111.90.182.134 - - [31/Mar/2026:13:07:12 +0000] "GET /wp-admin/helper.php?p=wp-admin%2Fjs%2Fwidgets%2Fuser%2F.tmb HTTP/1.1" 200 37477 "https://thecomputerdoctor.co.nz/wp-admin/helper.php?p=wp-admin%2Fjs%2Fwidgets%2Fuser" "Mozilla/5.0 (Windows NT 10.0; Win64; x64) AppleWebKit/537.36 (KHTML, like Gecko) Chrome/146.0.0.0 Safari/537.36"
151.240.33.15 - - [31/Mar/2026:13:07:13 +0000] "GET /wp-admin/helper.php?p=darkshib HTTP/1.1" 200 39177 "https://thecomputerdoctor.co.nz/wp-admin/helper.php?p=" "Mozilla/5.0 (Windows NT 10.0; Win64; x64) AppleWebKit/537.36 (KHTML, like Gecko) Chrome/146.0.0.0 Safari/537.36"
151.240.33.15 - - [31/Mar/2026:13:07:14 +0000] "GET /wp-admin/helper.php?p= HTTP/1.1" 200 129474 "https://thecomputerdoctor.co.nz/wp-admin/helper.php?p=darkshib" "Mozilla/5.0 (Windows NT 10.0; Win64; x64) AppleWebKit/537.36 (KHTML, like Gecko) Chrome/146.0.0.0 Safari/537.36"
111.90.182.134 - - [31/Mar/2026:13:07:16 +0000] "GET /wp-admin/helper.php?p=wp-admin%2Fjs%2Fwidgets%2Fuser%2F.tmb&upload HTTP/1.1" 200 37093 "https://thecomputerdoctor.co.nz/wp-admin/helper.php?p=wp-admin%2Fjs%2Fwidgets%2Fuser%2F.tmb" "Mozilla/5.0 (Windows NT 10.0; Win64; x64) AppleWebKit/537.36 (KHTML, like Gecko) Chrome/146.0.0.0 Safari/537.36"
45.79.238.235 - - [31/Mar/2026:13:07:17 +0000] "POST /wp-cron.php?doing_wp_cron=1774962437.5448300838470458984375 HTTP/1.1" 200 - "-" "WordPress/6.9.4; https://thecomputerdoctor.co.nz"
136.118.2.97 - - [31/Mar/2026:13:07:16 +0000] "GET / HTTP/1.1" 200 311108 "http://tcdcloud.nz" "Mozilla/5.0 (compatible; CMS-Checker/1.0; +https://example.com)"
151.240.33.15 - - [31/Mar/2026:13:07:28 +0000] "GET /wp-admin/helper.php?p= HTTP/1.1" 200 129474 "https://thecomputerdoctor.co.nz/wp-admin/helper.php?p=&chmod=ms-surface-repairs" "Mozilla/5.0 (Windows NT 10.0; Win64; x64) AppleWebKit/537.36 (KHTML, like Gecko) Chrome/146.0.0.0 Safari/537.36"
40.77.167.116 - - [31/Mar/2026:13:10:13 +0000] "GET /2026/02/25/davie-nz-gambling/ HTTP/1.1" 200 194292 "-" "Mozilla/5.0 AppleWebKit/537.36 (KHTML, like Gecko; compatible; bingbot/2.0; +http://www.bing.com/bingbot.htm) Chrome/116.0.1938.76 Safari/537.36"
111.90.182.134 - - [31/Mar/2026:13:10:26 +0000] "POST /wp-admin/helper.php?p=wp-admin/js/widgets/user/.tmb HTTP/1.1" 200 52 "https://thecomputerdoctor.co.nz/wp-admin/helper.php?p=wp-admin%2Fjs%2Fwidgets%2Fuser%2F.tmb&upload" "Mozilla/5.0 (Windows NT 10.0; Win64; x64) AppleWebKit/537.36 (KHTML, like Gecko) Chrome/146.0.0.0 Safari/537.36"
111.90.182.134 - - [31/Mar/2026:13:10:43 +0000] "GET /wp-admin/helper.php?p=wp-admin%2Fjs%2Fwidgets%2Fuser%2F.tmb HTTP/1.1" 200 40345 "https://thecomputerdoctor.co.nz/wp-admin/helper.php?p=wp-admin%2Fjs%2Fwidgets%2Fuser%2F.tmb&upload" "Mozilla/5.0 (Windows NT 10.0; Win64; x64) AppleWebKit/537.36 (KHTML, like Gecko) Chrome/146.0.0.0 Safari/537.36"
45.79.238.235 - - [31/Mar/2026:13:10:48 +0000] "POST /wp-cron.php?doing_wp_cron=1774962647.8999021053314208984375 HTTP/1.1" 200 - "-" "WordPress/6.9.4; https://thecomputerdoctor.co.nz"
111.90.182.134 - - [31/Mar/2026:13:10:46 +0000] "GET /wp-admin/js/widgets/user/.tmb/wp-koncet.php HTTP/1.1" 404 208178 "https://thecomputerdoctor.co.nz/wp-admin/helper.php?p=wp-admin%2Fjs%2Fwidgets%2Fuser%2F.tmb" "Mozilla/5.0 (Windows NT 10.0; Win64; x64) AppleWebKit/537.36 (KHTML, like Gecko) Chrome/146.0.0.0 Safari/537.36"
111.90.182.134 - - [31/Mar/2026:13:10:49 +0000] "POST /?wc-ajax=get_refreshed_fragments HTTP/1.1" 200 6551 "https://thecomputerdoctor.co.nz/wp-admin/js/widgets/user/.tmb/wp-koncet.php" "Mozilla/5.0 (Windows NT 10.0; Win64; x64) AppleWebKit/537.36 (KHTML, like Gecko) Chrome/146.0.0.0 Safari/537.36"
192.0.103.42 - - [31/Mar/2026:13:10:56 +0000] "GET / HTTP/1.1" 200 311108 "-" "jetmon/1.0 (Jetpack Site Uptime Monitor by WordPress.com)"
111.90.182.134 - - [31/Mar/2026:13:11:06 +0000] "POST /wp-admin/helper.php?p=wp-admin%2Fjs%2Fwidgets%2Fuser%2F.tmb&del=wp-koncet.php HTTP/1.1" 302 - "https://thecomputerdoctor.co.nz/wp-admin/helper.php?p=wp-admin%2Fjs%2Fwidgets%2Fuser%2F.tmb" "Mozilla/5.0 (Windows NT 10.0; Win64; x64) AppleWebKit/537.36 (KHTML, like Gecko) Chrome/146.0.0.0 Safari/537.36"
111.90.182.134 - - [31/Mar/2026:13:11:07 +0000] "GET /wp-admin/helper.php?p=wp-admin%2Fjs%2Fwidgets%2Fuser%2F.tmb HTTP/1.1" 200 37536 "https://thecomputerdoctor.co.nz/wp-admin/helper.php?p=wp-admin%2Fjs%2Fwidgets%2Fuser%2F.tmb" "Mozilla/5.0 (Windows NT 10.0; Win64; x64) AppleWebKit/537.36 (KHTML, like Gecko) Chrome/146.0.0.0 Safari/537.36"
111.90.182.134 - - [31/Mar/2026:13:11:09 +0000] "GET /wp-admin/helper.php?p=wp-admin%2Fjs%2Fwidgets HTTP/1.1" 200 76086 "https://thecomputerdoctor.co.nz/wp-admin/helper.php?p=wp-admin%2Fjs%2Fwidgets%2Fuser%2F.tmb" "Mozilla/5.0 (Windows NT 10.0; Win64; x64) AppleWebKit/537.36 (KHTML, like Gecko) Chrome/146.0.0.0 Safari/537.36"
111.90.182.134 - - [31/Mar/2026:13:11:12 +0000] "GET /wp-admin/helper.php?p=wp-admin%2Fjs HTTP/1.1" 200 278447 "https://thecomputerdoctor.co.nz/wp-admin/helper.php?p=wp-admin%2Fjs%2Fwidgets" "Mozilla/5.0 (Windows NT 10.0; Win64; x64) AppleWebKit/537.36 (KHTML, like Gecko) Chrome/146.0.0.0 Safari/537.36"
111.90.182.134 - - [31/Mar/2026:13:11:13 +0000] "GET /wp-admin/helper.php?p= HTTP/1.1" 200 129474 "https://thecomputerdoctor.co.nz/wp-admin/helper.php?p=wp-admin%2Fjs" "Mozilla/5.0 (Windows NT 10.0; Win64; x64) AppleWebKit/537.36 (KHTML, like Gecko) Chrome/146.0.0.0 Safari/537.36"
111.90.182.134 - - [31/Mar/2026:13:11:20 +0000] "GET /wp-admin/helper.php?p=wp-includes HTTP/1.1" 200 725334 "https://thecomputerdoctor.co.nz/wp-admin/helper.php?p=" "Mozilla/5.0 (Windows NT 10.0; Win64; x64) AppleWebKit/537.36 (KHTML, like Gecko) Chrome/146.0.0.0 Safari/537.36"
111.90.182.134 - - [31/Mar/2026:13:11:25 +0000] "GET /wp-admin/helper.php?p=wp-includes&upload HTTP/1.1" 200 36601 "https://thecomputerdoctor.co.nz/wp-admin/helper.php?p=wp-includes" "Mozilla/5.0 (Windows NT 10.0; Win64; x64) AppleWebKit/537.36 (KHTML, like Gecko) Chrome/146.0.0.0 Safari/537.36"
45.79.238.235 - - [31/Mar/2026:13:11:26 +0000] "POST /wp-cron.php?doing_wp_cron=1774962686.6982729434967041015625 HTTP/1.1" 200 - "-" "WordPress/6.9.4; https://thecomputerdoctor.co.nz"
54.225.135.222 - - [31/Mar/2026:13:11:25 +0000] "GET /product/promate-micro-in-car-charger-with-60w-power-delivery-qc-3-0/ HTTP/1.1" 200 335889 "-" "Mozilla/5.0 AppleWebKit/605.1.15 (KHTML, like Gecko) Chrome/139.0.0.0 Safari/605.1.15"
111.90.182.134 - - [31/Mar/2026:13:11:46 +0000] "POST /wp-admin/helper.php?p=wp-includes HTTP/1.1" 200 52 "https://thecomputerdoctor.co.nz/wp-admin/helper.php?p=wp-includes&upload" "Mozilla/5.0 (Windows NT 10.0; Win64; x64) AppleWebKit/537.36 (KHTML, like Gecko) Chrome/146.0.0.0 Safari/537.36"
111.90.182.134 - - [31/Mar/2026:13:11:49 +0000] "GET /wp-admin/helper.php?p=wp-includes HTTP/1.1" 200 727742 "https://thecomputerdoctor.co.nz/wp-admin/helper.php?p=wp-includes&upload" "Mozilla/5.0 (Windows NT 10.0; Win64; x64) AppleWebKit/537.36 (KHTML, like Gecko) Chrome/146.0.0.0 Safari/537.36"
111.90.182.134 - - [31/Mar/2026:13:11:55 +0000] "GET /wp-includes/wp-koncet.php HTTP/1.1" 200 1443 "https://thecomputerdoctor.co.nz/wp-admin/helper.php?p=wp-includes" "Mozilla/5.0 (Windows NT 10.0; Win64; x64) AppleWebKit/537.36 (KHTML, like Gecko) Chrome/146.0.0.0 Safari/537.36"
45.79.238.235 - - [31/Mar/2026:13:12:14 +0000] "POST /wp-cron.php?doing_wp_cron=1774962734.6947979927062988281250 HTTP/1.1" 200 - "-" "WordPress/6.9.4; https://thecomputerdoctor.co.nz"
52.21.89.144 - - [31/Mar/2026:13:12:13 +0000] "GET /product/sansai-4-way-powerboard-w-4x-usb-1x-usb-c/ HTTP/1.1" 200 324822 "-" "Mozilla/5.0 AppleWebKit/605.1.15 (KHTML, like Gecko) Chrome/139.0.0.0 Safari/605.1.15"
111.90.182.134 - - [31/Mar/2026:13:12:29 +0000] "GET /wp-includes/wp-koncet.php HTTP/1.1" 200 1443 "-" "Mozilla/5.0 (Windows NT 10.0; Win64; x64) AppleWebKit/537.36 (KHTML, like Gecko) Chrome/146.0.0.0 Safari/537.36"
111.90.182.134 - - [31/Mar/2026:13:12:32 +0000] "POST /wp-includes/wp-koncet.php HTTP/1.1" 302 - "https://thecomputerdoctor.co.nz/wp-includes/wp-koncet.php" "Mozilla/5.0 (Windows NT 10.0; Win64; x64) AppleWebKit/537.36 (KHTML, like Gecko) Chrome/146.0.0.0 Safari/537.36"
111.90.182.134 - - [31/Mar/2026:13:12:33 +0000] "GET /wp-includes/wp-koncet.php? HTTP/1.1" 200 236916 "https://thecomputerdoctor.co.nz/wp-includes/wp-koncet.php" "Mozilla/5.0 (Windows NT 10.0; Win64; x64) AppleWebKit/537.36 (KHTML, like Gecko) Chrome/146.0.0.0 Safari/537.36"
111.90.182.134 - - [31/Mar/2026:13:12:35 +0000] "GET /wp-includes/wp-koncet.php?p=/home/adaptiv2 HTTP/1.1" 200 74595 "https://thecomputerdoctor.co.nz/wp-includes/wp-koncet.php?" "Mozilla/5.0 (Windows NT 10.0; Win64; x64) AppleWebKit/537.36 (KHTML, like Gecko) Chrome/146.0.0.0 Safari/537.36"
45.79.238.235 - - [31/Mar/2026:13:15:40 +0000] "POST /wp-cron.php?doing_wp_cron=1774962940.7135119438171386718750 HTTP/1.1" 200 - "-" "WordPress/6.9.4; https://thecomputerdoctor.co.nz"
45.79.238.235 - - [31/Mar/2026:13:15:41 +0000] "POST /wp-cron.php?doing_wp_cron=1774962941.3422830104827880859375 HTTP/1.1" 200 - "-" "WordPress/6.9.4; https://thecomputerdoctor.co.nz"
151.240.33.15 - - [31/Mar/2026:13:15:39 +0000] "GET /apple-mac-repairs/ HTTP/1.1" 200 238781 "-" "Mozilla/5.0 (Windows NT 10.0; Win64; x64) AppleWebKit/537.36 (KHTML, like Gecko) Chrome/146.0.0.0 Safari/537.36"
151.240.33.15 - - [31/Mar/2026:13:15:41 +0000] "GET /wp-content/uploads/elementor/css/post-1211.css?ver=1713421388 HTTP/1.1" 200 7076 "https://thecomputerdoctor.co.nz/apple-mac-repairs/" "Mozilla/5.0 (Windows NT 10.0; Win64; x64) AppleWebKit/537.36 (KHTML, like Gecko) Chrome/146.0.0.0 Safari/537.36"
151.240.33.15 - - [31/Mar/2026:13:15:41 +0000] "GET /wp-content/uploads/2022/10/macbookbattery.webp HTTP/1.1" 200 11578 "https://thecomputerdoctor.co.nz/apple-mac-repairs/" "Mozilla/5.0 (Windows NT 10.0; Win64; x64) AppleWebKit/537.36 (KHTML, like Gecko) Chrome/146.0.0.0 Safari/537.36"
151.240.33.15 - - [31/Mar/2026:13:15:42 +0000] "GET /wp-content/uploads/2022/10/apple-1839046_1920-1-1536x1025.webp HTTP/1.1" 200 60568 "https://thecomputerdoctor.co.nz/apple-mac-repairs/" "Mozilla/5.0 (Windows NT 10.0; Win64; x64) AppleWebKit/537.36 (KHTML, like Gecko) Chrome/146.0.0.0 Safari/537.36"
151.240.33.15 - - [31/Mar/2026:13:15:42 +0000] "POST /?wc-ajax=get_refreshed_fragments HTTP/1.1" 200 6551 "https://thecomputerdoctor.co.nz/apple-mac-repairs/" "Mozilla/5.0 (Windows NT 10.0; Win64; x64) AppleWebKit/537.36 (KHTML, like Gecko) Chrome/146.0.0.0 Safari/537.36"
151.240.33.15 - - [31/Mar/2026:13:15:44 +0000] "POST /wp-admin/helper.php?p= HTTP/1.1" 302 - "https://thecomputerdoctor.co.nz/wp-admin/helper.php?p=" "Mozilla/5.0 (Windows NT 10.0; Win64; x64) AppleWebKit/537.36 (KHTML, like Gecko) Chrome/146.0.0.0 Safari/537.36"
151.240.33.15 - - [31/Mar/2026:13:15:44 +0000] "GET /wp-admin/helper.php?p= HTTP/1.1" 200 131481 "https://thecomputerdoctor.co.nz/wp-admin/helper.php?p=" "Mozilla/5.0 (Windows NT 10.0; Win64; x64) AppleWebKit/537.36 (KHTML, like Gecko) Chrome/146.0.0.0 Safari/537.36"
151.240.33.15 - - [31/Mar/2026:13:15:54 +0000] "GET /wp-admin/helper.php?p=apple-mac-repairs HTTP/1.1" 200 37069 "https://thecomputerdoctor.co.nz/wp-admin/helper.php?p=" "Mozilla/5.0 (Windows NT 10.0; Win64; x64) AppleWebKit/537.36 (KHTML, like Gecko) Chrome/146.0.0.0 Safari/537.36"
192.0.103.42 - - [31/Mar/2026:13:15:54 +0000] "GET / HTTP/1.1" 200 311108 "-" "jetmon/1.0 (Jetpack Site Uptime Monitor by WordPress.com)"
151.240.33.15 - - [31/Mar/2026:13:16:00 +0000] "POST /wp-admin/helper.php?p=apple-mac-repairs HTTP/1.1" 302 - "https://thecomputerdoctor.co.nz/wp-admin/helper.php?p=apple-mac-repairs" "Mozilla/5.0 (Windows NT 10.0; Win64; x64) AppleWebKit/537.36 (KHTML, like Gecko) Chrome/146.0.0.0 Safari/537.36"
151.240.33.15 - - [31/Mar/2026:13:16:00 +0000] "GET /wp-admin/helper.php?p=apple-mac-repairs HTTP/1.1" 200 39797 "https://thecomputerdoctor.co.nz/wp-admin/helper.php?p=apple-mac-repairs" "Mozilla/5.0 (Windows NT 10.0; Win64; x64) AppleWebKit/537.36 (KHTML, like Gecko) Chrome/146.0.0.0 Safari/537.36"
151.240.33.15 - - [31/Mar/2026:13:16:02 +0000] "GET /wp-content/uploads/2022/10/macproblems.webp HTTP/1.1" 200 138074 "https://thecomputerdoctor.co.nz/apple-mac-repairs/" "Mozilla/5.0 (Windows NT 10.0; Win64; x64) AppleWebKit/537.36 (KHTML, like Gecko) Chrome/146.0.0.0 Safari/537.36"
205.169.39.58 - - [31/Mar/2026:13:16:28 +0000] "GET / HTTP/1.1" 200 311108 "-" "Mozilla/5.0 (Windows NT 10.0; Win64; x64) AppleWebKit/537.36 (KHTML, like Gecko) Chrome/117.0.5938.132 Safari/537.36"
45.79.238.235 - - [31/Mar/2026:13:16:33 +0000] "POST /wp-cron.php?doing_wp_cron=1774962993.9415259361267089843750 HTTP/1.1" 200 - "-" "WordPress/6.9.4; https://thecomputerdoctor.co.nz"
205.169.39.58 - - [31/Mar/2026:13:16:32 +0000] "POST /?wc-ajax=get_refreshed_fragments HTTP/1.1" 200 6551 "https://thecomputerdoctor.co.nz/" "Mozilla/5.0 (Windows NT 10.0; Win64; x64) AppleWebKit/537.36 (KHTML, like Gecko) Chrome/117.0.5938.132 Safari/537.36"
111.90.182.134 - - [31/Mar/2026:13:16:43 +0000] "GET /wp-includes/wp-koncet.php?p=/home/adaptiv2/chipx.co.nz HTTP/1.1" 200 24279 "https://thecomputerdoctor.co.nz/wp-includes/wp-koncet.php?p=/home/adaptiv2" "Mozilla/5.0 (Windows NT 10.0; Win64; x64) AppleWebKit/537.36 (KHTML, like Gecko) Chrome/146.0.0.0 Safari/537.36"
66.249.64.107 - - [31/Mar/2026:13:17:11 +0000] "GET /wp-content/uploads/2024/07/1414954_promate-6-in-1-usb-multi-port-hub-with-usb-c-connector-with-4k-hdmi.jpg HTTP/1.1" 200 367405 "-" "Googlebot-Image/1.0"
111.90.182.134 - - [31/Mar/2026:13:17:29 +0000] "GET /wp-includes/wp-koncet.php?p=/home/adaptiv2/controlfusion.co.nz HTTP/1.1" 200 6150 "https://thecomputerdoctor.co.nz/wp-includes/wp-koncet.php?p=/home/adaptiv2" "Mozilla/5.0 (Windows NT 10.0; Win64; x64) AppleWebKit/537.36 (KHTML, like Gecko) Chrome/146.0.0.0 Safari/537.36"
111.90.182.134 - - [31/Mar/2026:13:17:36 +0000] "GET /wp-includes/wp-koncet.php?a=edit&f=bless15.php&p=/home/adaptiv2/controlfusion.co.nz HTTP/1.1" 200 44076 "https://thecomputerdoctor.co.nz/wp-includes/wp-koncet.php?p=/home/adaptiv2/controlfusion.co.nz" "Mozilla/5.0 (Windows NT 10.0; Win64; x64) AppleWebKit/537.36 (KHTML, like Gecko) Chrome/146.0.0.0 Safari/537.36"
111.90.182.134 - - [31/Mar/2026:13:18:00 +0000] "GET /wp-includes/wp-koncet.php?a=delete&f=bless15.php&p=/home/adaptiv2/controlfusion.co.nz HTTP/1.1" 200 5472 "https://thecomputerdoctor.co.nz/wp-includes/wp-koncet.php?a=edit&f=bless15.php&p=/home/adaptiv2/controlfusion.co.nz" "Mozilla/5.0 (Windows NT 10.0; Win64; x64) AppleWebKit/537.36 (KHTML, like Gecko) Chrome/146.0.0.0 Safari/537.36"
111.90.182.134 - - [31/Mar/2026:13:18:04 +0000] "GET /wp-includes/wp-koncet.php?a=edit&f=144.php&p=/home/adaptiv2/controlfusion.co.nz HTTP/1.1" 200 104196 "https://thecomputerdoctor.co.nz/wp-includes/wp-koncet.php?a=delete&f=bless15.php&p=/home/adaptiv2/controlfusion.co.nz" "Mozilla/5.0 (Windows NT 10.0; Win64; x64) AppleWebKit/537.36 (KHTML, like Gecko) Chrome/146.0.0.0 Safari/537.36"
111.90.182.134 - - [31/Mar/2026:13:18:23 +0000] "GET /wp-includes/wp-koncet.php?a=delete&f=144.php&p=/home/adaptiv2/controlfusion.co.nz HTTP/1.1" 200 4822 "https://thecomputerdoctor.co.nz/wp-includes/wp-koncet.php?a=edit&f=144.php&p=/home/adaptiv2/controlfusion.co.nz" "Mozilla/5.0 (Windows NT 10.0; Win64; x64) AppleWebKit/537.36 (KHTML, like Gecko) Chrome/146.0.0.0 Safari/537.36"
45.79.238.235 - - [31/Mar/2026:13:19:03 +0000] "POST /wp-cron.php?doing_wp_cron=1774963143.4061899185180664062500 HTTP/1.1" 200 - "-" "WordPress/6.9.4; https://thecomputerdoctor.co.nz"
99.252.201.25 - - [31/Mar/2026:13:19:02 +0000] "GET /our-work/ HTTP/1.1" 404 208178 "-" "Mozilla/5.0 (Macintosh; Intel Mac OS X 12_7_2) AppleWebKit/537.36 (KHTML, like Gecko) Chrome/130.0.6723.191 Safari/537.36"
45.79.238.235 - - [31/Mar/2026:13:20:57 +0000] "POST /wp-cron.php?doing_wp_cron=1774963257.3178620338439941406250 HTTP/1.1" 200 - "-" "WordPress/6.9.4; https://thecomputerdoctor.co.nz"
192.0.103.42 - - [31/Mar/2026:13:20:56 +0000] "GET / HTTP/1.1" 200 311108 "-" "jetmon/1.0 (Jetpack Site Uptime Monitor by WordPress.com)"
111.90.182.134 - - [31/Mar/2026:13:21:11 +0000] "GET /wp-includes/wp-koncet.php?p=/home/adaptiv2/electricalforum.nz HTTP/1.1" 200 33997 "https://thecomputerdoctor.co.nz/wp-includes/wp-koncet.php?p=/home/adaptiv2" "Mozilla/5.0 (Windows NT 10.0; Win64; x64) AppleWebKit/537.36 (KHTML, like Gecko) Chrome/146.0.0.0 Safari/537.36"
40.77.167.57 - - [31/Mar/2026:13:21:32 +0000] "GET /2026/02/25/pokies-in-new-zealand-machines-for-fun-free/ HTTP/1.1" 200 196327 "-" "Mozilla/5.0 AppleWebKit/537.36 (KHTML, like Gecko; compatible; bingbot/2.0; +http://www.bing.com/bingbot.htm) Chrome/116.0.1938.76 Safari/537.36"
66.249.64.107 - - [31/Mar/2026:13:21:39 +0000] "GET /2026/02/25/australian-online-casino-10-deposit/ HTTP/1.1" 200 193304 "-" "Mozilla/5.0 (Linux; Android 6.0.1; Nexus 5X Build/MMB29P) AppleWebKit/537.36 (KHTML, like Gecko) Chrome/146.0.7680.153 Mobile Safari/537.36 (compatible; Googlebot/2.1; +http://www.google.com/bot.html)"
113.177.78.142 - - [31/Mar/2026:13:22:03 +0000] "GET /shop/ HTTP/1.1" 200 36323 "-" "Mozilla/5.0 (Windows NT 6.1; Win64; x64) AppleWebKit/537.36 (KHTML, like Gecko) Chrome/86.0.4240.198 Safari/537.36"
45.79.238.235 - - [31/Mar/2026:13:23:09 +0000] "POST /wp-cron.php?doing_wp_cron=1774963389.2040660381317138671875 HTTP/1.1" 200 - "-" "WordPress/6.9.4; https://thecomputerdoctor.co.nz"
102.68.78.141 - - [31/Mar/2026:13:23:08 +0000] "GET /?p=3437 HTTP/1.1" 301 - "https://thecomputerdoctor.co.nz/" "Mozilla/5.0 (Windows NT 10.0; Win64; x64) AppleWebKit/537.36 (KHTML, like Gecko) Chrome/135.0.0.0 Safari/537.36"
43.224.111.149 - - [31/Mar/2026:13:23:10 +0000] "GET /2026/02/25/deposit-casino-with-pokies-with-welcome/ HTTP/1.1" 200 218671 "https://thecomputerdoctor.co.nz/" "Mozilla/5.0 (Windows NT 10.0; Win64; x64) AppleWebKit/537.36 (KHTML, like Gecko) Chrome/135.0.0.0 Safari/537.36"
133.32.156.63 - - [31/Mar/2026:13:23:17 +0000] "GET /product/promate-3-in-1-ultra-slim-foldable-15w-magsafe-wireless-charging/ HTTP/1.1" 200 353127 "https://search.yahoo.co.jp/" "Mozilla/5.0 (Windows NT 10.0; Win64; x64) AppleWebKit/537.36 (KHTML, like Gecko) Chrome/142.0.0.0 Safari/537.36"
133.32.156.63 - - [31/Mar/2026:13:23:19 +0000] "GET /wp-content/plugins/woocommerce/assets/css/photoswipe/photoswipe.min.css?ver=8.7.3 HTTP/1.1" 200 3287 "https://thecomputerdoctor.co.nz/product/promate-3-in-1-ultra-slim-foldable-15w-magsafe-wireless-charging/" "Mozilla/5.0 (Windows NT 10.0; Win64; x64) AppleWebKit/537.36 (KHTML, like Gecko) Chrome/142.0.0.0 Safari/537.36"
133.32.156.63 - - [31/Mar/2026:13:23:19 +0000] "GET /wp-content/plugins/woocommerce-gateway-stripe/assets/css/stripe-link.css?ver=8.2.0 HTTP/1.1" 200 304 "https://thecomputerdoctor.co.nz/product/promate-3-in-1-ultra-slim-foldable-15w-magsafe-wireless-charging/" "Mozilla/5.0 (Windows NT 10.0; Win64; x64) AppleWebKit/537.36 (KHTML, like Gecko) Chrome/142.0.0.0 Safari/537.36"
133.32.156.63 - - [31/Mar/2026:13:23:19 +0000] "GET /wp-content/plugins/woocommerce/assets/fonts/star.woff HTTP/1.1" 304 - "https://thecomputerdoctor.co.nz/wp-content/themes/astra/assets/css/minified/compatibility/woocommerce/woocommerce-grid.min.css?ver=4.6.11" "Mozilla/5.0 (Windows NT 10.0; Win64; x64) AppleWebKit/537.36 (KHTML, like Gecko) Chrome/142.0.0.0 Safari/537.36"
133.32.156.63 - - [31/Mar/2026:13:23:20 +0000] "POST /?wc-ajax=get_refreshed_fragments HTTP/1.1" 200 6551 "https://thecomputerdoctor.co.nz/product/promate-3-in-1-ultra-slim-foldable-15w-magsafe-wireless-charging/" "Mozilla/5.0 (Windows NT 10.0; Win64; x64) AppleWebKit/537.36 (KHTML, like Gecko) Chrome/142.0.0.0 Safari/537.36"
111.90.182.134 - - [31/Mar/2026:13:25:24 +0000] "GET /wp-includes/wp-koncet.php?p=/home/adaptiv2/juiceelectrical.co.nz HTTP/1.1" 200 32864 "https://thecomputerdoctor.co.nz/wp-includes/wp-koncet.php?p=/home/adaptiv2" "Mozilla/5.0 (Windows NT 10.0; Win64; x64) AppleWebKit/537.36 (KHTML, like Gecko) Chrome/146.0.0.0 Safari/537.36"
45.79.238.235 - - [31/Mar/2026:13:25:58 +0000] "POST /wp-cron.php?doing_wp_cron=1774963558.5061800479888916015625 HTTP/1.1" 200 - "-" "WordPress/6.9.4; https://thecomputerdoctor.co.nz"
192.0.103.42 - - [31/Mar/2026:13:25:57 +0000] "GET / HTTP/1.1" 200 311108 "-" "jetmon/1.0 (Jetpack Site Uptime Monitor by WordPress.com)"
14.169.11.252 - - [31/Mar/2026:13:26:03 +0000] "GET / HTTP/1.1" 200 311131 "-" "Mozilla/5.0 (Linux; Android 5.0.1) AppleWebKit/534.2 (KHTML, like Gecko) Chrome/53.0.850.0 Safari/534.2"
45.79.238.235 - - [31/Mar/2026:13:26:56 +0000] "POST /wp-cron.php?doing_wp_cron=1774963616.4832789897918701171875 HTTP/1.1" 200 - "-" "WordPress/6.9.4; https://thecomputerdoctor.co.nz"
2001:fb1:2a:7836:442e:d92b:ef78:5127 - - [31/Mar/2026:13:26:55 +0000] "GET /product/promate-securegrip-360-cradleless-15w-qi-magnetic-wireless-in-car/?add-to-cart=1886 HTTP/1.1" 200 353463 "-" "Mozilla/5.0 (iPad; CPU iPad OS 13_7 like Mac OS X) AppleWebKit/536.1 (KHTML, like Gecko) FxiOS/11.1r6463.0 Mobile/89I679 Safari/536.1"
111.90.182.134 - - [31/Mar/2026:13:27:23 +0000] "GET /wp-includes/wp-koncet.php?a=delete&f=144.php&p=/home/adaptiv2/chipx.co.nz HTTP/1.1" 200 23677 "https://thecomputerdoctor.co.nz/wp-includes/wp-koncet.php?p=/home/adaptiv2/chipx.co.nz" "Mozilla/5.0 (Windows NT 10.0; Win64; x64) AppleWebKit/537.36 (KHTML, like Gecko) Chrome/146.0.0.0 Safari/537.36"
111.90.182.134 - - [31/Mar/2026:13:27:29 +0000] "GET /wp-includes/wp-koncet.php?a=delete&f=google0022823bfbf0b393.html&p=/home/adaptiv2/chipx.co.nz HTTP/1.1" 200 22935 "https://thecomputerdoctor.co.nz/wp-includes/wp-koncet.php?a=delete&f=144.php&p=/home/adaptiv2/chipx.co.nz" "Mozilla/5.0 (Windows NT 10.0; Win64; x64) AppleWebKit/537.36 (KHTML, like Gecko) Chrome/146.0.0.0 Safari/537.36"
111.90.182.134 - - [31/Mar/2026:13:27:36 +0000] "GET /wp-includes/wp-koncet.php?p=/home/adaptiv2/chipx.co.nz/wp-includes HTTP/1.1" 200 214929 "https://thecomputerdoctor.co.nz/wp-includes/wp-koncet.php?a=delete&f=google0022823bfbf0b393.html&p=/home/adaptiv2/chipx.co.nz" "Mozilla/5.0 (Windows NT 10.0; Win64; x64) AppleWebKit/537.36 (KHTML, like Gecko) Chrome/146.0.0.0 Safari/537.36"
114.122.36.173 - - [31/Mar/2026:13:27:43 +0000] "GET /business-it/ HTTP/1.1" 200 615858 "https://www.google.com/" "Mozilla/5.0 (Linux; Android 10; K) AppleWebKit/537.36 (KHTML, like Gecko) Chrome/146.0.0.0 Mobile Safari/537.36"
114.122.36.173 - - [31/Mar/2026:13:27:45 +0000] "GET /business-it/ HTTP/1.1" 200 615858 "https://thecomputerdoctor.co.nz/business-it/" "Mozilla/5.0 (Linux; Android 10; K) AppleWebKit/537.36 (KHTML, like Gecko) Chrome/146.0.0.0 Mobile Safari/537.36"
45.88.138.44 - - [31/Mar/2026:13:27:49 +0000] "GET / HTTP/1.1" 403 - "-" "Go-http-client/2.0"
111.90.182.134 - - [31/Mar/2026:13:27:49 +0000] "POST /wp-includes/wp-koncet.php?p=/home/adaptiv2/chipx.co.nz/wp-includes HTTP/1.1" 200 215645 "https://thecomputerdoctor.co.nz/wp-includes/wp-koncet.php?p=/home/adaptiv2/chipx.co.nz/wp-includes" "Mozilla/5.0 (Windows NT 10.0; Win64; x64) AppleWebKit/537.36 (KHTML, like Gecko) Chrome/146.0.0.0 Safari/537.36"
45.88.138.44 - - [31/Mar/2026:13:27:54 +0000] "GET /zxq8m3k-test-none HTTP/1.1" 403 - "-" "Go-http-client/2.0"
111.90.182.134 - - [31/Mar/2026:13:27:54 +0000] "GET /wp-includes/wp-koncet.php?a=edit&f=wp-koncet.php&p=/home/adaptiv2/chipx.co.nz/wp-includes HTTP/1.1" 200 235532 "https://thecomputerdoctor.co.nz/wp-includes/wp-koncet.php?p=/home/adaptiv2/chipx.co.nz/wp-includes" "Mozilla/5.0 (Windows NT 10.0; Win64; x64) AppleWebKit/537.36 (KHTML, like Gecko) Chrome/146.0.0.0 Safari/537.36"
111.90.182.134 - - [31/Mar/2026:13:27:59 +0000] "GET /wp-includes/wp-koncet.php?a=rename&f=wp-koncet.php&p=/home/adaptiv2/chipx.co.nz/wp-includes HTTP/1.1" 200 215767 "https://thecomputerdoctor.co.nz/wp-includes/wp-koncet.php?a=edit&f=wp-koncet.php&p=/home/adaptiv2/chipx.co.nz/wp-includes" "Mozilla/5.0 (Windows NT 10.0; Win64; x64) AppleWebKit/537.36 (KHTML, like Gecko) Chrome/146.0.0.0 Safari/537.36"
114.122.36.173 - - [31/Mar/2026:13:28:00 +0000] "GET /content/dam/vijaysaleswebsite/images/mobile/reviews%20bg%20-%20mobile.png HTTP/1.1" 404 208201 "https://thecomputerdoctor.co.nz/business-it/" "Mozilla/5.0 (Linux; Android 10; K) AppleWebKit/537.36 (KHTML, like Gecko) Chrome/146.0.0.0 Mobile Safari/537.36"
45.79.238.235 - - [31/Mar/2026:13:28:01 +0000] "POST /wp-cron.php?doing_wp_cron=1774963681.2633030414581298828125 HTTP/1.1" 200 - "-" "WordPress/6.9.4; https://thecomputerdoctor.co.nz"
114.122.36.173 - - [31/Mar/2026:13:28:00 +0000] "GET /content/dam/vijaysaleswebsite/images/desktop/reviews%20bg%20-%20desktop.png HTTP/1.1" 404 208201 "https://thecomputerdoctor.co.nz/business-it/" "Mozilla/5.0 (Linux; Android 10; K) AppleWebKit/537.36 (KHTML, like Gecko) Chrome/146.0.0.0 Mobile Safari/537.36"
196.207.231.29 - - [31/Mar/2026:13:28:06 +0000] "GET /?p=3979 HTTP/1.1" 301 - "https://thecomputerdoctor.co.nz/" "Mozilla/5.0 (Macintosh; Intel Mac OS X 10_15_7) AppleWebKit/605.1.15 (KHTML, like Gecko) Version/18.3.1 Safari/605.1.15"
111.90.182.134 - - [31/Mar/2026:13:28:09 +0000] "POST /wp-includes/wp-koncet.php?a=rename&f=wp-koncet.php&p=/home/adaptiv2/chipx.co.nz/wp-includes HTTP/1.1" 200 215746 "https://thecomputerdoctor.co.nz/wp-includes/wp-koncet.php?a=rename&f=wp-koncet.php&p=/home/adaptiv2/chipx.co.nz/wp-includes" "Mozilla/5.0 (Windows NT 10.0; Win64; x64) AppleWebKit/537.36 (KHTML, like Gecko) Chrome/146.0.0.0 Safari/537.36"
