111.90.182.134 - - [31/Mar/2026:14:22:58 +0000] "GET /wp-admin/helper.php?p= HTTP/1.1" 200 133951 "https://thecomputerdoctor.co.nz/wp-admin/helper.php?p=" "Mozilla/5.0 (Windows NT 10.0; Win64; x64) AppleWebKit/537.36 (KHTML, like Gecko) Chrome/146.0.0.0 Safari/537.36"
40.77.167.156 - - [31/Mar/2026:14:23:00 +0000] "GET /shop/page/4/ HTTP/1.1" 200 196023 "-" "Mozilla/5.0 AppleWebKit/537.36 (KHTML, like Gecko; compatible; bingbot/2.0; +http://www.bing.com/bingbot.htm) Chrome/116.0.1938.76 Safari/537.36"
111.90.182.134 - - [31/Mar/2026:14:23:26 +0000] "GET /wp-admin/helper.php?p=shop HTTP/1.1" 200 48133 "https://thecomputerdoctor.co.nz/wp-admin/helper.php?p=" "Mozilla/5.0 (Windows NT 10.0; Win64; x64) AppleWebKit/537.36 (KHTML, like Gecko) Chrome/146.0.0.0 Safari/537.36"
111.90.182.134 - - [31/Mar/2026:14:23:28 +0000] "GET /wp-admin/helper.php?p=shop%2Fpage HTTP/1.1" 200 39190 "https://thecomputerdoctor.co.nz/wp-admin/helper.php?p=shop" "Mozilla/5.0 (Windows NT 10.0; Win64; x64) AppleWebKit/537.36 (KHTML, like Gecko) Chrome/146.0.0.0 Safari/537.36"
111.90.182.134 - - [31/Mar/2026:14:23:29 +0000] "GET /wp-admin/helper.php?p=shop%2Fpage%2F3 HTTP/1.1" 200 37163 "https://thecomputerdoctor.co.nz/wp-admin/helper.php?p=shop%2Fpage" "Mozilla/5.0 (Windows NT 10.0; Win64; x64) AppleWebKit/537.36 (KHTML, like Gecko) Chrome/146.0.0.0 Safari/537.36"
111.90.182.134 - - [31/Mar/2026:14:23:31 +0000] "GET /wp-admin/helper.php?p=shop%2Fpage%2F3&upload HTTP/1.1" 200 36726 "https://thecomputerdoctor.co.nz/wp-admin/helper.php?p=shop%2Fpage%2F3" "Mozilla/5.0 (Windows NT 10.0; Win64; x64) AppleWebKit/537.36 (KHTML, like Gecko) Chrome/146.0.0.0 Safari/537.36"
45.79.238.235 - - [31/Mar/2026:14:23:51 +0000] "POST /wp-cron.php?doing_wp_cron=1774967031.4042670726776123046875 HTTP/1.1" 200 - "-" "WordPress/6.9.4; https://thecomputerdoctor.co.nz"
202.76.172.188 - - [31/Mar/2026:14:23:50 +0000] "GET /book-a-repair/ HTTP/1.1" 404 208178 "-" "Mozilla/5.0 (Windows NT 10.0; Win64; x64) AppleWebKit/537.36 (KHTML, like Gecko) Chrome/126.0.6478.126 Safari/537.36"
111.90.182.134 - - [31/Mar/2026:14:23:56 +0000] "POST /wp-admin/helper.php?p=shop/page/3 HTTP/1.1" 200 52 "https://thecomputerdoctor.co.nz/wp-admin/helper.php?p=shop%2Fpage%2F3&upload" "Mozilla/5.0 (Windows NT 10.0; Win64; x64) AppleWebKit/537.36 (KHTML, like Gecko) Chrome/146.0.0.0 Safari/537.36"
111.90.182.134 - - [31/Mar/2026:14:24:11 +0000] "GET /wp-admin/helper.php?p=shop/page/3 HTTP/1.1" 200 39762 "https://thecomputerdoctor.co.nz/wp-admin/helper.php?p=shop%2Fpage%2F3&upload" "Mozilla/5.0 (Windows NT 10.0; Win64; x64) AppleWebKit/537.36 (KHTML, like Gecko) Chrome/146.0.0.0 Safari/537.36"
111.90.182.134 - - [31/Mar/2026:14:24:25 +0000] "POST /wp-admin/helper.php?p=shop/page/3 HTTP/1.1" 302 - "https://thecomputerdoctor.co.nz/wp-admin/helper.php?p=shop/page/3" "Mozilla/5.0 (Windows NT 10.0; Win64; x64) AppleWebKit/537.36 (KHTML, like Gecko) Chrome/146.0.0.0 Safari/537.36"
111.90.182.134 - - [31/Mar/2026:14:24:25 +0000] "GET /wp-admin/helper.php?p=shop%2Fpage%2F3 HTTP/1.1" 200 39885 "https://thecomputerdoctor.co.nz/wp-admin/helper.php?p=shop/page/3" "Mozilla/5.0 (Windows NT 10.0; Win64; x64) AppleWebKit/537.36 (KHTML, like Gecko) Chrome/146.0.0.0 Safari/537.36"
111.90.182.134 - - [31/Mar/2026:14:24:40 +0000] "GET /wp-admin/helper.php?p=shop HTTP/1.1" 200 48133 "https://thecomputerdoctor.co.nz/wp-admin/helper.php?p=shop%2Fpage%2F3" "Mozilla/5.0 (Windows NT 10.0; Win64; x64) AppleWebKit/537.36 (KHTML, like Gecko) Chrome/146.0.0.0 Safari/537.36"
111.90.182.134 - - [31/Mar/2026:14:24:44 +0000] "GET /wp-admin/helper.php?p=shop%2Fpage HTTP/1.1" 200 39190 "https://thecomputerdoctor.co.nz/wp-admin/helper.php?p=shop" "Mozilla/5.0 (Windows NT 10.0; Win64; x64) AppleWebKit/537.36 (KHTML, like Gecko) Chrome/146.0.0.0 Safari/537.36"
111.90.182.134 - - [31/Mar/2026:14:24:45 +0000] "GET /wp-admin/helper.php?p=shop%2Fpage%2F3 HTTP/1.1" 200 39814 "https://thecomputerdoctor.co.nz/wp-admin/helper.php?p=shop%2Fpage" "Mozilla/5.0 (Windows NT 10.0; Win64; x64) AppleWebKit/537.36 (KHTML, like Gecko) Chrome/146.0.0.0 Safari/537.36"
111.90.182.134 - - [31/Mar/2026:14:24:48 +0000] "GET /shop/page/3/index.php HTTP/1.1" 200 226897 "https://thecomputerdoctor.co.nz/wp-admin/helper.php?p=shop%2Fpage%2F3" "Mozilla/5.0 (Windows NT 10.0; Win64; x64) AppleWebKit/537.36 (KHTML, like Gecko) Chrome/146.0.0.0 Safari/537.36"
111.90.182.134 - - [31/Mar/2026:14:24:49 +0000] "GET /api/v3/ajax/member/users/listings-favorites-collections-map?listing_ids%5B%5D=1790774795 HTTP/1.1" 404 208552 "https://thecomputerdoctor.co.nz/shop/page/3/index.php" "Mozilla/5.0 (Windows NT 10.0; Win64; x64) AppleWebKit/537.36 (KHTML, like Gecko) Chrome/146.0.0.0 Safari/537.36"
111.90.182.134 - - [31/Mar/2026:14:24:49 +0000] "GET /images/1x1.gif?ch=2&rn=7.309170964114024 HTTP/1.1" 404 208178 "https://thecomputerdoctor.co.nz/shop/page/3/index.php" "Mozilla/5.0 (Windows NT 10.0; Win64; x64) AppleWebKit/537.36 (KHTML, like Gecko) Chrome/146.0.0.0 Safari/537.36"
111.90.182.134 - - [31/Mar/2026:14:24:49 +0000] "POST /clientlog HTTP/1.1" 404 208178 "https://thecomputerdoctor.co.nz/shop/page/3/index.php" "Mozilla/5.0 (Windows NT 10.0; Win64; x64) AppleWebKit/537.36 (KHTML, like Gecko) Chrome/146.0.0.0 Safari/537.36"
111.90.182.134 - - [31/Mar/2026:14:24:50 +0000] "GET /api/v3/ajax/bespoke/public/neu/specs/submenu?log_performance_metrics=false&specs%5Bsubmenu%5D%5B%5D=Etsy%5CModules%5CCategoryNav%5CSpecs%5CDropdownCatNav%5CDropdownSubmenu&runtime_analysis=false HTTP/1.1" 404 208178 "https://thecomputerdoctor.co.nz/shop/page/3/index.php" "Mozilla/5.0 (Windows NT 10.0; Win64; x64) AppleWebKit/537.36 (KHTML, like Gecko) Chrome/146.0.0.0 Safari/537.36"
45.79.238.235 - - [31/Mar/2026:14:24:51 +0000] "POST /wp-cron.php?doing_wp_cron=1774967091.3873929977416992187500 HTTP/1.1" 200 - "-" "WordPress/6.9.4; https://thecomputerdoctor.co.nz"
111.90.182.134 - - [31/Mar/2026:14:24:49 +0000] "GET /images/1x1.gif?ch=1&rn=7.309170964114024 HTTP/1.1" 404 208178 "https://thecomputerdoctor.co.nz/shop/page/3/index.php" "Mozilla/5.0 (Windows NT 10.0; Win64; x64) AppleWebKit/537.36 (KHTML, like Gecko) Chrome/146.0.0.0 Safari/537.36"
111.90.182.134 - - [31/Mar/2026:14:24:49 +0000] "POST /clientlog HTTP/1.1" 404 208178 "https://thecomputerdoctor.co.nz/shop/page/3/index.php" "Mozilla/5.0 (Windows NT 10.0; Win64; x64) AppleWebKit/537.36 (KHTML, like Gecko) Chrome/146.0.0.0 Safari/537.36"
111.90.182.134 - - [31/Mar/2026:14:24:52 +0000] "GET /shop/page/3/ HTTP/1.1" 200 226897 "-" "Mozilla/5.0 (Windows NT 10.0; Win64; x64) AppleWebKit/537.36 (KHTML, like Gecko) Chrome/146.0.0.0 Safari/537.36"
111.90.182.134 - - [31/Mar/2026:14:24:50 +0000] "POST /api/v3/ajax/public/bacon HTTP/1.1" 404 208178 "https://thecomputerdoctor.co.nz/shop/page/3/index.php" "Mozilla/5.0 (Windows NT 10.0; Win64; x64) AppleWebKit/537.36 (KHTML, like Gecko) Chrome/146.0.0.0 Safari/537.36"
111.90.182.134 - - [31/Mar/2026:14:24:50 +0000] "POST /clientlog HTTP/1.1" 404 208178 "https://thecomputerdoctor.co.nz/shop/page/3/index.php" "Mozilla/5.0 (Windows NT 10.0; Win64; x64) AppleWebKit/537.36 (KHTML, like Gecko) Chrome/146.0.0.0 Safari/537.36"
111.90.182.134 - - [31/Mar/2026:14:24:51 +0000] "POST /clientlog HTTP/1.1" 404 208178 "https://thecomputerdoctor.co.nz/shop/page/3/index.php" "Mozilla/5.0 (Windows NT 10.0; Win64; x64) AppleWebKit/537.36 (KHTML, like Gecko) Chrome/146.0.0.0 Safari/537.36"
111.90.182.134 - - [31/Mar/2026:14:24:52 +0000] "POST /clientlog HTTP/1.1" 404 208178 "https://thecomputerdoctor.co.nz/shop/page/3/" "Mozilla/5.0 (Windows NT 10.0; Win64; x64) AppleWebKit/537.36 (KHTML, like Gecko) Chrome/146.0.0.0 Safari/537.36"
111.90.182.134 - - [31/Mar/2026:14:24:52 +0000] "GET /api/v3/ajax/member/users/listings-favorites-collections-map?listing_ids%5B%5D=1790774795 HTTP/1.1" 404 208552 "https://thecomputerdoctor.co.nz/shop/page/3/" "Mozilla/5.0 (Windows NT 10.0; Win64; x64) AppleWebKit/537.36 (KHTML, like Gecko) Chrome/146.0.0.0 Safari/537.36"
111.90.182.134 - - [31/Mar/2026:14:24:52 +0000] "GET /images/1x1.gif?ch=1&rn=2.4777349319254576 HTTP/1.1" 404 208178 "https://thecomputerdoctor.co.nz/shop/page/3/" "Mozilla/5.0 (Windows NT 10.0; Win64; x64) AppleWebKit/537.36 (KHTML, like Gecko) Chrome/146.0.0.0 Safari/537.36"
111.90.182.134 - - [31/Mar/2026:14:24:52 +0000] "POST /clientlog HTTP/1.1" 404 208178 "https://thecomputerdoctor.co.nz/shop/page/3/" "Mozilla/5.0 (Windows NT 10.0; Win64; x64) AppleWebKit/537.36 (KHTML, like Gecko) Chrome/146.0.0.0 Safari/537.36"
111.90.182.134 - - [31/Mar/2026:14:24:52 +0000] "GET /images/1x1.gif?ch=2&rn=2.4777349319254576 HTTP/1.1" 404 208178 "https://thecomputerdoctor.co.nz/shop/page/3/" "Mozilla/5.0 (Windows NT 10.0; Win64; x64) AppleWebKit/537.36 (KHTML, like Gecko) Chrome/146.0.0.0 Safari/537.36"
111.90.182.134 - - [31/Mar/2026:14:24:52 +0000] "GET /api/v3/ajax/bespoke/public/neu/specs/submenu?log_performance_metrics=false&specs%5Bsubmenu%5D%5B%5D=Etsy%5CModules%5CCategoryNav%5CSpecs%5CDropdownCatNav%5CDropdownSubmenu&runtime_analysis=false HTTP/1.1" 404 208178 "https://thecomputerdoctor.co.nz/shop/page/3/" "Mozilla/5.0 (Windows NT 10.0; Win64; x64) AppleWebKit/537.36 (KHTML, like Gecko) Chrome/146.0.0.0 Safari/537.36"
111.90.182.134 - - [31/Mar/2026:14:24:52 +0000] "POST /api/v3/ajax/public/statsd HTTP/1.1" 404 208178 "https://thecomputerdoctor.co.nz/shop/page/3/" "Mozilla/5.0 (Windows NT 10.0; Win64; x64) AppleWebKit/537.36 (KHTML, like Gecko) Chrome/146.0.0.0 Safari/537.36"
111.90.182.134 - - [31/Mar/2026:14:24:53 +0000] "POST /clientlog HTTP/1.1" 404 208178 "https://thecomputerdoctor.co.nz/shop/page/3/" "Mozilla/5.0 (Windows NT 10.0; Win64; x64) AppleWebKit/537.36 (KHTML, like Gecko) Chrome/146.0.0.0 Safari/537.36"
111.90.182.134 - - [31/Mar/2026:14:24:55 +0000] "POST /clientlog HTTP/1.1" 404 208178 "https://thecomputerdoctor.co.nz/shop/page/3/" "Mozilla/5.0 (Windows NT 10.0; Win64; x64) AppleWebKit/537.36 (KHTML, like Gecko) Chrome/146.0.0.0 Safari/537.36"
111.90.182.134 - - [31/Mar/2026:14:25:08 +0000] "GET /shop/page/3/ HTTP/1.1" 200 226897 "-" "Mozilla/5.0 (Windows NT 10.0; Win64; x64) AppleWebKit/537.36 (KHTML, like Gecko) Chrome/146.0.0.0 Safari/537.36"
111.90.182.134 - - [31/Mar/2026:14:25:11 +0000] "POST /clientlog HTTP/1.1" 404 208178 "https://thecomputerdoctor.co.nz/shop/page/3/" "Mozilla/5.0 (Windows NT 10.0; Win64; x64) AppleWebKit/537.36 (KHTML, like Gecko) Chrome/146.0.0.0 Safari/537.36"
111.90.182.134 - - [31/Mar/2026:14:25:11 +0000] "GET /api/v3/ajax/bespoke/public/neu/specs/catnav-mobile?log_performance_metrics=false&specs%5Bcatnav-mobile%5D%5B%5D=CategoryNav_V2_Mobile_ApiSpec_CategoryNav&specs%5Bcatnav-mobile%5D%5B1%5D%5Bmott_version%5D=761dfd2&specs%5Bcatnav-mobile%5D%5B1%5D%5Bshow_sales%5D=false&specs%5Bcatnav-mobile%5D%5B1%5D%5Bcatnav_gift_guide%5D=off&specs%5Bcatnav-mobile%5D%5B1%5D%5Bgifting_catnav_flyout_js%5D=false&specs%5Bcatnav-mobile%5D%5B1%5D%5Bshould_show_registry_on_nav%5D=false&specs%5Bcatnav-mobile%5D%5B1%5D%5Bshould_use_gifting_taxos_in_nav_flyout%5D=false&specs%5Bcatnav-mobile%5D%5B1%5D%5Blocale%5D=IDR%7Cen-GB%7CID&specs%5Bcatnav-mobile%5D%5B1%5D%5Bshould_use_buyer_taxo%5D=false&runtime_analysis=false HTTP/1.1" 404 208178 "https://thecomputerdoctor.co.nz/shop/page/3/" "Mozilla/5.0 (Windows NT 10.0; Win64; x64) AppleWebKit/537.36 (KHTML, like Gecko) Chrome/146.0.0.0 Safari/537.36"
111.90.182.134 - - [31/Mar/2026:14:25:11 +0000] "GET /images/1x1.gif?ch=1&rn=8.915510085903835 HTTP/1.1" 404 208178 "https://thecomputerdoctor.co.nz/shop/page/3/" "Mozilla/5.0 (Windows NT 10.0; Win64; x64) AppleWebKit/537.36 (KHTML, like Gecko) Chrome/146.0.0.0 Safari/537.36"
45.79.238.235 - - [31/Mar/2026:14:25:12 +0000] "POST /wp-cron.php?doing_wp_cron=1774967112.6677250862121582031250 HTTP/1.1" 200 - "-" "WordPress/6.9.4; https://thecomputerdoctor.co.nz"
111.90.182.134 - - [31/Mar/2026:14:25:11 +0000] "GET /images/1x1.gif?ch=2&rn=8.915510085903835 HTTP/1.1" 404 208178 "https://thecomputerdoctor.co.nz/shop/page/3/" "Mozilla/5.0 (Windows NT 10.0; Win64; x64) AppleWebKit/537.36 (KHTML, like Gecko) Chrome/146.0.0.0 Safari/537.36"
111.90.182.134 - - [31/Mar/2026:14:25:11 +0000] "POST /clientlog HTTP/1.1" 404 208178 "https://thecomputerdoctor.co.nz/shop/page/3/" "Mozilla/5.0 (Windows NT 10.0; Win64; x64) AppleWebKit/537.36 (KHTML, like Gecko) Chrome/146.0.0.0 Safari/537.36"
111.90.182.134 - - [31/Mar/2026:14:25:11 +0000] "GET /api/v3/ajax/member/users/listings-favorites-collections-map?listing_ids%5B%5D=1790774795 HTTP/1.1" 404 208552 "https://thecomputerdoctor.co.nz/shop/page/3/" "Mozilla/5.0 (Windows NT 10.0; Win64; x64) AppleWebKit/537.36 (KHTML, like Gecko) Chrome/146.0.0.0 Safari/537.36"
111.90.182.134 - - [31/Mar/2026:14:25:11 +0000] "POST /clientlog HTTP/1.1" 404 208178 "https://thecomputerdoctor.co.nz/shop/page/3/" "Mozilla/5.0 (Windows NT 10.0; Win64; x64) AppleWebKit/537.36 (KHTML, like Gecko) Chrome/146.0.0.0 Safari/537.36"
111.90.182.134 - - [31/Mar/2026:14:25:14 +0000] "POST /clientlog HTTP/1.1" 404 208178 "https://thecomputerdoctor.co.nz/shop/page/3/" "Mozilla/5.0 (Windows NT 10.0; Win64; x64) AppleWebKit/537.36 (KHTML, like Gecko) Chrome/146.0.0.0 Safari/537.36"
40.77.167.156 - - [31/Mar/2026:14:25:39 +0000] "GET /2026/02/25/online-roulette-nz-free/ HTTP/1.1" 200 188939 "-" "Mozilla/5.0 AppleWebKit/537.36 (KHTML, like Gecko; compatible; bingbot/2.0; +http://www.bing.com/bingbot.htm) Chrome/116.0.1938.76 Safari/537.36"
2a03:2880:24ff:55:: - - [31/Mar/2026:14:25:49 +0000] "GET //robots.txt HTTP/1.1" 200 310 "-" "facebookexternalhit/1.1 (+http://www.facebook.com/externalhit_uatext.php)"
45.79.238.235 - - [31/Mar/2026:14:25:53 +0000] "POST /wp-cron.php?doing_wp_cron=1774967153.3387041091918945312500 HTTP/1.1" 200 - "-" "WordPress/6.9.4; https://thecomputerdoctor.co.nz"
192.0.103.42 - - [31/Mar/2026:14:25:51 +0000] "GET / HTTP/1.1" 200 311108 "-" "jetmon/1.0 (Jetpack Site Uptime Monitor by WordPress.com)"
2404:8000:1133:5979:8136:c6e7:e062:ade2 - - [31/Mar/2026:14:25:55 +0000] "GET /console-repairs/ HTTP/1.1" 200 359778 "https://www.google.com/" "Mozilla/5.0 (iPhone; CPU iPhone OS 26_3_1 like Mac OS X) AppleWebKit/605.1.15 (KHTML, like Gecko) CriOS/146.0.7680.151 Mobile/15E148 Safari/604.1"
2404:8000:1133:5979:8136:c6e7:e062:ade2 - - [31/Mar/2026:14:25:56 +0000] "POST /datalayer/ga/cartlayer HTTP/1.1" 404 208201 "https://thecomputerdoctor.co.nz/console-repairs/" "Mozilla/5.0 (iPhone; CPU iPhone OS 26_3_1 like Mac OS X) AppleWebKit/605.1.15 (KHTML, like Gecko) CriOS/146.0.7680.151 Mobile/15E148 Safari/604.1"
2404:8000:1133:5979:8136:c6e7:e062:ade2 - - [31/Mar/2026:14:25:58 +0000] "POST /datalayer/ga/cartlayer HTTP/1.1" 404 208201 "https://thecomputerdoctor.co.nz/console-repairs/" "Mozilla/5.0 (iPhone; CPU iPhone OS 26_3_1 like Mac OS X) AppleWebKit/605.1.15 (KHTML, like Gecko) CriOS/146.0.7680.151 Mobile/15E148 Safari/604.1"
2404:8000:1133:5979:8136:c6e7:e062:ade2 - - [31/Mar/2026:14:26:23 +0000] "GET /console-repairs/ HTTP/1.1" 200 359778 "https://www.google.com/" "Mozilla/5.0 (iPhone; CPU iPhone OS 26_3_1 like Mac OS X) AppleWebKit/605.1.15 (KHTML, like Gecko) CriOS/146.0.7680.151 Mobile/15E148 Safari/604.1"
2404:8000:1133:5979:8136:c6e7:e062:ade2 - - [31/Mar/2026:14:26:25 +0000] "POST /datalayer/ga/cartlayer HTTP/1.1" 404 208201 "https://thecomputerdoctor.co.nz/console-repairs/" "Mozilla/5.0 (iPhone; CPU iPhone OS 26_3_1 like Mac OS X) AppleWebKit/605.1.15 (KHTML, like Gecko) CriOS/146.0.7680.151 Mobile/15E148 Safari/604.1"
45.79.238.235 - - [31/Mar/2026:14:26:41 +0000] "POST /wp-cron.php?doing_wp_cron=1774967201.0769090652465820312500 HTTP/1.1" 200 - "-" "WordPress/6.9.4; https://thecomputerdoctor.co.nz"
186.39.24.183 - - [31/Mar/2026:14:26:39 +0000] "GET /2026/02/25/betting-sites-au-free-spins/ HTTP/1.1" 200 216909 "https://thecomputerdoctor.co.nz/" "Mozilla/5.0 (Windows NT 10.0; Win64; x64) AppleWebKit/537.36 (KHTML, like Gecko) Chrome/135.0.0.0 Safari/537.36"
64.233.173.41 - - [31/Mar/2026:14:26:49 +0000] "GET / HTTP/1.1" 200 190492 "-" "Mozilla/5.0 (compatible; Google-Site-Verification/1.0)"
64.233.173.36 - - [31/Mar/2026:14:26:49 +0000] "GET /google7a8afd4359d3766b.html HTTP/1.1" 200 53 "-" "Mozilla/5.0 (compatible; Google-Site-Verification/1.0)"
64.233.173.41 - - [31/Mar/2026:14:26:49 +0000] "GET /google7571f28776ba9c81.html HTTP/1.1" 200 188783 "-" "Mozilla/5.0 (compatible; Google-Site-Verification/1.0)"
64.233.173.32 - - [31/Mar/2026:14:26:49 +0000] "GET /?cachebuster=3913585550 HTTP/1.1" 200 197175 "-" "Mozilla/5.0 (compatible; Google-Site-Verification/1.0)"
66.249.64.107 - - [31/Mar/2026:14:27:04 +0000] "GET /shop/page/3/ HTTP/1.1" 200 226897 "-" "Mozilla/5.0 (Linux; Android 6.0.1; Nexus 5X Build/MMB29P) AppleWebKit/537.36 (KHTML, like Gecko) Chrome/145.0.7632.159 Mobile Safari/537.36 (compatible; Google-InspectionTool/1.0;)"
66.249.64.107 - - [31/Mar/2026:14:27:04 +0000] "GET /shop/page/3/ HTTP/1.1" 200 226897 "-" "Mozilla/5.0 (compatible; Google-InspectionTool/1.0;)"
66.249.64.106 - - [31/Mar/2026:14:27:05 +0000] "POST /clientlog HTTP/1.1" 200 188911 "https://thecomputerdoctor.co.nz/shop/page/3/" "Mozilla/5.0 (Linux; Android 6.0.1; Nexus 5X Build/MMB29P) AppleWebKit/537.36 (KHTML, like Gecko) Chrome/146.0.7680.153 Mobile Safari/537.36 (compatible; Google-InspectionTool/1.0)"
66.249.64.105 - - [31/Mar/2026:14:27:05 +0000] "POST /clientlog HTTP/1.1" 200 188911 "https://thecomputerdoctor.co.nz/shop/page/3/" "Mozilla/5.0 (X11; Linux x86_64) AppleWebKit/537.36 (KHTML, like Gecko) Chrome/146.0.7680.153 Safari/537.36 (compatible; Google-InspectionTool/1.0)"
66.249.64.106 - - [31/Mar/2026:14:27:06 +0000] "POST /clientlog HTTP/1.1" 200 188911 "https://thecomputerdoctor.co.nz/shop/page/3/" "Mozilla/5.0 (Linux; Android 6.0.1; Nexus 5X Build/MMB29P) AppleWebKit/537.36 (KHTML, like Gecko) Chrome/146.0.7680.153 Mobile Safari/537.36 (compatible; Google-InspectionTool/1.0)"
66.249.64.105 - - [31/Mar/2026:14:27:06 +0000] "POST /clientlog HTTP/1.1" 200 188911 "https://thecomputerdoctor.co.nz/shop/page/3/" "Mozilla/5.0 (X11; Linux x86_64) AppleWebKit/537.36 (KHTML, like Gecko) Chrome/146.0.7680.153 Safari/537.36 (compatible; Google-InspectionTool/1.0)"
66.249.64.106 - - [31/Mar/2026:14:27:06 +0000] "POST /clientlog HTTP/1.1" 200 188911 "https://thecomputerdoctor.co.nz/shop/page/3/" "Mozilla/5.0 (X11; Linux x86_64) AppleWebKit/537.36 (KHTML, like Gecko) Chrome/146.0.7680.153 Safari/537.36 (compatible; Google-InspectionTool/1.0)"
66.249.64.106 - - [31/Mar/2026:14:27:07 +0000] "GET /api/v3/ajax/member/users/listings-favorites-collections-map?listing_ids%5B%5D=1790774795 HTTP/1.1" 200 192099 "https://thecomputerdoctor.co.nz/shop/page/3/" "Mozilla/5.0 (Linux; Android 6.0.1; Nexus 5X Build/MMB29P) AppleWebKit/537.36 (KHTML, like Gecko) Chrome/146.0.7680.153 Mobile Safari/537.36 (compatible; Google-InspectionTool/1.0)"
66.249.64.106 - - [31/Mar/2026:14:27:07 +0000] "POST /clientlog HTTP/1.1" 200 188911 "https://thecomputerdoctor.co.nz/shop/page/3/" "Mozilla/5.0 (Linux; Android 6.0.1; Nexus 5X Build/MMB29P) AppleWebKit/537.36 (KHTML, like Gecko) Chrome/146.0.7680.153 Mobile Safari/537.36 (compatible; Google-InspectionTool/1.0)"
66.249.64.106 - - [31/Mar/2026:14:27:07 +0000] "GET /api/v3/ajax/member/users/listings-favorites-collections-map?listing_ids%5B%5D=1790774795 HTTP/1.1" 200 192099 "https://thecomputerdoctor.co.nz/shop/page/3/" "Mozilla/5.0 (X11; Linux x86_64) AppleWebKit/537.36 (KHTML, like Gecko) Chrome/146.0.7680.153 Safari/537.36 (compatible; Google-InspectionTool/1.0)"
66.249.64.105 - - [31/Mar/2026:14:27:07 +0000] "GET /api/v3/ajax/bespoke/public/neu/specs/catnav-mobile?log_performance_metrics=false&specs%5Bcatnav-mobile%5D%5B%5D=CategoryNav_V2_Mobile_ApiSpec_CategoryNav&specs%5Bcatnav-mobile%5D%5B1%5D%5Bmott_version%5D=761dfd2&specs%5Bcatnav-mobile%5D%5B1%5D%5Bshow_sales%5D=false&specs%5Bcatnav-mobile%5D%5B1%5D%5Bcatnav_gift_guide%5D=off&specs%5Bcatnav-mobile%5D%5B1%5D%5Bgifting_catnav_flyout_js%5D=false&specs%5Bcatnav-mobile%5D%5B1%5D%5Bshould_show_registry_on_nav%5D=false&specs%5Bcatnav-mobile%5D%5B1%5D%5Bshould_use_gifting_taxos_in_nav_flyout%5D=false&specs%5Bcatnav-mobile%5D%5B1%5D%5Blocale%5D=IDR%7Cen-GB%7CID&specs%5Bcatnav-mobile%5D%5B1%5D%5Bshould_use_buyer_taxo%5D=false&runtime_analysis=false HTTP/1.1" 200 211572 "https://thecomputerdoctor.co.nz/shop/page/3/" "Mozilla/5.0 (Linux; Android 6.0.1; Nexus 5X Build/MMB29P) AppleWebKit/537.36 (KHTML, like Gecko) Chrome/146.0.7680.153 Mobile Safari/537.36 (compatible; Google-InspectionTool/1.0)"
66.249.64.107 - - [31/Mar/2026:14:27:08 +0000] "POST /clientlog HTTP/1.1" 200 188911 "https://thecomputerdoctor.co.nz/shop/page/3/" "Mozilla/5.0 (Linux; Android 6.0.1; Nexus 5X Build/MMB29P) AppleWebKit/537.36 (KHTML, like Gecko) Chrome/146.0.7680.153 Mobile Safari/537.36 (compatible; Google-InspectionTool/1.0)"
66.249.64.106 - - [31/Mar/2026:14:27:08 +0000] "POST /clientlog HTTP/1.1" 200 188911 "https://thecomputerdoctor.co.nz/shop/page/3/" "Mozilla/5.0 (X11; Linux x86_64) AppleWebKit/537.36 (KHTML, like Gecko) Chrome/146.0.7680.153 Safari/537.36 (compatible; Google-InspectionTool/1.0)"
66.249.64.106 - - [31/Mar/2026:14:27:07 +0000] "GET /images/1x1.gif?ch=2&rn=5.8598070540465415 HTTP/1.1" 404 208201 "https://thecomputerdoctor.co.nz/shop/page/3/" "Mozilla/5.0 (Linux; Android 6.0.1; Nexus 5X Build/MMB29P) AppleWebKit/537.36 (KHTML, like Gecko) Chrome/146.0.7680.153 Mobile Safari/537.36 (compatible; Google-InspectionTool/1.0)"
66.249.64.105 - - [31/Mar/2026:14:27:07 +0000] "GET /images/1x1.gif?ch=1&rn=5.8598070540465415 HTTP/1.1" 404 208201 "https://thecomputerdoctor.co.nz/shop/page/3/" "Mozilla/5.0 (Linux; Android 6.0.1; Nexus 5X Build/MMB29P) AppleWebKit/537.36 (KHTML, like Gecko) Chrome/146.0.7680.153 Mobile Safari/537.36 (compatible; Google-InspectionTool/1.0)"
66.249.64.107 - - [31/Mar/2026:14:27:07 +0000] "GET /images/1x1.gif?ch=2&rn=6.9456386372912675 HTTP/1.1" 404 208178 "https://thecomputerdoctor.co.nz/shop/page/3/" "Mozilla/5.0 (X11; Linux x86_64) AppleWebKit/537.36 (KHTML, like Gecko) Chrome/146.0.7680.153 Safari/537.36 (compatible; Google-InspectionTool/1.0)"
66.249.64.105 - - [31/Mar/2026:14:27:07 +0000] "GET /images/1x1.gif?ch=1&rn=6.9456386372912675 HTTP/1.1" 404 208178 "https://thecomputerdoctor.co.nz/shop/page/3/" "Mozilla/5.0 (X11; Linux x86_64) AppleWebKit/537.36 (KHTML, like Gecko) Chrome/146.0.7680.153 Safari/537.36 (compatible; Google-InspectionTool/1.0)"
2404:8000:1133:5979:8136:c6e7:e062:ade2 - - [31/Mar/2026:14:27:10 +0000] "GET /console-repairs/ HTTP/1.1" 200 359778 "https://www.google.com/" "Mozilla/5.0 (iPhone; CPU iPhone OS 26_3_1 like Mac OS X) AppleWebKit/605.1.15 (KHTML, like Gecko) CriOS/146.0.7680.151 Mobile/15E148 Safari/604.1"
66.249.64.106 - - [31/Mar/2026:14:27:10 +0000] "GET /api/v3/ajax/bespoke/public/neu/specs/submenu?log_performance_metrics=false&specs%5Bsubmenu%5D%5B%5D=Etsy%5CModules%5CCategoryNav%5CSpecs%5CDropdownCatNav%5CDropdownSubmenu&runtime_analysis=false HTTP/1.1" 200 196777 "https://thecomputerdoctor.co.nz/shop/page/3/" "Mozilla/5.0 (X11; Linux x86_64) AppleWebKit/537.36 (KHTML, like Gecko) Chrome/146.0.7680.153 Safari/537.36 (compatible; Google-InspectionTool/1.0)"
66.249.64.105 - - [31/Mar/2026:14:27:10 +0000] "POST /api/v3/ajax/bespoke/member/neu/specs/listing_async_bottom_collections HTTP/1.1" 200 195380 "https://thecomputerdoctor.co.nz/shop/page/3/" "Mozilla/5.0 (Linux; Android 6.0.1; Nexus 5X Build/MMB29P) AppleWebKit/537.36 (KHTML, like Gecko) Chrome/146.0.7680.153 Mobile Safari/537.36 (compatible; Google-InspectionTool/1.0)"
66.249.64.106 - - [31/Mar/2026:14:27:10 +0000] "POST /api/v3/ajax/bespoke/member/neu/specs/listing_async_bottom HTTP/1.1" 200 189603 "https://thecomputerdoctor.co.nz/shop/page/3/" "Mozilla/5.0 (Linux; Android 6.0.1; Nexus 5X Build/MMB29P) AppleWebKit/537.36 (KHTML, like Gecko) Chrome/146.0.7680.153 Mobile Safari/537.36 (compatible; Google-InspectionTool/1.0)"
66.249.64.106 - - [31/Mar/2026:14:27:10 +0000] "POST /api/v3/ajax/bespoke/member/neu/specs/listing_async_bottom HTTP/1.1" 200 189603 "https://thecomputerdoctor.co.nz/shop/page/3/" "Mozilla/5.0 (X11; Linux x86_64) AppleWebKit/537.36 (KHTML, like Gecko) Chrome/146.0.7680.153 Safari/537.36 (compatible; Google-InspectionTool/1.0)"
66.249.64.106 - - [31/Mar/2026:14:27:10 +0000] "POST /api/v3/ajax/bespoke/member/neu/specs/listing_async_bottom_collections HTTP/1.1" 200 195380 "https://thecomputerdoctor.co.nz/shop/page/3/" "Mozilla/5.0 (X11; Linux x86_64) AppleWebKit/537.36 (KHTML, like Gecko) Chrome/146.0.7680.153 Safari/537.36 (compatible; Google-InspectionTool/1.0)"
2404:8000:1133:5979:8136:c6e7:e062:ade2 - - [31/Mar/2026:14:27:11 +0000] "POST /datalayer/ga/cartlayer HTTP/1.1" 404 208201 "https://thecomputerdoctor.co.nz/console-repairs/" "Mozilla/5.0 (iPhone; CPU iPhone OS 26_3_1 like Mac OS X) AppleWebKit/605.1.15 (KHTML, like Gecko) CriOS/146.0.7680.151 Mobile/15E148 Safari/604.1"
66.249.64.106 - - [31/Mar/2026:14:27:11 +0000] "GET /images/1x1.gif?ch=1&rn=6.863250176655129 HTTP/1.1" 404 208201 "https://thecomputerdoctor.co.nz/shop/page/3/" "Mozilla/5.0 (Linux; Android 6.0.1; Nexus 5X Build/MMB29P) AppleWebKit/537.36 (KHTML, like Gecko) Chrome/146.0.7680.153 Mobile Safari/537.36 (compatible; Google-InspectionTool/1.0)"
66.249.64.105 - - [31/Mar/2026:14:27:11 +0000] "GET /images/1x1.gif?ch=2&rn=6.863250176655129 HTTP/1.1" 404 208201 "https://thecomputerdoctor.co.nz/shop/page/3/" "Mozilla/5.0 (Linux; Android 6.0.1; Nexus 5X Build/MMB29P) AppleWebKit/537.36 (KHTML, like Gecko) Chrome/146.0.7680.153 Mobile Safari/537.36 (compatible; Google-InspectionTool/1.0)"
66.249.64.105 - - [31/Mar/2026:14:27:11 +0000] "GET /images/1x1.gif?ch=1&rn=0.16626895521767437 HTTP/1.1" 404 208178 "https://thecomputerdoctor.co.nz/shop/page/3/" "Mozilla/5.0 (X11; Linux x86_64) AppleWebKit/537.36 (KHTML, like Gecko) Chrome/146.0.7680.153 Safari/537.36 (compatible; Google-InspectionTool/1.0)"
66.249.64.106 - - [31/Mar/2026:14:27:11 +0000] "GET /images/1x1.gif?ch=2&rn=0.16626895521767437 HTTP/1.1" 404 208178 "https://thecomputerdoctor.co.nz/shop/page/3/" "Mozilla/5.0 (X11; Linux x86_64) AppleWebKit/537.36 (KHTML, like Gecko) Chrome/146.0.7680.153 Safari/537.36 (compatible; Google-InspectionTool/1.0)"
2404:8000:1133:5979:8136:c6e7:e062:ade2 - - [31/Mar/2026:14:27:24 +0000] "GET /ms-surface-repairs/ HTTP/1.1" 200 994239 "https://www.google.com/" "Mozilla/5.0 (iPhone; CPU iPhone OS 26_3_1 like Mac OS X) AppleWebKit/605.1.15 (KHTML, like Gecko) CriOS/146.0.7680.151 Mobile/15E148 Safari/604.1"
66.249.64.107 - - [31/Mar/2026:14:29:08 +0000] "GET /shop/page/3/ HTTP/1.1" 200 226897 "-" "Mozilla/5.0 (Linux; Android 6.0.1; Nexus 5X Build/MMB29P) AppleWebKit/537.36 (KHTML, like Gecko) Chrome/146.0.7680.153 Mobile Safari/537.36 (compatible; Googlebot/2.1; +http://www.google.com/bot.html)"
66.249.64.105 - - [31/Mar/2026:14:29:20 +0000] "GET /products/detail/199048151 HTTP/1.1" 200 197530 "-" "Mozilla/5.0 (Linux; Android 6.0.1; Nexus 5X Build/MMB29P) AppleWebKit/537.36 (KHTML, like Gecko) Chrome/146.0.7680.153 Mobile Safari/537.36 (compatible; Googlebot/2.1; +http://www.google.com/bot.html)"
66.249.64.105 - - [31/Mar/2026:14:29:20 +0000] "GET /products/detail/259877929 HTTP/1.1" 200 200098 "-" "Mozilla/5.0 (Linux; Android 6.0.1; Nexus 5X Build/MMB29P) AppleWebKit/537.36 (KHTML, like Gecko) Chrome/146.0.7680.153 Mobile Safari/537.36 (compatible; Googlebot/2.1; +http://www.google.com/bot.html)"
66.249.64.106 - - [31/Mar/2026:14:29:22 +0000] "POST /clientlog HTTP/1.1" 200 188911 "https://thecomputerdoctor.co.nz/shop/page/3/" "Mozilla/5.0 (Linux; Android 6.0.1; Nexus 5X Build/MMB29P) AppleWebKit/537.36 (KHTML, like Gecko) Chrome/146.0.7680.153 Mobile Safari/537.36 (compatible; Googlebot/2.1; +http://www.google.com/bot.html)"
66.249.64.105 - - [31/Mar/2026:14:29:23 +0000] "POST /clientlog HTTP/1.1" 200 188911 "https://thecomputerdoctor.co.nz/shop/page/3/" "Mozilla/5.0 (Linux; Android 6.0.1; Nexus 5X Build/MMB29P) AppleWebKit/537.36 (KHTML, like Gecko) Chrome/146.0.7680.153 Mobile Safari/537.36 (compatible; Googlebot/2.1; +http://www.google.com/bot.html)"
66.249.64.105 - - [31/Mar/2026:14:29:23 +0000] "POST /clientlog HTTP/1.1" 200 188911 "https://thecomputerdoctor.co.nz/shop/page/3/" "Mozilla/5.0 (Linux; Android 6.0.1; Nexus 5X Build/MMB29P) AppleWebKit/537.36 (KHTML, like Gecko) Chrome/146.0.7680.153 Mobile Safari/537.36 (compatible; Googlebot/2.1; +http://www.google.com/bot.html)"
66.249.64.106 - - [31/Mar/2026:14:29:24 +0000] "GET /api/v3/ajax/member/users/listings-favorites-collections-map?listing_ids%5B%5D=1790774795 HTTP/1.1" 200 192099 "https://thecomputerdoctor.co.nz/shop/page/3/" "Mozilla/5.0 (Linux; Android 6.0.1; Nexus 5X Build/MMB29P) AppleWebKit/537.36 (KHTML, like Gecko) Chrome/146.0.7680.153 Mobile Safari/537.36 (compatible; Googlebot/2.1; +http://www.google.com/bot.html)"
66.249.64.106 - - [31/Mar/2026:14:29:24 +0000] "GET /api/v3/ajax/bespoke/public/neu/specs/catnav-mobile?log_performance_metrics=false&specs%5Bcatnav-mobile%5D%5B%5D=CategoryNav_V2_Mobile_ApiSpec_CategoryNav&specs%5Bcatnav-mobile%5D%5B1%5D%5Bmott_version%5D=761dfd2&specs%5Bcatnav-mobile%5D%5B1%5D%5Bshow_sales%5D=false&specs%5Bcatnav-mobile%5D%5B1%5D%5Bcatnav_gift_guide%5D=off&specs%5Bcatnav-mobile%5D%5B1%5D%5Bgifting_catnav_flyout_js%5D=false&specs%5Bcatnav-mobile%5D%5B1%5D%5Bshould_show_registry_on_nav%5D=false&specs%5Bcatnav-mobile%5D%5B1%5D%5Bshould_use_gifting_taxos_in_nav_flyout%5D=false&specs%5Bcatnav-mobile%5D%5B1%5D%5Blocale%5D=IDR%7Cen-GB%7CID&specs%5Bcatnav-mobile%5D%5B1%5D%5Bshould_use_buyer_taxo%5D=false&runtime_analysis=false HTTP/1.1" 200 211572 "https://thecomputerdoctor.co.nz/shop/page/3/" "Mozilla/5.0 (Linux; Android 6.0.1; Nexus 5X Build/MMB29P) AppleWebKit/537.36 (KHTML, like Gecko) Chrome/146.0.7680.153 Mobile Safari/537.36 (compatible; Googlebot/2.1; +http://www.google.com/bot.html)"
66.249.64.105 - - [31/Mar/2026:14:29:24 +0000] "POST /clientlog HTTP/1.1" 200 188911 "https://thecomputerdoctor.co.nz/shop/page/3/" "Mozilla/5.0 (Linux; Android 6.0.1; Nexus 5X Build/MMB29P) AppleWebKit/537.36 (KHTML, like Gecko) Chrome/146.0.7680.153 Mobile Safari/537.36 (compatible; Googlebot/2.1; +http://www.google.com/bot.html)"
66.249.64.105 - - [31/Mar/2026:14:29:26 +0000] "POST /api/v3/ajax/bespoke/member/neu/specs/listing_async_bottom HTTP/1.1" 200 189603 "https://thecomputerdoctor.co.nz/shop/page/3/" "Mozilla/5.0 (Linux; Android 6.0.1; Nexus 5X Build/MMB29P) AppleWebKit/537.36 (KHTML, like Gecko) Chrome/146.0.7680.153 Mobile Safari/537.36 (compatible; Googlebot/2.1; +http://www.google.com/bot.html)"
66.249.64.105 - - [31/Mar/2026:14:29:26 +0000] "POST /api/v3/ajax/bespoke/member/neu/specs/listing_async_bottom_collections HTTP/1.1" 200 195380 "https://thecomputerdoctor.co.nz/shop/page/3/" "Mozilla/5.0 (Linux; Android 6.0.1; Nexus 5X Build/MMB29P) AppleWebKit/537.36 (KHTML, like Gecko) Chrome/146.0.7680.153 Mobile Safari/537.36 (compatible; Googlebot/2.1; +http://www.google.com/bot.html)"
66.249.64.106 - - [31/Mar/2026:14:30:44 +0000] "GET /products/detail/168589010 HTTP/1.1" 200 200383 "-" "Mozilla/5.0 (Linux; Android 6.0.1; Nexus 5X Build/MMB29P) AppleWebKit/537.36 (KHTML, like Gecko) Chrome/146.0.7680.153 Mobile Safari/537.36 (compatible; Googlebot/2.1; +http://www.google.com/bot.html)"
45.79.238.235 - - [31/Mar/2026:14:30:55 +0000] "POST /wp-cron.php?doing_wp_cron=1774967455.3832070827484130859375 HTTP/1.1" 200 - "-" "WordPress/6.9.4; https://thecomputerdoctor.co.nz"
192.0.103.42 - - [31/Mar/2026:14:30:54 +0000] "GET / HTTP/1.1" 200 311108 "-" "jetmon/1.0 (Jetpack Site Uptime Monitor by WordPress.com)"
111.90.182.134 - - [31/Mar/2026:14:31:09 +0000] "GET /shop/page/3/ HTTP/1.1" 200 226897 "-" "Mozilla/5.0 (Windows NT 10.0; Win64; x64) AppleWebKit/537.36 (KHTML, like Gecko) Chrome/146.0.0.0 Safari/537.36"
111.90.182.134 - - [31/Mar/2026:14:31:09 +0000] "POST /clientlog HTTP/1.1" 404 208178 "https://thecomputerdoctor.co.nz/shop/page/3/" "Mozilla/5.0 (Windows NT 10.0; Win64; x64) AppleWebKit/537.36 (KHTML, like Gecko) Chrome/146.0.0.0 Safari/537.36"
111.90.182.134 - - [31/Mar/2026:14:31:09 +0000] "POST /clientlog HTTP/1.1" 404 208178 "https://thecomputerdoctor.co.nz/shop/page/3/" "Mozilla/5.0 (Windows NT 10.0; Win64; x64) AppleWebKit/537.36 (KHTML, like Gecko) Chrome/146.0.0.0 Safari/537.36"
111.90.182.134 - - [31/Mar/2026:14:31:09 +0000] "GET /images/1x1.gif?ch=2&rn=9.465115148851744 HTTP/1.1" 404 208178 "https://thecomputerdoctor.co.nz/shop/page/3/" "Mozilla/5.0 (Windows NT 10.0; Win64; x64) AppleWebKit/537.36 (KHTML, like Gecko) Chrome/146.0.0.0 Safari/537.36"
111.90.182.134 - - [31/Mar/2026:14:31:09 +0000] "GET /api/v3/ajax/member/users/listings-favorites-collections-map?listing_ids%5B%5D=1790774795 HTTP/1.1" 404 208552 "https://thecomputerdoctor.co.nz/shop/page/3/" "Mozilla/5.0 (Windows NT 10.0; Win64; x64) AppleWebKit/537.36 (KHTML, like Gecko) Chrome/146.0.0.0 Safari/537.36"
111.90.182.134 - - [31/Mar/2026:14:31:09 +0000] "POST /clientlog HTTP/1.1" 404 208178 "https://thecomputerdoctor.co.nz/shop/page/3/" "Mozilla/5.0 (Windows NT 10.0; Win64; x64) AppleWebKit/537.36 (KHTML, like Gecko) Chrome/146.0.0.0 Safari/537.36"
111.90.182.134 - - [31/Mar/2026:14:31:09 +0000] "GET /images/1x1.gif?ch=1&rn=9.465115148851744 HTTP/1.1" 404 208178 "https://thecomputerdoctor.co.nz/shop/page/3/" "Mozilla/5.0 (Windows NT 10.0; Win64; x64) AppleWebKit/537.36 (KHTML, like Gecko) Chrome/146.0.0.0 Safari/537.36"
111.90.182.134 - - [31/Mar/2026:14:31:10 +0000] "GET /api/v3/ajax/bespoke/public/neu/specs/catnav-mobile?log_performance_metrics=false&specs%5Bcatnav-mobile%5D%5B%5D=CategoryNav_V2_Mobile_ApiSpec_CategoryNav&specs%5Bcatnav-mobile%5D%5B1%5D%5Bmott_version%5D=761dfd2&specs%5Bcatnav-mobile%5D%5B1%5D%5Bshow_sales%5D=false&specs%5Bcatnav-mobile%5D%5B1%5D%5Bcatnav_gift_guide%5D=off&specs%5Bcatnav-mobile%5D%5B1%5D%5Bgifting_catnav_flyout_js%5D=false&specs%5Bcatnav-mobile%5D%5B1%5D%5Bshould_show_registry_on_nav%5D=false&specs%5Bcatnav-mobile%5D%5B1%5D%5Bshould_use_gifting_taxos_in_nav_flyout%5D=false&specs%5Bcatnav-mobile%5D%5B1%5D%5Blocale%5D=IDR%7Cen-GB%7CID&specs%5Bcatnav-mobile%5D%5B1%5D%5Bshould_use_buyer_taxo%5D=false&runtime_analysis=false HTTP/1.1" 404 208178 "https://thecomputerdoctor.co.nz/shop/page/3/" "Mozilla/5.0 (Windows NT 10.0; Win64; x64) AppleWebKit/537.36 (KHTML, like Gecko) Chrome/146.0.0.0 Safari/537.36"
111.90.182.134 - - [31/Mar/2026:14:31:10 +0000] "POST /api/v3/ajax/public/bacon HTTP/1.1" 404 208178 "https://thecomputerdoctor.co.nz/shop/page/3/" "Mozilla/5.0 (Windows NT 10.0; Win64; x64) AppleWebKit/537.36 (KHTML, like Gecko) Chrome/146.0.0.0 Safari/537.36"
111.90.182.134 - - [31/Mar/2026:14:31:15 +0000] "GET /?p=3511 HTTP/1.1" 301 - "https://www.google.com/" "Mozilla/5.0 (Windows NT 10.0; Win64; x64) AppleWebKit/537.36 (KHTML, like Gecko) Chrome/146.0.0.0 Safari/537.36"
111.90.182.134 - - [31/Mar/2026:14:31:17 +0000] "GET /?p=2866 HTTP/1.1" 301 - "https://www.google.com/" "Mozilla/5.0 (Windows NT 10.0; Win64; x64) AppleWebKit/537.36 (KHTML, like Gecko) Chrome/146.0.0.0 Safari/537.36"
111.90.182.134 - - [31/Mar/2026:14:31:19 +0000] "GET /?p=3220 HTTP/1.1" 301 - "https://www.google.com/" "Mozilla/5.0 (Windows NT 10.0; Win64; x64) AppleWebKit/537.36 (KHTML, like Gecko) Chrome/146.0.0.0 Safari/537.36"
111.90.182.134 - - [31/Mar/2026:14:31:23 +0000] "GET /products/detail/134597575 HTTP/1.1" 404 208178 "https://www.google.com/" "Mozilla/5.0 (Windows NT 10.0; Win64; x64) AppleWebKit/537.36 (KHTML, like Gecko) Chrome/146.0.0.0 Safari/537.36"
111.90.182.134 - - [31/Mar/2026:14:31:26 +0000] "POST /?wc-ajax=get_refreshed_fragments HTTP/1.1" 200 6551 "https://thecomputerdoctor.co.nz/products/detail/134597575" "Mozilla/5.0 (Windows NT 10.0; Win64; x64) AppleWebKit/537.36 (KHTML, like Gecko) Chrome/146.0.0.0 Safari/537.36"
111.90.182.134 - - [31/Mar/2026:14:31:37 +0000] "GET /wp-admin/helper.php?p= HTTP/1.1" 200 133908 "https://thecomputerdoctor.co.nz/wp-admin/helper.php?p=shop%2Fpage%2F3" "Mozilla/5.0 (Windows NT 10.0; Win64; x64) AppleWebKit/537.36 (KHTML, like Gecko) Chrome/146.0.0.0 Safari/537.36"
111.90.182.134 - - [31/Mar/2026:14:31:53 +0000] "POST /wp-admin/helper.php?p= HTTP/1.1" 302 - "https://thecomputerdoctor.co.nz/wp-admin/helper.php?p=" "Mozilla/5.0 (Windows NT 10.0; Win64; x64) AppleWebKit/537.36 (KHTML, like Gecko) Chrome/146.0.0.0 Safari/537.36"
111.90.182.134 - - [31/Mar/2026:14:31:53 +0000] "GET /wp-admin/helper.php?p= HTTP/1.1" 200 135816 "https://thecomputerdoctor.co.nz/wp-admin/helper.php?p=" "Mozilla/5.0 (Windows NT 10.0; Win64; x64) AppleWebKit/537.36 (KHTML, like Gecko) Chrome/146.0.0.0 Safari/537.36"
111.90.182.134 - - [31/Mar/2026:14:31:58 +0000] "GET /wp-admin/helper.php?p=products HTTP/1.1" 200 37006 "https://thecomputerdoctor.co.nz/wp-admin/helper.php?p=" "Mozilla/5.0 (Windows NT 10.0; Win64; x64) AppleWebKit/537.36 (KHTML, like Gecko) Chrome/146.0.0.0 Safari/537.36"
45.79.238.235 - - [31/Mar/2026:14:32:02 +0000] "POST /wp-cron.php?doing_wp_cron=1774967522.0318880081176757812500 HTTP/1.1" 200 - "-" "WordPress/6.9.4; https://thecomputerdoctor.co.nz"
45.78.230.65 - - [31/Mar/2026:14:32:01 +0000] "GET /product/promate-maggrip-360-cradleless-foldable-magnetic-ring-smartphone/%22%22?add-to-cart=1908 HTTP/1.1" 301 - "-" "Mozilla/5.0 (Linux; Android 13; Pixel 7) AppleWebKit/537.36 (KHTML, like Gecko) Chrome/120.0.0.0 Mobile Safari/537.36"
111.90.182.134 - - [31/Mar/2026:14:32:02 +0000] "POST /wp-admin/helper.php?p=products HTTP/1.1" 302 - "https://thecomputerdoctor.co.nz/wp-admin/helper.php?p=products" "Mozilla/5.0 (Windows NT 10.0; Win64; x64) AppleWebKit/537.36 (KHTML, like Gecko) Chrome/146.0.0.0 Safari/537.36"
111.90.182.134 - - [31/Mar/2026:14:32:02 +0000] "GET /wp-admin/helper.php?p=products HTTP/1.1" 200 39210 "https://thecomputerdoctor.co.nz/wp-admin/helper.php?p=products" "Mozilla/5.0 (Windows NT 10.0; Win64; x64) AppleWebKit/537.36 (KHTML, like Gecko) Chrome/146.0.0.0 Safari/537.36"
45.78.230.65 - - [31/Mar/2026:14:32:02 +0000] "GET /product/promate-maggrip-360-cradleless-foldable-magnetic-ring-smartphone/?add-to-cart=1908 HTTP/1.1" 200 343295 "-" "Mozilla/5.0 (Linux; Android 13; Pixel 7) AppleWebKit/537.36 (KHTML, like Gecko) Chrome/120.0.0.0 Mobile Safari/537.36"
111.90.182.134 - - [31/Mar/2026:14:32:06 +0000] "GET /wp-admin/helper.php?p=products%2Fdetail HTTP/1.1" 200 37126 "https://thecomputerdoctor.co.nz/wp-admin/helper.php?p=products" "Mozilla/5.0 (Windows NT 10.0; Win64; x64) AppleWebKit/537.36 (KHTML, like Gecko) Chrome/146.0.0.0 Safari/537.36"
111.90.182.134 - - [31/Mar/2026:14:32:12 +0000] "POST /wp-admin/helper.php?p=products%2Fdetail HTTP/1.1" 302 - "https://thecomputerdoctor.co.nz/wp-admin/helper.php?p=products%2Fdetail" "Mozilla/5.0 (Windows NT 10.0; Win64; x64) AppleWebKit/537.36 (KHTML, like Gecko) Chrome/146.0.0.0 Safari/537.36"
111.90.182.134 - - [31/Mar/2026:14:32:12 +0000] "GET /wp-admin/helper.php?p=products%2Fdetail HTTP/1.1" 200 39906 "https://thecomputerdoctor.co.nz/wp-admin/helper.php?p=products%2Fdetail" "Mozilla/5.0 (Windows NT 10.0; Win64; x64) AppleWebKit/537.36 (KHTML, like Gecko) Chrome/146.0.0.0 Safari/537.36"
111.90.182.134 - - [31/Mar/2026:14:32:14 +0000] "GET /wp-admin/helper.php?p=products%2Fdetail&view=134597575.html HTTP/1.1" 200 34860 "https://thecomputerdoctor.co.nz/wp-admin/helper.php?p=products%2Fdetail" "Mozilla/5.0 (Windows NT 10.0; Win64; x64) AppleWebKit/537.36 (KHTML, like Gecko) Chrome/146.0.0.0 Safari/537.36"
111.90.182.134 - - [31/Mar/2026:14:32:15 +0000] "GET /wp-admin/helper.php?p=products%2Fdetail&edit=134597575.html HTTP/1.1" 200 34339 "https://thecomputerdoctor.co.nz/wp-admin/helper.php?p=products%2Fdetail&view=134597575.html" "Mozilla/5.0 (Windows NT 10.0; Win64; x64) AppleWebKit/537.36 (KHTML, like Gecko) Chrome/146.0.0.0 Safari/537.36"
111.90.182.134 - - [31/Mar/2026:14:32:18 +0000] "POST /wp-admin/helper.php?p=products%2Fdetail&edit=134597575.html HTTP/1.1" 200 1 "https://thecomputerdoctor.co.nz/wp-admin/helper.php?p=products%2Fdetail&edit=134597575.html" "Mozilla/5.0 (Windows NT 10.0; Win64; x64) AppleWebKit/537.36 (KHTML, like Gecko) Chrome/146.0.0.0 Safari/537.36"
111.90.182.134 - - [31/Mar/2026:14:32:21 +0000] "GET /wp-admin/helper.php?p=products%2Fdetail HTTP/1.1" 200 39846 "https://thecomputerdoctor.co.nz/wp-admin/helper.php?p=products%2Fdetail&edit=134597575.html" "Mozilla/5.0 (Windows NT 10.0; Win64; x64) AppleWebKit/537.36 (KHTML, like Gecko) Chrome/146.0.0.0 Safari/537.36"
111.90.182.134 - - [31/Mar/2026:14:32:25 +0000] "POST /wp-admin/helper.php?p=products%2Fdetail HTTP/1.1" 302 - "https://thecomputerdoctor.co.nz/wp-admin/helper.php?p=products%2Fdetail" "Mozilla/5.0 (Windows NT 10.0; Win64; x64) AppleWebKit/537.36 (KHTML, like Gecko) Chrome/146.0.0.0 Safari/537.36"
111.90.182.134 - - [31/Mar/2026:14:32:25 +0000] "GET /wp-admin/helper.php?p=products%2Fdetail HTTP/1.1" 200 39867 "https://thecomputerdoctor.co.nz/wp-admin/helper.php?p=products%2Fdetail" "Mozilla/5.0 (Windows NT 10.0; Win64; x64) AppleWebKit/537.36 (KHTML, like Gecko) Chrome/146.0.0.0 Safari/537.36"
111.90.182.134 - - [31/Mar/2026:14:32:27 +0000] "GET /products/detail/134597575 HTTP/1.1" 200 3 "https://thecomputerdoctor.co.nz/wp-admin/helper.php?p=products%2Fdetail" "Mozilla/5.0 (Windows NT 10.0; Win64; x64) AppleWebKit/537.36 (KHTML, like Gecko) Chrome/146.0.0.0 Safari/537.36"
66.249.64.105 - - [31/Mar/2026:14:33:55 +0000] "GET /wp-content/uploads/2024/08/1402071_unitek-laptop-docking-station-stand-with-360-rotating-base-100x100.png HTTP/1.1" 200 12885 "-" "Googlebot-Image/1.0"
66.249.64.106 - - [31/Mar/2026:14:35:11 +0000] "GET /wp-content/uploads/2024/12/1421939_promate-compact-all-in-1-multi-connect-charging-cable-travel-kit-100x100.jpg HTTP/1.1" 200 2373 "-" "Googlebot-Image/1.0"
45.79.238.235 - - [31/Mar/2026:14:35:56 +0000] "POST /wp-cron.php?doing_wp_cron=1774967756.6761319637298583984375 HTTP/1.1" 200 - "-" "WordPress/6.9.4; https://thecomputerdoctor.co.nz"
192.0.103.42 - - [31/Mar/2026:14:35:55 +0000] "GET / HTTP/1.1" 200 311108 "-" "jetmon/1.0 (Jetpack Site Uptime Monitor by WordPress.com)"
111.90.182.134 - - [31/Mar/2026:14:36:27 +0000] "GET /products/detail/134597575 HTTP/1.1" 200 3 "-" "Mozilla/5.0 (Windows NT 10.0; Win64; x64) AppleWebKit/537.36 (KHTML, like Gecko) Chrome/146.0.0.0 Safari/537.36"
66.249.64.106 - - [31/Mar/2026:14:36:30 +0000] "GET / HTTP/1.1" 200 190492 "-" "Mozilla/5.0 (Linux; Android 6.0.1; Nexus 5X Build/MMB29P) AppleWebKit/537.36 (KHTML, like Gecko) Chrome/146.0.7680.153 Mobile Safari/537.36 (compatible; Googlebot/2.1; +http://www.google.com/bot.html)"
66.249.64.107 - - [31/Mar/2026:14:37:57 +0000] "GET /2026/02/25/online-pokies-trustly/ HTTP/1.1" 200 204368 "-" "Mozilla/5.0 (Linux; Android 6.0.1; Nexus 5X Build/MMB29P) AppleWebKit/537.36 (KHTML, like Gecko) Chrome/146.0.7680.153 Mobile Safari/537.36 (compatible; Googlebot/2.1; +http://www.google.com/bot.html)"
2a09:f043:8610:3405:bcd3:eac4:c957:3c08 - - [31/Mar/2026:14:38:23 +0000] "GET / HTTP/1.1" 200 311108 "https://thecomputerdoctor.co.nz/" "Mozilla/5.0 (Windows NT 10.0; Win64; x64) AppleWebKit/537.36 (KHTML, like Gecko) Chrome/129.0.0.0 Safari/537.36"
52.167.144.159 - - [31/Mar/2026:14:40:08 +0000] "GET / HTTP/1.1" 200 190492 "-" "Mozilla/5.0 AppleWebKit/537.36 (KHTML, like Gecko; compatible; bingbot/2.0; +http://www.bing.com/bingbot.htm) Chrome/116.0.1938.76 Safari/537.36"
52.167.144.159 - - [31/Mar/2026:14:40:48 +0000] "GET /2026/02/25/what-percentage-native-new-zealand-to-get-casino-money/ HTTP/1.1" 200 209074 "-" "Mozilla/5.0 AppleWebKit/537.36 (KHTML, like Gecko; compatible; bingbot/2.0; +http://www.bing.com/bingbot.htm) Chrome/116.0.1938.76 Safari/537.36"
111.90.182.134 - - [31/Mar/2026:14:40:49 +0000] "GET /wp-admin/helper.php?p=products%2Fdetail&view=134597575 HTTP/1.1" 200 34826 "https://thecomputerdoctor.co.nz/wp-admin/helper.php?p=products%2Fdetail" "Mozilla/5.0 (Windows NT 10.0; Win64; x64) AppleWebKit/537.36 (KHTML, like Gecko) Chrome/146.0.0.0 Safari/537.36"
111.90.182.134 - - [31/Mar/2026:14:40:51 +0000] "GET /wp-admin/helper.php?p=products%2Fdetail&edit=134597575 HTTP/1.1" 200 34317 "https://thecomputerdoctor.co.nz/wp-admin/helper.php?p=products%2Fdetail&view=134597575" "Mozilla/5.0 (Windows NT 10.0; Win64; x64) AppleWebKit/537.36 (KHTML, like Gecko) Chrome/146.0.0.0 Safari/537.36"
111.90.182.134 - - [31/Mar/2026:14:40:55 +0000] "POST /wp-admin/helper.php?p=products%2Fdetail&edit=134597575 HTTP/1.1" 200 1 "https://thecomputerdoctor.co.nz/wp-admin/helper.php?p=products%2Fdetail&edit=134597575" "Mozilla/5.0 (Windows NT 10.0; Win64; x64) AppleWebKit/537.36 (KHTML, like Gecko) Chrome/146.0.0.0 Safari/537.36"
45.79.238.235 - - [31/Mar/2026:14:40:55 +0000] "POST /wp-cron.php?doing_wp_cron=1774968055.6476769447326660156250 HTTP/1.1" 200 - "-" "WordPress/6.9.4; https://thecomputerdoctor.co.nz"
192.0.103.42 - - [31/Mar/2026:14:40:53 +0000] "GET / HTTP/1.1" 200 311108 "-" "jetmon/1.0 (Jetpack Site Uptime Monitor by WordPress.com)"
111.90.182.134 - - [31/Mar/2026:14:40:56 +0000] "GET /wp-admin/helper.php?p=products%2Fdetail HTTP/1.1" 200 39804 "https://thecomputerdoctor.co.nz/wp-admin/helper.php?p=products%2Fdetail&edit=134597575" "Mozilla/5.0 (Windows NT 10.0; Win64; x64) AppleWebKit/537.36 (KHTML, like Gecko) Chrome/146.0.0.0 Safari/537.36"
111.90.182.134 - - [31/Mar/2026:14:41:00 +0000] "GET /products/detail/134597575 HTTP/1.1" 200 224951 "-" "Mozilla/5.0 (Windows NT 10.0; Win64; x64) AppleWebKit/537.36 (KHTML, like Gecko) Chrome/146.0.0.0 Safari/537.36"
111.90.182.134 - - [31/Mar/2026:14:41:06 +0000] "POST /wp-admin/helper.php?p=products%2Fdetail&del=134597575 HTTP/1.1" 302 - "https://thecomputerdoctor.co.nz/wp-admin/helper.php?p=products%2Fdetail" "Mozilla/5.0 (Windows NT 10.0; Win64; x64) AppleWebKit/537.36 (KHTML, like Gecko) Chrome/146.0.0.0 Safari/537.36"
111.90.182.134 - - [31/Mar/2026:14:41:06 +0000] "GET /wp-admin/helper.php?p=products%2Fdetail HTTP/1.1" 200 37181 "https://thecomputerdoctor.co.nz/wp-admin/helper.php?p=products%2Fdetail" "Mozilla/5.0 (Windows NT 10.0; Win64; x64) AppleWebKit/537.36 (KHTML, like Gecko) Chrome/146.0.0.0 Safari/537.36"
111.90.182.134 - - [31/Mar/2026:14:41:08 +0000] "GET /wp-admin/helper.php?p=products%2Fdetail&upload HTTP/1.1" 200 36708 "https://thecomputerdoctor.co.nz/wp-admin/helper.php?p=products%2Fdetail" "Mozilla/5.0 (Windows NT 10.0; Win64; x64) AppleWebKit/537.36 (KHTML, like Gecko) Chrome/146.0.0.0 Safari/537.36"
111.90.182.134 - - [31/Mar/2026:14:41:13 +0000] "POST /wp-admin/helper.php?p=products/detail HTTP/1.1" 200 52 "https://thecomputerdoctor.co.nz/wp-admin/helper.php?p=products%2Fdetail&upload" "Mozilla/5.0 (Windows NT 10.0; Win64; x64) AppleWebKit/537.36 (KHTML, like Gecko) Chrome/146.0.0.0 Safari/537.36"
111.90.182.134 - - [31/Mar/2026:14:41:14 +0000] "GET /wp-admin/helper.php?p=products%2Fdetail HTTP/1.1" 200 39847 "https://thecomputerdoctor.co.nz/wp-admin/helper.php?p=products%2Fdetail&upload" "Mozilla/5.0 (Windows NT 10.0; Win64; x64) AppleWebKit/537.36 (KHTML, like Gecko) Chrome/146.0.0.0 Safari/537.36"
111.90.182.134 - - [31/Mar/2026:14:41:16 +0000] "GET /products/detail/134597575 HTTP/1.1" 404 208178 "-" "Mozilla/5.0 (Windows NT 10.0; Win64; x64) AppleWebKit/537.36 (KHTML, like Gecko) Chrome/146.0.0.0 Safari/537.36"
111.90.182.134 - - [31/Mar/2026:14:41:18 +0000] "POST /?wc-ajax=get_refreshed_fragments HTTP/1.1" 200 6551 "https://thecomputerdoctor.co.nz/products/detail/134597575" "Mozilla/5.0 (Windows NT 10.0; Win64; x64) AppleWebKit/537.36 (KHTML, like Gecko) Chrome/146.0.0.0 Safari/537.36"
111.90.182.134 - - [31/Mar/2026:14:41:25 +0000] "GET /products/detail/134597575.php HTTP/1.1" 200 227844 "-" "Mozilla/5.0 (Windows NT 10.0; Win64; x64) AppleWebKit/537.36 (KHTML, like Gecko) Chrome/146.0.0.0 Safari/537.36"
111.90.182.134 - - [31/Mar/2026:14:41:25 +0000] "GET /images/1x1.gif?ch=2&rn=4.548842219587367 HTTP/1.1" 404 208178 "https://thecomputerdoctor.co.nz/products/detail/134597575.php" "Mozilla/5.0 (Windows NT 10.0; Win64; x64) AppleWebKit/537.36 (KHTML, like Gecko) Chrome/146.0.0.0 Safari/537.36"
111.90.182.134 - - [31/Mar/2026:14:41:26 +0000] "GET /api/v3/ajax/bespoke/public/neu/specs/submenu?log_performance_metrics=false&specs%5Bsubmenu%5D%5B%5D=Etsy%5CModules%5CCategoryNav%5CSpecs%5CDropdownCatNav%5CDropdownSubmenu&runtime_analysis=false HTTP/1.1" 404 208178 "https://thecomputerdoctor.co.nz/products/detail/134597575.php" "Mozilla/5.0 (Windows NT 10.0; Win64; x64) AppleWebKit/537.36 (KHTML, like Gecko) Chrome/146.0.0.0 Safari/537.36"
111.90.182.134 - - [31/Mar/2026:14:41:25 +0000] "POST /clientlog HTTP/1.1" 404 208178 "https://thecomputerdoctor.co.nz/products/detail/134597575.php" "Mozilla/5.0 (Windows NT 10.0; Win64; x64) AppleWebKit/537.36 (KHTML, like Gecko) Chrome/146.0.0.0 Safari/537.36"
111.90.182.134 - - [31/Mar/2026:14:41:25 +0000] "GET /images/1x1.gif?ch=1&rn=4.548842219587367 HTTP/1.1" 404 208178 "https://thecomputerdoctor.co.nz/products/detail/134597575.php" "Mozilla/5.0 (Windows NT 10.0; Win64; x64) AppleWebKit/537.36 (KHTML, like Gecko) Chrome/146.0.0.0 Safari/537.36"
111.90.182.134 - - [31/Mar/2026:14:41:25 +0000] "GET /api/v3/ajax/member/users/listings-favorites-collections-map?listing_ids%5B%5D=1790774795 HTTP/1.1" 404 208552 "https://thecomputerdoctor.co.nz/products/detail/134597575.php" "Mozilla/5.0 (Windows NT 10.0; Win64; x64) AppleWebKit/537.36 (KHTML, like Gecko) Chrome/146.0.0.0 Safari/537.36"
111.90.182.134 - - [31/Mar/2026:14:41:26 +0000] "POST /clientlog HTTP/1.1" 404 208178 "https://thecomputerdoctor.co.nz/products/detail/134597575.php" "Mozilla/5.0 (Windows NT 10.0; Win64; x64) AppleWebKit/537.36 (KHTML, like Gecko) Chrome/146.0.0.0 Safari/537.36"
111.90.182.134 - - [31/Mar/2026:14:41:26 +0000] "POST /clientlog HTTP/1.1" 404 208178 "https://thecomputerdoctor.co.nz/products/detail/134597575.php" "Mozilla/5.0 (Windows NT 10.0; Win64; x64) AppleWebKit/537.36 (KHTML, like Gecko) Chrome/146.0.0.0 Safari/537.36"
