40.77.167.26 - - [31/Mar/2026:17:17:33 +0000] "GET /products/detail/228118262 HTTP/1.1" 200 193905 "-" "Mozilla/5.0 AppleWebKit/537.36 (KHTML, like Gecko; compatible; bingbot/2.0; +http://www.bing.com/bingbot.htm) Chrome/116.0.1938.76 Safari/537.36"
40.77.167.26 - - [31/Mar/2026:17:17:34 +0000] "GET /products/detail/249733808 HTTP/1.1" 200 198420 "-" "Mozilla/5.0 AppleWebKit/537.36 (KHTML, like Gecko; compatible; bingbot/2.0; +http://www.bing.com/bingbot.htm) Chrome/116.0.1938.76 Safari/537.36"
40.77.167.26 - - [31/Mar/2026:17:17:35 +0000] "GET /products/detail/160456505 HTTP/1.1" 200 190920 "-" "Mozilla/5.0 AppleWebKit/537.36 (KHTML, like Gecko; compatible; bingbot/2.0; +http://www.bing.com/bingbot.htm) Chrome/116.0.1938.76 Safari/537.36"
40.77.167.26 - - [31/Mar/2026:17:17:36 +0000] "GET /products/detail/208881222 HTTP/1.1" 200 200278 "-" "Mozilla/5.0 AppleWebKit/537.36 (KHTML, like Gecko; compatible; bingbot/2.0; +http://www.bing.com/bingbot.htm) Chrome/116.0.1938.76 Safari/537.36"
40.77.167.26 - - [31/Mar/2026:17:17:37 +0000] "GET /products/detail/249010181 HTTP/1.1" 200 192189 "-" "Mozilla/5.0 AppleWebKit/537.36 (KHTML, like Gecko; compatible; bingbot/2.0; +http://www.bing.com/bingbot.htm) Chrome/116.0.1938.76 Safari/537.36"
40.77.167.26 - - [31/Mar/2026:17:17:38 +0000] "GET /products/detail/141704656 HTTP/1.1" 200 192584 "-" "Mozilla/5.0 AppleWebKit/537.36 (KHTML, like Gecko; compatible; bingbot/2.0; +http://www.bing.com/bingbot.htm) Chrome/116.0.1938.76 Safari/537.36"
40.77.167.26 - - [31/Mar/2026:17:17:39 +0000] "GET /products/detail/217995303 HTTP/1.1" 200 204444 "-" "Mozilla/5.0 AppleWebKit/537.36 (KHTML, like Gecko; compatible; bingbot/2.0; +http://www.bing.com/bingbot.htm) Chrome/116.0.1938.76 Safari/537.36"
40.77.167.26 - - [31/Mar/2026:17:17:40 +0000] "GET /products/detail/182736888 HTTP/1.1" 200 196632 "-" "Mozilla/5.0 AppleWebKit/537.36 (KHTML, like Gecko; compatible; bingbot/2.0; +http://www.bing.com/bingbot.htm) Chrome/116.0.1938.76 Safari/537.36"
40.77.167.26 - - [31/Mar/2026:17:17:41 +0000] "GET /products/detail/168002545 HTTP/1.1" 200 197642 "-" "Mozilla/5.0 AppleWebKit/537.36 (KHTML, like Gecko; compatible; bingbot/2.0; +http://www.bing.com/bingbot.htm) Chrome/116.0.1938.76 Safari/537.36"
40.77.167.26 - - [31/Mar/2026:17:17:42 +0000] "GET /products/detail/200584808 HTTP/1.1" 200 190228 "-" "Mozilla/5.0 AppleWebKit/537.36 (KHTML, like Gecko; compatible; bingbot/2.0; +http://www.bing.com/bingbot.htm) Chrome/116.0.1938.76 Safari/537.36"
40.77.167.26 - - [31/Mar/2026:17:17:43 +0000] "GET /products/detail/173499636 HTTP/1.1" 200 209315 "-" "Mozilla/5.0 AppleWebKit/537.36 (KHTML, like Gecko; compatible; bingbot/2.0; +http://www.bing.com/bingbot.htm) Chrome/116.0.1938.76 Safari/537.36"
40.77.167.26 - - [31/Mar/2026:17:17:43 +0000] "GET /products/detail/215132848 HTTP/1.1" 200 193089 "-" "Mozilla/5.0 AppleWebKit/537.36 (KHTML, like Gecko; compatible; bingbot/2.0; +http://www.bing.com/bingbot.htm) Chrome/116.0.1938.76 Safari/537.36"
40.77.167.26 - - [31/Mar/2026:17:17:44 +0000] "GET /products/detail/256799464 HTTP/1.1" 200 207365 "-" "Mozilla/5.0 AppleWebKit/537.36 (KHTML, like Gecko; compatible; bingbot/2.0; +http://www.bing.com/bingbot.htm) Chrome/116.0.1938.76 Safari/537.36"
40.77.167.26 - - [31/Mar/2026:17:17:45 +0000] "GET /products/detail/190212282 HTTP/1.1" 200 192985 "-" "Mozilla/5.0 AppleWebKit/537.36 (KHTML, like Gecko; compatible; bingbot/2.0; +http://www.bing.com/bingbot.htm) Chrome/116.0.1938.76 Safari/537.36"
40.77.167.26 - - [31/Mar/2026:17:17:46 +0000] "GET /products/detail/244362585 HTTP/1.1" 200 207453 "-" "Mozilla/5.0 AppleWebKit/537.36 (KHTML, like Gecko; compatible; bingbot/2.0; +http://www.bing.com/bingbot.htm) Chrome/116.0.1938.76 Safari/537.36"
40.77.167.26 - - [31/Mar/2026:17:17:47 +0000] "GET /products/detail/220725222 HTTP/1.1" 200 219292 "-" "Mozilla/5.0 AppleWebKit/537.36 (KHTML, like Gecko; compatible; bingbot/2.0; +http://www.bing.com/bingbot.htm) Chrome/116.0.1938.76 Safari/537.36"
40.77.167.26 - - [31/Mar/2026:17:17:48 +0000] "GET /products/detail/196783181 HTTP/1.1" 200 194947 "-" "Mozilla/5.0 AppleWebKit/537.36 (KHTML, like Gecko; compatible; bingbot/2.0; +http://www.bing.com/bingbot.htm) Chrome/116.0.1938.76 Safari/537.36"
40.77.167.26 - - [31/Mar/2026:17:17:49 +0000] "GET /products/detail/196280545 HTTP/1.1" 200 189986 "-" "Mozilla/5.0 AppleWebKit/537.36 (KHTML, like Gecko; compatible; bingbot/2.0; +http://www.bing.com/bingbot.htm) Chrome/116.0.1938.76 Safari/537.36"
40.77.167.26 - - [31/Mar/2026:17:17:50 +0000] "GET /products/detail/256211080 HTTP/1.1" 200 196667 "-" "Mozilla/5.0 AppleWebKit/537.36 (KHTML, like Gecko; compatible; bingbot/2.0; +http://www.bing.com/bingbot.htm) Chrome/116.0.1938.76 Safari/537.36"
40.77.167.26 - - [31/Mar/2026:17:17:50 +0000] "GET /products/detail/230335070 HTTP/1.1" 200 213018 "-" "Mozilla/5.0 AppleWebKit/537.36 (KHTML, like Gecko; compatible; bingbot/2.0; +http://www.bing.com/bingbot.htm) Chrome/116.0.1938.76 Safari/537.36"
40.77.167.26 - - [31/Mar/2026:17:17:51 +0000] "GET /products/detail/159172646 HTTP/1.1" 200 212311 "-" "Mozilla/5.0 AppleWebKit/537.36 (KHTML, like Gecko; compatible; bingbot/2.0; +http://www.bing.com/bingbot.htm) Chrome/116.0.1938.76 Safari/537.36"
40.77.167.26 - - [31/Mar/2026:17:17:52 +0000] "GET /products/detail/202276808 HTTP/1.1" 200 191007 "-" "Mozilla/5.0 AppleWebKit/537.36 (KHTML, like Gecko; compatible; bingbot/2.0; +http://www.bing.com/bingbot.htm) Chrome/116.0.1938.76 Safari/537.36"
40.77.167.26 - - [31/Mar/2026:17:17:54 +0000] "GET /products/detail/254564434 HTTP/1.1" 200 196041 "-" "Mozilla/5.0 AppleWebKit/537.36 (KHTML, like Gecko; compatible; bingbot/2.0; +http://www.bing.com/bingbot.htm) Chrome/116.0.1938.76 Safari/537.36"
40.77.167.26 - - [31/Mar/2026:17:17:55 +0000] "GET /products/detail/178321505 HTTP/1.1" 200 189684 "-" "Mozilla/5.0 AppleWebKit/537.36 (KHTML, like Gecko; compatible; bingbot/2.0; +http://www.bing.com/bingbot.htm) Chrome/116.0.1938.76 Safari/537.36"
40.77.167.26 - - [31/Mar/2026:17:17:58 +0000] "GET /products/detail/273135717 HTTP/1.1" 200 197514 "-" "Mozilla/5.0 AppleWebKit/537.36 (KHTML, like Gecko; compatible; bingbot/2.0; +http://www.bing.com/bingbot.htm) Chrome/116.0.1938.76 Safari/537.36"
40.77.167.26 - - [31/Mar/2026:17:17:59 +0000] "GET /products/detail/194790252 HTTP/1.1" 200 196708 "-" "Mozilla/5.0 AppleWebKit/537.36 (KHTML, like Gecko; compatible; bingbot/2.0; +http://www.bing.com/bingbot.htm) Chrome/116.0.1938.76 Safari/537.36"
40.77.167.26 - - [31/Mar/2026:17:18:00 +0000] "GET /products/detail/189993363 HTTP/1.1" 200 216725 "-" "Mozilla/5.0 AppleWebKit/537.36 (KHTML, like Gecko; compatible; bingbot/2.0; +http://www.bing.com/bingbot.htm) Chrome/116.0.1938.76 Safari/537.36"
40.77.167.26 - - [31/Mar/2026:17:18:01 +0000] "GET /products/detail/200579272 HTTP/1.1" 200 205304 "-" "Mozilla/5.0 AppleWebKit/537.36 (KHTML, like Gecko; compatible; bingbot/2.0; +http://www.bing.com/bingbot.htm) Chrome/116.0.1938.76 Safari/537.36"
40.77.167.26 - - [31/Mar/2026:17:18:02 +0000] "GET /products/detail/188317010 HTTP/1.1" 200 206835 "-" "Mozilla/5.0 AppleWebKit/537.36 (KHTML, like Gecko; compatible; bingbot/2.0; +http://www.bing.com/bingbot.htm) Chrome/116.0.1938.76 Safari/537.36"
40.77.167.26 - - [31/Mar/2026:17:18:03 +0000] "GET /products/detail/185639848 HTTP/1.1" 200 199793 "-" "Mozilla/5.0 AppleWebKit/537.36 (KHTML, like Gecko; compatible; bingbot/2.0; +http://www.bing.com/bingbot.htm) Chrome/116.0.1938.76 Safari/537.36"
40.77.167.26 - - [31/Mar/2026:17:18:04 +0000] "GET /products/detail/230440838 HTTP/1.1" 200 196046 "-" "Mozilla/5.0 AppleWebKit/537.36 (KHTML, like Gecko; compatible; bingbot/2.0; +http://www.bing.com/bingbot.htm) Chrome/116.0.1938.76 Safari/537.36"
40.77.167.26 - - [31/Mar/2026:17:18:04 +0000] "GET /products/detail/278870383 HTTP/1.1" 200 196297 "-" "Mozilla/5.0 AppleWebKit/537.36 (KHTML, like Gecko; compatible; bingbot/2.0; +http://www.bing.com/bingbot.htm) Chrome/116.0.1938.76 Safari/537.36"
40.77.167.26 - - [31/Mar/2026:17:18:05 +0000] "GET /products/detail/227881454 HTTP/1.1" 200 195873 "-" "Mozilla/5.0 AppleWebKit/537.36 (KHTML, like Gecko; compatible; bingbot/2.0; +http://www.bing.com/bingbot.htm) Chrome/116.0.1938.76 Safari/537.36"
40.77.167.26 - - [31/Mar/2026:17:18:06 +0000] "GET /products/detail/163639121 HTTP/1.1" 200 191537 "-" "Mozilla/5.0 AppleWebKit/537.36 (KHTML, like Gecko; compatible; bingbot/2.0; +http://www.bing.com/bingbot.htm) Chrome/116.0.1938.76 Safari/537.36"
40.77.167.26 - - [31/Mar/2026:17:18:07 +0000] "GET /products/detail/229929969 HTTP/1.1" 200 195308 "-" "Mozilla/5.0 AppleWebKit/537.36 (KHTML, like Gecko; compatible; bingbot/2.0; +http://www.bing.com/bingbot.htm) Chrome/116.0.1938.76 Safari/537.36"
40.77.167.26 - - [31/Mar/2026:17:18:08 +0000] "GET /products/detail/181356636 HTTP/1.1" 200 198080 "-" "Mozilla/5.0 AppleWebKit/537.36 (KHTML, like Gecko; compatible; bingbot/2.0; +http://www.bing.com/bingbot.htm) Chrome/116.0.1938.76 Safari/537.36"
40.77.167.26 - - [31/Mar/2026:17:18:09 +0000] "GET /products/detail/199814383 HTTP/1.1" 200 190584 "-" "Mozilla/5.0 AppleWebKit/537.36 (KHTML, like Gecko; compatible; bingbot/2.0; +http://www.bing.com/bingbot.htm) Chrome/116.0.1938.76 Safari/537.36"
40.77.167.26 - - [31/Mar/2026:17:18:10 +0000] "GET /products/detail/281574777 HTTP/1.1" 200 203033 "-" "Mozilla/5.0 AppleWebKit/537.36 (KHTML, like Gecko; compatible; bingbot/2.0; +http://www.bing.com/bingbot.htm) Chrome/116.0.1938.76 Safari/537.36"
40.77.167.26 - - [31/Mar/2026:17:18:11 +0000] "GET /products/detail/206711656 HTTP/1.1" 200 204751 "-" "Mozilla/5.0 AppleWebKit/537.36 (KHTML, like Gecko; compatible; bingbot/2.0; +http://www.bing.com/bingbot.htm) Chrome/116.0.1938.76 Safari/537.36"
40.77.167.26 - - [31/Mar/2026:17:18:12 +0000] "GET /products/detail/196341060 HTTP/1.1" 200 198210 "-" "Mozilla/5.0 AppleWebKit/537.36 (KHTML, like Gecko; compatible; bingbot/2.0; +http://www.bing.com/bingbot.htm) Chrome/116.0.1938.76 Safari/537.36"
40.77.167.26 - - [31/Mar/2026:17:18:12 +0000] "GET /products/detail/284048767 HTTP/1.1" 200 201722 "-" "Mozilla/5.0 AppleWebKit/537.36 (KHTML, like Gecko; compatible; bingbot/2.0; +http://www.bing.com/bingbot.htm) Chrome/116.0.1938.76 Safari/537.36"
40.77.167.26 - - [31/Mar/2026:17:18:14 +0000] "GET /products/detail/176595969 HTTP/1.1" 200 199787 "-" "Mozilla/5.0 AppleWebKit/537.36 (KHTML, like Gecko; compatible; bingbot/2.0; +http://www.bing.com/bingbot.htm) Chrome/116.0.1938.76 Safari/537.36"
40.77.167.26 - - [31/Mar/2026:17:18:14 +0000] "GET /products/detail/187935636 HTTP/1.1" 200 201906 "-" "Mozilla/5.0 AppleWebKit/537.36 (KHTML, like Gecko; compatible; bingbot/2.0; +http://www.bing.com/bingbot.htm) Chrome/116.0.1938.76 Safari/537.36"
40.77.167.26 - - [31/Mar/2026:17:18:15 +0000] "GET /products/detail/244894484 HTTP/1.1" 200 192960 "-" "Mozilla/5.0 AppleWebKit/537.36 (KHTML, like Gecko; compatible; bingbot/2.0; +http://www.bing.com/bingbot.htm) Chrome/116.0.1938.76 Safari/537.36"
40.77.167.26 - - [31/Mar/2026:17:18:16 +0000] "GET /products/detail/186078252 HTTP/1.1" 200 193672 "-" "Mozilla/5.0 AppleWebKit/537.36 (KHTML, like Gecko; compatible; bingbot/2.0; +http://www.bing.com/bingbot.htm) Chrome/116.0.1938.76 Safari/537.36"
40.77.167.26 - - [31/Mar/2026:17:18:17 +0000] "GET /products/detail/281598414 HTTP/1.1" 200 188950 "-" "Mozilla/5.0 AppleWebKit/537.36 (KHTML, like Gecko; compatible; bingbot/2.0; +http://www.bing.com/bingbot.htm) Chrome/116.0.1938.76 Safari/537.36"
40.77.167.26 - - [31/Mar/2026:17:18:18 +0000] "GET /products/detail/176053373 HTTP/1.1" 200 196461 "-" "Mozilla/5.0 AppleWebKit/537.36 (KHTML, like Gecko; compatible; bingbot/2.0; +http://www.bing.com/bingbot.htm) Chrome/116.0.1938.76 Safari/537.36"
40.77.167.26 - - [31/Mar/2026:17:18:19 +0000] "GET /products/detail/183926242 HTTP/1.1" 200 191849 "-" "Mozilla/5.0 AppleWebKit/537.36 (KHTML, like Gecko; compatible; bingbot/2.0; +http://www.bing.com/bingbot.htm) Chrome/116.0.1938.76 Safari/537.36"
40.77.167.26 - - [31/Mar/2026:17:18:20 +0000] "GET /products/detail/216680161 HTTP/1.1" 200 199046 "-" "Mozilla/5.0 AppleWebKit/537.36 (KHTML, like Gecko; compatible; bingbot/2.0; +http://www.bing.com/bingbot.htm) Chrome/116.0.1938.76 Safari/537.36"
40.77.167.26 - - [31/Mar/2026:17:18:21 +0000] "GET /products/detail/169614777 HTTP/1.1" 200 190344 "-" "Mozilla/5.0 AppleWebKit/537.36 (KHTML, like Gecko; compatible; bingbot/2.0; +http://www.bing.com/bingbot.htm) Chrome/116.0.1938.76 Safari/537.36"
40.77.167.26 - - [31/Mar/2026:17:18:22 +0000] "GET /products/detail/171950848 HTTP/1.1" 200 204785 "-" "Mozilla/5.0 AppleWebKit/537.36 (KHTML, like Gecko; compatible; bingbot/2.0; +http://www.bing.com/bingbot.htm) Chrome/116.0.1938.76 Safari/537.36"
40.77.167.26 - - [31/Mar/2026:17:18:22 +0000] "GET /products/detail/216111030 HTTP/1.1" 200 194680 "-" "Mozilla/5.0 AppleWebKit/537.36 (KHTML, like Gecko; compatible; bingbot/2.0; +http://www.bing.com/bingbot.htm) Chrome/116.0.1938.76 Safari/537.36"
40.77.167.26 - - [31/Mar/2026:17:18:23 +0000] "GET /products/detail/182387020 HTTP/1.1" 200 196398 "-" "Mozilla/5.0 AppleWebKit/537.36 (KHTML, like Gecko; compatible; bingbot/2.0; +http://www.bing.com/bingbot.htm) Chrome/116.0.1938.76 Safari/537.36"
40.77.167.26 - - [31/Mar/2026:17:18:24 +0000] "GET /products/detail/280623030 HTTP/1.1" 200 194230 "-" "Mozilla/5.0 AppleWebKit/537.36 (KHTML, like Gecko; compatible; bingbot/2.0; +http://www.bing.com/bingbot.htm) Chrome/116.0.1938.76 Safari/537.36"
40.77.167.26 - - [31/Mar/2026:17:18:28 +0000] "GET /products/detail/161332070 HTTP/1.1" 200 191783 "-" "Mozilla/5.0 AppleWebKit/537.36 (KHTML, like Gecko; compatible; bingbot/2.0; +http://www.bing.com/bingbot.htm) Chrome/116.0.1938.76 Safari/537.36"
40.77.167.26 - - [31/Mar/2026:17:18:29 +0000] "GET /products/detail/222034484 HTTP/1.1" 200 193344 "-" "Mozilla/5.0 AppleWebKit/537.36 (KHTML, like Gecko; compatible; bingbot/2.0; +http://www.bing.com/bingbot.htm) Chrome/116.0.1938.76 Safari/537.36"
40.77.167.26 - - [31/Mar/2026:17:18:30 +0000] "GET /products/detail/163885262 HTTP/1.1" 200 202199 "-" "Mozilla/5.0 AppleWebKit/537.36 (KHTML, like Gecko; compatible; bingbot/2.0; +http://www.bing.com/bingbot.htm) Chrome/116.0.1938.76 Safari/537.36"
40.77.167.26 - - [31/Mar/2026:17:18:31 +0000] "GET /products/detail/219008818 HTTP/1.1" 200 190136 "-" "Mozilla/5.0 AppleWebKit/537.36 (KHTML, like Gecko; compatible; bingbot/2.0; +http://www.bing.com/bingbot.htm) Chrome/116.0.1938.76 Safari/537.36"
40.77.167.26 - - [31/Mar/2026:17:18:32 +0000] "GET /products/detail/166051232 HTTP/1.1" 200 199589 "-" "Mozilla/5.0 AppleWebKit/537.36 (KHTML, like Gecko; compatible; bingbot/2.0; +http://www.bing.com/bingbot.htm) Chrome/116.0.1938.76 Safari/537.36"
40.77.167.26 - - [31/Mar/2026:17:18:33 +0000] "GET /products/detail/227098565 HTTP/1.1" 200 205881 "-" "Mozilla/5.0 AppleWebKit/537.36 (KHTML, like Gecko; compatible; bingbot/2.0; +http://www.bing.com/bingbot.htm) Chrome/116.0.1938.76 Safari/537.36"
40.77.167.26 - - [31/Mar/2026:17:18:34 +0000] "GET /products/detail/207167848 HTTP/1.1" 200 222103 "-" "Mozilla/5.0 AppleWebKit/537.36 (KHTML, like Gecko; compatible; bingbot/2.0; +http://www.bing.com/bingbot.htm) Chrome/116.0.1938.76 Safari/537.36"
40.77.167.26 - - [31/Mar/2026:17:18:34 +0000] "GET /products/detail/179724939 HTTP/1.1" 200 197648 "-" "Mozilla/5.0 AppleWebKit/537.36 (KHTML, like Gecko; compatible; bingbot/2.0; +http://www.bing.com/bingbot.htm) Chrome/116.0.1938.76 Safari/537.36"
40.77.167.26 - - [31/Mar/2026:17:18:35 +0000] "GET /products/detail/171543939 HTTP/1.1" 200 187636 "-" "Mozilla/5.0 AppleWebKit/537.36 (KHTML, like Gecko; compatible; bingbot/2.0; +http://www.bing.com/bingbot.htm) Chrome/116.0.1938.76 Safari/537.36"
40.77.167.26 - - [31/Mar/2026:17:18:36 +0000] "GET /products/detail/242418252 HTTP/1.1" 200 195500 "-" "Mozilla/5.0 AppleWebKit/537.36 (KHTML, like Gecko; compatible; bingbot/2.0; +http://www.bing.com/bingbot.htm) Chrome/116.0.1938.76 Safari/537.36"
40.77.167.26 - - [31/Mar/2026:17:18:37 +0000] "GET /products/detail/179343000 HTTP/1.1" 200 197694 "-" "Mozilla/5.0 AppleWebKit/537.36 (KHTML, like Gecko; compatible; bingbot/2.0; +http://www.bing.com/bingbot.htm) Chrome/116.0.1938.76 Safari/537.36"
40.77.167.26 - - [31/Mar/2026:17:18:38 +0000] "GET /products/detail/191212535 HTTP/1.1" 200 197348 "-" "Mozilla/5.0 AppleWebKit/537.36 (KHTML, like Gecko; compatible; bingbot/2.0; +http://www.bing.com/bingbot.htm) Chrome/116.0.1938.76 Safari/537.36"
66.249.64.106 - - [31/Mar/2026:17:18:39 +0000] "GET /shop/page/3/ HTTP/1.1" 200 226897 "-" "Mozilla/5.0 (Linux; Android 6.0.1; Nexus 5X Build/MMB29P) AppleWebKit/537.36 (KHTML, like Gecko) Chrome/145.0.7632.159 Mobile Safari/537.36 (compatible; Google-InspectionTool/1.0;)"
40.77.167.26 - - [31/Mar/2026:17:18:38 +0000] "GET /products/detail/216317929 HTTP/1.1" 200 190703 "-" "Mozilla/5.0 AppleWebKit/537.36 (KHTML, like Gecko; compatible; bingbot/2.0; +http://www.bing.com/bingbot.htm) Chrome/116.0.1938.76 Safari/537.36"
66.249.64.107 - - [31/Mar/2026:17:18:39 +0000] "GET /shop/page/3/ HTTP/1.1" 200 226897 "-" "Mozilla/5.0 (compatible; Google-InspectionTool/1.0;)"
40.77.167.26 - - [31/Mar/2026:17:18:39 +0000] "GET /products/detail/191548787 HTTP/1.1" 200 207075 "-" "Mozilla/5.0 AppleWebKit/537.36 (KHTML, like Gecko; compatible; bingbot/2.0; +http://www.bing.com/bingbot.htm) Chrome/116.0.1938.76 Safari/537.36"
40.77.167.26 - - [31/Mar/2026:17:18:40 +0000] "GET /products/detail/208234676 HTTP/1.1" 200 189101 "-" "Mozilla/5.0 AppleWebKit/537.36 (KHTML, like Gecko; compatible; bingbot/2.0; +http://www.bing.com/bingbot.htm) Chrome/116.0.1938.76 Safari/537.36"
66.249.64.105 - - [31/Mar/2026:17:18:40 +0000] "POST /clientlog HTTP/1.1" 200 188911 "https://thecomputerdoctor.co.nz/shop/page/3/" "Mozilla/5.0 (Linux; Android 6.0.1; Nexus 5X Build/MMB29P) AppleWebKit/537.36 (KHTML, like Gecko) Chrome/146.0.7680.153 Mobile Safari/537.36 (compatible; Google-InspectionTool/1.0)"
40.77.167.26 - - [31/Mar/2026:17:18:41 +0000] "GET /products/detail/232171535 HTTP/1.1" 200 196970 "-" "Mozilla/5.0 AppleWebKit/537.36 (KHTML, like Gecko; compatible; bingbot/2.0; +http://www.bing.com/bingbot.htm) Chrome/116.0.1938.76 Safari/537.36"
66.249.64.105 - - [31/Mar/2026:17:18:41 +0000] "POST /clientlog HTTP/1.1" 200 188911 "https://thecomputerdoctor.co.nz/shop/page/3/" "Mozilla/5.0 (Linux; Android 6.0.1; Nexus 5X Build/MMB29P) AppleWebKit/537.36 (KHTML, like Gecko) Chrome/146.0.7680.153 Mobile Safari/537.36 (compatible; Google-InspectionTool/1.0)"
40.77.167.26 - - [31/Mar/2026:17:18:42 +0000] "GET /products/detail/266978707 HTTP/1.1" 200 195167 "-" "Mozilla/5.0 AppleWebKit/537.36 (KHTML, like Gecko; compatible; bingbot/2.0; +http://www.bing.com/bingbot.htm) Chrome/116.0.1938.76 Safari/537.36"
66.249.64.106 - - [31/Mar/2026:17:18:42 +0000] "POST /clientlog HTTP/1.1" 200 188911 "https://thecomputerdoctor.co.nz/shop/page/3/" "Mozilla/5.0 (Linux; Android 6.0.1; Nexus 5X Build/MMB29P) AppleWebKit/537.36 (KHTML, like Gecko) Chrome/146.0.7680.153 Mobile Safari/537.36 (compatible; Google-InspectionTool/1.0)"
66.249.64.107 - - [31/Mar/2026:17:18:42 +0000] "GET /api/v3/ajax/member/users/listings-favorites-collections-map?listing_ids%5B%5D=1790774795 HTTP/1.1" 200 192099 "https://thecomputerdoctor.co.nz/shop/page/3/" "Mozilla/5.0 (Linux; Android 6.0.1; Nexus 5X Build/MMB29P) AppleWebKit/537.36 (KHTML, like Gecko) Chrome/146.0.7680.153 Mobile Safari/537.36 (compatible; Google-InspectionTool/1.0)"
66.249.64.107 - - [31/Mar/2026:17:18:42 +0000] "GET /api/v3/ajax/bespoke/public/neu/specs/catnav-mobile?log_performance_metrics=false&specs%5Bcatnav-mobile%5D%5B%5D=CategoryNav_V2_Mobile_ApiSpec_CategoryNav&specs%5Bcatnav-mobile%5D%5B1%5D%5Bmott_version%5D=761dfd2&specs%5Bcatnav-mobile%5D%5B1%5D%5Bshow_sales%5D=false&specs%5Bcatnav-mobile%5D%5B1%5D%5Bcatnav_gift_guide%5D=off&specs%5Bcatnav-mobile%5D%5B1%5D%5Bgifting_catnav_flyout_js%5D=false&specs%5Bcatnav-mobile%5D%5B1%5D%5Bshould_show_registry_on_nav%5D=false&specs%5Bcatnav-mobile%5D%5B1%5D%5Bshould_use_gifting_taxos_in_nav_flyout%5D=false&specs%5Bcatnav-mobile%5D%5B1%5D%5Blocale%5D=IDR%7Cen-GB%7CID&specs%5Bcatnav-mobile%5D%5B1%5D%5Bshould_use_buyer_taxo%5D=false&runtime_analysis=false HTTP/1.1" 200 211572 "https://thecomputerdoctor.co.nz/shop/page/3/" "Mozilla/5.0 (Linux; Android 6.0.1; Nexus 5X Build/MMB29P) AppleWebKit/537.36 (KHTML, like Gecko) Chrome/146.0.7680.153 Mobile Safari/537.36 (compatible; Google-InspectionTool/1.0)"
40.77.167.26 - - [31/Mar/2026:17:18:43 +0000] "GET /products/detail/162811343 HTTP/1.1" 200 197241 "-" "Mozilla/5.0 AppleWebKit/537.36 (KHTML, like Gecko; compatible; bingbot/2.0; +http://www.bing.com/bingbot.htm) Chrome/116.0.1938.76 Safari/537.36"
66.249.64.105 - - [31/Mar/2026:17:18:43 +0000] "POST /clientlog HTTP/1.1" 200 188911 "https://thecomputerdoctor.co.nz/shop/page/3/" "Mozilla/5.0 (Linux; Android 6.0.1; Nexus 5X Build/MMB29P) AppleWebKit/537.36 (KHTML, like Gecko) Chrome/146.0.7680.153 Mobile Safari/537.36 (compatible; Google-InspectionTool/1.0)"
40.77.167.26 - - [31/Mar/2026:17:18:44 +0000] "GET /products/detail/235758141 HTTP/1.1" 200 209292 "-" "Mozilla/5.0 AppleWebKit/537.36 (KHTML, like Gecko; compatible; bingbot/2.0; +http://www.bing.com/bingbot.htm) Chrome/116.0.1938.76 Safari/537.36"
45.79.238.235 - - [31/Mar/2026:17:18:44 +0000] "POST /wp-cron.php?doing_wp_cron=1774977524.7583000659942626953125 HTTP/1.1" 200 - "-" "WordPress/6.9.4; https://thecomputerdoctor.co.nz"
45.79.238.235 - - [31/Mar/2026:17:18:44 +0000] "POST /wp-cron.php?doing_wp_cron=1774977524.7764449119567871093750 HTTP/1.1" 200 - "-" "WordPress/6.9.4; https://thecomputerdoctor.co.nz"
40.77.167.26 - - [31/Mar/2026:17:18:44 +0000] "GET /products/detail/272023424 HTTP/1.1" 200 193254 "-" "Mozilla/5.0 AppleWebKit/537.36 (KHTML, like Gecko; compatible; bingbot/2.0; +http://www.bing.com/bingbot.htm) Chrome/116.0.1938.76 Safari/537.36"
66.249.64.105 - - [31/Mar/2026:17:18:42 +0000] "GET /images/1x1.gif?ch=2&rn=5.8598070540465415 HTTP/1.1" 404 208201 "https://thecomputerdoctor.co.nz/shop/page/3/" "Mozilla/5.0 (Linux; Android 6.0.1; Nexus 5X Build/MMB29P) AppleWebKit/537.36 (KHTML, like Gecko) Chrome/146.0.7680.153 Mobile Safari/537.36 (compatible; Google-InspectionTool/1.0)"
45.79.238.235 - - [31/Mar/2026:17:18:45 +0000] "POST /wp-cron.php?doing_wp_cron=1774977525.2671298980712890625000 HTTP/1.1" 200 - "-" "WordPress/6.9.4; https://thecomputerdoctor.co.nz"
66.249.64.105 - - [31/Mar/2026:17:18:42 +0000] "GET /images/1x1.gif?ch=1&rn=5.8598070540465415 HTTP/1.1" 404 208201 "https://thecomputerdoctor.co.nz/shop/page/3/" "Mozilla/5.0 (Linux; Android 6.0.1; Nexus 5X Build/MMB29P) AppleWebKit/537.36 (KHTML, like Gecko) Chrome/146.0.7680.153 Mobile Safari/537.36 (compatible; Google-InspectionTool/1.0)"
40.77.167.26 - - [31/Mar/2026:17:18:45 +0000] "GET /products/detail/148806222 HTTP/1.1" 200 195164 "-" "Mozilla/5.0 AppleWebKit/537.36 (KHTML, like Gecko; compatible; bingbot/2.0; +http://www.bing.com/bingbot.htm) Chrome/116.0.1938.76 Safari/537.36"
66.249.64.106 - - [31/Mar/2026:17:18:46 +0000] "POST /api/v3/ajax/bespoke/member/neu/specs/listing_async_bottom_collections HTTP/1.1" 200 195380 "https://thecomputerdoctor.co.nz/shop/page/3/" "Mozilla/5.0 (Linux; Android 6.0.1; Nexus 5X Build/MMB29P) AppleWebKit/537.36 (KHTML, like Gecko) Chrome/146.0.7680.153 Mobile Safari/537.36 (compatible; Google-InspectionTool/1.0)"
66.249.64.106 - - [31/Mar/2026:17:18:46 +0000] "POST /api/v3/ajax/bespoke/member/neu/specs/listing_async_bottom HTTP/1.1" 200 189603 "https://thecomputerdoctor.co.nz/shop/page/3/" "Mozilla/5.0 (Linux; Android 6.0.1; Nexus 5X Build/MMB29P) AppleWebKit/537.36 (KHTML, like Gecko) Chrome/146.0.7680.153 Mobile Safari/537.36 (compatible; Google-InspectionTool/1.0)"
40.77.167.26 - - [31/Mar/2026:17:18:46 +0000] "GET /products/detail/240703979 HTTP/1.1" 200 203810 "-" "Mozilla/5.0 AppleWebKit/537.36 (KHTML, like Gecko; compatible; bingbot/2.0; +http://www.bing.com/bingbot.htm) Chrome/116.0.1938.76 Safari/537.36"
40.77.167.26 - - [31/Mar/2026:17:18:47 +0000] "GET /products/detail/191472282 HTTP/1.1" 200 199259 "-" "Mozilla/5.0 AppleWebKit/537.36 (KHTML, like Gecko; compatible; bingbot/2.0; +http://www.bing.com/bingbot.htm) Chrome/116.0.1938.76 Safari/537.36"
66.249.64.106 - - [31/Mar/2026:17:18:47 +0000] "POST /clientlog HTTP/1.1" 200 188911 "https://thecomputerdoctor.co.nz/shop/page/3/" "Mozilla/5.0 (X11; Linux x86_64) AppleWebKit/537.36 (KHTML, like Gecko) Chrome/146.0.7680.153 Safari/537.36 (compatible; Google-InspectionTool/1.0)"
40.77.167.26 - - [31/Mar/2026:17:18:48 +0000] "GET /products/detail/259842030 HTTP/1.1" 200 198160 "-" "Mozilla/5.0 AppleWebKit/537.36 (KHTML, like Gecko; compatible; bingbot/2.0; +http://www.bing.com/bingbot.htm) Chrome/116.0.1938.76 Safari/537.36"
66.249.64.105 - - [31/Mar/2026:17:18:48 +0000] "POST /clientlog HTTP/1.1" 200 188911 "https://thecomputerdoctor.co.nz/shop/page/3/" "Mozilla/5.0 (X11; Linux x86_64) AppleWebKit/537.36 (KHTML, like Gecko) Chrome/146.0.7680.153 Safari/537.36 (compatible; Google-InspectionTool/1.0)"
66.249.64.106 - - [31/Mar/2026:17:18:48 +0000] "POST /clientlog HTTP/1.1" 200 188911 "https://thecomputerdoctor.co.nz/shop/page/3/" "Mozilla/5.0 (X11; Linux x86_64) AppleWebKit/537.36 (KHTML, like Gecko) Chrome/146.0.7680.153 Safari/537.36 (compatible; Google-InspectionTool/1.0)"
66.249.64.105 - - [31/Mar/2026:17:18:47 +0000] "GET /images/1x1.gif?ch=2&rn=6.863250176655129 HTTP/1.1" 404 208201 "https://thecomputerdoctor.co.nz/shop/page/3/" "Mozilla/5.0 (Linux; Android 6.0.1; Nexus 5X Build/MMB29P) AppleWebKit/537.36 (KHTML, like Gecko) Chrome/146.0.7680.153 Mobile Safari/537.36 (compatible; Google-InspectionTool/1.0)"
40.77.167.26 - - [31/Mar/2026:17:18:48 +0000] "GET /products/detail/227257979 HTTP/1.1" 200 192573 "-" "Mozilla/5.0 AppleWebKit/537.36 (KHTML, like Gecko; compatible; bingbot/2.0; +http://www.bing.com/bingbot.htm) Chrome/116.0.1938.76 Safari/537.36"
66.249.64.105 - - [31/Mar/2026:17:18:47 +0000] "GET /images/1x1.gif?ch=1&rn=6.863250176655129 HTTP/1.1" 404 208201 "https://thecomputerdoctor.co.nz/shop/page/3/" "Mozilla/5.0 (Linux; Android 6.0.1; Nexus 5X Build/MMB29P) AppleWebKit/537.36 (KHTML, like Gecko) Chrome/146.0.7680.153 Mobile Safari/537.36 (compatible; Google-InspectionTool/1.0)"
66.249.64.105 - - [31/Mar/2026:17:18:49 +0000] "GET /api/v3/ajax/member/users/listings-favorites-collections-map?listing_ids%5B%5D=1790774795 HTTP/1.1" 200 192099 "https://thecomputerdoctor.co.nz/shop/page/3/" "Mozilla/5.0 (X11; Linux x86_64) AppleWebKit/537.36 (KHTML, like Gecko) Chrome/146.0.7680.153 Safari/537.36 (compatible; Google-InspectionTool/1.0)"
66.249.64.106 - - [31/Mar/2026:17:18:49 +0000] "POST /clientlog HTTP/1.1" 200 188911 "https://thecomputerdoctor.co.nz/shop/page/3/" "Mozilla/5.0 (X11; Linux x86_64) AppleWebKit/537.36 (KHTML, like Gecko) Chrome/146.0.7680.153 Safari/537.36 (compatible; Google-InspectionTool/1.0)"
40.77.167.26 - - [31/Mar/2026:17:18:50 +0000] "GET /products/detail/165420222 HTTP/1.1" 200 204025 "-" "Mozilla/5.0 AppleWebKit/537.36 (KHTML, like Gecko; compatible; bingbot/2.0; +http://www.bing.com/bingbot.htm) Chrome/116.0.1938.76 Safari/537.36"
66.249.64.106 - - [31/Mar/2026:17:18:49 +0000] "GET /images/1x1.gif?ch=2&rn=6.9456386372912675 HTTP/1.1" 404 208178 "https://thecomputerdoctor.co.nz/shop/page/3/" "Mozilla/5.0 (X11; Linux x86_64) AppleWebKit/537.36 (KHTML, like Gecko) Chrome/146.0.7680.153 Safari/537.36 (compatible; Google-InspectionTool/1.0)"
66.249.64.105 - - [31/Mar/2026:17:18:49 +0000] "GET /images/1x1.gif?ch=1&rn=6.9456386372912675 HTTP/1.1" 404 208178 "https://thecomputerdoctor.co.nz/shop/page/3/" "Mozilla/5.0 (X11; Linux x86_64) AppleWebKit/537.36 (KHTML, like Gecko) Chrome/146.0.7680.153 Safari/537.36 (compatible; Google-InspectionTool/1.0)"
40.77.167.26 - - [31/Mar/2026:17:18:51 +0000] "GET /products/detail/225291030 HTTP/1.1" 200 209270 "-" "Mozilla/5.0 AppleWebKit/537.36 (KHTML, like Gecko; compatible; bingbot/2.0; +http://www.bing.com/bingbot.htm) Chrome/116.0.1938.76 Safari/537.36"
66.249.64.105 - - [31/Mar/2026:17:18:51 +0000] "GET /api/v3/ajax/bespoke/public/neu/specs/submenu?log_performance_metrics=false&specs%5Bsubmenu%5D%5B%5D=Etsy%5CModules%5CCategoryNav%5CSpecs%5CDropdownCatNav%5CDropdownSubmenu&runtime_analysis=false HTTP/1.1" 200 196777 "https://thecomputerdoctor.co.nz/shop/page/3/" "Mozilla/5.0 (X11; Linux x86_64) AppleWebKit/537.36 (KHTML, like Gecko) Chrome/146.0.7680.153 Safari/537.36 (compatible; Google-InspectionTool/1.0)"
40.77.167.26 - - [31/Mar/2026:17:18:51 +0000] "GET /products/detail/157684262 HTTP/1.1" 200 200546 "-" "Mozilla/5.0 AppleWebKit/537.36 (KHTML, like Gecko; compatible; bingbot/2.0; +http://www.bing.com/bingbot.htm) Chrome/116.0.1938.76 Safari/537.36"
66.249.64.106 - - [31/Mar/2026:17:18:52 +0000] "POST /api/v3/ajax/bespoke/member/neu/specs/listing_async_bottom HTTP/1.1" 200 189603 "https://thecomputerdoctor.co.nz/shop/page/3/" "Mozilla/5.0 (X11; Linux x86_64) AppleWebKit/537.36 (KHTML, like Gecko) Chrome/146.0.7680.153 Safari/537.36 (compatible; Google-InspectionTool/1.0)"
66.249.64.106 - - [31/Mar/2026:17:18:52 +0000] "POST /api/v3/ajax/bespoke/member/neu/specs/listing_async_bottom_collections HTTP/1.1" 200 195380 "https://thecomputerdoctor.co.nz/shop/page/3/" "Mozilla/5.0 (X11; Linux x86_64) AppleWebKit/537.36 (KHTML, like Gecko) Chrome/146.0.7680.153 Safari/537.36 (compatible; Google-InspectionTool/1.0)"
40.77.167.26 - - [31/Mar/2026:17:18:52 +0000] "GET /products/detail/184185333 HTTP/1.1" 200 190320 "-" "Mozilla/5.0 AppleWebKit/537.36 (KHTML, like Gecko; compatible; bingbot/2.0; +http://www.bing.com/bingbot.htm) Chrome/116.0.1938.76 Safari/537.36"
40.77.167.26 - - [31/Mar/2026:17:18:53 +0000] "GET /products/detail/240342171 HTTP/1.1" 200 195916 "-" "Mozilla/5.0 AppleWebKit/537.36 (KHTML, like Gecko; compatible; bingbot/2.0; +http://www.bing.com/bingbot.htm) Chrome/116.0.1938.76 Safari/537.36"
66.249.64.105 - - [31/Mar/2026:17:18:53 +0000] "GET /images/1x1.gif?ch=1&rn=0.16626895521767437 HTTP/1.1" 404 208178 "https://thecomputerdoctor.co.nz/shop/page/3/" "Mozilla/5.0 (X11; Linux x86_64) AppleWebKit/537.36 (KHTML, like Gecko) Chrome/146.0.7680.153 Safari/537.36 (compatible; Google-InspectionTool/1.0)"
66.249.64.107 - - [31/Mar/2026:17:18:53 +0000] "GET /images/1x1.gif?ch=2&rn=0.16626895521767437 HTTP/1.1" 404 208178 "https://thecomputerdoctor.co.nz/shop/page/3/" "Mozilla/5.0 (X11; Linux x86_64) AppleWebKit/537.36 (KHTML, like Gecko) Chrome/146.0.7680.153 Safari/537.36 (compatible; Google-InspectionTool/1.0)"
40.77.167.26 - - [31/Mar/2026:17:18:58 +0000] "GET /products/detail/261614818 HTTP/1.1" 200 190985 "-" "Mozilla/5.0 AppleWebKit/537.36 (KHTML, like Gecko; compatible; bingbot/2.0; +http://www.bing.com/bingbot.htm) Chrome/116.0.1938.76 Safari/537.36"
40.77.177.189 - - [31/Mar/2026:17:18:58 +0000] "POST /?wc-ajax=get_refreshed_fragments HTTP/1.1" 200 192720 "https://thecomputerdoctor.co.nz/product-category/pc-parts-and-accessories/windows/peripherals/keyboard-and-mouse" "Mozilla/5.0 AppleWebKit/537.36 (KHTML, like Gecko; compatible; bingbot/2.0; +http://www.bing.com/bingbot.htm) Chrome/136.0.0.0 Safari/537.36"
40.77.167.26 - - [31/Mar/2026:17:18:58 +0000] "GET /products/detail/262532575 HTTP/1.1" 200 193727 "-" "Mozilla/5.0 AppleWebKit/537.36 (KHTML, like Gecko; compatible; bingbot/2.0; +http://www.bing.com/bingbot.htm) Chrome/116.0.1938.76 Safari/537.36"
40.77.167.26 - - [31/Mar/2026:17:18:59 +0000] "GET /products/detail/207871868 HTTP/1.1" 200 197949 "-" "Mozilla/5.0 AppleWebKit/537.36 (KHTML, like Gecko; compatible; bingbot/2.0; +http://www.bing.com/bingbot.htm) Chrome/116.0.1938.76 Safari/537.36"
40.77.167.26 - - [31/Mar/2026:17:19:00 +0000] "GET /products/detail/200661060 HTTP/1.1" 200 192628 "-" "Mozilla/5.0 AppleWebKit/537.36 (KHTML, like Gecko; compatible; bingbot/2.0; +http://www.bing.com/bingbot.htm) Chrome/116.0.1938.76 Safari/537.36"
40.77.167.26 - - [31/Mar/2026:17:19:01 +0000] "GET /products/detail/238635000 HTTP/1.1" 200 191924 "-" "Mozilla/5.0 AppleWebKit/537.36 (KHTML, like Gecko; compatible; bingbot/2.0; +http://www.bing.com/bingbot.htm) Chrome/116.0.1938.76 Safari/537.36"
40.77.167.26 - - [31/Mar/2026:17:19:02 +0000] "GET /products/detail/185183101 HTTP/1.1" 200 199142 "-" "Mozilla/5.0 AppleWebKit/537.36 (KHTML, like Gecko; compatible; bingbot/2.0; +http://www.bing.com/bingbot.htm) Chrome/116.0.1938.76 Safari/537.36"
40.77.167.26 - - [31/Mar/2026:17:19:03 +0000] "GET /products/detail/197822818 HTTP/1.1" 200 204508 "-" "Mozilla/5.0 AppleWebKit/537.36 (KHTML, like Gecko; compatible; bingbot/2.0; +http://www.bing.com/bingbot.htm) Chrome/116.0.1938.76 Safari/537.36"
40.77.167.26 - - [31/Mar/2026:17:19:04 +0000] "GET /products/detail/178539414 HTTP/1.1" 200 198767 "-" "Mozilla/5.0 AppleWebKit/537.36 (KHTML, like Gecko; compatible; bingbot/2.0; +http://www.bing.com/bingbot.htm) Chrome/116.0.1938.76 Safari/537.36"
40.77.167.26 - - [31/Mar/2026:17:19:05 +0000] "GET /products/detail/235806282 HTTP/1.1" 200 193363 "-" "Mozilla/5.0 AppleWebKit/537.36 (KHTML, like Gecko; compatible; bingbot/2.0; +http://www.bing.com/bingbot.htm) Chrome/116.0.1938.76 Safari/537.36"
40.77.167.26 - - [31/Mar/2026:17:19:06 +0000] "GET /products/detail/199951313 HTTP/1.1" 200 192647 "-" "Mozilla/5.0 AppleWebKit/537.36 (KHTML, like Gecko; compatible; bingbot/2.0; +http://www.bing.com/bingbot.htm) Chrome/116.0.1938.76 Safari/537.36"
40.77.167.26 - - [31/Mar/2026:17:19:07 +0000] "GET /products/detail/233360212 HTTP/1.1" 200 222872 "-" "Mozilla/5.0 AppleWebKit/537.36 (KHTML, like Gecko; compatible; bingbot/2.0; +http://www.bing.com/bingbot.htm) Chrome/116.0.1938.76 Safari/537.36"
40.77.167.26 - - [31/Mar/2026:17:19:08 +0000] "GET /products/detail/211194111 HTTP/1.1" 200 192412 "-" "Mozilla/5.0 AppleWebKit/537.36 (KHTML, like Gecko; compatible; bingbot/2.0; +http://www.bing.com/bingbot.htm) Chrome/116.0.1938.76 Safari/537.36"
40.77.167.26 - - [31/Mar/2026:17:19:09 +0000] "GET /products/detail/208316929 HTTP/1.1" 200 196428 "-" "Mozilla/5.0 AppleWebKit/537.36 (KHTML, like Gecko; compatible; bingbot/2.0; +http://www.bing.com/bingbot.htm) Chrome/116.0.1938.76 Safari/537.36"
40.77.167.26 - - [31/Mar/2026:17:19:10 +0000] "GET /products/detail/170765656 HTTP/1.1" 200 196196 "-" "Mozilla/5.0 AppleWebKit/537.36 (KHTML, like Gecko; compatible; bingbot/2.0; +http://www.bing.com/bingbot.htm) Chrome/116.0.1938.76 Safari/537.36"
40.77.167.26 - - [31/Mar/2026:17:19:11 +0000] "GET /products/detail/197849242 HTTP/1.1" 200 193488 "-" "Mozilla/5.0 AppleWebKit/537.36 (KHTML, like Gecko; compatible; bingbot/2.0; +http://www.bing.com/bingbot.htm) Chrome/116.0.1938.76 Safari/537.36"
40.77.167.26 - - [31/Mar/2026:17:19:11 +0000] "GET /products/detail/241587000 HTTP/1.1" 200 194047 "-" "Mozilla/5.0 AppleWebKit/537.36 (KHTML, like Gecko; compatible; bingbot/2.0; +http://www.bing.com/bingbot.htm) Chrome/116.0.1938.76 Safari/537.36"
40.77.167.26 - - [31/Mar/2026:17:19:12 +0000] "GET /products/detail/276159030 HTTP/1.1" 200 201005 "-" "Mozilla/5.0 AppleWebKit/537.36 (KHTML, like Gecko; compatible; bingbot/2.0; +http://www.bing.com/bingbot.htm) Chrome/116.0.1938.76 Safari/537.36"
40.77.167.26 - - [31/Mar/2026:17:19:13 +0000] "GET /products/detail/230653121 HTTP/1.1" 200 196971 "-" "Mozilla/5.0 AppleWebKit/537.36 (KHTML, like Gecko; compatible; bingbot/2.0; +http://www.bing.com/bingbot.htm) Chrome/116.0.1938.76 Safari/537.36"
40.77.167.26 - - [31/Mar/2026:17:19:14 +0000] "GET /products/detail/204966888 HTTP/1.1" 200 201464 "-" "Mozilla/5.0 AppleWebKit/537.36 (KHTML, like Gecko; compatible; bingbot/2.0; +http://www.bing.com/bingbot.htm) Chrome/116.0.1938.76 Safari/537.36"
40.77.167.26 - - [31/Mar/2026:17:19:15 +0000] "GET /products/detail/248327101 HTTP/1.1" 200 196669 "-" "Mozilla/5.0 AppleWebKit/537.36 (KHTML, like Gecko; compatible; bingbot/2.0; +http://www.bing.com/bingbot.htm) Chrome/116.0.1938.76 Safari/537.36"
40.77.167.26 - - [31/Mar/2026:17:19:16 +0000] "GET /products/detail/247675151 HTTP/1.1" 200 192674 "-" "Mozilla/5.0 AppleWebKit/537.36 (KHTML, like Gecko; compatible; bingbot/2.0; +http://www.bing.com/bingbot.htm) Chrome/116.0.1938.76 Safari/537.36"
40.77.167.26 - - [31/Mar/2026:17:19:17 +0000] "GET /products/detail/158884313 HTTP/1.1" 200 194272 "-" "Mozilla/5.0 AppleWebKit/537.36 (KHTML, like Gecko; compatible; bingbot/2.0; +http://www.bing.com/bingbot.htm) Chrome/116.0.1938.76 Safari/537.36"
40.77.167.26 - - [31/Mar/2026:17:19:17 +0000] "GET /products/detail/192715202 HTTP/1.1" 200 194072 "-" "Mozilla/5.0 AppleWebKit/537.36 (KHTML, like Gecko; compatible; bingbot/2.0; +http://www.bing.com/bingbot.htm) Chrome/116.0.1938.76 Safari/537.36"
40.77.167.26 - - [31/Mar/2026:17:19:18 +0000] "GET /products/detail/214919656 HTTP/1.1" 200 205308 "-" "Mozilla/5.0 AppleWebKit/537.36 (KHTML, like Gecko; compatible; bingbot/2.0; +http://www.bing.com/bingbot.htm) Chrome/116.0.1938.76 Safari/537.36"
40.77.167.26 - - [31/Mar/2026:17:19:19 +0000] "GET /products/detail/169314303 HTTP/1.1" 200 196373 "-" "Mozilla/5.0 AppleWebKit/537.36 (KHTML, like Gecko; compatible; bingbot/2.0; +http://www.bing.com/bingbot.htm) Chrome/116.0.1938.76 Safari/537.36"
40.77.167.26 - - [31/Mar/2026:17:19:20 +0000] "GET /products/detail/155076747 HTTP/1.1" 200 194832 "-" "Mozilla/5.0 AppleWebKit/537.36 (KHTML, like Gecko; compatible; bingbot/2.0; +http://www.bing.com/bingbot.htm) Chrome/116.0.1938.76 Safari/537.36"
40.77.167.26 - - [31/Mar/2026:17:19:21 +0000] "GET /products/detail/168192111 HTTP/1.1" 200 194098 "-" "Mozilla/5.0 AppleWebKit/537.36 (KHTML, like Gecko; compatible; bingbot/2.0; +http://www.bing.com/bingbot.htm) Chrome/116.0.1938.76 Safari/537.36"
40.77.167.26 - - [31/Mar/2026:17:19:22 +0000] "GET /products/detail/192024666 HTTP/1.1" 200 191493 "-" "Mozilla/5.0 AppleWebKit/537.36 (KHTML, like Gecko; compatible; bingbot/2.0; +http://www.bing.com/bingbot.htm) Chrome/116.0.1938.76 Safari/537.36"
40.77.167.26 - - [31/Mar/2026:17:19:23 +0000] "GET /products/detail/218788535 HTTP/1.1" 200 199369 "-" "Mozilla/5.0 AppleWebKit/537.36 (KHTML, like Gecko; compatible; bingbot/2.0; +http://www.bing.com/bingbot.htm) Chrome/116.0.1938.76 Safari/537.36"
40.77.167.26 - - [31/Mar/2026:17:19:24 +0000] "GET /products/detail/202684373 HTTP/1.1" 200 212445 "-" "Mozilla/5.0 AppleWebKit/537.36 (KHTML, like Gecko; compatible; bingbot/2.0; +http://www.bing.com/bingbot.htm) Chrome/116.0.1938.76 Safari/537.36"
40.77.167.26 - - [31/Mar/2026:17:19:28 +0000] "GET /products/detail/253782555 HTTP/1.1" 200 196873 "-" "Mozilla/5.0 AppleWebKit/537.36 (KHTML, like Gecko; compatible; bingbot/2.0; +http://www.bing.com/bingbot.htm) Chrome/116.0.1938.76 Safari/537.36"
40.77.167.26 - - [31/Mar/2026:17:19:29 +0000] "GET /products/detail/237173383 HTTP/1.1" 200 201642 "-" "Mozilla/5.0 AppleWebKit/537.36 (KHTML, like Gecko; compatible; bingbot/2.0; +http://www.bing.com/bingbot.htm) Chrome/116.0.1938.76 Safari/537.36"
40.77.167.26 - - [31/Mar/2026:17:19:30 +0000] "GET /products/detail/161833949 HTTP/1.1" 200 212782 "-" "Mozilla/5.0 AppleWebKit/537.36 (KHTML, like Gecko; compatible; bingbot/2.0; +http://www.bing.com/bingbot.htm) Chrome/116.0.1938.76 Safari/537.36"
40.77.167.26 - - [31/Mar/2026:17:19:31 +0000] "GET /products/detail/226039151 HTTP/1.1" 200 193433 "-" "Mozilla/5.0 AppleWebKit/537.36 (KHTML, like Gecko; compatible; bingbot/2.0; +http://www.bing.com/bingbot.htm) Chrome/116.0.1938.76 Safari/537.36"
40.77.167.26 - - [31/Mar/2026:17:19:31 +0000] "GET /products/detail/178220242 HTTP/1.1" 200 192068 "-" "Mozilla/5.0 AppleWebKit/537.36 (KHTML, like Gecko; compatible; bingbot/2.0; +http://www.bing.com/bingbot.htm) Chrome/116.0.1938.76 Safari/537.36"
40.77.167.26 - - [31/Mar/2026:17:19:32 +0000] "GET /products/detail/200027929 HTTP/1.1" 200 196498 "-" "Mozilla/5.0 AppleWebKit/537.36 (KHTML, like Gecko; compatible; bingbot/2.0; +http://www.bing.com/bingbot.htm) Chrome/116.0.1938.76 Safari/537.36"
40.77.167.26 - - [31/Mar/2026:17:19:33 +0000] "GET /products/detail/271168979 HTTP/1.1" 200 205140 "-" "Mozilla/5.0 AppleWebKit/537.36 (KHTML, like Gecko; compatible; bingbot/2.0; +http://www.bing.com/bingbot.htm) Chrome/116.0.1938.76 Safari/537.36"
40.77.167.26 - - [31/Mar/2026:17:19:34 +0000] "GET /products/detail/233575202 HTTP/1.1" 200 218596 "-" "Mozilla/5.0 AppleWebKit/537.36 (KHTML, like Gecko; compatible; bingbot/2.0; +http://www.bing.com/bingbot.htm) Chrome/116.0.1938.76 Safari/537.36"
40.77.167.26 - - [31/Mar/2026:17:19:35 +0000] "GET /products/detail/220833222 HTTP/1.1" 200 190465 "-" "Mozilla/5.0 AppleWebKit/537.36 (KHTML, like Gecko; compatible; bingbot/2.0; +http://www.bing.com/bingbot.htm) Chrome/116.0.1938.76 Safari/537.36"
40.77.167.26 - - [31/Mar/2026:17:19:36 +0000] "GET /products/detail/247523959 HTTP/1.1" 200 207377 "-" "Mozilla/5.0 AppleWebKit/537.36 (KHTML, like Gecko; compatible; bingbot/2.0; +http://www.bing.com/bingbot.htm) Chrome/116.0.1938.76 Safari/537.36"
40.77.167.26 - - [31/Mar/2026:17:19:37 +0000] "GET /products/detail/203791262 HTTP/1.1" 200 203624 "-" "Mozilla/5.0 AppleWebKit/537.36 (KHTML, like Gecko; compatible; bingbot/2.0; +http://www.bing.com/bingbot.htm) Chrome/116.0.1938.76 Safari/537.36"
40.77.167.26 - - [31/Mar/2026:17:19:38 +0000] "GET /products/detail/162282606 HTTP/1.1" 200 196718 "-" "Mozilla/5.0 AppleWebKit/537.36 (KHTML, like Gecko; compatible; bingbot/2.0; +http://www.bing.com/bingbot.htm) Chrome/116.0.1938.76 Safari/537.36"
40.77.167.26 - - [31/Mar/2026:17:19:38 +0000] "GET /products/detail/179504080 HTTP/1.1" 200 192881 "-" "Mozilla/5.0 AppleWebKit/537.36 (KHTML, like Gecko; compatible; bingbot/2.0; +http://www.bing.com/bingbot.htm) Chrome/116.0.1938.76 Safari/537.36"
40.77.167.26 - - [31/Mar/2026:17:19:39 +0000] "GET /products/detail/276907151 HTTP/1.1" 200 189364 "-" "Mozilla/5.0 AppleWebKit/537.36 (KHTML, like Gecko; compatible; bingbot/2.0; +http://www.bing.com/bingbot.htm) Chrome/116.0.1938.76 Safari/537.36"
40.77.167.26 - - [31/Mar/2026:17:19:40 +0000] "GET /products/detail/256894868 HTTP/1.1" 200 196994 "-" "Mozilla/5.0 AppleWebKit/537.36 (KHTML, like Gecko; compatible; bingbot/2.0; +http://www.bing.com/bingbot.htm) Chrome/116.0.1938.76 Safari/537.36"
40.77.167.26 - - [31/Mar/2026:17:19:41 +0000] "GET /products/detail/209195323 HTTP/1.1" 200 220979 "-" "Mozilla/5.0 AppleWebKit/537.36 (KHTML, like Gecko; compatible; bingbot/2.0; +http://www.bing.com/bingbot.htm) Chrome/116.0.1938.76 Safari/537.36"
45.79.238.235 - - [31/Mar/2026:17:19:42 +0000] "POST /wp-cron.php?doing_wp_cron=1774977582.1447639465332031250000 HTTP/1.1" 200 - "-" "WordPress/6.9.4; https://thecomputerdoctor.co.nz"
14.229.65.146 - - [31/Mar/2026:17:19:38 +0000] "GET /product-category/uncategorised/ HTTP/1.1" 200 287974 "-" "Mozilla/5.0 (Windows NT 6.1; Win64; x64) AppleWebKit/537.36 (KHTML, like Gecko) Brave Chrome/86.0.4240.183 Safari/537.36"
40.77.167.26 - - [31/Mar/2026:17:19:42 +0000] "GET /products/detail/259871959 HTTP/1.1" 200 197880 "-" "Mozilla/5.0 AppleWebKit/537.36 (KHTML, like Gecko; compatible; bingbot/2.0; +http://www.bing.com/bingbot.htm) Chrome/116.0.1938.76 Safari/537.36"
40.77.167.26 - - [31/Mar/2026:17:19:43 +0000] "GET /products/detail/194044262 HTTP/1.1" 200 201681 "-" "Mozilla/5.0 AppleWebKit/537.36 (KHTML, like Gecko; compatible; bingbot/2.0; +http://www.bing.com/bingbot.htm) Chrome/116.0.1938.76 Safari/537.36"
40.77.167.26 - - [31/Mar/2026:17:19:44 +0000] "GET /products/detail/248945161 HTTP/1.1" 200 192526 "-" "Mozilla/5.0 AppleWebKit/537.36 (KHTML, like Gecko; compatible; bingbot/2.0; +http://www.bing.com/bingbot.htm) Chrome/116.0.1938.76 Safari/537.36"
40.77.167.26 - - [31/Mar/2026:17:19:45 +0000] "GET /products/detail/213320353 HTTP/1.1" 200 205471 "-" "Mozilla/5.0 AppleWebKit/537.36 (KHTML, like Gecko; compatible; bingbot/2.0; +http://www.bing.com/bingbot.htm) Chrome/116.0.1938.76 Safari/537.36"
40.77.167.26 - - [31/Mar/2026:17:19:45 +0000] "GET /products/detail/207354717 HTTP/1.1" 200 189694 "-" "Mozilla/5.0 AppleWebKit/537.36 (KHTML, like Gecko; compatible; bingbot/2.0; +http://www.bing.com/bingbot.htm) Chrome/116.0.1938.76 Safari/537.36"
40.77.167.26 - - [31/Mar/2026:17:19:46 +0000] "GET /products/detail/271661959 HTTP/1.1" 200 199766 "-" "Mozilla/5.0 AppleWebKit/537.36 (KHTML, like Gecko; compatible; bingbot/2.0; +http://www.bing.com/bingbot.htm) Chrome/116.0.1938.76 Safari/537.36"
40.77.167.26 - - [31/Mar/2026:17:19:47 +0000] "GET /products/detail/188264818 HTTP/1.1" 200 204363 "-" "Mozilla/5.0 AppleWebKit/537.36 (KHTML, like Gecko; compatible; bingbot/2.0; +http://www.bing.com/bingbot.htm) Chrome/116.0.1938.76 Safari/537.36"
40.77.167.26 - - [31/Mar/2026:17:19:48 +0000] "GET /products/detail/170684989 HTTP/1.1" 200 192944 "-" "Mozilla/5.0 AppleWebKit/537.36 (KHTML, like Gecko; compatible; bingbot/2.0; +http://www.bing.com/bingbot.htm) Chrome/116.0.1938.76 Safari/537.36"
40.77.167.26 - - [31/Mar/2026:17:19:49 +0000] "GET /products/detail/239180272 HTTP/1.1" 200 192048 "-" "Mozilla/5.0 AppleWebKit/537.36 (KHTML, like Gecko; compatible; bingbot/2.0; +http://www.bing.com/bingbot.htm) Chrome/116.0.1938.76 Safari/537.36"
40.77.167.26 - - [31/Mar/2026:17:19:50 +0000] "GET /products/detail/221881373 HTTP/1.1" 200 205142 "-" "Mozilla/5.0 AppleWebKit/537.36 (KHTML, like Gecko; compatible; bingbot/2.0; +http://www.bing.com/bingbot.htm) Chrome/116.0.1938.76 Safari/537.36"
40.77.167.26 - - [31/Mar/2026:17:19:51 +0000] "GET /products/detail/261038818 HTTP/1.1" 200 205726 "-" "Mozilla/5.0 AppleWebKit/537.36 (KHTML, like Gecko; compatible; bingbot/2.0; +http://www.bing.com/bingbot.htm) Chrome/116.0.1938.76 Safari/537.36"
40.77.167.26 - - [31/Mar/2026:17:19:52 +0000] "GET /products/detail/199538323 HTTP/1.1" 200 195122 "-" "Mozilla/5.0 AppleWebKit/537.36 (KHTML, like Gecko; compatible; bingbot/2.0; +http://www.bing.com/bingbot.htm) Chrome/116.0.1938.76 Safari/537.36"
40.77.167.26 - - [31/Mar/2026:17:19:53 +0000] "GET /products/detail/222460202 HTTP/1.1" 200 204646 "-" "Mozilla/5.0 AppleWebKit/537.36 (KHTML, like Gecko; compatible; bingbot/2.0; +http://www.bing.com/bingbot.htm) Chrome/116.0.1938.76 Safari/537.36"
40.77.167.26 - - [31/Mar/2026:17:19:54 +0000] "GET /products/detail/150026848 HTTP/1.1" 200 198032 "-" "Mozilla/5.0 AppleWebKit/537.36 (KHTML, like Gecko; compatible; bingbot/2.0; +http://www.bing.com/bingbot.htm) Chrome/116.0.1938.76 Safari/537.36"
40.77.167.26 - - [31/Mar/2026:17:19:58 +0000] "GET /products/detail/212934606 HTTP/1.1" 200 194585 "-" "Mozilla/5.0 AppleWebKit/537.36 (KHTML, like Gecko; compatible; bingbot/2.0; +http://www.bing.com/bingbot.htm) Chrome/116.0.1938.76 Safari/537.36"
40.77.167.26 - - [31/Mar/2026:17:19:59 +0000] "GET /products/detail/251004606 HTTP/1.1" 200 190587 "-" "Mozilla/5.0 AppleWebKit/537.36 (KHTML, like Gecko; compatible; bingbot/2.0; +http://www.bing.com/bingbot.htm) Chrome/116.0.1938.76 Safari/537.36"
40.77.167.26 - - [31/Mar/2026:17:20:00 +0000] "GET /products/detail/163169767 HTTP/1.1" 200 188403 "-" "Mozilla/5.0 AppleWebKit/537.36 (KHTML, like Gecko; compatible; bingbot/2.0; +http://www.bing.com/bingbot.htm) Chrome/116.0.1938.76 Safari/537.36"
45.79.238.235 - - [31/Mar/2026:17:20:01 +0000] "POST /wp-cron.php?doing_wp_cron=1774977601.0065228939056396484375 HTTP/1.1" 200 - "-" "WordPress/6.9.4; https://thecomputerdoctor.co.nz"
35.224.84.5 - - [31/Mar/2026:17:19:58 +0000] "GET / HTTP/1.1" 200 311108 "http://tcdcloud.nz" "Mozilla/5.0 (compatible; CMS-Checker/1.0; +https://example.com)"
40.77.167.26 - - [31/Mar/2026:17:20:01 +0000] "GET /products/detail/215507242 HTTP/1.1" 200 195717 "-" "Mozilla/5.0 AppleWebKit/537.36 (KHTML, like Gecko; compatible; bingbot/2.0; +http://www.bing.com/bingbot.htm) Chrome/116.0.1938.76 Safari/537.36"
40.77.167.26 - - [31/Mar/2026:17:20:02 +0000] "GET /products/detail/223023363 HTTP/1.1" 200 194207 "-" "Mozilla/5.0 AppleWebKit/537.36 (KHTML, like Gecko; compatible; bingbot/2.0; +http://www.bing.com/bingbot.htm) Chrome/116.0.1938.76 Safari/537.36"
40.77.167.26 - - [31/Mar/2026:17:20:03 +0000] "GET /products/detail/186898949 HTTP/1.1" 200 195063 "-" "Mozilla/5.0 AppleWebKit/537.36 (KHTML, like Gecko; compatible; bingbot/2.0; +http://www.bing.com/bingbot.htm) Chrome/116.0.1938.76 Safari/537.36"
40.77.167.26 - - [31/Mar/2026:17:20:04 +0000] "GET /products/detail/253774787 HTTP/1.1" 200 200527 "-" "Mozilla/5.0 AppleWebKit/537.36 (KHTML, like Gecko; compatible; bingbot/2.0; +http://www.bing.com/bingbot.htm) Chrome/116.0.1938.76 Safari/537.36"
40.77.167.26 - - [31/Mar/2026:17:20:05 +0000] "GET /products/detail/226661515 HTTP/1.1" 200 201598 "-" "Mozilla/5.0 AppleWebKit/537.36 (KHTML, like Gecko; compatible; bingbot/2.0; +http://www.bing.com/bingbot.htm) Chrome/116.0.1938.76 Safari/537.36"
40.77.167.26 - - [31/Mar/2026:17:20:06 +0000] "GET /products/detail/288472040 HTTP/1.1" 200 203371 "-" "Mozilla/5.0 AppleWebKit/537.36 (KHTML, like Gecko; compatible; bingbot/2.0; +http://www.bing.com/bingbot.htm) Chrome/116.0.1938.76 Safari/537.36"
40.77.167.26 - - [31/Mar/2026:17:20:06 +0000] "GET /products/detail/209848949 HTTP/1.1" 200 191415 "-" "Mozilla/5.0 AppleWebKit/537.36 (KHTML, like Gecko; compatible; bingbot/2.0; +http://www.bing.com/bingbot.htm) Chrome/116.0.1938.76 Safari/537.36"
40.77.167.26 - - [31/Mar/2026:17:20:07 +0000] "GET /products/detail/213545353 HTTP/1.1" 200 200849 "-" "Mozilla/5.0 AppleWebKit/537.36 (KHTML, like Gecko; compatible; bingbot/2.0; +http://www.bing.com/bingbot.htm) Chrome/116.0.1938.76 Safari/537.36"
40.77.167.26 - - [31/Mar/2026:17:20:08 +0000] "GET /products/detail/269609161 HTTP/1.1" 200 194169 "-" "Mozilla/5.0 AppleWebKit/537.36 (KHTML, like Gecko; compatible; bingbot/2.0; +http://www.bing.com/bingbot.htm) Chrome/116.0.1938.76 Safari/537.36"
40.77.167.26 - - [31/Mar/2026:17:20:09 +0000] "GET /products/detail/205660343 HTTP/1.1" 200 196049 "-" "Mozilla/5.0 AppleWebKit/537.36 (KHTML, like Gecko; compatible; bingbot/2.0; +http://www.bing.com/bingbot.htm) Chrome/116.0.1938.76 Safari/537.36"
