83.171.206.127 - - [31/Mar/2026:14:59:29 +0000] "GET /?p=3653 HTTP/1.1" 301 - "https://thecomputerdoctor.co.nz/" "Mozilla/5.0 (Windows NT 10.0; Win64; x64) AppleWebKit/537.36 (KHTML, like Gecko) Chrome/135.0.0.0 Safari/537.36 Edg/135.0.0.0"
45.79.238.235 - - [31/Mar/2026:14:59:34 +0000] "POST /wp-cron.php?doing_wp_cron=1774969174.3382151126861572265625 HTTP/1.1" 200 - "-" "WordPress/6.9.4; https://thecomputerdoctor.co.nz"
196.189.244.223 - - [31/Mar/2026:14:59:33 +0000] "GET /2026/02/25/seminole-hard-rock-gambling-age-newcastle-au/ HTTP/1.1" 200 218637 "https://thecomputerdoctor.co.nz/" "Mozilla/5.0 (Windows NT 10.0; Win64; x64) AppleWebKit/537.36 (KHTML, like Gecko) Chrome/135.0.0.0 Safari/537.36 Edg/135.0.0.0"
202.65.229.202 - - [31/Mar/2026:15:00:52 +0000] "GET /business-it/ HTTP/1.1" 200 615858 "https://www.google.com/" "Mozilla/5.0 (Linux; Android 10; K) AppleWebKit/537.36 (KHTML, like Gecko) Chrome/138.0.0.0 Mobile Safari/537.36"
45.79.238.235 - - [31/Mar/2026:15:00:54 +0000] "POST /wp-cron.php?doing_wp_cron=1774969254.3644430637359619140625 HTTP/1.1" 200 - "-" "WordPress/6.9.4; https://thecomputerdoctor.co.nz"
192.0.103.42 - - [31/Mar/2026:15:00:52 +0000] "GET / HTTP/1.1" 200 311108 "-" "jetmon/1.0 (Jetpack Site Uptime Monitor by WordPress.com)"
202.65.229.202 - - [31/Mar/2026:15:00:56 +0000] "GET /business-it/ HTTP/1.1" 200 615858 "https://thecomputerdoctor.co.nz/business-it/" "Mozilla/5.0 (Linux; Android 10; K) AppleWebKit/537.36 (KHTML, like Gecko) Chrome/138.0.0.0 Mobile Safari/537.36"
181.199.60.68 - - [31/Mar/2026:15:01:04 +0000] "GET /product/dynamix-2m-hdmi-10gbs-slimline-high-speed-cable-with-ethernet/ HTTP/1.1" 200 331863 "-" "Opera/9.64.(X11; Linux x86_64; sq-ML) Presto/2.9.162 Version/12.00"
202.65.229.202 - - [31/Mar/2026:15:01:08 +0000] "GET /libs/granite/csrf/token.json HTTP/1.1" 404 208201 "https://thecomputerdoctor.co.nz/business-it/" "Mozilla/5.0 (Linux; Android 10; K) AppleWebKit/537.36 (KHTML, like Gecko) Chrome/138.0.0.0 Mobile Safari/537.36"
202.65.229.202 - - [31/Mar/2026:15:01:08 +0000] "GET /content/dam/vijaysaleswebsite/icons/white-plus.svg HTTP/1.1" 404 208201 "https://thecomputerdoctor.co.nz/business-it/" "Mozilla/5.0 (Linux; Android 10; K) AppleWebKit/537.36 (KHTML, like Gecko) Chrome/138.0.0.0 Mobile Safari/537.36"
202.65.229.202 - - [31/Mar/2026:15:01:08 +0000] "GET /api/graphql?query=query%20%7B%20products(filter%3A%20%7B%20sku%3A%20%7B%20in%3A%20%5B%22PIRMTG-984721%22%5D%20%7D%7D%20)%20%7B%20items%20%7B%20__typename%20sku%20price_range%20%7B%20minimum_price%20%7Bregular_price%20%7B%20value%20currency%20%7D%20final_price%20%7B%20value%20currency%20%7D%20discount%20%7B%20amount_off%20percent_off%20%7D%7D%20%7D%20...%20on%20ConfigurableProduct%20%7B%20price_range%20%7B%20maximum_price%20%7Bregular_price%20%7B%20value%20currency%20%7D%20final_price%20%7B%20value%20currency%20%7D%20discount%20%7B%20amount_off%20percent_off%20%7D%7D%20%7D%20variants%20%7B%20product%20%7B%20sku%20price_range%20%7B%20minimum_price%20%7Bregular_price%20%7B%20value%20currency%20%7D%20final_price%20%7B%20value%20currency%20%7D%20discount%20%7B%20amount_off%20percent_off%20%7D%7D%20%7D%20%7D%20%7D%20%7D%20...%20on%20GroupedProduct%20%7B%20items%20%7B%20product%20%7B%20sku%20price_range%20%7B%20minimum_price%20%7Bregular_price%20%7B%20value%20currency%20%7D%20final_price%20%7B%20value%20currency%20%7D%20discount%20%7B%20amount_off%20percent_off%20%7D%7D%20%7D%20%7D%20%7D%20%7D%20...%20on%20BundleProduct%20%7B%20price_range%20%7B%20maximum_price%20%7Bregular_price%20%7B%20value%20currency%20%7D%20final_price%20%7B%20value%20currency%20%7D%20discount%20%7B%20amount_off%20percent_off%20%7D%7D%20%7D%20%7D%20%7D%20%7D%20%7D HTTP/1.1" 404 208575 "https://thecomputerdoctor.co.nz/business-it/" "Mozilla/5.0 (Linux; Android 10; K) AppleWebKit/537.36 (KHTML, like Gecko) Chrome/138.0.0.0 Mobile Safari/537.36"
45.79.238.235 - - [31/Mar/2026:15:02:18 +0000] "POST /wp-cron.php?doing_wp_cron=1774969338.0699169635772705078125 HTTP/1.1" 200 - "-" "WordPress/6.9.4; https://thecomputerdoctor.co.nz"
49.51.166.228 - - [31/Mar/2026:15:02:16 +0000] "GET / HTTP/1.1" 200 311131 "http://tcd.kiwi" "Mozilla/5.0 (iPhone; CPU iPhone OS 13_2_3 like Mac OS X) AppleWebKit/605.1.15 (KHTML, like Gecko) Version/13.0.3 Mobile/15E148 Safari/604.1"
52.167.144.159 - - [31/Mar/2026:15:03:19 +0000] "GET /wp-content/uploads/2024/04/1386745_promate-universal-smartphone-mount-with-flexible-gooseneck-150x150.jpg HTTP/1.1" 200 5727 "-" "Mozilla/5.0 AppleWebKit/537.36 (KHTML, like Gecko; compatible; bingbot/2.0; +http://www.bing.com/bingbot.htm) Chrome/116.0.1938.76 Safari/537.36"
45.79.238.235 - - [31/Mar/2026:15:03:38 +0000] "POST /wp-cron.php?doing_wp_cron=1774969418.7381930351257324218750 HTTP/1.1" 200 - "-" "WordPress/6.9.4; https://thecomputerdoctor.co.nz"
2a01:4f8:1c1f:991c::1 - - [31/Mar/2026:15:03:37 +0000] "GET /@fs/etc/passwd?raw?? HTTP/1.1" 404 208178 "https://www.youtube.com/" "Mozilla/5.0 (X11; Linux x86_64; rv:134.0) Gecko/20100101 Firefox/134.0"
2a01:4f8:1c1f:991c::1 - - [31/Mar/2026:15:03:39 +0000] "GET /@fs/etc/passwd?import&raw?? HTTP/1.1" 404 208178 "https://docs.google.com/" "Mozilla/5.0 (X11; Linux x86_64; rv:134.0) Gecko/20100101 Firefox/134.0"
2a01:4f8:1c1f:991c::1 - - [31/Mar/2026:15:03:40 +0000] "GET /etc/passwd?raw?? HTTP/1.1" 404 208178 "https://www.google.com/search?q=" "Mozilla/5.0 (X11; Linux x86_64; rv:134.0) Gecko/20100101 Firefox/134.0"
2a01:4f8:1c1f:991c::1 - - [31/Mar/2026:15:03:42 +0000] "GET /.git/config HTTP/1.1" 403 4170 "-" "Mozilla/5.0 (X11; Linux x86_64; rv:134.0) Gecko/20100101 Firefox/134.0"
45.79.238.235 - - [31/Mar/2026:15:04:32 +0000] "POST /wp-cron.php?doing_wp_cron=1774969472.5604400634765625000000 HTTP/1.1" 200 - "-" "WordPress/6.9.4; https://thecomputerdoctor.co.nz"
47.82.11.78 - - [31/Mar/2026:15:04:31 +0000] "GET /?p=5141 HTTP/1.1" 301 - "https://thecomputerdoctor.co.nz/" "Mozilla/5.0 (Macintosh; Intel Mac OS X 10_15_7) AppleWebKit/605.1.15 (KHTML, like Gecko) Version/26.0 Safari/605.1.15"
47.82.11.78 - - [31/Mar/2026:15:04:32 +0000] "GET /2026/02/25/au-casino-paypal-deposit/ HTTP/1.1" 200 218418 "https://thecomputerdoctor.co.nz/" "Mozilla/5.0 (Macintosh; Intel Mac OS X 10_15_7) AppleWebKit/605.1.15 (KHTML, like Gecko) Version/26.0 Safari/605.1.15"
45.79.238.235 - - [31/Mar/2026:15:05:55 +0000] "POST /wp-cron.php?doing_wp_cron=1774969555.6945810317993164062500 HTTP/1.1" 200 - "-" "WordPress/6.9.4; https://thecomputerdoctor.co.nz"
192.0.103.42 - - [31/Mar/2026:15:05:54 +0000] "GET / HTTP/1.1" 200 311108 "-" "jetmon/1.0 (Jetpack Site Uptime Monitor by WordPress.com)"
111.90.182.134 - - [31/Mar/2026:15:06:14 +0000] "GET /2026/02/25/profitable-pokies-with-bonus-offer/ HTTP/1.1" 200 218171 "https://www.google.com/" "Mozilla/5.0 (Windows NT 10.0; Win64; x64) AppleWebKit/537.36 (KHTML, like Gecko) Chrome/146.0.0.0 Safari/537.36"
66.249.64.106 - - [31/Mar/2026:15:06:50 +0000] "GET /2026/02/25/money-pokies-machine-free-play/ HTTP/1.1" 200 194173 "-" "Mozilla/5.0 (Linux; Android 6.0.1; Nexus 5X Build/MMB29P) AppleWebKit/537.36 (KHTML, like Gecko) Chrome/146.0.7680.153 Mobile Safari/537.36 (compatible; Googlebot/2.1; +http://www.google.com/bot.html)"
45.79.238.235 - - [31/Mar/2026:15:07:49 +0000] "POST /wp-cron.php?doing_wp_cron=1774969669.3123180866241455078125 HTTP/1.1" 200 - "-" "WordPress/6.9.4; https://thecomputerdoctor.co.nz"
111.90.182.134 - - [31/Mar/2026:15:07:47 +0000] "GET /laptop-pc-sales/ HTTP/1.1" 200 245436 "https://www.google.com/" "Mozilla/5.0 (Windows NT 10.0; Win64; x64) AppleWebKit/537.36 (KHTML, like Gecko) Chrome/146.0.0.0 Safari/537.36"
111.90.182.134 - - [31/Mar/2026:15:07:49 +0000] "GET /wp-content/uploads/2022/10/pexels-xxss-is-back-777001-1024x683.jpg HTTP/1.1" 200 61394 "https://thecomputerdoctor.co.nz/laptop-pc-sales/" "Mozilla/5.0 (Windows NT 10.0; Win64; x64) AppleWebKit/537.36 (KHTML, like Gecko) Chrome/146.0.0.0 Safari/537.36"
111.90.182.134 - - [31/Mar/2026:15:07:49 +0000] "POST /?wc-ajax=get_refreshed_fragments HTTP/1.1" 200 6551 "https://thecomputerdoctor.co.nz/laptop-pc-sales/" "Mozilla/5.0 (Windows NT 10.0; Win64; x64) AppleWebKit/537.36 (KHTML, like Gecko) Chrome/146.0.0.0 Safari/537.36"
187.84.244.174 - - [31/Mar/2026:15:08:21 +0000] "GET /track-my-repair-2/ HTTP/1.1" 200 223405 "-" "Mozilla/5.0 (iPod; U; CPU iPhone OS 3_0 like Mac OS X; mag-IN) AppleWebKit/534.2.3 (KHTML, like Gecko) Version/3.0.5 Mobile/8B114 Safari/6534.2.3"
111.90.182.134 - - [31/Mar/2026:15:08:58 +0000] "POST /wp-admin/helper.php?p= HTTP/1.1" 200 4398 "https://thecomputerdoctor.co.nz/wp-admin/helper.php?p=" "Mozilla/5.0 (Windows NT 10.0; Win64; x64) AppleWebKit/537.36 (KHTML, like Gecko) Chrome/146.0.0.0 Safari/537.36"
2404:8000:1133:5979:8136:c6e7:e062:ade2 - - [31/Mar/2026:15:10:29 +0000] "GET /console-repairs/ HTTP/1.1" 200 359778 "https://www.google.com/" "Mozilla/5.0 (iPhone; CPU iPhone OS 26_3_1 like Mac OS X) AppleWebKit/605.1.15 (KHTML, like Gecko) CriOS/146.0.7680.151 Mobile/15E148 Safari/604.1"
111.90.182.134 - - [31/Mar/2026:15:10:30 +0000] "POST /wp-admin/helper.php?p= HTTP/1.1" 302 - "https://thecomputerdoctor.co.nz/wp-admin/helper.php?p=" "Mozilla/5.0 (Windows NT 10.0; Win64; x64) AppleWebKit/537.36 (KHTML, like Gecko) Chrome/146.0.0.0 Safari/537.36"
111.90.182.134 - - [31/Mar/2026:15:10:31 +0000] "GET /wp-admin/helper.php HTTP/1.1" 302 - "https://thecomputerdoctor.co.nz/wp-admin/helper.php?p=" "Mozilla/5.0 (Windows NT 10.0; Win64; x64) AppleWebKit/537.36 (KHTML, like Gecko) Chrome/146.0.0.0 Safari/537.36"
111.90.182.134 - - [31/Mar/2026:15:10:31 +0000] "GET /wp-admin/helper.php?p= HTTP/1.1" 200 135793 "https://thecomputerdoctor.co.nz/wp-admin/helper.php?p=" "Mozilla/5.0 (Windows NT 10.0; Win64; x64) AppleWebKit/537.36 (KHTML, like Gecko) Chrome/146.0.0.0 Safari/537.36"
45.79.238.235 - - [31/Mar/2026:15:10:32 +0000] "POST /wp-cron.php?doing_wp_cron=1774969831.9202830791473388671875 HTTP/1.1" 200 - "-" "WordPress/6.9.4; https://thecomputerdoctor.co.nz"
2404:8000:1133:5979:8136:c6e7:e062:ade2 - - [31/Mar/2026:15:10:30 +0000] "POST /datalayer/ga/cartlayer HTTP/1.1" 404 208201 "https://thecomputerdoctor.co.nz/console-repairs/" "Mozilla/5.0 (iPhone; CPU iPhone OS 26_3_1 like Mac OS X) AppleWebKit/605.1.15 (KHTML, like Gecko) CriOS/146.0.7680.151 Mobile/15E148 Safari/604.1"
103.177.92.190 - - [31/Mar/2026:15:10:43 +0000] "GET /business-it/ HTTP/1.1" 200 615858 "https://www.google.com/" "Mozilla/5.0 (Linux; Android 6.0.1; SM-G532G) AppleWebKit/537.36 (KHTML, like Gecko) Chrome/106.0.0.0 Mobile Safari/537.36"
103.177.93.66 - - [31/Mar/2026:15:10:45 +0000] "GET /content/dam/vijaysaleswebsite/images/desktop/reviews%20bg%20-%20desktop.png HTTP/1.1" 404 208201 "https://thecomputerdoctor.co.nz/business-it/" "Mozilla/5.0 (Linux; Android 6.0.1; SM-G532G) AppleWebKit/537.36 (KHTML, like Gecko) Chrome/106.0.0.0 Mobile Safari/537.36"
103.177.93.66 - - [31/Mar/2026:15:10:45 +0000] "GET /content/dam/vijaysaleswebsite/images/mobile/reviews%20bg%20-%20mobile.png HTTP/1.1" 404 208201 "https://thecomputerdoctor.co.nz/business-it/" "Mozilla/5.0 (Linux; Android 6.0.1; SM-G532G) AppleWebKit/537.36 (KHTML, like Gecko) Chrome/106.0.0.0 Mobile Safari/537.36"
103.177.93.66 - - [31/Mar/2026:15:10:50 +0000] "GET /libs/granite/csrf/token.json HTTP/1.1" 404 208201 "https://thecomputerdoctor.co.nz/business-it/" "Mozilla/5.0 (Linux; Android 6.0.1; SM-G532G) AppleWebKit/537.36 (KHTML, like Gecko) Chrome/106.0.0.0 Mobile Safari/537.36"
103.177.93.66 - - [31/Mar/2026:15:10:50 +0000] "GET /content/dam/vijaysaleswebsite/icons/white-plus.svg HTTP/1.1" 404 208201 "https://thecomputerdoctor.co.nz/business-it/" "Mozilla/5.0 (Linux; Android 6.0.1; SM-G532G) AppleWebKit/537.36 (KHTML, like Gecko) Chrome/106.0.0.0 Mobile Safari/537.36"
103.177.93.66 - - [31/Mar/2026:15:10:51 +0000] "GET /api/graphql?query=query%20%7B%20products(filter%3A%20%7B%20sku%3A%20%7B%20in%3A%20%5B%22PIRMTG-984721%22%5D%20%7D%7D%20)%20%7B%20items%20%7B%20__typename%20sku%20price_range%20%7B%20minimum_price%20%7Bregular_price%20%7B%20value%20currency%20%7D%20final_price%20%7B%20value%20currency%20%7D%20discount%20%7B%20amount_off%20percent_off%20%7D%7D%20%7D%20...%20on%20ConfigurableProduct%20%7B%20price_range%20%7B%20maximum_price%20%7Bregular_price%20%7B%20value%20currency%20%7D%20final_price%20%7B%20value%20currency%20%7D%20discount%20%7B%20amount_off%20percent_off%20%7D%7D%20%7D%20variants%20%7B%20product%20%7B%20sku%20price_range%20%7B%20minimum_price%20%7Bregular_price%20%7B%20value%20currency%20%7D%20final_price%20%7B%20value%20currency%20%7D%20discount%20%7B%20amount_off%20percent_off%20%7D%7D%20%7D%20%7D%20%7D%20%7D%20...%20on%20GroupedProduct%20%7B%20items%20%7B%20product%20%7B%20sku%20price_range%20%7B%20minimum_price%20%7Bregular_price%20%7B%20value%20currency%20%7D%20final_price%20%7B%20value%20currency%20%7D%20discount%20%7B%20amount_off%20percent_off%20%7D%7D%20%7D%20%7D%20%7D%20%7D%20...%20on%20BundleProduct%20%7B%20price_range%20%7B%20maximum_price%20%7Bregular_price%20%7B%20value%20currency%20%7D%20final_price%20%7B%20value%20currency%20%7D%20discount%20%7B%20amount_off%20percent_off%20%7D%7D%20%7D%20%7D%20%7D%20%7D%20%7D HTTP/1.1" 404 208575 "https://thecomputerdoctor.co.nz/business-it/" "Mozilla/5.0 (Linux; Android 6.0.1; SM-G532G) AppleWebKit/537.36 (KHTML, like Gecko) Chrome/106.0.0.0 Mobile Safari/537.36"
192.0.103.42 - - [31/Mar/2026:15:10:54 +0000] "GET / HTTP/1.1" 200 311108 "-" "jetmon/1.0 (Jetpack Site Uptime Monitor by WordPress.com)"
45.79.238.235 - - [31/Mar/2026:15:12:51 +0000] "POST /wp-cron.php?doing_wp_cron=1774969971.8268051147460937500000 HTTP/1.1" 200 - "-" "WordPress/6.9.4; https://thecomputerdoctor.co.nz"
43.172.196.179 - - [31/Mar/2026:15:12:50 +0000] "GET /product/promate-securegrip-360-cradleless-15w-qi-magnetic-wireless-in-car/?add-to-cart=1900 HTTP/1.1" 200 353518 "-" "Mozilla/5.0 (Windows NT 10.0; Win64; x64) AppleWebKit/537.36 (KHTML, like Gecko) Chrome/104.0.5112.81 Safari/537.36"
185.220.101.12 - - [31/Mar/2026:15:12:54 +0000] "GET / HTTP/1.1" 200 311131 "-" "Mozilla/5.0 (Linux; Android 10; K) AppleWebKit/537.36 (KHTML, like Gecko) Chrome/144.0.0.0 Mobile Safari/537.36"
109.70.100.1 - - [31/Mar/2026:15:12:57 +0000] "GET /en/ HTTP/1.1" 403 4170 "-" "Mozilla/5.0 (Linux; Android 10; K) AppleWebKit/537.36 (KHTML, like Gecko) Chrome/144.0.0.0 Mobile Safari/537.36"
43.173.182.64 - - [31/Mar/2026:15:13:14 +0000] "GET /product/promate-securegrip-360-cradleless-15w-qi-magnetic-wireless-in-car/?add-to-cart=1900 HTTP/1.1" 200 353313 "-" "Mozilla/5.0 (Windows NT 10.0; Win64; x64) AppleWebKit/537.36 (KHTML, like Gecko) Chrome/103.0.0.0 Safari/537.36"
45.79.238.235 - - [31/Mar/2026:15:13:45 +0000] "POST /wp-cron.php?doing_wp_cron=1774970025.8973169326782226562500 HTTP/1.1" 200 - "-" "WordPress/6.9.4; https://thecomputerdoctor.co.nz"
2a0b:cf47:0:21::1 - - [31/Mar/2026:15:13:44 +0000] "GET /2026/02/25/what-new-zealand-online-casinos-accept-paysafe/ HTTP/1.1" 200 266015 "https://multi-links-kappa.vercel.app/" "Mozilla/5.0 (Windows NT 10.0; Win64; x64; rv:149.0) Gecko/20100101 Firefox/149.0"
2a0b:cf47:0:21::1 - - [31/Mar/2026:15:13:46 +0000] "GET /wp-admin/admin.php?page=stats&noheader&proxy&chart=admin-bar-hours-scale HTTP/1.1" 200 351 "https://thecomputerdoctor.co.nz/2026/02/25/what-new-zealand-online-casinos-accept-paysafe/" "Mozilla/5.0 (Windows NT 10.0; Win64; x64; rv:149.0) Gecko/20100101 Firefox/149.0"
45.79.238.235 - - [31/Mar/2026:15:15:54 +0000] "POST /wp-cron.php?doing_wp_cron=1774970154.5390620231628417968750 HTTP/1.1" 200 - "-" "WordPress/6.9.4; https://thecomputerdoctor.co.nz"
192.0.103.42 - - [31/Mar/2026:15:15:53 +0000] "GET / HTTP/1.1" 200 311108 "-" "jetmon/1.0 (Jetpack Site Uptime Monitor by WordPress.com)"
2400:9800:bc1:4115:82a6:e301:29e9:e4c9 - - [31/Mar/2026:15:16:45 +0000] "GET /business-it/ HTTP/1.1" 200 615858 "https://www.google.com/" "Mozilla/5.0 (Linux; Android 10; K) AppleWebKit/537.36 (KHTML, like Gecko) Chrome/146.0.0.0 Mobile Safari/537.36"
45.79.238.235 - - [31/Mar/2026:15:16:47 +0000] "POST /wp-cron.php?doing_wp_cron=1774970207.1937170028686523437500 HTTP/1.1" 200 - "-" "WordPress/6.9.4; https://thecomputerdoctor.co.nz"
45.79.238.235 - - [31/Mar/2026:15:16:47 +0000] "POST /wp-cron.php?doing_wp_cron=1774970207.2300200462341308593750 HTTP/1.1" 200 - "-" "WordPress/6.9.4; https://thecomputerdoctor.co.nz"
45.79.238.235 - - [31/Mar/2026:15:16:47 +0000] "POST /wp-cron.php?doing_wp_cron=1774970207.5934290885925292968750 HTTP/1.1" 200 - "-" "WordPress/6.9.4; https://thecomputerdoctor.co.nz"
2400:9800:bc1:4115:82a6:e301:29e9:e4c9 - - [31/Mar/2026:15:16:46 +0000] "GET /content/dam/vijaysaleswebsite/images/desktop/reviews%20bg%20-%20desktop.png HTTP/1.1" 404 208201 "https://thecomputerdoctor.co.nz/business-it/" "Mozilla/5.0 (Linux; Android 10; K) AppleWebKit/537.36 (KHTML, like Gecko) Chrome/146.0.0.0 Mobile Safari/537.36"
2400:9800:bc1:4115:82a6:e301:29e9:e4c9 - - [31/Mar/2026:15:16:46 +0000] "GET /content/dam/vijaysaleswebsite/images/mobile/reviews%20bg%20-%20mobile.png HTTP/1.1" 404 208201 "https://thecomputerdoctor.co.nz/business-it/" "Mozilla/5.0 (Linux; Android 10; K) AppleWebKit/537.36 (KHTML, like Gecko) Chrome/146.0.0.0 Mobile Safari/537.36"
66.249.64.105 - - [31/Mar/2026:15:19:20 +0000] "GET /?p=4655 HTTP/1.1" 200 190489 "-" "Mozilla/5.0 (Linux; Android 6.0.1; Nexus 5X Build/MMB29P) AppleWebKit/537.36 (KHTML, like Gecko) Chrome/146.0.7680.153 Mobile Safari/537.36 (compatible; Googlebot/2.1; +http://www.google.com/bot.html)"
66.249.64.106 - - [31/Mar/2026:15:19:20 +0000] "GET /2026/02/25/no-deposit-bonus-australian-pokies/ HTTP/1.1" 200 192441 "-" "Mozilla/5.0 (Linux; Android 6.0.1; Nexus 5X Build/MMB29P) AppleWebKit/537.36 (KHTML, like Gecko) Chrome/146.0.7680.153 Mobile Safari/537.36 (compatible; Googlebot/2.1; +http://www.google.com/bot.html)"
66.249.64.107 - - [31/Mar/2026:15:20:44 +0000] "GET /products/detail/242369545 HTTP/1.1" 200 198893 "-" "Mozilla/5.0 (Linux; Android 6.0.1; Nexus 5X Build/MMB29P) AppleWebKit/537.36 (KHTML, like Gecko) Chrome/146.0.7680.153 Mobile Safari/537.36 (compatible; Googlebot/2.1; +http://www.google.com/bot.html)"
45.79.238.235 - - [31/Mar/2026:15:20:56 +0000] "POST /wp-cron.php?doing_wp_cron=1774970456.2492010593414306640625 HTTP/1.1" 200 - "-" "WordPress/6.9.4; https://thecomputerdoctor.co.nz"
192.0.103.42 - - [31/Mar/2026:15:20:54 +0000] "GET / HTTP/1.1" 200 311108 "-" "jetmon/1.0 (Jetpack Site Uptime Monitor by WordPress.com)"
141.98.11.44 - - [31/Mar/2026:15:22:20 +0000] "GET /wp-includes/sodium_compat/src/Core/SecretStream//State.php HTTP/1.1" 403 4170 "-" "Mozilla/5.0 (Windows NT 10.0; Win64; x64) AppleWebKit/537.36"
40.77.167.42 - - [31/Mar/2026:15:23:01 +0000] "GET /2026/02/25/gambling-prevalence-au/ HTTP/1.1" 200 189668 "-" "Mozilla/5.0 AppleWebKit/537.36 (KHTML, like Gecko; compatible; bingbot/2.0; +http://www.bing.com/bingbot.htm) Chrome/116.0.1938.76 Safari/537.36"
103.4.250.44 - - [31/Mar/2026:15:24:05 +0000] "GET /shop/page/3/ HTTP/1.1" 200 226897 "-" "Mozilla/5.0 (Macintosh; Intel Mac OS X 10_15_7) AppleWebKit/537.36 (KHTML, like Gecko) Chrome/116.0.0.0 Safari/537.36"
66.249.64.106 - - [31/Mar/2026:15:25:22 +0000] "GET /products/detail/189809878 HTTP/1.1" 200 200776 "-" "Mozilla/5.0 (Linux; Android 6.0.1; Nexus 5X Build/MMB29P) AppleWebKit/537.36 (KHTML, like Gecko) Chrome/146.0.7680.153 Mobile Safari/537.36 (compatible; Googlebot/2.1; +http://www.google.com/bot.html)"
45.79.238.235 - - [31/Mar/2026:15:25:55 +0000] "POST /wp-cron.php?doing_wp_cron=1774970755.4795870780944824218750 HTTP/1.1" 200 - "-" "WordPress/6.9.4; https://thecomputerdoctor.co.nz"
192.0.103.42 - - [31/Mar/2026:15:25:53 +0000] "GET / HTTP/1.1" 200 311108 "-" "jetmon/1.0 (Jetpack Site Uptime Monitor by WordPress.com)"
45.79.238.235 - - [31/Mar/2026:15:30:57 +0000] "POST /wp-cron.php?doing_wp_cron=1774971057.5506479740142822265625 HTTP/1.1" 200 - "-" "WordPress/6.9.4; https://thecomputerdoctor.co.nz"
192.0.103.42 - - [31/Mar/2026:15:30:55 +0000] "GET / HTTP/1.1" 200 311108 "-" "jetmon/1.0 (Jetpack Site Uptime Monitor by WordPress.com)"
52.167.144.18 - - [31/Mar/2026:15:32:40 +0000] "POST /?wc-ajax=get_refreshed_fragments HTTP/1.1" 200 192720 "-" "Mozilla/5.0 AppleWebKit/537.36 (KHTML, like Gecko; compatible; bingbot/2.0; +http://www.bing.com/bingbot.htm) Chrome/116.0.1938.76 Safari/537.36"
66.249.64.107 - - [31/Mar/2026:15:34:19 +0000] "GET /products/detail/200841171 HTTP/1.1" 200 206683 "-" "Mozilla/5.0 (Linux; Android 6.0.1; Nexus 5X Build/MMB29P) AppleWebKit/537.36 (KHTML, like Gecko) Chrome/146.0.7680.153 Mobile Safari/537.36 (compatible; Googlebot/2.1; +http://www.google.com/bot.html)"
187.49.12.205 - - [31/Mar/2026:15:35:05 +0000] "GET /business-it/ HTTP/1.1" 200 615858 "-" "Mozilla/5.0 (X11; Linux i686; rv:1.9.7.20) Gecko/5609-08-11 07:02:21.353348 Firefox/3.6.17"
45.79.238.235 - - [31/Mar/2026:15:35:57 +0000] "POST /wp-cron.php?doing_wp_cron=1774971357.5957219600677490234375 HTTP/1.1" 200 - "-" "WordPress/6.9.4; https://thecomputerdoctor.co.nz"
192.0.103.42 - - [31/Mar/2026:15:35:56 +0000] "GET / HTTP/1.1" 200 311108 "-" "jetmon/1.0 (Jetpack Site Uptime Monitor by WordPress.com)"
66.249.64.107 - - [31/Mar/2026:15:36:12 +0000] "GET /product/acer-nitro-xv271u-27-2560x1440-qhd-ips-1ms-180hz/ HTTP/1.1" 200 203983 "-" "Mozilla/5.0 (Linux; Android 6.0.1; Nexus 5X Build/MMB29P) AppleWebKit/537.36 (KHTML, like Gecko) Chrome/146.0.7680.153 Mobile Safari/537.36 (compatible; Googlebot/2.1; +http://www.google.com/bot.html)"
40.77.167.116 - - [31/Mar/2026:15:36:27 +0000] "GET /2026/02/25/top-10-au-casinos/ HTTP/1.1" 200 194203 "-" "Mozilla/5.0 AppleWebKit/537.36 (KHTML, like Gecko; compatible; bingbot/2.0; +http://www.bing.com/bingbot.htm) Chrome/116.0.1938.76 Safari/537.36"
45.79.238.235 - - [31/Mar/2026:15:37:36 +0000] "POST /wp-cron.php?doing_wp_cron=1774971456.7770171165466308593750 HTTP/1.1" 200 - "-" "WordPress/6.9.4; https://thecomputerdoctor.co.nz"
24.35.215.136 - - [31/Mar/2026:15:37:33 +0000] "GET /my-account/add-payment-method/ HTTP/1.1" 200 308621 "-" "Mozilla/5.0 (Windows NT 10.0; Win64; x64) AppleWebKit/537.36 (KHTML, like Gecko) Chrome/98.0.4758.80 Safari/537.36 43058"
185.98.170.43 - - [31/Mar/2026:15:37:43 +0000] "POST /?wc-ajax=wc_stripe_create_and_confirm_setup_intent HTTP/1.1" 200 189 "-" "Mozilla/5.0 (Macintosh; Intel Mac OS X 10_15_7) AppleWebKit/537.36 (KHTML, like Gecko) Chrome/100.0.4889.0 Safari/537.36 94001"
66.249.64.107 - - [31/Mar/2026:15:38:00 +0000] "GET /product/acer-nitro-xv271u-27-2560x1440-qhd-ips-1ms-180hz/ HTTP/1.1" 200 203983 "-" "Mozilla/5.0 (compatible; Googlebot/2.1; +http://www.google.com/bot.html)"
66.249.64.106 - - [31/Mar/2026:15:38:14 +0000] "GET /products/detail/252910121 HTTP/1.1" 200 201510 "-" "Mozilla/5.0 (Linux; Android 6.0.1; Nexus 5X Build/MMB29P) AppleWebKit/537.36 (KHTML, like Gecko) Chrome/146.0.7680.153 Mobile Safari/537.36 (compatible; Googlebot/2.1; +http://www.google.com/bot.html)"
66.249.64.106 - - [31/Mar/2026:15:38:14 +0000] "GET /products/detail/239030656 HTTP/1.1" 200 192538 "-" "Mozilla/5.0 (Linux; Android 6.0.1; Nexus 5X Build/MMB29P) AppleWebKit/537.36 (KHTML, like Gecko) Chrome/146.0.7680.153 Mobile Safari/537.36 (compatible; Googlebot/2.1; +http://www.google.com/bot.html)"
45.79.238.235 - - [31/Mar/2026:15:40:56 +0000] "POST /wp-cron.php?doing_wp_cron=1774971656.8105239868164062500000 HTTP/1.1" 200 - "-" "WordPress/6.9.4; https://thecomputerdoctor.co.nz"
192.0.103.42 - - [31/Mar/2026:15:40:55 +0000] "GET / HTTP/1.1" 200 311108 "-" "jetmon/1.0 (Jetpack Site Uptime Monitor by WordPress.com)"
103.4.250.232 - - [31/Mar/2026:15:41:30 +0000] "GET / HTTP/1.1" 200 311108 "-" "Mozilla/5.0 (Windows NT 10.0; Win64; x64) AppleWebKit/537.36 (KHTML, like Gecko) Chrome/117.0.0.0 Safari/537.36"
45.79.238.235 - - [31/Mar/2026:15:41:34 +0000] "POST /wp-cron.php?doing_wp_cron=1774971694.8538150787353515625000 HTTP/1.1" 200 - "-" "WordPress/6.9.4; https://thecomputerdoctor.co.nz"
107.172.195.213 - - [31/Mar/2026:15:41:33 +0000] "GET / HTTP/1.1" 200 311108 "-" "Mozilla/5.0 (Macintosh; Intel Mac OS X 10_15_7) AppleWebKit/537.36 (KHTML, like Gecko) Chrome/116.0.0.0 Safari/537.36"
40.77.167.40 - - [31/Mar/2026:15:41:48 +0000] "GET /product/promate-6-in-1-hybrid-1-2m-multi-connector-cable-for-charging/ HTTP/1.1" 200 194058 "-" "Mozilla/5.0 AppleWebKit/537.36 (KHTML, like Gecko; compatible; bingbot/2.0; +http://www.bing.com/bingbot.htm) Chrome/116.0.1938.76 Safari/537.36"
40.77.167.3 - - [31/Mar/2026:15:42:10 +0000] "GET /products/detail/132848656 HTTP/1.1" 200 204390 "-" "Mozilla/5.0 AppleWebKit/537.36 (KHTML, like Gecko; compatible; bingbot/2.0; +http://www.bing.com/bingbot.htm) Chrome/116.0.1938.76 Safari/537.36"
40.77.167.3 - - [31/Mar/2026:15:42:11 +0000] "GET /products/detail/304150838 HTTP/1.1" 200 198544 "-" "Mozilla/5.0 AppleWebKit/537.36 (KHTML, like Gecko; compatible; bingbot/2.0; +http://www.bing.com/bingbot.htm) Chrome/116.0.1938.76 Safari/537.36"
40.77.167.3 - - [31/Mar/2026:15:42:12 +0000] "GET /?p=3040 HTTP/1.1" 200 193823 "-" "Mozilla/5.0 AppleWebKit/537.36 (KHTML, like Gecko; compatible; bingbot/2.0; +http://www.bing.com/bingbot.htm) Chrome/116.0.1938.76 Safari/537.36"
66.249.64.106 - - [31/Mar/2026:15:42:37 +0000] "GET /products/detail/120430343 HTTP/1.1" 200 188339 "-" "Mozilla/5.0 (Linux; Android 6.0.1; Nexus 5X Build/MMB29P) AppleWebKit/537.36 (KHTML, like Gecko) Chrome/146.0.7680.153 Mobile Safari/537.36 (compatible; Googlebot/2.1; +http://www.google.com/bot.html)"
66.249.64.105 - - [31/Mar/2026:15:44:20 +0000] "GET /products/detail/115496101 HTTP/1.1" 200 192579 "-" "Mozilla/5.0 (Linux; Android 6.0.1; Nexus 5X Build/MMB29P) AppleWebKit/537.36 (KHTML, like Gecko) Chrome/146.0.7680.153 Mobile Safari/537.36 (compatible; Googlebot/2.1; +http://www.google.com/bot.html)"
45.79.238.235 - - [31/Mar/2026:15:45:03 +0000] "POST /wp-cron.php?doing_wp_cron=1774971903.1558918952941894531250 HTTP/1.1" 200 - "-" "WordPress/6.9.4; https://thecomputerdoctor.co.nz"
179.63.242.165 - - [31/Mar/2026:15:45:01 +0000] "GET /?p=3588 HTTP/1.1" 301 - "https://thecomputerdoctor.co.nz/" "Mozilla/5.0 (Windows NT 10.0; Win64; x64) AppleWebKit/537.36 (KHTML, like Gecko) Chrome/134.0.0.0 Safari/537.36 Edg/134.0.0.0"
102.210.14.136 - - [31/Mar/2026:15:45:05 +0000] "GET /2026/02/25/pokie-machine-cheats-australia/ HTTP/1.1" 200 218361 "https://thecomputerdoctor.co.nz/" "Mozilla/5.0 (Windows NT 10.0; Win64; x64) AppleWebKit/537.36 (KHTML, like Gecko) Chrome/134.0.0.0 Safari/537.36 Edg/134.0.0.0"
45.79.238.235 - - [31/Mar/2026:15:45:54 +0000] "POST /wp-cron.php?doing_wp_cron=1774971954.8719780445098876953125 HTTP/1.1" 200 - "-" "WordPress/6.9.4; https://thecomputerdoctor.co.nz"
192.0.103.42 - - [31/Mar/2026:15:45:53 +0000] "GET / HTTP/1.1" 200 311108 "-" "jetmon/1.0 (Jetpack Site Uptime Monitor by WordPress.com)"
172.94.9.205 - - [31/Mar/2026:15:47:57 +0000] "GET / HTTP/1.1" 403 - "http://tcdcloud.nz/server/.env" "Go-http-client/1.1"
172.94.9.205 - - [31/Mar/2026:15:47:57 +0000] "GET / HTTP/1.1" 403 - "https://tcdcloud.nz/env/.env" "Go-http-client/1.1"
43.157.46.118 - - [31/Mar/2026:15:48:05 +0000] "GET / HTTP/1.1" 200 311131 "http://thecomputerdoctor.co.nz" "Mozilla/5.0 (iPhone; CPU iPhone OS 13_2_3 like Mac OS X) AppleWebKit/605.1.15 (KHTML, like Gecko) Version/13.0.3 Mobile/15E148 Safari/604.1"
45.79.238.235 - - [31/Mar/2026:15:49:06 +0000] "POST /wp-cron.php?doing_wp_cron=1774972146.8717410564422607421875 HTTP/1.1" 200 - "-" "WordPress/6.9.4; https://thecomputerdoctor.co.nz"
113.179.13.252 - - [31/Mar/2026:15:49:05 +0000] "GET /product/promate-1m-usb-c-thunderbolt-cable-supports-40gps-100w-pd/embed/ HTTP/1.1" 200 25025 "-" "Mozilla/5.0 (Macintosh; Intel Mac OS X 10_14_6) AppleWebKit/537.36 (KHTML, like Gecko) Chrome/88.0.4324.96 Safari/537.36"
40.77.179.51 - - [31/Mar/2026:15:49:08 +0000] "POST /?wc-ajax=get_refreshed_fragments HTTP/1.1" 200 192720 "https://thecomputerdoctor.co.nz/2026/02/25/new-no-deposit-bonus-casinos-nz" "Mozilla/5.0 AppleWebKit/537.36 (KHTML, like Gecko; compatible; bingbot/2.0; +http://www.bing.com/bingbot.htm) Chrome/136.0.0.0 Safari/537.36"
45.79.238.235 - - [31/Mar/2026:15:49:52 +0000] "POST /wp-cron.php?doing_wp_cron=1774972192.2825319766998291015625 HTTP/1.1" 200 - "-" "WordPress/6.9.4; https://thecomputerdoctor.co.nz"
34.228.174.200 - - [31/Mar/2026:15:49:50 +0000] "GET /product/aoc-c27g4z-27-curved-1920x1080-fhd-280hz/ HTTP/1.1" 200 321312 "-" "Mozilla/5.0 AppleWebKit/605.1.15 (KHTML, like Gecko) Chrome/139.0.0.0 Safari/605.1.15"
45.79.238.235 - - [31/Mar/2026:15:50:02 +0000] "POST /wp-cron.php?doing_wp_cron=1774972202.5779509544372558593750 HTTP/1.1" 200 - "-" "WordPress/6.9.4; https://thecomputerdoctor.co.nz"
52.2.123.93 - - [31/Mar/2026:15:50:00 +0000] "GET /product/dynamix-3m-hdmi-10gbs-slimline-high-speed-cable-with-ethernet/ HTTP/1.1" 200 332062 "-" "Mozilla/5.0 AppleWebKit/605.1.15 (KHTML, like Gecko) Chrome/139.0.0.0 Safari/605.1.15"
66.249.64.106 - - [31/Mar/2026:15:50:12 +0000] "GET /ms-surface-repairs/https:/kunnstore.id/images/situs-slot-gacor-resmi.jpg HTTP/1.1" 404 208178 "-" "Googlebot-Image/1.0"
45.79.238.235 - - [31/Mar/2026:15:50:55 +0000] "POST /wp-cron.php?doing_wp_cron=1774972255.8591620922088623046875 HTTP/1.1" 200 - "-" "WordPress/6.9.4; https://thecomputerdoctor.co.nz"
192.0.103.42 - - [31/Mar/2026:15:50:54 +0000] "GET / HTTP/1.1" 200 311108 "-" "jetmon/1.0 (Jetpack Site Uptime Monitor by WordPress.com)"
141.98.11.44 - - [31/Mar/2026:15:51:07 +0000] "GET /wp-includes/sodium_compat/src/Core/SecretStream//State.php HTTP/1.1" 403 4170 "-" "Mozilla/5.0 (Windows NT 10.0; Win64; x64) AppleWebKit/537.36"
45.79.238.235 - - [31/Mar/2026:15:52:26 +0000] "POST /wp-cron.php?doing_wp_cron=1774972345.7952380180358886718750 HTTP/1.1" 200 - "-" "WordPress/6.9.4; https://thecomputerdoctor.co.nz"
45.79.238.235 - - [31/Mar/2026:15:52:26 +0000] "POST /wp-cron.php?doing_wp_cron=1774972346.3008320331573486328125 HTTP/1.1" 200 - "-" "WordPress/6.9.4; https://thecomputerdoctor.co.nz"
13.223.35.36 - - [31/Mar/2026:15:52:24 +0000] "GET /product/promate-5000mah-ultra-compact-fast-charging-power-bank/ HTTP/1.1" 301 - "-" "Mozilla/5.0 AppleWebKit/605.1.15 (KHTML, like Gecko) Chrome/139.0.0.0 Safari/605.1.15"
52.204.23.34 - - [31/Mar/2026:15:52:26 +0000] "GET /product/promate-5000mah-ultra-compact-fast-charging-power-bank-with-in-built/ HTTP/1.1" 200 337340 "-" "Mozilla/5.0 AppleWebKit/605.1.15 (KHTML, like Gecko) Chrome/139.0.0.0 Safari/605.1.15"
205.185.121.126 - - [31/Mar/2026:15:52:45 +0000] "GET /wp-content/uploads/2014/11/iMacrepairschristchurch-333x300.jpg HTTP/1.1" 200 8437 "-" "Python/3.12 aiohttp/3.13.3"
205.185.121.126 - - [31/Mar/2026:15:52:45 +0000] "GET /wp-content/uploads/2014/12/Acer-Aspire-Z5761-2-956x1024.jpg HTTP/1.1" 200 27923 "-" "Python/3.12 aiohttp/3.13.3"
205.185.121.126 - - [31/Mar/2026:15:52:45 +0000] "GET /wp-content/uploads/2016/10/Windows-10-logo-400x300.jpg HTTP/1.1" 200 5984 "-" "Python/3.12 aiohttp/3.13.3"
45.79.238.235 - - [31/Mar/2026:15:53:13 +0000] "POST /wp-cron.php?doing_wp_cron=1774972393.4322290420532226562500 HTTP/1.1" 200 - "-" "WordPress/6.9.4; https://thecomputerdoctor.co.nz"
2404:c0:9820::4:40ed - - [31/Mar/2026:15:53:11 +0000] "GET /track-my-repair-2/ HTTP/1.1" 200 223405 "https://www.google.com/" "Mozilla/5.0 (Linux; Android 10; K) AppleWebKit/537.36 (KHTML, like Gecko) Chrome/146.0.0.0 Mobile Safari/537.36"
2404:c0:9820::4:40ed - - [31/Mar/2026:15:53:17 +0000] "GET /shop/ HTTP/1.1" 200 36323 "https://www.google.com/" "Mozilla/5.0 (Linux; Android 10; K) AppleWebKit/537.36 (KHTML, like Gecko) Chrome/146.0.0.0 Mobile Safari/537.36"
2404:c0:9820::4:40ed - - [31/Mar/2026:15:53:18 +0000] "GET /shop/css/date2.css HTTP/1.1" 404 208201 "https://thecomputerdoctor.co.nz/shop/" "Mozilla/5.0 (Linux; Android 10; K) AppleWebKit/537.36 (KHTML, like Gecko) Chrome/146.0.0.0 Mobile Safari/537.36"
2404:c0:9820::4:40ed - - [31/Mar/2026:15:53:18 +0000] "GET /shop/css/date.css HTTP/1.1" 404 208201 "https://thecomputerdoctor.co.nz/shop/" "Mozilla/5.0 (Linux; Android 10; K) AppleWebKit/537.36 (KHTML, like Gecko) Chrome/146.0.0.0 Mobile Safari/537.36"
2404:c0:9820::4:40ed - - [31/Mar/2026:15:53:18 +0000] "GET /shop/css/date4.css HTTP/1.1" 404 208201 "https://thecomputerdoctor.co.nz/shop/" "Mozilla/5.0 (Linux; Android 10; K) AppleWebKit/537.36 (KHTML, like Gecko) Chrome/146.0.0.0 Mobile Safari/537.36"
2404:c0:9820::4:40ed - - [31/Mar/2026:15:53:18 +0000] "GET /shop/css/date1.css HTTP/1.1" 404 208201 "https://thecomputerdoctor.co.nz/shop/" "Mozilla/5.0 (Linux; Android 10; K) AppleWebKit/537.36 (KHTML, like Gecko) Chrome/146.0.0.0 Mobile Safari/537.36"
2404:c0:9820::4:40ed - - [31/Mar/2026:15:53:18 +0000] "GET /Content/reserve-css?v= HTTP/1.1" 404 208201 "https://thecomputerdoctor.co.nz/shop/" "Mozilla/5.0 (Linux; Android 10; K) AppleWebKit/537.36 (KHTML, like Gecko) Chrome/146.0.0.0 Mobile Safari/537.36"
2404:c0:9820::4:40ed - - [31/Mar/2026:15:53:18 +0000] "GET /bundles/Account/forgot-password-js?v=CClJff2pltPmOjDCzOkK6MX4HbYKUXtBbcpYBr_axfo1 HTTP/1.1" 404 208201 "https://thecomputerdoctor.co.nz/shop/" "Mozilla/5.0 (Linux; Android 10; K) AppleWebKit/537.36 (KHTML, like Gecko) Chrome/146.0.0.0 Mobile Safari/537.36"
2404:c0:9820::4:40ed - - [31/Mar/2026:15:53:18 +0000] "GET /shop/js/Home.js?v=9Zwby9nwORnewSNBuqQKxOhQlfOigartOVQeAR1eHsQ1 HTTP/1.1" 404 208201 "https://thecomputerdoctor.co.nz/shop/" "Mozilla/5.0 (Linux; Android 10; K) AppleWebKit/537.36 (KHTML, like Gecko) Chrome/146.0.0.0 Mobile Safari/537.36"
2404:c0:9820::4:40ed - - [31/Mar/2026:15:53:18 +0000] "GET /bundles/reserve-js?v=8ZkoZ3svUa1mm3fUna_DT0LFrjbAHZVOgr4xzLxrZZ81 HTTP/1.1" 404 208201 "https://thecomputerdoctor.co.nz/shop/" "Mozilla/5.0 (Linux; Android 10; K) AppleWebKit/537.36 (KHTML, like Gecko) Chrome/146.0.0.0 Mobile Safari/537.36"
2404:c0:9820::4:40ed - - [31/Mar/2026:15:53:18 +0000] "GET /shop/css/date3.css HTTP/1.1" 404 208201 "https://thecomputerdoctor.co.nz/shop/" "Mozilla/5.0 (Linux; Android 10; K) AppleWebKit/537.36 (KHTML, like Gecko) Chrome/146.0.0.0 Mobile Safari/537.36"
2404:c0:9820::4:40ed - - [31/Mar/2026:15:53:18 +0000] "GET /shop/js/beta.js?v=Z8QFNvaltbzDiPPEoTaSeOO3IYZexjvAPrsLeea_2XE1 HTTP/1.1" 404 208201 "https://thecomputerdoctor.co.nz/shop/" "Mozilla/5.0 (Linux; Android 10; K) AppleWebKit/537.36 (KHTML, like Gecko) Chrome/146.0.0.0 Mobile Safari/537.36"
45.79.238.235 - - [31/Mar/2026:15:55:03 +0000] "POST /wp-cron.php?doing_wp_cron=1774972503.2804360389709472656250 HTTP/1.1" 200 - "-" "WordPress/6.9.4; https://thecomputerdoctor.co.nz"
213.230.93.107 - - [31/Mar/2026:15:55:00 +0000] "GET /product-category/mobile-phone-accessories/portable-battery/ HTTP/1.1" 200 231659 "-" "Mozilla/5.0 (Windows NT 6.3; Win64; x64) AppleWebKit/537.36 (KHTML, like Gecko) Chrome/89.0.4389.114 Safari/537.36"
45.79.238.235 - - [31/Mar/2026:15:55:55 +0000] "POST /wp-cron.php?doing_wp_cron=1774972555.7744960784912109375000 HTTP/1.1" 200 - "-" "WordPress/6.9.4; https://thecomputerdoctor.co.nz"
192.0.103.42 - - [31/Mar/2026:15:55:53 +0000] "GET / HTTP/1.1" 200 311108 "-" "jetmon/1.0 (Jetpack Site Uptime Monitor by WordPress.com)"
45.79.238.235 - - [31/Mar/2026:15:56:55 +0000] "POST /wp-cron.php?doing_wp_cron=1774972615.4780108928680419921875 HTTP/1.1" 200 - "-" "WordPress/6.9.4; https://thecomputerdoctor.co.nz"
52.73.131.54 - - [31/Mar/2026:15:56:53 +0000] "GET /product/promate-3-in-1-foldable-15w-magsafe-wireless-charging-station/ HTTP/1.1" 200 332743 "-" "Mozilla/5.0 AppleWebKit/605.1.15 (KHTML, like Gecko) Chrome/139.0.0.0 Safari/605.1.15"
111.90.182.134 - - [31/Mar/2026:15:57:28 +0000] "GET /wp-admin/helper.php?p= HTTP/1.1" 200 4398 "https://thecomputerdoctor.co.nz/wp-admin/helper.php?p=product%2F2-in-1-microfibre-screencleaner" "Mozilla/5.0 (Windows NT 10.0; Win64; x64) AppleWebKit/537.36 (KHTML, like Gecko) Chrome/146.0.0.0 Safari/537.36"
111.90.182.134 - - [31/Mar/2026:15:57:41 +0000] "POST /wp-admin/helper.php?p= HTTP/1.1" 302 - "https://thecomputerdoctor.co.nz/wp-admin/helper.php?p=" "Mozilla/5.0 (Windows NT 10.0; Win64; x64) AppleWebKit/537.36 (KHTML, like Gecko) Chrome/146.0.0.0 Safari/537.36"
111.90.182.134 - - [31/Mar/2026:15:57:42 +0000] "GET /wp-admin/helper.php HTTP/1.1" 302 - "https://thecomputerdoctor.co.nz/wp-admin/helper.php?p=" "Mozilla/5.0 (Windows NT 10.0; Win64; x64) AppleWebKit/537.36 (KHTML, like Gecko) Chrome/146.0.0.0 Safari/537.36"
111.90.182.134 - - [31/Mar/2026:15:57:42 +0000] "GET /wp-admin/helper.php?p= HTTP/1.1" 200 135793 "https://thecomputerdoctor.co.nz/wp-admin/helper.php?p=" "Mozilla/5.0 (Windows NT 10.0; Win64; x64) AppleWebKit/537.36 (KHTML, like Gecko) Chrome/146.0.0.0 Safari/537.36"
111.90.182.134 - - [31/Mar/2026:15:57:52 +0000] "POST /wp-admin/helper.php?p= HTTP/1.1" 302 - "https://thecomputerdoctor.co.nz/wp-admin/helper.php?p=" "Mozilla/5.0 (Windows NT 10.0; Win64; x64) AppleWebKit/537.36 (KHTML, like Gecko) Chrome/146.0.0.0 Safari/537.36"
111.90.182.134 - - [31/Mar/2026:15:57:52 +0000] "GET /wp-admin/helper.php?p= HTTP/1.1" 200 137735 "https://thecomputerdoctor.co.nz/wp-admin/helper.php?p=" "Mozilla/5.0 (Windows NT 10.0; Win64; x64) AppleWebKit/537.36 (KHTML, like Gecko) Chrome/146.0.0.0 Safari/537.36"
111.90.182.134 - - [31/Mar/2026:15:57:57 +0000] "GET /wp-admin/helper.php?p=laptop-pc-sales HTTP/1.1" 200 37055 "https://thecomputerdoctor.co.nz/wp-admin/helper.php?p=" "Mozilla/5.0 (Windows NT 10.0; Win64; x64) AppleWebKit/537.36 (KHTML, like Gecko) Chrome/146.0.0.0 Safari/537.36"
178.22.106.230 - - [31/Mar/2026:15:58:00 +0000] "GET /shop/page/3/ HTTP/1.1" 200 226897 "-" "Mozilla/5.0 (Linux; Android 6.0; Nexus 5 Build/MRA58N) AppleWebKit/537.36 (KHTML, like Gecko) Chrome/130.0.0.0 Mobile Safari/537.36"
111.90.182.134 - - [31/Mar/2026:15:58:00 +0000] "GET /wp-admin/helper.php?p=laptop-pc-sales&upload HTTP/1.1" 200 36645 "https://thecomputerdoctor.co.nz/wp-admin/helper.php?p=laptop-pc-sales" "Mozilla/5.0 (Windows NT 10.0; Win64; x64) AppleWebKit/537.36 (KHTML, like Gecko) Chrome/146.0.0.0 Safari/537.36"
111.90.182.134 - - [31/Mar/2026:15:58:06 +0000] "POST /wp-admin/helper.php?p=laptop-pc-sales HTTP/1.1" 200 52 "https://thecomputerdoctor.co.nz/wp-admin/helper.php?p=laptop-pc-sales&upload" "Mozilla/5.0 (Windows NT 10.0; Win64; x64) AppleWebKit/537.36 (KHTML, like Gecko) Chrome/146.0.0.0 Safari/537.36"
111.90.182.134 - - [31/Mar/2026:15:58:07 +0000] "GET /wp-admin/helper.php?p=laptop-pc-sales HTTP/1.1" 200 39844 "https://thecomputerdoctor.co.nz/wp-admin/helper.php?p=laptop-pc-sales&upload" "Mozilla/5.0 (Windows NT 10.0; Win64; x64) AppleWebKit/537.36 (KHTML, like Gecko) Chrome/146.0.0.0 Safari/537.36"
111.90.182.134 - - [31/Mar/2026:15:58:12 +0000] "POST /wp-admin/helper.php?p=laptop-pc-sales HTTP/1.1" 302 - "https://thecomputerdoctor.co.nz/wp-admin/helper.php?p=laptop-pc-sales" "Mozilla/5.0 (Windows NT 10.0; Win64; x64) AppleWebKit/537.36 (KHTML, like Gecko) Chrome/146.0.0.0 Safari/537.36"
111.90.182.134 - - [31/Mar/2026:15:58:12 +0000] "GET /wp-admin/helper.php?p=laptop-pc-sales HTTP/1.1" 200 39799 "https://thecomputerdoctor.co.nz/wp-admin/helper.php?p=laptop-pc-sales" "Mozilla/5.0 (Windows NT 10.0; Win64; x64) AppleWebKit/537.36 (KHTML, like Gecko) Chrome/146.0.0.0 Safari/537.36"
111.90.182.134 - - [31/Mar/2026:15:58:16 +0000] "GET /laptop-pc-sales/ HTTP/1.1" 200 227673 "-" "Mozilla/5.0 (Windows NT 10.0; Win64; x64) AppleWebKit/537.36 (KHTML, like Gecko) Chrome/146.0.0.0 Safari/537.36"
111.90.182.134 - - [31/Mar/2026:15:58:17 +0000] "POST /clientlog HTTP/1.1" 404 208178 "https://thecomputerdoctor.co.nz/laptop-pc-sales/" "Mozilla/5.0 (Windows NT 10.0; Win64; x64) AppleWebKit/537.36 (KHTML, like Gecko) Chrome/146.0.0.0 Safari/537.36"
111.90.182.134 - - [31/Mar/2026:15:58:17 +0000] "GET /images/1x1.gif?ch=1&rn=3.726541750651465 HTTP/1.1" 404 208178 "https://thecomputerdoctor.co.nz/laptop-pc-sales/" "Mozilla/5.0 (Windows NT 10.0; Win64; x64) AppleWebKit/537.36 (KHTML, like Gecko) Chrome/146.0.0.0 Safari/537.36"
111.90.182.134 - - [31/Mar/2026:15:58:17 +0000] "POST /clientlog HTTP/1.1" 404 208178 "https://thecomputerdoctor.co.nz/laptop-pc-sales/" "Mozilla/5.0 (Windows NT 10.0; Win64; x64) AppleWebKit/537.36 (KHTML, like Gecko) Chrome/146.0.0.0 Safari/537.36"
111.90.182.134 - - [31/Mar/2026:15:58:17 +0000] "GET /api/v3/ajax/bespoke/public/neu/specs/submenu?log_performance_metrics=false&specs%5Bsubmenu%5D%5B%5D=Etsy%5CModules%5CCategoryNav%5CSpecs%5CDropdownCatNav%5CDropdownSubmenu&runtime_analysis=false HTTP/1.1" 404 208178 "https://thecomputerdoctor.co.nz/laptop-pc-sales/" "Mozilla/5.0 (Windows NT 10.0; Win64; x64) AppleWebKit/537.36 (KHTML, like Gecko) Chrome/146.0.0.0 Safari/537.36"
111.90.182.134 - - [31/Mar/2026:15:58:17 +0000] "GET /images/1x1.gif?ch=2&rn=3.726541750651465 HTTP/1.1" 404 208178 "https://thecomputerdoctor.co.nz/laptop-pc-sales/" "Mozilla/5.0 (Windows NT 10.0; Win64; x64) AppleWebKit/537.36 (KHTML, like Gecko) Chrome/146.0.0.0 Safari/537.36"
45.79.238.235 - - [31/Mar/2026:15:58:20 +0000] "POST /wp-cron.php?doing_wp_cron=1774972700.2387819290161132812500 HTTP/1.1" 200 - "-" "WordPress/6.9.4; https://thecomputerdoctor.co.nz"
111.90.182.134 - - [31/Mar/2026:15:58:17 +0000] "POST /clientlog HTTP/1.1" 404 208178 "https://thecomputerdoctor.co.nz/laptop-pc-sales/" "Mozilla/5.0 (Windows NT 10.0; Win64; x64) AppleWebKit/537.36 (KHTML, like Gecko) Chrome/146.0.0.0 Safari/537.36"
111.90.182.134 - - [31/Mar/2026:15:58:17 +0000] "GET /api/v3/ajax/member/users/listings-favorites-collections-map?listing_ids%5B%5D=1790774795 HTTP/1.1" 404 208552 "https://thecomputerdoctor.co.nz/laptop-pc-sales/" "Mozilla/5.0 (Windows NT 10.0; Win64; x64) AppleWebKit/537.36 (KHTML, like Gecko) Chrome/146.0.0.0 Safari/537.36"
111.90.182.134 - - [31/Mar/2026:15:58:22 +0000] "POST /clientlog HTTP/1.1" 404 208178 "https://thecomputerdoctor.co.nz/laptop-pc-sales/" "Mozilla/5.0 (Windows NT 10.0; Win64; x64) AppleWebKit/537.36 (KHTML, like Gecko) Chrome/146.0.0.0 Safari/537.36"
66.249.64.105 - - [31/Mar/2026:15:58:38 +0000] "GET /laptop-pc-sales/ HTTP/1.1" 200 227673 "-" "Mozilla/5.0 (compatible; Google-InspectionTool/1.0;)"
66.249.64.106 - - [31/Mar/2026:15:58:38 +0000] "GET /laptop-pc-sales/ HTTP/1.1" 200 227673 "-" "Mozilla/5.0 (Linux; Android 6.0.1; Nexus 5X Build/MMB29P) AppleWebKit/537.36 (KHTML, like Gecko) Chrome/145.0.7632.159 Mobile Safari/537.36 (compatible; Google-InspectionTool/1.0;)"
66.249.64.105 - - [31/Mar/2026:15:58:45 +0000] "POST /clientlog HTTP/1.1" 200 188911 "https://thecomputerdoctor.co.nz/laptop-pc-sales/" "Mozilla/5.0 (X11; Linux x86_64) AppleWebKit/537.36 (KHTML, like Gecko) Chrome/146.0.7680.153 Safari/537.36 (compatible; Google-InspectionTool/1.0)"
66.249.64.106 - - [31/Mar/2026:15:58:46 +0000] "POST /clientlog HTTP/1.1" 200 188911 "https://thecomputerdoctor.co.nz/laptop-pc-sales/" "Mozilla/5.0 (Linux; Android 6.0.1; Nexus 5X Build/MMB29P) AppleWebKit/537.36 (KHTML, like Gecko) Chrome/146.0.7680.153 Mobile Safari/537.36 (compatible; Google-InspectionTool/1.0)"
66.249.64.105 - - [31/Mar/2026:15:58:46 +0000] "POST /clientlog HTTP/1.1" 200 188911 "https://thecomputerdoctor.co.nz/laptop-pc-sales/" "Mozilla/5.0 (X11; Linux x86_64) AppleWebKit/537.36 (KHTML, like Gecko) Chrome/146.0.7680.153 Safari/537.36 (compatible; Google-InspectionTool/1.0)"
66.249.64.105 - - [31/Mar/2026:15:58:46 +0000] "POST /clientlog HTTP/1.1" 200 188911 "https://thecomputerdoctor.co.nz/laptop-pc-sales/" "Mozilla/5.0 (X11; Linux x86_64) AppleWebKit/537.36 (KHTML, like Gecko) Chrome/146.0.7680.153 Safari/537.36 (compatible; Google-InspectionTool/1.0)"
66.249.64.105 - - [31/Mar/2026:15:58:47 +0000] "GET /api/v3/ajax/member/users/listings-favorites-collections-map?listing_ids%5B%5D=1790774795 HTTP/1.1" 200 192099 "https://thecomputerdoctor.co.nz/laptop-pc-sales/" "Mozilla/5.0 (X11; Linux x86_64) AppleWebKit/537.36 (KHTML, like Gecko) Chrome/146.0.7680.153 Safari/537.36 (compatible; Google-InspectionTool/1.0)"
66.249.64.106 - - [31/Mar/2026:15:58:47 +0000] "POST /clientlog HTTP/1.1" 200 188911 "https://thecomputerdoctor.co.nz/laptop-pc-sales/" "Mozilla/5.0 (Linux; Android 6.0.1; Nexus 5X Build/MMB29P) AppleWebKit/537.36 (KHTML, like Gecko) Chrome/146.0.7680.153 Mobile Safari/537.36 (compatible; Google-InspectionTool/1.0)"
66.249.64.105 - - [31/Mar/2026:15:58:48 +0000] "POST /clientlog HTTP/1.1" 200 188911 "https://thecomputerdoctor.co.nz/laptop-pc-sales/" "Mozilla/5.0 (X11; Linux x86_64) AppleWebKit/537.36 (KHTML, like Gecko) Chrome/146.0.7680.153 Safari/537.36 (compatible; Google-InspectionTool/1.0)"
66.249.64.105 - - [31/Mar/2026:15:58:48 +0000] "POST /clientlog HTTP/1.1" 200 188911 "https://thecomputerdoctor.co.nz/laptop-pc-sales/" "Mozilla/5.0 (Linux; Android 6.0.1; Nexus 5X Build/MMB29P) AppleWebKit/537.36 (KHTML, like Gecko) Chrome/146.0.7680.153 Mobile Safari/537.36 (compatible; Google-InspectionTool/1.0)"
66.249.64.106 - - [31/Mar/2026:15:58:48 +0000] "GET /api/v3/ajax/member/users/listings-favorites-collections-map?listing_ids%5B%5D=1790774795 HTTP/1.1" 200 192099 "https://thecomputerdoctor.co.nz/laptop-pc-sales/" "Mozilla/5.0 (Linux; Android 6.0.1; Nexus 5X Build/MMB29P) AppleWebKit/537.36 (KHTML, like Gecko) Chrome/146.0.7680.153 Mobile Safari/537.36 (compatible; Google-InspectionTool/1.0)"
66.249.64.106 - - [31/Mar/2026:15:58:48 +0000] "GET /api/v3/ajax/bespoke/public/neu/specs/catnav-mobile?log_performance_metrics=false&specs%5Bcatnav-mobile%5D%5B%5D=CategoryNav_V2_Mobile_ApiSpec_CategoryNav&specs%5Bcatnav-mobile%5D%5B1%5D%5Bmott_version%5D=761dfd2&specs%5Bcatnav-mobile%5D%5B1%5D%5Bshow_sales%5D=false&specs%5Bcatnav-mobile%5D%5B1%5D%5Bcatnav_gift_guide%5D=off&specs%5Bcatnav-mobile%5D%5B1%5D%5Bgifting_catnav_flyout_js%5D=false&specs%5Bcatnav-mobile%5D%5B1%5D%5Bshould_show_registry_on_nav%5D=false&specs%5Bcatnav-mobile%5D%5B1%5D%5Bshould_use_gifting_taxos_in_nav_flyout%5D=false&specs%5Bcatnav-mobile%5D%5B1%5D%5Blocale%5D=IDR%7Cen-GB%7CID&specs%5Bcatnav-mobile%5D%5B1%5D%5Bshould_use_buyer_taxo%5D=false&runtime_analysis=false HTTP/1.1" 200 211572 "https://thecomputerdoctor.co.nz/laptop-pc-sales/" "Mozilla/5.0 (Linux; Android 6.0.1; Nexus 5X Build/MMB29P) AppleWebKit/537.36 (KHTML, like Gecko) Chrome/146.0.7680.153 Mobile Safari/537.36 (compatible; Google-InspectionTool/1.0)"
40.77.179.142 - - [31/Mar/2026:15:58:49 +0000] "POST /?wc-ajax=get_refreshed_fragments HTTP/1.1" 200 192720 "https://thecomputerdoctor.co.nz/2026/02/25/new-zealand-at-casino-rama" "Mozilla/5.0 AppleWebKit/537.36 (KHTML, like Gecko; compatible; bingbot/2.0; +http://www.bing.com/bingbot.htm) Chrome/136.0.0.0 Safari/537.36"
66.249.64.105 - - [31/Mar/2026:15:58:49 +0000] "POST /clientlog HTTP/1.1" 200 188911 "https://thecomputerdoctor.co.nz/laptop-pc-sales/" "Mozilla/5.0 (Linux; Android 6.0.1; Nexus 5X Build/MMB29P) AppleWebKit/537.36 (KHTML, like Gecko) Chrome/146.0.7680.153 Mobile Safari/537.36 (compatible; Google-InspectionTool/1.0)"
45.79.238.235 - - [31/Mar/2026:15:58:49 +0000] "POST /wp-cron.php?doing_wp_cron=1774972729.7792530059814453125000 HTTP/1.1" 200 - "-" "WordPress/6.9.4; https://thecomputerdoctor.co.nz"
66.249.64.106 - - [31/Mar/2026:15:58:47 +0000] "GET /images/1x1.gif?ch=2&rn=6.9456386372912675 HTTP/1.1" 404 208178 "https://thecomputerdoctor.co.nz/laptop-pc-sales/" "Mozilla/5.0 (X11; Linux x86_64) AppleWebKit/537.36 (KHTML, like Gecko) Chrome/146.0.7680.153 Safari/537.36 (compatible; Google-InspectionTool/1.0)"
66.249.64.106 - - [31/Mar/2026:15:58:47 +0000] "GET /images/1x1.gif?ch=1&rn=6.9456386372912675 HTTP/1.1" 404 208178 "https://thecomputerdoctor.co.nz/laptop-pc-sales/" "Mozilla/5.0 (X11; Linux x86_64) AppleWebKit/537.36 (KHTML, like Gecko) Chrome/146.0.7680.153 Safari/537.36 (compatible; Google-InspectionTool/1.0)"
66.249.64.106 - - [31/Mar/2026:15:58:48 +0000] "GET /images/1x1.gif?ch=2&rn=5.8598070540465415 HTTP/1.1" 404 208201 "https://thecomputerdoctor.co.nz/laptop-pc-sales/" "Mozilla/5.0 (Linux; Android 6.0.1; Nexus 5X Build/MMB29P) AppleWebKit/537.36 (KHTML, like Gecko) Chrome/146.0.7680.153 Mobile Safari/537.36 (compatible; Google-InspectionTool/1.0)"
66.249.64.106 - - [31/Mar/2026:15:58:50 +0000] "GET /api/v3/ajax/bespoke/public/neu/specs/submenu?log_performance_metrics=false&specs%5Bsubmenu%5D%5B%5D=Etsy%5CModules%5CCategoryNav%5CSpecs%5CDropdownCatNav%5CDropdownSubmenu&runtime_analysis=false HTTP/1.1" 200 196777 "https://thecomputerdoctor.co.nz/laptop-pc-sales/" "Mozilla/5.0 (X11; Linux x86_64) AppleWebKit/537.36 (KHTML, like Gecko) Chrome/146.0.7680.153 Safari/537.36 (compatible; Google-InspectionTool/1.0)"
66.249.64.106 - - [31/Mar/2026:15:58:49 +0000] "GET /images/1x1.gif?ch=1&rn=5.8598070540465415 HTTP/1.1" 404 208201 "https://thecomputerdoctor.co.nz/laptop-pc-sales/" "Mozilla/5.0 (Linux; Android 6.0.1; Nexus 5X Build/MMB29P) AppleWebKit/537.36 (KHTML, like Gecko) Chrome/146.0.7680.153 Mobile Safari/537.36 (compatible; Google-InspectionTool/1.0)"
66.249.64.105 - - [31/Mar/2026:15:58:52 +0000] "POST /api/v3/ajax/bespoke/member/neu/specs/listing_async_bottom HTTP/1.1" 200 189603 "https://thecomputerdoctor.co.nz/laptop-pc-sales/" "Mozilla/5.0 (X11; Linux x86_64) AppleWebKit/537.36 (KHTML, like Gecko) Chrome/146.0.7680.153 Safari/537.36 (compatible; Google-InspectionTool/1.0)"
66.249.64.106 - - [31/Mar/2026:15:58:52 +0000] "POST /api/v3/ajax/bespoke/member/neu/specs/listing_async_bottom_collections HTTP/1.1" 200 195380 "https://thecomputerdoctor.co.nz/laptop-pc-sales/" "Mozilla/5.0 (X11; Linux x86_64) AppleWebKit/537.36 (KHTML, like Gecko) Chrome/146.0.7680.153 Safari/537.36 (compatible; Google-InspectionTool/1.0)"
66.249.64.106 - - [31/Mar/2026:15:58:53 +0000] "POST /api/v3/ajax/bespoke/member/neu/specs/listing_async_bottom_collections HTTP/1.1" 200 195380 "https://thecomputerdoctor.co.nz/laptop-pc-sales/" "Mozilla/5.0 (Linux; Android 6.0.1; Nexus 5X Build/MMB29P) AppleWebKit/537.36 (KHTML, like Gecko) Chrome/146.0.7680.153 Mobile Safari/537.36 (compatible; Google-InspectionTool/1.0)"
