66.249.64.105 - - [31/Mar/2026:15:58:53 +0000] "POST /api/v3/ajax/bespoke/member/neu/specs/listing_async_bottom HTTP/1.1" 200 189603 "https://thecomputerdoctor.co.nz/laptop-pc-sales/" "Mozilla/5.0 (Linux; Android 6.0.1; Nexus 5X Build/MMB29P) AppleWebKit/537.36 (KHTML, like Gecko) Chrome/146.0.7680.153 Mobile Safari/537.36 (compatible; Google-InspectionTool/1.0)"
66.249.64.105 - - [31/Mar/2026:15:58:53 +0000] "GET /images/1x1.gif?ch=1&rn=1.3014117497950792 HTTP/1.1" 404 208178 "https://thecomputerdoctor.co.nz/laptop-pc-sales/" "Mozilla/5.0 (X11; Linux x86_64) AppleWebKit/537.36 (KHTML, like Gecko) Chrome/146.0.7680.153 Safari/537.36 (compatible; Google-InspectionTool/1.0)"
66.249.64.105 - - [31/Mar/2026:15:58:53 +0000] "GET /images/1x1.gif?ch=2&rn=1.3014117497950792 HTTP/1.1" 404 208178 "https://thecomputerdoctor.co.nz/laptop-pc-sales/" "Mozilla/5.0 (X11; Linux x86_64) AppleWebKit/537.36 (KHTML, like Gecko) Chrome/146.0.7680.153 Safari/537.36 (compatible; Google-InspectionTool/1.0)"
66.249.64.105 - - [31/Mar/2026:15:58:54 +0000] "GET /images/1x1.gif?ch=2&rn=6.863250176655129 HTTP/1.1" 404 208201 "https://thecomputerdoctor.co.nz/laptop-pc-sales/" "Mozilla/5.0 (Linux; Android 6.0.1; Nexus 5X Build/MMB29P) AppleWebKit/537.36 (KHTML, like Gecko) Chrome/146.0.7680.153 Mobile Safari/537.36 (compatible; Google-InspectionTool/1.0)"
66.249.64.106 - - [31/Mar/2026:15:58:54 +0000] "GET /images/1x1.gif?ch=1&rn=6.863250176655129 HTTP/1.1" 404 208201 "https://thecomputerdoctor.co.nz/laptop-pc-sales/" "Mozilla/5.0 (Linux; Android 6.0.1; Nexus 5X Build/MMB29P) AppleWebKit/537.36 (KHTML, like Gecko) Chrome/146.0.7680.153 Mobile Safari/537.36 (compatible; Google-InspectionTool/1.0)"
45.79.238.235 - - [31/Mar/2026:15:59:41 +0000] "POST /wp-cron.php?doing_wp_cron=1774972781.8392879962921142578125 HTTP/1.1" 200 - "-" "WordPress/6.9.4; https://thecomputerdoctor.co.nz"
111.90.182.134 - - [31/Mar/2026:15:59:39 +0000] "GET / HTTP/1.1" 200 311108 "https://www.google.com/" "Mozilla/5.0 (Windows NT 10.0; Win64; x64) AppleWebKit/537.36 (KHTML, like Gecko) Chrome/146.0.0.0 Safari/537.36"
111.90.182.134 - - [31/Mar/2026:15:59:42 +0000] "GET /laptop-pc-sales/ HTTP/1.1" 200 227673 "https://www.google.com/" "Mozilla/5.0 (Windows NT 10.0; Win64; x64) AppleWebKit/537.36 (KHTML, like Gecko) Chrome/146.0.0.0 Safari/537.36"
111.90.182.134 - - [31/Mar/2026:15:59:45 +0000] "GET /console-repairs/ HTTP/1.1" 200 359778 "https://www.google.com/" "Mozilla/5.0 (Windows NT 10.0; Win64; x64) AppleWebKit/537.36 (KHTML, like Gecko) Chrome/146.0.0.0 Safari/537.36"
111.90.182.134 - - [31/Mar/2026:15:59:42 +0000] "GET /api/v3/ajax/member/users/listings-favorites-collections-map?listing_ids%5B%5D=1790774795 HTTP/1.1" 404 208552 "https://thecomputerdoctor.co.nz/laptop-pc-sales/" "Mozilla/5.0 (Windows NT 10.0; Win64; x64) AppleWebKit/537.36 (KHTML, like Gecko) Chrome/146.0.0.0 Safari/537.36"
111.90.182.134 - - [31/Mar/2026:15:59:42 +0000] "POST /clientlog HTTP/1.1" 404 208178 "https://thecomputerdoctor.co.nz/laptop-pc-sales/" "Mozilla/5.0 (Windows NT 10.0; Win64; x64) AppleWebKit/537.36 (KHTML, like Gecko) Chrome/146.0.0.0 Safari/537.36"
111.90.182.134 - - [31/Mar/2026:15:59:43 +0000] "GET /images/1x1.gif?ch=2&rn=7.250356761325779 HTTP/1.1" 404 208178 "https://thecomputerdoctor.co.nz/laptop-pc-sales/" "Mozilla/5.0 (Windows NT 10.0; Win64; x64) AppleWebKit/537.36 (KHTML, like Gecko) Chrome/146.0.0.0 Safari/537.36"
111.90.182.134 - - [31/Mar/2026:15:59:42 +0000] "POST /clientlog HTTP/1.1" 404 208178 "https://thecomputerdoctor.co.nz/laptop-pc-sales/" "Mozilla/5.0 (Windows NT 10.0; Win64; x64) AppleWebKit/537.36 (KHTML, like Gecko) Chrome/146.0.0.0 Safari/537.36"
111.90.182.134 - - [31/Mar/2026:15:59:43 +0000] "GET /api/v3/ajax/bespoke/public/neu/specs/submenu?log_performance_metrics=false&specs%5Bsubmenu%5D%5B%5D=Etsy%5CModules%5CCategoryNav%5CSpecs%5CDropdownCatNav%5CDropdownSubmenu&runtime_analysis=false HTTP/1.1" 404 208178 "https://thecomputerdoctor.co.nz/laptop-pc-sales/" "Mozilla/5.0 (Windows NT 10.0; Win64; x64) AppleWebKit/537.36 (KHTML, like Gecko) Chrome/146.0.0.0 Safari/537.36"
45.79.238.235 - - [31/Mar/2026:15:59:47 +0000] "POST /wp-cron.php?doing_wp_cron=1774972787.0962069034576416015625 HTTP/1.1" 200 - "-" "WordPress/6.9.4; https://thecomputerdoctor.co.nz"
111.90.182.134 - - [31/Mar/2026:15:59:43 +0000] "POST /clientlog HTTP/1.1" 404 208178 "https://thecomputerdoctor.co.nz/laptop-pc-sales/" "Mozilla/5.0 (Windows NT 10.0; Win64; x64) AppleWebKit/537.36 (KHTML, like Gecko) Chrome/146.0.0.0 Safari/537.36"
111.90.182.134 - - [31/Mar/2026:15:59:43 +0000] "GET /images/1x1.gif?ch=1&rn=7.250356761325779 HTTP/1.1" 404 208178 "https://thecomputerdoctor.co.nz/laptop-pc-sales/" "Mozilla/5.0 (Windows NT 10.0; Win64; x64) AppleWebKit/537.36 (KHTML, like Gecko) Chrome/146.0.0.0 Safari/537.36"
111.90.182.134 - - [31/Mar/2026:15:59:47 +0000] "POST /datalayer/ga/cartlayer HTTP/1.1" 404 208178 "https://thecomputerdoctor.co.nz/console-repairs/" "Mozilla/5.0 (Windows NT 10.0; Win64; x64) AppleWebKit/537.36 (KHTML, like Gecko) Chrome/146.0.0.0 Safari/537.36"
111.90.182.134 - - [31/Mar/2026:15:59:48 +0000] "GET /track-my-repair/ HTTP/1.1" 200 226738 "https://www.google.com/" "Mozilla/5.0 (Windows NT 10.0; Win64; x64) AppleWebKit/537.36 (KHTML, like Gecko) Chrome/146.0.0.0 Safari/537.36"
111.90.182.134 - - [31/Mar/2026:15:59:51 +0000] "POST /?wc-ajax=get_refreshed_fragments HTTP/1.1" 200 6551 "https://thecomputerdoctor.co.nz/track-my-repair/" "Mozilla/5.0 (Windows NT 10.0; Win64; x64) AppleWebKit/537.36 (KHTML, like Gecko) Chrome/146.0.0.0 Safari/537.36"
45.79.238.235 - - [31/Mar/2026:16:00:58 +0000] "POST /wp-cron.php?doing_wp_cron=1774972857.9950470924377441406250 HTTP/1.1" 200 - "-" "WordPress/6.9.4; https://thecomputerdoctor.co.nz"
192.0.103.42 - - [31/Mar/2026:16:00:54 +0000] "GET / HTTP/1.1" 200 311108 "-" "jetmon/1.0 (Jetpack Site Uptime Monitor by WordPress.com)"
66.249.64.106 - - [31/Mar/2026:16:01:34 +0000] "GET /laptop-pc-sales/ HTTP/1.1" 200 227673 "-" "Mozilla/5.0 (Linux; Android 6.0.1; Nexus 5X Build/MMB29P) AppleWebKit/537.36 (KHTML, like Gecko) Chrome/146.0.7680.153 Mobile Safari/537.36 (compatible; Googlebot/2.1; +http://www.google.com/bot.html)"
66.249.64.107 - - [31/Mar/2026:16:02:02 +0000] "POST /clientlog HTTP/1.1" 200 188911 "https://thecomputerdoctor.co.nz/laptop-pc-sales/" "Mozilla/5.0 (Linux; Android 6.0.1; Nexus 5X Build/MMB29P) AppleWebKit/537.36 (KHTML, like Gecko) Chrome/146.0.7680.153 Mobile Safari/537.36 (compatible; Googlebot/2.1; +http://www.google.com/bot.html)"
66.249.64.107 - - [31/Mar/2026:16:02:03 +0000] "POST /clientlog HTTP/1.1" 200 188911 "https://thecomputerdoctor.co.nz/laptop-pc-sales/" "Mozilla/5.0 (Linux; Android 6.0.1; Nexus 5X Build/MMB29P) AppleWebKit/537.36 (KHTML, like Gecko) Chrome/146.0.7680.153 Mobile Safari/537.36 (compatible; Googlebot/2.1; +http://www.google.com/bot.html)"
66.249.64.105 - - [31/Mar/2026:16:02:03 +0000] "POST /clientlog HTTP/1.1" 200 188911 "https://thecomputerdoctor.co.nz/laptop-pc-sales/" "Mozilla/5.0 (Linux; Android 6.0.1; Nexus 5X Build/MMB29P) AppleWebKit/537.36 (KHTML, like Gecko) Chrome/146.0.7680.153 Mobile Safari/537.36 (compatible; Googlebot/2.1; +http://www.google.com/bot.html)"
66.249.64.106 - - [31/Mar/2026:16:02:04 +0000] "POST /clientlog HTTP/1.1" 200 188911 "https://thecomputerdoctor.co.nz/laptop-pc-sales/" "Mozilla/5.0 (Linux; Android 6.0.1; Nexus 5X Build/MMB29P) AppleWebKit/537.36 (KHTML, like Gecko) Chrome/146.0.7680.153 Mobile Safari/537.36 (compatible; Googlebot/2.1; +http://www.google.com/bot.html)"
66.249.64.105 - - [31/Mar/2026:16:02:26 +0000] "GET /products/detail/204003444 HTTP/1.1" 200 198046 "-" "Mozilla/5.0 (Linux; Android 6.0.1; Nexus 5X Build/MMB29P) AppleWebKit/537.36 (KHTML, like Gecko) Chrome/146.0.7680.153 Mobile Safari/537.36 (compatible; Googlebot/2.1; +http://www.google.com/bot.html)"
66.249.64.105 - - [31/Mar/2026:16:02:26 +0000] "GET /?p=3509 HTTP/1.1" 200 192278 "-" "Mozilla/5.0 (Linux; Android 6.0.1; Nexus 5X Build/MMB29P) AppleWebKit/537.36 (KHTML, like Gecko) Chrome/146.0.7680.153 Mobile Safari/537.36 (compatible; Googlebot/2.1; +http://www.google.com/bot.html)"
66.249.64.105 - - [31/Mar/2026:16:02:26 +0000] "GET /products/detail/326937252 HTTP/1.1" 200 191850 "-" "Mozilla/5.0 (Linux; Android 6.0.1; Nexus 5X Build/MMB29P) AppleWebKit/537.36 (KHTML, like Gecko) Chrome/146.0.7680.153 Mobile Safari/537.36 (compatible; Googlebot/2.1; +http://www.google.com/bot.html)"
66.249.64.106 - - [31/Mar/2026:16:02:28 +0000] "GET /2026/02/25/big-win-pokies-in-australia-real-money/ HTTP/1.1" 200 205998 "-" "Mozilla/5.0 (Linux; Android 6.0.1; Nexus 5X Build/MMB29P) AppleWebKit/537.36 (KHTML, like Gecko) Chrome/146.0.7680.153 Mobile Safari/537.36 (compatible; Googlebot/2.1; +http://www.google.com/bot.html)"
66.249.64.106 - - [31/Mar/2026:16:02:28 +0000] "GET /products/detail/311211666 HTTP/1.1" 200 192361 "-" "Mozilla/5.0 (Linux; Android 6.0.1; Nexus 5X Build/MMB29P) AppleWebKit/537.36 (KHTML, like Gecko) Chrome/146.0.7680.153 Mobile Safari/537.36 (compatible; Googlebot/2.1; +http://www.google.com/bot.html)"
66.249.64.105 - - [31/Mar/2026:16:02:29 +0000] "GET /2026/02/25/watersmeet-au-casino/ HTTP/1.1" 200 188946 "-" "Mozilla/5.0 (Linux; Android 6.0.1; Nexus 5X Build/MMB29P) AppleWebKit/537.36 (KHTML, like Gecko) Chrome/146.0.7680.153 Mobile Safari/537.36 (compatible; Googlebot/2.1; +http://www.google.com/bot.html)"
74.7.228.14 - - [31/Mar/2026:16:02:40 +0000] "GET / HTTP/1.1" 403 - "https://tcdcloud.nz/robots.txt" "Mozilla/5.0 (Macintosh; Intel Mac OS X 10_15_7) AppleWebKit/537.36 (KHTML, like Gecko) Chrome/131.0.0.0 Safari/537.36; compatible; OAI-SearchBot/1.3; robots.txt; +https://openai.com/searchbot"
66.249.64.107 - - [31/Mar/2026:16:03:30 +0000] "GET /2026/02/25/new-pokies-online-best-sites/ HTTP/1.1" 200 205874 "-" "Mozilla/5.0 (Linux; Android 6.0.1; Nexus 5X Build/MMB29P) AppleWebKit/537.36 (KHTML, like Gecko) Chrome/146.0.7680.153 Mobile Safari/537.36 (compatible; Googlebot/2.1; +http://www.google.com/bot.html)"
45.79.238.235 - - [31/Mar/2026:16:04:07 +0000] "POST /wp-cron.php?doing_wp_cron=1774973047.2500870227813720703125 HTTP/1.1" 200 - "-" "WordPress/6.9.4; https://thecomputerdoctor.co.nz"
102.165.52.133 - - [31/Mar/2026:16:04:05 +0000] "GET / HTTP/1.1" 200 311108 "-" "Mozilla/5.0 (X11; Linux i686; rv:114.0) Gecko/20100101 Firefox/114.0"
102.165.52.133 - - [31/Mar/2026:16:04:08 +0000] "GET /wp-admin/post.php?post= HTTP/1.1" 302 - "https://thecomputerdoctor.co.nz/" "Mozilla/5.0 (Windows NT 6.3; Win64; x64) AppleWebKit/537.36 (KHTML, like Gecko) Chrome/103.0.0.0 Safari/537.36"
66.249.64.105 - - [31/Mar/2026:16:05:31 +0000] "GET /product/promate-7-in-1-usb-multi-port-hub-with-usb-c-connector-with-4k-hdmi/ HTTP/1.1" 200 199511 "-" "Mozilla/5.0 (Linux; Android 6.0.1; Nexus 5X Build/MMB29P) AppleWebKit/537.36 (KHTML, like Gecko) Chrome/146.0.7680.153 Mobile Safari/537.36 (compatible; Googlebot/2.1; +http://www.google.com/bot.html)"
45.79.238.235 - - [31/Mar/2026:16:05:56 +0000] "POST /wp-cron.php?doing_wp_cron=1774973156.8137609958648681640625 HTTP/1.1" 200 - "-" "WordPress/6.9.4; https://thecomputerdoctor.co.nz"
192.0.103.42 - - [31/Mar/2026:16:05:54 +0000] "GET / HTTP/1.1" 200 311108 "-" "jetmon/1.0 (Jetpack Site Uptime Monitor by WordPress.com)"
66.249.64.105 - - [31/Mar/2026:16:07:32 +0000] "GET /products/detail/67027040 HTTP/1.1" 200 199736 "-" "Mozilla/5.0 (Linux; Android 6.0.1; Nexus 5X Build/MMB29P) AppleWebKit/537.36 (KHTML, like Gecko) Chrome/146.0.7680.153 Mobile Safari/537.36 (compatible; Googlebot/2.1; +http://www.google.com/bot.html)"
2001:448a:2083:7ac5:3c50:3b6d:be24:aa4 - - [31/Mar/2026:16:07:41 +0000] "GET /business-it/ HTTP/1.1" 200 615858 "https://www.google.com/" "Mozilla/5.0 (Linux; Android 10; K) AppleWebKit/537.36 (KHTML, like Gecko) Chrome/146.0.0.0 Mobile Safari/537.36"
45.79.238.235 - - [31/Mar/2026:16:07:44 +0000] "POST /wp-cron.php?doing_wp_cron=1774973263.9862880706787109375000 HTTP/1.1" 200 - "-" "WordPress/6.9.4; https://thecomputerdoctor.co.nz"
2001:448a:2083:7ac5:3c50:3b6d:be24:aa4 - - [31/Mar/2026:16:07:42 +0000] "GET /content/dam/vijaysaleswebsite/images/desktop/reviews%20bg%20-%20desktop.png HTTP/1.1" 404 208201 "https://thecomputerdoctor.co.nz/business-it/" "Mozilla/5.0 (Linux; Android 10; K) AppleWebKit/537.36 (KHTML, like Gecko) Chrome/146.0.0.0 Mobile Safari/537.36"
2001:448a:2083:7ac5:3c50:3b6d:be24:aa4 - - [31/Mar/2026:16:07:42 +0000] "GET /content/dam/vijaysaleswebsite/images/mobile/reviews%20bg%20-%20mobile.png HTTP/1.1" 404 208201 "https://thecomputerdoctor.co.nz/business-it/" "Mozilla/5.0 (Linux; Android 10; K) AppleWebKit/537.36 (KHTML, like Gecko) Chrome/146.0.0.0 Mobile Safari/537.36"
2001:448a:2083:7ac5:3c50:3b6d:be24:aa4 - - [31/Mar/2026:16:07:45 +0000] "GET /content/dam/vijaysaleswebsite/icons/white-plus.svg HTTP/1.1" 404 208201 "https://thecomputerdoctor.co.nz/business-it/" "Mozilla/5.0 (Linux; Android 10; K) AppleWebKit/537.36 (KHTML, like Gecko) Chrome/146.0.0.0 Mobile Safari/537.36"
2001:448a:2083:7ac5:3c50:3b6d:be24:aa4 - - [31/Mar/2026:16:07:45 +0000] "GET /libs/granite/csrf/token.json HTTP/1.1" 404 208201 "https://thecomputerdoctor.co.nz/business-it/" "Mozilla/5.0 (Linux; Android 10; K) AppleWebKit/537.36 (KHTML, like Gecko) Chrome/146.0.0.0 Mobile Safari/537.36"
2001:448a:2083:7ac5:3c50:3b6d:be24:aa4 - - [31/Mar/2026:16:07:46 +0000] "GET /api/graphql?query=query%20%7B%20products(filter%3A%20%7B%20sku%3A%20%7B%20in%3A%20%5B%22PIRMTG-984721%22%5D%20%7D%7D%20)%20%7B%20items%20%7B%20__typename%20sku%20price_range%20%7B%20minimum_price%20%7Bregular_price%20%7B%20value%20currency%20%7D%20final_price%20%7B%20value%20currency%20%7D%20discount%20%7B%20amount_off%20percent_off%20%7D%7D%20%7D%20...%20on%20ConfigurableProduct%20%7B%20price_range%20%7B%20maximum_price%20%7Bregular_price%20%7B%20value%20currency%20%7D%20final_price%20%7B%20value%20currency%20%7D%20discount%20%7B%20amount_off%20percent_off%20%7D%7D%20%7D%20variants%20%7B%20product%20%7B%20sku%20price_range%20%7B%20minimum_price%20%7Bregular_price%20%7B%20value%20currency%20%7D%20final_price%20%7B%20value%20currency%20%7D%20discount%20%7B%20amount_off%20percent_off%20%7D%7D%20%7D%20%7D%20%7D%20%7D%20...%20on%20GroupedProduct%20%7B%20items%20%7B%20product%20%7B%20sku%20price_range%20%7B%20minimum_price%20%7Bregular_price%20%7B%20value%20currency%20%7D%20final_price%20%7B%20value%20currency%20%7D%20discount%20%7B%20amount_off%20percent_off%20%7D%7D%20%7D%20%7D%20%7D%20%7D%20...%20on%20BundleProduct%20%7B%20price_range%20%7B%20maximum_price%20%7Bregular_price%20%7B%20value%20currency%20%7D%20final_price%20%7B%20value%20currency%20%7D%20discount%20%7B%20amount_off%20percent_off%20%7D%7D%20%7D%20%7D%20%7D%20%7D%20%7D HTTP/1.1" 404 208575 "https://thecomputerdoctor.co.nz/business-it/" "Mozilla/5.0 (Linux; Android 10; K) AppleWebKit/537.36 (KHTML, like Gecko) Chrome/146.0.0.0 Mobile Safari/537.36"
40.77.178.181 - - [31/Mar/2026:16:08:20 +0000] "POST /?wc-ajax=get_refreshed_fragments HTTP/1.1" 200 192720 "https://thecomputerdoctor.co.nz/2026/02/25/pokies-for-australias" "Mozilla/5.0 AppleWebKit/537.36 (KHTML, like Gecko; compatible; bingbot/2.0; +http://www.bing.com/bingbot.htm) Chrome/136.0.0.0 Safari/537.36"
182.3.69.200 - - [31/Mar/2026:16:09:53 +0000] "GET /shop/page/3/ HTTP/1.1" 200 226897 "https://www.google.com/" "Mozilla/5.0 (Linux; Android 10; K) AppleWebKit/537.36 (KHTML, like Gecko) Chrome/146.0.0.0 Safari/537.36"
45.79.238.235 - - [31/Mar/2026:16:09:58 +0000] "POST /wp-cron.php?doing_wp_cron=1774973398.3969330787658691406250 HTTP/1.1" 200 - "-" "WordPress/6.9.4; https://thecomputerdoctor.co.nz"
182.3.69.200 - - [31/Mar/2026:16:09:56 +0000] "POST /clientlog HTTP/1.1" 404 208178 "https://thecomputerdoctor.co.nz/shop/page/3/" "Mozilla/5.0 (Linux; Android 10; K) AppleWebKit/537.36 (KHTML, like Gecko) Chrome/146.0.0.0 Safari/537.36"
182.3.69.200 - - [31/Mar/2026:16:09:57 +0000] "POST /clientlog HTTP/1.1" 404 208178 "https://thecomputerdoctor.co.nz/shop/page/3/" "Mozilla/5.0 (Linux; Android 10; K) AppleWebKit/537.36 (KHTML, like Gecko) Chrome/146.0.0.0 Safari/537.36"
182.3.69.200 - - [31/Mar/2026:16:09:57 +0000] "GET /api/v3/ajax/member/users/listings-favorites-collections-map?listing_ids%5B%5D=1790774795 HTTP/1.1" 404 208552 "https://thecomputerdoctor.co.nz/shop/page/3/" "Mozilla/5.0 (Linux; Android 10; K) AppleWebKit/537.36 (KHTML, like Gecko) Chrome/146.0.0.0 Safari/537.36"
182.3.69.200 - - [31/Mar/2026:16:09:57 +0000] "POST /clientlog HTTP/1.1" 404 208178 "https://thecomputerdoctor.co.nz/shop/page/3/" "Mozilla/5.0 (Linux; Android 10; K) AppleWebKit/537.36 (KHTML, like Gecko) Chrome/146.0.0.0 Safari/537.36"
182.3.69.200 - - [31/Mar/2026:16:09:59 +0000] "GET /api/v3/ajax/bespoke/public/neu/specs/catnav-mobile?log_performance_metrics=false&specs%5Bcatnav-mobile%5D%5B%5D=CategoryNav_V2_Mobile_ApiSpec_CategoryNav&specs%5Bcatnav-mobile%5D%5B1%5D%5Bmott_version%5D=761dfd2&specs%5Bcatnav-mobile%5D%5B1%5D%5Bshow_sales%5D=false&specs%5Bcatnav-mobile%5D%5B1%5D%5Bcatnav_gift_guide%5D=off&specs%5Bcatnav-mobile%5D%5B1%5D%5Bgifting_catnav_flyout_js%5D=false&specs%5Bcatnav-mobile%5D%5B1%5D%5Bshould_show_registry_on_nav%5D=false&specs%5Bcatnav-mobile%5D%5B1%5D%5Bshould_use_gifting_taxos_in_nav_flyout%5D=false&specs%5Bcatnav-mobile%5D%5B1%5D%5Blocale%5D=IDR%7Cen-GB%7CID&specs%5Bcatnav-mobile%5D%5B1%5D%5Bshould_use_buyer_taxo%5D=false&runtime_analysis=false HTTP/1.1" 404 208178 "https://thecomputerdoctor.co.nz/shop/page/3/" "Mozilla/5.0 (Linux; Android 10; K) AppleWebKit/537.36 (KHTML, like Gecko) Chrome/146.0.0.0 Safari/537.36"
182.3.69.200 - - [31/Mar/2026:16:09:59 +0000] "GET /images/1x1.gif?ch=1&rn=9.129362482914818 HTTP/1.1" 404 208178 "https://thecomputerdoctor.co.nz/shop/page/3/" "Mozilla/5.0 (Linux; Android 10; K) AppleWebKit/537.36 (KHTML, like Gecko) Chrome/146.0.0.0 Safari/537.36"
182.3.69.200 - - [31/Mar/2026:16:10:00 +0000] "POST /clientlog HTTP/1.1" 404 208178 "https://thecomputerdoctor.co.nz/shop/page/3/" "Mozilla/5.0 (Linux; Android 10; K) AppleWebKit/537.36 (KHTML, like Gecko) Chrome/146.0.0.0 Safari/537.36"
182.3.69.200 - - [31/Mar/2026:16:10:00 +0000] "GET /images/1x1.gif?ch=2&rn=9.129362482914818 HTTP/1.1" 404 208178 "https://thecomputerdoctor.co.nz/shop/page/3/" "Mozilla/5.0 (Linux; Android 10; K) AppleWebKit/537.36 (KHTML, like Gecko) Chrome/146.0.0.0 Safari/537.36"
110.249.202.67 - - [31/Mar/2026:16:10:09 +0000] "GET / HTTP/1.1" 403 - "-" "Mozilla/5.0 (Linux; Android 5.0) AppleWebKit/537.36 (KHTML, like Gecko) Mobile Safari/537.36 (compatible; Bytespider; https://zhanzhang.toutiao.com/)"
45.79.238.235 - - [31/Mar/2026:16:10:24 +0000] "POST /wp-cron.php?doing_wp_cron=1774973424.0033819675445556640625 HTTP/1.1" 200 - "-" "WordPress/6.9.4; https://thecomputerdoctor.co.nz"
171.25.193.132 - - [31/Mar/2026:16:10:21 +0000] "GET / HTTP/1.1" 200 311131 "-" "Mozilla/5.0 (Linux; Android 10; K) AppleWebKit/537.36 (KHTML, like Gecko) Chrome/144.0.0.0 Mobile Safari/537.36"
45.66.35.21 - - [31/Mar/2026:16:10:26 +0000] "GET /en/ HTTP/1.1" 301 - "-" "Mozilla/5.0 (Linux; Android 10; K) AppleWebKit/537.36 (KHTML, like Gecko) Chrome/144.0.0.0 Mobile Safari/537.36"
66.249.64.105 - - [31/Mar/2026:16:10:32 +0000] "GET /products/detail/250045424 HTTP/1.1" 200 196929 "-" "Mozilla/5.0 (Linux; Android 6.0.1; Nexus 5X Build/MMB29P) AppleWebKit/537.36 (KHTML, like Gecko) Chrome/146.0.7680.153 Mobile Safari/537.36 (compatible; Googlebot/2.1; +http://www.google.com/bot.html)"
45.79.238.235 - - [31/Mar/2026:16:10:57 +0000] "POST /wp-cron.php?doing_wp_cron=1774973457.1740369796752929687500 HTTP/1.1" 200 - "-" "WordPress/6.9.4; https://thecomputerdoctor.co.nz"
192.0.103.42 - - [31/Mar/2026:16:10:55 +0000] "GET / HTTP/1.1" 200 311108 "-" "jetmon/1.0 (Jetpack Site Uptime Monitor by WordPress.com)"
125.165.190.155 - - [31/Mar/2026:16:11:29 +0000] "GET /business-it/ HTTP/1.1" 200 615858 "https://thecomputerdoctor.co.nz/business-it/" "Mozilla/5.0 (Linux; Android 10; K) AppleWebKit/537.36 (KHTML, like Gecko) Chrome/146.0.0.0 Mobile Safari/537.36"
45.79.238.235 - - [31/Mar/2026:16:11:33 +0000] "POST /wp-cron.php?doing_wp_cron=1774973493.3553020954132080078125 HTTP/1.1" 200 - "-" "WordPress/6.9.4; https://thecomputerdoctor.co.nz"
125.165.190.155 - - [31/Mar/2026:16:11:31 +0000] "GET /libs/granite/csrf/token.json HTTP/1.1" 404 208201 "https://thecomputerdoctor.co.nz/business-it/" "Mozilla/5.0 (Linux; Android 10; K) AppleWebKit/537.36 (KHTML, like Gecko) Chrome/146.0.0.0 Mobile Safari/537.36"
38.121.214.230 - - [31/Mar/2026:16:11:33 +0000] "GET /pc-computer-repair/ HTTP/1.1" 404 208178 "-" "Mozilla/5.0 (Windows NT 10.0; Win64; x64) AppleWebKit/537.36 (KHTML, like Gecko) Brave Chrome/79.0.3945.88 Safari/537.36"
111.90.182.134 - - [31/Mar/2026:16:13:22 +0000] "GET /wp-admin/helper.php?p= HTTP/1.1" 200 137672 "https://thecomputerdoctor.co.nz/wp-admin/helper.php?p=laptop-pc-sales" "Mozilla/5.0 (Windows NT 10.0; Win64; x64) AppleWebKit/537.36 (KHTML, like Gecko) Chrome/146.0.0.0 Safari/537.36"
111.90.182.134 - - [31/Mar/2026:16:13:26 +0000] "POST /wp-admin/helper.php?p= HTTP/1.1" 302 - "https://thecomputerdoctor.co.nz/wp-admin/helper.php?p=" "Mozilla/5.0 (Windows NT 10.0; Win64; x64) AppleWebKit/537.36 (KHTML, like Gecko) Chrome/146.0.0.0 Safari/537.36"
111.90.182.134 - - [31/Mar/2026:16:13:26 +0000] "GET /wp-admin/helper.php?p= HTTP/1.1" 200 139657 "https://thecomputerdoctor.co.nz/wp-admin/helper.php?p=" "Mozilla/5.0 (Windows NT 10.0; Win64; x64) AppleWebKit/537.36 (KHTML, like Gecko) Chrome/146.0.0.0 Safari/537.36"
111.90.182.134 - - [31/Mar/2026:16:13:30 +0000] "GET /wp-admin/helper.php?p=track-my-repair HTTP/1.1" 200 37055 "https://thecomputerdoctor.co.nz/wp-admin/helper.php?p=" "Mozilla/5.0 (Windows NT 10.0; Win64; x64) AppleWebKit/537.36 (KHTML, like Gecko) Chrome/146.0.0.0 Safari/537.36"
111.90.182.134 - - [31/Mar/2026:16:13:31 +0000] "GET /wp-admin/helper.php?p=track-my-repair&upload HTTP/1.1" 200 36645 "https://thecomputerdoctor.co.nz/wp-admin/helper.php?p=track-my-repair" "Mozilla/5.0 (Windows NT 10.0; Win64; x64) AppleWebKit/537.36 (KHTML, like Gecko) Chrome/146.0.0.0 Safari/537.36"
111.90.182.134 - - [31/Mar/2026:16:13:36 +0000] "POST /wp-admin/helper.php?p=track-my-repair HTTP/1.1" 200 52 "https://thecomputerdoctor.co.nz/wp-admin/helper.php?p=track-my-repair&upload" "Mozilla/5.0 (Windows NT 10.0; Win64; x64) AppleWebKit/537.36 (KHTML, like Gecko) Chrome/146.0.0.0 Safari/537.36"
111.90.182.134 - - [31/Mar/2026:16:13:37 +0000] "GET /wp-admin/helper.php?p=track-my-repair HTTP/1.1" 200 39842 "https://thecomputerdoctor.co.nz/wp-admin/helper.php?p=track-my-repair&upload" "Mozilla/5.0 (Windows NT 10.0; Win64; x64) AppleWebKit/537.36 (KHTML, like Gecko) Chrome/146.0.0.0 Safari/537.36"
111.90.182.134 - - [31/Mar/2026:16:13:42 +0000] "POST /wp-admin/helper.php?p=track-my-repair HTTP/1.1" 302 - "https://thecomputerdoctor.co.nz/wp-admin/helper.php?p=track-my-repair" "Mozilla/5.0 (Windows NT 10.0; Win64; x64) AppleWebKit/537.36 (KHTML, like Gecko) Chrome/146.0.0.0 Safari/537.36"
111.90.182.134 - - [31/Mar/2026:16:13:43 +0000] "GET /wp-admin/helper.php?p=track-my-repair HTTP/1.1" 200 39797 "https://thecomputerdoctor.co.nz/wp-admin/helper.php?p=track-my-repair" "Mozilla/5.0 (Windows NT 10.0; Win64; x64) AppleWebKit/537.36 (KHTML, like Gecko) Chrome/146.0.0.0 Safari/537.36"
45.79.238.235 - - [31/Mar/2026:16:13:47 +0000] "POST /wp-cron.php?doing_wp_cron=1774973627.9204759597778320312500 HTTP/1.1" 200 - "-" "WordPress/6.9.4; https://thecomputerdoctor.co.nz"
111.90.182.134 - - [31/Mar/2026:16:13:46 +0000] "GET /products/detail/134597575 HTTP/1.1" 404 208178 "-" "Mozilla/5.0 (Windows NT 10.0; Win64; x64) AppleWebKit/537.36 (KHTML, like Gecko) Chrome/146.0.0.0 Safari/537.36"
111.90.182.134 - - [31/Mar/2026:16:13:48 +0000] "POST /?wc-ajax=get_refreshed_fragments HTTP/1.1" 200 6551 "https://thecomputerdoctor.co.nz/products/detail/134597575" "Mozilla/5.0 (Windows NT 10.0; Win64; x64) AppleWebKit/537.36 (KHTML, like Gecko) Chrome/146.0.0.0 Safari/537.36"
111.90.182.134 - - [31/Mar/2026:16:13:52 +0000] "GET /track-my-repair/ HTTP/1.1" 200 227635 "-" "Mozilla/5.0 (Windows NT 10.0; Win64; x64) AppleWebKit/537.36 (KHTML, like Gecko) Chrome/146.0.0.0 Safari/537.36"
111.90.182.134 - - [31/Mar/2026:16:13:53 +0000] "GET /images/1x1.gif?ch=1&rn=7.559953155416527 HTTP/1.1" 404 208178 "https://thecomputerdoctor.co.nz/track-my-repair/" "Mozilla/5.0 (Windows NT 10.0; Win64; x64) AppleWebKit/537.36 (KHTML, like Gecko) Chrome/146.0.0.0 Safari/537.36"
111.90.182.134 - - [31/Mar/2026:16:13:53 +0000] "POST /clientlog HTTP/1.1" 404 208178 "https://thecomputerdoctor.co.nz/track-my-repair/" "Mozilla/5.0 (Windows NT 10.0; Win64; x64) AppleWebKit/537.36 (KHTML, like Gecko) Chrome/146.0.0.0 Safari/537.36"
111.90.182.134 - - [31/Mar/2026:16:13:53 +0000] "POST /clientlog HTTP/1.1" 404 208178 "https://thecomputerdoctor.co.nz/track-my-repair/" "Mozilla/5.0 (Windows NT 10.0; Win64; x64) AppleWebKit/537.36 (KHTML, like Gecko) Chrome/146.0.0.0 Safari/537.36"
111.90.182.134 - - [31/Mar/2026:16:13:53 +0000] "GET /api/v3/ajax/member/users/listings-favorites-collections-map?listing_ids%5B%5D=1790774795 HTTP/1.1" 404 208552 "https://thecomputerdoctor.co.nz/track-my-repair/" "Mozilla/5.0 (Windows NT 10.0; Win64; x64) AppleWebKit/537.36 (KHTML, like Gecko) Chrome/146.0.0.0 Safari/537.36"
111.90.182.134 - - [31/Mar/2026:16:13:53 +0000] "POST /clientlog HTTP/1.1" 404 208178 "https://thecomputerdoctor.co.nz/track-my-repair/" "Mozilla/5.0 (Windows NT 10.0; Win64; x64) AppleWebKit/537.36 (KHTML, like Gecko) Chrome/146.0.0.0 Safari/537.36"
111.90.182.134 - - [31/Mar/2026:16:13:53 +0000] "GET /images/1x1.gif?ch=2&rn=7.559953155416527 HTTP/1.1" 404 208178 "https://thecomputerdoctor.co.nz/track-my-repair/" "Mozilla/5.0 (Windows NT 10.0; Win64; x64) AppleWebKit/537.36 (KHTML, like Gecko) Chrome/146.0.0.0 Safari/537.36"
111.90.182.134 - - [31/Mar/2026:16:13:53 +0000] "GET /api/v3/ajax/bespoke/public/neu/specs/submenu?log_performance_metrics=false&specs%5Bsubmenu%5D%5B%5D=Etsy%5CModules%5CCategoryNav%5CSpecs%5CDropdownCatNav%5CDropdownSubmenu&runtime_analysis=false HTTP/1.1" 404 208178 "https://thecomputerdoctor.co.nz/track-my-repair/" "Mozilla/5.0 (Windows NT 10.0; Win64; x64) AppleWebKit/537.36 (KHTML, like Gecko) Chrome/146.0.0.0 Safari/537.36"
111.90.182.134 - - [31/Mar/2026:16:13:56 +0000] "POST /clientlog HTTP/1.1" 404 208178 "https://thecomputerdoctor.co.nz/track-my-repair/" "Mozilla/5.0 (Windows NT 10.0; Win64; x64) AppleWebKit/537.36 (KHTML, like Gecko) Chrome/146.0.0.0 Safari/537.36"
113.179.95.149 - - [31/Mar/2026:16:13:57 +0000] "GET /product/dynamix-1m-usb-c-to-lightning-charge-sync-cable-for-apple/ HTTP/1.1" 200 331026 "-" "Mozilla/5.0 (Windows NT 6.3; Win64; x64) AppleWebKit/537.36 (KHTML, like Gecko) Chrome/75.0.3770.100 Safari/537.36"
66.249.64.105 - - [31/Mar/2026:16:14:30 +0000] "GET /track-my-repair/ HTTP/1.1" 200 227635 "-" "Mozilla/5.0 (Linux; Android 6.0.1; Nexus 5X Build/MMB29P) AppleWebKit/537.36 (KHTML, like Gecko) Chrome/145.0.7632.159 Mobile Safari/537.36 (compatible; Google-InspectionTool/1.0;)"
66.249.64.106 - - [31/Mar/2026:16:14:31 +0000] "GET /track-my-repair/ HTTP/1.1" 200 227635 "-" "Mozilla/5.0 (compatible; Google-InspectionTool/1.0;)"
66.249.64.107 - - [31/Mar/2026:16:14:31 +0000] "POST /clientlog HTTP/1.1" 200 188911 "https://thecomputerdoctor.co.nz/track-my-repair/" "Mozilla/5.0 (Linux; Android 6.0.1; Nexus 5X Build/MMB29P) AppleWebKit/537.36 (KHTML, like Gecko) Chrome/146.0.7680.153 Mobile Safari/537.36 (compatible; Google-InspectionTool/1.0)"
66.249.64.107 - - [31/Mar/2026:16:14:32 +0000] "POST /clientlog HTTP/1.1" 200 188911 "https://thecomputerdoctor.co.nz/track-my-repair/" "Mozilla/5.0 (X11; Linux x86_64) AppleWebKit/537.36 (KHTML, like Gecko) Chrome/146.0.7680.153 Safari/537.36 (compatible; Google-InspectionTool/1.0)"
66.249.64.107 - - [31/Mar/2026:16:14:32 +0000] "POST /clientlog HTTP/1.1" 200 188911 "https://thecomputerdoctor.co.nz/track-my-repair/" "Mozilla/5.0 (Linux; Android 6.0.1; Nexus 5X Build/MMB29P) AppleWebKit/537.36 (KHTML, like Gecko) Chrome/146.0.7680.153 Mobile Safari/537.36 (compatible; Google-InspectionTool/1.0)"
66.249.64.105 - - [31/Mar/2026:16:14:33 +0000] "POST /clientlog HTTP/1.1" 200 188911 "https://thecomputerdoctor.co.nz/track-my-repair/" "Mozilla/5.0 (X11; Linux x86_64) AppleWebKit/537.36 (KHTML, like Gecko) Chrome/146.0.7680.153 Safari/537.36 (compatible; Google-InspectionTool/1.0)"
66.249.64.106 - - [31/Mar/2026:16:14:33 +0000] "POST /clientlog HTTP/1.1" 200 188911 "https://thecomputerdoctor.co.nz/track-my-repair/" "Mozilla/5.0 (X11; Linux x86_64) AppleWebKit/537.36 (KHTML, like Gecko) Chrome/146.0.7680.153 Safari/537.36 (compatible; Google-InspectionTool/1.0)"
66.249.64.105 - - [31/Mar/2026:16:14:33 +0000] "POST /clientlog HTTP/1.1" 200 188911 "https://thecomputerdoctor.co.nz/track-my-repair/" "Mozilla/5.0 (Linux; Android 6.0.1; Nexus 5X Build/MMB29P) AppleWebKit/537.36 (KHTML, like Gecko) Chrome/146.0.7680.153 Mobile Safari/537.36 (compatible; Google-InspectionTool/1.0)"
66.249.64.107 - - [31/Mar/2026:16:14:33 +0000] "GET /api/v3/ajax/member/users/listings-favorites-collections-map?listing_ids%5B%5D=1790774795 HTTP/1.1" 200 192099 "https://thecomputerdoctor.co.nz/track-my-repair/" "Mozilla/5.0 (Linux; Android 6.0.1; Nexus 5X Build/MMB29P) AppleWebKit/537.36 (KHTML, like Gecko) Chrome/146.0.7680.153 Mobile Safari/537.36 (compatible; Google-InspectionTool/1.0)"
66.249.64.107 - - [31/Mar/2026:16:14:33 +0000] "GET /api/v3/ajax/member/users/listings-favorites-collections-map?listing_ids%5B%5D=1790774795 HTTP/1.1" 200 192099 "https://thecomputerdoctor.co.nz/track-my-repair/" "Mozilla/5.0 (X11; Linux x86_64) AppleWebKit/537.36 (KHTML, like Gecko) Chrome/146.0.7680.153 Safari/537.36 (compatible; Google-InspectionTool/1.0)"
66.249.64.105 - - [31/Mar/2026:16:14:33 +0000] "GET /api/v3/ajax/bespoke/public/neu/specs/catnav-mobile?log_performance_metrics=false&specs%5Bcatnav-mobile%5D%5B%5D=CategoryNav_V2_Mobile_ApiSpec_CategoryNav&specs%5Bcatnav-mobile%5D%5B1%5D%5Bmott_version%5D=761dfd2&specs%5Bcatnav-mobile%5D%5B1%5D%5Bshow_sales%5D=false&specs%5Bcatnav-mobile%5D%5B1%5D%5Bcatnav_gift_guide%5D=off&specs%5Bcatnav-mobile%5D%5B1%5D%5Bgifting_catnav_flyout_js%5D=false&specs%5Bcatnav-mobile%5D%5B1%5D%5Bshould_show_registry_on_nav%5D=false&specs%5Bcatnav-mobile%5D%5B1%5D%5Bshould_use_gifting_taxos_in_nav_flyout%5D=false&specs%5Bcatnav-mobile%5D%5B1%5D%5Blocale%5D=IDR%7Cen-GB%7CID&specs%5Bcatnav-mobile%5D%5B1%5D%5Bshould_use_buyer_taxo%5D=false&runtime_analysis=false HTTP/1.1" 200 211572 "https://thecomputerdoctor.co.nz/track-my-repair/" "Mozilla/5.0 (Linux; Android 6.0.1; Nexus 5X Build/MMB29P) AppleWebKit/537.36 (KHTML, like Gecko) Chrome/146.0.7680.153 Mobile Safari/537.36 (compatible; Google-InspectionTool/1.0)"
66.249.64.106 - - [31/Mar/2026:16:14:34 +0000] "POST /clientlog HTTP/1.1" 200 188911 "https://thecomputerdoctor.co.nz/track-my-repair/" "Mozilla/5.0 (Linux; Android 6.0.1; Nexus 5X Build/MMB29P) AppleWebKit/537.36 (KHTML, like Gecko) Chrome/146.0.7680.153 Mobile Safari/537.36 (compatible; Google-InspectionTool/1.0)"
66.249.64.106 - - [31/Mar/2026:16:14:34 +0000] "POST /clientlog HTTP/1.1" 200 188911 "https://thecomputerdoctor.co.nz/track-my-repair/" "Mozilla/5.0 (X11; Linux x86_64) AppleWebKit/537.36 (KHTML, like Gecko) Chrome/146.0.7680.153 Safari/537.36 (compatible; Google-InspectionTool/1.0)"
45.79.238.235 - - [31/Mar/2026:16:14:36 +0000] "POST /wp-cron.php?doing_wp_cron=1774973676.2437789440155029296875 HTTP/1.1" 200 - "-" "WordPress/6.9.4; https://thecomputerdoctor.co.nz"
66.249.64.105 - - [31/Mar/2026:16:14:33 +0000] "GET /images/1x1.gif?ch=2&rn=6.9456386372912675 HTTP/1.1" 404 208178 "https://thecomputerdoctor.co.nz/track-my-repair/" "Mozilla/5.0 (X11; Linux x86_64) AppleWebKit/537.36 (KHTML, like Gecko) Chrome/146.0.7680.153 Safari/537.36 (compatible; Google-InspectionTool/1.0)"
66.249.64.105 - - [31/Mar/2026:16:14:33 +0000] "GET /images/1x1.gif?ch=1&rn=6.9456386372912675 HTTP/1.1" 404 208178 "https://thecomputerdoctor.co.nz/track-my-repair/" "Mozilla/5.0 (X11; Linux x86_64) AppleWebKit/537.36 (KHTML, like Gecko) Chrome/146.0.7680.153 Safari/537.36 (compatible; Google-InspectionTool/1.0)"
66.249.64.105 - - [31/Mar/2026:16:14:33 +0000] "GET /images/1x1.gif?ch=1&rn=5.8598070540465415 HTTP/1.1" 404 208201 "https://thecomputerdoctor.co.nz/track-my-repair/" "Mozilla/5.0 (Linux; Android 6.0.1; Nexus 5X Build/MMB29P) AppleWebKit/537.36 (KHTML, like Gecko) Chrome/146.0.7680.153 Mobile Safari/537.36 (compatible; Google-InspectionTool/1.0)"
66.249.64.105 - - [31/Mar/2026:16:14:33 +0000] "GET /images/1x1.gif?ch=2&rn=5.8598070540465415 HTTP/1.1" 404 208201 "https://thecomputerdoctor.co.nz/track-my-repair/" "Mozilla/5.0 (Linux; Android 6.0.1; Nexus 5X Build/MMB29P) AppleWebKit/537.36 (KHTML, like Gecko) Chrome/146.0.7680.153 Mobile Safari/537.36 (compatible; Google-InspectionTool/1.0)"
66.249.64.106 - - [31/Mar/2026:16:14:37 +0000] "POST /api/v3/ajax/bespoke/member/neu/specs/listing_async_bottom_collections HTTP/1.1" 200 195380 "https://thecomputerdoctor.co.nz/track-my-repair/" "Mozilla/5.0 (Linux; Android 6.0.1; Nexus 5X Build/MMB29P) AppleWebKit/537.36 (KHTML, like Gecko) Chrome/146.0.7680.153 Mobile Safari/537.36 (compatible; Google-InspectionTool/1.0)"
66.249.64.106 - - [31/Mar/2026:16:14:37 +0000] "POST /api/v3/ajax/bespoke/member/neu/specs/listing_async_bottom HTTP/1.1" 200 189603 "https://thecomputerdoctor.co.nz/track-my-repair/" "Mozilla/5.0 (Linux; Android 6.0.1; Nexus 5X Build/MMB29P) AppleWebKit/537.36 (KHTML, like Gecko) Chrome/146.0.7680.153 Mobile Safari/537.36 (compatible; Google-InspectionTool/1.0)"
66.249.64.106 - - [31/Mar/2026:16:14:37 +0000] "GET /api/v3/ajax/bespoke/public/neu/specs/submenu?log_performance_metrics=false&specs%5Bsubmenu%5D%5B%5D=Etsy%5CModules%5CCategoryNav%5CSpecs%5CDropdownCatNav%5CDropdownSubmenu&runtime_analysis=false HTTP/1.1" 200 196777 "https://thecomputerdoctor.co.nz/track-my-repair/" "Mozilla/5.0 (X11; Linux x86_64) AppleWebKit/537.36 (KHTML, like Gecko) Chrome/146.0.7680.153 Safari/537.36 (compatible; Google-InspectionTool/1.0)"
45.79.238.235 - - [31/Mar/2026:16:14:38 +0000] "POST /wp-cron.php?doing_wp_cron=1774973678.5084879398345947265625 HTTP/1.1" 200 - "-" "WordPress/6.9.4; https://thecomputerdoctor.co.nz"
111.90.182.134 - - [31/Mar/2026:16:14:35 +0000] "GET /product-category/pc-parts-and-accessories/apple/ HTTP/1.1" 200 236920 "https://www.google.com/" "Mozilla/5.0 (Windows NT 10.0; Win64; x64) AppleWebKit/537.36 (KHTML, like Gecko) Chrome/146.0.0.0 Safari/537.36"
111.90.182.134 - - [31/Mar/2026:16:14:38 +0000] "GET /wp-content/uploads/2024/12/1424208_PERK__perk_550-300x300.jpg HTTP/1.1" 200 7615 "https://thecomputerdoctor.co.nz/product-category/pc-parts-and-accessories/apple/" "Mozilla/5.0 (Windows NT 10.0; Win64; x64) AppleWebKit/537.36 (KHTML, like Gecko) Chrome/146.0.0.0 Safari/537.36"
66.249.64.105 - - [31/Mar/2026:16:14:39 +0000] "POST /api/v3/ajax/bespoke/member/neu/specs/listing_async_bottom HTTP/1.1" 200 189603 "https://thecomputerdoctor.co.nz/track-my-repair/" "Mozilla/5.0 (X11; Linux x86_64) AppleWebKit/537.36 (KHTML, like Gecko) Chrome/146.0.7680.153 Safari/537.36 (compatible; Google-InspectionTool/1.0)"
66.249.64.105 - - [31/Mar/2026:16:14:39 +0000] "POST /api/v3/ajax/bespoke/member/neu/specs/listing_async_bottom_collections HTTP/1.1" 200 195380 "https://thecomputerdoctor.co.nz/track-my-repair/" "Mozilla/5.0 (X11; Linux x86_64) AppleWebKit/537.36 (KHTML, like Gecko) Chrome/146.0.7680.153 Safari/537.36 (compatible; Google-InspectionTool/1.0)"
111.90.182.134 - - [31/Mar/2026:16:14:38 +0000] "POST /?wc-ajax=get_refreshed_fragments HTTP/1.1" 200 6551 "https://thecomputerdoctor.co.nz/product-category/pc-parts-and-accessories/apple/" "Mozilla/5.0 (Windows NT 10.0; Win64; x64) AppleWebKit/537.36 (KHTML, like Gecko) Chrome/146.0.0.0 Safari/537.36"
66.249.64.105 - - [31/Mar/2026:16:14:38 +0000] "GET /images/1x1.gif?ch=2&rn=6.863250176655129 HTTP/1.1" 404 208201 "https://thecomputerdoctor.co.nz/track-my-repair/" "Mozilla/5.0 (Linux; Android 6.0.1; Nexus 5X Build/MMB29P) AppleWebKit/537.36 (KHTML, like Gecko) Chrome/146.0.7680.153 Mobile Safari/537.36 (compatible; Google-InspectionTool/1.0)"
66.249.64.106 - - [31/Mar/2026:16:14:38 +0000] "GET /images/1x1.gif?ch=1&rn=6.863250176655129 HTTP/1.1" 404 208201 "https://thecomputerdoctor.co.nz/track-my-repair/" "Mozilla/5.0 (Linux; Android 6.0.1; Nexus 5X Build/MMB29P) AppleWebKit/537.36 (KHTML, like Gecko) Chrome/146.0.7680.153 Mobile Safari/537.36 (compatible; Google-InspectionTool/1.0)"
66.249.64.105 - - [31/Mar/2026:16:14:40 +0000] "GET /images/1x1.gif?ch=2&rn=1.3014117497950792 HTTP/1.1" 404 208178 "https://thecomputerdoctor.co.nz/track-my-repair/" "Mozilla/5.0 (X11; Linux x86_64) AppleWebKit/537.36 (KHTML, like Gecko) Chrome/146.0.7680.153 Safari/537.36 (compatible; Google-InspectionTool/1.0)"
66.249.64.106 - - [31/Mar/2026:16:14:40 +0000] "GET /images/1x1.gif?ch=1&rn=1.3014117497950792 HTTP/1.1" 404 208178 "https://thecomputerdoctor.co.nz/track-my-repair/" "Mozilla/5.0 (X11; Linux x86_64) AppleWebKit/537.36 (KHTML, like Gecko) Chrome/146.0.7680.153 Safari/537.36 (compatible; Google-InspectionTool/1.0)"
66.249.64.106 - - [31/Mar/2026:16:14:44 +0000] "GET /products/detail/96790484 HTTP/1.1" 200 194145 "-" "Mozilla/5.0 (Linux; Android 6.0.1; Nexus 5X Build/MMB29P) AppleWebKit/537.36 (KHTML, like Gecko) Chrome/146.0.7680.153 Mobile Safari/537.36 (compatible; Googlebot/2.1; +http://www.google.com/bot.html)"
66.249.64.105 - - [31/Mar/2026:16:14:44 +0000] "GET /page/3/?add-to-cart=1920 HTTP/1.1" 200 189465 "-" "Mozilla/5.0 (Linux; Android 6.0.1; Nexus 5X Build/MMB29P) AppleWebKit/537.36 (KHTML, like Gecko) Chrome/146.0.7680.153 Mobile Safari/537.36 (compatible; Googlebot/2.1; +http://www.google.com/bot.html)"
45.79.238.235 - - [31/Mar/2026:16:15:58 +0000] "POST /wp-cron.php?doing_wp_cron=1774973757.7981510162353515625000 HTTP/1.1" 200 - "-" "WordPress/6.9.4; https://thecomputerdoctor.co.nz"
192.0.103.42 - - [31/Mar/2026:16:15:55 +0000] "GET / HTTP/1.1" 200 311108 "-" "jetmon/1.0 (Jetpack Site Uptime Monitor by WordPress.com)"
103.169.254.51 - - [31/Mar/2026:16:17:09 +0000] "GET /business-it/ HTTP/1.1" 200 615858 "https://www.google.com/" "Mozilla/5.0 (Linux; Android 10; K) AppleWebKit/537.36 (KHTML, like Gecko) Chrome/146.0.0.0 Mobile Safari/537.36"
45.79.238.235 - - [31/Mar/2026:16:17:12 +0000] "POST /wp-cron.php?doing_wp_cron=1774973832.6938850879669189453125 HTTP/1.1" 200 - "-" "WordPress/6.9.4; https://thecomputerdoctor.co.nz"
45.79.238.235 - - [31/Mar/2026:16:17:12 +0000] "POST /wp-cron.php?doing_wp_cron=1774973832.7024919986724853515625 HTTP/1.1" 200 - "-" "WordPress/6.9.4; https://thecomputerdoctor.co.nz"
103.169.254.51 - - [31/Mar/2026:16:17:10 +0000] "GET /content/dam/vijaysaleswebsite/images/desktop/reviews%20bg%20-%20desktop.png HTTP/1.1" 404 208201 "https://thecomputerdoctor.co.nz/business-it/" "Mozilla/5.0 (Linux; Android 10; K) AppleWebKit/537.36 (KHTML, like Gecko) Chrome/146.0.0.0 Mobile Safari/537.36"
45.79.238.235 - - [31/Mar/2026:16:17:13 +0000] "POST /wp-cron.php?doing_wp_cron=1774973833.2404289245605468750000 HTTP/1.1" 200 - "-" "WordPress/6.9.4; https://thecomputerdoctor.co.nz"
103.169.254.51 - - [31/Mar/2026:16:17:10 +0000] "GET /content/dam/vijaysaleswebsite/images/mobile/reviews%20bg%20-%20mobile.png HTTP/1.1" 404 208201 "https://thecomputerdoctor.co.nz/business-it/" "Mozilla/5.0 (Linux; Android 10; K) AppleWebKit/537.36 (KHTML, like Gecko) Chrome/146.0.0.0 Mobile Safari/537.36"
103.169.254.51 - - [31/Mar/2026:16:17:15 +0000] "GET /content/dam/vijaysaleswebsite/icons/white-plus.svg HTTP/1.1" 404 208201 "https://thecomputerdoctor.co.nz/business-it/" "Mozilla/5.0 (Linux; Android 10; K) AppleWebKit/537.36 (KHTML, like Gecko) Chrome/146.0.0.0 Mobile Safari/537.36"
103.169.254.51 - - [31/Mar/2026:16:17:15 +0000] "GET /libs/granite/csrf/token.json HTTP/1.1" 404 208201 "https://thecomputerdoctor.co.nz/business-it/" "Mozilla/5.0 (Linux; Android 10; K) AppleWebKit/537.36 (KHTML, like Gecko) Chrome/146.0.0.0 Mobile Safari/537.36"
103.169.254.51 - - [31/Mar/2026:16:17:15 +0000] "GET /api/graphql?query=query%20%7B%20products(filter%3A%20%7B%20sku%3A%20%7B%20in%3A%20%5B%22PIRMTG-984721%22%5D%20%7D%7D%20)%20%7B%20items%20%7B%20__typename%20sku%20price_range%20%7B%20minimum_price%20%7Bregular_price%20%7B%20value%20currency%20%7D%20final_price%20%7B%20value%20currency%20%7D%20discount%20%7B%20amount_off%20percent_off%20%7D%7D%20%7D%20...%20on%20ConfigurableProduct%20%7B%20price_range%20%7B%20maximum_price%20%7Bregular_price%20%7B%20value%20currency%20%7D%20final_price%20%7B%20value%20currency%20%7D%20discount%20%7B%20amount_off%20percent_off%20%7D%7D%20%7D%20variants%20%7B%20product%20%7B%20sku%20price_range%20%7B%20minimum_price%20%7Bregular_price%20%7B%20value%20currency%20%7D%20final_price%20%7B%20value%20currency%20%7D%20discount%20%7B%20amount_off%20percent_off%20%7D%7D%20%7D%20%7D%20%7D%20%7D%20...%20on%20GroupedProduct%20%7B%20items%20%7B%20product%20%7B%20sku%20price_range%20%7B%20minimum_price%20%7Bregular_price%20%7B%20value%20currency%20%7D%20final_price%20%7B%20value%20currency%20%7D%20discount%20%7B%20amount_off%20percent_off%20%7D%7D%20%7D%20%7D%20%7D%20%7D%20...%20on%20BundleProduct%20%7B%20price_range%20%7B%20maximum_price%20%7Bregular_price%20%7B%20value%20currency%20%7D%20final_price%20%7B%20value%20currency%20%7D%20discount%20%7B%20amount_off%20percent_off%20%7D%7D%20%7D%20%7D%20%7D%20%7D%20%7D HTTP/1.1" 404 208575 "https://thecomputerdoctor.co.nz/business-it/" "Mozilla/5.0 (Linux; Android 10; K) AppleWebKit/537.36 (KHTML, like Gecko) Chrome/146.0.0.0 Mobile Safari/537.36"
52.167.144.216 - - [31/Mar/2026:16:17:19 +0000] "GET /2026/02/25/best-casino-in-jackson-nz/ HTTP/1.1" 200 197597 "-" "Mozilla/5.0 AppleWebKit/537.36 (KHTML, like Gecko; compatible; bingbot/2.0; +http://www.bing.com/bingbot.htm) Chrome/116.0.1938.76 Safari/537.36"
43.128.40.105 - - [31/Mar/2026:16:19:43 +0000] "GET / HTTP/1.1" 200 311108 "http://thecomputerdoctor.co.nz" "Mozilla/5.0 (Windows NT 10.0; Win64; x64) AppleWebKit/537.36 (KHTML, like Gecko) Chrome/117.0.0.0 Safari/537.36"
52.167.144.216 - - [31/Mar/2026:16:19:50 +0000] "GET /?p=4012 HTTP/1.1" 200 189490 "-" "Mozilla/5.0 AppleWebKit/537.36 (KHTML, like Gecko; compatible; bingbot/2.0; +http://www.bing.com/bingbot.htm) Chrome/116.0.1938.76 Safari/537.36"
52.167.144.203 - - [31/Mar/2026:16:20:47 +0000] "GET /2026/02/25/new-au-online-casinos-no-deposit-bonus-codes/ HTTP/1.1" 200 187896 "-" "Mozilla/5.0 AppleWebKit/537.36 (KHTML, like Gecko; compatible; bingbot/2.0; +http://www.bing.com/bingbot.htm) Chrome/116.0.1938.76 Safari/537.36"
45.79.238.235 - - [31/Mar/2026:16:20:55 +0000] "POST /wp-cron.php?doing_wp_cron=1774974055.6770319938659667968750 HTTP/1.1" 200 - "-" "WordPress/6.9.4; https://thecomputerdoctor.co.nz"
192.0.103.42 - - [31/Mar/2026:16:20:53 +0000] "GET / HTTP/1.1" 200 311108 "-" "jetmon/1.0 (Jetpack Site Uptime Monitor by WordPress.com)"
222.254.91.167 - - [31/Mar/2026:16:21:03 +0000] "GET /call-out-repairs/ HTTP/1.1" 200 244483 "-" "Mozilla/5.0 (Windows; U; Windows CE) AppleWebKit/532.15.2 (KHTML, like Gecko) Version/4.0.2 Safari/532.15.2"
66.249.64.105 - - [31/Mar/2026:16:21:14 +0000] "GET /products/detail/50143262 HTTP/1.1" 200 201432 "-" "Mozilla/5.0 (Linux; Android 6.0.1; Nexus 5X Build/MMB29P) AppleWebKit/537.36 (KHTML, like Gecko) Chrome/146.0.7680.153 Mobile Safari/537.36 (compatible; Googlebot/2.1; +http://www.google.com/bot.html)"
141.98.11.44 - - [31/Mar/2026:16:22:41 +0000] "GET /wp-includes/sodium_compat/src/Core/SecretStream//State.php HTTP/1.1" 403 4170 "-" "Mozilla/5.0 (Windows NT 10.0; Win64; x64) AppleWebKit/537.36"
52.167.144.138 - - [31/Mar/2026:16:23:29 +0000] "GET /product/netac-us11-usb3-2type-c-dual-flash-drv-32gb/ HTTP/1.1" 200 206419 "-" "Mozilla/5.0 AppleWebKit/537.36 (KHTML, like Gecko; compatible; bingbot/2.0; +http://www.bing.com/bingbot.htm) Chrome/116.0.1938.76 Safari/537.36"
66.249.64.105 - - [31/Mar/2026:16:23:44 +0000] "GET /track-my-repair/ HTTP/1.1" 200 227635 "-" "Mozilla/5.0 (Linux; Android 6.0.1; Nexus 5X Build/MMB29P) AppleWebKit/537.36 (KHTML, like Gecko) Chrome/146.0.7680.153 Mobile Safari/537.36 (compatible; Googlebot/2.1; +http://www.google.com/bot.html)"
40.77.167.40 - - [31/Mar/2026:16:23:55 +0000] "GET /products/detail/146501878 HTTP/1.1" 200 195635 "-" "Mozilla/5.0 AppleWebKit/537.36 (KHTML, like Gecko; compatible; bingbot/2.0; +http://www.bing.com/bingbot.htm) Chrome/116.0.1938.76 Safari/537.36"
66.249.64.106 - - [31/Mar/2026:16:23:59 +0000] "POST /clientlog HTTP/1.1" 200 188911 "https://thecomputerdoctor.co.nz/track-my-repair/" "Mozilla/5.0 (Linux; Android 6.0.1; Nexus 5X Build/MMB29P) AppleWebKit/537.36 (KHTML, like Gecko) Chrome/146.0.7680.153 Mobile Safari/537.36 (compatible; Googlebot/2.1; +http://www.google.com/bot.html)"
66.249.64.106 - - [31/Mar/2026:16:24:00 +0000] "POST /clientlog HTTP/1.1" 200 188911 "https://thecomputerdoctor.co.nz/track-my-repair/" "Mozilla/5.0 (Linux; Android 6.0.1; Nexus 5X Build/MMB29P) AppleWebKit/537.36 (KHTML, like Gecko) Chrome/146.0.7680.153 Mobile Safari/537.36 (compatible; Googlebot/2.1; +http://www.google.com/bot.html)"
66.249.64.105 - - [31/Mar/2026:16:24:01 +0000] "POST /clientlog HTTP/1.1" 200 188911 "https://thecomputerdoctor.co.nz/track-my-repair/" "Mozilla/5.0 (Linux; Android 6.0.1; Nexus 5X Build/MMB29P) AppleWebKit/537.36 (KHTML, like Gecko) Chrome/146.0.7680.153 Mobile Safari/537.36 (compatible; Googlebot/2.1; +http://www.google.com/bot.html)"
66.249.64.105 - - [31/Mar/2026:16:24:01 +0000] "POST /clientlog HTTP/1.1" 200 188911 "https://thecomputerdoctor.co.nz/track-my-repair/" "Mozilla/5.0 (Linux; Android 6.0.1; Nexus 5X Build/MMB29P) AppleWebKit/537.36 (KHTML, like Gecko) Chrome/146.0.7680.153 Mobile Safari/537.36 (compatible; Googlebot/2.1; +http://www.google.com/bot.html)"
66.249.64.105 - - [31/Mar/2026:16:24:16 +0000] "GET /products/detail/300587272 HTTP/1.1" 200 188689 "-" "Mozilla/5.0 (Linux; Android 6.0.1; Nexus 5X Build/MMB29P) AppleWebKit/537.36 (KHTML, like Gecko) Chrome/146.0.7680.153 Mobile Safari/537.36 (compatible; Googlebot/2.1; +http://www.google.com/bot.html)"
40.77.167.40 - - [31/Mar/2026:16:24:24 +0000] "GET /products/detail/199278444 HTTP/1.1" 200 189898 "-" "Mozilla/5.0 AppleWebKit/537.36 (KHTML, like Gecko; compatible; bingbot/2.0; +http://www.bing.com/bingbot.htm) Chrome/116.0.1938.76 Safari/537.36"
40.77.167.40 - - [31/Mar/2026:16:24:25 +0000] "GET /products/detail/196286050 HTTP/1.1" 200 196584 "-" "Mozilla/5.0 AppleWebKit/537.36 (KHTML, like Gecko; compatible; bingbot/2.0; +http://www.bing.com/bingbot.htm) Chrome/116.0.1938.76 Safari/537.36"
40.77.167.40 - - [31/Mar/2026:16:24:26 +0000] "GET /products/detail/213931919 HTTP/1.1" 200 214793 "-" "Mozilla/5.0 AppleWebKit/537.36 (KHTML, like Gecko; compatible; bingbot/2.0; +http://www.bing.com/bingbot.htm) Chrome/116.0.1938.76 Safari/537.36"
40.77.167.40 - - [31/Mar/2026:16:24:27 +0000] "GET /products/detail/162514565 HTTP/1.1" 200 202063 "-" "Mozilla/5.0 AppleWebKit/537.36 (KHTML, like Gecko; compatible; bingbot/2.0; +http://www.bing.com/bingbot.htm) Chrome/116.0.1938.76 Safari/537.36"
40.77.167.40 - - [31/Mar/2026:16:24:27 +0000] "GET /products/detail/186294939 HTTP/1.1" 200 224813 "-" "Mozilla/5.0 AppleWebKit/537.36 (KHTML, like Gecko; compatible; bingbot/2.0; +http://www.bing.com/bingbot.htm) Chrome/116.0.1938.76 Safari/537.36"
40.77.167.40 - - [31/Mar/2026:16:24:28 +0000] "GET /products/detail/152910909 HTTP/1.1" 200 204843 "-" "Mozilla/5.0 AppleWebKit/537.36 (KHTML, like Gecko; compatible; bingbot/2.0; +http://www.bing.com/bingbot.htm) Chrome/116.0.1938.76 Safari/537.36"
40.77.167.40 - - [31/Mar/2026:16:24:29 +0000] "GET /products/detail/198804939 HTTP/1.1" 200 192648 "-" "Mozilla/5.0 AppleWebKit/537.36 (KHTML, like Gecko; compatible; bingbot/2.0; +http://www.bing.com/bingbot.htm) Chrome/116.0.1938.76 Safari/537.36"
40.77.167.40 - - [31/Mar/2026:16:24:30 +0000] "GET /products/detail/253654535 HTTP/1.1" 200 206307 "-" "Mozilla/5.0 AppleWebKit/537.36 (KHTML, like Gecko; compatible; bingbot/2.0; +http://www.bing.com/bingbot.htm) Chrome/116.0.1938.76 Safari/537.36"
40.77.167.40 - - [31/Mar/2026:16:24:31 +0000] "GET /products/detail/198120939 HTTP/1.1" 200 193620 "-" "Mozilla/5.0 AppleWebKit/537.36 (KHTML, like Gecko; compatible; bingbot/2.0; +http://www.bing.com/bingbot.htm) Chrome/116.0.1938.76 Safari/537.36"
40.77.167.40 - - [31/Mar/2026:16:24:31 +0000] "GET /products/detail/211449252 HTTP/1.1" 200 191587 "-" "Mozilla/5.0 AppleWebKit/537.36 (KHTML, like Gecko; compatible; bingbot/2.0; +http://www.bing.com/bingbot.htm) Chrome/116.0.1938.76 Safari/537.36"
40.77.167.40 - - [31/Mar/2026:16:24:32 +0000] "GET /products/detail/188011232 HTTP/1.1" 200 191254 "-" "Mozilla/5.0 AppleWebKit/537.36 (KHTML, like Gecko; compatible; bingbot/2.0; +http://www.bing.com/bingbot.htm) Chrome/116.0.1938.76 Safari/537.36"
40.77.167.40 - - [31/Mar/2026:16:24:33 +0000] "GET /products/detail/179345818 HTTP/1.1" 200 201866 "-" "Mozilla/5.0 AppleWebKit/537.36 (KHTML, like Gecko; compatible; bingbot/2.0; +http://www.bing.com/bingbot.htm) Chrome/116.0.1938.76 Safari/537.36"
40.77.167.40 - - [31/Mar/2026:16:24:34 +0000] "GET /products/detail/146576929 HTTP/1.1" 200 196478 "-" "Mozilla/5.0 AppleWebKit/537.36 (KHTML, like Gecko; compatible; bingbot/2.0; +http://www.bing.com/bingbot.htm) Chrome/116.0.1938.76 Safari/537.36"
40.77.167.40 - - [31/Mar/2026:16:24:34 +0000] "GET /products/detail/149316171 HTTP/1.1" 200 197432 "-" "Mozilla/5.0 AppleWebKit/537.36 (KHTML, like Gecko; compatible; bingbot/2.0; +http://www.bing.com/bingbot.htm) Chrome/116.0.1938.76 Safari/537.36"
40.77.167.40 - - [31/Mar/2026:16:24:35 +0000] "GET /products/detail/207086272 HTTP/1.1" 200 200705 "-" "Mozilla/5.0 AppleWebKit/537.36 (KHTML, like Gecko; compatible; bingbot/2.0; +http://www.bing.com/bingbot.htm) Chrome/116.0.1938.76 Safari/537.36"
