40.77.167.40 - - [31/Mar/2026:16:27:47 +0000] "GET /products/detail/237979121 HTTP/1.1" 200 202540 "-" "Mozilla/5.0 AppleWebKit/537.36 (KHTML, like Gecko; compatible; bingbot/2.0; +http://www.bing.com/bingbot.htm) Chrome/116.0.1938.76 Safari/537.36"
85.254.140.211 - - [31/Mar/2026:16:27:46 +0000] "GET /product/dynamix-1m-usb-c-to-lightning-charge-sync-cable-for-apple/?add-to-cart=1900 HTTP/1.1" 200 339747 "-" "Mozilla/5.0 (Macintosh; Intel Mac OS X 10_15_7) AppleWebKit/537.36 (KHTML, like Gecko) Chrome/142.0.0.0 Safari/537.36"
40.77.167.40 - - [31/Mar/2026:16:27:48 +0000] "GET /products/detail/168794212 HTTP/1.1" 200 197416 "-" "Mozilla/5.0 AppleWebKit/537.36 (KHTML, like Gecko; compatible; bingbot/2.0; +http://www.bing.com/bingbot.htm) Chrome/116.0.1938.76 Safari/537.36"
40.77.167.40 - - [31/Mar/2026:16:27:49 +0000] "GET /products/detail/227912272 HTTP/1.1" 200 218867 "-" "Mozilla/5.0 AppleWebKit/537.36 (KHTML, like Gecko; compatible; bingbot/2.0; +http://www.bing.com/bingbot.htm) Chrome/116.0.1938.76 Safari/537.36"
40.77.167.40 - - [31/Mar/2026:16:27:50 +0000] "GET /products/detail/201098686 HTTP/1.1" 200 197560 "-" "Mozilla/5.0 AppleWebKit/537.36 (KHTML, like Gecko; compatible; bingbot/2.0; +http://www.bing.com/bingbot.htm) Chrome/116.0.1938.76 Safari/537.36"
40.77.167.40 - - [31/Mar/2026:16:27:51 +0000] "GET /products/detail/237430121 HTTP/1.1" 200 199366 "-" "Mozilla/5.0 AppleWebKit/537.36 (KHTML, like Gecko; compatible; bingbot/2.0; +http://www.bing.com/bingbot.htm) Chrome/116.0.1938.76 Safari/537.36"
40.77.167.40 - - [31/Mar/2026:16:27:52 +0000] "GET /products/detail/194835939 HTTP/1.1" 200 194934 "-" "Mozilla/5.0 AppleWebKit/537.36 (KHTML, like Gecko; compatible; bingbot/2.0; +http://www.bing.com/bingbot.htm) Chrome/116.0.1938.76 Safari/537.36"
40.77.167.40 - - [31/Mar/2026:16:27:52 +0000] "GET /products/detail/214520626 HTTP/1.1" 200 217026 "-" "Mozilla/5.0 AppleWebKit/537.36 (KHTML, like Gecko; compatible; bingbot/2.0; +http://www.bing.com/bingbot.htm) Chrome/116.0.1938.76 Safari/537.36"
40.77.167.40 - - [31/Mar/2026:16:27:53 +0000] "GET /products/detail/236529909 HTTP/1.1" 200 189481 "-" "Mozilla/5.0 AppleWebKit/537.36 (KHTML, like Gecko; compatible; bingbot/2.0; +http://www.bing.com/bingbot.htm) Chrome/116.0.1938.76 Safari/537.36"
40.77.167.40 - - [31/Mar/2026:16:27:54 +0000] "GET /products/detail/155969080 HTTP/1.1" 200 195797 "-" "Mozilla/5.0 AppleWebKit/537.36 (KHTML, like Gecko; compatible; bingbot/2.0; +http://www.bing.com/bingbot.htm) Chrome/116.0.1938.76 Safari/537.36"
40.77.167.40 - - [31/Mar/2026:16:27:55 +0000] "GET /products/detail/210716101 HTTP/1.1" 200 190238 "-" "Mozilla/5.0 AppleWebKit/537.36 (KHTML, like Gecko; compatible; bingbot/2.0; +http://www.bing.com/bingbot.htm) Chrome/116.0.1938.76 Safari/537.36"
152.232.149.87 - - [31/Mar/2026:16:27:53 +0000] "GET /product/promate-6-in-1-hybrid-1-2m-multi-connector-cable-for-charging/?add-to-cart=1861 HTTP/1.1" 200 347273 "-" "Mozilla/5.0 (Macintosh; Intel Mac OS X 10_15_7) AppleWebKit/537.36 (KHTML, like Gecko) Chrome/142.0.0.0 Safari/537.36"
40.77.167.40 - - [31/Mar/2026:16:27:55 +0000] "GET /products/detail/192648585 HTTP/1.1" 200 195815 "-" "Mozilla/5.0 AppleWebKit/537.36 (KHTML, like Gecko; compatible; bingbot/2.0; +http://www.bing.com/bingbot.htm) Chrome/116.0.1938.76 Safari/537.36"
40.77.167.40 - - [31/Mar/2026:16:27:56 +0000] "GET /products/detail/214311585 HTTP/1.1" 200 193317 "-" "Mozilla/5.0 AppleWebKit/537.36 (KHTML, like Gecko; compatible; bingbot/2.0; +http://www.bing.com/bingbot.htm) Chrome/116.0.1938.76 Safari/537.36"
40.77.167.40 - - [31/Mar/2026:16:28:03 +0000] "GET /products/detail/242864323 HTTP/1.1" 200 201555 "-" "Mozilla/5.0 AppleWebKit/537.36 (KHTML, like Gecko; compatible; bingbot/2.0; +http://www.bing.com/bingbot.htm) Chrome/116.0.1938.76 Safari/537.36"
40.77.167.40 - - [31/Mar/2026:16:28:03 +0000] "GET /products/detail/182602232 HTTP/1.1" 200 191938 "-" "Mozilla/5.0 AppleWebKit/537.36 (KHTML, like Gecko; compatible; bingbot/2.0; +http://www.bing.com/bingbot.htm) Chrome/116.0.1938.76 Safari/537.36"
40.77.167.40 - - [31/Mar/2026:16:28:04 +0000] "GET /products/detail/159282222 HTTP/1.1" 200 189689 "-" "Mozilla/5.0 AppleWebKit/537.36 (KHTML, like Gecko; compatible; bingbot/2.0; +http://www.bing.com/bingbot.htm) Chrome/116.0.1938.76 Safari/537.36"
142.147.176.70 - - [31/Mar/2026:16:28:04 +0000] "GET /product/dynamix-2m-usb-c-to-lightning-charge-sync-cable-for-apple/?add-to-cart=1941 HTTP/1.1" 200 339910 "-" "Mozilla/5.0 (Macintosh; Intel Mac OS X 10_15_7) AppleWebKit/537.36 (KHTML, like Gecko) Chrome/142.0.0.0 Safari/537.36"
40.77.167.40 - - [31/Mar/2026:16:28:05 +0000] "GET /products/detail/195038767 HTTP/1.1" 200 193161 "-" "Mozilla/5.0 AppleWebKit/537.36 (KHTML, like Gecko; compatible; bingbot/2.0; +http://www.bing.com/bingbot.htm) Chrome/116.0.1938.76 Safari/537.36"
40.77.167.40 - - [31/Mar/2026:16:28:06 +0000] "GET /products/detail/155659373 HTTP/1.1" 200 197838 "-" "Mozilla/5.0 AppleWebKit/537.36 (KHTML, like Gecko; compatible; bingbot/2.0; +http://www.bing.com/bingbot.htm) Chrome/116.0.1938.76 Safari/537.36"
40.77.167.40 - - [31/Mar/2026:16:28:07 +0000] "GET /products/detail/235869969 HTTP/1.1" 200 205510 "-" "Mozilla/5.0 AppleWebKit/537.36 (KHTML, like Gecko; compatible; bingbot/2.0; +http://www.bing.com/bingbot.htm) Chrome/116.0.1938.76 Safari/537.36"
40.77.167.40 - - [31/Mar/2026:16:28:07 +0000] "GET /products/detail/177558282 HTTP/1.1" 200 203678 "-" "Mozilla/5.0 AppleWebKit/537.36 (KHTML, like Gecko; compatible; bingbot/2.0; +http://www.bing.com/bingbot.htm) Chrome/116.0.1938.76 Safari/537.36"
40.77.167.40 - - [31/Mar/2026:16:28:09 +0000] "GET /products/detail/189503212 HTTP/1.1" 200 194049 "-" "Mozilla/5.0 AppleWebKit/537.36 (KHTML, like Gecko; compatible; bingbot/2.0; +http://www.bing.com/bingbot.htm) Chrome/116.0.1938.76 Safari/537.36"
40.77.167.40 - - [31/Mar/2026:16:28:09 +0000] "GET /products/detail/190714151 HTTP/1.1" 200 202656 "-" "Mozilla/5.0 AppleWebKit/537.36 (KHTML, like Gecko; compatible; bingbot/2.0; +http://www.bing.com/bingbot.htm) Chrome/116.0.1938.76 Safari/537.36"
40.77.167.40 - - [31/Mar/2026:16:28:10 +0000] "GET /products/detail/216216909 HTTP/1.1" 200 193582 "-" "Mozilla/5.0 AppleWebKit/537.36 (KHTML, like Gecko; compatible; bingbot/2.0; +http://www.bing.com/bingbot.htm) Chrome/116.0.1938.76 Safari/537.36"
40.77.167.40 - - [31/Mar/2026:16:28:11 +0000] "GET /products/detail/228806656 HTTP/1.1" 200 194736 "-" "Mozilla/5.0 AppleWebKit/537.36 (KHTML, like Gecko; compatible; bingbot/2.0; +http://www.bing.com/bingbot.htm) Chrome/116.0.1938.76 Safari/537.36"
40.77.167.40 - - [31/Mar/2026:16:28:12 +0000] "GET /products/detail/162759363 HTTP/1.1" 200 191523 "-" "Mozilla/5.0 AppleWebKit/537.36 (KHTML, like Gecko; compatible; bingbot/2.0; +http://www.bing.com/bingbot.htm) Chrome/116.0.1938.76 Safari/537.36"
40.77.167.40 - - [31/Mar/2026:16:28:13 +0000] "GET /products/detail/202825808 HTTP/1.1" 200 195729 "-" "Mozilla/5.0 AppleWebKit/537.36 (KHTML, like Gecko; compatible; bingbot/2.0; +http://www.bing.com/bingbot.htm) Chrome/116.0.1938.76 Safari/537.36"
68.218.20.199 - - [31/Mar/2026:16:28:12 +0000] "GET / HTTP/1.1" 200 311108 "-" "AliveHunter/3.2.1"
40.77.167.40 - - [31/Mar/2026:16:28:14 +0000] "GET /products/detail/188948686 HTTP/1.1" 200 194835 "-" "Mozilla/5.0 AppleWebKit/537.36 (KHTML, like Gecko; compatible; bingbot/2.0; +http://www.bing.com/bingbot.htm) Chrome/116.0.1938.76 Safari/537.36"
66.249.64.106 - - [31/Mar/2026:16:28:14 +0000] "GET /products/detail/257872727 HTTP/1.1" 200 190579 "-" "Mozilla/5.0 (Linux; Android 6.0.1; Nexus 5X Build/MMB29P) AppleWebKit/537.36 (KHTML, like Gecko) Chrome/146.0.7680.153 Mobile Safari/537.36 (compatible; Googlebot/2.1; +http://www.google.com/bot.html)"
40.77.167.40 - - [31/Mar/2026:16:28:14 +0000] "GET /products/detail/203276464 HTTP/1.1" 200 195838 "-" "Mozilla/5.0 AppleWebKit/537.36 (KHTML, like Gecko; compatible; bingbot/2.0; +http://www.bing.com/bingbot.htm) Chrome/116.0.1938.76 Safari/537.36"
40.77.167.40 - - [31/Mar/2026:16:28:15 +0000] "GET /products/detail/206033050 HTTP/1.1" 200 203942 "-" "Mozilla/5.0 AppleWebKit/537.36 (KHTML, like Gecko; compatible; bingbot/2.0; +http://www.bing.com/bingbot.htm) Chrome/116.0.1938.76 Safari/537.36"
40.77.167.40 - - [31/Mar/2026:16:28:16 +0000] "GET /products/detail/203192878 HTTP/1.1" 200 207910 "-" "Mozilla/5.0 AppleWebKit/537.36 (KHTML, like Gecko; compatible; bingbot/2.0; +http://www.bing.com/bingbot.htm) Chrome/116.0.1938.76 Safari/537.36"
195.172.119.90 - - [31/Mar/2026:16:28:15 +0000] "GET /product/promate-3-in-1-ultra-slim-foldable-15w-magsafe-wireless-charging/?add-to-cart=1955 HTTP/1.1" 200 361577 "-" "Mozilla/5.0 (Macintosh; Intel Mac OS X 10_15_7) AppleWebKit/537.36 (KHTML, like Gecko) Chrome/142.0.0.0 Safari/537.36"
40.77.167.40 - - [31/Mar/2026:16:28:17 +0000] "GET /products/detail/165486828 HTTP/1.1" 200 210666 "-" "Mozilla/5.0 AppleWebKit/537.36 (KHTML, like Gecko; compatible; bingbot/2.0; +http://www.bing.com/bingbot.htm) Chrome/116.0.1938.76 Safari/537.36"
40.77.167.40 - - [31/Mar/2026:16:28:18 +0000] "GET /products/detail/267456828 HTTP/1.1" 200 209507 "-" "Mozilla/5.0 AppleWebKit/537.36 (KHTML, like Gecko; compatible; bingbot/2.0; +http://www.bing.com/bingbot.htm) Chrome/116.0.1938.76 Safari/537.36"
40.77.167.40 - - [31/Mar/2026:16:28:18 +0000] "GET /products/detail/210392878 HTTP/1.1" 200 195911 "-" "Mozilla/5.0 AppleWebKit/537.36 (KHTML, like Gecko; compatible; bingbot/2.0; +http://www.bing.com/bingbot.htm) Chrome/116.0.1938.76 Safari/537.36"
40.77.167.40 - - [31/Mar/2026:16:28:19 +0000] "GET /products/detail/217456313 HTTP/1.1" 200 221970 "-" "Mozilla/5.0 AppleWebKit/537.36 (KHTML, like Gecko; compatible; bingbot/2.0; +http://www.bing.com/bingbot.htm) Chrome/116.0.1938.76 Safari/537.36"
40.77.167.40 - - [31/Mar/2026:16:28:20 +0000] "GET /products/detail/153031484 HTTP/1.1" 200 195476 "-" "Mozilla/5.0 AppleWebKit/537.36 (KHTML, like Gecko; compatible; bingbot/2.0; +http://www.bing.com/bingbot.htm) Chrome/116.0.1938.76 Safari/537.36"
40.77.167.40 - - [31/Mar/2026:16:28:21 +0000] "GET /products/detail/173429212 HTTP/1.1" 200 198754 "-" "Mozilla/5.0 AppleWebKit/537.36 (KHTML, like Gecko; compatible; bingbot/2.0; +http://www.bing.com/bingbot.htm) Chrome/116.0.1938.76 Safari/537.36"
40.77.167.40 - - [31/Mar/2026:16:28:22 +0000] "GET /products/detail/183858858 HTTP/1.1" 200 223954 "-" "Mozilla/5.0 AppleWebKit/537.36 (KHTML, like Gecko; compatible; bingbot/2.0; +http://www.bing.com/bingbot.htm) Chrome/116.0.1938.76 Safari/537.36"
40.77.167.40 - - [31/Mar/2026:16:28:23 +0000] "GET /products/detail/215844171 HTTP/1.1" 200 191702 "-" "Mozilla/5.0 AppleWebKit/537.36 (KHTML, like Gecko; compatible; bingbot/2.0; +http://www.bing.com/bingbot.htm) Chrome/116.0.1938.76 Safari/537.36"
40.77.167.40 - - [31/Mar/2026:16:28:23 +0000] "GET /products/detail/196717727 HTTP/1.1" 200 190063 "-" "Mozilla/5.0 AppleWebKit/537.36 (KHTML, like Gecko; compatible; bingbot/2.0; +http://www.bing.com/bingbot.htm) Chrome/116.0.1938.76 Safari/537.36"
40.77.167.40 - - [31/Mar/2026:16:28:24 +0000] "GET /products/detail/224027323 HTTP/1.1" 200 193948 "-" "Mozilla/5.0 AppleWebKit/537.36 (KHTML, like Gecko; compatible; bingbot/2.0; +http://www.bing.com/bingbot.htm) Chrome/116.0.1938.76 Safari/537.36"
40.77.167.40 - - [31/Mar/2026:16:28:25 +0000] "GET /products/detail/209459353 HTTP/1.1" 200 191769 "-" "Mozilla/5.0 AppleWebKit/537.36 (KHTML, like Gecko; compatible; bingbot/2.0; +http://www.bing.com/bingbot.htm) Chrome/116.0.1938.76 Safari/537.36"
40.77.167.40 - - [31/Mar/2026:16:28:26 +0000] "GET /products/detail/220889020 HTTP/1.1" 200 192867 "-" "Mozilla/5.0 AppleWebKit/537.36 (KHTML, like Gecko; compatible; bingbot/2.0; +http://www.bing.com/bingbot.htm) Chrome/116.0.1938.76 Safari/537.36"
40.77.167.40 - - [31/Mar/2026:16:28:26 +0000] "GET /products/detail/229923111 HTTP/1.1" 200 195976 "-" "Mozilla/5.0 AppleWebKit/537.36 (KHTML, like Gecko; compatible; bingbot/2.0; +http://www.bing.com/bingbot.htm) Chrome/116.0.1938.76 Safari/537.36"
66.249.64.106 - - [31/Mar/2026:16:28:30 +0000] "GET /products/detail/214415989 HTTP/1.1" 200 191144 "-" "Mozilla/5.0 (Linux; Android 6.0.1; Nexus 5X Build/MMB29P) AppleWebKit/537.36 (KHTML, like Gecko) Chrome/146.0.7680.153 Mobile Safari/537.36 (compatible; Googlebot/2.1; +http://www.google.com/bot.html)"
40.77.167.40 - - [31/Mar/2026:16:28:33 +0000] "GET /products/detail/158385141 HTTP/1.1" 200 193705 "-" "Mozilla/5.0 AppleWebKit/537.36 (KHTML, like Gecko; compatible; bingbot/2.0; +http://www.bing.com/bingbot.htm) Chrome/116.0.1938.76 Safari/537.36"
40.77.167.40 - - [31/Mar/2026:16:28:34 +0000] "GET /products/detail/144569464 HTTP/1.1" 200 210236 "-" "Mozilla/5.0 AppleWebKit/537.36 (KHTML, like Gecko; compatible; bingbot/2.0; +http://www.bing.com/bingbot.htm) Chrome/116.0.1938.76 Safari/537.36"
40.77.167.40 - - [31/Mar/2026:16:28:34 +0000] "GET /products/detail/247046161 HTTP/1.1" 200 198416 "-" "Mozilla/5.0 AppleWebKit/537.36 (KHTML, like Gecko; compatible; bingbot/2.0; +http://www.bing.com/bingbot.htm) Chrome/116.0.1938.76 Safari/537.36"
45.79.238.235 - - [31/Mar/2026:16:28:35 +0000] "POST /wp-cron.php?doing_wp_cron=1774974515.3857738971710205078125 HTTP/1.1" 200 - "-" "WordPress/6.9.4; https://thecomputerdoctor.co.nz"
111.90.182.134 - - [31/Mar/2026:16:28:33 +0000] "GET /product-category/pc-parts-and-accessories/apple/ HTTP/1.1" 200 236920 "-" "Mozilla/5.0 (Windows NT 10.0; Win64; x64) AppleWebKit/537.36 (KHTML, like Gecko) Chrome/146.0.0.0 Safari/537.36"
40.77.167.40 - - [31/Mar/2026:16:28:35 +0000] "GET /products/detail/222212818 HTTP/1.1" 200 198505 "-" "Mozilla/5.0 AppleWebKit/537.36 (KHTML, like Gecko; compatible; bingbot/2.0; +http://www.bing.com/bingbot.htm) Chrome/116.0.1938.76 Safari/537.36"
40.77.167.40 - - [31/Mar/2026:16:28:36 +0000] "GET /products/detail/233979303 HTTP/1.1" 200 201270 "-" "Mozilla/5.0 AppleWebKit/537.36 (KHTML, like Gecko; compatible; bingbot/2.0; +http://www.bing.com/bingbot.htm) Chrome/116.0.1938.76 Safari/537.36"
111.90.182.134 - - [31/Mar/2026:16:28:35 +0000] "POST /?wc-ajax=get_refreshed_fragments HTTP/1.1" 200 6551 "https://thecomputerdoctor.co.nz/product-category/pc-parts-and-accessories/apple/" "Mozilla/5.0 (Windows NT 10.0; Win64; x64) AppleWebKit/537.36 (KHTML, like Gecko) Chrome/146.0.0.0 Safari/537.36"
40.77.167.40 - - [31/Mar/2026:16:28:37 +0000] "GET /products/detail/228271151 HTTP/1.1" 200 199925 "-" "Mozilla/5.0 AppleWebKit/537.36 (KHTML, like Gecko; compatible; bingbot/2.0; +http://www.bing.com/bingbot.htm) Chrome/116.0.1938.76 Safari/537.36"
40.77.167.40 - - [31/Mar/2026:16:28:37 +0000] "GET /products/detail/244743969 HTTP/1.1" 200 193874 "-" "Mozilla/5.0 AppleWebKit/537.36 (KHTML, like Gecko; compatible; bingbot/2.0; +http://www.bing.com/bingbot.htm) Chrome/116.0.1938.76 Safari/537.36"
40.77.167.40 - - [31/Mar/2026:16:28:38 +0000] "GET /products/detail/224017868 HTTP/1.1" 200 207160 "-" "Mozilla/5.0 AppleWebKit/537.36 (KHTML, like Gecko; compatible; bingbot/2.0; +http://www.bing.com/bingbot.htm) Chrome/116.0.1938.76 Safari/537.36"
40.77.167.40 - - [31/Mar/2026:16:28:39 +0000] "GET /products/detail/153494101 HTTP/1.1" 200 192144 "-" "Mozilla/5.0 AppleWebKit/537.36 (KHTML, like Gecko; compatible; bingbot/2.0; +http://www.bing.com/bingbot.htm) Chrome/116.0.1938.76 Safari/537.36"
40.77.167.40 - - [31/Mar/2026:16:28:40 +0000] "GET /products/detail/259104252 HTTP/1.1" 200 193277 "-" "Mozilla/5.0 AppleWebKit/537.36 (KHTML, like Gecko; compatible; bingbot/2.0; +http://www.bing.com/bingbot.htm) Chrome/116.0.1938.76 Safari/537.36"
40.77.167.40 - - [31/Mar/2026:16:28:41 +0000] "GET /products/detail/199620666 HTTP/1.1" 200 188377 "-" "Mozilla/5.0 AppleWebKit/537.36 (KHTML, like Gecko; compatible; bingbot/2.0; +http://www.bing.com/bingbot.htm) Chrome/116.0.1938.76 Safari/537.36"
40.77.167.40 - - [31/Mar/2026:16:28:42 +0000] "GET /products/detail/230727363 HTTP/1.1" 200 198717 "-" "Mozilla/5.0 AppleWebKit/537.36 (KHTML, like Gecko; compatible; bingbot/2.0; +http://www.bing.com/bingbot.htm) Chrome/116.0.1938.76 Safari/537.36"
154.17.146.149 - - [31/Mar/2026:16:28:40 +0000] "GET /product/promate-6-in-1-hybrid-1-2m-multi-connector-cable-for-charging/?add-to-cart=1871 HTTP/1.1" 200 347186 "-" "Mozilla/5.0 (Macintosh; Intel Mac OS X 10_15_7) AppleWebKit/537.36 (KHTML, like Gecko) Chrome/142.0.0.0 Safari/537.36"
40.77.167.40 - - [31/Mar/2026:16:28:43 +0000] "GET /products/detail/151445686 HTTP/1.1" 200 202192 "-" "Mozilla/5.0 AppleWebKit/537.36 (KHTML, like Gecko; compatible; bingbot/2.0; +http://www.bing.com/bingbot.htm) Chrome/116.0.1938.76 Safari/537.36"
40.77.167.40 - - [31/Mar/2026:16:28:43 +0000] "GET /products/detail/243903717 HTTP/1.1" 200 191563 "-" "Mozilla/5.0 AppleWebKit/537.36 (KHTML, like Gecko; compatible; bingbot/2.0; +http://www.bing.com/bingbot.htm) Chrome/116.0.1938.76 Safari/537.36"
40.77.167.40 - - [31/Mar/2026:16:28:44 +0000] "GET /products/detail/200656787 HTTP/1.1" 200 198509 "-" "Mozilla/5.0 AppleWebKit/537.36 (KHTML, like Gecko; compatible; bingbot/2.0; +http://www.bing.com/bingbot.htm) Chrome/116.0.1938.76 Safari/537.36"
40.77.167.40 - - [31/Mar/2026:16:28:45 +0000] "GET /products/detail/214004707 HTTP/1.1" 200 215935 "-" "Mozilla/5.0 AppleWebKit/537.36 (KHTML, like Gecko; compatible; bingbot/2.0; +http://www.bing.com/bingbot.htm) Chrome/116.0.1938.76 Safari/537.36"
40.77.167.40 - - [31/Mar/2026:16:28:45 +0000] "GET /products/detail/200558020 HTTP/1.1" 200 206187 "-" "Mozilla/5.0 AppleWebKit/537.36 (KHTML, like Gecko; compatible; bingbot/2.0; +http://www.bing.com/bingbot.htm) Chrome/116.0.1938.76 Safari/537.36"
40.77.167.40 - - [31/Mar/2026:16:28:46 +0000] "GET /products/detail/154722717 HTTP/1.1" 200 211969 "-" "Mozilla/5.0 AppleWebKit/537.36 (KHTML, like Gecko; compatible; bingbot/2.0; +http://www.bing.com/bingbot.htm) Chrome/116.0.1938.76 Safari/537.36"
40.77.167.40 - - [31/Mar/2026:16:28:47 +0000] "GET /products/detail/206893565 HTTP/1.1" 200 205814 "-" "Mozilla/5.0 AppleWebKit/537.36 (KHTML, like Gecko; compatible; bingbot/2.0; +http://www.bing.com/bingbot.htm) Chrome/116.0.1938.76 Safari/537.36"
40.77.167.40 - - [31/Mar/2026:16:28:48 +0000] "GET /products/detail/151861484 HTTP/1.1" 200 190702 "-" "Mozilla/5.0 AppleWebKit/537.36 (KHTML, like Gecko; compatible; bingbot/2.0; +http://www.bing.com/bingbot.htm) Chrome/116.0.1938.76 Safari/537.36"
40.77.167.40 - - [31/Mar/2026:16:28:49 +0000] "GET /products/detail/217368666 HTTP/1.1" 200 199298 "-" "Mozilla/5.0 AppleWebKit/537.36 (KHTML, like Gecko; compatible; bingbot/2.0; +http://www.bing.com/bingbot.htm) Chrome/116.0.1938.76 Safari/537.36"
40.77.167.40 - - [31/Mar/2026:16:28:50 +0000] "GET /products/detail/197559444 HTTP/1.1" 200 203661 "-" "Mozilla/5.0 AppleWebKit/537.36 (KHTML, like Gecko; compatible; bingbot/2.0; +http://www.bing.com/bingbot.htm) Chrome/116.0.1938.76 Safari/537.36"
40.77.167.40 - - [31/Mar/2026:16:28:50 +0000] "GET /products/detail/215303848 HTTP/1.1" 200 190738 "-" "Mozilla/5.0 AppleWebKit/537.36 (KHTML, like Gecko; compatible; bingbot/2.0; +http://www.bing.com/bingbot.htm) Chrome/116.0.1938.76 Safari/537.36"
40.77.167.40 - - [31/Mar/2026:16:28:51 +0000] "GET /products/detail/159643808 HTTP/1.1" 200 214357 "-" "Mozilla/5.0 AppleWebKit/537.36 (KHTML, like Gecko; compatible; bingbot/2.0; +http://www.bing.com/bingbot.htm) Chrome/116.0.1938.76 Safari/537.36"
40.77.167.40 - - [31/Mar/2026:16:28:52 +0000] "GET /products/detail/223754404 HTTP/1.1" 200 214384 "-" "Mozilla/5.0 AppleWebKit/537.36 (KHTML, like Gecko; compatible; bingbot/2.0; +http://www.bing.com/bingbot.htm) Chrome/116.0.1938.76 Safari/537.36"
40.77.167.40 - - [31/Mar/2026:16:28:53 +0000] "GET /products/detail/207023515 HTTP/1.1" 200 208287 "-" "Mozilla/5.0 AppleWebKit/537.36 (KHTML, like Gecko; compatible; bingbot/2.0; +http://www.bing.com/bingbot.htm) Chrome/116.0.1938.76 Safari/537.36"
40.77.167.40 - - [31/Mar/2026:16:28:54 +0000] "GET /products/detail/161421969 HTTP/1.1" 200 213208 "-" "Mozilla/5.0 AppleWebKit/537.36 (KHTML, like Gecko; compatible; bingbot/2.0; +http://www.bing.com/bingbot.htm) Chrome/116.0.1938.76 Safari/537.36"
40.77.167.40 - - [31/Mar/2026:16:28:54 +0000] "GET /products/detail/214671828 HTTP/1.1" 200 192055 "-" "Mozilla/5.0 AppleWebKit/537.36 (KHTML, like Gecko; compatible; bingbot/2.0; +http://www.bing.com/bingbot.htm) Chrome/116.0.1938.76 Safari/537.36"
40.77.167.40 - - [31/Mar/2026:16:28:55 +0000] "GET /products/detail/212510131 HTTP/1.1" 200 192407 "-" "Mozilla/5.0 AppleWebKit/537.36 (KHTML, like Gecko; compatible; bingbot/2.0; +http://www.bing.com/bingbot.htm) Chrome/116.0.1938.76 Safari/537.36"
40.77.167.40 - - [31/Mar/2026:16:28:56 +0000] "GET /products/detail/152188202 HTTP/1.1" 200 198355 "-" "Mozilla/5.0 AppleWebKit/537.36 (KHTML, like Gecko; compatible; bingbot/2.0; +http://www.bing.com/bingbot.htm) Chrome/116.0.1938.76 Safari/537.36"
45.157.185.84 - - [31/Mar/2026:16:28:56 +0000] "GET /product/dynamix-3m-usb-a-to-lightning-charge-sync-cable-for-apple/?add-to-cart=1908 HTTP/1.1" 200 340423 "-" "Mozilla/5.0 (Macintosh; Intel Mac OS X 10_15_7) AppleWebKit/537.36 (KHTML, like Gecko) Chrome/142.0.0.0 Safari/537.36"
40.77.167.40 - - [31/Mar/2026:16:29:03 +0000] "GET /products/detail/152850939 HTTP/1.1" 200 202349 "-" "Mozilla/5.0 AppleWebKit/537.36 (KHTML, like Gecko; compatible; bingbot/2.0; +http://www.bing.com/bingbot.htm) Chrome/116.0.1938.76 Safari/537.36"
40.77.167.40 - - [31/Mar/2026:16:29:04 +0000] "GET /products/detail/186784070 HTTP/1.1" 200 201721 "-" "Mozilla/5.0 AppleWebKit/537.36 (KHTML, like Gecko; compatible; bingbot/2.0; +http://www.bing.com/bingbot.htm) Chrome/116.0.1938.76 Safari/537.36"
40.77.167.40 - - [31/Mar/2026:16:29:05 +0000] "GET /products/detail/216881212 HTTP/1.1" 200 195431 "-" "Mozilla/5.0 AppleWebKit/537.36 (KHTML, like Gecko; compatible; bingbot/2.0; +http://www.bing.com/bingbot.htm) Chrome/116.0.1938.76 Safari/537.36"
40.77.167.40 - - [31/Mar/2026:16:29:06 +0000] "GET /products/detail/165605959 HTTP/1.1" 200 194862 "-" "Mozilla/5.0 AppleWebKit/537.36 (KHTML, like Gecko; compatible; bingbot/2.0; +http://www.bing.com/bingbot.htm) Chrome/116.0.1938.76 Safari/537.36"
40.77.167.40 - - [31/Mar/2026:16:29:06 +0000] "GET /products/detail/181538323 HTTP/1.1" 200 216667 "-" "Mozilla/5.0 AppleWebKit/537.36 (KHTML, like Gecko; compatible; bingbot/2.0; +http://www.bing.com/bingbot.htm) Chrome/116.0.1938.76 Safari/537.36"
40.77.167.40 - - [31/Mar/2026:16:29:07 +0000] "GET /products/detail/209907444 HTTP/1.1" 200 200150 "-" "Mozilla/5.0 AppleWebKit/537.36 (KHTML, like Gecko; compatible; bingbot/2.0; +http://www.bing.com/bingbot.htm) Chrome/116.0.1938.76 Safari/537.36"
40.77.167.40 - - [31/Mar/2026:16:29:08 +0000] "GET /products/detail/241130464 HTTP/1.1" 200 193310 "-" "Mozilla/5.0 AppleWebKit/537.36 (KHTML, like Gecko; compatible; bingbot/2.0; +http://www.bing.com/bingbot.htm) Chrome/116.0.1938.76 Safari/537.36"
40.77.167.40 - - [31/Mar/2026:16:29:09 +0000] "GET /products/detail/162760616 HTTP/1.1" 200 191334 "-" "Mozilla/5.0 AppleWebKit/537.36 (KHTML, like Gecko; compatible; bingbot/2.0; +http://www.bing.com/bingbot.htm) Chrome/116.0.1938.76 Safari/537.36"
40.77.167.40 - - [31/Mar/2026:16:29:10 +0000] "GET /products/detail/187404303 HTTP/1.1" 200 196708 "-" "Mozilla/5.0 AppleWebKit/537.36 (KHTML, like Gecko; compatible; bingbot/2.0; +http://www.bing.com/bingbot.htm) Chrome/116.0.1938.76 Safari/537.36"
40.77.167.40 - - [31/Mar/2026:16:29:11 +0000] "GET /products/detail/191175303 HTTP/1.1" 200 191698 "-" "Mozilla/5.0 AppleWebKit/537.36 (KHTML, like Gecko; compatible; bingbot/2.0; +http://www.bing.com/bingbot.htm) Chrome/116.0.1938.76 Safari/537.36"
40.77.167.40 - - [31/Mar/2026:16:29:12 +0000] "GET /products/detail/183801252 HTTP/1.1" 200 195096 "-" "Mozilla/5.0 AppleWebKit/537.36 (KHTML, like Gecko; compatible; bingbot/2.0; +http://www.bing.com/bingbot.htm) Chrome/116.0.1938.76 Safari/537.36"
40.77.167.40 - - [31/Mar/2026:16:29:12 +0000] "GET /products/detail/188688585 HTTP/1.1" 200 205445 "-" "Mozilla/5.0 AppleWebKit/537.36 (KHTML, like Gecko; compatible; bingbot/2.0; +http://www.bing.com/bingbot.htm) Chrome/116.0.1938.76 Safari/537.36"
40.77.167.40 - - [31/Mar/2026:16:29:13 +0000] "GET /products/detail/159532757 HTTP/1.1" 200 196610 "-" "Mozilla/5.0 AppleWebKit/537.36 (KHTML, like Gecko; compatible; bingbot/2.0; +http://www.bing.com/bingbot.htm) Chrome/116.0.1938.76 Safari/537.36"
40.77.167.40 - - [31/Mar/2026:16:29:14 +0000] "GET /products/detail/241051040 HTTP/1.1" 200 190421 "-" "Mozilla/5.0 AppleWebKit/537.36 (KHTML, like Gecko; compatible; bingbot/2.0; +http://www.bing.com/bingbot.htm) Chrome/116.0.1938.76 Safari/537.36"
45.79.238.235 - - [31/Mar/2026:16:29:15 +0000] "POST /wp-cron.php?doing_wp_cron=1774974555.1832940578460693359375 HTTP/1.1" 200 - "-" "WordPress/6.9.4; https://thecomputerdoctor.co.nz"
85.254.42.188 - - [31/Mar/2026:16:29:12 +0000] "GET /product/promate-3-in-1-ultra-slim-foldable-15w-magsafe-wireless-charging/?add-to-cart=1896 HTTP/1.1" 200 362051 "-" "Mozilla/5.0 (Macintosh; Intel Mac OS X 10_15_7) AppleWebKit/537.36 (KHTML, like Gecko) Chrome/142.0.0.0 Safari/537.36"
40.77.167.40 - - [31/Mar/2026:16:29:15 +0000] "GET /products/detail/240297969 HTTP/1.1" 200 196561 "-" "Mozilla/5.0 AppleWebKit/537.36 (KHTML, like Gecko; compatible; bingbot/2.0; +http://www.bing.com/bingbot.htm) Chrome/116.0.1938.76 Safari/537.36"
40.77.167.40 - - [31/Mar/2026:16:29:16 +0000] "GET /products/detail/211999949 HTTP/1.1" 200 197081 "-" "Mozilla/5.0 AppleWebKit/537.36 (KHTML, like Gecko; compatible; bingbot/2.0; +http://www.bing.com/bingbot.htm) Chrome/116.0.1938.76 Safari/537.36"
40.77.167.40 - - [31/Mar/2026:16:29:16 +0000] "GET /products/detail/174896989 HTTP/1.1" 200 212470 "-" "Mozilla/5.0 AppleWebKit/537.36 (KHTML, like Gecko; compatible; bingbot/2.0; +http://www.bing.com/bingbot.htm) Chrome/116.0.1938.76 Safari/537.36"
40.77.167.40 - - [31/Mar/2026:16:29:17 +0000] "GET /products/detail/222234282 HTTP/1.1" 200 212602 "-" "Mozilla/5.0 AppleWebKit/537.36 (KHTML, like Gecko; compatible; bingbot/2.0; +http://www.bing.com/bingbot.htm) Chrome/116.0.1938.76 Safari/537.36"
40.77.167.40 - - [31/Mar/2026:16:29:18 +0000] "GET /products/detail/156364313 HTTP/1.1" 200 192002 "-" "Mozilla/5.0 AppleWebKit/537.36 (KHTML, like Gecko; compatible; bingbot/2.0; +http://www.bing.com/bingbot.htm) Chrome/116.0.1938.76 Safari/537.36"
40.77.167.40 - - [31/Mar/2026:16:29:19 +0000] "GET /products/detail/264370373 HTTP/1.1" 200 192305 "-" "Mozilla/5.0 AppleWebKit/537.36 (KHTML, like Gecko; compatible; bingbot/2.0; +http://www.bing.com/bingbot.htm) Chrome/116.0.1938.76 Safari/537.36"
40.77.167.40 - - [31/Mar/2026:16:29:20 +0000] "GET /products/detail/224717848 HTTP/1.1" 200 193670 "-" "Mozilla/5.0 AppleWebKit/537.36 (KHTML, like Gecko; compatible; bingbot/2.0; +http://www.bing.com/bingbot.htm) Chrome/116.0.1938.76 Safari/537.36"
40.77.167.40 - - [31/Mar/2026:16:29:20 +0000] "GET /products/detail/243659464 HTTP/1.1" 200 190870 "-" "Mozilla/5.0 AppleWebKit/537.36 (KHTML, like Gecko; compatible; bingbot/2.0; +http://www.bing.com/bingbot.htm) Chrome/116.0.1938.76 Safari/537.36"
40.77.167.40 - - [31/Mar/2026:16:29:21 +0000] "GET /products/detail/223188969 HTTP/1.1" 200 203865 "-" "Mozilla/5.0 AppleWebKit/537.36 (KHTML, like Gecko; compatible; bingbot/2.0; +http://www.bing.com/bingbot.htm) Chrome/116.0.1938.76 Safari/537.36"
40.77.167.40 - - [31/Mar/2026:16:29:22 +0000] "GET /products/detail/182020262 HTTP/1.1" 200 189712 "-" "Mozilla/5.0 AppleWebKit/537.36 (KHTML, like Gecko; compatible; bingbot/2.0; +http://www.bing.com/bingbot.htm) Chrome/116.0.1938.76 Safari/537.36"
40.77.167.40 - - [31/Mar/2026:16:29:23 +0000] "GET /products/detail/249089737 HTTP/1.1" 200 197271 "-" "Mozilla/5.0 AppleWebKit/537.36 (KHTML, like Gecko; compatible; bingbot/2.0; +http://www.bing.com/bingbot.htm) Chrome/116.0.1938.76 Safari/537.36"
40.77.167.40 - - [31/Mar/2026:16:29:23 +0000] "GET /products/detail/218362616 HTTP/1.1" 200 191460 "-" "Mozilla/5.0 AppleWebKit/537.36 (KHTML, like Gecko; compatible; bingbot/2.0; +http://www.bing.com/bingbot.htm) Chrome/116.0.1938.76 Safari/537.36"
40.77.167.40 - - [31/Mar/2026:16:29:24 +0000] "GET /products/detail/224837989 HTTP/1.1" 200 203899 "-" "Mozilla/5.0 AppleWebKit/537.36 (KHTML, like Gecko; compatible; bingbot/2.0; +http://www.bing.com/bingbot.htm) Chrome/116.0.1938.76 Safari/537.36"
40.77.167.40 - - [31/Mar/2026:16:29:25 +0000] "GET /products/detail/220385242 HTTP/1.1" 200 198154 "-" "Mozilla/5.0 AppleWebKit/537.36 (KHTML, like Gecko; compatible; bingbot/2.0; +http://www.bing.com/bingbot.htm) Chrome/116.0.1938.76 Safari/537.36"
40.77.167.40 - - [31/Mar/2026:16:29:26 +0000] "GET /products/detail/168122020 HTTP/1.1" 200 200419 "-" "Mozilla/5.0 AppleWebKit/537.36 (KHTML, like Gecko; compatible; bingbot/2.0; +http://www.bing.com/bingbot.htm) Chrome/116.0.1938.76 Safari/537.36"
40.77.167.40 - - [31/Mar/2026:16:29:27 +0000] "GET /products/detail/162750030 HTTP/1.1" 200 191005 "-" "Mozilla/5.0 AppleWebKit/537.36 (KHTML, like Gecko; compatible; bingbot/2.0; +http://www.bing.com/bingbot.htm) Chrome/116.0.1938.76 Safari/537.36"
40.77.167.40 - - [31/Mar/2026:16:29:33 +0000] "GET /products/detail/221257919 HTTP/1.1" 200 193713 "-" "Mozilla/5.0 AppleWebKit/537.36 (KHTML, like Gecko; compatible; bingbot/2.0; +http://www.bing.com/bingbot.htm) Chrome/116.0.1938.76 Safari/537.36"
40.77.167.40 - - [31/Mar/2026:16:29:34 +0000] "GET /products/detail/250028656 HTTP/1.1" 200 192704 "-" "Mozilla/5.0 AppleWebKit/537.36 (KHTML, like Gecko; compatible; bingbot/2.0; +http://www.bing.com/bingbot.htm) Chrome/116.0.1938.76 Safari/537.36"
40.77.167.40 - - [31/Mar/2026:16:29:35 +0000] "GET /products/detail/215401262 HTTP/1.1" 200 195104 "-" "Mozilla/5.0 AppleWebKit/537.36 (KHTML, like Gecko; compatible; bingbot/2.0; +http://www.bing.com/bingbot.htm) Chrome/116.0.1938.76 Safari/537.36"
40.77.167.40 - - [31/Mar/2026:16:29:36 +0000] "GET /products/detail/185100303 HTTP/1.1" 200 190189 "-" "Mozilla/5.0 AppleWebKit/537.36 (KHTML, like Gecko; compatible; bingbot/2.0; +http://www.bing.com/bingbot.htm) Chrome/116.0.1938.76 Safari/537.36"
45.79.238.235 - - [31/Mar/2026:16:29:36 +0000] "POST /wp-cron.php?doing_wp_cron=1774974576.7966609001159667968750 HTTP/1.1" 200 - "-" "WordPress/6.9.4; https://thecomputerdoctor.co.nz"
23.226.210.232 - - [31/Mar/2026:16:29:34 +0000] "GET /product/dynamix-3m-usb-a-to-lightning-charge-sync-cable-for-apple/ HTTP/1.1" 200 331933 "-" "Mozilla/5.0 (Macintosh; Intel Mac OS X 10_15_7) AppleWebKit/537.36 (KHTML, like Gecko) Chrome/142.0.0.0 Safari/537.36"
40.77.167.40 - - [31/Mar/2026:16:29:37 +0000] "GET /products/detail/242109555 HTTP/1.1" 200 194441 "-" "Mozilla/5.0 AppleWebKit/537.36 (KHTML, like Gecko; compatible; bingbot/2.0; +http://www.bing.com/bingbot.htm) Chrome/116.0.1938.76 Safari/537.36"
40.77.167.40 - - [31/Mar/2026:16:29:38 +0000] "GET /products/detail/276548050 HTTP/1.1" 200 188271 "-" "Mozilla/5.0 AppleWebKit/537.36 (KHTML, like Gecko; compatible; bingbot/2.0; +http://www.bing.com/bingbot.htm) Chrome/116.0.1938.76 Safari/537.36"
40.77.167.40 - - [31/Mar/2026:16:29:38 +0000] "GET /products/detail/256181959 HTTP/1.1" 200 195234 "-" "Mozilla/5.0 AppleWebKit/537.36 (KHTML, like Gecko; compatible; bingbot/2.0; +http://www.bing.com/bingbot.htm) Chrome/116.0.1938.76 Safari/537.36"
40.77.167.40 - - [31/Mar/2026:16:29:39 +0000] "GET /products/detail/230416868 HTTP/1.1" 200 190531 "-" "Mozilla/5.0 AppleWebKit/537.36 (KHTML, like Gecko; compatible; bingbot/2.0; +http://www.bing.com/bingbot.htm) Chrome/116.0.1938.76 Safari/537.36"
40.77.167.40 - - [31/Mar/2026:16:29:40 +0000] "GET /products/detail/179906959 HTTP/1.1" 200 190113 "-" "Mozilla/5.0 AppleWebKit/537.36 (KHTML, like Gecko; compatible; bingbot/2.0; +http://www.bing.com/bingbot.htm) Chrome/116.0.1938.76 Safari/537.36"
40.77.167.40 - - [31/Mar/2026:16:29:41 +0000] "GET /products/detail/235102151 HTTP/1.1" 200 192895 "-" "Mozilla/5.0 AppleWebKit/537.36 (KHTML, like Gecko; compatible; bingbot/2.0; +http://www.bing.com/bingbot.htm) Chrome/116.0.1938.76 Safari/537.36"
45.41.165.136 - - [31/Mar/2026:16:29:40 +0000] "GET /product/dynamix-3m-usb-a-to-lightning-charge-sync-cable-for-apple/?add-to-cart=1882 HTTP/1.1" 200 340548 "-" "Mozilla/5.0 (Macintosh; Intel Mac OS X 10_15_7) AppleWebKit/537.36 (KHTML, like Gecko) Chrome/142.0.0.0 Safari/537.36"
40.77.167.40 - - [31/Mar/2026:16:29:42 +0000] "GET /products/detail/199950969 HTTP/1.1" 200 191693 "-" "Mozilla/5.0 AppleWebKit/537.36 (KHTML, like Gecko; compatible; bingbot/2.0; +http://www.bing.com/bingbot.htm) Chrome/116.0.1938.76 Safari/537.36"
40.77.167.40 - - [31/Mar/2026:16:29:42 +0000] "GET /products/detail/230893757 HTTP/1.1" 200 199394 "-" "Mozilla/5.0 AppleWebKit/537.36 (KHTML, like Gecko; compatible; bingbot/2.0; +http://www.bing.com/bingbot.htm) Chrome/116.0.1938.76 Safari/537.36"
40.77.167.40 - - [31/Mar/2026:16:29:43 +0000] "GET /products/detail/224383949 HTTP/1.1" 200 200183 "-" "Mozilla/5.0 AppleWebKit/537.36 (KHTML, like Gecko; compatible; bingbot/2.0; +http://www.bing.com/bingbot.htm) Chrome/116.0.1938.76 Safari/537.36"
40.77.167.40 - - [31/Mar/2026:16:29:44 +0000] "GET /products/detail/250987727 HTTP/1.1" 200 189045 "-" "Mozilla/5.0 AppleWebKit/537.36 (KHTML, like Gecko; compatible; bingbot/2.0; +http://www.bing.com/bingbot.htm) Chrome/116.0.1938.76 Safari/537.36"
40.77.167.40 - - [31/Mar/2026:16:29:45 +0000] "GET /products/detail/219424727 HTTP/1.1" 200 212343 "-" "Mozilla/5.0 AppleWebKit/537.36 (KHTML, like Gecko; compatible; bingbot/2.0; +http://www.bing.com/bingbot.htm) Chrome/116.0.1938.76 Safari/537.36"
40.77.167.40 - - [31/Mar/2026:16:29:46 +0000] "GET /products/detail/177783171 HTTP/1.1" 200 198057 "-" "Mozilla/5.0 AppleWebKit/537.36 (KHTML, like Gecko; compatible; bingbot/2.0; +http://www.bing.com/bingbot.htm) Chrome/116.0.1938.76 Safari/537.36"
40.77.167.40 - - [31/Mar/2026:16:29:47 +0000] "GET /products/detail/243838232 HTTP/1.1" 200 207131 "-" "Mozilla/5.0 AppleWebKit/537.36 (KHTML, like Gecko; compatible; bingbot/2.0; +http://www.bing.com/bingbot.htm) Chrome/116.0.1938.76 Safari/537.36"
40.77.167.40 - - [31/Mar/2026:16:29:47 +0000] "GET /products/detail/208305888 HTTP/1.1" 200 189006 "-" "Mozilla/5.0 AppleWebKit/537.36 (KHTML, like Gecko; compatible; bingbot/2.0; +http://www.bing.com/bingbot.htm) Chrome/116.0.1938.76 Safari/537.36"
40.77.167.40 - - [31/Mar/2026:16:29:48 +0000] "GET /products/detail/212215262 HTTP/1.1" 200 201964 "-" "Mozilla/5.0 AppleWebKit/537.36 (KHTML, like Gecko; compatible; bingbot/2.0; +http://www.bing.com/bingbot.htm) Chrome/116.0.1938.76 Safari/537.36"
40.77.167.40 - - [31/Mar/2026:16:29:49 +0000] "GET /products/detail/239929868 HTTP/1.1" 200 202838 "-" "Mozilla/5.0 AppleWebKit/537.36 (KHTML, like Gecko; compatible; bingbot/2.0; +http://www.bing.com/bingbot.htm) Chrome/116.0.1938.76 Safari/537.36"
40.77.167.40 - - [31/Mar/2026:16:29:50 +0000] "GET /products/detail/142282919 HTTP/1.1" 200 194125 "-" "Mozilla/5.0 AppleWebKit/537.36 (KHTML, like Gecko; compatible; bingbot/2.0; +http://www.bing.com/bingbot.htm) Chrome/116.0.1938.76 Safari/537.36"
40.77.167.40 - - [31/Mar/2026:16:29:51 +0000] "GET /products/detail/213440737 HTTP/1.1" 200 191239 "-" "Mozilla/5.0 AppleWebKit/537.36 (KHTML, like Gecko; compatible; bingbot/2.0; +http://www.bing.com/bingbot.htm) Chrome/116.0.1938.76 Safari/537.36"
40.77.167.40 - - [31/Mar/2026:16:29:52 +0000] "GET /products/detail/261282030 HTTP/1.1" 200 208083 "-" "Mozilla/5.0 AppleWebKit/537.36 (KHTML, like Gecko; compatible; bingbot/2.0; +http://www.bing.com/bingbot.htm) Chrome/116.0.1938.76 Safari/537.36"
40.77.167.40 - - [31/Mar/2026:16:29:52 +0000] "GET /products/detail/208607050 HTTP/1.1" 200 205207 "-" "Mozilla/5.0 AppleWebKit/537.36 (KHTML, like Gecko; compatible; bingbot/2.0; +http://www.bing.com/bingbot.htm) Chrome/116.0.1938.76 Safari/537.36"
40.77.167.40 - - [31/Mar/2026:16:29:53 +0000] "GET /products/detail/173857505 HTTP/1.1" 200 193360 "-" "Mozilla/5.0 AppleWebKit/537.36 (KHTML, like Gecko; compatible; bingbot/2.0; +http://www.bing.com/bingbot.htm) Chrome/116.0.1938.76 Safari/537.36"
40.77.167.40 - - [31/Mar/2026:16:29:54 +0000] "GET /products/detail/276124949 HTTP/1.1" 200 205713 "-" "Mozilla/5.0 AppleWebKit/537.36 (KHTML, like Gecko; compatible; bingbot/2.0; +http://www.bing.com/bingbot.htm) Chrome/116.0.1938.76 Safari/537.36"
40.77.167.40 - - [31/Mar/2026:16:29:55 +0000] "GET /products/detail/204143404 HTTP/1.1" 200 191609 "-" "Mozilla/5.0 AppleWebKit/537.36 (KHTML, like Gecko; compatible; bingbot/2.0; +http://www.bing.com/bingbot.htm) Chrome/116.0.1938.76 Safari/537.36"
40.77.167.40 - - [31/Mar/2026:16:29:56 +0000] "GET /products/detail/188963878 HTTP/1.1" 200 191353 "-" "Mozilla/5.0 AppleWebKit/537.36 (KHTML, like Gecko; compatible; bingbot/2.0; +http://www.bing.com/bingbot.htm) Chrome/116.0.1938.76 Safari/537.36"
40.77.167.40 - - [31/Mar/2026:16:29:56 +0000] "GET /products/detail/202108505 HTTP/1.1" 200 195621 "-" "Mozilla/5.0 AppleWebKit/537.36 (KHTML, like Gecko; compatible; bingbot/2.0; +http://www.bing.com/bingbot.htm) Chrome/116.0.1938.76 Safari/537.36"
40.77.167.40 - - [31/Mar/2026:16:29:57 +0000] "GET /products/detail/201358919 HTTP/1.1" 200 191525 "-" "Mozilla/5.0 AppleWebKit/537.36 (KHTML, like Gecko; compatible; bingbot/2.0; +http://www.bing.com/bingbot.htm) Chrome/116.0.1938.76 Safari/537.36"
45.79.238.235 - - [31/Mar/2026:16:29:58 +0000] "POST /wp-cron.php?doing_wp_cron=1774974598.7871410846710205078125 HTTP/1.1" 200 - "-" "WordPress/6.9.4; https://thecomputerdoctor.co.nz"
69.91.188.148 - - [31/Mar/2026:16:29:57 +0000] "GET /product/promate-compact-all-in-1-multi-connect-charging-cable-travel-kit/?add-to-cart=2431 HTTP/1.1" 200 343335 "-" "Mozilla/5.0 (Macintosh; Intel Mac OS X 10_15_7) AppleWebKit/537.36 (KHTML, like Gecko) Chrome/142.0.0.0 Safari/537.36"
40.77.167.40 - - [31/Mar/2026:16:30:02 +0000] "GET /products/detail/221524646 HTTP/1.1" 200 189208 "-" "Mozilla/5.0 AppleWebKit/537.36 (KHTML, like Gecko; compatible; bingbot/2.0; +http://www.bing.com/bingbot.htm) Chrome/116.0.1938.76 Safari/537.36"
40.77.167.40 - - [31/Mar/2026:16:30:03 +0000] "GET /products/detail/207694565 HTTP/1.1" 200 208671 "-" "Mozilla/5.0 AppleWebKit/537.36 (KHTML, like Gecko; compatible; bingbot/2.0; +http://www.bing.com/bingbot.htm) Chrome/116.0.1938.76 Safari/537.36"
40.77.167.40 - - [31/Mar/2026:16:30:04 +0000] "GET /products/detail/172240070 HTTP/1.1" 200 196455 "-" "Mozilla/5.0 AppleWebKit/537.36 (KHTML, like Gecko; compatible; bingbot/2.0; +http://www.bing.com/bingbot.htm) Chrome/116.0.1938.76 Safari/537.36"
40.77.167.40 - - [31/Mar/2026:16:30:05 +0000] "GET /products/detail/199278000 HTTP/1.1" 200 192093 "-" "Mozilla/5.0 AppleWebKit/537.36 (KHTML, like Gecko; compatible; bingbot/2.0; +http://www.bing.com/bingbot.htm) Chrome/116.0.1938.76 Safari/537.36"
40.77.167.40 - - [31/Mar/2026:16:30:06 +0000] "GET /products/detail/220901272 HTTP/1.1" 200 186803 "-" "Mozilla/5.0 AppleWebKit/537.36 (KHTML, like Gecko; compatible; bingbot/2.0; +http://www.bing.com/bingbot.htm) Chrome/116.0.1938.76 Safari/537.36"
40.77.167.40 - - [31/Mar/2026:16:30:07 +0000] "GET /products/detail/200776151 HTTP/1.1" 200 192817 "-" "Mozilla/5.0 AppleWebKit/537.36 (KHTML, like Gecko; compatible; bingbot/2.0; +http://www.bing.com/bingbot.htm) Chrome/116.0.1938.76 Safari/537.36"
40.77.167.40 - - [31/Mar/2026:16:30:08 +0000] "GET /products/detail/176726707 HTTP/1.1" 200 204646 "-" "Mozilla/5.0 AppleWebKit/537.36 (KHTML, like Gecko; compatible; bingbot/2.0; +http://www.bing.com/bingbot.htm) Chrome/116.0.1938.76 Safari/537.36"
40.77.167.40 - - [31/Mar/2026:16:30:09 +0000] "GET /products/detail/211040989 HTTP/1.1" 200 199421 "-" "Mozilla/5.0 AppleWebKit/537.36 (KHTML, like Gecko; compatible; bingbot/2.0; +http://www.bing.com/bingbot.htm) Chrome/116.0.1938.76 Safari/537.36"
40.77.167.40 - - [31/Mar/2026:16:30:09 +0000] "GET /products/detail/230355777 HTTP/1.1" 200 191207 "-" "Mozilla/5.0 AppleWebKit/537.36 (KHTML, like Gecko; compatible; bingbot/2.0; +http://www.bing.com/bingbot.htm) Chrome/116.0.1938.76 Safari/537.36"
40.77.167.40 - - [31/Mar/2026:16:30:10 +0000] "GET /products/detail/217606262 HTTP/1.1" 200 210491 "-" "Mozilla/5.0 AppleWebKit/537.36 (KHTML, like Gecko; compatible; bingbot/2.0; +http://www.bing.com/bingbot.htm) Chrome/116.0.1938.76 Safari/537.36"
40.77.167.40 - - [31/Mar/2026:16:30:11 +0000] "GET /products/detail/188220030 HTTP/1.1" 200 216199 "-" "Mozilla/5.0 AppleWebKit/537.36 (KHTML, like Gecko; compatible; bingbot/2.0; +http://www.bing.com/bingbot.htm) Chrome/116.0.1938.76 Safari/537.36"
40.77.167.40 - - [31/Mar/2026:16:30:12 +0000] "GET /products/detail/219050545 HTTP/1.1" 200 192075 "-" "Mozilla/5.0 AppleWebKit/537.36 (KHTML, like Gecko; compatible; bingbot/2.0; +http://www.bing.com/bingbot.htm) Chrome/116.0.1938.76 Safari/537.36"
40.77.167.40 - - [31/Mar/2026:16:30:13 +0000] "GET /products/detail/205321949 HTTP/1.1" 200 195742 "-" "Mozilla/5.0 AppleWebKit/537.36 (KHTML, like Gecko; compatible; bingbot/2.0; +http://www.bing.com/bingbot.htm) Chrome/116.0.1938.76 Safari/537.36"
40.77.167.40 - - [31/Mar/2026:16:30:13 +0000] "GET /products/detail/154987646 HTTP/1.1" 200 191490 "-" "Mozilla/5.0 AppleWebKit/537.36 (KHTML, like Gecko; compatible; bingbot/2.0; +http://www.bing.com/bingbot.htm) Chrome/116.0.1938.76 Safari/537.36"
40.77.167.40 - - [31/Mar/2026:16:30:14 +0000] "GET /products/detail/222526010 HTTP/1.1" 200 188802 "-" "Mozilla/5.0 AppleWebKit/537.36 (KHTML, like Gecko; compatible; bingbot/2.0; +http://www.bing.com/bingbot.htm) Chrome/116.0.1938.76 Safari/537.36"
40.77.167.40 - - [31/Mar/2026:16:30:15 +0000] "GET /products/detail/200985060 HTTP/1.1" 200 202508 "-" "Mozilla/5.0 AppleWebKit/537.36 (KHTML, like Gecko; compatible; bingbot/2.0; +http://www.bing.com/bingbot.htm) Chrome/116.0.1938.76 Safari/537.36"
40.77.167.40 - - [31/Mar/2026:16:30:16 +0000] "GET /products/detail/226785363 HTTP/1.1" 200 196924 "-" "Mozilla/5.0 AppleWebKit/537.36 (KHTML, like Gecko; compatible; bingbot/2.0; +http://www.bing.com/bingbot.htm) Chrome/116.0.1938.76 Safari/537.36"
40.77.167.40 - - [31/Mar/2026:16:30:17 +0000] "GET /products/detail/178206525 HTTP/1.1" 200 192514 "-" "Mozilla/5.0 AppleWebKit/537.36 (KHTML, like Gecko; compatible; bingbot/2.0; +http://www.bing.com/bingbot.htm) Chrome/116.0.1938.76 Safari/537.36"
40.77.167.40 - - [31/Mar/2026:16:30:17 +0000] "GET /products/detail/219410878 HTTP/1.1" 200 204090 "-" "Mozilla/5.0 AppleWebKit/537.36 (KHTML, like Gecko; compatible; bingbot/2.0; +http://www.bing.com/bingbot.htm) Chrome/116.0.1938.76 Safari/537.36"
40.77.167.40 - - [31/Mar/2026:16:30:18 +0000] "GET /products/detail/184582454 HTTP/1.1" 200 205938 "-" "Mozilla/5.0 AppleWebKit/537.36 (KHTML, like Gecko; compatible; bingbot/2.0; +http://www.bing.com/bingbot.htm) Chrome/116.0.1938.76 Safari/537.36"
40.77.167.40 - - [31/Mar/2026:16:30:19 +0000] "GET /products/detail/247543181 HTTP/1.1" 200 207666 "-" "Mozilla/5.0 AppleWebKit/537.36 (KHTML, like Gecko; compatible; bingbot/2.0; +http://www.bing.com/bingbot.htm) Chrome/116.0.1938.76 Safari/537.36"
40.77.167.40 - - [31/Mar/2026:16:30:20 +0000] "GET /products/detail/197024404 HTTP/1.1" 200 192539 "-" "Mozilla/5.0 AppleWebKit/537.36 (KHTML, like Gecko; compatible; bingbot/2.0; +http://www.bing.com/bingbot.htm) Chrome/116.0.1938.76 Safari/537.36"
40.77.167.40 - - [31/Mar/2026:16:30:21 +0000] "GET /products/detail/168943484 HTTP/1.1" 200 193335 "-" "Mozilla/5.0 AppleWebKit/537.36 (KHTML, like Gecko; compatible; bingbot/2.0; +http://www.bing.com/bingbot.htm) Chrome/116.0.1938.76 Safari/537.36"
40.77.167.40 - - [31/Mar/2026:16:30:22 +0000] "GET /products/detail/209777626 HTTP/1.1" 200 204951 "-" "Mozilla/5.0 AppleWebKit/537.36 (KHTML, like Gecko; compatible; bingbot/2.0; +http://www.bing.com/bingbot.htm) Chrome/116.0.1938.76 Safari/537.36"
40.77.167.40 - - [31/Mar/2026:16:30:22 +0000] "GET /products/detail/217557909 HTTP/1.1" 200 195344 "-" "Mozilla/5.0 AppleWebKit/537.36 (KHTML, like Gecko; compatible; bingbot/2.0; +http://www.bing.com/bingbot.htm) Chrome/116.0.1938.76 Safari/537.36"
40.77.167.40 - - [31/Mar/2026:16:30:23 +0000] "GET /products/detail/158973525 HTTP/1.1" 200 222556 "-" "Mozilla/5.0 AppleWebKit/537.36 (KHTML, like Gecko; compatible; bingbot/2.0; +http://www.bing.com/bingbot.htm) Chrome/116.0.1938.76 Safari/537.36"
40.77.167.40 - - [31/Mar/2026:16:30:24 +0000] "GET /products/detail/186253181 HTTP/1.1" 200 202706 "-" "Mozilla/5.0 AppleWebKit/537.36 (KHTML, like Gecko; compatible; bingbot/2.0; +http://www.bing.com/bingbot.htm) Chrome/116.0.1938.76 Safari/537.36"
40.77.167.40 - - [31/Mar/2026:16:30:25 +0000] "GET /products/detail/220149909 HTTP/1.1" 200 193544 "-" "Mozilla/5.0 AppleWebKit/537.36 (KHTML, like Gecko; compatible; bingbot/2.0; +http://www.bing.com/bingbot.htm) Chrome/116.0.1938.76 Safari/537.36"
40.77.167.40 - - [31/Mar/2026:16:30:25 +0000] "GET /products/detail/160108313 HTTP/1.1" 200 193685 "-" "Mozilla/5.0 AppleWebKit/537.36 (KHTML, like Gecko; compatible; bingbot/2.0; +http://www.bing.com/bingbot.htm) Chrome/116.0.1938.76 Safari/537.36"
40.77.167.40 - - [31/Mar/2026:16:30:26 +0000] "GET /products/detail/169121464 HTTP/1.1" 200 200141 "-" "Mozilla/5.0 AppleWebKit/537.36 (KHTML, like Gecko; compatible; bingbot/2.0; +http://www.bing.com/bingbot.htm) Chrome/116.0.1938.76 Safari/537.36"
40.77.167.40 - - [31/Mar/2026:16:30:33 +0000] "GET /products/detail/212525212 HTTP/1.1" 200 206544 "-" "Mozilla/5.0 AppleWebKit/537.36 (KHTML, like Gecko; compatible; bingbot/2.0; +http://www.bing.com/bingbot.htm) Chrome/116.0.1938.76 Safari/537.36"
40.77.167.40 - - [31/Mar/2026:16:30:34 +0000] "GET /products/detail/221745717 HTTP/1.1" 200 198481 "-" "Mozilla/5.0 AppleWebKit/537.36 (KHTML, like Gecko; compatible; bingbot/2.0; +http://www.bing.com/bingbot.htm) Chrome/116.0.1938.76 Safari/537.36"
40.77.167.40 - - [31/Mar/2026:16:30:34 +0000] "GET /products/detail/216796949 HTTP/1.1" 200 197764 "-" "Mozilla/5.0 AppleWebKit/537.36 (KHTML, like Gecko; compatible; bingbot/2.0; +http://www.bing.com/bingbot.htm) Chrome/116.0.1938.76 Safari/537.36"
40.77.167.40 - - [31/Mar/2026:16:30:35 +0000] "GET /products/detail/154683666 HTTP/1.1" 200 190828 "-" "Mozilla/5.0 AppleWebKit/537.36 (KHTML, like Gecko; compatible; bingbot/2.0; +http://www.bing.com/bingbot.htm) Chrome/116.0.1938.76 Safari/537.36"
40.77.167.40 - - [31/Mar/2026:16:30:36 +0000] "GET /products/detail/228940070 HTTP/1.1" 200 196601 "-" "Mozilla/5.0 AppleWebKit/537.36 (KHTML, like Gecko; compatible; bingbot/2.0; +http://www.bing.com/bingbot.htm) Chrome/116.0.1938.76 Safari/537.36"
45.79.238.235 - - [31/Mar/2026:16:30:37 +0000] "POST /wp-cron.php?doing_wp_cron=1774974636.9893829822540283203125 HTTP/1.1" 200 - "-" "WordPress/6.9.4; https://thecomputerdoctor.co.nz"
159.148.126.123 - - [31/Mar/2026:16:30:35 +0000] "GET /product/promate-10000mah-magnetic-qi-15w-wireless-charging-power-bank-usb-c/?add-to-cart=1852 HTTP/1.1" 200 347576 "-" "Mozilla/5.0 (Macintosh; Intel Mac OS X 10_15_7) AppleWebKit/537.36 (KHTML, like Gecko) Chrome/142.0.0.0 Safari/537.36"
40.77.167.40 - - [31/Mar/2026:16:30:37 +0000] "GET /products/detail/161864434 HTTP/1.1" 200 190838 "-" "Mozilla/5.0 AppleWebKit/537.36 (KHTML, like Gecko; compatible; bingbot/2.0; +http://www.bing.com/bingbot.htm) Chrome/116.0.1938.76 Safari/537.36"
40.77.167.40 - - [31/Mar/2026:16:30:38 +0000] "GET /products/detail/229455333 HTTP/1.1" 200 197705 "-" "Mozilla/5.0 AppleWebKit/537.36 (KHTML, like Gecko; compatible; bingbot/2.0; +http://www.bing.com/bingbot.htm) Chrome/116.0.1938.76 Safari/537.36"
40.77.167.40 - - [31/Mar/2026:16:30:39 +0000] "GET /products/detail/244238626 HTTP/1.1" 200 213667 "-" "Mozilla/5.0 AppleWebKit/537.36 (KHTML, like Gecko; compatible; bingbot/2.0; +http://www.bing.com/bingbot.htm) Chrome/116.0.1938.76 Safari/537.36"
40.77.167.40 - - [31/Mar/2026:16:30:40 +0000] "GET /products/detail/211056303 HTTP/1.1" 200 200930 "-" "Mozilla/5.0 AppleWebKit/537.36 (KHTML, like Gecko; compatible; bingbot/2.0; +http://www.bing.com/bingbot.htm) Chrome/116.0.1938.76 Safari/537.36"
40.77.167.40 - - [31/Mar/2026:16:30:40 +0000] "GET /products/detail/250565515 HTTP/1.1" 200 213627 "-" "Mozilla/5.0 AppleWebKit/537.36 (KHTML, like Gecko; compatible; bingbot/2.0; +http://www.bing.com/bingbot.htm) Chrome/116.0.1938.76 Safari/537.36"
40.77.167.40 - - [31/Mar/2026:16:30:41 +0000] "GET /products/detail/207165585 HTTP/1.1" 200 203128 "-" "Mozilla/5.0 AppleWebKit/537.36 (KHTML, like Gecko; compatible; bingbot/2.0; +http://www.bing.com/bingbot.htm) Chrome/116.0.1938.76 Safari/537.36"
108.165.151.128 - - [31/Mar/2026:16:30:40 +0000] "GET /product/dynamix-3m-usb-a-to-lightning-charge-sync-cable-for-apple/?add-to-cart=1866 HTTP/1.1" 200 340539 "-" "Mozilla/5.0 (Macintosh; Intel Mac OS X 10_15_7) AppleWebKit/537.36 (KHTML, like Gecko) Chrome/142.0.0.0 Safari/537.36"
40.77.167.40 - - [31/Mar/2026:16:30:42 +0000] "GET /products/detail/188172111 HTTP/1.1" 200 189806 "-" "Mozilla/5.0 AppleWebKit/537.36 (KHTML, like Gecko; compatible; bingbot/2.0; +http://www.bing.com/bingbot.htm) Chrome/116.0.1938.76 Safari/537.36"
40.77.167.40 - - [31/Mar/2026:16:30:43 +0000] "GET /products/detail/237041989 HTTP/1.1" 200 198798 "-" "Mozilla/5.0 AppleWebKit/537.36 (KHTML, like Gecko; compatible; bingbot/2.0; +http://www.bing.com/bingbot.htm) Chrome/116.0.1938.76 Safari/537.36"
40.77.167.40 - - [31/Mar/2026:16:30:44 +0000] "GET /products/detail/212542202 HTTP/1.1" 200 215376 "-" "Mozilla/5.0 AppleWebKit/537.36 (KHTML, like Gecko; compatible; bingbot/2.0; +http://www.bing.com/bingbot.htm) Chrome/116.0.1938.76 Safari/537.36"
40.77.167.40 - - [31/Mar/2026:16:30:45 +0000] "GET /products/detail/175375676 HTTP/1.1" 200 192642 "-" "Mozilla/5.0 AppleWebKit/537.36 (KHTML, like Gecko; compatible; bingbot/2.0; +http://www.bing.com/bingbot.htm) Chrome/116.0.1938.76 Safari/537.36"
