66.249.70.38 - - [31/Mar/2026:13:22:37 +0000] "GET /?prizes/255629339 HTTP/1.1" 200 194686 "-" "Mozilla/5.0 (Linux; Android 6.0.1; Nexus 5X Build/MMB29P) AppleWebKit/537.36 (KHTML, like Gecko) Chrome/146.0.7680.153 Mobile Safari/537.36 (compatible; Googlebot/2.1; +http://www.google.com/bot.html)"
66.249.70.38 - - [31/Mar/2026:13:22:46 +0000] "GET /?prizes/150764258 HTTP/1.1" 200 190749 "-" "Mozilla/5.0 (Linux; Android 6.0.1; Nexus 5X Build/MMB29P) AppleWebKit/537.36 (KHTML, like Gecko) Chrome/146.0.7680.153 Mobile Safari/537.36 (compatible; Googlebot/2.1; +http://www.google.com/bot.html)"
66.249.70.38 - - [31/Mar/2026:13:22:48 +0000] "GET /?prizes/66574086 HTTP/1.1" 200 196391 "-" "Mozilla/5.0 (Linux; Android 6.0.1; Nexus 5X Build/MMB29P) AppleWebKit/537.36 (KHTML, like Gecko) Chrome/146.0.7680.153 Mobile Safari/537.36 (compatible; Googlebot/2.1; +http://www.google.com/bot.html)"
66.249.70.38 - - [31/Mar/2026:13:22:54 +0000] "GET /?prizes/74619642 HTTP/1.1" 200 190876 "-" "Mozilla/5.0 (Linux; Android 6.0.1; Nexus 5X Build/MMB29P) AppleWebKit/537.36 (KHTML, like Gecko) Chrome/146.0.7680.153 Mobile Safari/537.36 (compatible; Googlebot/2.1; +http://www.google.com/bot.html)"
66.249.70.38 - - [31/Mar/2026:13:22:59 +0000] "GET /?prizes/47591066 HTTP/1.1" 200 196597 "-" "Mozilla/5.0 (Linux; Android 6.0.1; Nexus 5X Build/MMB29P) AppleWebKit/537.36 (KHTML, like Gecko) Chrome/146.0.7680.153 Mobile Safari/537.36 (compatible; Googlebot/2.1; +http://www.google.com/bot.html)"
66.249.70.38 - - [31/Mar/2026:13:23:03 +0000] "GET /?prizes/260958915%20%20%20%20%20%20%20%20%20%20%20%20%20%20%20%20%20%20%20%20%20%20%20%20%20%20%20%20%20%20%20%20class= HTTP/1.1" 200 227544 "-" "Mozilla/5.0 (Linux; Android 6.0.1; Nexus 5X Build/MMB29P) AppleWebKit/537.36 (KHTML, like Gecko) Chrome/146.0.7680.153 Mobile Safari/537.36 (compatible; Googlebot/2.1; +http://www.google.com/bot.html)"
66.249.70.38 - - [31/Mar/2026:13:23:09 +0000] "GET /?prizes/110856915 HTTP/1.1" 200 218973 "-" "Mozilla/5.0 (Linux; Android 6.0.1; Nexus 5X Build/MMB29P) AppleWebKit/537.36 (KHTML, like Gecko) Chrome/146.0.7680.153 Mobile Safari/537.36 (compatible; Googlebot/2.1; +http://www.google.com/bot.html)"
66.249.70.38 - - [31/Mar/2026:13:23:18 +0000] "GET /?prizes/200123066 HTTP/1.1" 200 193902 "-" "Mozilla/5.0 (Linux; Android 6.0.1; Nexus 5X Build/MMB29P) AppleWebKit/537.36 (KHTML, like Gecko) Chrome/146.0.7680.153 Mobile Safari/537.36 (compatible; Googlebot/2.1; +http://www.google.com/bot.html)"
66.249.70.38 - - [31/Mar/2026:13:23:21 +0000] "GET /?prizes/199190662 HTTP/1.1" 200 197958 "-" "Mozilla/5.0 (Linux; Android 6.0.1; Nexus 5X Build/MMB29P) AppleWebKit/537.36 (KHTML, like Gecko) Chrome/146.0.7680.153 Mobile Safari/537.36 (compatible; Googlebot/2.1; +http://www.google.com/bot.html)"
66.249.70.38 - - [31/Mar/2026:13:23:22 +0000] "GET /?prizes/273379137 HTTP/1.1" 200 217399 "-" "Mozilla/5.0 (Linux; Android 6.0.1; Nexus 5X Build/MMB29P) AppleWebKit/537.36 (KHTML, like Gecko) Chrome/146.0.7680.153 Mobile Safari/537.36 (compatible; Googlebot/2.1; +http://www.google.com/bot.html)"
66.249.70.38 - - [31/Mar/2026:13:23:23 +0000] "GET /?prizes/299372258 HTTP/1.1" 200 191257 "-" "Mozilla/5.0 (Linux; Android 6.0.1; Nexus 5X Build/MMB29P) AppleWebKit/537.36 (KHTML, like Gecko) Chrome/146.0.7680.153 Mobile Safari/537.36 (compatible; Googlebot/2.1; +http://www.google.com/bot.html)"
66.249.70.38 - - [31/Mar/2026:13:23:27 +0000] "GET /?prizes/316776672 HTTP/1.1" 200 217383 "-" "Mozilla/5.0 (Linux; Android 6.0.1; Nexus 5X Build/MMB29P) AppleWebKit/537.36 (KHTML, like Gecko) Chrome/146.0.7680.153 Mobile Safari/537.36 (compatible; Googlebot/2.1; +http://www.google.com/bot.html)"
66.249.70.39 - - [31/Mar/2026:13:23:54 +0000] "GET /?prizes/254986167 HTTP/1.1" 200 189628 "-" "Mozilla/5.0 (Linux; Android 6.0.1; Nexus 5X Build/MMB29P) AppleWebKit/537.36 (KHTML, like Gecko) Chrome/146.0.7680.153 Mobile Safari/537.36 (compatible; Googlebot/2.1; +http://www.google.com/bot.html)"
66.249.70.32 - - [31/Mar/2026:13:23:55 +0000] "GET /?prizes/267095551 HTTP/1.1" 200 199123 "-" "Mozilla/5.0 (Linux; Android 6.0.1; Nexus 5X Build/MMB29P) AppleWebKit/537.36 (KHTML, like Gecko) Chrome/146.0.7680.153 Mobile Safari/537.36 (compatible; Googlebot/2.1; +http://www.google.com/bot.html)"
66.249.70.39 - - [31/Mar/2026:13:23:58 +0000] "GET /?prizes/196991177 HTTP/1.1" 200 191257 "-" "Mozilla/5.0 (Linux; Android 6.0.1; Nexus 5X Build/MMB29P) AppleWebKit/537.36 (KHTML, like Gecko) Chrome/146.0.7680.153 Mobile Safari/537.36 (compatible; Googlebot/2.1; +http://www.google.com/bot.html)"
66.249.70.39 - - [31/Mar/2026:13:24:04 +0000] "GET /?prizes/120880652 HTTP/1.1" 200 192381 "-" "Mozilla/5.0 (Linux; Android 6.0.1; Nexus 5X Build/MMB29P) AppleWebKit/537.36 (KHTML, like Gecko) Chrome/146.0.7680.153 Mobile Safari/537.36 (compatible; Googlebot/2.1; +http://www.google.com/bot.html)"
66.249.64.232 - - [31/Mar/2026:13:24:06 +0000] "GET /?p=4324 HTTP/1.1" 200 201441 "-" "Mozilla/5.0 (Linux; Android 6.0.1; Nexus 5X Build/MMB29P) AppleWebKit/537.36 (KHTML, like Gecko) Chrome/146.0.7680.153 Mobile Safari/537.36 (compatible; Googlebot/2.1; +http://www.google.com/bot.html)"
66.249.70.38 - - [31/Mar/2026:13:24:16 +0000] "GET /?prizes/236276066 HTTP/1.1" 200 201203 "-" "Mozilla/5.0 (Linux; Android 6.0.1; Nexus 5X Build/MMB29P) AppleWebKit/537.36 (KHTML, like Gecko) Chrome/146.0.7680.153 Mobile Safari/537.36 (compatible; Googlebot/2.1; +http://www.google.com/bot.html)"
66.249.70.39 - - [31/Mar/2026:13:24:18 +0000] "GET /?prizes/189795238 HTTP/1.1" 200 201012 "-" "Mozilla/5.0 (Linux; Android 6.0.1; Nexus 5X Build/MMB29P) AppleWebKit/537.36 (KHTML, like Gecko) Chrome/146.0.7680.153 Mobile Safari/537.36 (compatible; Googlebot/2.1; +http://www.google.com/bot.html)"
66.249.70.38 - - [31/Mar/2026:13:24:19 +0000] "GET /?prizes/33204349 HTTP/1.1" 200 217086 "-" "Mozilla/5.0 (Linux; Android 6.0.1; Nexus 5X Build/MMB29P) AppleWebKit/537.36 (KHTML, like Gecko) Chrome/146.0.7680.153 Mobile Safari/537.36 (compatible; Googlebot/2.1; +http://www.google.com/bot.html)"
66.249.70.38 - - [31/Mar/2026:13:24:27 +0000] "GET /?prizes/320580319 HTTP/1.1" 200 199954 "-" "Mozilla/5.0 (Linux; Android 6.0.1; Nexus 5X Build/MMB29P) AppleWebKit/537.36 (KHTML, like Gecko) Chrome/146.0.7680.153 Mobile Safari/537.36 (compatible; Googlebot/2.1; +http://www.google.com/bot.html)"
66.249.70.38 - - [31/Mar/2026:13:24:29 +0000] "GET /?prizes/303116036 HTTP/1.1" 200 192798 "-" "Mozilla/5.0 (Linux; Android 6.0.1; Nexus 5X Build/MMB29P) AppleWebKit/537.36 (KHTML, like Gecko) Chrome/146.0.7680.153 Mobile Safari/537.36 (compatible; Googlebot/2.1; +http://www.google.com/bot.html)"
66.249.70.38 - - [31/Mar/2026:13:24:33 +0000] "GET /?prizes/28941157 HTTP/1.1" 200 205825 "-" "Mozilla/5.0 (Linux; Android 6.0.1; Nexus 5X Build/MMB29P) AppleWebKit/537.36 (KHTML, like Gecko) Chrome/146.0.7680.153 Mobile Safari/537.36 (compatible; Googlebot/2.1; +http://www.google.com/bot.html)"
66.249.70.38 - - [31/Mar/2026:13:24:35 +0000] "GET /?prizes/225667763 HTTP/1.1" 200 217129 "-" "Mozilla/5.0 (Linux; Android 6.0.1; Nexus 5X Build/MMB29P) AppleWebKit/537.36 (KHTML, like Gecko) Chrome/146.0.7680.153 Mobile Safari/537.36 (compatible; Googlebot/2.1; +http://www.google.com/bot.html)"
66.249.70.38 - - [31/Mar/2026:13:24:47 +0000] "GET /?prizes/88378167 HTTP/1.1" 200 202720 "-" "Mozilla/5.0 (Linux; Android 6.0.1; Nexus 5X Build/MMB29P) AppleWebKit/537.36 (KHTML, like Gecko) Chrome/146.0.7680.153 Mobile Safari/537.36 (compatible; Googlebot/2.1; +http://www.google.com/bot.html)"
66.249.70.38 - - [31/Mar/2026:13:24:50 +0000] "GET /?prizes/29633147 HTTP/1.1" 200 214666 "-" "Mozilla/5.0 (Linux; Android 6.0.1; Nexus 5X Build/MMB29P) AppleWebKit/537.36 (KHTML, like Gecko) Chrome/146.0.7680.153 Mobile Safari/537.36 (compatible; Googlebot/2.1; +http://www.google.com/bot.html)"
66.249.70.38 - - [31/Mar/2026:13:24:51 +0000] "GET /?prizes/268504056%20%20%20%20%20%20%20%20%20%20%20%20%20%20%20%20%20%20%20%20%20%20%20%20%20%20%20%20%20%20%20%20class= HTTP/1.1" 200 217335 "-" "Mozilla/5.0 (Linux; Android 6.0.1; Nexus 5X Build/MMB29P) AppleWebKit/537.36 (KHTML, like Gecko) Chrome/146.0.7680.153 Mobile Safari/537.36 (compatible; Googlebot/2.1; +http://www.google.com/bot.html)"
66.249.64.232 - - [31/Mar/2026:13:25:07 +0000] "GET /?p=1118 HTTP/1.1" 200 191900 "-" "Mozilla/5.0 (Linux; Android 6.0.1; Nexus 5X Build/MMB29P) AppleWebKit/537.36 (KHTML, like Gecko) Chrome/146.0.7680.153 Mobile Safari/537.36 (compatible; Googlebot/2.1; +http://www.google.com/bot.html)"
66.249.70.32 - - [31/Mar/2026:13:25:24 +0000] "GET /?prizes/24205571 HTTP/1.1" 200 210635 "-" "Mozilla/5.0 (Linux; Android 6.0.1; Nexus 5X Build/MMB29P) AppleWebKit/537.36 (KHTML, like Gecko) Chrome/146.0.7680.153 Mobile Safari/537.36 (compatible; GoogleOther)"
66.249.64.231 - - [31/Mar/2026:13:25:34 +0000] "GET /?p=4291 HTTP/1.1" 200 197913 "-" "Mozilla/5.0 (Linux; Android 6.0.1; Nexus 5X Build/MMB29P) AppleWebKit/537.36 (KHTML, like Gecko) Chrome/146.0.7680.153 Mobile Safari/537.36 (compatible; Googlebot/2.1; +http://www.google.com/bot.html)"
66.249.70.38 - - [31/Mar/2026:13:26:03 +0000] "GET /?prizes/217185157 HTTP/1.1" 200 193923 "-" "Mozilla/5.0 (Linux; Android 6.0.1; Nexus 5X Build/MMB29P) AppleWebKit/537.36 (KHTML, like Gecko) Chrome/146.0.7680.153 Mobile Safari/537.36 (compatible; GoogleOther)"
66.249.70.38 - - [31/Mar/2026:13:26:35 +0000] "GET /?prizes/311897884 HTTP/1.1" 200 216403 "-" "Mozilla/5.0 (Linux; Android 6.0.1; Nexus 5X Build/MMB29P) AppleWebKit/537.36 (KHTML, like Gecko) Chrome/146.0.7680.153 Mobile Safari/537.36 (compatible; Googlebot/2.1; +http://www.google.com/bot.html)"
66.249.64.230 - - [31/Mar/2026:13:26:48 +0000] "GET /contact-us/ HTTP/1.1" 200 187447 "-" "Mozilla/5.0 (Linux; Android 6.0.1; Nexus 5X Build/MMB29P) AppleWebKit/537.36 (KHTML, like Gecko) Chrome/146.0.7680.153 Mobile Safari/537.36 (compatible; Googlebot/2.1; +http://www.google.com/bot.html)"
66.249.70.38 - - [31/Mar/2026:13:27:01 +0000] "GET /?prizes/39495783 HTTP/1.1" 200 203436 "-" "Mozilla/5.0 (Linux; Android 6.0.1; Nexus 5X Build/MMB29P) AppleWebKit/537.36 (KHTML, like Gecko) Chrome/146.0.7680.153 Mobile Safari/537.36 (compatible; GoogleOther)"
66.249.70.32 - - [31/Mar/2026:13:27:03 +0000] "GET /?prizes/202583440 HTTP/1.1" 200 212223 "-" "Mozilla/5.0 (Linux; Android 6.0.1; Nexus 5X Build/MMB29P) AppleWebKit/537.36 (KHTML, like Gecko) Chrome/146.0.7680.153 Mobile Safari/537.36 (compatible; Googlebot/2.1; +http://www.google.com/bot.html)"
66.249.70.32 - - [31/Mar/2026:13:27:04 +0000] "GET /?prizes/267825016 HTTP/1.1" 200 190028 "-" "Mozilla/5.0 (Linux; Android 6.0.1; Nexus 5X Build/MMB29P) AppleWebKit/537.36 (KHTML, like Gecko) Chrome/146.0.7680.153 Mobile Safari/537.36 (compatible; Googlebot/2.1; +http://www.google.com/bot.html)"
66.249.64.231 - - [31/Mar/2026:13:27:10 +0000] "GET /?p=2049 HTTP/1.1" 200 211354 "-" "Mozilla/5.0 (Linux; Android 6.0.1; Nexus 5X Build/MMB29P) AppleWebKit/537.36 (KHTML, like Gecko) Chrome/146.0.7680.153 Mobile Safari/537.36 (compatible; Googlebot/2.1; +http://www.google.com/bot.html)"
66.249.70.39 - - [31/Mar/2026:13:27:20 +0000] "GET /?prizes/287098622 HTTP/1.1" 200 195494 "-" "Mozilla/5.0 (Linux; Android 6.0.1; Nexus 5X Build/MMB29P) AppleWebKit/537.36 (KHTML, like Gecko) Chrome/146.0.7680.153 Mobile Safari/537.36 (compatible; Googlebot/2.1; +http://www.google.com/bot.html)"
45.88.138.44 - - [31/Mar/2026:13:27:30 +0000] "GET / HTTP/1.1" 200 3 "-" "Go-http-client/2.0"
66.249.70.38 - - [31/Mar/2026:13:27:30 +0000] "GET /?prizes/39374632 HTTP/1.1" 200 191332 "-" "Mozilla/5.0 (Linux; Android 6.0.1; Nexus 5X Build/MMB29P) AppleWebKit/537.36 (KHTML, like Gecko) Chrome/146.0.7680.153 Mobile Safari/537.36 (compatible; GoogleOther)"
66.249.70.38 - - [31/Mar/2026:13:27:32 +0000] "GET /?prizes/56664864 HTTP/1.1" 200 213963 "-" "Mozilla/5.0 (Linux; Android 6.0.1; Nexus 5X Build/MMB29P) AppleWebKit/537.36 (KHTML, like Gecko) Chrome/146.0.7680.153 Mobile Safari/537.36 (compatible; Googlebot/2.1; +http://www.google.com/bot.html)"
45.88.138.44 - - [31/Mar/2026:13:27:33 +0000] "GET /zz-nonexistent-test-8492.html HTTP/1.1" 200 3 "-" "Go-http-client/2.0"
45.88.138.44 - - [31/Mar/2026:13:27:36 +0000] "GET /.DS_Store HTTP/1.1" 200 3 "-" "Go-http-client/2.0"
45.88.138.44 - - [31/Mar/2026:13:27:36 +0000] "GET /api/.env HTTP/1.1" 403 4170 "-" "Go-http-client/2.0"
45.88.138.44 - - [31/Mar/2026:13:27:36 +0000] "GET /backend/.env HTTP/1.1" 403 4170 "-" "Go-http-client/2.0"
45.88.138.44 - - [31/Mar/2026:13:27:36 +0000] "GET /.aws/credentials HTTP/1.1" 403 4170 "-" "Go-http-client/2.0"
45.88.138.44 - - [31/Mar/2026:13:27:38 +0000] "GET /.env HTTP/1.1" 403 4170 "-" "Go-http-client/2.0"
45.88.138.44 - - [31/Mar/2026:13:27:38 +0000] "GET /.env.swp HTTP/1.1" 403 4170 "-" "Go-http-client/2.0"
45.88.138.44 - - [31/Mar/2026:13:27:39 +0000] "GET /config.env HTTP/1.1" 200 3 "-" "Go-http-client/2.0"
45.88.138.44 - - [31/Mar/2026:13:27:39 +0000] "GET /.git/HEAD HTTP/1.1" 200 3 "-" "Go-http-client/2.0"
45.88.138.44 - - [31/Mar/2026:13:27:39 +0000] "GET /.env.production HTTP/1.1" 200 3 "-" "Go-http-client/2.0"
45.88.138.44 - - [31/Mar/2026:13:27:39 +0000] "GET /.env.bak HTTP/1.1" 200 3 "-" "Go-http-client/2.0"
45.88.138.44 - - [31/Mar/2026:13:27:39 +0000] "GET /.git/config HTTP/1.1" 200 3 "-" "Go-http-client/2.0"
45.88.138.44 - - [31/Mar/2026:13:27:39 +0000] "GET /app/.env HTTP/1.1" 200 3 "-" "Go-http-client/2.0"
66.249.70.38 - - [31/Mar/2026:13:27:44 +0000] "GET /?prizes/244457854 HTTP/1.1" 200 189351 "-" "Mozilla/5.0 (Linux; Android 6.0.1; Nexus 5X Build/MMB29P) AppleWebKit/537.36 (KHTML, like Gecko) Chrome/146.0.7680.153 Mobile Safari/537.36 (compatible; Googlebot/2.1; +http://www.google.com/bot.html)"
66.249.64.230 - - [31/Mar/2026:13:27:51 +0000] "GET /?p=4599 HTTP/1.1" 200 200396 "-" "Mozilla/5.0 (Linux; Android 6.0.1; Nexus 5X Build/MMB29P) AppleWebKit/537.36 (KHTML, like Gecko) Chrome/146.0.7680.153 Mobile Safari/537.36 (compatible; Googlebot/2.1; +http://www.google.com/bot.html)"
66.249.64.230 - - [31/Mar/2026:13:27:51 +0000] "GET /?p=4282 HTTP/1.1" 200 200587 "-" "Mozilla/5.0 (Linux; Android 6.0.1; Nexus 5X Build/MMB29P) AppleWebKit/537.36 (KHTML, like Gecko) Chrome/146.0.7680.153 Mobile Safari/537.36 (compatible; Googlebot/2.1; +http://www.google.com/bot.html)"
66.249.70.38 - - [31/Mar/2026:13:27:54 +0000] "GET /?prizes/314088480 HTTP/1.1" 200 189002 "-" "Mozilla/5.0 (Linux; Android 6.0.1; Nexus 5X Build/MMB29P) AppleWebKit/537.36 (KHTML, like Gecko) Chrome/146.0.7680.153 Mobile Safari/537.36 (compatible; Googlebot/2.1; +http://www.google.com/bot.html)"
66.249.70.38 - - [31/Mar/2026:13:27:59 +0000] "GET /?prizes/267303349 HTTP/1.1" 200 190404 "-" "Mozilla/5.0 (Linux; Android 6.0.1; Nexus 5X Build/MMB29P) AppleWebKit/537.36 (KHTML, like Gecko) Chrome/146.0.7680.153 Mobile Safari/537.36 (compatible; GoogleOther)"
66.249.70.38 - - [31/Mar/2026:13:28:03 +0000] "GET /?prizes/62305733 HTTP/1.1" 200 198893 "-" "Mozilla/5.0 (Linux; Android 6.0.1; Nexus 5X Build/MMB29P) AppleWebKit/537.36 (KHTML, like Gecko) Chrome/146.0.7680.153 Mobile Safari/537.36 (compatible; Googlebot/2.1; +http://www.google.com/bot.html)"
66.249.70.38 - - [31/Mar/2026:13:28:10 +0000] "GET /?prizes/189043056 HTTP/1.1" 200 189776 "-" "Mozilla/5.0 (Linux; Android 6.0.1; Nexus 5X Build/MMB29P) AppleWebKit/537.36 (KHTML, like Gecko) Chrome/146.0.7680.153 Mobile Safari/537.36 (compatible; GoogleOther)"
66.249.70.38 - - [31/Mar/2026:13:28:13 +0000] "GET /?prizes/257266763 HTTP/1.1" 200 214559 "-" "Mozilla/5.0 (Linux; Android 6.0.1; Nexus 5X Build/MMB29P) AppleWebKit/537.36 (KHTML, like Gecko) Chrome/146.0.7680.153 Mobile Safari/537.36 (compatible; Googlebot/2.1; +http://www.google.com/bot.html)"
66.249.70.38 - - [31/Mar/2026:13:28:18 +0000] "GET /?prizes/319806420 HTTP/1.1" 200 221945 "-" "Mozilla/5.0 (Linux; Android 6.0.1; Nexus 5X Build/MMB29P) AppleWebKit/537.36 (KHTML, like Gecko) Chrome/146.0.7680.153 Mobile Safari/537.36 (compatible; Googlebot/2.1; +http://www.google.com/bot.html)"
66.249.70.38 - - [31/Mar/2026:13:28:20 +0000] "GET /?prizes/63112925 HTTP/1.1" 200 219213 "-" "Mozilla/5.0 (Linux; Android 6.0.1; Nexus 5X Build/MMB29P) AppleWebKit/537.36 (KHTML, like Gecko) Chrome/146.0.7680.153 Mobile Safari/537.36 (compatible; GoogleOther)"
66.249.70.38 - - [31/Mar/2026:13:28:30 +0000] "GET /?prizes/38358975 HTTP/1.1" 200 187734 "-" "Mozilla/5.0 (Linux; Android 6.0.1; Nexus 5X Build/MMB29P) AppleWebKit/537.36 (KHTML, like Gecko) Chrome/146.0.7680.153 Mobile Safari/537.36 (compatible; Googlebot/2.1; +http://www.google.com/bot.html)"
66.249.70.38 - - [31/Mar/2026:13:28:32 +0000] "GET /?prizes/245623359 HTTP/1.1" 200 195221 "-" "Mozilla/5.0 (Linux; Android 6.0.1; Nexus 5X Build/MMB29P) AppleWebKit/537.36 (KHTML, like Gecko) Chrome/146.0.7680.153 Mobile Safari/537.36 (compatible; Googlebot/2.1; +http://www.google.com/bot.html)"
66.249.70.38 - - [31/Mar/2026:13:28:34 +0000] "GET /?prizes/294458258 HTTP/1.1" 200 206173 "-" "Mozilla/5.0 (Linux; Android 6.0.1; Nexus 5X Build/MMB29P) AppleWebKit/537.36 (KHTML, like Gecko) Chrome/146.0.7680.153 Mobile Safari/537.36 (compatible; Googlebot/2.1; +http://www.google.com/bot.html)"
66.249.70.38 - - [31/Mar/2026:13:28:42 +0000] "GET /?prizes/277255652 HTTP/1.1" 200 203151 "-" "Mozilla/5.0 (Linux; Android 6.0.1; Nexus 5X Build/MMB29P) AppleWebKit/537.36 (KHTML, like Gecko) Chrome/146.0.7680.153 Mobile Safari/537.36 (compatible; GoogleOther)"
66.249.70.38 - - [31/Mar/2026:13:28:43 +0000] "GET /?prizes/246314117 HTTP/1.1" 200 215464 "-" "Mozilla/5.0 (Linux; Android 6.0.1; Nexus 5X Build/MMB29P) AppleWebKit/537.36 (KHTML, like Gecko) Chrome/146.0.7680.153 Mobile Safari/537.36 (compatible; Googlebot/2.1; +http://www.google.com/bot.html)"
66.249.70.39 - - [31/Mar/2026:13:28:51 +0000] "GET /?prizes/294485824 HTTP/1.1" 200 197161 "-" "Mozilla/5.0 (Linux; Android 6.0.1; Nexus 5X Build/MMB29P) AppleWebKit/537.36 (KHTML, like Gecko) Chrome/146.0.7680.153 Mobile Safari/537.36 (compatible; Googlebot/2.1; +http://www.google.com/bot.html)"
66.249.70.39 - - [31/Mar/2026:13:28:52 +0000] "GET /?prizes/219421107 HTTP/1.1" 200 198132 "-" "Mozilla/5.0 (Linux; Android 6.0.1; Nexus 5X Build/MMB29P) AppleWebKit/537.36 (KHTML, like Gecko) Chrome/146.0.7680.153 Mobile Safari/537.36 (compatible; Googlebot/2.1; +http://www.google.com/bot.html)"
66.249.64.230 - - [31/Mar/2026:13:28:54 +0000] "GET /?p=2205 HTTP/1.1" 200 209925 "-" "Mozilla/5.0 (Linux; Android 6.0.1; Nexus 5X Build/MMB29P) AppleWebKit/537.36 (KHTML, like Gecko) Chrome/146.0.7680.153 Mobile Safari/537.36 (compatible; Googlebot/2.1; +http://www.google.com/bot.html)"
66.249.70.39 - - [31/Mar/2026:13:28:55 +0000] "GET /?prizes/262625602 HTTP/1.1" 200 220448 "-" "Mozilla/5.0 (Linux; Android 6.0.1; Nexus 5X Build/MMB29P) AppleWebKit/537.36 (KHTML, like Gecko) Chrome/146.0.7680.153 Mobile Safari/537.36 (compatible; Googlebot/2.1; +http://www.google.com/bot.html)"
66.249.70.38 - - [31/Mar/2026:13:28:57 +0000] "GET /?prizes/34598662 HTTP/1.1" 200 213498 "-" "Mozilla/5.0 (Linux; Android 6.0.1; Nexus 5X Build/MMB29P) AppleWebKit/537.36 (KHTML, like Gecko) Chrome/146.0.7680.153 Mobile Safari/537.36 (compatible; Googlebot/2.1; +http://www.google.com/bot.html)"
66.249.70.38 - - [31/Mar/2026:13:29:07 +0000] "GET /?prizes/64555056 HTTP/1.1" 200 194761 "-" "Mozilla/5.0 (Linux; Android 6.0.1; Nexus 5X Build/MMB29P) AppleWebKit/537.36 (KHTML, like Gecko) Chrome/146.0.7680.153 Mobile Safari/537.36 (compatible; GoogleOther)"
66.249.70.39 - - [31/Mar/2026:13:29:12 +0000] "GET /?prizes/232802177 HTTP/1.1" 200 209015 "-" "Mozilla/5.0 (Linux; Android 6.0.1; Nexus 5X Build/MMB29P) AppleWebKit/537.36 (KHTML, like Gecko) Chrome/146.0.7680.153 Mobile Safari/537.36 (compatible; GoogleOther)"
66.249.70.38 - - [31/Mar/2026:13:29:16 +0000] "GET /?prizes/27385955 HTTP/1.1" 200 212782 "-" "Mozilla/5.0 (Linux; Android 6.0.1; Nexus 5X Build/MMB29P) AppleWebKit/537.36 (KHTML, like Gecko) Chrome/146.0.7680.153 Mobile Safari/537.36 (compatible; Googlebot/2.1; +http://www.google.com/bot.html)"
66.249.64.232 - - [31/Mar/2026:13:29:23 +0000] "GET /?p=402 HTTP/1.1" 200 194964 "-" "Mozilla/5.0 (Linux; Android 6.0.1; Nexus 5X Build/MMB29P) AppleWebKit/537.36 (KHTML, like Gecko) Chrome/146.0.7680.153 Mobile Safari/537.36 (compatible; Googlebot/2.1; +http://www.google.com/bot.html)"
66.249.70.38 - - [31/Mar/2026:13:29:26 +0000] "GET /?prizes/38240177 HTTP/1.1" 200 215703 "-" "Mozilla/5.0 (Linux; Android 6.0.1; Nexus 5X Build/MMB29P) AppleWebKit/537.36 (KHTML, like Gecko) Chrome/146.0.7680.153 Mobile Safari/537.36 (compatible; GoogleOther)"
66.249.70.38 - - [31/Mar/2026:13:29:26 +0000] "GET /?prizes/46255248 HTTP/1.1" 200 211390 "-" "Mozilla/5.0 (Linux; Android 6.0.1; Nexus 5X Build/MMB29P) AppleWebKit/537.36 (KHTML, like Gecko) Chrome/146.0.7680.153 Mobile Safari/537.36 (compatible; Googlebot/2.1; +http://www.google.com/bot.html)"
66.249.70.38 - - [31/Mar/2026:13:29:27 +0000] "GET /?prizes/267045612 HTTP/1.1" 200 197371 "-" "Mozilla/5.0 (Linux; Android 6.0.1; Nexus 5X Build/MMB29P) AppleWebKit/537.36 (KHTML, like Gecko) Chrome/146.0.7680.153 Mobile Safari/537.36 (compatible; Googlebot/2.1; +http://www.google.com/bot.html)"
66.249.70.32 - - [31/Mar/2026:13:29:37 +0000] "GET /?prizes/33836824 HTTP/1.1" 200 211993 "-" "Mozilla/5.0 (Linux; Android 6.0.1; Nexus 5X Build/MMB29P) AppleWebKit/537.36 (KHTML, like Gecko) Chrome/146.0.7680.153 Mobile Safari/537.36 (compatible; GoogleOther)"
66.249.70.32 - - [31/Mar/2026:13:29:39 +0000] "GET /?prizes/237100359 HTTP/1.1" 200 210260 "-" "Mozilla/5.0 (Linux; Android 6.0.1; Nexus 5X Build/MMB29P) AppleWebKit/537.36 (KHTML, like Gecko) Chrome/146.0.7680.153 Mobile Safari/537.36 (compatible; Googlebot/2.1; +http://www.google.com/bot.html)"
66.249.70.39 - - [31/Mar/2026:13:29:41 +0000] "GET /?prizes/253507682 HTTP/1.1" 200 225261 "-" "Mozilla/5.0 (Linux; Android 6.0.1; Nexus 5X Build/MMB29P) AppleWebKit/537.36 (KHTML, like Gecko) Chrome/146.0.7680.153 Mobile Safari/537.36 (compatible; Googlebot/2.1; +http://www.google.com/bot.html)"
66.249.70.39 - - [31/Mar/2026:13:29:47 +0000] "GET /?prizes/277136743 HTTP/1.1" 200 203461 "-" "Mozilla/5.0 (Linux; Android 6.0.1; Nexus 5X Build/MMB29P) AppleWebKit/537.36 (KHTML, like Gecko) Chrome/146.0.7680.153 Mobile Safari/537.36 (compatible; GoogleOther)"
66.249.70.32 - - [31/Mar/2026:13:30:01 +0000] "GET /?prizes/123160703 HTTP/1.1" 200 198929 "-" "Mozilla/5.0 (Linux; Android 6.0.1; Nexus 5X Build/MMB29P) AppleWebKit/537.36 (KHTML, like Gecko) Chrome/146.0.7680.153 Mobile Safari/537.36 (compatible; Googlebot/2.1; +http://www.google.com/bot.html)"
66.249.70.38 - - [31/Mar/2026:13:30:08 +0000] "GET /?prizes/28427258 HTTP/1.1" 200 211876 "-" "Mozilla/5.0 (Linux; Android 6.0.1; Nexus 5X Build/MMB29P) AppleWebKit/537.36 (KHTML, like Gecko) Chrome/146.0.7680.153 Mobile Safari/537.36 (compatible; Googlebot/2.1; +http://www.google.com/bot.html)"
66.249.70.38 - - [31/Mar/2026:13:30:09 +0000] "GET /?prizes/220729925 HTTP/1.1" 200 194407 "-" "Mozilla/5.0 (Linux; Android 6.0.1; Nexus 5X Build/MMB29P) AppleWebKit/537.36 (KHTML, like Gecko) Chrome/146.0.7680.153 Mobile Safari/537.36 (compatible; GoogleOther)"
66.249.70.39 - - [31/Mar/2026:13:30:14 +0000] "GET /?prizes/221951339 HTTP/1.1" 200 219193 "-" "Mozilla/5.0 (Linux; Android 6.0.1; Nexus 5X Build/MMB29P) AppleWebKit/537.36 (KHTML, like Gecko) Chrome/146.0.7680.153 Mobile Safari/537.36 (compatible; Googlebot/2.1; +http://www.google.com/bot.html)"
66.249.70.39 - - [31/Mar/2026:13:30:15 +0000] "GET /?prizes/199285389 HTTP/1.1" 200 199128 "-" "Mozilla/5.0 (Linux; Android 6.0.1; Nexus 5X Build/MMB29P) AppleWebKit/537.36 (KHTML, like Gecko) Chrome/146.0.7680.153 Mobile Safari/537.36 (compatible; GoogleOther)"
66.249.70.39 - - [31/Mar/2026:13:30:18 +0000] "GET /?prizes/179222369 HTTP/1.1" 200 191614 "-" "Mozilla/5.0 (Linux; Android 6.0.1; Nexus 5X Build/MMB29P) AppleWebKit/537.36 (KHTML, like Gecko) Chrome/146.0.7680.153 Mobile Safari/537.36 (compatible; Googlebot/2.1; +http://www.google.com/bot.html)"
66.249.70.32 - - [31/Mar/2026:13:30:22 +0000] "GET /?prizes/36600945 HTTP/1.1" 200 191804 "-" "Mozilla/5.0 (Linux; Android 6.0.1; Nexus 5X Build/MMB29P) AppleWebKit/537.36 (KHTML, like Gecko) Chrome/146.0.7680.153 Mobile Safari/537.36 (compatible; Googlebot/2.1; +http://www.google.com/bot.html)"
66.249.70.32 - - [31/Mar/2026:13:30:23 +0000] "GET /?prizes/321014773 HTTP/1.1" 200 190452 "-" "Mozilla/5.0 (Linux; Android 6.0.1; Nexus 5X Build/MMB29P) AppleWebKit/537.36 (KHTML, like Gecko) Chrome/146.0.7680.153 Mobile Safari/537.36 (compatible; Googlebot/2.1; +http://www.google.com/bot.html)"
66.249.70.32 - - [31/Mar/2026:13:30:28 +0000] "GET /?prizes/215034480 HTTP/1.1" 200 203320 "-" "Mozilla/5.0 (Linux; Android 6.0.1; Nexus 5X Build/MMB29P) AppleWebKit/537.36 (KHTML, like Gecko) Chrome/146.0.7680.153 Mobile Safari/537.36 (compatible; GoogleOther)"
66.249.70.38 - - [31/Mar/2026:13:30:31 +0000] "GET /?prizes/267794288 HTTP/1.1" 200 193615 "-" "Mozilla/5.0 (Linux; Android 6.0.1; Nexus 5X Build/MMB29P) AppleWebKit/537.36 (KHTML, like Gecko) Chrome/146.0.7680.153 Mobile Safari/537.36 (compatible; Googlebot/2.1; +http://www.google.com/bot.html)"
66.249.70.39 - - [31/Mar/2026:13:30:32 +0000] "GET /?prizes/43899723 HTTP/1.1" 200 187950 "-" "Mozilla/5.0 (Linux; Android 6.0.1; Nexus 5X Build/MMB29P) AppleWebKit/537.36 (KHTML, like Gecko) Chrome/146.0.7680.153 Mobile Safari/537.36 (compatible; Googlebot/2.1; +http://www.google.com/bot.html)"
66.249.64.230 - - [31/Mar/2026:13:30:42 +0000] "GET /?p=765 HTTP/1.1" 200 192723 "-" "Mozilla/5.0 (Linux; Android 6.0.1; Nexus 5X Build/MMB29P) AppleWebKit/537.36 (KHTML, like Gecko) Chrome/146.0.7680.153 Mobile Safari/537.36 (compatible; Googlebot/2.1; +http://www.google.com/bot.html)"
66.249.70.32 - - [31/Mar/2026:13:30:45 +0000] "GET /?prizes/302020278 HTTP/1.1" 200 218623 "-" "Mozilla/5.0 (Linux; Android 6.0.1; Nexus 5X Build/MMB29P) AppleWebKit/537.36 (KHTML, like Gecko) Chrome/146.0.7680.153 Mobile Safari/537.36 (compatible; Googlebot/2.1; +http://www.google.com/bot.html)"
66.249.70.32 - - [31/Mar/2026:13:30:48 +0000] "GET /?prizes/299936662 HTTP/1.1" 200 199560 "-" "Mozilla/5.0 (Linux; Android 6.0.1; Nexus 5X Build/MMB29P) AppleWebKit/537.36 (KHTML, like Gecko) Chrome/146.0.7680.153 Mobile Safari/537.36 (compatible; GoogleOther)"
66.249.70.38 - - [31/Mar/2026:13:30:49 +0000] "GET /?prizes/249734339 HTTP/1.1" 200 199078 "-" "Mozilla/5.0 (Linux; Android 6.0.1; Nexus 5X Build/MMB29P) AppleWebKit/537.36 (KHTML, like Gecko) Chrome/146.0.7680.153 Mobile Safari/537.36 (compatible; Googlebot/2.1; +http://www.google.com/bot.html)"
66.249.70.38 - - [31/Mar/2026:13:30:54 +0000] "GET /?prizes/220623480 HTTP/1.1" 200 196835 "-" "Mozilla/5.0 (Linux; Android 6.0.1; Nexus 5X Build/MMB29P) AppleWebKit/537.36 (KHTML, like Gecko) Chrome/146.0.7680.153 Mobile Safari/537.36 (compatible; Googlebot/2.1; +http://www.google.com/bot.html)"
66.249.70.38 - - [31/Mar/2026:13:30:58 +0000] "GET /?prizes/257662874 HTTP/1.1" 200 207377 "-" "Mozilla/5.0 (Linux; Android 6.0.1; Nexus 5X Build/MMB29P) AppleWebKit/537.36 (KHTML, like Gecko) Chrome/146.0.7680.153 Mobile Safari/537.36 (compatible; Googlebot/2.1; +http://www.google.com/bot.html)"
66.249.70.38 - - [31/Mar/2026:13:31:00 +0000] "GET /?prizes/279701632 HTTP/1.1" 200 222504 "-" "Mozilla/5.0 (Linux; Android 6.0.1; Nexus 5X Build/MMB29P) AppleWebKit/537.36 (KHTML, like Gecko) Chrome/146.0.7680.153 Mobile Safari/537.36 (compatible; Googlebot/2.1; +http://www.google.com/bot.html)"
66.249.70.39 - - [31/Mar/2026:13:31:05 +0000] "GET /?prizes/220886288 HTTP/1.1" 200 197844 "-" "Mozilla/5.0 (Linux; Android 6.0.1; Nexus 5X Build/MMB29P) AppleWebKit/537.36 (KHTML, like Gecko) Chrome/146.0.7680.153 Mobile Safari/537.36 (compatible; GoogleOther)"
66.249.70.39 - - [31/Mar/2026:13:31:14 +0000] "GET /?prizes/251484268 HTTP/1.1" 200 201922 "-" "Mozilla/5.0 (Linux; Android 6.0.1; Nexus 5X Build/MMB29P) AppleWebKit/537.36 (KHTML, like Gecko) Chrome/146.0.7680.153 Mobile Safari/537.36 (compatible; Googlebot/2.1; +http://www.google.com/bot.html)"
66.249.70.32 - - [31/Mar/2026:13:31:16 +0000] "GET /?prizes/139811581 HTTP/1.1" 200 203733 "-" "Mozilla/5.0 (Linux; Android 6.0.1; Nexus 5X Build/MMB29P) AppleWebKit/537.36 (KHTML, like Gecko) Chrome/146.0.7680.153 Mobile Safari/537.36 (compatible; GoogleOther)"
66.249.70.39 - - [31/Mar/2026:13:31:31 +0000] "GET /?prizes/152088480 HTTP/1.1" 200 205198 "-" "Mozilla/5.0 (Linux; Android 6.0.1; Nexus 5X Build/MMB29P) AppleWebKit/537.36 (KHTML, like Gecko) Chrome/146.0.7680.153 Mobile Safari/537.36 (compatible; GoogleOther)"
66.249.70.32 - - [31/Mar/2026:13:31:34 +0000] "GET /?prizes/240339915 HTTP/1.1" 200 193399 "-" "Mozilla/5.0 (Linux; Android 6.0.1; Nexus 5X Build/MMB29P) AppleWebKit/537.36 (KHTML, like Gecko) Chrome/146.0.7680.153 Mobile Safari/537.36 (compatible; Googlebot/2.1; +http://www.google.com/bot.html)"
66.249.70.32 - - [31/Mar/2026:13:31:40 +0000] "GET /?prizes/244636278 HTTP/1.1" 200 192775 "-" "Mozilla/5.0 (Linux; Android 6.0.1; Nexus 5X Build/MMB29P) AppleWebKit/537.36 (KHTML, like Gecko) Chrome/146.0.7680.153 Mobile Safari/537.36 (compatible; Googlebot/2.1; +http://www.google.com/bot.html)"
66.249.70.32 - - [31/Mar/2026:13:31:40 +0000] "GET /?prizes/270545602 HTTP/1.1" 200 218115 "-" "Mozilla/5.0 (Linux; Android 6.0.1; Nexus 5X Build/MMB29P) AppleWebKit/537.36 (KHTML, like Gecko) Chrome/146.0.7680.153 Mobile Safari/537.36 (compatible; GoogleOther)"
66.249.70.32 - - [31/Mar/2026:13:31:42 +0000] "GET /?prizes/58726874 HTTP/1.1" 200 196209 "-" "Mozilla/5.0 (Linux; Android 6.0.1; Nexus 5X Build/MMB29P) AppleWebKit/537.36 (KHTML, like Gecko) Chrome/146.0.7680.153 Mobile Safari/537.36 (compatible; Googlebot/2.1; +http://www.google.com/bot.html)"
66.249.70.38 - - [31/Mar/2026:13:31:43 +0000] "GET /?prizes/81587773 HTTP/1.1" 200 197013 "-" "Mozilla/5.0 (Linux; Android 6.0.1; Nexus 5X Build/MMB29P) AppleWebKit/537.36 (KHTML, like Gecko) Chrome/146.0.7680.153 Mobile Safari/537.36 (compatible; Googlebot/2.1; +http://www.google.com/bot.html)"
66.249.70.32 - - [31/Mar/2026:13:31:43 +0000] "GET /?prizes/317747117 HTTP/1.1" 200 207627 "-" "Mozilla/5.0 (Linux; Android 6.0.1; Nexus 5X Build/MMB29P) AppleWebKit/537.36 (KHTML, like Gecko) Chrome/146.0.7680.153 Mobile Safari/537.36 (compatible; Googlebot/2.1; +http://www.google.com/bot.html)"
66.249.70.38 - - [31/Mar/2026:13:31:53 +0000] "GET /?prizes/245289016 HTTP/1.1" 200 201617 "-" "Mozilla/5.0 (Linux; Android 6.0.1; Nexus 5X Build/MMB29P) AppleWebKit/537.36 (KHTML, like Gecko) Chrome/146.0.7680.153 Mobile Safari/537.36 (compatible; GoogleOther)"
66.249.70.38 - - [31/Mar/2026:13:31:54 +0000] "GET /?prizes/246617288 HTTP/1.1" 200 221536 "-" "Mozilla/5.0 (Linux; Android 6.0.1; Nexus 5X Build/MMB29P) AppleWebKit/537.36 (KHTML, like Gecko) Chrome/146.0.7680.153 Mobile Safari/537.36 (compatible; Googlebot/2.1; +http://www.google.com/bot.html)"
66.249.70.38 - - [31/Mar/2026:13:31:57 +0000] "GET /?prizes/125545682 HTTP/1.1" 200 200456 "-" "Mozilla/5.0 (Linux; Android 6.0.1; Nexus 5X Build/MMB29P) AppleWebKit/537.36 (KHTML, like Gecko) Chrome/146.0.7680.153 Mobile Safari/537.36 (compatible; Googlebot/2.1; +http://www.google.com/bot.html)"
66.249.70.38 - - [31/Mar/2026:13:32:14 +0000] "GET /?prizes/66854773 HTTP/1.1" 200 188886 "-" "Mozilla/5.0 (Linux; Android 6.0.1; Nexus 5X Build/MMB29P) AppleWebKit/537.36 (KHTML, like Gecko) Chrome/146.0.7680.153 Mobile Safari/537.36 (compatible; Googlebot/2.1; +http://www.google.com/bot.html)"
66.249.70.38 - - [31/Mar/2026:13:32:15 +0000] "GET /?prizes/281167278 HTTP/1.1" 200 191317 "-" "Mozilla/5.0 (Linux; Android 6.0.1; Nexus 5X Build/MMB29P) AppleWebKit/537.36 (KHTML, like Gecko) Chrome/146.0.7680.153 Mobile Safari/537.36 (compatible; Googlebot/2.1; +http://www.google.com/bot.html)"
66.249.70.39 - - [31/Mar/2026:13:32:16 +0000] "GET /?prizes/118003571 HTTP/1.1" 200 202181 "-" "Mozilla/5.0 (Linux; Android 6.0.1; Nexus 5X Build/MMB29P) AppleWebKit/537.36 (KHTML, like Gecko) Chrome/146.0.7680.153 Mobile Safari/537.36 (compatible; GoogleOther)"
66.249.70.32 - - [31/Mar/2026:13:32:18 +0000] "GET /?prizes/295531167 HTTP/1.1" 200 198720 "-" "Mozilla/5.0 (Linux; Android 6.0.1; Nexus 5X Build/MMB29P) AppleWebKit/537.36 (KHTML, like Gecko) Chrome/146.0.7680.153 Mobile Safari/537.36 (compatible; Googlebot/2.1; +http://www.google.com/bot.html)"
66.249.70.39 - - [31/Mar/2026:13:32:21 +0000] "GET /?prizes/34847521 HTTP/1.1" 200 201586 "-" "Mozilla/5.0 (Linux; Android 6.0.1; Nexus 5X Build/MMB29P) AppleWebKit/537.36 (KHTML, like Gecko) Chrome/146.0.7680.153 Mobile Safari/537.36 (compatible; GoogleOther)"
66.249.70.38 - - [31/Mar/2026:13:32:22 +0000] "GET /?prizes/228283622 HTTP/1.1" 200 189303 "-" "Mozilla/5.0 (Linux; Android 6.0.1; Nexus 5X Build/MMB29P) AppleWebKit/537.36 (KHTML, like Gecko) Chrome/146.0.7680.153 Mobile Safari/537.36 (compatible; Googlebot/2.1; +http://www.google.com/bot.html)"
66.249.70.39 - - [31/Mar/2026:13:32:25 +0000] "GET /?prizes/190616581 HTTP/1.1" 200 200354 "-" "Mozilla/5.0 (Linux; Android 6.0.1; Nexus 5X Build/MMB29P) AppleWebKit/537.36 (KHTML, like Gecko) Chrome/146.0.7680.153 Mobile Safari/537.36 (compatible; Googlebot/2.1; +http://www.google.com/bot.html)"
66.249.70.39 - - [31/Mar/2026:13:32:27 +0000] "GET /?prizes/289237137 HTTP/1.1" 200 191654 "-" "Mozilla/5.0 (Linux; Android 6.0.1; Nexus 5X Build/MMB29P) AppleWebKit/537.36 (KHTML, like Gecko) Chrome/146.0.7680.153 Mobile Safari/537.36 (compatible; Googlebot/2.1; +http://www.google.com/bot.html)"
66.249.64.230 - - [31/Mar/2026:13:32:29 +0000] "GET /?p=4541 HTTP/1.1" 200 191223 "-" "Mozilla/5.0 (Linux; Android 6.0.1; Nexus 5X Build/MMB29P) AppleWebKit/537.36 (KHTML, like Gecko) Chrome/146.0.7680.153 Mobile Safari/537.36 (compatible; Googlebot/2.1; +http://www.google.com/bot.html)"
66.249.70.32 - - [31/Mar/2026:13:32:33 +0000] "GET /?prizes/161063521 HTTP/1.1" 200 201605 "-" "Mozilla/5.0 (Linux; Android 6.0.1; Nexus 5X Build/MMB29P) AppleWebKit/537.36 (KHTML, like Gecko) Chrome/146.0.7680.153 Mobile Safari/537.36 (compatible; Googlebot/2.1; +http://www.google.com/bot.html)"
66.249.70.39 - - [31/Mar/2026:13:32:34 +0000] "GET /?prizes/154625713 HTTP/1.1" 200 193920 "-" "Mozilla/5.0 (Linux; Android 6.0.1; Nexus 5X Build/MMB29P) AppleWebKit/537.36 (KHTML, like Gecko) Chrome/146.0.7680.153 Mobile Safari/537.36 (compatible; GoogleOther)"
66.249.70.38 - - [31/Mar/2026:13:32:57 +0000] "GET /?prizes/43880369 HTTP/1.1" 200 186881 "-" "Mozilla/5.0 (Linux; Android 6.0.1; Nexus 5X Build/MMB29P) AppleWebKit/537.36 (KHTML, like Gecko) Chrome/146.0.7680.153 Mobile Safari/537.36 (compatible; GoogleOther)"
66.249.70.38 - - [31/Mar/2026:13:33:01 +0000] "GET /?prizes/265788208 HTTP/1.1" 200 210320 "-" "Mozilla/5.0 (Linux; Android 6.0.1; Nexus 5X Build/MMB29P) AppleWebKit/537.36 (KHTML, like Gecko) Chrome/146.0.7680.153 Mobile Safari/537.36 (compatible; GoogleOther)"
66.249.70.39 - - [31/Mar/2026:13:33:04 +0000] "GET /?prizes/244255682 HTTP/1.1" 200 207071 "-" "Mozilla/5.0 (Linux; Android 6.0.1; Nexus 5X Build/MMB29P) AppleWebKit/537.36 (KHTML, like Gecko) Chrome/146.0.7680.153 Mobile Safari/537.36 (compatible; Googlebot/2.1; +http://www.google.com/bot.html)"
66.249.70.32 - - [31/Mar/2026:13:33:07 +0000] "GET /?prizes/25156874 HTTP/1.1" 200 205669 "-" "Mozilla/5.0 (Linux; Android 6.0.1; Nexus 5X Build/MMB29P) AppleWebKit/537.36 (KHTML, like Gecko) Chrome/146.0.7680.153 Mobile Safari/537.36 (compatible; Googlebot/2.1; +http://www.google.com/bot.html)"
66.249.70.38 - - [31/Mar/2026:13:33:08 +0000] "GET /?prizes/215096935 HTTP/1.1" 200 195249 "-" "Mozilla/5.0 (Linux; Android 6.0.1; Nexus 5X Build/MMB29P) AppleWebKit/537.36 (KHTML, like Gecko) Chrome/146.0.7680.153 Mobile Safari/537.36 (compatible; Googlebot/2.1; +http://www.google.com/bot.html)"
66.249.70.39 - - [31/Mar/2026:13:33:10 +0000] "GET /?prizes/41746703 HTTP/1.1" 200 196995 "-" "Mozilla/5.0 (Linux; Android 6.0.1; Nexus 5X Build/MMB29P) AppleWebKit/537.36 (KHTML, like Gecko) Chrome/146.0.7680.153 Mobile Safari/537.36 (compatible; Googlebot/2.1; +http://www.google.com/bot.html)"
66.249.70.32 - - [31/Mar/2026:13:33:14 +0000] "GET /?prizes/29509733 HTTP/1.1" 200 197586 "-" "Mozilla/5.0 (Linux; Android 6.0.1; Nexus 5X Build/MMB29P) AppleWebKit/537.36 (KHTML, like Gecko) Chrome/146.0.7680.153 Mobile Safari/537.36 (compatible; Googlebot/2.1; +http://www.google.com/bot.html)"
66.249.70.39 - - [31/Mar/2026:13:33:16 +0000] "GET /?prizes/128484187 HTTP/1.1" 200 212127 "-" "Mozilla/5.0 (Linux; Android 6.0.1; Nexus 5X Build/MMB29P) AppleWebKit/537.36 (KHTML, like Gecko) Chrome/146.0.7680.153 Mobile Safari/537.36 (compatible; GoogleOther)"
66.249.70.32 - - [31/Mar/2026:13:33:23 +0000] "GET /?prizes/87463763 HTTP/1.1" 200 190533 "-" "Mozilla/5.0 (Linux; Android 6.0.1; Nexus 5X Build/MMB29P) AppleWebKit/537.36 (KHTML, like Gecko) Chrome/146.0.7680.153 Mobile Safari/537.36 (compatible; Googlebot/2.1; +http://www.google.com/bot.html)"
66.249.70.32 - - [31/Mar/2026:13:33:30 +0000] "GET /?prizes/97330137 HTTP/1.1" 200 208985 "-" "Mozilla/5.0 (Linux; Android 6.0.1; Nexus 5X Build/MMB29P) AppleWebKit/537.36 (KHTML, like Gecko) Chrome/146.0.7680.153 Mobile Safari/537.36 (compatible; Googlebot/2.1; +http://www.google.com/bot.html)"
66.249.70.32 - - [31/Mar/2026:13:33:36 +0000] "GET /?prizes/199277309 HTTP/1.1" 200 196226 "-" "Mozilla/5.0 (Linux; Android 6.0.1; Nexus 5X Build/MMB29P) AppleWebKit/537.36 (KHTML, like Gecko) Chrome/146.0.7680.153 Mobile Safari/537.36 (compatible; Googlebot/2.1; +http://www.google.com/bot.html)"
66.249.70.38 - - [31/Mar/2026:13:33:39 +0000] "GET /?prizes/67770420 HTTP/1.1" 200 188155 "-" "Mozilla/5.0 (Linux; Android 6.0.1; Nexus 5X Build/MMB29P) AppleWebKit/537.36 (KHTML, like Gecko) Chrome/146.0.7680.153 Mobile Safari/537.36 (compatible; Googlebot/2.1; +http://www.google.com/bot.html)"
66.249.70.39 - - [31/Mar/2026:13:33:40 +0000] "GET /?prizes/167600884 HTTP/1.1" 200 205486 "-" "Mozilla/5.0 (Linux; Android 6.0.1; Nexus 5X Build/MMB29P) AppleWebKit/537.36 (KHTML, like Gecko) Chrome/146.0.7680.153 Mobile Safari/537.36 (compatible; GoogleOther)"
66.249.70.32 - - [31/Mar/2026:13:33:43 +0000] "GET /?prizes/302996339 HTTP/1.1" 200 203424 "-" "Mozilla/5.0 (Linux; Android 6.0.1; Nexus 5X Build/MMB29P) AppleWebKit/537.36 (KHTML, like Gecko) Chrome/146.0.7680.153 Mobile Safari/537.36 (compatible; Googlebot/2.1; +http://www.google.com/bot.html)"
66.249.70.32 - - [31/Mar/2026:13:33:49 +0000] "GET /?prizes/252394733 HTTP/1.1" 200 194807 "-" "Mozilla/5.0 (Linux; Android 6.0.1; Nexus 5X Build/MMB29P) AppleWebKit/537.36 (KHTML, like Gecko) Chrome/146.0.7680.153 Mobile Safari/537.36 (compatible; Googlebot/2.1; +http://www.google.com/bot.html)"
66.249.70.32 - - [31/Mar/2026:13:33:50 +0000] "GET /?prizes/66328167 HTTP/1.1" 200 209100 "-" "Mozilla/5.0 (Linux; Android 6.0.1; Nexus 5X Build/MMB29P) AppleWebKit/537.36 (KHTML, like Gecko) Chrome/146.0.7680.153 Mobile Safari/537.36 (compatible; Googlebot/2.1; +http://www.google.com/bot.html)"
66.249.70.39 - - [31/Mar/2026:13:33:51 +0000] "GET /?prizes/185040420 HTTP/1.1" 200 197615 "-" "Mozilla/5.0 (Linux; Android 6.0.1; Nexus 5X Build/MMB29P) AppleWebKit/537.36 (KHTML, like Gecko) Chrome/146.0.7680.153 Mobile Safari/537.36 (compatible; GoogleOther)"
66.249.70.39 - - [31/Mar/2026:13:33:54 +0000] "GET /?prizes/223996814 HTTP/1.1" 200 187601 "-" "Mozilla/5.0 (Linux; Android 6.0.1; Nexus 5X Build/MMB29P) AppleWebKit/537.36 (KHTML, like Gecko) Chrome/146.0.7680.153 Mobile Safari/537.36 (compatible; Googlebot/2.1; +http://www.google.com/bot.html)"
66.249.70.39 - - [31/Mar/2026:13:33:56 +0000] "GET /?prizes/209729551 HTTP/1.1" 200 198723 "-" "Mozilla/5.0 (Linux; Android 6.0.1; Nexus 5X Build/MMB29P) AppleWebKit/537.36 (KHTML, like Gecko) Chrome/146.0.7680.153 Mobile Safari/537.36 (compatible; Googlebot/2.1; +http://www.google.com/bot.html)"
66.249.70.32 - - [31/Mar/2026:13:33:58 +0000] "GET /?prizes/67592773 HTTP/1.1" 200 202246 "-" "Mozilla/5.0 (Linux; Android 6.0.1; Nexus 5X Build/MMB29P) AppleWebKit/537.36 (KHTML, like Gecko) Chrome/146.0.7680.153 Mobile Safari/537.36 (compatible; GoogleOther)"
45.148.10.51 - - [31/Mar/2026:13:34:03 +0000] "GET / HTTP/1.1" 200 44565 "-" "Mozilla/5.0 (Windows NT 10.0; Win64; x64) AppleWebKit/537.36 (KHTML, like Gecko) Chrome/91.0.4472.124 Safari/537.36"
45.148.10.51 - - [31/Mar/2026:13:34:05 +0000] "GET / HTTP/1.1" 200 44565 "-" "Mozilla/5.0 (Windows NT 10.0; Win64; x64) AppleWebKit/537.36 (KHTML, like Gecko) Chrome/91.0.4472.124 Safari/537.36"
45.148.10.51 - - [31/Mar/2026:13:34:16 +0000] "GET / HTTP/1.1" 200 44396 "-" "-"
66.249.64.231 - - [31/Mar/2026:13:34:16 +0000] "GET /?p=7184 HTTP/1.1" 200 193864 "-" "Mozilla/5.0 (Linux; Android 6.0.1; Nexus 5X Build/MMB29P) AppleWebKit/537.36 (KHTML, like Gecko) Chrome/146.0.7680.153 Mobile Safari/537.36 (compatible; Googlebot/2.1; +http://www.google.com/bot.html)"
66.249.70.32 - - [31/Mar/2026:13:34:22 +0000] "GET /?prizes/131788086 HTTP/1.1" 200 199241 "-" "Mozilla/5.0 (Linux; Android 6.0.1; Nexus 5X Build/MMB29P) AppleWebKit/537.36 (KHTML, like Gecko) Chrome/146.0.7680.153 Mobile Safari/537.36 (compatible; GoogleOther)"
45.148.10.51 - - [31/Mar/2026:13:34:23 +0000] "GET /contact-us/ HTTP/1.1" 200 72774 "-" "Mozilla/5.0 (Windows NT 10.0; Win64; x64) AppleWebKit/537.36 (KHTML, like Gecko) Chrome/91.0.4472.124 Safari/537.36"
45.148.10.51 - - [31/Mar/2026:13:34:26 +0000] "GET /wp-includes/js/dist/a11y.min.js HTTP/1.1" 200 2358 "-" "Mozilla/5.0 (Windows NT 10.0; Win64; x64) AppleWebKit/537.36 (KHTML, like Gecko) Chrome/91.0.4472.124 Safari/537.36"
45.148.10.51 - - [31/Mar/2026:13:34:26 +0000] "GET /wp-includes/js/dist/vendor/wp-polyfill.min.js HTTP/1.1" 200 38590 "-" "Mozilla/5.0 (Windows NT 10.0; Win64; x64) AppleWebKit/537.36 (KHTML, like Gecko) Chrome/91.0.4472.124 Safari/537.36"
45.148.10.51 - - [31/Mar/2026:13:34:27 +0000] "GET /wp-content/themes/bridge/js/default_dynamic.js HTTP/1.1" 200 3886 "-" "Mozilla/5.0 (Windows NT 10.0; Win64; x64) AppleWebKit/537.36 (KHTML, like Gecko) Chrome/91.0.4472.124 Safari/537.36"
45.148.10.51 - - [31/Mar/2026:13:34:27 +0000] "GET /wp-includes/js/jquery/ui/sortable.min.js HTTP/1.1" 200 25449 "-" "Mozilla/5.0 (Windows NT 10.0; Win64; x64) AppleWebKit/537.36 (KHTML, like Gecko) Chrome/91.0.4472.124 Safari/537.36"
45.148.10.51 - - [31/Mar/2026:13:34:27 +0000] "GET /wp-includes/js/jquery/ui/effect-fold.min.js HTTP/1.1" 200 1004 "-" "Mozilla/5.0 (Windows NT 10.0; Win64; x64) AppleWebKit/537.36 (KHTML, like Gecko) Chrome/91.0.4472.124 Safari/537.36"
45.148.10.51 - - [31/Mar/2026:13:34:27 +0000] "GET /wp-content/themes/bridge/js/plugins/imagesloaded.js HTTP/1.1" 200 5559 "-" "Mozilla/5.0 (Windows NT 10.0; Win64; x64) AppleWebKit/537.36 (KHTML, like Gecko) Chrome/91.0.4472.124 Safari/537.36"
66.249.70.39 - - [31/Mar/2026:13:34:26 +0000] "GET /?prizes/239341460 HTTP/1.1" 200 194354 "-" "Mozilla/5.0 (Linux; Android 6.0.1; Nexus 5X Build/MMB29P) AppleWebKit/537.36 (KHTML, like Gecko) Chrome/146.0.7680.153 Mobile Safari/537.36 (compatible; GoogleOther)"
45.148.10.51 - - [31/Mar/2026:13:34:28 +0000] "GET /wp-includes/js/jquery/ui/effect-highlight.min.js HTTP/1.1" 200 632 "-" "Mozilla/5.0 (Windows NT 10.0; Win64; x64) AppleWebKit/537.36 (KHTML, like Gecko) Chrome/91.0.4472.124 Safari/537.36"
45.148.10.51 - - [31/Mar/2026:13:34:30 +0000] "GET /wp-includes/js/jquery/ui/slider.min.js HTTP/1.1" 200 10728 "-" "Mozilla/5.0 (Windows NT 10.0; Win64; x64) AppleWebKit/537.36 (KHTML, like Gecko) Chrome/91.0.4472.124 Safari/537.36"
45.148.10.51 - - [31/Mar/2026:13:34:30 +0000] "GET /wp-includes/js/jquery/ui/effect-clip.min.js HTTP/1.1" 200 780 "-" "Mozilla/5.0 (Windows NT 10.0; Win64; x64) AppleWebKit/537.36 (KHTML, like Gecko) Chrome/91.0.4472.124 Safari/537.36"
45.148.10.51 - - [31/Mar/2026:13:34:31 +0000] "GET /wp-includes/js/jquery/ui/draggable.min.js HTTP/1.1" 200 18321 "-" "Mozilla/5.0 (Windows NT 10.0; Win64; x64) AppleWebKit/537.36 (KHTML, like Gecko) Chrome/91.0.4472.124 Safari/537.36"
45.148.10.51 - - [31/Mar/2026:13:34:31 +0000] "GET /wp-includes/js/jquery/jquery-migrate.min.js HTTP/1.1" 200 13577 "-" "Mozilla/5.0 (Windows NT 10.0; Win64; x64) AppleWebKit/537.36 (KHTML, like Gecko) Chrome/91.0.4472.124 Safari/537.36"
45.148.10.51 - - [31/Mar/2026:13:34:31 +0000] "GET /wp-includes/js/jquery/ui/checkboxradio.min.js HTTP/1.1" 200 4309 "-" "Mozilla/5.0 (Windows NT 10.0; Win64; x64) AppleWebKit/537.36 (KHTML, like Gecko) Chrome/91.0.4472.124 Safari/537.36"
45.148.10.51 - - [31/Mar/2026:13:34:31 +0000] "GET /wp-includes/js/jquery/ui/button.min.js HTTP/1.1" 200 6136 "-" "Mozilla/5.0 (Windows NT 10.0; Win64; x64) AppleWebKit/537.36 (KHTML, like Gecko) Chrome/91.0.4472.124 Safari/537.36"
45.148.10.51 - - [31/Mar/2026:13:34:31 +0000] "GET /wp-includes/js/jquery/ui/tooltip.min.js HTTP/1.1" 200 6184 "-" "Mozilla/5.0 (Windows NT 10.0; Win64; x64) AppleWebKit/537.36 (KHTML, like Gecko) Chrome/91.0.4472.124 Safari/537.36"
45.148.10.51 - - [31/Mar/2026:13:34:31 +0000] "GET /wp-includes/js/jquery/ui/effect-drop.min.js HTTP/1.1" 200 737 "-" "Mozilla/5.0 (Windows NT 10.0; Win64; x64) AppleWebKit/537.36 (KHTML, like Gecko) Chrome/91.0.4472.124 Safari/537.36"
45.148.10.51 - - [31/Mar/2026:13:34:31 +0000] "GET /wp-content/themes/bridge/js/plugins/jquery.touchSwipe.min.js HTTP/1.1" 200 11805 "-" "Mozilla/5.0 (Windows NT 10.0; Win64; x64) AppleWebKit/537.36 (KHTML, like Gecko) Chrome/91.0.4472.124 Safari/537.36"
45.148.10.51 - - [31/Mar/2026:13:34:31 +0000] "GET /wp-content/themes/bridge/js/plugins/jquery.event.move.js HTTP/1.1" 200 14709 "-" "Mozilla/5.0 (Windows NT 10.0; Win64; x64) AppleWebKit/537.36 (KHTML, like Gecko) Chrome/91.0.4472.124 Safari/537.36"
45.148.10.51 - - [31/Mar/2026:13:34:31 +0000] "GET /wp-content/plugins/forms-contact/js/recaptcha_front.js HTTP/1.1" 200 876 "-" "Mozilla/5.0 (Windows NT 10.0; Win64; x64) AppleWebKit/537.36 (KHTML, like Gecko) Chrome/91.0.4472.124 Safari/537.36"
45.148.10.51 - - [31/Mar/2026:13:34:31 +0000] "GET /wp-content/plugins/LayerSlider/static/layerslider/js/layerslider.transitions.js HTTP/1.1" 200 23831 "-" "Mozilla/5.0 (Windows NT 10.0; Win64; x64) AppleWebKit/537.36 (KHTML, like Gecko) Chrome/91.0.4472.124 Safari/537.36"
66.249.70.32 - - [31/Mar/2026:13:34:33 +0000] "GET /?prizes/293774713 HTTP/1.1" 200 199669 "-" "Mozilla/5.0 (Linux; Android 6.0.1; Nexus 5X Build/MMB29P) AppleWebKit/537.36 (KHTML, like Gecko) Chrome/146.0.7680.153 Mobile Safari/537.36 (compatible; Googlebot/2.1; +http://www.google.com/bot.html)"
45.148.10.51 - - [31/Mar/2026:13:34:34 +0000] "GET /wp-includes/js/jquery/jquery.min.js HTTP/1.1" 200 87553 "-" "Mozilla/5.0 (Windows NT 10.0; Win64; x64) AppleWebKit/537.36 (KHTML, like Gecko) Chrome/91.0.4472.124 Safari/537.36"
45.148.10.51 - - [31/Mar/2026:13:34:34 +0000] "GET /wp-content/themes/bridge/js/plugins/packery-mode.pkgd.min.js HTTP/1.1" 200 13618 "-" "Mozilla/5.0 (Windows NT 10.0; Win64; x64) AppleWebKit/537.36 (KHTML, like Gecko) Chrome/91.0.4472.124 Safari/537.36"
45.148.10.51 - - [31/Mar/2026:13:34:34 +0000] "GET /wp-includes/js/jquery/ui/effect-pulsate.min.js HTTP/1.1" 200 672 "-" "Mozilla/5.0 (Windows NT 10.0; Win64; x64) AppleWebKit/537.36 (KHTML, like Gecko) Chrome/91.0.4472.124 Safari/537.36"
45.148.10.51 - - [31/Mar/2026:13:34:34 +0000] "GET /wp-includes/js/jquery/ui/menu.min.js HTTP/1.1" 200 10114 "-" "Mozilla/5.0 (Windows NT 10.0; Win64; x64) AppleWebKit/537.36 (KHTML, like Gecko) Chrome/91.0.4472.124 Safari/537.36"
45.148.10.51 - - [31/Mar/2026:13:34:34 +0000] "GET /wp-content/themes/bridge/js/custom_js.js HTTP/1.1" 200 85 "-" "Mozilla/5.0 (Windows NT 10.0; Win64; x64) AppleWebKit/537.36 (KHTML, like Gecko) Chrome/91.0.4472.124 Safari/537.36"
45.148.10.51 - - [31/Mar/2026:13:34:34 +0000] "GET /wp-includes/js/dist/dom-ready.min.js HTTP/1.1" 200 457 "-" "Mozilla/5.0 (Windows NT 10.0; Win64; x64) AppleWebKit/537.36 (KHTML, like Gecko) Chrome/91.0.4472.124 Safari/537.36"
45.148.10.51 - - [31/Mar/2026:13:34:34 +0000] "GET /wp-content/themes/bridge/js/plugins/qode-like.min.js HTTP/1.1" 200 592 "-" "Mozilla/5.0 (Windows NT 10.0; Win64; x64) AppleWebKit/537.36 (KHTML, like Gecko) Chrome/91.0.4472.124 Safari/537.36"
45.148.10.51 - - [31/Mar/2026:13:34:34 +0000] "GET /wp-content/themes/bridge/js/plugins/jquery.twentytwenty.js HTTP/1.1" 200 3769 "-" "Mozilla/5.0 (Windows NT 10.0; Win64; x64) AppleWebKit/537.36 (KHTML, like Gecko) Chrome/91.0.4472.124 Safari/537.36"
45.148.10.51 - - [31/Mar/2026:13:34:34 +0000] "GET /wp-includes/js/jquery/ui/effect-blind.min.js HTTP/1.1" 200 864 "-" "Mozilla/5.0 (Windows NT 10.0; Win64; x64) AppleWebKit/537.36 (KHTML, like Gecko) Chrome/91.0.4472.124 Safari/537.36"
45.148.10.51 - - [31/Mar/2026:13:34:34 +0000] "GET /wp-includes/js/jquery/ui/effect-size.min.js HTTP/1.1" 200 2475 "-" "Mozilla/5.0 (Windows NT 10.0; Win64; x64) AppleWebKit/537.36 (KHTML, like Gecko) Chrome/91.0.4472.124 Safari/537.36"
45.148.10.51 - - [31/Mar/2026:13:34:34 +0000] "GET /wp-includes/js/jquery/ui/resizable.min.js HTTP/1.1" 200 18705 "-" "Mozilla/5.0 (Windows NT 10.0; Win64; x64) AppleWebKit/537.36 (KHTML, like Gecko) Chrome/91.0.4472.124 Safari/537.36"
45.148.10.51 - - [31/Mar/2026:13:34:34 +0000] "GET /wp-content/plugins/LayerSlider/static/layerslider/js/layerslider.kreaturamedia.jquery.js HTTP/1.1" 200 108868 "-" "Mozilla/5.0 (Windows NT 10.0; Win64; x64) AppleWebKit/537.36 (KHTML, like Gecko) Chrome/91.0.4472.124 Safari/537.36"
45.148.10.51 - - [31/Mar/2026:13:34:34 +0000] "GET /wp-includes/js/jquery/ui/datepicker.min.js HTTP/1.1" 200 36729 "-" "Mozilla/5.0 (Windows NT 10.0; Win64; x64) AppleWebKit/537.36 (KHTML, like Gecko) Chrome/91.0.4472.124 Safari/537.36"
45.148.10.51 - - [31/Mar/2026:13:34:34 +0000] "GET /wp-includes/js/jquery/ui/effect-shake.min.js HTTP/1.1" 200 830 "-" "Mozilla/5.0 (Windows NT 10.0; Win64; x64) AppleWebKit/537.36 (KHTML, like Gecko) Chrome/91.0.4472.124 Safari/537.36"
