57.141.14.20 - - [31/Mar/2026:22:54:09 +0000] "GET /wp-includes/js/tinymce/plugins/wpautoresize/?C=M;O=A HTTP/1.1" 200 1065 "-" "meta-externalagent/1.1 (+https://developers.facebook.com/docs/sharing/webmasters/crawler)"
57.141.14.99 - - [31/Mar/2026:22:54:26 +0000] "GET /wp-includes/js/tinymce/plugins/wpgallery/ HTTP/1.1" 200 1059 "-" "meta-externalagent/1.1 (+https://developers.facebook.com/docs/sharing/webmasters/crawler)"
57.141.14.83 - - [31/Mar/2026:22:54:27 +0000] "GET /wp-includes/SimplePie/library/SimplePie/XML/ HTTP/1.1" 200 896 "-" "meta-externalagent/1.1 (+https://developers.facebook.com/docs/sharing/webmasters/crawler)"
57.141.14.88 - - [31/Mar/2026:22:54:47 +0000] "GET /wp-includes/SimplePie/library/SimplePie/XML/?C=S;O=A HTTP/1.1" 200 896 "-" "meta-externalagent/1.1 (+https://developers.facebook.com/docs/sharing/webmasters/crawler)"
57.141.14.37 - - [31/Mar/2026:22:55:01 +0000] "GET /wp-includes/sodium_compat/src/Core/Poly1305/ HTTP/1.1" 200 888 "-" "meta-externalagent/1.1 (+https://developers.facebook.com/docs/sharing/webmasters/crawler)"
57.141.14.75 - - [31/Mar/2026:22:55:09 +0000] "GET /wp-includes/sodium_compat/lib/?C=N;O=A HTTP/1.1" 200 2338 "-" "meta-externalagent/1.1 (+https://developers.facebook.com/docs/sharing/webmasters/crawler)"
57.141.14.90 - - [31/Mar/2026:22:55:12 +0000] "GET /wp-includes/js/tinymce/plugins/wordpress/?C=N;O=D HTTP/1.1" 200 1059 "-" "meta-externalagent/1.1 (+https://developers.facebook.com/docs/sharing/webmasters/crawler)"
57.141.14.62 - - [31/Mar/2026:22:55:32 +0000] "GET /wp-includes/js/tinymce/plugins/wordpress/?C=S;O=A HTTP/1.1" 200 1059 "-" "meta-externalagent/1.1 (+https://developers.facebook.com/docs/sharing/webmasters/crawler)"
57.141.14.38 - - [31/Mar/2026:22:55:53 +0000] "GET /wp-includes/sodium_compat/src/Core/Poly1305/?C=M;O=A HTTP/1.1" 200 888 "-" "meta-externalagent/1.1 (+https://developers.facebook.com/docs/sharing/webmasters/crawler)"
57.141.14.66 - - [31/Mar/2026:22:55:56 +0000] "GET /wp-includes/block-bindings/post-data.php HTTP/1.1" 500 - "-" "meta-externalagent/1.1 (+https://developers.facebook.com/docs/sharing/webmasters/crawler)"
57.141.14.45 - - [31/Mar/2026:22:56:09 +0000] "GET /wp-content/uploads/2024/08/?C=S;O=D HTTP/1.1" 200 666 "-" "meta-externalagent/1.1 (+https://developers.facebook.com/docs/sharing/webmasters/crawler)"
57.141.14.13 - - [31/Mar/2026:22:56:38 +0000] "GET /wp-content/uploads/2023/02/ HTTP/1.1" 200 666 "-" "meta-externalagent/1.1 (+https://developers.facebook.com/docs/sharing/webmasters/crawler)"
147.135.213.11 - - [31/Mar/2026:22:56:38 +0000] "GET /robots.txt HTTP/1.1" 304 - "-" "Mozilla/5.0 (compatible; MJ12bot/v1.4.8; http://mj12bot.com/)"
147.135.213.11 - - [31/Mar/2026:22:56:40 +0000] "GET /wp-includes/ID3/?C=M;O=A HTTP/1.1" 200 4042 "-" "Mozilla/5.0 (compatible; MJ12bot/v1.4.8; http://mj12bot.com/)"
147.135.213.11 - - [31/Mar/2026:22:56:41 +0000] "GET /wp-includes/ID3/?C=N;O=D HTTP/1.1" 200 4042 "-" "Mozilla/5.0 (compatible; MJ12bot/v1.4.8; http://mj12bot.com/)"
147.135.213.11 - - [31/Mar/2026:22:56:43 +0000] "GET /wp-includes/ID3/?C=S;O=A HTTP/1.1" 200 4042 "-" "Mozilla/5.0 (compatible; MJ12bot/v1.4.8; http://mj12bot.com/)"
147.135.213.11 - - [31/Mar/2026:22:56:45 +0000] "GET /wp-includes/ID3/getid3.lib.php HTTP/1.1" 200 - "-" "Mozilla/5.0 (compatible; MJ12bot/v1.4.8; http://mj12bot.com/)"
147.135.213.11 - - [31/Mar/2026:22:56:47 +0000] "GET /wp-includes/ID3/getid3.php HTTP/1.1" 200 - "-" "Mozilla/5.0 (compatible; MJ12bot/v1.4.8; http://mj12bot.com/)"
147.135.213.11 - - [31/Mar/2026:22:56:49 +0000] "GET /wp-includes/ID3/license.txt HTTP/1.1" 200 1396 "-" "Mozilla/5.0 (compatible; MJ12bot/v1.4.8; http://mj12bot.com/)"
147.135.213.11 - - [31/Mar/2026:22:56:51 +0000] "GET /wp-includes/ID3/module.audio-video.asf.php HTTP/1.1" 200 - "-" "Mozilla/5.0 (compatible; MJ12bot/v1.4.8; http://mj12bot.com/)"
147.135.213.11 - - [31/Mar/2026:22:56:52 +0000] "GET /wp-includes/ID3/module.audio-video.flv.php HTTP/1.1" 200 - "-" "Mozilla/5.0 (compatible; MJ12bot/v1.4.8; http://mj12bot.com/)"
57.141.14.42 - - [31/Mar/2026:22:56:53 +0000] "GET /wp-includes/js/tinymce/plugins/wpeditimage/?C=S;O=A HTTP/1.1" 200 1063 "-" "meta-externalagent/1.1 (+https://developers.facebook.com/docs/sharing/webmasters/crawler)"
147.135.213.11 - - [31/Mar/2026:22:56:54 +0000] "GET /wp-includes/ID3/module.audio-video.matroska.php HTTP/1.1" 200 - "-" "Mozilla/5.0 (compatible; MJ12bot/v1.4.8; http://mj12bot.com/)"
147.135.213.11 - - [31/Mar/2026:22:56:56 +0000] "GET /wp-includes/ID3/module.audio-video.quicktime.php HTTP/1.1" 200 - "-" "Mozilla/5.0 (compatible; MJ12bot/v1.4.8; http://mj12bot.com/)"
57.141.14.75 - - [31/Mar/2026:22:56:57 +0000] "GET /wp-includes/customize/class-wp-customize-nav-menu-auto-add-control.php HTTP/1.1" 500 - "-" "meta-externalagent/1.1 (+https://developers.facebook.com/docs/sharing/webmasters/crawler)"
147.135.213.11 - - [31/Mar/2026:22:56:58 +0000] "GET /wp-includes/ID3/module.audio-video.riff.php HTTP/1.1" 200 - "-" "Mozilla/5.0 (compatible; MJ12bot/v1.4.8; http://mj12bot.com/)"
147.135.213.11 - - [31/Mar/2026:22:57:00 +0000] "GET /wp-includes/ID3/module.audio.ac3.php HTTP/1.1" 200 - "-" "Mozilla/5.0 (compatible; MJ12bot/v1.4.8; http://mj12bot.com/)"
147.135.213.11 - - [31/Mar/2026:22:57:02 +0000] "GET /wp-includes/ID3/module.audio.dts.php HTTP/1.1" 200 - "-" "Mozilla/5.0 (compatible; MJ12bot/v1.4.8; http://mj12bot.com/)"
147.135.213.11 - - [31/Mar/2026:22:57:04 +0000] "GET /wp-includes/ID3/module.audio.flac.php HTTP/1.1" 200 - "-" "Mozilla/5.0 (compatible; MJ12bot/v1.4.8; http://mj12bot.com/)"
147.135.213.11 - - [31/Mar/2026:22:57:05 +0000] "GET /wp-includes/ID3/module.audio.mp3.php HTTP/1.1" 200 - "-" "Mozilla/5.0 (compatible; MJ12bot/v1.4.8; http://mj12bot.com/)"
57.141.14.73 - - [31/Mar/2026:22:57:07 +0000] "GET /wp-content/uploads/2023/02/?C=M;O=A HTTP/1.1" 200 666 "-" "meta-externalagent/1.1 (+https://developers.facebook.com/docs/sharing/webmasters/crawler)"
147.135.213.11 - - [31/Mar/2026:22:57:07 +0000] "GET /wp-includes/ID3/module.audio.ogg.php HTTP/1.1" 200 - "-" "Mozilla/5.0 (compatible; MJ12bot/v1.4.8; http://mj12bot.com/)"
147.135.213.11 - - [31/Mar/2026:22:57:09 +0000] "GET /wp-includes/ID3/module.tag.apetag.php HTTP/1.1" 200 - "-" "Mozilla/5.0 (compatible; MJ12bot/v1.4.8; http://mj12bot.com/)"
147.135.213.11 - - [31/Mar/2026:22:57:11 +0000] "GET /wp-includes/ID3/module.tag.id3v1.php HTTP/1.1" 200 - "-" "Mozilla/5.0 (compatible; MJ12bot/v1.4.8; http://mj12bot.com/)"
57.141.14.95 - - [31/Mar/2026:22:57:12 +0000] "GET /wp-includes/js/tinymce/plugins/wpeditimage/?C=D;O=A HTTP/1.1" 200 1063 "-" "meta-externalagent/1.1 (+https://developers.facebook.com/docs/sharing/webmasters/crawler)"
147.135.213.11 - - [31/Mar/2026:22:57:13 +0000] "GET /wp-includes/ID3/module.tag.id3v2.php HTTP/1.1" 200 - "-" "Mozilla/5.0 (compatible; MJ12bot/v1.4.8; http://mj12bot.com/)"
57.141.14.82 - - [31/Mar/2026:22:57:15 +0000] "GET /wp-content/uploads/2024/08/?C=N;O=D HTTP/1.1" 200 666 "-" "meta-externalagent/1.1 (+https://developers.facebook.com/docs/sharing/webmasters/crawler)"
147.135.213.11 - - [31/Mar/2026:22:57:15 +0000] "GET /wp-includes/ID3/module.tag.lyrics3.php HTTP/1.1" 200 - "-" "Mozilla/5.0 (compatible; MJ12bot/v1.4.8; http://mj12bot.com/)"
147.135.213.11 - - [31/Mar/2026:22:57:17 +0000] "GET /wp-includes/ID3/readme.txt HTTP/1.1" 200 26330 "-" "Mozilla/5.0 (compatible; MJ12bot/v1.4.8; http://mj12bot.com/)"
147.135.213.11 - - [31/Mar/2026:22:57:19 +0000] "GET /wp-includes/IXR/?C=D;O=A HTTP/1.1" 200 2538 "-" "Mozilla/5.0 (compatible; MJ12bot/v1.4.8; http://mj12bot.com/)"
147.135.213.11 - - [31/Mar/2026:22:57:21 +0000] "GET /wp-includes/IXR/?C=M;O=A HTTP/1.1" 200 2538 "-" "Mozilla/5.0 (compatible; MJ12bot/v1.4.8; http://mj12bot.com/)"
57.141.14.52 - - [31/Mar/2026:22:57:22 +0000] "GET /wp-includes/Requests/src/Exception/?C=D;O=A HTTP/1.1" 200 1763 "-" "meta-externalagent/1.1 (+https://developers.facebook.com/docs/sharing/webmasters/crawler)"
147.135.213.11 - - [31/Mar/2026:22:57:22 +0000] "GET /wp-includes/IXR/?C=N;O=D HTTP/1.1" 200 2538 "-" "Mozilla/5.0 (compatible; MJ12bot/v1.4.8; http://mj12bot.com/)"
147.135.213.11 - - [31/Mar/2026:22:57:24 +0000] "GET /wp-includes/IXR/?C=S;O=A HTTP/1.1" 200 2538 "-" "Mozilla/5.0 (compatible; MJ12bot/v1.4.8; http://mj12bot.com/)"
147.135.213.11 - - [31/Mar/2026:22:57:26 +0000] "GET /wp-includes/IXR/class-IXR-base64.php HTTP/1.1" 200 - "-" "Mozilla/5.0 (compatible; MJ12bot/v1.4.8; http://mj12bot.com/)"
147.135.213.11 - - [31/Mar/2026:22:57:28 +0000] "GET /wp-includes/IXR/class-IXR-client.php HTTP/1.1" 200 - "-" "Mozilla/5.0 (compatible; MJ12bot/v1.4.8; http://mj12bot.com/)"
147.135.213.11 - - [31/Mar/2026:22:57:30 +0000] "GET /wp-includes/IXR/class-IXR-clientmulticall.php HTTP/1.1" 500 - "-" "Mozilla/5.0 (compatible; MJ12bot/v1.4.8; http://mj12bot.com/)"
57.141.14.92 - - [31/Mar/2026:22:57:30 +0000] "GET /wp-includes/js/tinymce/plugins/wpeditimage/?C=D;O=D HTTP/1.1" 200 1063 "-" "meta-externalagent/1.1 (+https://developers.facebook.com/docs/sharing/webmasters/crawler)"
147.135.213.11 - - [31/Mar/2026:22:57:32 +0000] "GET /wp-includes/IXR/class-IXR-date.php HTTP/1.1" 200 - "-" "Mozilla/5.0 (compatible; MJ12bot/v1.4.8; http://mj12bot.com/)"
147.135.213.11 - - [31/Mar/2026:22:57:34 +0000] "GET /wp-includes/IXR/class-IXR-error.php HTTP/1.1" 200 - "-" "Mozilla/5.0 (compatible; MJ12bot/v1.4.8; http://mj12bot.com/)"
147.135.213.11 - - [31/Mar/2026:22:57:35 +0000] "GET /wp-includes/IXR/class-IXR-introspectionserver.php HTTP/1.1" 500 - "-" "Mozilla/5.0 (compatible; MJ12bot/v1.4.8; http://mj12bot.com/)"
147.135.213.11 - - [31/Mar/2026:22:57:37 +0000] "GET /wp-includes/IXR/class-IXR-message.php HTTP/1.1" 200 - "-" "Mozilla/5.0 (compatible; MJ12bot/v1.4.8; http://mj12bot.com/)"
147.135.213.11 - - [31/Mar/2026:22:57:39 +0000] "GET /wp-includes/IXR/class-IXR-request.php HTTP/1.1" 200 - "-" "Mozilla/5.0 (compatible; MJ12bot/v1.4.8; http://mj12bot.com/)"
147.135.213.11 - - [31/Mar/2026:22:57:41 +0000] "GET /wp-includes/IXR/class-IXR-server.php HTTP/1.1" 200 - "-" "Mozilla/5.0 (compatible; MJ12bot/v1.4.8; http://mj12bot.com/)"
57.141.14.59 - - [31/Mar/2026:22:57:43 +0000] "GET /wp-includes/Requests/src/Exception/Transport.php HTTP/1.1" 500 - "-" "meta-externalagent/1.1 (+https://developers.facebook.com/docs/sharing/webmasters/crawler)"
147.135.213.11 - - [31/Mar/2026:22:57:43 +0000] "GET /wp-includes/IXR/class-IXR-value.php HTTP/1.1" 200 - "-" "Mozilla/5.0 (compatible; MJ12bot/v1.4.8; http://mj12bot.com/)"
147.135.213.11 - - [31/Mar/2026:22:57:44 +0000] "GET /wp-includes/PHPMailer/?C=D;O=A HTTP/1.1" 200 1912 "-" "Mozilla/5.0 (compatible; MJ12bot/v1.4.8; http://mj12bot.com/)"
147.135.213.11 - - [31/Mar/2026:22:57:46 +0000] "GET /wp-includes/PHPMailer/?C=M;O=A HTTP/1.1" 200 1912 "-" "Mozilla/5.0 (compatible; MJ12bot/v1.4.8; http://mj12bot.com/)"
147.135.213.11 - - [31/Mar/2026:22:57:48 +0000] "GET /wp-includes/PHPMailer/?C=N;O=D HTTP/1.1" 200 1912 "-" "Mozilla/5.0 (compatible; MJ12bot/v1.4.8; http://mj12bot.com/)"
147.135.213.11 - - [31/Mar/2026:22:57:50 +0000] "GET /wp-includes/PHPMailer/?C=S;O=A HTTP/1.1" 200 1912 "-" "Mozilla/5.0 (compatible; MJ12bot/v1.4.8; http://mj12bot.com/)"
147.135.213.11 - - [31/Mar/2026:22:57:51 +0000] "GET /wp-includes/PHPMailer/DSNConfigurator.php HTTP/1.1" 200 - "-" "Mozilla/5.0 (compatible; MJ12bot/v1.4.8; http://mj12bot.com/)"
147.135.213.11 - - [31/Mar/2026:22:57:53 +0000] "GET /wp-includes/PHPMailer/Exception.php HTTP/1.1" 200 - "-" "Mozilla/5.0 (compatible; MJ12bot/v1.4.8; http://mj12bot.com/)"
147.135.213.11 - - [31/Mar/2026:22:57:55 +0000] "GET /wp-includes/PHPMailer/OAuth.php HTTP/1.1" 500 - "-" "Mozilla/5.0 (compatible; MJ12bot/v1.4.8; http://mj12bot.com/)"
147.135.213.11 - - [31/Mar/2026:22:57:57 +0000] "GET /wp-includes/PHPMailer/OAuthTokenProvider.php HTTP/1.1" 200 - "-" "Mozilla/5.0 (compatible; MJ12bot/v1.4.8; http://mj12bot.com/)"
147.135.213.11 - - [31/Mar/2026:22:57:58 +0000] "GET /wp-includes/PHPMailer/PHPMailer.php HTTP/1.1" 200 - "-" "Mozilla/5.0 (compatible; MJ12bot/v1.4.8; http://mj12bot.com/)"
147.135.213.11 - - [31/Mar/2026:22:58:00 +0000] "GET /wp-includes/PHPMailer/POP3.php HTTP/1.1" 200 - "-" "Mozilla/5.0 (compatible; MJ12bot/v1.4.8; http://mj12bot.com/)"
147.135.213.11 - - [31/Mar/2026:22:58:02 +0000] "GET /wp-includes/PHPMailer/SMTP.php HTTP/1.1" 200 - "-" "Mozilla/5.0 (compatible; MJ12bot/v1.4.8; http://mj12bot.com/)"
147.135.213.11 - - [31/Mar/2026:22:58:04 +0000] "GET /wp-includes/Requests/?C=D;O=A HTTP/1.1" 200 990 "-" "Mozilla/5.0 (compatible; MJ12bot/v1.4.8; http://mj12bot.com/)"
147.135.213.11 - - [31/Mar/2026:22:58:06 +0000] "GET /wp-includes/Requests/?C=M;O=A HTTP/1.1" 200 990 "-" "Mozilla/5.0 (compatible; MJ12bot/v1.4.8; http://mj12bot.com/)"
147.135.213.11 - - [31/Mar/2026:22:58:07 +0000] "GET /wp-includes/Requests/?C=N;O=D HTTP/1.1" 200 990 "-" "Mozilla/5.0 (compatible; MJ12bot/v1.4.8; http://mj12bot.com/)"
147.135.213.11 - - [31/Mar/2026:22:58:09 +0000] "GET /wp-includes/Requests/?C=S;O=A HTTP/1.1" 200 990 "-" "Mozilla/5.0 (compatible; MJ12bot/v1.4.8; http://mj12bot.com/)"
147.135.213.11 - - [31/Mar/2026:22:58:11 +0000] "GET /wp-includes/SimplePie/?C=D;O=A HTTP/1.1" 200 1174 "-" "Mozilla/5.0 (compatible; MJ12bot/v1.4.8; http://mj12bot.com/)"
57.141.14.80 - - [31/Mar/2026:22:58:12 +0000] "GET /wp-includes/block-supports/dimensions.php HTTP/1.1" 500 - "-" "meta-externalagent/1.1 (+https://developers.facebook.com/docs/sharing/webmasters/crawler)"
147.135.213.11 - - [31/Mar/2026:22:58:13 +0000] "GET /wp-includes/SimplePie/?C=M;O=A HTTP/1.1" 200 1174 "-" "Mozilla/5.0 (compatible; MJ12bot/v1.4.8; http://mj12bot.com/)"
57.141.14.6 - - [31/Mar/2026:22:58:14 +0000] "GET /wp-includes/style-engine/class-wp-style-engine.php HTTP/1.1" 200 - "-" "meta-externalagent/1.1 (+https://developers.facebook.com/docs/sharing/webmasters/crawler)"
147.135.213.11 - - [31/Mar/2026:22:58:14 +0000] "GET /wp-includes/SimplePie/?C=N;O=D HTTP/1.1" 200 1174 "-" "Mozilla/5.0 (compatible; MJ12bot/v1.4.8; http://mj12bot.com/)"
147.135.213.11 - - [31/Mar/2026:22:58:16 +0000] "GET /wp-includes/SimplePie/?C=S;O=A HTTP/1.1" 200 1174 "-" "Mozilla/5.0 (compatible; MJ12bot/v1.4.8; http://mj12bot.com/)"
147.135.213.11 - - [31/Mar/2026:22:58:18 +0000] "GET /wp-includes/SimplePie/autoloader.php HTTP/1.1" 200 - "-" "Mozilla/5.0 (compatible; MJ12bot/v1.4.8; http://mj12bot.com/)"
147.135.213.11 - - [31/Mar/2026:22:58:19 +0000] "GET /wp-includes/Text/?C=D;O=A HTTP/1.1" 200 1164 "-" "Mozilla/5.0 (compatible; MJ12bot/v1.4.8; http://mj12bot.com/)"
147.135.213.11 - - [31/Mar/2026:22:58:21 +0000] "GET /wp-includes/Text/?C=M;O=A HTTP/1.1" 200 1164 "-" "Mozilla/5.0 (compatible; MJ12bot/v1.4.8; http://mj12bot.com/)"
147.135.213.11 - - [31/Mar/2026:22:58:23 +0000] "GET /wp-includes/Text/?C=N;O=D HTTP/1.1" 200 1164 "-" "Mozilla/5.0 (compatible; MJ12bot/v1.4.8; http://mj12bot.com/)"
147.135.213.11 - - [31/Mar/2026:22:58:25 +0000] "GET /wp-includes/Text/?C=S;O=A HTTP/1.1" 200 1164 "-" "Mozilla/5.0 (compatible; MJ12bot/v1.4.8; http://mj12bot.com/)"
147.135.213.11 - - [31/Mar/2026:22:58:27 +0000] "GET /wp-includes/Text/Diff.php HTTP/1.1" 200 - "-" "Mozilla/5.0 (compatible; MJ12bot/v1.4.8; http://mj12bot.com/)"
147.135.213.11 - - [31/Mar/2026:22:58:28 +0000] "GET /wp-includes/Text/Exception.php HTTP/1.1" 200 - "-" "Mozilla/5.0 (compatible; MJ12bot/v1.4.8; http://mj12bot.com/)"
147.135.213.11 - - [31/Mar/2026:22:58:30 +0000] "GET /wp-includes/abilities-api/?C=D;O=A HTTP/1.1" 200 1453 "-" "Mozilla/5.0 (compatible; MJ12bot/v1.4.8; http://mj12bot.com/)"
147.135.213.11 - - [31/Mar/2026:22:58:32 +0000] "GET /wp-includes/abilities-api/?C=M;O=A HTTP/1.1" 200 1453 "-" "Mozilla/5.0 (compatible; MJ12bot/v1.4.8; http://mj12bot.com/)"
147.135.213.11 - - [31/Mar/2026:22:58:34 +0000] "GET /wp-includes/abilities-api/?C=N;O=D HTTP/1.1" 200 1453 "-" "Mozilla/5.0 (compatible; MJ12bot/v1.4.8; http://mj12bot.com/)"
147.135.213.11 - - [31/Mar/2026:22:58:35 +0000] "GET /wp-includes/abilities-api/?C=S;O=A HTTP/1.1" 200 1453 "-" "Mozilla/5.0 (compatible; MJ12bot/v1.4.8; http://mj12bot.com/)"
147.135.213.11 - - [31/Mar/2026:22:58:37 +0000] "GET /wp-includes/abilities-api/class-wp-abilities-registry.php HTTP/1.1" 200 - "-" "Mozilla/5.0 (compatible; MJ12bot/v1.4.8; http://mj12bot.com/)"
147.135.213.11 - - [31/Mar/2026:22:58:39 +0000] "GET /wp-includes/abilities-api/class-wp-ability-categories-registry.php HTTP/1.1" 200 - "-" "Mozilla/5.0 (compatible; MJ12bot/v1.4.8; http://mj12bot.com/)"
57.141.14.53 - - [31/Mar/2026:22:58:40 +0000] "GET /wp-includes/feed-rss2-comments.php HTTP/1.1" 500 - "-" "meta-externalagent/1.1 (+https://developers.facebook.com/docs/sharing/webmasters/crawler)"
147.135.213.11 - - [31/Mar/2026:22:58:41 +0000] "GET /wp-includes/abilities-api/class-wp-ability.php HTTP/1.1" 200 - "-" "Mozilla/5.0 (compatible; MJ12bot/v1.4.8; http://mj12bot.com/)"
57.141.14.79 - - [31/Mar/2026:22:58:41 +0000] "GET /wp-includes/Requests/src/Exception/?C=S;O=A HTTP/1.1" 200 1763 "-" "meta-externalagent/1.1 (+https://developers.facebook.com/docs/sharing/webmasters/crawler)"
147.135.213.11 - - [31/Mar/2026:22:58:42 +0000] "GET /wp-includes/block-bindings/?C=M;O=A HTTP/1.1" 200 1386 "-" "Mozilla/5.0 (compatible; MJ12bot/v1.4.8; http://mj12bot.com/)"
147.135.213.11 - - [31/Mar/2026:22:58:44 +0000] "GET /wp-includes/block-bindings/?C=N;O=D HTTP/1.1" 200 1386 "-" "Mozilla/5.0 (compatible; MJ12bot/v1.4.8; http://mj12bot.com/)"
147.135.213.11 - - [31/Mar/2026:22:58:46 +0000] "GET /wp-includes/block-bindings/?C=S;O=A HTTP/1.1" 200 1386 "-" "Mozilla/5.0 (compatible; MJ12bot/v1.4.8; http://mj12bot.com/)"
147.135.213.11 - - [31/Mar/2026:22:58:48 +0000] "GET /wp-includes/block-bindings/pattern-overrides.php HTTP/1.1" 500 - "-" "Mozilla/5.0 (compatible; MJ12bot/v1.4.8; http://mj12bot.com/)"
57.141.14.106 - - [31/Mar/2026:22:58:49 +0000] "GET /wp-includes/block-supports/duotone.php HTTP/1.1" 500 - "-" "meta-externalagent/1.1 (+https://developers.facebook.com/docs/sharing/webmasters/crawler)"
147.135.213.11 - - [31/Mar/2026:22:58:50 +0000] "GET /wp-includes/block-bindings/post-data.php HTTP/1.1" 500 - "-" "Mozilla/5.0 (compatible; MJ12bot/v1.4.8; http://mj12bot.com/)"
57.141.14.26 - - [31/Mar/2026:22:58:51 +0000] "GET /wp-includes/assets/script-modules-packages.php HTTP/1.1" 200 - "-" "meta-externalagent/1.1 (+https://developers.facebook.com/docs/sharing/webmasters/crawler)"
147.135.213.11 - - [31/Mar/2026:22:58:51 +0000] "GET /wp-includes/block-bindings/post-meta.php HTTP/1.1" 500 - "-" "Mozilla/5.0 (compatible; MJ12bot/v1.4.8; http://mj12bot.com/)"
147.135.213.11 - - [31/Mar/2026:22:58:53 +0000] "GET /wp-includes/block-bindings/term-data.php HTTP/1.1" 500 - "-" "Mozilla/5.0 (compatible; MJ12bot/v1.4.8; http://mj12bot.com/)"
147.135.213.11 - - [31/Mar/2026:22:58:55 +0000] "GET /wp-includes/block-patterns/?C=D;O=A HTTP/1.1" 200 2015 "-" "Mozilla/5.0 (compatible; MJ12bot/v1.4.8; http://mj12bot.com/)"
147.135.213.11 - - [31/Mar/2026:22:58:57 +0000] "GET /wp-includes/block-patterns/?C=M;O=A HTTP/1.1" 200 2015 "-" "Mozilla/5.0 (compatible; MJ12bot/v1.4.8; http://mj12bot.com/)"
147.135.213.11 - - [31/Mar/2026:22:58:59 +0000] "GET /wp-includes/block-patterns/?C=N;O=D HTTP/1.1" 200 2015 "-" "Mozilla/5.0 (compatible; MJ12bot/v1.4.8; http://mj12bot.com/)"
147.135.213.11 - - [31/Mar/2026:22:59:01 +0000] "GET /wp-includes/block-patterns/?C=S;O=A HTTP/1.1" 200 2015 "-" "Mozilla/5.0 (compatible; MJ12bot/v1.4.8; http://mj12bot.com/)"
147.135.213.11 - - [31/Mar/2026:22:59:03 +0000] "GET /wp-includes/block-patterns/query-grid-posts.php HTTP/1.1" 500 - "-" "Mozilla/5.0 (compatible; MJ12bot/v1.4.8; http://mj12bot.com/)"
147.135.213.11 - - [31/Mar/2026:22:59:04 +0000] "GET /wp-includes/block-patterns/query-large-title-posts.php HTTP/1.1" 500 - "-" "Mozilla/5.0 (compatible; MJ12bot/v1.4.8; http://mj12bot.com/)"
57.141.14.77 - - [31/Mar/2026:22:59:05 +0000] "GET /wp-includes/Requests/src/Exception/?C=M;O=A HTTP/1.1" 200 1763 "-" "meta-externalagent/1.1 (+https://developers.facebook.com/docs/sharing/webmasters/crawler)"
147.135.213.11 - - [31/Mar/2026:22:59:06 +0000] "GET /wp-includes/block-patterns/query-medium-posts.php HTTP/1.1" 500 - "-" "Mozilla/5.0 (compatible; MJ12bot/v1.4.8; http://mj12bot.com/)"
147.135.213.11 - - [31/Mar/2026:22:59:08 +0000] "GET /wp-includes/block-patterns/query-offset-posts.php HTTP/1.1" 500 - "-" "Mozilla/5.0 (compatible; MJ12bot/v1.4.8; http://mj12bot.com/)"
147.135.213.11 - - [31/Mar/2026:22:59:10 +0000] "GET /wp-includes/block-patterns/query-small-posts.php HTTP/1.1" 500 - "-" "Mozilla/5.0 (compatible; MJ12bot/v1.4.8; http://mj12bot.com/)"
147.135.213.11 - - [31/Mar/2026:22:59:12 +0000] "GET /wp-includes/block-patterns/query-standard-posts.php HTTP/1.1" 500 - "-" "Mozilla/5.0 (compatible; MJ12bot/v1.4.8; http://mj12bot.com/)"
57.141.14.59 - - [31/Mar/2026:22:59:12 +0000] "GET /wp-includes/images/smilies/?C=N;O=D HTTP/1.1" 200 5397 "-" "meta-externalagent/1.1 (+https://developers.facebook.com/docs/sharing/webmasters/crawler)"
147.135.213.11 - - [31/Mar/2026:22:59:13 +0000] "GET /wp-includes/block-patterns/social-links-shared-background-color.php HTTP/1.1" 500 - "-" "Mozilla/5.0 (compatible; MJ12bot/v1.4.8; http://mj12bot.com/)"
147.135.213.11 - - [31/Mar/2026:22:59:15 +0000] "GET /wp-includes/block-supports/?C=D;O=A HTTP/1.1" 200 4110 "-" "Mozilla/5.0 (compatible; MJ12bot/v1.4.8; http://mj12bot.com/)"
147.135.213.11 - - [31/Mar/2026:22:59:17 +0000] "GET /wp-includes/block-supports/?C=M;O=A HTTP/1.1" 200 4110 "-" "Mozilla/5.0 (compatible; MJ12bot/v1.4.8; http://mj12bot.com/)"
147.135.213.11 - - [31/Mar/2026:22:59:19 +0000] "GET /wp-includes/block-supports/?C=N;O=D HTTP/1.1" 200 4110 "-" "Mozilla/5.0 (compatible; MJ12bot/v1.4.8; http://mj12bot.com/)"
147.135.213.11 - - [31/Mar/2026:22:59:20 +0000] "GET /wp-includes/block-supports/?C=S;O=A HTTP/1.1" 200 4110 "-" "Mozilla/5.0 (compatible; MJ12bot/v1.4.8; http://mj12bot.com/)"
147.135.213.11 - - [31/Mar/2026:22:59:22 +0000] "GET /wp-includes/block-supports/align.php HTTP/1.1" 500 - "-" "Mozilla/5.0 (compatible; MJ12bot/v1.4.8; http://mj12bot.com/)"
147.135.213.11 - - [31/Mar/2026:22:59:24 +0000] "GET /wp-includes/block-supports/aria-label.php HTTP/1.1" 500 - "-" "Mozilla/5.0 (compatible; MJ12bot/v1.4.8; http://mj12bot.com/)"
147.135.213.11 - - [31/Mar/2026:22:59:25 +0000] "GET /wp-includes/block-supports/background.php HTTP/1.1" 500 - "-" "Mozilla/5.0 (compatible; MJ12bot/v1.4.8; http://mj12bot.com/)"
57.141.14.75 - - [31/Mar/2026:22:59:25 +0000] "GET /wp-includes/interactivity-api/?C=N;O=D HTTP/1.1" 200 1272 "-" "meta-externalagent/1.1 (+https://developers.facebook.com/docs/sharing/webmasters/crawler)"
147.135.213.11 - - [31/Mar/2026:22:59:27 +0000] "GET /wp-includes/block-supports/block-style-variations.php HTTP/1.1" 500 - "-" "Mozilla/5.0 (compatible; MJ12bot/v1.4.8; http://mj12bot.com/)"
147.135.213.11 - - [31/Mar/2026:22:59:29 +0000] "GET /wp-includes/block-supports/block-visibility.php HTTP/1.1" 500 - "-" "Mozilla/5.0 (compatible; MJ12bot/v1.4.8; http://mj12bot.com/)"
147.135.213.11 - - [31/Mar/2026:22:59:30 +0000] "GET /wp-includes/block-supports/border.php HTTP/1.1" 500 - "-" "Mozilla/5.0 (compatible; MJ12bot/v1.4.8; http://mj12bot.com/)"
147.135.213.11 - - [31/Mar/2026:22:59:32 +0000] "GET /wp-includes/block-supports/colors.php HTTP/1.1" 500 - "-" "Mozilla/5.0 (compatible; MJ12bot/v1.4.8; http://mj12bot.com/)"
147.135.213.11 - - [31/Mar/2026:22:59:34 +0000] "GET /wp-includes/block-supports/custom-classname.php HTTP/1.1" 500 - "-" "Mozilla/5.0 (compatible; MJ12bot/v1.4.8; http://mj12bot.com/)"
147.135.213.11 - - [31/Mar/2026:22:59:36 +0000] "GET /wp-includes/block-supports/dimensions.php HTTP/1.1" 500 - "-" "Mozilla/5.0 (compatible; MJ12bot/v1.4.8; http://mj12bot.com/)"
57.141.14.95 - - [31/Mar/2026:22:59:36 +0000] "GET /wp-includes/class-wp-token-map.php HTTP/1.1" 200 - "-" "meta-externalagent/1.1 (+https://developers.facebook.com/docs/sharing/webmasters/crawler)"
147.135.213.11 - - [31/Mar/2026:22:59:38 +0000] "GET /wp-includes/block-supports/duotone.php HTTP/1.1" 500 - "-" "Mozilla/5.0 (compatible; MJ12bot/v1.4.8; http://mj12bot.com/)"
147.135.213.11 - - [31/Mar/2026:22:59:39 +0000] "GET /wp-includes/block-supports/elements.php HTTP/1.1" 500 - "-" "Mozilla/5.0 (compatible; MJ12bot/v1.4.8; http://mj12bot.com/)"
147.135.213.11 - - [31/Mar/2026:22:59:41 +0000] "GET /wp-includes/block-supports/generated-classname.php HTTP/1.1" 500 - "-" "Mozilla/5.0 (compatible; MJ12bot/v1.4.8; http://mj12bot.com/)"
147.135.213.11 - - [31/Mar/2026:22:59:43 +0000] "GET /wp-includes/block-supports/layout.php HTTP/1.1" 500 - "-" "Mozilla/5.0 (compatible; MJ12bot/v1.4.8; http://mj12bot.com/)"
57.141.14.62 - - [31/Mar/2026:22:59:45 +0000] "GET /wp-includes/interactivity-api/?C=S;O=A HTTP/1.1" 200 1272 "-" "meta-externalagent/1.1 (+https://developers.facebook.com/docs/sharing/webmasters/crawler)"
147.135.213.11 - - [31/Mar/2026:22:59:45 +0000] "GET /wp-includes/block-supports/position.php HTTP/1.1" 500 - "-" "Mozilla/5.0 (compatible; MJ12bot/v1.4.8; http://mj12bot.com/)"
147.135.213.11 - - [31/Mar/2026:22:59:47 +0000] "GET /wp-includes/block-supports/settings.php HTTP/1.1" 500 - "-" "Mozilla/5.0 (compatible; MJ12bot/v1.4.8; http://mj12bot.com/)"
147.135.213.11 - - [31/Mar/2026:22:59:49 +0000] "GET /wp-includes/block-supports/shadow.php HTTP/1.1" 500 - "-" "Mozilla/5.0 (compatible; MJ12bot/v1.4.8; http://mj12bot.com/)"
147.135.213.11 - - [31/Mar/2026:22:59:50 +0000] "GET /wp-includes/block-supports/spacing.php HTTP/1.1" 500 - "-" "Mozilla/5.0 (compatible; MJ12bot/v1.4.8; http://mj12bot.com/)"
147.135.213.11 - - [31/Mar/2026:22:59:52 +0000] "GET /wp-includes/block-supports/typography.php HTTP/1.1" 500 - "-" "Mozilla/5.0 (compatible; MJ12bot/v1.4.8; http://mj12bot.com/)"
147.135.213.11 - - [31/Mar/2026:22:59:54 +0000] "GET /wp-includes/block-supports/utils.php HTTP/1.1" 200 - "-" "Mozilla/5.0 (compatible; MJ12bot/v1.4.8; http://mj12bot.com/)"
57.141.14.73 - - [31/Mar/2026:22:59:54 +0000] "GET /wp-includes/SimplePie/library/SimplePie/Credit.php HTTP/1.1" 200 - "-" "meta-externalagent/1.1 (+https://developers.facebook.com/docs/sharing/webmasters/crawler)"
147.135.213.11 - - [31/Mar/2026:22:59:56 +0000] "GET /wp-includes/certificates/?C=D;O=A HTTP/1.1" 200 831 "-" "Mozilla/5.0 (compatible; MJ12bot/v1.4.8; http://mj12bot.com/)"
147.135.213.11 - - [31/Mar/2026:22:59:58 +0000] "GET /wp-includes/certificates/?C=M;O=A HTTP/1.1" 200 831 "-" "Mozilla/5.0 (compatible; MJ12bot/v1.4.8; http://mj12bot.com/)"
57.141.14.101 - - [31/Mar/2026:22:59:59 +0000] "GET /wp-includes/js/dist/?C=N;O=D HTTP/1.1" 200 24289 "-" "meta-externalagent/1.1 (+https://developers.facebook.com/docs/sharing/webmasters/crawler)"
147.135.213.11 - - [31/Mar/2026:22:59:59 +0000] "GET /wp-includes/certificates/?C=N;O=D HTTP/1.1" 200 831 "-" "Mozilla/5.0 (compatible; MJ12bot/v1.4.8; http://mj12bot.com/)"
147.135.213.11 - - [31/Mar/2026:23:00:01 +0000] "GET /wp-includes/certificates/?C=S;O=A HTTP/1.1" 200 831 "-" "Mozilla/5.0 (compatible; MJ12bot/v1.4.8; http://mj12bot.com/)"
57.141.14.30 - - [31/Mar/2026:23:00:01 +0000] "GET /wp-includes/SimplePie/library/SimplePie/XML/Declaration/ HTTP/1.1" 200 922 "-" "meta-externalagent/1.1 (+https://developers.facebook.com/docs/sharing/webmasters/crawler)"
147.135.213.11 - - [31/Mar/2026:23:00:03 +0000] "GET /wp-includes/certificates/ca-bundle.crt HTTP/1.1" 200 234150 "-" "Mozilla/5.0 (compatible; MJ12bot/v1.4.8; http://mj12bot.com/)"
57.141.14.59 - - [31/Mar/2026:23:00:05 +0000] "GET /wp-includes/block-patterns/social-links-shared-background-color.php HTTP/1.1" 500 - "-" "meta-externalagent/1.1 (+https://developers.facebook.com/docs/sharing/webmasters/crawler)"
147.135.213.11 - - [31/Mar/2026:23:00:05 +0000] "GET /wp-includes/css/?C=D;O=A HTTP/1.1" 200 8735 "-" "Mozilla/5.0 (compatible; MJ12bot/v1.4.8; http://mj12bot.com/)"
147.135.213.11 - - [31/Mar/2026:23:00:07 +0000] "GET /wp-includes/css/?C=M;O=A HTTP/1.1" 200 8735 "-" "Mozilla/5.0 (compatible; MJ12bot/v1.4.8; http://mj12bot.com/)"
147.135.213.11 - - [31/Mar/2026:23:00:08 +0000] "GET /wp-includes/css/?C=N;O=D HTTP/1.1" 200 8735 "-" "Mozilla/5.0 (compatible; MJ12bot/v1.4.8; http://mj12bot.com/)"
57.141.14.80 - - [31/Mar/2026:23:00:10 +0000] "GET /wp-includes/interactivity-api/?C=N;O=A HTTP/1.1" 200 1272 "-" "meta-externalagent/1.1 (+https://developers.facebook.com/docs/sharing/webmasters/crawler)"
147.135.213.11 - - [31/Mar/2026:23:00:10 +0000] "GET /wp-includes/css/?C=S;O=A HTTP/1.1" 200 8735 "-" "Mozilla/5.0 (compatible; MJ12bot/v1.4.8; http://mj12bot.com/)"
147.135.213.11 - - [31/Mar/2026:23:00:12 +0000] "GET /wp-includes/css/admin-bar-rtl.css HTTP/1.1" 304 - "-" "Mozilla/5.0 (compatible; MJ12bot/v1.4.8; http://mj12bot.com/)"
147.135.213.11 - - [31/Mar/2026:23:00:14 +0000] "GET /wp-includes/css/dashicons.min.css HTTP/1.1" 200 59004 "-" "Mozilla/5.0 (compatible; MJ12bot/v1.4.8; http://mj12bot.com/)"
147.135.213.11 - - [31/Mar/2026:23:00:16 +0000] "GET /wp-includes/css/media-views.css HTTP/1.1" 304 - "-" "Mozilla/5.0 (compatible; MJ12bot/v1.4.8; http://mj12bot.com/)"
147.135.213.11 - - [31/Mar/2026:23:00:18 +0000] "GET /wp-includes/css/media-views.min.css HTTP/1.1" 304 - "-" "Mozilla/5.0 (compatible; MJ12bot/v1.4.8; http://mj12bot.com/)"
147.135.213.11 - - [31/Mar/2026:23:00:19 +0000] "GET /wp-includes/css/wp-auth-check-rtl.css HTTP/1.1" 304 - "-" "Mozilla/5.0 (compatible; MJ12bot/v1.4.8; http://mj12bot.com/)"
147.135.213.11 - - [31/Mar/2026:23:00:21 +0000] "GET /wp-includes/css/wp-auth-check-rtl.min.css HTTP/1.1" 304 - "-" "Mozilla/5.0 (compatible; MJ12bot/v1.4.8; http://mj12bot.com/)"
147.135.213.11 - - [31/Mar/2026:23:00:23 +0000] "GET /wp-includes/css/wp-auth-check.css HTTP/1.1" 304 - "-" "Mozilla/5.0 (compatible; MJ12bot/v1.4.8; http://mj12bot.com/)"
57.141.14.71 - - [31/Mar/2026:23:00:24 +0000] "GET /wp-includes/sodium_compat/src/Core/AEGIS/?C=D;O=A HTTP/1.1" 200 1066 "-" "meta-externalagent/1.1 (+https://developers.facebook.com/docs/sharing/webmasters/crawler)"
147.135.213.11 - - [31/Mar/2026:23:00:24 +0000] "GET /wp-includes/css/wp-auth-check.min.css HTTP/1.1" 304 - "-" "Mozilla/5.0 (compatible; MJ12bot/v1.4.8; http://mj12bot.com/)"
147.135.213.11 - - [31/Mar/2026:23:00:26 +0000] "GET /wp-includes/css/wp-embed-template-ie.css HTTP/1.1" 304 - "-" "Mozilla/5.0 (compatible; MJ12bot/v1.4.8; http://mj12bot.com/)"
147.135.213.11 - - [31/Mar/2026:23:00:28 +0000] "GET /wp-includes/css/wp-embed-template-ie.min.css HTTP/1.1" 304 - "-" "Mozilla/5.0 (compatible; MJ12bot/v1.4.8; http://mj12bot.com/)"
147.135.213.11 - - [31/Mar/2026:23:00:29 +0000] "GET /wp-includes/css/wp-embed-template.css HTTP/1.1" 304 - "-" "Mozilla/5.0 (compatible; MJ12bot/v1.4.8; http://mj12bot.com/)"
147.135.213.11 - - [31/Mar/2026:23:00:31 +0000] "GET /wp-includes/css/wp-embed-template.min.css HTTP/1.1" 304 - "-" "Mozilla/5.0 (compatible; MJ12bot/v1.4.8; http://mj12bot.com/)"
147.135.213.11 - - [31/Mar/2026:23:00:33 +0000] "GET /wp-includes/css/wp-empty-template-alert.css HTTP/1.1" 304 - "-" "Mozilla/5.0 (compatible; MJ12bot/v1.4.8; http://mj12bot.com/)"
57.141.14.2 - - [31/Mar/2026:23:00:35 +0000] "GET /wp-includes/js/tinymce/themes/ HTTP/1.1" 200 1021 "-" "meta-externalagent/1.1 (+https://developers.facebook.com/docs/sharing/webmasters/crawler)"
147.135.213.11 - - [31/Mar/2026:23:00:35 +0000] "GET /wp-includes/css/wp-empty-template-alert.min.css HTTP/1.1" 304 - "-" "Mozilla/5.0 (compatible; MJ12bot/v1.4.8; http://mj12bot.com/)"
147.135.213.11 - - [31/Mar/2026:23:00:37 +0000] "GET /wp-includes/css/wp-pointer-rtl.css HTTP/1.1" 304 - "-" "Mozilla/5.0 (compatible; MJ12bot/v1.4.8; http://mj12bot.com/)"
147.135.213.11 - - [31/Mar/2026:23:00:39 +0000] "GET /wp-includes/css/wp-pointer-rtl.min.css HTTP/1.1" 304 - "-" "Mozilla/5.0 (compatible; MJ12bot/v1.4.8; http://mj12bot.com/)"
147.135.213.11 - - [31/Mar/2026:23:00:40 +0000] "GET /wp-includes/css/wp-pointer.css HTTP/1.1" 304 - "-" "Mozilla/5.0 (compatible; MJ12bot/v1.4.8; http://mj12bot.com/)"
147.135.213.11 - - [31/Mar/2026:23:00:42 +0000] "GET /wp-includes/css/wp-pointer.min.css HTTP/1.1" 304 - "-" "Mozilla/5.0 (compatible; MJ12bot/v1.4.8; http://mj12bot.com/)"
57.141.14.83 - - [31/Mar/2026:23:00:43 +0000] "GET /wp-includes/Requests/src/Transport/?C=M;O=A HTTP/1.1" 200 1040 "-" "meta-externalagent/1.1 (+https://developers.facebook.com/docs/sharing/webmasters/crawler)"
147.135.213.11 - - [31/Mar/2026:23:00:44 +0000] "GET /wp-includes/customize/?C=D;O=A HTTP/1.1" 200 8270 "-" "Mozilla/5.0 (compatible; MJ12bot/v1.4.8; http://mj12bot.com/)"
147.135.213.11 - - [31/Mar/2026:23:00:46 +0000] "GET /wp-includes/customize/?C=M;O=A HTTP/1.1" 200 8270 "-" "Mozilla/5.0 (compatible; MJ12bot/v1.4.8; http://mj12bot.com/)"
57.141.14.26 - - [31/Mar/2026:23:00:47 +0000] "GET /wp-includes/sodium_compat/src/Core/AEGIS/State128L.php HTTP/1.1" 200 - "-" "meta-externalagent/1.1 (+https://developers.facebook.com/docs/sharing/webmasters/crawler)"
147.135.213.11 - - [31/Mar/2026:23:00:48 +0000] "GET /wp-includes/customize/?C=N;O=D HTTP/1.1" 200 8270 "-" "Mozilla/5.0 (compatible; MJ12bot/v1.4.8; http://mj12bot.com/)"
57.141.14.53 - - [31/Mar/2026:23:00:48 +0000] "GET /wp-includes/sodium_compat/src/Core/Util.php HTTP/1.1" 200 - "-" "meta-externalagent/1.1 (+https://developers.facebook.com/docs/sharing/webmasters/crawler)"
147.135.213.11 - - [31/Mar/2026:23:00:50 +0000] "GET /wp-includes/customize/?C=S;O=A HTTP/1.1" 200 8270 "-" "Mozilla/5.0 (compatible; MJ12bot/v1.4.8; http://mj12bot.com/)"
57.141.14.44 - - [31/Mar/2026:23:00:51 +0000] "GET /wp-includes/sodium_compat/src/Core/AEGIS/?C=S;O=A HTTP/1.1" 200 1066 "-" "meta-externalagent/1.1 (+https://developers.facebook.com/docs/sharing/webmasters/crawler)"
147.135.213.11 - - [31/Mar/2026:23:00:51 +0000] "GET /wp-includes/customize/class-wp-customize-background-image-control.php HTTP/1.1" 500 - "-" "Mozilla/5.0 (compatible; MJ12bot/v1.4.8; http://mj12bot.com/)"
147.135.213.11 - - [31/Mar/2026:23:00:53 +0000] "GET /wp-includes/customize/class-wp-customize-background-image-setting.php HTTP/1.1" 500 - "-" "Mozilla/5.0 (compatible; MJ12bot/v1.4.8; http://mj12bot.com/)"
147.135.213.11 - - [31/Mar/2026:23:00:55 +0000] "GET /wp-includes/customize/class-wp-customize-background-position-control.php HTTP/1.1" 500 - "-" "Mozilla/5.0 (compatible; MJ12bot/v1.4.8; http://mj12bot.com/)"
147.135.213.11 - - [31/Mar/2026:23:00:57 +0000] "GET /wp-includes/customize/class-wp-customize-code-editor-control.php HTTP/1.1" 500 - "-" "Mozilla/5.0 (compatible; MJ12bot/v1.4.8; http://mj12bot.com/)"
147.135.213.11 - - [31/Mar/2026:23:00:59 +0000] "GET /wp-includes/customize/class-wp-customize-color-control.php HTTP/1.1" 500 - "-" "Mozilla/5.0 (compatible; MJ12bot/v1.4.8; http://mj12bot.com/)"
147.135.213.11 - - [31/Mar/2026:23:01:01 +0000] "GET /wp-includes/customize/class-wp-customize-cropped-image-control.php HTTP/1.1" 500 - "-" "Mozilla/5.0 (compatible; MJ12bot/v1.4.8; http://mj12bot.com/)"
147.135.213.11 - - [31/Mar/2026:23:01:02 +0000] "GET /wp-includes/customize/class-wp-customize-custom-css-setting.php HTTP/1.1" 500 - "-" "Mozilla/5.0 (compatible; MJ12bot/v1.4.8; http://mj12bot.com/)"
147.135.213.11 - - [31/Mar/2026:23:01:04 +0000] "GET /wp-includes/customize/class-wp-customize-date-time-control.php HTTP/1.1" 500 - "-" "Mozilla/5.0 (compatible; MJ12bot/v1.4.8; http://mj12bot.com/)"
147.135.213.11 - - [31/Mar/2026:23:01:06 +0000] "GET /wp-includes/customize/class-wp-customize-filter-setting.php HTTP/1.1" 500 - "-" "Mozilla/5.0 (compatible; MJ12bot/v1.4.8; http://mj12bot.com/)"
147.135.213.11 - - [31/Mar/2026:23:01:08 +0000] "GET /wp-includes/customize/class-wp-customize-header-image-control.php HTTP/1.1" 500 - "-" "Mozilla/5.0 (compatible; MJ12bot/v1.4.8; http://mj12bot.com/)"
147.135.213.11 - - [31/Mar/2026:23:01:10 +0000] "GET /wp-includes/customize/class-wp-customize-header-image-setting.php HTTP/1.1" 500 - "-" "Mozilla/5.0 (compatible; MJ12bot/v1.4.8; http://mj12bot.com/)"
57.141.14.107 - - [31/Mar/2026:23:01:10 +0000] "GET /wp-includes/sodium_compat/namespaced/?C=S;O=A HTTP/1.1" 200 1393 "-" "meta-externalagent/1.1 (+https://developers.facebook.com/docs/sharing/webmasters/crawler)"
147.135.213.11 - - [31/Mar/2026:23:01:11 +0000] "GET /wp-includes/customize/class-wp-customize-image-control.php HTTP/1.1" 500 - "-" "Mozilla/5.0 (compatible; MJ12bot/v1.4.8; http://mj12bot.com/)"
147.135.213.11 - - [31/Mar/2026:23:01:13 +0000] "GET /wp-includes/customize/class-wp-customize-media-control.php HTTP/1.1" 500 - "-" "Mozilla/5.0 (compatible; MJ12bot/v1.4.8; http://mj12bot.com/)"
147.135.213.11 - - [31/Mar/2026:23:01:15 +0000] "GET /wp-includes/customize/class-wp-customize-nav-menu-auto-add-control.php HTTP/1.1" 500 - "-" "Mozilla/5.0 (compatible; MJ12bot/v1.4.8; http://mj12bot.com/)"
147.135.213.11 - - [31/Mar/2026:23:01:17 +0000] "GET /wp-includes/customize/class-wp-customize-nav-menu-control.php HTTP/1.1" 500 - "-" "Mozilla/5.0 (compatible; MJ12bot/v1.4.8; http://mj12bot.com/)"
147.135.213.11 - - [31/Mar/2026:23:01:19 +0000] "GET /wp-includes/customize/class-wp-customize-nav-menu-item-control.php HTTP/1.1" 500 - "-" "Mozilla/5.0 (compatible; MJ12bot/v1.4.8; http://mj12bot.com/)"
147.135.213.11 - - [31/Mar/2026:23:01:21 +0000] "GET /wp-includes/customize/class-wp-customize-nav-menu-item-setting.php HTTP/1.1" 500 - "-" "Mozilla/5.0 (compatible; MJ12bot/v1.4.8; http://mj12bot.com/)"
147.135.213.11 - - [31/Mar/2026:23:01:22 +0000] "GET /wp-includes/customize/class-wp-customize-nav-menu-location-control.php HTTP/1.1" 500 - "-" "Mozilla/5.0 (compatible; MJ12bot/v1.4.8; http://mj12bot.com/)"
147.135.213.11 - - [31/Mar/2026:23:01:24 +0000] "GET /wp-includes/customize/class-wp-customize-nav-menu-locations-control.php HTTP/1.1" 500 - "-" "Mozilla/5.0 (compatible; MJ12bot/v1.4.8; http://mj12bot.com/)"
147.135.213.11 - - [31/Mar/2026:23:01:26 +0000] "GET /wp-includes/customize/class-wp-customize-nav-menu-name-control.php HTTP/1.1" 500 - "-" "Mozilla/5.0 (compatible; MJ12bot/v1.4.8; http://mj12bot.com/)"
147.135.213.11 - - [31/Mar/2026:23:01:28 +0000] "GET /wp-includes/customize/class-wp-customize-nav-menu-section.php HTTP/1.1" 500 - "-" "Mozilla/5.0 (compatible; MJ12bot/v1.4.8; http://mj12bot.com/)"
57.141.14.27 - - [31/Mar/2026:23:01:30 +0000] "GET /wp-includes/sodium_compat/namespaced/?C=S;O=D HTTP/1.1" 200 1393 "-" "meta-externalagent/1.1 (+https://developers.facebook.com/docs/sharing/webmasters/crawler)"
147.135.213.11 - - [31/Mar/2026:23:01:30 +0000] "GET /wp-includes/customize/class-wp-customize-nav-menu-setting.php HTTP/1.1" 500 - "-" "Mozilla/5.0 (compatible; MJ12bot/v1.4.8; http://mj12bot.com/)"
57.141.14.48 - - [31/Mar/2026:23:01:31 +0000] "GET /wp-includes/sodium_compat/lib/?C=D;O=A HTTP/1.1" 200 2338 "-" "meta-externalagent/1.1 (+https://developers.facebook.com/docs/sharing/webmasters/crawler)"
147.135.213.11 - - [31/Mar/2026:23:01:32 +0000] "GET /wp-includes/customize/class-wp-customize-nav-menus-panel.php HTTP/1.1" 500 - "-" "Mozilla/5.0 (compatible; MJ12bot/v1.4.8; http://mj12bot.com/)"
147.135.213.11 - - [31/Mar/2026:23:01:33 +0000] "GET /wp-includes/customize/class-wp-customize-new-menu-control.php HTTP/1.1" 500 - "-" "Mozilla/5.0 (compatible; MJ12bot/v1.4.8; http://mj12bot.com/)"
147.135.213.11 - - [31/Mar/2026:23:01:35 +0000] "GET /wp-includes/customize/class-wp-customize-new-menu-section.php HTTP/1.1" 500 - "-" "Mozilla/5.0 (compatible; MJ12bot/v1.4.8; http://mj12bot.com/)"
147.135.213.11 - - [31/Mar/2026:23:01:37 +0000] "GET /wp-includes/customize/class-wp-customize-partial.php HTTP/1.1" 200 - "-" "Mozilla/5.0 (compatible; MJ12bot/v1.4.8; http://mj12bot.com/)"
147.135.213.11 - - [31/Mar/2026:23:01:39 +0000] "GET /wp-includes/customize/class-wp-customize-selective-refresh.php HTTP/1.1" 200 - "-" "Mozilla/5.0 (compatible; MJ12bot/v1.4.8; http://mj12bot.com/)"
147.135.213.11 - - [31/Mar/2026:23:01:41 +0000] "GET /wp-includes/customize/class-wp-customize-sidebar-section.php HTTP/1.1" 500 - "-" "Mozilla/5.0 (compatible; MJ12bot/v1.4.8; http://mj12bot.com/)"
147.135.213.11 - - [31/Mar/2026:23:01:42 +0000] "GET /wp-includes/customize/class-wp-customize-site-icon-control.php HTTP/1.1" 500 - "-" "Mozilla/5.0 (compatible; MJ12bot/v1.4.8; http://mj12bot.com/)"
57.141.14.16 - - [31/Mar/2026:23:01:43 +0000] "GET /wp-includes/js/tinymce/plugins/textcolor/?C=S;O=A HTTP/1.1" 200 1059 "-" "meta-externalagent/1.1 (+https://developers.facebook.com/docs/sharing/webmasters/crawler)"
57.141.14.98 - - [31/Mar/2026:23:01:44 +0000] "GET /wp-includes/IXR/?C=D;O=A HTTP/1.1" 200 2538 "-" "meta-externalagent/1.1 (+https://developers.facebook.com/docs/sharing/webmasters/crawler)"
147.135.213.11 - - [31/Mar/2026:23:01:44 +0000] "GET /wp-includes/customize/class-wp-customize-theme-control.php HTTP/1.1" 500 - "-" "Mozilla/5.0 (compatible; MJ12bot/v1.4.8; http://mj12bot.com/)"
147.135.213.11 - - [31/Mar/2026:23:01:46 +0000] "GET /wp-includes/customize/class-wp-customize-themes-panel.php HTTP/1.1" 500 - "-" "Mozilla/5.0 (compatible; MJ12bot/v1.4.8; http://mj12bot.com/)"
147.135.213.11 - - [31/Mar/2026:23:01:48 +0000] "GET /wp-includes/customize/class-wp-customize-themes-section.php HTTP/1.1" 500 - "-" "Mozilla/5.0 (compatible; MJ12bot/v1.4.8; http://mj12bot.com/)"
147.135.213.11 - - [31/Mar/2026:23:01:50 +0000] "GET /wp-includes/customize/class-wp-customize-upload-control.php HTTP/1.1" 500 - "-" "Mozilla/5.0 (compatible; MJ12bot/v1.4.8; http://mj12bot.com/)"
147.135.213.11 - - [31/Mar/2026:23:01:51 +0000] "GET /wp-includes/customize/class-wp-sidebar-block-editor-control.php HTTP/1.1" 500 - "-" "Mozilla/5.0 (compatible; MJ12bot/v1.4.8; http://mj12bot.com/)"
57.141.14.26 - - [31/Mar/2026:23:01:53 +0000] "GET /wp-includes/sodium_compat/src/Core/ChaCha20.php HTTP/1.1" 500 - "-" "meta-externalagent/1.1 (+https://developers.facebook.com/docs/sharing/webmasters/crawler)"
147.135.213.11 - - [31/Mar/2026:23:01:53 +0000] "GET /wp-includes/customize/class-wp-widget-area-customize-control.php HTTP/1.1" 500 - "-" "Mozilla/5.0 (compatible; MJ12bot/v1.4.8; http://mj12bot.com/)"
57.141.14.102 - - [31/Mar/2026:23:01:54 +0000] "GET /wp-includes/SimplePie/?C=N;O=D HTTP/1.1" 200 1174 "-" "meta-externalagent/1.1 (+https://developers.facebook.com/docs/sharing/webmasters/crawler)"
147.135.213.11 - - [31/Mar/2026:23:01:55 +0000] "GET /wp-includes/customize/class-wp-widget-form-customize-control.php HTTP/1.1" 500 - "-" "Mozilla/5.0 (compatible; MJ12bot/v1.4.8; http://mj12bot.com/)"
147.135.213.11 - - [31/Mar/2026:23:01:57 +0000] "GET /wp-includes/fonts/?C=M;O=A HTTP/1.1" 200 2522 "-" "Mozilla/5.0 (compatible; MJ12bot/v1.4.8; http://mj12bot.com/)"
147.135.213.11 - - [31/Mar/2026:23:01:59 +0000] "GET /wp-includes/js/thickbox/ HTTP/1.1" 200 1381 "-" "Mozilla/5.0 (compatible; MJ12bot/v1.4.8; http://mj12bot.com/)"
147.135.213.11 - - [31/Mar/2026:23:02:00 +0000] "GET /wp-includes/style-engine/class-wp-style-engine.php HTTP/1.1" 200 - "-" "Mozilla/5.0 (compatible; MJ12bot/v1.4.8; http://mj12bot.com/)"
57.141.14.62 - - [31/Mar/2026:23:02:04 +0000] "GET /wp-includes/IXR/class-IXR-date.php HTTP/1.1" 200 - "-" "meta-externalagent/1.1 (+https://developers.facebook.com/docs/sharing/webmasters/crawler)"
57.141.14.105 - - [31/Mar/2026:23:02:06 +0000] "GET /wp-includes/sodium_compat/src/PHP52/SplFixedArray.php HTTP/1.1" 200 - "-" "meta-externalagent/1.1 (+https://developers.facebook.com/docs/sharing/webmasters/crawler)"
57.141.14.85 - - [31/Mar/2026:23:02:07 +0000] "GET /wp-includes/images/?C=D;O=A HTTP/1.1" 200 5768 "-" "meta-externalagent/1.1 (+https://developers.facebook.com/docs/sharing/webmasters/crawler)"
57.141.14.54 - - [31/Mar/2026:23:02:09 +0000] "GET /wp-includes/js/tinymce/plugins/textcolor/?C=S;O=D HTTP/1.1" 200 1059 "-" "meta-externalagent/1.1 (+https://developers.facebook.com/docs/sharing/webmasters/crawler)"
57.141.14.34 - - [31/Mar/2026:23:02:12 +0000] "GET /wp-includes/sodium_compat/namespaced/Crypto.php HTTP/1.1" 500 - "-" "meta-externalagent/1.1 (+https://developers.facebook.com/docs/sharing/webmasters/crawler)"
43.135.36.201 - - [31/Mar/2026:23:02:12 +0000] "GET / HTTP/1.1" 200 5601 "-" "Mozilla/5.0 (iPhone; CPU iPhone OS 13_2_3 like Mac OS X) AppleWebKit/605.1.15 (KHTML, like Gecko) Version/13.0.3 Mobile/15E148 Safari/604.1"
57.141.14.16 - - [31/Mar/2026:23:02:14 +0000] "GET /wp-content/uploads/2023/12/?C=N;O=D HTTP/1.1" 200 666 "-" "meta-externalagent/1.1 (+https://developers.facebook.com/docs/sharing/webmasters/crawler)"
57.141.14.7 - - [31/Mar/2026:23:02:18 +0000] "GET /wp-includes/js/tinymce/plugins/textcolor/?C=D;O=A HTTP/1.1" 200 1059 "-" "meta-externalagent/1.1 (+https://developers.facebook.com/docs/sharing/webmasters/crawler)"
57.141.14.80 - - [31/Mar/2026:23:02:20 +0000] "GET /wp-includes/IXR/?C=N;O=A HTTP/1.1" 200 2538 "-" "meta-externalagent/1.1 (+https://developers.facebook.com/docs/sharing/webmasters/crawler)"
57.141.14.82 - - [31/Mar/2026:23:02:25 +0000] "GET /wp-includes/sodium_compat/lib/constants.php HTTP/1.1" 200 - "-" "meta-externalagent/1.1 (+https://developers.facebook.com/docs/sharing/webmasters/crawler)"
57.141.14.96 - - [31/Mar/2026:23:02:27 +0000] "GET /wp-includes/images/?C=N;O=A HTTP/1.1" 200 5768 "-" "meta-externalagent/1.1 (+https://developers.facebook.com/docs/sharing/webmasters/crawler)"
57.141.14.53 - - [31/Mar/2026:23:02:29 +0000] "GET /wp-includes/images/?C=S;O=A HTTP/1.1" 200 5768 "-" "meta-externalagent/1.1 (+https://developers.facebook.com/docs/sharing/webmasters/crawler)"
57.141.14.8 - - [31/Mar/2026:23:02:40 +0000] "GET /wp-includes/IXR/class-IXR-error.php HTTP/1.1" 200 - "-" "meta-externalagent/1.1 (+https://developers.facebook.com/docs/sharing/webmasters/crawler)"
57.141.14.78 - - [31/Mar/2026:23:02:41 +0000] "GET /wp-includes/IXR/?C=N;O=D HTTP/1.1" 200 2538 "-" "meta-externalagent/1.1 (+https://developers.facebook.com/docs/sharing/webmasters/crawler)"
57.141.14.112 - - [31/Mar/2026:23:02:44 +0000] "GET /wp-includes/sodium_compat/src/Core/AES.php HTTP/1.1" 500 - "-" "meta-externalagent/1.1 (+https://developers.facebook.com/docs/sharing/webmasters/crawler)"
57.141.14.74 - - [31/Mar/2026:23:03:04 +0000] "GET /wp-includes/sitemaps/?C=N;O=A HTTP/1.1" 200 2013 "-" "meta-externalagent/1.1 (+https://developers.facebook.com/docs/sharing/webmasters/crawler)"
57.141.14.41 - - [31/Mar/2026:23:03:06 +0000] "GET /wp-content/uploads/2023/08/?C=S;O=A HTTP/1.1" 200 666 "-" "meta-externalagent/1.1 (+https://developers.facebook.com/docs/sharing/webmasters/crawler)"
57.141.14.68 - - [31/Mar/2026:23:03:09 +0000] "GET /wp-includes/sodium_compat/src/Core/X25519.php HTTP/1.1" 500 - "-" "meta-externalagent/1.1 (+https://developers.facebook.com/docs/sharing/webmasters/crawler)"
57.141.14.16 - - [31/Mar/2026:23:03:11 +0000] "GET /wp-includes/js/tinymce/?C=D;O=A HTTP/1.1" 200 2431 "-" "meta-externalagent/1.1 (+https://developers.facebook.com/docs/sharing/webmasters/crawler)"
57.141.14.109 - - [31/Mar/2026:23:04:18 +0000] "GET /wp-includes/SimplePie/src/?C=N;O=D HTTP/1.1" 200 5643 "-" "meta-externalagent/1.1 (+https://developers.facebook.com/docs/sharing/webmasters/crawler)"
57.141.14.39 - - [31/Mar/2026:23:04:37 +0000] "GET /wp-includes/SimplePie/src/Exception.php HTTP/1.1" 200 - "-" "meta-externalagent/1.1 (+https://developers.facebook.com/docs/sharing/webmasters/crawler)"
57.141.14.24 - - [31/Mar/2026:23:04:57 +0000] "GET /wp-includes/IXR/?C=S;O=A HTTP/1.1" 200 2538 "-" "meta-externalagent/1.1 (+https://developers.facebook.com/docs/sharing/webmasters/crawler)"
57.141.14.37 - - [31/Mar/2026:23:05:10 +0000] "GET /wp-includes/js/dist/script-modules/block-editor/?C=N;O=D HTTP/1.1" 200 893 "-" "meta-externalagent/1.1 (+https://developers.facebook.com/docs/sharing/webmasters/crawler)"
57.141.14.44 - - [31/Mar/2026:23:05:11 +0000] "GET /wp-includes/SimplePie/src/?C=N;O=A HTTP/1.1" 200 5643 "-" "meta-externalagent/1.1 (+https://developers.facebook.com/docs/sharing/webmasters/crawler)"
57.141.14.56 - - [31/Mar/2026:23:05:12 +0000] "GET /wp-includes/IXR/?C=M;O=A HTTP/1.1" 200 2538 "-" "meta-externalagent/1.1 (+https://developers.facebook.com/docs/sharing/webmasters/crawler)"
57.141.14.55 - - [31/Mar/2026:23:05:24 +0000] "GET /wp-includes/assets/?C=N;O=A HTTP/1.1" 200 2280 "-" "meta-externalagent/1.1 (+https://developers.facebook.com/docs/sharing/webmasters/crawler)"
57.141.14.42 - - [31/Mar/2026:23:05:26 +0000] "GET /wp-includes/SimplePie/library/SimplePie/XML/Declaration/Parser.php HTTP/1.1" 200 - "-" "meta-externalagent/1.1 (+https://developers.facebook.com/docs/sharing/webmasters/crawler)"
57.141.14.21 - - [31/Mar/2026:23:05:29 +0000] "GET /wp-includes/SimplePie/src/?C=S;O=A HTTP/1.1" 200 5643 "-" "meta-externalagent/1.1 (+https://developers.facebook.com/docs/sharing/webmasters/crawler)"
57.141.14.104 - - [31/Mar/2026:23:05:34 +0000] "GET /wp-includes/SimplePie/src/Net/ HTTP/1.1" 200 850 "-" "meta-externalagent/1.1 (+https://developers.facebook.com/docs/sharing/webmasters/crawler)"
57.141.14.26 - - [31/Mar/2026:23:05:46 +0000] "GET /wp-content/uploads/2025/06/ HTTP/1.1" 200 666 "-" "meta-externalagent/1.1 (+https://developers.facebook.com/docs/sharing/webmasters/crawler)"
57.141.14.53 - - [31/Mar/2026:23:05:51 +0000] "GET /xt/index.php HTTP/1.1" 404 16 "-" "meta-externalagent/1.1 (+https://developers.facebook.com/docs/sharing/webmasters/crawler)"
57.141.14.100 - - [31/Mar/2026:23:06:00 +0000] "GET /wp-includes/IXR/class-IXR-message.php HTTP/1.1" 200 - "-" "meta-externalagent/1.1 (+https://developers.facebook.com/docs/sharing/webmasters/crawler)"
57.141.14.22 - - [31/Mar/2026:23:06:12 +0000] "GET /wp-includes/SimplePie/src/Net/?C=D;O=A HTTP/1.1" 200 850 "-" "meta-externalagent/1.1 (+https://developers.facebook.com/docs/sharing/webmasters/crawler)"
57.141.14.101 - - [31/Mar/2026:23:06:35 +0000] "GET /wp-content/uploads/2023/02/?C=N;O=D HTTP/1.1" 200 666 "-" "meta-externalagent/1.1 (+https://developers.facebook.com/docs/sharing/webmasters/crawler)"
20.48.232.178 - - [31/Mar/2026:23:06:39 +0000] "GET /wp-content/plugins/hellopress/wp_filemanager.php HTTP/1.1" 403 4170 "-" "-"
