40.77.167.43 - - [31/Mar/2026:22:25:34 +0000] "GET /2026/03/06/top-10-new-winning-pokies/ HTTP/1.1" 404 16 "-" "Mozilla/5.0 AppleWebKit/537.36 (KHTML, like Gecko; compatible; bingbot/2.0; +http://www.bing.com/bingbot.htm) Chrome/116.0.1938.76 Safari/537.36"
171.108.70.144 - - [31/Mar/2026:22:25:45 +0000] "POST /wp-comments-post.php HTTP/1.1" 302 - "-" "Mozilla/5.0 (Windows NT 10.0; Win64; x64) AppleWebKit/537.36 (KHTML, like Gecko) Chrome/108.0.0.0 Safari/537.36 Edg/108.0.1462.46"
171.108.70.144 - - [31/Mar/2026:22:25:47 +0000] "GET /2021/09/16/hello-world/ HTTP/1.1" 404 16 "-" "Mozilla/5.0 (Windows NT 10.0; Win64; x64) AppleWebKit/537.36 (KHTML, like Gecko) Chrome/108.0.0.0 Safari/537.36 Edg/108.0.1462.46"
114.119.132.88 - - [31/Mar/2026:22:26:25 +0000] "GET /products/detail/53338589/ HTTP/1.1" 404 16 "https://ttka.co.nz/wp-sitemap.xml" "Mozilla/5.0 (Linux; Android 7.0;) AppleWebKit/537.36 (KHTML, like Gecko) Mobile Safari/537.36 (compatible; PetalBot;+https://webmaster.petalsearch.com/site/petalbot)"
104.194.152.141 - - [31/Mar/2026:22:27:30 +0000] "GET /author/gethomas/ HTTP/1.1" 404 16 "https://ttka.co.nz/" "Mozilla/5.0 (Macintosh; Intel Mac OS X 12_5) AppleWebKit/537.36 (KHTML, like Gecko) Chrome/114.0.0.0 YaBrowser/22.7.0 Yowser/2.5 Safari/537.36"
104.194.152.141 - - [31/Mar/2026:22:27:31 +0000] "GET / HTTP/1.1" 200 5601 "-" "Mozilla/5.0 (Macintosh; Intel Mac OS X 12_5) AppleWebKit/537.36 (KHTML, like Gecko) Chrome/114.0.0.0 YaBrowser/22.7.0 Yowser/2.5 Safari/537.36"
74.7.244.62 - - [31/Mar/2026:22:27:31 +0000] "GET /robots.txt HTTP/1.1" 304 - "-" "Mozilla/5.0 (Macintosh; Intel Mac OS X 10_15_7) AppleWebKit/537.36 (KHTML, like Gecko) Chrome/131.0.0.0 Safari/537.36; compatible; OAI-SearchBot/1.3; robots.txt; +https://openai.com/searchbot"
104.194.152.141 - - [31/Mar/2026:22:27:31 +0000] "GET /google1588975857979d77.html HTTP/1.1" 200 53 "https://ttka.co.nz" "Mozilla/5.0 (Macintosh; Intel Mac OS X 12_5) AppleWebKit/537.36 (KHTML, like Gecko) Chrome/114.0.0.0 YaBrowser/22.7.0 Yowser/2.5 Safari/537.36"
114.119.151.1 - - [31/Mar/2026:22:27:44 +0000] "GET /products/detail/53239367/ HTTP/1.1" 404 16 "https://ttka.co.nz/sitemap.xml" "Mozilla/5.0 (Linux; Android 7.0;) AppleWebKit/537.36 (KHTML, like Gecko) Mobile Safari/537.36 (compatible; PetalBot;+https://webmaster.petalsearch.com/site/petalbot)"
114.119.130.54 - - [31/Mar/2026:22:29:12 +0000] "GET /products/detail/53138347/ HTTP/1.1" 404 16 "https://ttka.co.nz/wp-sitemap.xml" "Mozilla/5.0 (Linux; Android 7.0;) AppleWebKit/537.36 (KHTML, like Gecko) Mobile Safari/537.36 (compatible; PetalBot;+https://webmaster.petalsearch.com/site/petalbot)"
114.119.136.188 - - [31/Mar/2026:22:30:28 +0000] "GET /products/detail/53039125/ HTTP/1.1" 404 16 "https://ttka.co.nz/sitemap.xml" "Mozilla/5.0 (Linux; Android 7.0;) AppleWebKit/537.36 (KHTML, like Gecko) Mobile Safari/537.36 (compatible; PetalBot;+https://webmaster.petalsearch.com/site/petalbot)"
114.119.151.5 - - [31/Mar/2026:22:32:22 +0000] "GET /products/detail/52938105/ HTTP/1.1" 404 16 "https://ttka.co.nz/wp-sitemap.xml" "Mozilla/5.0 (Linux; Android 7.0;) AppleWebKit/537.36 (KHTML, like Gecko) Mobile Safari/537.36 (compatible; PetalBot;+https://webmaster.petalsearch.com/site/petalbot)"
52.167.144.140 - - [31/Mar/2026:22:32:45 +0000] "GET /2026/03/06/great-new-zealand-eagle-slot-machine/ HTTP/1.1" 404 16 "-" "Mozilla/5.0 AppleWebKit/537.36 (KHTML, like Gecko; compatible; bingbot/2.0; +http://www.bing.com/bingbot.htm) Chrome/116.0.1938.76 Safari/537.36"
114.119.151.1 - - [31/Mar/2026:22:33:29 +0000] "GET /products/detail/52838973/ HTTP/1.1" 404 16 "https://ttka.co.nz/sitemap.xml" "Mozilla/5.0 (Linux; Android 7.0;) AppleWebKit/537.36 (KHTML, like Gecko) Mobile Safari/537.36 (compatible; PetalBot;+https://webmaster.petalsearch.com/site/petalbot)"
114.119.130.54 - - [31/Mar/2026:22:34:38 +0000] "GET /products/detail/52737953/ HTTP/1.1" 404 16 "https://ttka.co.nz/wp-sitemap.xml" "Mozilla/5.0 (Linux; Android 7.0;) AppleWebKit/537.36 (KHTML, like Gecko) Mobile Safari/537.36 (compatible; PetalBot;+https://webmaster.petalsearch.com/site/petalbot)"
65.108.125.120 - - [31/Mar/2026:22:35:23 +0000] "GET /robots.txt HTTP/1.1" 304 - "-" "Mozilla/5.0 (compatible; MJ12bot/v1.4.8; http://mj12bot.com/)"
65.108.125.120 - - [31/Mar/2026:22:35:26 +0000] "GET /123.php HTTP/1.1" 404 16 "-" "Mozilla/5.0 (compatible; MJ12bot/v1.4.8; http://mj12bot.com/)"
114.119.151.1 - - [31/Mar/2026:22:36:25 +0000] "GET /products/detail/52638731/ HTTP/1.1" 404 16 "https://ttka.co.nz/sitemap.xml" "Mozilla/5.0 (Linux; Android 7.0;) AppleWebKit/537.36 (KHTML, like Gecko) Mobile Safari/537.36 (compatible; PetalBot;+https://webmaster.petalsearch.com/site/petalbot)"
114.119.151.1 - - [31/Mar/2026:22:37:52 +0000] "GET /products/detail/52537711/ HTTP/1.1" 404 16 "https://ttka.co.nz/wp-sitemap.xml" "Mozilla/5.0 (Linux; Android 7.0;) AppleWebKit/537.36 (KHTML, like Gecko) Mobile Safari/537.36 (compatible; PetalBot;+https://webmaster.petalsearch.com/site/petalbot)"
40.77.167.42 - - [31/Mar/2026:22:39:33 +0000] "GET /2026/03/06/pokies-in-new-zealand-au-tips/ HTTP/1.1" 404 16 "-" "Mozilla/5.0 AppleWebKit/537.36 (KHTML, like Gecko; compatible; bingbot/2.0; +http://www.bing.com/bingbot.htm) Chrome/116.0.1938.76 Safari/537.36"
114.119.136.75 - - [31/Mar/2026:22:39:46 +0000] "GET /products/detail/52438589/ HTTP/1.1" 404 16 "https://ttka.co.nz/sitemap.xml" "Mozilla/5.0 (Linux; Android 7.0;) AppleWebKit/537.36 (KHTML, like Gecko) Mobile Safari/537.36 (compatible; PetalBot;+https://webmaster.petalsearch.com/site/petalbot)"
114.119.136.75 - - [31/Mar/2026:22:40:53 +0000] "GET /products/detail/52337569/ HTTP/1.1" 404 16 "https://ttka.co.nz/wp-sitemap.xml" "Mozilla/5.0 (Linux; Android 7.0;) AppleWebKit/537.36 (KHTML, like Gecko) Mobile Safari/537.36 (compatible; PetalBot;+https://webmaster.petalsearch.com/site/petalbot)"
91.84.124.167 - - [31/Mar/2026:22:41:17 +0000] "GET /project/ HTTP/1.1" 404 16 "https://ttka.co.nz/project/" "Mozilla/5.0 (Windows NT 10.0; Win64; x64) AppleWebKit/537.36 (KHTML, like Gecko) Chrome/131.0.0.0 Safari/537.36"
91.84.124.167 - - [31/Mar/2026:22:41:19 +0000] "GET / HTTP/1.1" 200 5601 "https://ttka.co.nz/" "Mozilla/5.0 (Windows NT 10.0; Win64; x64) AppleWebKit/537.36 (KHTML, like Gecko) Chrome/131.0.0.0 Safari/537.36"
3.93.40.64 - - [31/Mar/2026:22:41:24 +0000] "POST /wp-login.php HTTP/1.1" 200 7130 "-" "Mozilla/5.0"
114.119.151.5 - - [31/Mar/2026:22:41:36 +0000] "GET /products/detail/52238347/ HTTP/1.1" 404 16 "https://ttka.co.nz/sitemap.xml" "Mozilla/5.0 (Linux; Android 7.0;) AppleWebKit/537.36 (KHTML, like Gecko) Mobile Safari/537.36 (compatible; PetalBot;+https://webmaster.petalsearch.com/site/petalbot)"
114.119.130.54 - - [31/Mar/2026:22:43:01 +0000] "GET /products/detail/52137327/ HTTP/1.1" 404 16 "-" "Mozilla/5.0 (Linux; Android 7.0;) AppleWebKit/537.36 (HTML, like Gecko) Mobile Safari/537.36 (compatible; PetalBot;+https://webmaster.petalsearch.com/site/petalbot)"
114.119.151.1 - - [31/Mar/2026:22:44:21 +0000] "GET /products/detail/52038105/ HTTP/1.1" 404 16 "https://ttka.co.nz/sitemap.xml" "Mozilla/5.0 (Linux; Android 7.0;) AppleWebKit/537.36 (KHTML, like Gecko) Mobile Safari/537.36 (compatible; PetalBot;+https://webmaster.petalsearch.com/site/petalbot)"
114.119.140.186 - - [31/Mar/2026:22:45:51 +0000] "GET /products/detail/51937175/ HTTP/1.1" 404 16 "https://ttka.co.nz/wp-sitemap.xml" "Mozilla/5.0 (Linux; Android 7.0;) AppleWebKit/537.36 (KHTML, like Gecko) Mobile Safari/537.36 (compatible; PetalBot;+https://webmaster.petalsearch.com/site/petalbot)"
165.231.227.159 - - [31/Mar/2026:22:46:59 +0000] "GET /2021/09/16/hello-world/ HTTP/1.1" 404 16 "https://ttka.co.nz/" "Mozilla/5.0 (Windows NT 10.0; Win64; x64) AppleWebKit/537.36 (KHTML, like Gecko) Chrome/114.0.0.0 Safari/537.36"
165.231.227.159 - - [31/Mar/2026:22:47:00 +0000] "GET / HTTP/1.1" 200 5601 "-" "Mozilla/5.0 (Windows NT 10.0; Win64; x64) AppleWebKit/537.36 (KHTML, like Gecko) Chrome/114.0.0.0 Safari/537.36"
165.231.227.159 - - [31/Mar/2026:22:47:05 +0000] "GET /google1588975857979d77.html HTTP/1.1" 200 53 "https://ttka.co.nz" "Mozilla/5.0 (Windows NT 10.0; Win64; x64) AppleWebKit/537.36 (KHTML, like Gecko) Chrome/114.0.0.0 Safari/537.36"
114.119.151.1 - - [31/Mar/2026:22:47:24 +0000] "GET /products/detail/51837953/ HTTP/1.1" 404 16 "https://ttka.co.nz/sitemap.xml" "Mozilla/5.0 (Linux; Android 7.0;) AppleWebKit/537.36 (KHTML, like Gecko) Mobile Safari/537.36 (compatible; PetalBot;+https://webmaster.petalsearch.com/site/petalbot)"
51.195.215.242 - - [31/Mar/2026:22:47:58 +0000] "GET /xmlrpc.php HTTP/1.1" 405 42 "-" "Mozilla/5.0 (compatible; AhrefsBot/7.0; +http://ahrefs.com/robot/)"
114.119.151.1 - - [31/Mar/2026:22:49:16 +0000] "GET /products/detail/51736933/ HTTP/1.1" 404 16 "https://ttka.co.nz/wp-sitemap.xml" "Mozilla/5.0 (Linux; Android 7.0;) AppleWebKit/537.36 (KHTML, like Gecko) Mobile Safari/537.36 (compatible; PetalBot;+https://webmaster.petalsearch.com/site/petalbot)"
114.119.140.186 - - [31/Mar/2026:22:50:04 +0000] "GET /products/detail/51637711/ HTTP/1.1" 404 16 "https://ttka.co.nz/sitemap.xml" "Mozilla/5.0 (Linux; Android 7.0;) AppleWebKit/537.36 (KHTML, like Gecko) Mobile Safari/537.36 (compatible; PetalBot;+https://webmaster.petalsearch.com/site/petalbot)"
114.119.151.1 - - [31/Mar/2026:22:51:26 +0000] "GET /products/detail/51536781/ HTTP/1.1" 404 16 "https://ttka.co.nz/wp-sitemap.xml" "Mozilla/5.0 (Linux; Android 7.0;) AppleWebKit/537.36 (KHTML, like Gecko) Mobile Safari/537.36 (compatible; PetalBot;+https://webmaster.petalsearch.com/site/petalbot)"
114.119.140.186 - - [31/Mar/2026:22:52:46 +0000] "GET /products/detail/51437569/ HTTP/1.1" 404 16 "-" "Mozilla/5.0 (Linux; Android 7.0;) AppleWebKit/537.36 (HTML, like Gecko) Mobile Safari/537.36 (compatible; PetalBot;+https://webmaster.petalsearch.com/site/petalbot)"
114.119.137.91 - - [31/Mar/2026:22:54:06 +0000] "GET /products/detail/51336549/ HTTP/1.1" 404 16 "https://ttka.co.nz/wp-sitemap.xml" "Mozilla/5.0 (Linux; Android 7.0;) AppleWebKit/537.36 (KHTML, like Gecko) Mobile Safari/537.36 (compatible; PetalBot;+https://webmaster.petalsearch.com/site/petalbot)"
114.119.130.54 - - [31/Mar/2026:22:55:30 +0000] "GET /products/detail/51237327/ HTTP/1.1" 404 16 "https://ttka.co.nz/sitemap.xml" "Mozilla/5.0 (Linux; Android 7.0;) AppleWebKit/537.36 (KHTML, like Gecko) Mobile Safari/537.36 (compatible; PetalBot;+https://webmaster.petalsearch.com/site/petalbot)"
147.135.213.11 - - [31/Mar/2026:22:55:41 +0000] "GET /robots.txt HTTP/1.1" 304 - "-" "Mozilla/5.0 (compatible; MJ12bot/v1.4.8; http://mj12bot.com/)"
147.135.213.11 - - [31/Mar/2026:22:55:43 +0000] "GET /144.php HTTP/1.1" 404 16 "-" "Mozilla/5.0 (compatible; MJ12bot/v1.4.8; http://mj12bot.com/)"
147.135.213.11 - - [31/Mar/2026:22:55:45 +0000] "GET /?C=D;O=A HTTP/1.1" 200 5601 "-" "Mozilla/5.0 (compatible; MJ12bot/v1.4.8; http://mj12bot.com/)"
147.135.213.11 - - [31/Mar/2026:22:55:47 +0000] "GET /?C=M;O=A HTTP/1.1" 200 5601 "-" "Mozilla/5.0 (compatible; MJ12bot/v1.4.8; http://mj12bot.com/)"
147.135.213.11 - - [31/Mar/2026:22:55:49 +0000] "GET /?C=N;O=D HTTP/1.1" 200 5601 "-" "Mozilla/5.0 (compatible; MJ12bot/v1.4.8; http://mj12bot.com/)"
147.135.213.11 - - [31/Mar/2026:22:55:50 +0000] "GET /?C=S;O=A HTTP/1.1" 200 5601 "-" "Mozilla/5.0 (compatible; MJ12bot/v1.4.8; http://mj12bot.com/)"
147.135.213.11 - - [31/Mar/2026:22:55:52 +0000] "GET /bless15.php HTTP/1.1" 404 16 "-" "Mozilla/5.0 (compatible; MJ12bot/v1.4.8; http://mj12bot.com/)"
147.135.213.11 - - [31/Mar/2026:22:55:54 +0000] "GET /cgi-bin/ HTTP/1.1" 200 - "-" "Mozilla/5.0 (compatible; MJ12bot/v1.4.8; http://mj12bot.com/)"
147.135.213.11 - - [31/Mar/2026:22:55:56 +0000] "GET /dhxtfzvl.php HTTP/1.1" 404 16 "-" "Mozilla/5.0 (compatible; MJ12bot/v1.4.8; http://mj12bot.com/)"
147.135.213.11 - - [31/Mar/2026:22:55:57 +0000] "GET /fpaeojhp.php HTTP/1.1" 404 16 "-" "Mozilla/5.0 (compatible; MJ12bot/v1.4.8; http://mj12bot.com/)"
147.135.213.11 - - [31/Mar/2026:22:55:59 +0000] "GET /google1588975857979d77.html HTTP/1.1" 200 53 "-" "Mozilla/5.0 (compatible; MJ12bot/v1.4.8; http://mj12bot.com/)"
147.135.213.11 - - [31/Mar/2026:22:56:01 +0000] "GET /google3aa33d73ab6fb797.html HTTP/1.1" 200 53 "-" "Mozilla/5.0 (compatible; MJ12bot/v1.4.8; http://mj12bot.com/)"
147.135.213.11 - - [31/Mar/2026:22:56:03 +0000] "GET /google679d110b6a88e62d.html HTTP/1.1" 200 53 "-" "Mozilla/5.0 (compatible; MJ12bot/v1.4.8; http://mj12bot.com/)"
147.135.213.11 - - [31/Mar/2026:22:56:04 +0000] "GET /google83cb97e9e9aad3d6.html HTTP/1.1" 200 53 "-" "Mozilla/5.0 (compatible; MJ12bot/v1.4.8; http://mj12bot.com/)"
147.135.213.11 - - [31/Mar/2026:22:56:06 +0000] "GET /google9aff444a1cf021e8.html HTTP/1.1" 200 53 "-" "Mozilla/5.0 (compatible; MJ12bot/v1.4.8; http://mj12bot.com/)"
147.135.213.11 - - [31/Mar/2026:22:56:08 +0000] "GET /icfnd.php HTTP/1.1" 404 16 "-" "Mozilla/5.0 (compatible; MJ12bot/v1.4.8; http://mj12bot.com/)"
147.135.213.11 - - [31/Mar/2026:22:56:10 +0000] "GET /kgi.txt HTTP/1.1" 200 1 "-" "Mozilla/5.0 (compatible; MJ12bot/v1.4.8; http://mj12bot.com/)"
147.135.213.11 - - [31/Mar/2026:22:56:11 +0000] "GET /license.txt HTTP/1.1" 200 19903 "-" "Mozilla/5.0 (compatible; MJ12bot/v1.4.8; http://mj12bot.com/)"
147.135.213.11 - - [31/Mar/2026:22:56:13 +0000] "GET /privacy-modules.php HTTP/1.1" 200 5454 "-" "Mozilla/5.0 (compatible; MJ12bot/v1.4.8; http://mj12bot.com/)"
147.135.213.11 - - [31/Mar/2026:22:56:15 +0000] "GET /readme.html HTTP/1.1" 200 7425 "-" "Mozilla/5.0 (compatible; MJ12bot/v1.4.8; http://mj12bot.com/)"
147.135.213.11 - - [31/Mar/2026:22:56:17 +0000] "GET /rllko.php HTTP/1.1" 404 16 "-" "Mozilla/5.0 (compatible; MJ12bot/v1.4.8; http://mj12bot.com/)"
147.135.213.11 - - [31/Mar/2026:22:56:18 +0000] "GET /robots.txt HTTP/1.1" 304 - "-" "Mozilla/5.0 (compatible; MJ12bot/v1.4.8; http://mj12bot.com/)"
45.79.238.235 - - [31/Mar/2026:22:56:21 +0000] "GET /?et_check_mod_pagespeed=on HTTP/1.1" 200 5601 "-" "WordPress/6.9.4; https://ttka.co.nz"
45.79.238.235 - - [31/Mar/2026:22:56:21 +0000] "POST /wp-cron.php?doing_wp_cron=1774997781.7246398925781250000000 HTTP/1.1" 200 - "-" "WordPress/6.9.4; https://ttka.co.nz"
147.135.213.11 - - [31/Mar/2026:22:56:20 +0000] "GET /wp-activate.php HTTP/1.1" 302 - "-" "Mozilla/5.0 (compatible; MJ12bot/v1.4.8; http://mj12bot.com/)"
45.79.238.235 - - [31/Mar/2026:22:56:24 +0000] "POST /wp-cron.php?doing_wp_cron=1774997784.7599580287933349609375 HTTP/1.1" 200 - "-" "WordPress/6.9.4; https://ttka.co.nz"
147.135.213.11 - - [31/Mar/2026:22:56:24 +0000] "GET /wp-login.php?action=register HTTP/1.1" 302 - "-" "Mozilla/5.0 (compatible; MJ12bot/v1.4.8; http://mj12bot.com/)"
147.135.213.11 - - [31/Mar/2026:22:56:26 +0000] "GET /wp-login.php?registration=disabled HTTP/1.1" 200 6902 "-" "Mozilla/5.0 (compatible; MJ12bot/v1.4.8; http://mj12bot.com/)"
147.135.213.11 - - [31/Mar/2026:22:56:29 +0000] "GET /wp-blog-header.php HTTP/1.1" 404 - "-" "Mozilla/5.0 (compatible; MJ12bot/v1.4.8; http://mj12bot.com/)"
147.135.213.11 - - [31/Mar/2026:22:56:31 +0000] "GET /wp-comments-post.php HTTP/1.1" 405 - "-" "Mozilla/5.0 (compatible; MJ12bot/v1.4.8; http://mj12bot.com/)"
147.135.213.11 - - [31/Mar/2026:22:56:33 +0000] "GET /wp-config-sample.php HTTP/1.1" 500 236 "-" "Mozilla/5.0 (compatible; MJ12bot/v1.4.8; http://mj12bot.com/)"
147.135.213.11 - - [31/Mar/2026:22:56:34 +0000] "GET /wp-config.php HTTP/1.1" 200 - "-" "Mozilla/5.0 (compatible; MJ12bot/v1.4.8; http://mj12bot.com/)"
147.135.213.11 - - [31/Mar/2026:22:56:37 +0000] "GET /wp-cron.php HTTP/1.1" 200 - "-" "Mozilla/5.0 (compatible; MJ12bot/v1.4.8; http://mj12bot.com/)"
114.119.132.88 - - [31/Mar/2026:22:57:24 +0000] "GET /products/detail/51136307/ HTTP/1.1" 404 16 "https://ttka.co.nz/wp-sitemap.xml" "Mozilla/5.0 (Linux; Android 7.0;) AppleWebKit/537.36 (KHTML, like Gecko) Mobile Safari/537.36 (compatible; PetalBot;+https://webmaster.petalsearch.com/site/petalbot)"
114.119.151.1 - - [31/Mar/2026:22:58:25 +0000] "GET /products/detail/51037175/ HTTP/1.1" 404 16 "https://ttka.co.nz/sitemap.xml" "Mozilla/5.0 (Linux; Android 7.0;) AppleWebKit/537.36 (KHTML, like Gecko) Mobile Safari/537.36 (compatible; PetalBot;+https://webmaster.petalsearch.com/site/petalbot)"
114.119.130.54 - - [31/Mar/2026:22:59:44 +0000] "GET /products/detail/50936155/ HTTP/1.1" 404 16 "-" "Mozilla/5.0 (Linux; Android 7.0;) AppleWebKit/537.36 (HTML, like Gecko) Mobile Safari/537.36 (compatible; PetalBot;+https://webmaster.petalsearch.com/site/petalbot)"
37.139.53.7 - - [31/Mar/2026:23:00:00 +0000] "GET /author/gethomas/ HTTP/1.1" 404 16 "https://ttka.co.nz/author/gethomas/" "Mozilla/5.0 (Windows NT 10.0; Win64; x64) AppleWebKit/537.36 (KHTML, like Gecko) Chrome/130.0.0.0 Safari/537.36 CCleaner/130.0.0.0"
37.139.53.7 - - [31/Mar/2026:23:00:02 +0000] "GET / HTTP/1.1" 200 5601 "https://ttka.co.nz/" "Mozilla/5.0 (Windows NT 10.0; Win64; x64) AppleWebKit/537.36 (KHTML, like Gecko) Chrome/130.0.0.0 Safari/537.36 CCleaner/130.0.0.0"
147.135.213.11 - - [31/Mar/2026:23:02:04 +0000] "GET /wp-links-opml.php HTTP/1.1" 200 232 "-" "Mozilla/5.0 (compatible; MJ12bot/v1.4.8; http://mj12bot.com/)"
114.119.151.1 - - [31/Mar/2026:23:02:05 +0000] "GET /products/detail/50836933/ HTTP/1.1" 404 16 "https://ttka.co.nz/sitemap.xml" "Mozilla/5.0 (Linux; Android 7.0;) AppleWebKit/537.36 (KHTML, like Gecko) Mobile Safari/537.36 (compatible; PetalBot;+https://webmaster.petalsearch.com/site/petalbot)"
147.135.213.11 - - [31/Mar/2026:23:02:06 +0000] "GET /wp-load.php HTTP/1.1" 200 - "-" "Mozilla/5.0 (compatible; MJ12bot/v1.4.8; http://mj12bot.com/)"
147.135.213.11 - - [31/Mar/2026:23:02:08 +0000] "GET /wp-mail.php HTTP/1.1" 403 240 "-" "Mozilla/5.0 (compatible; MJ12bot/v1.4.8; http://mj12bot.com/)"
147.135.213.11 - - [31/Mar/2026:23:02:10 +0000] "GET /wp-settings.php HTTP/1.1" 500 - "-" "Mozilla/5.0 (compatible; MJ12bot/v1.4.8; http://mj12bot.com/)"
147.135.213.11 - - [31/Mar/2026:23:02:12 +0000] "GET /wp-signup.php HTTP/1.1" 302 - "-" "Mozilla/5.0 (compatible; MJ12bot/v1.4.8; http://mj12bot.com/)"
147.135.213.11 - - [31/Mar/2026:23:02:15 +0000] "GET /wp-login.php?action=register HTTP/1.1" 302 - "-" "Mozilla/5.0 (compatible; MJ12bot/v1.4.8; http://mj12bot.com/)"
147.135.213.11 - - [31/Mar/2026:23:02:18 +0000] "GET /wp-login.php?registration=disabled HTTP/1.1" 200 6902 "-" "Mozilla/5.0 (compatible; MJ12bot/v1.4.8; http://mj12bot.com/)"
147.135.213.11 - - [31/Mar/2026:23:02:20 +0000] "GET /wp-trackback.php HTTP/1.1" 404 135 "-" "Mozilla/5.0 (compatible; MJ12bot/v1.4.8; http://mj12bot.com/)"
114.119.136.75 - - [31/Mar/2026:23:02:39 +0000] "GET /products/detail/50735913/ HTTP/1.1" 404 16 "https://ttka.co.nz/wp-sitemap.xml" "Mozilla/5.0 (Linux; Android 7.0;) AppleWebKit/537.36 (KHTML, like Gecko) Mobile Safari/537.36 (compatible; PetalBot;+https://webmaster.petalsearch.com/site/petalbot)"
89.110.116.195 - - [31/Mar/2026:23:04:06 +0000] "GET /project/ HTTP/1.1" 404 16 "https://ttka.co.nz/project/" "Mozilla/5.0 (Windows NT 10.0; Win64; x64) AppleWebKit/537.36 (KHTML, like Gecko) Chrome/131.0.0.0 Safari/537.36"
89.110.116.195 - - [31/Mar/2026:23:04:07 +0000] "GET / HTTP/1.1" 200 5601 "https://ttka.co.nz/" "Mozilla/5.0 (Windows NT 10.0; Win64; x64) AppleWebKit/537.36 (KHTML, like Gecko) Chrome/131.0.0.0 Safari/537.36"
114.119.151.5 - - [31/Mar/2026:23:04:45 +0000] "GET /products/detail/50636781/ HTTP/1.1" 404 16 "https://ttka.co.nz/sitemap.xml" "Mozilla/5.0 (Linux; Android 7.0;) AppleWebKit/537.36 (KHTML, like Gecko) Mobile Safari/537.36 (compatible; PetalBot;+https://webmaster.petalsearch.com/site/petalbot)"
40.77.167.47 - - [31/Mar/2026:23:05:23 +0000] "GET /2026/03/06/do-staff-control-pokie-machines/ HTTP/1.1" 404 16 "-" "Mozilla/5.0 AppleWebKit/537.36 (KHTML, like Gecko; compatible; bingbot/2.0; +http://www.bing.com/bingbot.htm) Chrome/116.0.1938.76 Safari/537.36"
114.119.137.91 - - [31/Mar/2026:23:05:35 +0000] "GET /products/detail/50535761/ HTTP/1.1" 404 16 "https://ttka.co.nz/wp-sitemap.xml" "Mozilla/5.0 (Linux; Android 7.0;) AppleWebKit/537.36 (KHTML, like Gecko) Mobile Safari/537.36 (compatible; PetalBot;+https://webmaster.petalsearch.com/site/petalbot)"
40.77.167.42 - - [31/Mar/2026:23:05:44 +0000] "GET /2026/03/06/pokies-sites-online-with/ HTTP/1.1" 404 16 "-" "Mozilla/5.0 AppleWebKit/537.36 (KHTML, like Gecko; compatible; bingbot/2.0; +http://www.bing.com/bingbot.htm) Chrome/116.0.1938.76 Safari/537.36"
103.247.21.209 - - [31/Mar/2026:23:06:01 +0000] "GET /author/gethomas/ HTTP/1.1" 404 16 "https://ttka.co.nz/" "Mozilla/5.0 (X11; Ubuntu; Linux x86_64; rv:114.0) Gecko/20100101 Firefox/114.0"
103.247.21.209 - - [31/Mar/2026:23:06:09 +0000] "GET / HTTP/1.1" 200 5601 "-" "Mozilla/5.0 (X11; Ubuntu; Linux x86_64; rv:114.0) Gecko/20100101 Firefox/114.0"
103.247.21.209 - - [31/Mar/2026:23:06:20 +0000] "GET /google1588975857979d77.html HTTP/1.1" 200 53 "https://ttka.co.nz" "Mozilla/5.0 (X11; Ubuntu; Linux x86_64; rv:114.0) Gecko/20100101 Firefox/114.0"
20.48.232.178 - - [31/Mar/2026:23:06:49 +0000] "GET /wp-admin/network/index.php HTTP/1.1" 302 - "-" "-"
20.48.232.178 - - [31/Mar/2026:23:06:50 +0000] "GET /wp-login.php?redirect_to=https%3A%2F%2Fttka.co.nz%2Fwp-admin%2Fnetwork%2Findex.php&reauth=1 HTTP/1.1" 200 6727 "-" "-"
20.48.232.178 - - [31/Mar/2026:23:06:54 +0000] "GET /wp-admin/user/index.php HTTP/1.1" 302 - "-" "-"
20.48.232.178 - - [31/Mar/2026:23:06:55 +0000] "GET /wp-login.php?redirect_to=https%3A%2F%2Fttka.co.nz%2Fwp-admin%2Fuser%2Findex.php&reauth=1 HTTP/1.1" 200 6724 "-" "-"
20.48.232.178 - - [31/Mar/2026:23:06:56 +0000] "GET /wp-login.php HTTP/1.1" 200 6710 "-" "-"
114.119.132.88 - - [31/Mar/2026:23:07:19 +0000] "GET /products/detail/50436549/ HTTP/1.1" 404 16 "https://ttka.co.nz/sitemap.xml" "Mozilla/5.0 (Linux; Android 7.0;) AppleWebKit/537.36 (KHTML, like Gecko) Mobile Safari/537.36 (compatible; PetalBot;+https://webmaster.petalsearch.com/site/petalbot)"
40.77.167.47 - - [31/Mar/2026:23:07:46 +0000] "GET /2026/03/06/play-free-australia-roulette-online/ HTTP/1.1" 404 16 "-" "Mozilla/5.0 AppleWebKit/537.36 (KHTML, like Gecko; compatible; bingbot/2.0; +http://www.bing.com/bingbot.htm) Chrome/116.0.1938.76 Safari/537.36"
114.119.137.91 - - [31/Mar/2026:23:08:06 +0000] "GET /products/detail/50335529/ HTTP/1.1" 404 16 "https://ttka.co.nz/wp-sitemap.xml" "Mozilla/5.0 (Linux; Android 7.0;) AppleWebKit/537.36 (KHTML, like Gecko) Mobile Safari/537.36 (compatible; PetalBot;+https://webmaster.petalsearch.com/site/petalbot)"
114.119.137.91 - - [31/Mar/2026:23:09:39 +0000] "GET /products/detail/50236307/ HTTP/1.1" 404 16 "https://ttka.co.nz/sitemap.xml" "Mozilla/5.0 (Linux; Android 7.0;) AppleWebKit/537.36 (KHTML, like Gecko) Mobile Safari/537.36 (compatible; PetalBot;+https://webmaster.petalsearch.com/site/petalbot)"
72.57.70.87 - - [31/Mar/2026:23:10:19 +0000] "GET /2021/09/16/hello-world/ HTTP/1.1" 404 16 "https://ttka.co.nz/" "Mozilla/5.0 (Windows NT 10.0; Win64; x64; Xbox; Xbox One) AppleWebKit/537.36 (KHTML, like Gecko) Chrome/114.0.0.0 Safari/537.36 Edge/44.18363.8131"
72.57.70.87 - - [31/Mar/2026:23:10:21 +0000] "GET / HTTP/1.1" 200 5601 "-" "Mozilla/5.0 (Windows NT 10.0; Win64; x64; Xbox; Xbox One) AppleWebKit/537.36 (KHTML, like Gecko) Chrome/114.0.0.0 Safari/537.36 Edge/44.18363.8131"
114.119.136.75 - - [31/Mar/2026:23:10:50 +0000] "GET /products/detail/50135377/ HTTP/1.1" 404 16 "-" "Mozilla/5.0 (Linux; Android 7.0;) AppleWebKit/537.36 (HTML, like Gecko) Mobile Safari/537.36 (compatible; PetalBot;+https://webmaster.petalsearch.com/site/petalbot)"
cải xoăn