138.197.32.106 - - [31/Mar/2026:12:43:32 +0000] "GET /wp-admin/ HTTP/1.1" 302 - "https://ttka.co.nz/wp-login.php" "Mozilla/5.0 (Windows NT 10.0; Win64; x64) AppleWebKit/537.36 (KHTML, like Gecko) Chrome/121.0.0.0 Safari/537.36"
138.197.32.106 - - [31/Mar/2026:12:43:32 +0000] "POST /wp-login.php HTTP/1.1" 200 7131 "https://ttka.co.nz/wp-login.php" "Mozilla/5.0 (Macintosh; Intel Mac OS X 13_6_1; rv:118.0) Gecko/20100101 Firefox/118.0"
138.197.32.106 - - [31/Mar/2026:12:43:33 +0000] "POST /wp-login.php HTTP/1.1" 200 7107 "https://ttka.co.nz/wp-login.php" "Mozilla/5.0 (Macintosh; Intel Mac OS X 10_15_7) AppleWebKit/605.1.15 (KHTML, like Gecko) Version/17.2 Safari/605.1.15"
138.197.32.106 - - [31/Mar/2026:12:43:34 +0000] "POST /wp-login.php HTTP/1.1" 200 7107 "https://ttka.co.nz/wp-login.php" "Mozilla/5.0 (Windows NT 11.0; Win64; x64) AppleWebKit/537.36 (KHTML, like Gecko) Chrome/121.0.0.0 Safari/537.36"
138.197.32.106 - - [31/Mar/2026:12:43:34 +0000] "POST /wp-login.php HTTP/1.1" 200 7107 "https://ttka.co.nz/wp-login.php" "Mozilla/5.0 (Macintosh; Intel Mac OS X 13_6_1) AppleWebKit/537.36 (KHTML, like Gecko) Chrome/119.0.0.0 Safari/537.36"
138.197.32.106 - - [31/Mar/2026:12:43:35 +0000] "GET /wp-admin/ HTTP/1.1" 302 - "https://ttka.co.nz/wp-login.php" "Mozilla/5.0 (Windows NT 10.0; Win64; x64; rv:119.0) Gecko/20100101 Firefox/119.0"
114.119.151.1 - - [31/Mar/2026:12:44:04 +0000] "GET /products/2617191 HTTP/1.1" 404 16 "https://ttka.co.nz/wp-sitemap.xml" "Mozilla/5.0 (Linux; Android 7.0;) AppleWebKit/537.36 (KHTML, like Gecko) Mobile Safari/537.36 (compatible; PetalBot;+https://webmaster.petalsearch.com/site/petalbot)"
77.90.185.41 - - [31/Mar/2026:12:44:12 +0000] "GET /api/.env HTTP/1.1" 404 16 "-" "Go-http-client/1.1"
77.90.185.41 - - [31/Mar/2026:12:44:12 +0000] "GET /app/.env HTTP/1.1" 404 16 "-" "Go-http-client/1.1"
114.119.136.75 - - [31/Mar/2026:12:45:27 +0000] "GET /products/25617693 HTTP/1.1" 404 16 "https://ttka.co.nz/wp-sitemap.xml" "Mozilla/5.0 (Linux; Android 7.0;) AppleWebKit/537.36 (KHTML, like Gecko) Mobile Safari/537.36 (compatible; PetalBot;+https://webmaster.petalsearch.com/site/petalbot)"
114.119.151.5 - - [31/Mar/2026:12:46:49 +0000] "GET /products/2459768 HTTP/1.1" 404 16 "https://ttka.co.nz/wp-sitemap.xml" "Mozilla/5.0 (Linux; Android 7.0;) AppleWebKit/537.36 (KHTML, like Gecko) Mobile Safari/537.36 (compatible; PetalBot;+https://webmaster.petalsearch.com/site/petalbot)"
91.231.89.100 - - [31/Mar/2026:12:47:57 +0000] "GET / HTTP/1.1" 200 6844 "-" "Mozilla/5.0 (X11; Ubuntu; Linux x86_64; rv:134.0) Gecko/20100101 Firefox/134.0"
91.231.89.97 - - [31/Mar/2026:12:48:26 +0000] "GET / HTTP/1.1" 200 6844 "-" "Mozilla/5.0 (X11; Ubuntu; Linux x86_64; rv:134.0) Gecko/20100101 Firefox/134.0"
114.119.132.88 - - [31/Mar/2026:12:48:43 +0000] "GET /products/2334826 HTTP/1.1" 404 16 "https://ttka.co.nz/wp-sitemap.xml" "Mozilla/5.0 (Linux; Android 7.0;) AppleWebKit/537.36 (KHTML, like Gecko) Mobile Safari/537.36 (compatible; PetalBot;+https://webmaster.petalsearch.com/site/petalbot)"
87.249.139.243 - - [31/Mar/2026:12:48:55 +0000] "GET /author/gethomas/ HTTP/1.1" 404 16 "https://ttka.co.nz/author/gethomas/" "Mozilla/5.0 (Windows NT 10.0; Win64; x64) AppleWebKit/537.36 (KHTML, like Gecko) Chrome/130.0.0.0 Safari/537.36"
87.249.139.243 - - [31/Mar/2026:12:48:57 +0000] "GET / HTTP/1.1" 200 6844 "https://ttka.co.nz/" "Mozilla/5.0 (Windows NT 10.0; Win64; x64) AppleWebKit/537.36 (KHTML, like Gecko) Chrome/130.0.0.0 Safari/537.36"
52.167.144.161 - - [31/Mar/2026:12:49:17 +0000] "GET /2026/03/06/casino-in-manteca-au/ HTTP/1.1" 404 16 "-" "Mozilla/5.0 AppleWebKit/537.36 (KHTML, like Gecko; compatible; bingbot/2.0; +http://www.bing.com/bingbot.htm) Chrome/116.0.1938.76 Safari/537.36"
114.119.130.54 - - [31/Mar/2026:12:49:42 +0000] "GET /products/23139156 HTTP/1.1" 404 16 "https://ttka.co.nz/wp-sitemap.xml" "Mozilla/5.0 (Linux; Android 7.0;) AppleWebKit/537.36 (KHTML, like Gecko) Mobile Safari/537.36 (compatible; PetalBot;+https://webmaster.petalsearch.com/site/petalbot)"
40.77.167.243 - - [31/Mar/2026:12:49:53 +0000] "GET /2026/03/06/zodiac-online-casino-new-zealand/ HTTP/1.1" 404 16 "-" "Mozilla/5.0 AppleWebKit/537.36 (KHTML, like Gecko; compatible; bingbot/2.0; +http://www.bing.com/bingbot.htm) Chrome/116.0.1938.76 Safari/537.36"
114.119.136.75 - - [31/Mar/2026:12:50:40 +0000] "GET /products/22627483 HTTP/1.1" 404 16 "https://ttka.co.nz/wp-sitemap.xml" "Mozilla/5.0 (Linux; Android 7.0;) AppleWebKit/537.36 (KHTML, like Gecko) Mobile Safari/537.36 (compatible; PetalBot;+https://webmaster.petalsearch.com/site/petalbot)"
185.181.244.198 - - [31/Mar/2026:12:50:58 +0000] "GET /2021/09/16/hello-world/ HTTP/1.1" 404 16 "https://ttka.co.nz/2021/09/16/hello-world/" "Mozilla/5.0 (Windows NT 10.0; Win64; x64) AppleWebKit/537.36 (KHTML, like Gecko) Chrome/131.0.0.0 Safari/537.36 Avast/131.0.0.0"
185.181.244.198 - - [31/Mar/2026:12:51:00 +0000] "GET / HTTP/1.1" 200 6844 "https://ttka.co.nz/" "Mozilla/5.0 (Windows NT 10.0; Win64; x64) AppleWebKit/537.36 (KHTML, like Gecko) Chrome/131.0.0.0 Safari/537.36 Avast/131.0.0.0"
114.119.151.5 - - [31/Mar/2026:12:52:21 +0000] "GET /products/2258549 HTTP/1.1" 404 16 "https://ttka.co.nz/wp-sitemap.xml" "Mozilla/5.0 (Linux; Android 7.0;) AppleWebKit/537.36 (KHTML, like Gecko) Mobile Safari/537.36 (compatible; PetalBot;+https://webmaster.petalsearch.com/site/petalbot)"
114.119.151.1 - - [31/Mar/2026:12:53:38 +0000] "GET /products/22019373 HTTP/1.1" 404 16 "https://ttka.co.nz/wp-sitemap.xml" "Mozilla/5.0 (Linux; Android 7.0;) AppleWebKit/537.36 (KHTML, like Gecko) Mobile Safari/537.36 (compatible; PetalBot;+https://webmaster.petalsearch.com/site/petalbot)"
114.119.132.88 - - [31/Mar/2026:12:54:51 +0000] "GET /products/20933270 HTTP/1.1" 404 16 "https://ttka.co.nz/wp-sitemap.xml" "Mozilla/5.0 (Linux; Android 7.0;) AppleWebKit/537.36 (KHTML, like Gecko) Mobile Safari/537.36 (compatible; PetalBot;+https://webmaster.petalsearch.com/site/petalbot)"
114.119.136.188 - - [31/Mar/2026:12:56:36 +0000] "GET /products/2040837 HTTP/1.1" 404 16 "https://ttka.co.nz/wp-sitemap.xml" "Mozilla/5.0 (Linux; Android 7.0;) AppleWebKit/537.36 (KHTML, like Gecko) Mobile Safari/537.36 (compatible; PetalBot;+https://webmaster.petalsearch.com/site/petalbot)"
114.119.136.75 - - [31/Mar/2026:12:57:36 +0000] "GET /products/20116272 HTTP/1.1" 404 16 "https://ttka.co.nz/wp-sitemap.xml" "Mozilla/5.0 (Linux; Android 7.0;) AppleWebKit/537.36 (KHTML, like Gecko) Mobile Safari/537.36 (compatible; PetalBot;+https://webmaster.petalsearch.com/site/petalbot)"
114.119.137.91 - - [31/Mar/2026:12:59:01 +0000] "GET /products/1967533 HTTP/1.1" 404 16 "https://ttka.co.nz/wp-sitemap.xml" "Mozilla/5.0 (Linux; Android 7.0;) AppleWebKit/537.36 (KHTML, like Gecko) Mobile Safari/537.36 (compatible; PetalBot;+https://webmaster.petalsearch.com/site/petalbot)"
45.79.238.235 - - [31/Mar/2026:12:59:36 +0000] "GET /?et_check_mod_pagespeed=on HTTP/1.1" 200 6844 "-" "WordPress/6.9.4; https://ttka.co.nz"
45.79.238.235 - - [31/Mar/2026:12:59:38 +0000] "POST /wp-cron.php?doing_wp_cron=1774961978.8795130252838134765625 HTTP/1.1" 200 - "-" "WordPress/6.9.4; https://ttka.co.nz"
49.51.183.15 - - [31/Mar/2026:12:59:38 +0000] "GET /wp-login.php?action=register HTTP/1.1" 302 - "http://ttka.co.nz/wp-activate.php" "Mozilla/5.0 (iPhone; CPU iPhone OS 13_2_3 like Mac OS X) AppleWebKit/605.1.15 (KHTML, like Gecko) Version/13.0.3 Mobile/15E148 Safari/604.1"
49.51.183.15 - - [31/Mar/2026:12:59:40 +0000] "GET /wp-login.php?registration=disabled HTTP/1.1" 200 6902 "https://ttka.co.nz/wp-login.php?action=register" "Mozilla/5.0 (iPhone; CPU iPhone OS 13_2_3 like Mac OS X) AppleWebKit/605.1.15 (KHTML, like Gecko) Version/13.0.3 Mobile/15E148 Safari/604.1"
52.167.144.166 - - [31/Mar/2026:12:59:44 +0000] "GET /2026/03/06/casino-news-australia/ HTTP/1.1" 404 16 "-" "Mozilla/5.0 AppleWebKit/537.36 (KHTML, like Gecko; compatible; bingbot/2.0; +http://www.bing.com/bingbot.htm) Chrome/116.0.1938.76 Safari/537.36"
114.119.151.1 - - [31/Mar/2026:13:00:24 +0000] "GET /products/1837629 HTTP/1.1" 404 16 "https://ttka.co.nz/wp-sitemap.xml" "Mozilla/5.0 (Linux; Android 7.0;) AppleWebKit/537.36 (KHTML, like Gecko) Mobile Safari/537.36 (compatible; PetalBot;+https://webmaster.petalsearch.com/site/petalbot)"
114.119.151.5 - - [31/Mar/2026:13:01:47 +0000] "GET /products/17464058 HTTP/1.1" 404 16 "https://ttka.co.nz/wp-sitemap.xml" "Mozilla/5.0 (Linux; Android 7.0;) AppleWebKit/537.36 (KHTML, like Gecko) Mobile Safari/537.36 (compatible; PetalBot;+https://webmaster.petalsearch.com/site/petalbot)"
114.119.132.88 - - [31/Mar/2026:13:04:44 +0000] "GET /products/1686180 HTTP/1.1" 404 16 "https://ttka.co.nz/wp-sitemap.xml" "Mozilla/5.0 (Linux; Android 7.0;) AppleWebKit/537.36 (KHTML, like Gecko) Mobile Safari/537.36 (compatible; PetalBot;+https://webmaster.petalsearch.com/site/petalbot)"
40.77.167.132 - - [31/Mar/2026:13:05:16 +0000] "GET /2026/03/06/trusted-australian-online-casino/ HTTP/1.1" 404 16 "-" "Mozilla/5.0 AppleWebKit/537.36 (KHTML, like Gecko; compatible; bingbot/2.0; +http://www.bing.com/bingbot.htm) Chrome/116.0.1938.76 Safari/537.36"
114.119.151.5 - - [31/Mar/2026:13:06:02 +0000] "GET /products/1654100 HTTP/1.1" 404 16 "https://ttka.co.nz/wp-sitemap.xml" "Mozilla/5.0 (Linux; Android 7.0;) AppleWebKit/537.36 (KHTML, like Gecko) Mobile Safari/537.36 (compatible; PetalBot;+https://webmaster.petalsearch.com/site/petalbot)"
51.195.244.96 - - [31/Mar/2026:13:06:20 +0000] "GET /robots.txt HTTP/1.1" 304 - "-" "Mozilla/5.0 (compatible; AhrefsBot/7.0; +http://ahrefs.com/robot/)"
15.235.96.16 - - [31/Mar/2026:13:06:22 +0000] "GET / HTTP/1.1" 200 6844 "-" "Mozilla/5.0 (compatible; AhrefsBot/7.0; +http://ahrefs.com/robot/)"
40.77.167.132 - - [31/Mar/2026:13:07:25 +0000] "GET /2026/03/06/is-there-a-way-to-win-best-australian-pokies/ HTTP/1.1" 404 16 "-" "Mozilla/5.0 AppleWebKit/537.36 (KHTML, like Gecko; compatible; bingbot/2.0; +http://www.bing.com/bingbot.htm) Chrome/116.0.1938.76 Safari/537.36"
114.119.136.75 - - [31/Mar/2026:13:07:40 +0000] "GET /products/1598498 HTTP/1.1" 404 16 "https://ttka.co.nz/wp-sitemap.xml" "Mozilla/5.0 (Linux; Android 7.0;) AppleWebKit/537.36 (KHTML, like Gecko) Mobile Safari/537.36 (compatible; PetalBot;+https://webmaster.petalsearch.com/site/petalbot)"
52.167.144.19 - - [31/Mar/2026:13:08:12 +0000] "GET /2026/03/06/casino-muskegon-au/ HTTP/1.1" 404 16 "-" "Mozilla/5.0 AppleWebKit/537.36 (KHTML, like Gecko; compatible; bingbot/2.0; +http://www.bing.com/bingbot.htm) Chrome/116.0.1938.76 Safari/537.36"
52.167.144.19 - - [31/Mar/2026:13:08:32 +0000] "GET /2026/03/06/casino-las-vegas-nz-online/ HTTP/1.1" 404 16 "-" "Mozilla/5.0 AppleWebKit/537.36 (KHTML, like Gecko; compatible; bingbot/2.0; +http://www.bing.com/bingbot.htm) Chrome/116.0.1938.76 Safari/537.36"
114.119.137.91 - - [31/Mar/2026:13:08:51 +0000] "GET /products/15936530 HTTP/1.1" 404 16 "https://ttka.co.nz/wp-sitemap.xml" "Mozilla/5.0 (Linux; Android 7.0;) AppleWebKit/537.36 (KHTML, like Gecko) Mobile Safari/537.36 (compatible; PetalBot;+https://webmaster.petalsearch.com/site/petalbot)"
114.119.132.88 - - [31/Mar/2026:13:10:13 +0000] "GET /products/1582583 HTTP/1.1" 404 16 "https://ttka.co.nz/wp-sitemap.xml" "Mozilla/5.0 (Linux; Android 7.0;) AppleWebKit/537.36 (KHTML, like Gecko) Mobile Safari/537.36 (compatible; PetalBot;+https://webmaster.petalsearch.com/site/petalbot)"
66.249.64.170 - - [31/Mar/2026:13:10:34 +0000] "GET /comment.php?products/1059300 HTTP/1.1" 404 16 "-" "Mozilla/5.0 (Linux; Android 6.0.1; Nexus 5X Build/MMB29P) AppleWebKit/537.36 (KHTML, like Gecko) Chrome/146.0.7680.153 Mobile Safari/537.36 (compatible; GoogleOther)"
52.167.144.142 - - [31/Mar/2026:13:11:17 +0000] "GET /2026/03/06/jacksonville-casino-au/ HTTP/1.1" 404 16 "-" "Mozilla/5.0 AppleWebKit/537.36 (KHTML, like Gecko; compatible; bingbot/2.0; +http://www.bing.com/bingbot.htm) Chrome/116.0.1938.76 Safari/537.36"
114.119.151.1 - - [31/Mar/2026:13:11:42 +0000] "GET /products/1541129 HTTP/1.1" 404 16 "https://ttka.co.nz/wp-sitemap.xml" "Mozilla/5.0 (Linux; Android 7.0;) AppleWebKit/537.36 (KHTML, like Gecko) Mobile Safari/537.36 (compatible; PetalBot;+https://webmaster.petalsearch.com/site/petalbot)"
52.167.144.19 - - [31/Mar/2026:13:11:42 +0000] "GET /2026/03/06/boulder-city-ca-casino/ HTTP/1.1" 404 16 "-" "Mozilla/5.0 AppleWebKit/537.36 (KHTML, like Gecko; compatible; bingbot/2.0; +http://www.bing.com/bingbot.htm) Chrome/116.0.1938.76 Safari/537.36"
40.77.167.132 - - [31/Mar/2026:13:12:05 +0000] "GET /2026/03/06/gambling-cities-in-au/ HTTP/1.1" 404 16 "-" "Mozilla/5.0 AppleWebKit/537.36 (KHTML, like Gecko; compatible; bingbot/2.0; +http://www.bing.com/bingbot.htm) Chrome/116.0.1938.76 Safari/537.36"
114.119.151.1 - - [31/Mar/2026:13:12:56 +0000] "GET /products/13886206 HTTP/1.1" 404 16 "https://ttka.co.nz/wp-sitemap.xml" "Mozilla/5.0 (Linux; Android 7.0;) AppleWebKit/537.36 (KHTML, like Gecko) Mobile Safari/537.36 (compatible; PetalBot;+https://webmaster.petalsearch.com/site/petalbot)"
114.119.136.188 - - [31/Mar/2026:13:14:40 +0000] "GET /products/12954294 HTTP/1.1" 404 16 "https://ttka.co.nz/wp-sitemap.xml" "Mozilla/5.0 (Linux; Android 7.0;) AppleWebKit/537.36 (KHTML, like Gecko) Mobile Safari/537.36 (compatible; PetalBot;+https://webmaster.petalsearch.com/site/petalbot)"
114.119.130.54 - - [31/Mar/2026:13:15:52 +0000] "GET /products/12953479 HTTP/1.1" 404 16 "https://ttka.co.nz/wp-sitemap.xml" "Mozilla/5.0 (Linux; Android 7.0;) AppleWebKit/537.36 (KHTML, like Gecko) Mobile Safari/537.36 (compatible; PetalBot;+https://webmaster.petalsearch.com/site/petalbot)"
216.73.216.6 - - [31/Mar/2026:13:17:21 +0000] "GET /robots.txt HTTP/1.1" 304 - "-" "Mozilla/5.0 AppleWebKit/537.36 (KHTML, like Gecko; compatible; ClaudeBot/1.0; +claudebot@anthropic.com)"
216.73.216.6 - - [31/Mar/2026:13:17:21 +0000] "GET /sitemap.xml HTTP/1.1" 404 16 "-" "Mozilla/5.0 AppleWebKit/537.36 (KHTML, like Gecko; compatible; ClaudeBot/1.0; +claudebot@anthropic.com)"
114.119.132.88 - - [31/Mar/2026:13:18:09 +0000] "GET /products/12944313 HTTP/1.1" 404 16 "https://ttka.co.nz/wp-sitemap.xml" "Mozilla/5.0 (Linux; Android 7.0;) AppleWebKit/537.36 (KHTML, like Gecko) Mobile Safari/537.36 (compatible; PetalBot;+https://webmaster.petalsearch.com/site/petalbot)"
52.167.144.235 - - [31/Mar/2026:13:19:59 +0000] "GET /2026/03/06/las-vegas-nz-casino-online-no-deposit-bonus-codes/ HTTP/1.1" 404 16 "-" "Mozilla/5.0 AppleWebKit/537.36 (KHTML, like Gecko; compatible; bingbot/2.0; +http://www.bing.com/bingbot.htm) Chrome/116.0.1938.76 Safari/537.36"
114.119.132.88 - - [31/Mar/2026:13:20:22 +0000] "GET /products/1278500 HTTP/1.1" 404 16 "https://ttka.co.nz/wp-sitemap.xml" "Mozilla/5.0 (Linux; Android 7.0;) AppleWebKit/537.36 (KHTML, like Gecko) Mobile Safari/537.36 (compatible; PetalBot;+https://webmaster.petalsearch.com/site/petalbot)"
185.191.118.131 - - [31/Mar/2026:13:21:18 +0000] "GET /author/gethomas/ HTTP/1.1" 404 16 "https://ttka.co.nz/author/gethomas/" "Mozilla/5.0 (Windows NT 10.0; Win64; x64) AppleWebKit/537.36 (KHTML, like Gecko) Chrome/130.0.0.0 Safari/537.36"
185.191.118.131 - - [31/Mar/2026:13:21:20 +0000] "GET / HTTP/1.1" 200 6844 "https://ttka.co.nz/" "Mozilla/5.0 (Windows NT 10.0; Win64; x64) AppleWebKit/537.36 (KHTML, like Gecko) Chrome/130.0.0.0 Safari/537.36"
114.119.130.54 - - [31/Mar/2026:13:21:20 +0000] "GET /products/12651990 HTTP/1.1" 404 16 "https://ttka.co.nz/wp-sitemap.xml" "Mozilla/5.0 (Linux; Android 7.0;) AppleWebKit/537.36 (KHTML, like Gecko) Mobile Safari/537.36 (compatible; PetalBot;+https://webmaster.petalsearch.com/site/petalbot)"
52.167.144.235 - - [31/Mar/2026:13:21:58 +0000] "GET /2026/03/06/black-jack-nz-city-hall/ HTTP/1.1" 404 16 "-" "Mozilla/5.0 AppleWebKit/537.36 (KHTML, like Gecko; compatible; bingbot/2.0; +http://www.bing.com/bingbot.htm) Chrome/116.0.1938.76 Safari/537.36"
114.119.151.1 - - [31/Mar/2026:13:22:42 +0000] "GET /products/1263843 HTTP/1.1" 404 16 "https://ttka.co.nz/wp-sitemap.xml" "Mozilla/5.0 (Linux; Android 7.0;) AppleWebKit/537.36 (KHTML, like Gecko) Mobile Safari/537.36 (compatible; PetalBot;+https://webmaster.petalsearch.com/site/petalbot)"
52.167.144.235 - - [31/Mar/2026:13:23:56 +0000] "GET /2026/03/06/best-slots-in-australia/ HTTP/1.1" 404 16 "-" "Mozilla/5.0 AppleWebKit/537.36 (KHTML, like Gecko; compatible; bingbot/2.0; +http://www.bing.com/bingbot.htm) Chrome/116.0.1938.76 Safari/537.36"
114.119.136.188 - - [31/Mar/2026:13:24:17 +0000] "GET /products/12594730 HTTP/1.1" 404 16 "https://ttka.co.nz/wp-sitemap.xml" "Mozilla/5.0 (Linux; Android 7.0;) AppleWebKit/537.36 (KHTML, like Gecko) Mobile Safari/537.36 (compatible; PetalBot;+https://webmaster.petalsearch.com/site/petalbot)"
52.167.144.235 - - [31/Mar/2026:13:25:06 +0000] "GET /2026/03/06/blackjack-realty-helena-au/ HTTP/1.1" 404 16 "-" "Mozilla/5.0 AppleWebKit/537.36 (KHTML, like Gecko; compatible; bingbot/2.0; +http://www.bing.com/bingbot.htm) Chrome/116.0.1938.76 Safari/537.36"
52.167.144.17 - - [31/Mar/2026:13:25:16 +0000] "GET /2026/03/06/fun-casino-nz/ HTTP/1.1" 404 16 "-" "Mozilla/5.0 AppleWebKit/537.36 (KHTML, like Gecko; compatible; bingbot/2.0; +http://www.bing.com/bingbot.htm) Chrome/116.0.1938.76 Safari/537.36"
114.119.140.186 - - [31/Mar/2026:13:25:30 +0000] "GET /products/12498094 HTTP/1.1" 404 16 "https://ttka.co.nz/wp-sitemap.xml" "Mozilla/5.0 (Linux; Android 7.0;) AppleWebKit/537.36 (KHTML, like Gecko) Mobile Safari/537.36 (compatible; PetalBot;+https://webmaster.petalsearch.com/site/petalbot)"
114.119.140.186 - - [31/Mar/2026:13:26:54 +0000] "GET /products/1244846 HTTP/1.1" 404 16 "https://ttka.co.nz/wp-sitemap.xml" "Mozilla/5.0 (Linux; Android 7.0;) AppleWebKit/537.36 (KHTML, like Gecko) Mobile Safari/537.36 (compatible; PetalBot;+https://webmaster.petalsearch.com/site/petalbot)"
114.119.151.5 - - [31/Mar/2026:13:28:40 +0000] "GET /products/1235505 HTTP/1.1" 404 16 "https://ttka.co.nz/wp-sitemap.xml" "Mozilla/5.0 (Linux; Android 7.0;) AppleWebKit/537.36 (KHTML, like Gecko) Mobile Safari/537.36 (compatible; PetalBot;+https://webmaster.petalsearch.com/site/petalbot)"
87.249.139.226 - - [31/Mar/2026:13:29:33 +0000] "GET /2021/09/16/hello-world/%7C0 HTTP/1.1" 404 16 "https://ttka.co.nz/2021/09/16/hello-world/%7C0" "Mozilla/5.0 (Windows NT 10.0; Win64; x64) AppleWebKit/537.36 (KHTML, like Gecko) Chrome/131.0.0.0 Safari/537.36 Avast/131.0.0.0"
87.249.139.226 - - [31/Mar/2026:13:29:34 +0000] "GET / HTTP/1.1" 200 6844 "https://ttka.co.nz/" "Mozilla/5.0 (Windows NT 10.0; Win64; x64) AppleWebKit/537.36 (KHTML, like Gecko) Chrome/131.0.0.0 Safari/537.36 Avast/131.0.0.0"
114.119.140.186 - - [31/Mar/2026:13:29:46 +0000] "GET /products/1203339 HTTP/1.1" 404 16 "https://ttka.co.nz/wp-sitemap.xml" "Mozilla/5.0 (Linux; Android 7.0;) AppleWebKit/537.36 (KHTML, like Gecko) Mobile Safari/537.36 (compatible; PetalBot;+https://webmaster.petalsearch.com/site/petalbot)"
114.119.137.91 - - [31/Mar/2026:13:31:12 +0000] "GET /products/11921302 HTTP/1.1" 404 16 "https://ttka.co.nz/wp-sitemap.xml" "Mozilla/5.0 (Linux; Android 7.0;) AppleWebKit/537.36 (KHTML, like Gecko) Mobile Safari/537.36 (compatible; PetalBot;+https://webmaster.petalsearch.com/site/petalbot)"
114.119.137.91 - - [31/Mar/2026:13:32:27 +0000] "GET /products/1185758 HTTP/1.1" 404 16 "https://ttka.co.nz/wp-sitemap.xml" "Mozilla/5.0 (Linux; Android 7.0;) AppleWebKit/537.36 (KHTML, like Gecko) Mobile Safari/537.36 (compatible; PetalBot;+https://webmaster.petalsearch.com/site/petalbot)"
40.77.167.15 - - [31/Mar/2026:13:33:56 +0000] "GET /2026/03/06/best-casino-deals-in-new-zealand/ HTTP/1.1" 404 16 "-" "Mozilla/5.0 AppleWebKit/537.36 (KHTML, like Gecko; compatible; bingbot/2.0; +http://www.bing.com/bingbot.htm) Chrome/116.0.1938.76 Safari/537.36"
114.119.137.91 - - [31/Mar/2026:13:34:13 +0000] "GET /products/11560636 HTTP/1.1" 404 16 "https://ttka.co.nz/wp-sitemap.xml" "Mozilla/5.0 (Linux; Android 7.0;) AppleWebKit/537.36 (KHTML, like Gecko) Mobile Safari/537.36 (compatible; PetalBot;+https://webmaster.petalsearch.com/site/petalbot)"
89.110.118.225 - - [31/Mar/2026:13:34:25 +0000] "GET /project/ HTTP/1.1" 403 4170 "https://ttka.co.nz/project/" "Mozilla/5.0 (Windows NT 10.0; Win64; x64) AppleWebKit/537.36 (KHTML, like Gecko) Chrome/130.0.0.0 Safari/537.36"
89.110.118.225 - - [31/Mar/2026:13:34:26 +0000] "GET / HTTP/1.1" 200 6844 "https://ttka.co.nz/project/" "Mozilla/5.0 (Windows NT 10.0; Win64; x64) AppleWebKit/537.36 (KHTML, like Gecko) Chrome/130.0.0.0 Safari/537.36"
52.167.144.19 - - [31/Mar/2026:13:35:19 +0000] "GET /2026/03/06/new-au-pokies-play-free/ HTTP/1.1" 404 16 "-" "Mozilla/5.0 AppleWebKit/537.36 (KHTML, like Gecko; compatible; bingbot/2.0; +http://www.bing.com/bingbot.htm) Chrome/116.0.1938.76 Safari/537.36"
114.119.132.88 - - [31/Mar/2026:13:35:44 +0000] "GET /products/11486255 HTTP/1.1" 404 16 "https://ttka.co.nz/wp-sitemap.xml" "Mozilla/5.0 (Linux; Android 7.0;) AppleWebKit/537.36 (KHTML, like Gecko) Mobile Safari/537.36 (compatible; PetalBot;+https://webmaster.petalsearch.com/site/petalbot)"
52.167.144.19 - - [31/Mar/2026:13:36:08 +0000] "GET /2026/03/06/apple-pay-casino-au/ HTTP/1.1" 404 16 "-" "Mozilla/5.0 AppleWebKit/537.36 (KHTML, like Gecko; compatible; bingbot/2.0; +http://www.bing.com/bingbot.htm) Chrome/116.0.1938.76 Safari/537.36"
52.167.144.137 - - [31/Mar/2026:13:36:14 +0000] "GET /2026/03/06/seminole-casino-melbourne-au/ HTTP/1.1" 404 16 "-" "Mozilla/5.0 AppleWebKit/537.36 (KHTML, like Gecko; compatible; bingbot/2.0; +http://www.bing.com/bingbot.htm) Chrome/116.0.1938.76 Safari/537.36"
114.119.140.186 - - [31/Mar/2026:13:36:38 +0000] "GET /products/11171419 HTTP/1.1" 404 16 "https://ttka.co.nz/wp-sitemap.xml" "Mozilla/5.0 (Linux; Android 7.0;) AppleWebKit/537.36 (KHTML, like Gecko) Mobile Safari/537.36 (compatible; PetalBot;+https://webmaster.petalsearch.com/site/petalbot)"
114.119.132.88 - - [31/Mar/2026:13:38:02 +0000] "GET /products/1097415 HTTP/1.1" 404 16 "https://ttka.co.nz/wp-sitemap.xml" "Mozilla/5.0 (Linux; Android 7.0;) AppleWebKit/537.36 (KHTML, like Gecko) Mobile Safari/537.36 (compatible; PetalBot;+https://webmaster.petalsearch.com/site/petalbot)"
114.119.151.1 - - [31/Mar/2026:13:39:34 +0000] "GET /products/10893484 HTTP/1.1" 404 16 "https://ttka.co.nz/wp-sitemap.xml" "Mozilla/5.0 (Linux; Android 7.0;) AppleWebKit/537.36 (KHTML, like Gecko) Mobile Safari/537.36 (compatible; PetalBot;+https://webmaster.petalsearch.com/site/petalbot)"
89.110.107.48 - - [31/Mar/2026:13:39:40 +0000] "GET /2021/09/16/hello-world/ HTTP/1.1" 404 16 "https://ttka.co.nz/2021/09/16/hello-world/" "Mozilla/5.0 (Windows NT 10.0; Win64; x64) AppleWebKit/537.36 (KHTML, like Gecko) Chrome/129.0.0.0 Safari/537.36"
89.110.107.48 - - [31/Mar/2026:13:39:41 +0000] "GET / HTTP/1.1" 200 6844 "https://ttka.co.nz/" "Mozilla/5.0 (Windows NT 10.0; Win64; x64) AppleWebKit/537.36 (KHTML, like Gecko) Chrome/129.0.0.0 Safari/537.36"
52.167.144.233 - - [31/Mar/2026:13:40:27 +0000] "GET /2026/03/06/mobile-pokies/ HTTP/1.1" 404 16 "-" "Mozilla/5.0 AppleWebKit/537.36 (KHTML, like Gecko; compatible; bingbot/2.0; +http://www.bing.com/bingbot.htm) Chrome/116.0.1938.76 Safari/537.36"
114.119.136.75 - - [31/Mar/2026:13:40:50 +0000] "GET /products/10889009 HTTP/1.1" 404 16 "https://ttka.co.nz/wp-sitemap.xml" "Mozilla/5.0 (Linux; Android 7.0;) AppleWebKit/537.36 (KHTML, like Gecko) Mobile Safari/537.36 (compatible; PetalBot;+https://webmaster.petalsearch.com/site/petalbot)"
52.167.144.233 - - [31/Mar/2026:13:42:10 +0000] "GET /2026/03/06/free-no-deposit-bonus-safe-pokies/ HTTP/1.1" 404 16 "-" "Mozilla/5.0 AppleWebKit/537.36 (KHTML, like Gecko; compatible; bingbot/2.0; +http://www.bing.com/bingbot.htm) Chrome/116.0.1938.76 Safari/537.36"
114.119.151.5 - - [31/Mar/2026:13:42:17 +0000] "GET /products/10708014 HTTP/1.1" 404 16 "https://ttka.co.nz/wp-sitemap.xml" "Mozilla/5.0 (Linux; Android 7.0;) AppleWebKit/537.36 (KHTML, like Gecko) Mobile Safari/537.36 (compatible; PetalBot;+https://webmaster.petalsearch.com/site/petalbot)"
114.119.136.188 - - [31/Mar/2026:13:43:37 +0000] "GET /products/1057258 HTTP/1.1" 404 16 "https://ttka.co.nz/wp-sitemap.xml" "Mozilla/5.0 (Linux; Android 7.0;) AppleWebKit/537.36 (KHTML, like Gecko) Mobile Safari/537.36 (compatible; PetalBot;+https://webmaster.petalsearch.com/site/petalbot)"
66.249.64.168 - - [31/Mar/2026:13:44:40 +0000] "GET /privacy-policy/ HTTP/1.1" 404 16 "-" "Mozilla/5.0 (Linux; Android 6.0.1; Nexus 5X Build/MMB29P) AppleWebKit/537.36 (KHTML, like Gecko) Chrome/146.0.7680.153 Mobile Safari/537.36 (compatible; Googlebot/2.1; +http://www.google.com/bot.html)"
40.77.167.76 - - [31/Mar/2026:13:45:00 +0000] "GET /2026/03/06/online-casino-games-in-new-zealand/ HTTP/1.1" 404 16 "-" "Mozilla/5.0 AppleWebKit/537.36 (KHTML, like Gecko; compatible; bingbot/2.0; +http://www.bing.com/bingbot.htm) Chrome/116.0.1938.76 Safari/537.36"
114.119.130.54 - - [31/Mar/2026:13:45:00 +0000] "GET /products/10551066 HTTP/1.1" 404 16 "https://ttka.co.nz/wp-sitemap.xml" "Mozilla/5.0 (Linux; Android 7.0;) AppleWebKit/537.36 (KHTML, like Gecko) Mobile Safari/537.36 (compatible; PetalBot;+https://webmaster.petalsearch.com/site/petalbot)"
114.119.132.88 - - [31/Mar/2026:13:46:29 +0000] "GET /products/1053961 HTTP/1.1" 404 16 "https://ttka.co.nz/wp-sitemap.xml" "Mozilla/5.0 (Linux; Android 7.0;) AppleWebKit/537.36 (KHTML, like Gecko) Mobile Safari/537.36 (compatible; PetalBot;+https://webmaster.petalsearch.com/site/petalbot)"
91.84.124.167 - - [31/Mar/2026:13:46:38 +0000] "GET /2021/09/16/hello-world/ HTTP/1.1" 404 16 "https://ttka.co.nz/2021/09/16/hello-world/" "Mozilla/5.0 (Windows NT 10.0; Win64; x64) AppleWebKit/537.36 (KHTML, like Gecko) Chrome/131.0.0.0 Safari/537.36"
91.84.124.167 - - [31/Mar/2026:13:46:39 +0000] "GET / HTTP/1.1" 200 6844 "https://ttka.co.nz/" "Mozilla/5.0 (Windows NT 10.0; Win64; x64) AppleWebKit/537.36 (KHTML, like Gecko) Chrome/131.0.0.0 Safari/537.36"
45.79.238.235 - - [31/Mar/2026:13:46:47 +0000] "POST /wp-cron.php?doing_wp_cron=1774964806.9755909442901611328125 HTTP/1.1" 200 - "-" "WordPress/6.9.4; https://ttka.co.nz"
113.16.19.66 - - [31/Mar/2026:13:46:46 +0000] "POST /wp-comments-post.php HTTP/1.1" 302 - "-" "Mozilla/5.0 (Windows NT 10.0; Win64; x64) AppleWebKit/537.36 (KHTML, like Gecko) Chrome/108.0.0.0 Safari/537.36 Edg/108.0.1462.46"
113.16.19.66 - - [31/Mar/2026:13:46:47 +0000] "GET /2021/09/16/hello-world/ HTTP/1.1" 404 16 "-" "Mozilla/5.0 (Windows NT 10.0; Win64; x64) AppleWebKit/537.36 (KHTML, like Gecko) Chrome/108.0.0.0 Safari/537.36 Edg/108.0.1462.46"
114.119.130.54 - - [31/Mar/2026:13:47:54 +0000] "GET /products/10476234 HTTP/1.1" 404 16 "https://ttka.co.nz/wp-sitemap.xml" "Mozilla/5.0 (Linux; Android 7.0;) AppleWebKit/537.36 (KHTML, like Gecko) Mobile Safari/537.36 (compatible; PetalBot;+https://webmaster.petalsearch.com/site/petalbot)"
138.197.32.106 - - [31/Mar/2026:13:49:17 +0000] "GET /wp-login.php HTTP/1.1" 200 6710 "https://www.google.com/" "Mozilla/5.0 (Windows NT 11.0; Win64; x64) AppleWebKit/537.36 (KHTML, like Gecko) Chrome/133.0.0.0 Safari/537.36 Edg/133.0.0.0"
138.197.32.106 - - [31/Mar/2026:13:49:18 +0000] "GET /xmlrpc.php HTTP/1.1" 405 42 "https://t.co/" "Mozilla/5.0 (Windows NT 10.0; Win64; x64; rv:135.0) Gecko/20100101 Firefox/135.0"
138.197.32.106 - - [31/Mar/2026:13:49:18 +0000] "GET /?author=1 HTTP/1.1" 200 6844 "-" "Mozilla/5.0 (Macintosh; Intel Mac OS X 10_15_7) AppleWebKit/537.36 (KHTML, like Gecko) Chrome/134.0.0.0 Safari/537.36"
138.197.32.106 - - [31/Mar/2026:13:49:19 +0000] "GET /?author=2 HTTP/1.1" 200 6844 "-" "Mozilla/5.0 (Windows NT 10.0; Win64; x64; rv:134.0) Gecko/20100101 Firefox/134.0"
138.197.32.106 - - [31/Mar/2026:13:49:19 +0000] "GET /?author=3 HTTP/1.1" 200 6844 "https://duckduckgo.com/" "Mozilla/5.0 (Windows NT 11.0; Win64; x64) AppleWebKit/537.36 (KHTML, like Gecko) Chrome/133.0.0.0 Safari/537.36 Edg/133.0.0.0"
138.197.32.106 - - [31/Mar/2026:13:49:19 +0000] "GET /?author=4 HTTP/1.1" 200 6844 "https://t.co/" "Mozilla/5.0 (Macintosh; Intel Mac OS X 10_15_7) AppleWebKit/537.36 (KHTML, like Gecko) Chrome/133.0.0.0 Safari/537.36 Edg/133.0.0.0"
138.197.32.106 - - [31/Mar/2026:13:49:20 +0000] "GET /?author=5 HTTP/1.1" 200 6844 "-" "Mozilla/5.0 (Windows NT 10.0; Win64; x64) AppleWebKit/537.36 (KHTML, like Gecko) Chrome/133.0.0.0 Safari/537.36"
138.197.32.106 - - [31/Mar/2026:13:49:20 +0000] "GET /?author=6 HTTP/1.1" 200 6844 "https://t.co/" "Mozilla/5.0 (Macintosh; Intel Mac OS X 14_6) AppleWebKit/605.1.15 (KHTML, like Gecko) Version/17.4.1 Safari/605.1.15"
138.197.32.106 - - [31/Mar/2026:13:49:20 +0000] "GET /?author=7 HTTP/1.1" 200 6844 "https://t.co/" "Mozilla/5.0 (Windows NT 10.0; Win64; x64) AppleWebKit/537.36 (KHTML, like Gecko) Chrome/134.0.0.0 Safari/537.36"
138.197.32.106 - - [31/Mar/2026:13:49:21 +0000] "GET /?author=8 HTTP/1.1" 200 6844 "https://www.bing.com/" "Mozilla/5.0 (Windows NT 10.0; Win64; x64) AppleWebKit/537.36 (KHTML, like Gecko) Chrome/134.0.0.0 Safari/537.36 OPR/119.0.0.0"
138.197.32.106 - - [31/Mar/2026:13:49:21 +0000] "GET /?author=9 HTTP/1.1" 200 6844 "https://www.google.com/search?q=wordpress" "Mozilla/5.0 (Windows NT 10.0; Win64; x64) AppleWebKit/537.36 (KHTML, like Gecko) Chrome/134.0.0.0 Safari/537.36 OPR/119.0.0.0"
138.197.32.106 - - [31/Mar/2026:13:49:21 +0000] "GET /wp-json/wp/v2/users HTTP/1.1" 404 16 "-" "Mozilla/5.0 (Windows NT 11.0; Win64; x64) AppleWebKit/537.36 (KHTML, like Gecko) Chrome/133.0.0.0 Safari/537.36 Edg/133.0.0.0"
138.197.32.106 - - [31/Mar/2026:13:49:22 +0000] "GET / HTTP/1.1" 200 6844 "-" "Mozilla/5.0 (Macintosh; Intel Mac OS X 10_15_7) AppleWebKit/537.36 (KHTML, like Gecko) Chrome/133.0.0.0 Safari/537.36 Edg/133.0.0.0"
138.197.32.106 - - [31/Mar/2026:13:49:22 +0000] "POST /wp-login.php HTTP/1.1" 200 7135 "https://ttka.co.nz/wp-login.php" "Mozilla/5.0 (Macintosh; Intel Mac OS X 10_15_7) AppleWebKit/537.36 (KHTML, like Gecko) Chrome/134.0.0.0 Safari/537.36"
138.197.32.106 - - [31/Mar/2026:13:49:23 +0000] "GET /wp-admin/index.php HTTP/1.1" 302 - "https://ttka.co.nz/wp-login.php" "Mozilla/5.0 (X11; Ubuntu; Linux x86_64; rv:135.0) Gecko/20100101 Firefox/135.0"
138.197.32.106 - - [31/Mar/2026:13:49:23 +0000] "GET /wp-login.php?redirect_to=https%3A%2F%2Fttka.co.nz%2Fwp-admin%2Findex.php&reauth=1 HTTP/1.1" 200 6719 "https://ttka.co.nz/wp-login.php" "Mozilla/5.0 (X11; Ubuntu; Linux x86_64; rv:135.0) Gecko/20100101 Firefox/135.0"
138.197.32.106 - - [31/Mar/2026:13:49:24 +0000] "POST /wp-login.php HTTP/1.1" 200 7014 "https://ttka.co.nz/wp-login.php" "Mozilla/5.0 (X11; Linux x86_64; rv:134.0) Gecko/20100101 Firefox/134.0"
138.197.32.106 - - [31/Mar/2026:13:49:25 +0000] "GET /wp-admin/index.php HTTP/1.1" 302 - "https://ttka.co.nz/wp-login.php" "Mozilla/5.0 (Macintosh; Intel Mac OS X 10_15_7) AppleWebKit/537.36 (KHTML, like Gecko) Chrome/133.0.0.0 Safari/537.36 Edg/133.0.0.0"
138.197.32.106 - - [31/Mar/2026:13:49:26 +0000] "GET /wp-login.php?redirect_to=https%3A%2F%2Fttka.co.nz%2Fwp-admin%2Findex.php&reauth=1 HTTP/1.1" 200 6719 "https://ttka.co.nz/wp-login.php" "Mozilla/5.0 (Macintosh; Intel Mac OS X 10_15_7) AppleWebKit/537.36 (KHTML, like Gecko) Chrome/133.0.0.0 Safari/537.36 Edg/133.0.0.0"
138.197.32.106 - - [31/Mar/2026:13:49:26 +0000] "POST /wp-login.php HTTP/1.1" 200 7130 "https://ttka.co.nz/wp-login.php" "Mozilla/5.0 (Macintosh; Intel Mac OS X 10_15_7) AppleWebKit/537.36 (KHTML, like Gecko) Chrome/133.0.0.0 Safari/537.36 Edg/133.0.0.0"
138.197.32.106 - - [31/Mar/2026:13:49:27 +0000] "GET /wp-admin/index.php HTTP/1.1" 302 - "https://ttka.co.nz/wp-login.php" "Mozilla/5.0 (Macintosh; Intel Mac OS X 14_6) AppleWebKit/605.1.15 (KHTML, like Gecko) Version/17.4.1 Safari/605.1.15"
114.119.136.75 - - [31/Mar/2026:13:49:28 +0000] "GET /products/10301716 HTTP/1.1" 404 16 "https://ttka.co.nz/wp-sitemap.xml" "Mozilla/5.0 (Linux; Android 7.0;) AppleWebKit/537.36 (KHTML, like Gecko) Mobile Safari/537.36 (compatible; PetalBot;+https://webmaster.petalsearch.com/site/petalbot)"
138.197.32.106 - - [31/Mar/2026:13:49:27 +0000] "GET /wp-login.php?redirect_to=https%3A%2F%2Fttka.co.nz%2Fwp-admin%2Findex.php&reauth=1 HTTP/1.1" 200 6719 "https://ttka.co.nz/wp-login.php" "Mozilla/5.0 (Macintosh; Intel Mac OS X 14_6) AppleWebKit/605.1.15 (KHTML, like Gecko) Version/17.4.1 Safari/605.1.15"
138.197.32.106 - - [31/Mar/2026:13:49:28 +0000] "POST /wp-login.php HTTP/1.1" 200 7129 "https://ttka.co.nz/wp-login.php" "Mozilla/5.0 (X11; Linux x86_64) AppleWebKit/537.36 (KHTML, like Gecko) Chrome/134.0.0.0 Safari/537.36"
138.197.32.106 - - [31/Mar/2026:13:49:29 +0000] "GET /wp-admin/index.php HTTP/1.1" 302 - "https://ttka.co.nz/wp-login.php" "Mozilla/5.0 (X11; Ubuntu; Linux x86_64; rv:135.0) Gecko/20100101 Firefox/135.0"
138.197.32.106 - - [31/Mar/2026:13:49:30 +0000] "GET /wp-login.php?redirect_to=https%3A%2F%2Fttka.co.nz%2Fwp-admin%2Findex.php&reauth=1 HTTP/1.1" 200 6719 "https://ttka.co.nz/wp-login.php" "Mozilla/5.0 (X11; Ubuntu; Linux x86_64; rv:135.0) Gecko/20100101 Firefox/135.0"
138.197.32.106 - - [31/Mar/2026:13:49:30 +0000] "POST /wp-login.php HTTP/1.1" 200 7134 "https://ttka.co.nz/wp-login.php" "Mozilla/5.0 (Macintosh; Intel Mac OS X 10_15_7) AppleWebKit/605.1.15 (KHTML, like Gecko) Version/18.2 Safari/605.1.15"
138.197.32.106 - - [31/Mar/2026:13:49:31 +0000] "GET /wp-admin/index.php HTTP/1.1" 302 - "https://ttka.co.nz/wp-login.php" "Mozilla/5.0 (X11; Linux x86_64) AppleWebKit/537.36 (KHTML, like Gecko) Chrome/134.0.0.0 Safari/537.36"
138.197.32.106 - - [31/Mar/2026:13:49:31 +0000] "GET /wp-login.php?redirect_to=https%3A%2F%2Fttka.co.nz%2Fwp-admin%2Findex.php&reauth=1 HTTP/1.1" 200 6719 "https://ttka.co.nz/wp-login.php" "Mozilla/5.0 (X11; Linux x86_64) AppleWebKit/537.36 (KHTML, like Gecko) Chrome/134.0.0.0 Safari/537.36"
138.197.32.106 - - [31/Mar/2026:13:49:32 +0000] "POST /wp-login.php HTTP/1.1" 200 7134 "https://ttka.co.nz/wp-login.php" "Mozilla/5.0 (Macintosh; Intel Mac OS X 10_15_7) AppleWebKit/537.36 (KHTML, like Gecko) Chrome/134.0.0.0 Safari/537.36"
138.197.32.106 - - [31/Mar/2026:13:49:33 +0000] "GET /wp-admin/index.php HTTP/1.1" 302 - "https://ttka.co.nz/wp-login.php" "Mozilla/5.0 (Windows NT 10.0; Win64; x64) AppleWebKit/537.36 (KHTML, like Gecko) Chrome/133.0.0.0 Safari/537.36"
138.197.32.106 - - [31/Mar/2026:13:49:33 +0000] "GET /wp-login.php?redirect_to=https%3A%2F%2Fttka.co.nz%2Fwp-admin%2Findex.php&reauth=1 HTTP/1.1" 200 6719 "https://ttka.co.nz/wp-login.php" "Mozilla/5.0 (Windows NT 10.0; Win64; x64) AppleWebKit/537.36 (KHTML, like Gecko) Chrome/133.0.0.0 Safari/537.36"
138.197.32.106 - - [31/Mar/2026:13:49:34 +0000] "POST /wp-login.php HTTP/1.1" 403 4170 "https://ttka.co.nz/wp-login.php" "Mozilla/5.0 (X11; Linux x86_64) AppleWebKit/537.36 (KHTML, like Gecko) Chrome/134.0.0.0 Safari/537.36"
138.197.32.106 - - [31/Mar/2026:13:49:34 +0000] "GET /wp-admin/index.php HTTP/1.1" 302 - "https://ttka.co.nz/wp-login.php" "Mozilla/5.0 (Macintosh; Intel Mac OS X 10_15_7) AppleWebKit/537.36 (KHTML, like Gecko) Chrome/134.0.0.0 Safari/537.36"
138.197.32.106 - - [31/Mar/2026:13:49:35 +0000] "GET /wp-login.php?redirect_to=https%3A%2F%2Fttka.co.nz%2Fwp-admin%2Findex.php&reauth=1 HTTP/1.1" 200 6719 "https://ttka.co.nz/wp-login.php" "Mozilla/5.0 (Macintosh; Intel Mac OS X 10_15_7) AppleWebKit/537.36 (KHTML, like Gecko) Chrome/134.0.0.0 Safari/537.36"
138.197.32.106 - - [31/Mar/2026:13:49:36 +0000] "POST /wp-login.php HTTP/1.1" 403 4170 "https://ttka.co.nz/wp-login.php" "Mozilla/5.0 (X11; Linux x86_64) AppleWebKit/537.36 (KHTML, like Gecko) Chrome/134.0.0.0 Safari/537.36"
138.197.32.106 - - [31/Mar/2026:13:49:36 +0000] "GET /wp-admin/index.php HTTP/1.1" 302 - "https://ttka.co.nz/wp-login.php" "Mozilla/5.0 (X11; Linux x86_64) AppleWebKit/537.36 (KHTML, like Gecko) Chrome/134.0.0.0 Safari/537.36"
138.197.32.106 - - [31/Mar/2026:13:49:37 +0000] "GET /wp-login.php?redirect_to=https%3A%2F%2Fttka.co.nz%2Fwp-admin%2Findex.php&reauth=1 HTTP/1.1" 200 6719 "https://ttka.co.nz/wp-login.php" "Mozilla/5.0 (X11; Linux x86_64) AppleWebKit/537.36 (KHTML, like Gecko) Chrome/134.0.0.0 Safari/537.36"
138.197.32.106 - - [31/Mar/2026:13:49:38 +0000] "POST /wp-login.php HTTP/1.1" 200 7130 "https://ttka.co.nz/wp-login.php" "Mozilla/5.0 (Windows NT 11.0; Win64; x64; rv:135.0) Gecko/20100101 Firefox/135.0"
138.197.32.106 - - [31/Mar/2026:13:49:38 +0000] "GET /wp-admin/index.php HTTP/1.1" 302 - "https://ttka.co.nz/wp-login.php" "Mozilla/5.0 (Windows NT 10.0; Win64; x64; rv:135.0) Gecko/20100101 Firefox/135.0"
138.197.32.106 - - [31/Mar/2026:13:49:39 +0000] "GET /wp-login.php?redirect_to=https%3A%2F%2Fttka.co.nz%2Fwp-admin%2Findex.php&reauth=1 HTTP/1.1" 200 6719 "https://ttka.co.nz/wp-login.php" "Mozilla/5.0 (Windows NT 10.0; Win64; x64; rv:135.0) Gecko/20100101 Firefox/135.0"
138.197.32.106 - - [31/Mar/2026:13:49:39 +0000] "POST /wp-login.php HTTP/1.1" 200 7134 "https://ttka.co.nz/wp-login.php" "Mozilla/5.0 (Macintosh; Intel Mac OS X 10_15_7) AppleWebKit/605.1.15 (KHTML, like Gecko) Version/18.2 Safari/605.1.15"
138.197.32.106 - - [31/Mar/2026:13:49:40 +0000] "GET /wp-admin/index.php HTTP/1.1" 302 - "https://ttka.co.nz/wp-login.php" "Mozilla/5.0 (Windows NT 11.0; Win64; x64) AppleWebKit/537.36 (KHTML, like Gecko) Chrome/133.0.0.0 Safari/537.36 Edg/133.0.0.0"
138.197.32.106 - - [31/Mar/2026:13:49:41 +0000] "GET /wp-login.php?redirect_to=https%3A%2F%2Fttka.co.nz%2Fwp-admin%2Findex.php&reauth=1 HTTP/1.1" 200 6719 "https://ttka.co.nz/wp-login.php" "Mozilla/5.0 (Windows NT 11.0; Win64; x64) AppleWebKit/537.36 (KHTML, like Gecko) Chrome/133.0.0.0 Safari/537.36 Edg/133.0.0.0"
138.197.32.106 - - [31/Mar/2026:13:49:41 +0000] "POST /wp-login.php HTTP/1.1" 200 7130 "https://ttka.co.nz/wp-login.php" "Mozilla/5.0 (X11; Linux x86_64) AppleWebKit/537.36 (KHTML, like Gecko) Chrome/134.0.0.0 Safari/537.36"
138.197.32.106 - - [31/Mar/2026:13:49:42 +0000] "GET /wp-admin/index.php HTTP/1.1" 302 - "https://ttka.co.nz/wp-login.php" "Mozilla/5.0 (Macintosh; Intel Mac OS X 10_15_7) AppleWebKit/605.1.15 (KHTML, like Gecko) Version/18.2 Safari/605.1.15"
138.197.32.106 - - [31/Mar/2026:13:49:43 +0000] "GET /wp-login.php?redirect_to=https%3A%2F%2Fttka.co.nz%2Fwp-admin%2Findex.php&reauth=1 HTTP/1.1" 200 6719 "https://ttka.co.nz/wp-login.php" "Mozilla/5.0 (Macintosh; Intel Mac OS X 10_15_7) AppleWebKit/605.1.15 (KHTML, like Gecko) Version/18.2 Safari/605.1.15"
138.197.32.106 - - [31/Mar/2026:13:49:43 +0000] "POST /wp-login.php HTTP/1.1" 200 7133 "https://ttka.co.nz/wp-login.php" "Mozilla/5.0 (X11; Linux x86_64) AppleWebKit/537.36 (KHTML, like Gecko) Chrome/134.0.0.0 Safari/537.36"
138.197.32.106 - - [31/Mar/2026:13:49:44 +0000] "GET /wp-admin/index.php HTTP/1.1" 302 - "https://ttka.co.nz/wp-login.php" "Mozilla/5.0 (Windows NT 10.0; Win64; x64) AppleWebKit/537.36 (KHTML, like Gecko) Chrome/133.0.0.0 Safari/537.36"
138.197.32.106 - - [31/Mar/2026:13:49:45 +0000] "GET /wp-login.php?redirect_to=https%3A%2F%2Fttka.co.nz%2Fwp-admin%2Findex.php&reauth=1 HTTP/1.1" 200 6719 "https://ttka.co.nz/wp-login.php" "Mozilla/5.0 (Windows NT 10.0; Win64; x64) AppleWebKit/537.36 (KHTML, like Gecko) Chrome/133.0.0.0 Safari/537.36"
138.197.32.106 - - [31/Mar/2026:13:49:45 +0000] "POST /wp-login.php HTTP/1.1" 200 7135 "https://ttka.co.nz/wp-login.php" "Mozilla/5.0 (X11; Linux x86_64; rv:134.0) Gecko/20100101 Firefox/134.0"
138.197.32.106 - - [31/Mar/2026:13:49:46 +0000] "GET /wp-admin/index.php HTTP/1.1" 302 - "https://ttka.co.nz/wp-login.php" "Mozilla/5.0 (iPhone; CPU iPhone OS 18_3 like Mac OS X) AppleWebKit/605.1.15 (KHTML, like Gecko) Version/18.3 Mobile/15E148 Safari/604.1"
138.197.32.106 - - [31/Mar/2026:13:49:47 +0000] "GET /wp-login.php?redirect_to=https%3A%2F%2Fttka.co.nz%2Fwp-admin%2Findex.php&reauth=1 HTTP/1.1" 200 6719 "https://ttka.co.nz/wp-login.php" "Mozilla/5.0 (iPhone; CPU iPhone OS 18_3 like Mac OS X) AppleWebKit/605.1.15 (KHTML, like Gecko) Version/18.3 Mobile/15E148 Safari/604.1"
138.197.32.106 - - [31/Mar/2026:13:49:47 +0000] "POST /wp-login.php HTTP/1.1" 200 7137 "https://ttka.co.nz/wp-login.php" "Mozilla/5.0 (Macintosh; Intel Mac OS X 10_15_7) AppleWebKit/605.1.15 (KHTML, like Gecko) Version/18.2 Safari/605.1.15"
138.197.32.106 - - [31/Mar/2026:13:49:48 +0000] "GET /wp-admin/index.php HTTP/1.1" 302 - "https://ttka.co.nz/wp-login.php" "Mozilla/5.0 (Macintosh; Intel Mac OS X 10_15_7) AppleWebKit/605.1.15 (KHTML, like Gecko) Version/18.2 Safari/605.1.15"
138.197.32.106 - - [31/Mar/2026:13:49:48 +0000] "GET /wp-login.php?redirect_to=https%3A%2F%2Fttka.co.nz%2Fwp-admin%2Findex.php&reauth=1 HTTP/1.1" 200 6719 "https://ttka.co.nz/wp-login.php" "Mozilla/5.0 (Macintosh; Intel Mac OS X 10_15_7) AppleWebKit/605.1.15 (KHTML, like Gecko) Version/18.2 Safari/605.1.15"
138.197.32.106 - - [31/Mar/2026:13:49:49 +0000] "POST /wp-login.php HTTP/1.1" 200 7133 "https://ttka.co.nz/wp-login.php" "Mozilla/5.0 (Windows NT 10.0; Win64; x64) AppleWebKit/537.36 (KHTML, like Gecko) Chrome/133.0.0.0 Safari/537.36"
138.197.32.106 - - [31/Mar/2026:13:49:50 +0000] "GET /wp-admin/index.php HTTP/1.1" 302 - "https://ttka.co.nz/wp-login.php" "Mozilla/5.0 (Macintosh; Intel Mac OS X 14_6) AppleWebKit/605.1.15 (KHTML, like Gecko) Version/17.4.1 Safari/605.1.15"
138.197.32.106 - - [31/Mar/2026:13:49:50 +0000] "GET /wp-login.php?redirect_to=https%3A%2F%2Fttka.co.nz%2Fwp-admin%2Findex.php&reauth=1 HTTP/1.1" 200 6719 "https://ttka.co.nz/wp-login.php" "Mozilla/5.0 (Macintosh; Intel Mac OS X 14_6) AppleWebKit/605.1.15 (KHTML, like Gecko) Version/17.4.1 Safari/605.1.15"
138.197.32.106 - - [31/Mar/2026:13:49:51 +0000] "POST /wp-login.php HTTP/1.1" 200 7137 "https://ttka.co.nz/wp-login.php" "Mozilla/5.0 (Macintosh; Intel Mac OS X 10_15_7) AppleWebKit/537.36 (KHTML, like Gecko) Chrome/134.0.0.0 Safari/537.36"
138.197.32.106 - - [31/Mar/2026:13:49:52 +0000] "GET /wp-admin/index.php HTTP/1.1" 302 - "https://ttka.co.nz/wp-login.php" "Mozilla/5.0 (Macintosh; Intel Mac OS X 14_6) AppleWebKit/605.1.15 (KHTML, like Gecko) Version/17.4.1 Safari/605.1.15"
138.197.32.106 - - [31/Mar/2026:13:49:52 +0000] "GET /wp-login.php?redirect_to=https%3A%2F%2Fttka.co.nz%2Fwp-admin%2Findex.php&reauth=1 HTTP/1.1" 200 6719 "https://ttka.co.nz/wp-login.php" "Mozilla/5.0 (Macintosh; Intel Mac OS X 14_6) AppleWebKit/605.1.15 (KHTML, like Gecko) Version/17.4.1 Safari/605.1.15"
138.197.32.106 - - [31/Mar/2026:13:49:53 +0000] "POST /wp-login.php HTTP/1.1" 200 7137 "https://ttka.co.nz/wp-login.php" "Mozilla/5.0 (X11; Linux x86_64) AppleWebKit/537.36 (KHTML, like Gecko) Chrome/134.0.0.0 Safari/537.36"
138.197.32.106 - - [31/Mar/2026:13:49:54 +0000] "GET /wp-admin/index.php HTTP/1.1" 302 - "https://ttka.co.nz/wp-login.php" "Mozilla/5.0 (Windows NT 10.0; Win64; x64) AppleWebKit/537.36 (KHTML, like Gecko) Chrome/133.0.0.0 Safari/537.36"
138.197.32.106 - - [31/Mar/2026:13:49:54 +0000] "GET /wp-login.php?redirect_to=https%3A%2F%2Fttka.co.nz%2Fwp-admin%2Findex.php&reauth=1 HTTP/1.1" 200 6719 "https://ttka.co.nz/wp-login.php" "Mozilla/5.0 (Windows NT 10.0; Win64; x64) AppleWebKit/537.36 (KHTML, like Gecko) Chrome/133.0.0.0 Safari/537.36"
138.197.32.106 - - [31/Mar/2026:13:49:55 +0000] "POST /wp-login.php HTTP/1.1" 200 7130 "https://ttka.co.nz/wp-login.php" "Mozilla/5.0 (X11; Linux x86_64; rv:134.0) Gecko/20100101 Firefox/134.0"
138.197.32.106 - - [31/Mar/2026:13:49:55 +0000] "GET /wp-admin/index.php HTTP/1.1" 302 - "https://ttka.co.nz/wp-login.php" "Mozilla/5.0 (X11; Linux x86_64) AppleWebKit/537.36 (KHTML, like Gecko) Chrome/134.0.0.0 Safari/537.36"
138.197.32.106 - - [31/Mar/2026:13:49:56 +0000] "GET /wp-login.php?redirect_to=https%3A%2F%2Fttka.co.nz%2Fwp-admin%2Findex.php&reauth=1 HTTP/1.1" 200 6719 "https://ttka.co.nz/wp-login.php" "Mozilla/5.0 (X11; Linux x86_64) AppleWebKit/537.36 (KHTML, like Gecko) Chrome/134.0.0.0 Safari/537.36"
138.197.32.106 - - [31/Mar/2026:13:49:57 +0000] "POST /wp-login.php HTTP/1.1" 200 7131 "https://ttka.co.nz/wp-login.php" "Mozilla/5.0 (iPhone; CPU iPhone OS 18_3 like Mac OS X) AppleWebKit/605.1.15 (KHTML, like Gecko) Version/18.3 Mobile/15E148 Safari/604.1"
138.197.32.106 - - [31/Mar/2026:13:49:57 +0000] "GET /wp-admin/index.php HTTP/1.1" 302 - "https://ttka.co.nz/wp-login.php" "Mozilla/5.0 (Windows NT 10.0; Win64; x64; rv:134.0) Gecko/20100101 Firefox/134.0"
138.197.32.106 - - [31/Mar/2026:13:49:58 +0000] "GET /wp-login.php?redirect_to=https%3A%2F%2Fttka.co.nz%2Fwp-admin%2Findex.php&reauth=1 HTTP/1.1" 200 6719 "https://ttka.co.nz/wp-login.php" "Mozilla/5.0 (Windows NT 10.0; Win64; x64; rv:134.0) Gecko/20100101 Firefox/134.0"
138.197.32.106 - - [31/Mar/2026:13:49:59 +0000] "POST /wp-login.php HTTP/1.1" 200 7132 "https://ttka.co.nz/wp-login.php" "Mozilla/5.0 (Windows NT 10.0; Win64; x64; rv:134.0) Gecko/20100101 Firefox/134.0"
138.197.32.106 - - [31/Mar/2026:13:49:59 +0000] "GET /wp-admin/index.php HTTP/1.1" 302 - "https://ttka.co.nz/wp-login.php" "Mozilla/5.0 (Windows NT 11.0; Win64; x64) AppleWebKit/537.36 (KHTML, like Gecko) Chrome/133.0.0.0 Safari/537.36 Edg/133.0.0.0"
138.197.32.106 - - [31/Mar/2026:13:50:00 +0000] "GET /wp-login.php?redirect_to=https%3A%2F%2Fttka.co.nz%2Fwp-admin%2Findex.php&reauth=1 HTTP/1.1" 200 6719 "https://ttka.co.nz/wp-login.php" "Mozilla/5.0 (Windows NT 11.0; Win64; x64) AppleWebKit/537.36 (KHTML, like Gecko) Chrome/133.0.0.0 Safari/537.36 Edg/133.0.0.0"
138.197.32.106 - - [31/Mar/2026:13:50:00 +0000] "POST /wp-login.php HTTP/1.1" 200 7133 "https://ttka.co.nz/wp-login.php" "Mozilla/5.0 (iPhone; CPU iPhone OS 18_3 like Mac OS X) AppleWebKit/605.1.15 (KHTML, like Gecko) Version/18.3 Mobile/15E148 Safari/604.1"
138.197.32.106 - - [31/Mar/2026:13:50:02 +0000] "GET /wp-admin/index.php HTTP/1.1" 302 - "https://ttka.co.nz/wp-login.php" "Mozilla/5.0 (iPhone; CPU iPhone OS 18_3 like Mac OS X) AppleWebKit/605.1.15 (KHTML, like Gecko) Version/18.3 Mobile/15E148 Safari/604.1"
138.197.32.106 - - [31/Mar/2026:13:50:03 +0000] "GET /wp-login.php?redirect_to=https%3A%2F%2Fttka.co.nz%2Fwp-admin%2Findex.php&reauth=1 HTTP/1.1" 200 6719 "https://ttka.co.nz/wp-login.php" "Mozilla/5.0 (iPhone; CPU iPhone OS 18_3 like Mac OS X) AppleWebKit/605.1.15 (KHTML, like Gecko) Version/18.3 Mobile/15E148 Safari/604.1"
138.197.32.106 - - [31/Mar/2026:13:50:03 +0000] "POST /wp-login.php HTTP/1.1" 200 7130 "https://ttka.co.nz/wp-login.php" "Mozilla/5.0 (Windows NT 10.0; Win64; x64) AppleWebKit/537.36 (KHTML, like Gecko) Chrome/134.0.0.0 Safari/537.36"
138.197.32.106 - - [31/Mar/2026:13:50:04 +0000] "GET /wp-admin/index.php HTTP/1.1" 302 - "https://ttka.co.nz/wp-login.php" "Mozilla/5.0 (Macintosh; Intel Mac OS X 10_15_7) AppleWebKit/537.36 (KHTML, like Gecko) Chrome/134.0.0.0 Safari/537.36"
138.197.32.106 - - [31/Mar/2026:13:50:05 +0000] "GET /wp-login.php?redirect_to=https%3A%2F%2Fttka.co.nz%2Fwp-admin%2Findex.php&reauth=1 HTTP/1.1" 200 6719 "https://ttka.co.nz/wp-login.php" "Mozilla/5.0 (Macintosh; Intel Mac OS X 10_15_7) AppleWebKit/537.36 (KHTML, like Gecko) Chrome/134.0.0.0 Safari/537.36"
138.197.32.106 - - [31/Mar/2026:13:50:05 +0000] "POST /wp-login.php HTTP/1.1" 200 7138 "https://ttka.co.nz/wp-login.php" "Mozilla/5.0 (X11; Linux x86_64; rv:134.0) Gecko/20100101 Firefox/134.0"
138.197.32.106 - - [31/Mar/2026:13:50:06 +0000] "GET /wp-admin/index.php HTTP/1.1" 302 - "https://ttka.co.nz/wp-login.php" "Mozilla/5.0 (X11; Linux x86_64; rv:134.0) Gecko/20100101 Firefox/134.0"
138.197.32.106 - - [31/Mar/2026:13:50:07 +0000] "GET /wp-login.php?redirect_to=https%3A%2F%2Fttka.co.nz%2Fwp-admin%2Findex.php&reauth=1 HTTP/1.1" 200 6719 "https://ttka.co.nz/wp-login.php" "Mozilla/5.0 (X11; Linux x86_64; rv:134.0) Gecko/20100101 Firefox/134.0"
138.197.32.106 - - [31/Mar/2026:13:50:07 +0000] "POST /wp-login.php HTTP/1.1" 200 7131 "https://ttka.co.nz/wp-login.php" "Mozilla/5.0 (iPhone; CPU iPhone OS 18_3 like Mac OS X) AppleWebKit/605.1.15 (KHTML, like Gecko) Version/18.3 Mobile/15E148 Safari/604.1"
138.197.32.106 - - [31/Mar/2026:13:50:09 +0000] "GET /wp-admin/index.php HTTP/1.1" 302 - "https://ttka.co.nz/wp-login.php" "Mozilla/5.0 (Macintosh; Intel Mac OS X 10_15_7) AppleWebKit/537.36 (KHTML, like Gecko) Chrome/134.0.0.0 Safari/537.36"
138.197.32.106 - - [31/Mar/2026:13:50:09 +0000] "GET /wp-login.php?redirect_to=https%3A%2F%2Fttka.co.nz%2Fwp-admin%2Findex.php&reauth=1 HTTP/1.1" 200 6719 "https://ttka.co.nz/wp-login.php" "Mozilla/5.0 (Macintosh; Intel Mac OS X 10_15_7) AppleWebKit/537.36 (KHTML, like Gecko) Chrome/134.0.0.0 Safari/537.36"
52.167.144.136 - - [31/Mar/2026:13:50:10 +0000] "GET /2026/03/06/site-of-pokies-sign-up-offers/ HTTP/1.1" 404 16 "-" "Mozilla/5.0 AppleWebKit/537.36 (KHTML, like Gecko; compatible; bingbot/2.0; +http://www.bing.com/bingbot.htm) Chrome/116.0.1938.76 Safari/537.36"
138.197.32.106 - - [31/Mar/2026:13:50:10 +0000] "POST /wp-login.php HTTP/1.1" 200 7130 "https://ttka.co.nz/wp-login.php" "Mozilla/5.0 (Macintosh; Intel Mac OS X 10_15_7) AppleWebKit/605.1.15 (KHTML, like Gecko) Version/18.2 Safari/605.1.15"
138.197.32.106 - - [31/Mar/2026:13:50:11 +0000] "GET /wp-admin/index.php HTTP/1.1" 302 - "https://ttka.co.nz/wp-login.php" "Mozilla/5.0 (Windows NT 10.0; Win64; x64) AppleWebKit/537.36 (KHTML, like Gecko) Chrome/134.0.0.0 Safari/537.36"
138.197.32.106 - - [31/Mar/2026:13:50:12 +0000] "GET /wp-login.php?redirect_to=https%3A%2F%2Fttka.co.nz%2Fwp-admin%2Findex.php&reauth=1 HTTP/1.1" 200 6719 "https://ttka.co.nz/wp-login.php" "Mozilla/5.0 (Windows NT 10.0; Win64; x64) AppleWebKit/537.36 (KHTML, like Gecko) Chrome/134.0.0.0 Safari/537.36"
138.197.32.106 - - [31/Mar/2026:13:50:12 +0000] "POST /wp-login.php HTTP/1.1" 200 7137 "https://ttka.co.nz/wp-login.php" "Mozilla/5.0 (Windows NT 10.0; Win64; x64; rv:135.0) Gecko/20100101 Firefox/135.0"
138.197.32.106 - - [31/Mar/2026:13:50:13 +0000] "GET /wp-admin/index.php HTTP/1.1" 302 - "https://ttka.co.nz/wp-login.php" "Mozilla/5.0 (Macintosh; Intel Mac OS X 10_15_7) AppleWebKit/605.1.15 (KHTML, like Gecko) Version/18.2 Safari/605.1.15"
