93.183.90.232 - - [31/Mar/2026:14:45:29 +0000] "GET /2021/09/16/hello-world/ HTTP/1.1" 404 16 "https://ttka.co.nz/2021/09/16/hello-world/" "Mozilla/5.0 (Windows NT 10.0; Win64; x64) AppleWebKit/537.36 (KHTML, like Gecko) Chrome/131.0.0.0 Safari/537.36"
93.183.90.232 - - [31/Mar/2026:14:45:30 +0000] "GET / HTTP/1.1" 200 6844 "https://ttka.co.nz/" "Mozilla/5.0 (Windows NT 10.0; Win64; x64) AppleWebKit/537.36 (KHTML, like Gecko) Chrome/131.0.0.0 Safari/537.36"
114.119.151.5 - - [31/Mar/2026:14:45:33 +0000] "GET /products/detail/94579741/ HTTP/1.1" 404 16 "https://ttka.co.nz/wp-sitemap.xml" "Mozilla/5.0 (Linux; Android 7.0;) AppleWebKit/537.36 (KHTML, like Gecko) Mobile Safari/537.36 (compatible; PetalBot;+https://webmaster.petalsearch.com/site/petalbot)"
40.77.167.44 - - [31/Mar/2026:14:46:17 +0000] "GET /2026/03/06/vegas-crest-casino-no-deposit-bonus-nz/ HTTP/1.1" 404 16 "-" "Mozilla/5.0 AppleWebKit/537.36 (KHTML, like Gecko; compatible; bingbot/2.0; +http://www.bing.com/bingbot.htm) Chrome/116.0.1938.76 Safari/537.36"
114.119.132.88 - - [31/Mar/2026:14:46:24 +0000] "GET /products/detail/94379509/ HTTP/1.1" 404 16 "https://ttka.co.nz/wp-sitemap.xml" "Mozilla/5.0 (Linux; Android 7.0;) AppleWebKit/537.36 (KHTML, like Gecko) Mobile Safari/537.36 (compatible; PetalBot;+https://webmaster.petalsearch.com/site/petalbot)"
40.77.167.151 - - [31/Mar/2026:14:46:54 +0000] "GET /2026/03/06/casino-new-south-wales-australia/ HTTP/1.1" 404 16 "-" "Mozilla/5.0 AppleWebKit/537.36 (KHTML, like Gecko; compatible; bingbot/2.0; +http://www.bing.com/bingbot.htm) Chrome/116.0.1938.76 Safari/537.36"
114.119.151.1 - - [31/Mar/2026:14:47:46 +0000] "GET /products/detail/94179357/ HTTP/1.1" 404 16 "https://ttka.co.nz/wp-sitemap.xml" "Mozilla/5.0 (Linux; Android 7.0;) AppleWebKit/537.36 (KHTML, like Gecko) Mobile Safari/537.36 (compatible; PetalBot;+https://webmaster.petalsearch.com/site/petalbot)"
212.34.139.218 - - [31/Mar/2026:14:48:32 +0000] "GET /2021/09/16/hello-world/ HTTP/1.1" 404 16 "https://ttka.co.nz/2021/09/16/hello-world/" "Mozilla/5.0 (Windows NT 10.0; Win64; x64) AppleWebKit/537.36 (KHTML, like Gecko) Chrome/130.0.0.0 Safari/537.36 CCleaner/130.0.0.0"
212.34.139.218 - - [31/Mar/2026:14:48:33 +0000] "GET / HTTP/1.1" 200 6844 "https://ttka.co.nz/" "Mozilla/5.0 (Windows NT 10.0; Win64; x64) AppleWebKit/537.36 (KHTML, like Gecko) Chrome/130.0.0.0 Safari/537.36 CCleaner/130.0.0.0"
212.34.135.234 - - [31/Mar/2026:14:49:19 +0000] "GET /category/uncategorized/ HTTP/1.1" 404 16 "https://ttka.co.nz/category/uncategorized/" "Mozilla/5.0 (Windows NT 10.0; Win64; x64) AppleWebKit/537.36 (KHTML, like Gecko) Chrome/131.0.0.0 Safari/537.36 Avast/131.0.0.0"
212.34.135.234 - - [31/Mar/2026:14:49:20 +0000] "GET / HTTP/1.1" 200 6844 "https://ttka.co.nz/" "Mozilla/5.0 (Windows NT 10.0; Win64; x64) AppleWebKit/537.36 (KHTML, like Gecko) Chrome/131.0.0.0 Safari/537.36 Avast/131.0.0.0"
114.119.151.5 - - [31/Mar/2026:14:49:22 +0000] "GET /products/detail/93979115/ HTTP/1.1" 404 16 "https://ttka.co.nz/wp-sitemap.xml" "Mozilla/5.0 (Linux; Android 7.0;) AppleWebKit/537.36 (KHTML, like Gecko) Mobile Safari/537.36 (compatible; PetalBot;+https://webmaster.petalsearch.com/site/petalbot)"
45.79.238.235 - - [31/Mar/2026:14:50:49 +0000] "GET /?et_check_mod_pagespeed=on HTTP/1.1" 200 6844 "-" "WordPress/6.9.4; https://ttka.co.nz"
135.181.180.59 - - [31/Mar/2026:14:50:53 +0000] "GET /wp-login.php?action=register HTTP/1.1" 302 - "-" "Mozilla/5.0 (compatible; MJ12bot/v1.4.8; http://mj12bot.com/)"
114.119.136.188 - - [31/Mar/2026:14:50:56 +0000] "GET /products/detail/93778963/ HTTP/1.1" 404 16 "https://ttka.co.nz/wp-sitemap.xml" "Mozilla/5.0 (Linux; Android 7.0;) AppleWebKit/537.36 (KHTML, like Gecko) Mobile Safari/537.36 (compatible; PetalBot;+https://webmaster.petalsearch.com/site/petalbot)"
135.181.180.59 - - [31/Mar/2026:14:50:56 +0000] "GET /wp-login.php?registration=disabled HTTP/1.1" 200 6902 "-" "Mozilla/5.0 (compatible; MJ12bot/v1.4.8; http://mj12bot.com/)"
135.181.180.59 - - [31/Mar/2026:14:51:26 +0000] "GET /wp-login.php?action=register HTTP/1.1" 302 - "-" "Mozilla/5.0 (compatible; MJ12bot/v1.4.8; http://mj12bot.com/)"
135.181.180.59 - - [31/Mar/2026:14:51:29 +0000] "GET /wp-login.php?registration=disabled HTTP/1.1" 200 6902 "-" "Mozilla/5.0 (compatible; MJ12bot/v1.4.8; http://mj12bot.com/)"
114.119.130.54 - - [31/Mar/2026:14:51:55 +0000] "GET /products/detail/94779983/ HTTP/1.1" 404 16 "https://ttka.co.nz/wp-sitemap.xml" "Mozilla/5.0 (Linux; Android 7.0;) AppleWebKit/537.36 (KHTML, like Gecko) Mobile Safari/537.36 (compatible; PetalBot;+https://webmaster.petalsearch.com/site/petalbot)"
52.167.144.186 - - [31/Mar/2026:14:52:34 +0000] "GET /2026/03/06/best-strategy-for-money-pokies/ HTTP/1.1" 404 16 "-" "Mozilla/5.0 AppleWebKit/537.36 (KHTML, like Gecko; compatible; bingbot/2.0; +http://www.bing.com/bingbot.htm) Chrome/116.0.1938.76 Safari/537.36"
4.193.168.228 - - [31/Mar/2026:14:52:53 +0000] "GET /100.php HTTP/1.1" 404 16 "-" "Mozilla/5.0 (Windows NT 10.0; Win64; x64) AppleWebKit/537.36 (KHTML, like Gecko) Chrome/120.0.0.0 Safari/537.36"
4.193.168.228 - - [31/Mar/2026:14:52:53 +0000] "GET /7.php HTTP/1.1" 404 16 "-" "Mozilla/5.0 (Windows NT 10.0; Win64; x64) AppleWebKit/537.36 (KHTML, like Gecko) Chrome/120.0.0.0 Safari/537.36"
4.193.168.228 - - [31/Mar/2026:14:52:53 +0000] "GET /aa.php HTTP/1.1" 404 16 "-" "Mozilla/5.0 (Windows NT 10.0; Win64; x64) AppleWebKit/537.36 (KHTML, like Gecko) Chrome/120.0.0.0 Safari/537.36"
4.193.168.228 - - [31/Mar/2026:14:52:53 +0000] "GET /wp.php HTTP/1.1" 404 16 "-" "Mozilla/5.0 (Windows NT 10.0; Win64; x64) AppleWebKit/537.36 (KHTML, like Gecko) Chrome/120.0.0.0 Safari/537.36"
4.193.168.228 - - [31/Mar/2026:14:52:53 +0000] "GET /chosen.php HTTP/1.1" 404 16 "-" "Mozilla/5.0 (Windows NT 10.0; Win64; x64) AppleWebKit/537.36 (KHTML, like Gecko) Chrome/120.0.0.0 Safari/537.36"
4.193.168.228 - - [31/Mar/2026:14:52:53 +0000] "GET /abcd.php HTTP/1.1" 404 16 "-" "Mozilla/5.0 (Windows NT 10.0; Win64; x64) AppleWebKit/537.36 (KHTML, like Gecko) Chrome/120.0.0.0 Safari/537.36"
4.193.168.228 - - [31/Mar/2026:14:52:53 +0000] "GET /as.php HTTP/1.1" 404 16 "-" "Mozilla/5.0 (Windows NT 10.0; Win64; x64) AppleWebKit/537.36 (KHTML, like Gecko) Chrome/120.0.0.0 Safari/537.36"
4.193.168.228 - - [31/Mar/2026:14:52:53 +0000] "GET /2.php HTTP/1.1" 404 16 "-" "Mozilla/5.0 (Windows NT 10.0; Win64; x64) AppleWebKit/537.36 (KHTML, like Gecko) Chrome/120.0.0.0 Safari/537.36"
4.193.168.228 - - [31/Mar/2026:14:52:54 +0000] "GET /abc.php HTTP/1.1" 404 16 "-" "Mozilla/5.0 (Windows NT 10.0; Win64; x64) AppleWebKit/537.36 (KHTML, like Gecko) Chrome/120.0.0.0 Safari/537.36"
4.193.168.228 - - [31/Mar/2026:14:52:54 +0000] "GET /about.php HTTP/1.1" 404 16 "-" "Mozilla/5.0 (Windows NT 10.0; Win64; x64) AppleWebKit/537.36 (KHTML, like Gecko) Chrome/120.0.0.0 Safari/537.36"
4.193.168.228 - - [31/Mar/2026:14:52:54 +0000] "GET /0x.php HTTP/1.1" 404 16 "-" "Mozilla/5.0 (Windows NT 10.0; Win64; x64) AppleWebKit/537.36 (KHTML, like Gecko) Chrome/120.0.0.0 Safari/537.36"
4.193.168.228 - - [31/Mar/2026:14:52:54 +0000] "GET /fff.php HTTP/1.1" 404 16 "-" "Mozilla/5.0 (Windows NT 10.0; Win64; x64) AppleWebKit/537.36 (KHTML, like Gecko) Chrome/120.0.0.0 Safari/537.36"
4.193.168.228 - - [31/Mar/2026:14:52:54 +0000] "GET /ff1.php HTTP/1.1" 404 16 "-" "Mozilla/5.0 (Windows NT 10.0; Win64; x64) AppleWebKit/537.36 (KHTML, like Gecko) Chrome/120.0.0.0 Safari/537.36"
4.193.168.228 - - [31/Mar/2026:14:52:54 +0000] "GET /wp-themes.php HTTP/1.1" 404 16 "-" "Mozilla/5.0 (Windows NT 10.0; Win64; x64) AppleWebKit/537.36 (KHTML, like Gecko) Chrome/120.0.0.0 Safari/537.36"
4.193.168.228 - - [31/Mar/2026:14:52:54 +0000] "GET /adminfuns.php HTTP/1.1" 404 16 "-" "Mozilla/5.0 (Windows NT 10.0; Win64; x64) AppleWebKit/537.36 (KHTML, like Gecko) Chrome/120.0.0.0 Safari/537.36"
4.193.168.228 - - [31/Mar/2026:14:52:54 +0000] "GET /class-t.api.php HTTP/1.1" 404 16 "-" "Mozilla/5.0 (Windows NT 10.0; Win64; x64) AppleWebKit/537.36 (KHTML, like Gecko) Chrome/120.0.0.0 Safari/537.36"
4.193.168.228 - - [31/Mar/2026:14:52:54 +0000] "GET /content.php HTTP/1.1" 404 16 "-" "Mozilla/5.0 (Windows NT 10.0; Win64; x64) AppleWebKit/537.36 (KHTML, like Gecko) Chrome/120.0.0.0 Safari/537.36"
4.193.168.228 - - [31/Mar/2026:14:52:54 +0000] "GET /r.php HTTP/1.1" 404 16 "-" "Mozilla/5.0 (Windows NT 10.0; Win64; x64) AppleWebKit/537.36 (KHTML, like Gecko) Chrome/120.0.0.0 Safari/537.36"
4.193.168.228 - - [31/Mar/2026:14:52:54 +0000] "GET /w.php HTTP/1.1" 404 16 "-" "Mozilla/5.0 (Windows NT 10.0; Win64; x64) AppleWebKit/537.36 (KHTML, like Gecko) Chrome/120.0.0.0 Safari/537.36"
4.193.168.228 - - [31/Mar/2026:14:52:55 +0000] "GET /classwithtostring.php HTTP/1.1" 404 16 "-" "Mozilla/5.0 (Windows NT 10.0; Win64; x64) AppleWebKit/537.36 (KHTML, like Gecko) Chrome/120.0.0.0 Safari/537.36"
4.193.168.228 - - [31/Mar/2026:14:52:55 +0000] "GET /edit.php HTTP/1.1" 404 16 "-" "Mozilla/5.0 (Windows NT 10.0; Win64; x64) AppleWebKit/537.36 (KHTML, like Gecko) Chrome/120.0.0.0 Safari/537.36"
4.193.168.228 - - [31/Mar/2026:14:52:55 +0000] "GET /wp-blog.php HTTP/1.1" 404 16 "-" "Mozilla/5.0 (Windows NT 10.0; Win64; x64) AppleWebKit/537.36 (KHTML, like Gecko) Chrome/120.0.0.0 Safari/537.36"
4.193.168.228 - - [31/Mar/2026:14:52:55 +0000] "GET /php8.php HTTP/1.1" 404 16 "-" "Mozilla/5.0 (Windows NT 10.0; Win64; x64) AppleWebKit/537.36 (KHTML, like Gecko) Chrome/120.0.0.0 Safari/537.36"
4.193.168.228 - - [31/Mar/2026:14:52:55 +0000] "GET /10.php HTTP/1.1" 404 16 "-" "Mozilla/5.0 (Windows NT 10.0; Win64; x64) AppleWebKit/537.36 (KHTML, like Gecko) Chrome/120.0.0.0 Safari/537.36"
4.193.168.228 - - [31/Mar/2026:14:52:55 +0000] "GET /manager.php HTTP/1.1" 404 16 "-" "Mozilla/5.0 (Windows NT 10.0; Win64; x64) AppleWebKit/537.36 (KHTML, like Gecko) Chrome/120.0.0.0 Safari/537.36"
4.193.168.228 - - [31/Mar/2026:14:52:55 +0000] "GET /p.php HTTP/1.1" 404 16 "-" "Mozilla/5.0 (Windows NT 10.0; Win64; x64) AppleWebKit/537.36 (KHTML, like Gecko) Chrome/120.0.0.0 Safari/537.36"
4.193.168.228 - - [31/Mar/2026:14:52:55 +0000] "GET /hplfuns.php HTTP/1.1" 404 16 "-" "Mozilla/5.0 (Windows NT 10.0; Win64; x64) AppleWebKit/537.36 (KHTML, like Gecko) Chrome/120.0.0.0 Safari/537.36"
4.193.168.228 - - [31/Mar/2026:14:52:55 +0000] "GET /bless.php HTTP/1.1" 404 16 "-" "Mozilla/5.0 (Windows NT 10.0; Win64; x64) AppleWebKit/537.36 (KHTML, like Gecko) Chrome/120.0.0.0 Safari/537.36"
4.193.168.228 - - [31/Mar/2026:14:52:55 +0000] "GET /php.php HTTP/1.1" 404 16 "-" "Mozilla/5.0 (Windows NT 10.0; Win64; x64) AppleWebKit/537.36 (KHTML, like Gecko) Chrome/120.0.0.0 Safari/537.36"
4.193.168.228 - - [31/Mar/2026:14:52:56 +0000] "GET /chosen.php HTTP/1.1" 404 16 "-" "Mozilla/5.0 (Windows NT 10.0; Win64; x64) AppleWebKit/537.36 (KHTML, like Gecko) Chrome/120.0.0.0 Safari/537.36"
4.193.168.228 - - [31/Mar/2026:14:52:56 +0000] "GET /ioxi-o.php HTTP/1.1" 404 16 "-" "Mozilla/5.0 (Windows NT 10.0; Win64; x64) AppleWebKit/537.36 (KHTML, like Gecko) Chrome/120.0.0.0 Safari/537.36"
4.193.168.228 - - [31/Mar/2026:14:52:56 +0000] "GET /cache.php HTTP/1.1" 404 16 "-" "Mozilla/5.0 (Windows NT 10.0; Win64; x64) AppleWebKit/537.36 (KHTML, like Gecko) Chrome/120.0.0.0 Safari/537.36"
4.193.168.228 - - [31/Mar/2026:14:52:56 +0000] "GET /jquery.php HTTP/1.1" 404 16 "-" "Mozilla/5.0 (Windows NT 10.0; Win64; x64) AppleWebKit/537.36 (KHTML, like Gecko) Chrome/120.0.0.0 Safari/537.36"
4.193.168.228 - - [31/Mar/2026:14:52:56 +0000] "GET /av.php HTTP/1.1" 404 16 "-" "Mozilla/5.0 (Windows NT 10.0; Win64; x64) AppleWebKit/537.36 (KHTML, like Gecko) Chrome/120.0.0.0 Safari/537.36"
4.193.168.228 - - [31/Mar/2026:14:52:56 +0000] "GET /doc.php HTTP/1.1" 404 16 "-" "Mozilla/5.0 (Windows NT 10.0; Win64; x64) AppleWebKit/537.36 (KHTML, like Gecko) Chrome/120.0.0.0 Safari/537.36"
4.193.168.228 - - [31/Mar/2026:14:52:56 +0000] "GET /elp.php HTTP/1.1" 404 16 "-" "Mozilla/5.0 (Windows NT 10.0; Win64; x64) AppleWebKit/537.36 (KHTML, like Gecko) Chrome/120.0.0.0 Safari/537.36"
4.193.168.228 - - [31/Mar/2026:14:52:56 +0000] "GET /wp-user.php HTTP/1.1" 404 16 "-" "Mozilla/5.0 (Windows NT 10.0; Win64; x64) AppleWebKit/537.36 (KHTML, like Gecko) Chrome/120.0.0.0 Safari/537.36"
4.193.168.228 - - [31/Mar/2026:14:52:56 +0000] "GET /root.php HTTP/1.1" 404 16 "-" "Mozilla/5.0 (Windows NT 10.0; Win64; x64) AppleWebKit/537.36 (KHTML, like Gecko) Chrome/120.0.0.0 Safari/537.36"
4.193.168.228 - - [31/Mar/2026:14:52:56 +0000] "GET /alfa.php HTTP/1.1" 404 16 "-" "Mozilla/5.0 (Windows NT 10.0; Win64; x64) AppleWebKit/537.36 (KHTML, like Gecko) Chrome/120.0.0.0 Safari/537.36"
4.193.168.228 - - [31/Mar/2026:14:52:57 +0000] "GET /autoload_classmap.php HTTP/1.1" 404 16 "-" "Mozilla/5.0 (Windows NT 10.0; Win64; x64) AppleWebKit/537.36 (KHTML, like Gecko) Chrome/120.0.0.0 Safari/537.36"
4.193.168.228 - - [31/Mar/2026:14:52:57 +0000] "GET /file.php HTTP/1.1" 404 16 "-" "Mozilla/5.0 (Windows NT 10.0; Win64; x64) AppleWebKit/537.36 (KHTML, like Gecko) Chrome/120.0.0.0 Safari/537.36"
4.193.168.228 - - [31/Mar/2026:14:52:57 +0000] "GET /new.php HTTP/1.1" 404 16 "-" "Mozilla/5.0 (Windows NT 10.0; Win64; x64) AppleWebKit/537.36 (KHTML, like Gecko) Chrome/120.0.0.0 Safari/537.36"
4.193.168.228 - - [31/Mar/2026:14:52:57 +0000] "GET /ioxi-o.php HTTP/1.1" 404 16 "-" "Mozilla/5.0 (Windows NT 10.0; Win64; x64) AppleWebKit/537.36 (KHTML, like Gecko) Chrome/120.0.0.0 Safari/537.36"
4.193.168.228 - - [31/Mar/2026:14:52:57 +0000] "GET /mm.php HTTP/1.1" 404 16 "-" "Mozilla/5.0 (Windows NT 10.0; Win64; x64) AppleWebKit/537.36 (KHTML, like Gecko) Chrome/120.0.0.0 Safari/537.36"
4.193.168.228 - - [31/Mar/2026:14:52:57 +0000] "GET /oxshell.php HTTP/1.1" 404 16 "-" "Mozilla/5.0 (Windows NT 10.0; Win64; x64) AppleWebKit/537.36 (KHTML, like Gecko) Chrome/120.0.0.0 Safari/537.36"
4.193.168.228 - - [31/Mar/2026:14:52:57 +0000] "GET /load.php HTTP/1.1" 404 16 "-" "Mozilla/5.0 (Windows NT 10.0; Win64; x64) AppleWebKit/537.36 (KHTML, like Gecko) Chrome/120.0.0.0 Safari/537.36"
4.193.168.228 - - [31/Mar/2026:14:52:57 +0000] "GET /k.php HTTP/1.1" 404 16 "-" "Mozilla/5.0 (Windows NT 10.0; Win64; x64) AppleWebKit/537.36 (KHTML, like Gecko) Chrome/120.0.0.0 Safari/537.36"
4.193.168.228 - - [31/Mar/2026:14:52:57 +0000] "GET /atomlib.php HTTP/1.1" 404 16 "-" "Mozilla/5.0 (Windows NT 10.0; Win64; x64) AppleWebKit/537.36 (KHTML, like Gecko) Chrome/120.0.0.0 Safari/537.36"
4.193.168.228 - - [31/Mar/2026:14:52:57 +0000] "GET /wp-links-opml HTTP/1.1" 404 16 "-" "Mozilla/5.0 (Windows NT 10.0; Win64; x64) AppleWebKit/537.36 (KHTML, like Gecko) Chrome/120.0.0.0 Safari/537.36"
4.193.168.228 - - [31/Mar/2026:14:52:58 +0000] "GET /buy.php HTTP/1.1" 404 16 "-" "Mozilla/5.0 (Windows NT 10.0; Win64; x64) AppleWebKit/537.36 (KHTML, like Gecko) Chrome/120.0.0.0 Safari/537.36"
4.193.168.228 - - [31/Mar/2026:14:52:58 +0000] "GET /info.php HTTP/1.1" 404 16 "-" "Mozilla/5.0 (Windows NT 10.0; Win64; x64) AppleWebKit/537.36 (KHTML, like Gecko) Chrome/120.0.0.0 Safari/537.36"
4.193.168.228 - - [31/Mar/2026:14:52:58 +0000] "GET /goods.php HTTP/1.1" 404 16 "-" "Mozilla/5.0 (Windows NT 10.0; Win64; x64) AppleWebKit/537.36 (KHTML, like Gecko) Chrome/120.0.0.0 Safari/537.36"
4.193.168.228 - - [31/Mar/2026:14:52:58 +0000] "GET /setup-config.php HTTP/1.1" 404 16 "-" "Mozilla/5.0 (Windows NT 10.0; Win64; x64) AppleWebKit/537.36 (KHTML, like Gecko) Chrome/120.0.0.0 Safari/537.36"
4.193.168.228 - - [31/Mar/2026:14:52:58 +0000] "GET /ss.php HTTP/1.1" 404 16 "-" "Mozilla/5.0 (Windows NT 10.0; Win64; x64) AppleWebKit/537.36 (KHTML, like Gecko) Chrome/120.0.0.0 Safari/537.36"
45.79.238.235 - - [31/Mar/2026:14:52:59 +0000] "POST /wp-cron.php?doing_wp_cron=1774968779.0711610317230224609375 HTTP/1.1" 200 - "-" "WordPress/6.9.4; https://ttka.co.nz"
4.193.168.228 - - [31/Mar/2026:14:52:58 +0000] "GET /xmlrpc.php HTTP/1.1" 405 42 "-" "Mozilla/5.0 (Windows NT 10.0; Win64; x64) AppleWebKit/537.36 (KHTML, like Gecko) Chrome/120.0.0.0 Safari/537.36"
4.193.168.228 - - [31/Mar/2026:14:52:59 +0000] "GET /flower.php HTTP/1.1" 404 16 "-" "Mozilla/5.0 (Windows NT 10.0; Win64; x64) AppleWebKit/537.36 (KHTML, like Gecko) Chrome/120.0.0.0 Safari/537.36"
4.193.168.228 - - [31/Mar/2026:14:52:59 +0000] "GET /al.php HTTP/1.1" 404 16 "-" "Mozilla/5.0 (Windows NT 10.0; Win64; x64) AppleWebKit/537.36 (KHTML, like Gecko) Chrome/120.0.0.0 Safari/537.36"
4.193.168.228 - - [31/Mar/2026:14:52:59 +0000] "GET /vv.php HTTP/1.1" 404 16 "-" "Mozilla/5.0 (Windows NT 10.0; Win64; x64) AppleWebKit/537.36 (KHTML, like Gecko) Chrome/120.0.0.0 Safari/537.36"
4.193.168.228 - - [31/Mar/2026:14:52:59 +0000] "GET /wp-signin.php HTTP/1.1" 404 16 "-" "Mozilla/5.0 (Windows NT 10.0; Win64; x64) AppleWebKit/537.36 (KHTML, like Gecko) Chrome/120.0.0.0 Safari/537.36"
4.193.168.228 - - [31/Mar/2026:14:52:59 +0000] "GET /wsa.php HTTP/1.1" 404 16 "-" "Mozilla/5.0 (Windows NT 10.0; Win64; x64) AppleWebKit/537.36 (KHTML, like Gecko) Chrome/120.0.0.0 Safari/537.36"
114.119.136.188 - - [31/Mar/2026:14:53:24 +0000] "GET /products/detail/93578721/ HTTP/1.1" 404 16 "https://ttka.co.nz/wp-sitemap.xml" "Mozilla/5.0 (Linux; Android 7.0;) AppleWebKit/537.36 (KHTML, like Gecko) Mobile Safari/537.36 (compatible; PetalBot;+https://webmaster.petalsearch.com/site/petalbot)"
114.119.130.54 - - [31/Mar/2026:14:54:50 +0000] "GET /products/detail/93378579/ HTTP/1.1" 404 16 "https://ttka.co.nz/wp-sitemap.xml" "Mozilla/5.0 (Linux; Android 7.0;) AppleWebKit/537.36 (KHTML, like Gecko) Mobile Safari/537.36 (compatible; PetalBot;+https://webmaster.petalsearch.com/site/petalbot)"
40.77.167.44 - - [31/Mar/2026:14:55:59 +0000] "GET /2026/03/06/australia-roulette-book/ HTTP/1.1" 404 16 "-" "Mozilla/5.0 AppleWebKit/537.36 (KHTML, like Gecko; compatible; bingbot/2.0; +http://www.bing.com/bingbot.htm) Chrome/116.0.1938.76 Safari/537.36"
114.119.140.186 - - [31/Mar/2026:14:56:07 +0000] "GET /products/detail/93178337/ HTTP/1.1" 404 16 "https://ttka.co.nz/wp-sitemap.xml" "Mozilla/5.0 (Linux; Android 7.0;) AppleWebKit/537.36 (KHTML, like Gecko) Mobile Safari/537.36 (compatible; PetalBot;+https://webmaster.petalsearch.com/site/petalbot)"
114.119.137.91 - - [31/Mar/2026:14:57:39 +0000] "GET /products/detail/92978185/ HTTP/1.1" 404 16 "https://ttka.co.nz/wp-sitemap.xml" "Mozilla/5.0 (Linux; Android 7.0;) AppleWebKit/537.36 (KHTML, like Gecko) Mobile Safari/537.36 (compatible; PetalBot;+https://webmaster.petalsearch.com/site/petalbot)"
52.167.144.157 - - [31/Mar/2026:14:58:27 +0000] "GET /2026/03/06/what-is-the-oldest-casino-in-new-zealand/ HTTP/1.1" 404 16 "-" "Mozilla/5.0 AppleWebKit/537.36 (KHTML, like Gecko; compatible; bingbot/2.0; +http://www.bing.com/bingbot.htm) Chrome/116.0.1938.76 Safari/537.36"
114.119.136.188 - - [31/Mar/2026:14:59:11 +0000] "GET /products/detail/92777943/ HTTP/1.1" 404 16 "https://ttka.co.nz/wp-sitemap.xml" "Mozilla/5.0 (Linux; Android 7.0;) AppleWebKit/537.36 (KHTML, like Gecko) Mobile Safari/537.36 (compatible; PetalBot;+https://webmaster.petalsearch.com/site/petalbot)"
66.249.64.168 - - [31/Mar/2026:14:59:18 +0000] "GET /comment.php?products/541379256 HTTP/1.1" 404 16 "-" "Mozilla/5.0 (Linux; Android 6.0.1; Nexus 5X Build/MMB29P) AppleWebKit/537.36 (KHTML, like Gecko) Chrome/146.0.7680.153 Mobile Safari/537.36 (compatible; GoogleOther)"
114.119.151.5 - - [31/Mar/2026:15:00:20 +0000] "GET /products/detail/92577701/ HTTP/1.1" 404 16 "https://ttka.co.nz/wp-sitemap.xml" "Mozilla/5.0 (Linux; Android 7.0;) AppleWebKit/537.36 (KHTML, like Gecko) Mobile Safari/537.36 (compatible; PetalBot;+https://webmaster.petalsearch.com/site/petalbot)"
114.119.151.5 - - [31/Mar/2026:15:01:51 +0000] "GET /products/detail/92377559/ HTTP/1.1" 404 16 "https://ttka.co.nz/wp-sitemap.xml" "Mozilla/5.0 (Linux; Android 7.0;) AppleWebKit/537.36 (KHTML, like Gecko) Mobile Safari/537.36 (compatible; PetalBot;+https://webmaster.petalsearch.com/site/petalbot)"
114.119.132.88 - - [31/Mar/2026:15:03:16 +0000] "GET /products/detail/92177317/ HTTP/1.1" 404 16 "https://ttka.co.nz/wp-sitemap.xml" "Mozilla/5.0 (Linux; Android 7.0;) AppleWebKit/537.36 (KHTML, like Gecko) Mobile Safari/537.36 (compatible; PetalBot;+https://webmaster.petalsearch.com/site/petalbot)"
116.203.242.227 - - [31/Mar/2026:15:03:45 +0000] "GET /@fs/etc/passwd?raw?? HTTP/1.1" 404 16 "https://news.ycombinator.com/" "Mozilla/5.0 (iPhone; CPU iPhone OS 17_1_2 like Mac OS X) AppleWebKit/605.1.15 (KHTML, like Gecko) Version/17.1 Mobile/15E148 Safari/604.1"
116.203.242.227 - - [31/Mar/2026:15:03:45 +0000] "GET /@fs/etc/passwd?import&raw?? HTTP/1.1" 404 16 "https://stackoverflow.com/" "Mozilla/5.0 (iPhone; CPU iPhone OS 17_1_2 like Mac OS X) AppleWebKit/605.1.15 (KHTML, like Gecko) Version/17.1 Mobile/15E148 Safari/604.1"
116.203.242.227 - - [31/Mar/2026:15:03:45 +0000] "GET /etc/passwd?raw?? HTTP/1.1" 404 16 "-" "Mozilla/5.0 (iPhone; CPU iPhone OS 17_1_2 like Mac OS X) AppleWebKit/605.1.15 (KHTML, like Gecko) Version/17.1 Mobile/15E148 Safari/604.1"
116.203.242.227 - - [31/Mar/2026:15:03:45 +0000] "GET /.git/config HTTP/1.1" 403 4170 "https://www.youtube.com/" "Mozilla/5.0 (iPhone; CPU iPhone OS 17_1_2 like Mac OS X) AppleWebKit/605.1.15 (KHTML, like Gecko) Version/17.1 Mobile/15E148 Safari/604.1"
114.119.136.188 - - [31/Mar/2026:15:04:38 +0000] "GET /products/detail/91977165/ HTTP/1.1" 404 16 "https://ttka.co.nz/wp-sitemap.xml" "Mozilla/5.0 (Linux; Android 7.0;) AppleWebKit/537.36 (KHTML, like Gecko) Mobile Safari/537.36 (compatible; PetalBot;+https://webmaster.petalsearch.com/site/petalbot)"
114.119.151.1 - - [31/Mar/2026:15:06:15 +0000] "GET /products/detail/91776923/ HTTP/1.1" 404 16 "https://ttka.co.nz/wp-sitemap.xml" "Mozilla/5.0 (Linux; Android 7.0;) AppleWebKit/537.36 (KHTML, like Gecko) Mobile Safari/537.36 (compatible; PetalBot;+https://webmaster.petalsearch.com/site/petalbot)"
52.167.144.149 - - [31/Mar/2026:15:06:18 +0000] "GET /2026/03/06/best-online-gambling-site-nz/ HTTP/1.1" 404 16 "-" "Mozilla/5.0 AppleWebKit/537.36 (KHTML, like Gecko; compatible; bingbot/2.0; +http://www.bing.com/bingbot.htm) Chrome/116.0.1938.76 Safari/537.36"
185.181.245.100 - - [31/Mar/2026:15:07:08 +0000] "GET /author/gethomas/ HTTP/1.1" 404 16 "https://ttka.co.nz/" "Mozilla/5.0 (Windows NT 10.0; Win64; x64) AppleWebKit/537.36 (KHTML, like Gecko) Chrome/114.0.0.0 Safari/537.36"
185.181.245.100 - - [31/Mar/2026:15:07:09 +0000] "GET / HTTP/1.1" 200 6844 "-" "Mozilla/5.0 (Windows NT 10.0; Win64; x64) AppleWebKit/537.36 (KHTML, like Gecko) Chrome/114.0.0.0 Safari/537.36"
185.181.245.100 - - [31/Mar/2026:15:07:17 +0000] "GET /google1588975857979d77.html HTTP/1.1" 200 53 "https://ttka.co.nz" "Mozilla/5.0 (Windows NT 10.0; Win64; x64) AppleWebKit/537.36 (KHTML, like Gecko) Chrome/114.0.0.0 Safari/537.36"
114.119.136.75 - - [31/Mar/2026:15:07:18 +0000] "GET /products/detail/91576771/ HTTP/1.1" 404 16 "https://ttka.co.nz/wp-sitemap.xml" "Mozilla/5.0 (Linux; Android 7.0;) AppleWebKit/537.36 (KHTML, like Gecko) Mobile Safari/537.36 (compatible; PetalBot;+https://webmaster.petalsearch.com/site/petalbot)"
89.110.124.212 - - [31/Mar/2026:15:07:35 +0000] "GET /2021/09/16/hello-world/ HTTP/1.1" 404 16 "https://ttka.co.nz/2021/09/16/hello-world/" "Mozilla/5.0 (Windows NT 10.0; Win64; x64) AppleWebKit/537.36 (KHTML, like Gecko) Chrome/130.0.0.0 Safari/537.36"
89.110.124.212 - - [31/Mar/2026:15:07:36 +0000] "GET / HTTP/1.1" 200 6844 "https://ttka.co.nz/" "Mozilla/5.0 (Windows NT 10.0; Win64; x64) AppleWebKit/537.36 (KHTML, like Gecko) Chrome/130.0.0.0 Safari/537.36"
114.119.140.186 - - [31/Mar/2026:15:08:41 +0000] "GET /products/detail/91376539/ HTTP/1.1" 404 16 "https://ttka.co.nz/wp-sitemap.xml" "Mozilla/5.0 (Linux; Android 7.0;) AppleWebKit/537.36 (KHTML, like Gecko) Mobile Safari/537.36 (compatible; PetalBot;+https://webmaster.petalsearch.com/site/petalbot)"
114.119.136.188 - - [31/Mar/2026:15:10:18 +0000] "GET /products/detail/91176387/ HTTP/1.1" 404 16 "https://ttka.co.nz/wp-sitemap.xml" "Mozilla/5.0 (Linux; Android 7.0;) AppleWebKit/537.36 (KHTML, like Gecko) Mobile Safari/537.36 (compatible; PetalBot;+https://webmaster.petalsearch.com/site/petalbot)"
114.119.136.188 - - [31/Mar/2026:15:11:37 +0000] "GET /products/detail/90976145/ HTTP/1.1" 404 16 "https://ttka.co.nz/wp-sitemap.xml" "Mozilla/5.0 (Linux; Android 7.0;) AppleWebKit/537.36 (KHTML, like Gecko) Mobile Safari/537.36 (compatible; PetalBot;+https://webmaster.petalsearch.com/site/petalbot)"
185.220.101.37 - - [31/Mar/2026:15:12:51 +0000] "GET / HTTP/1.1" 200 6844 "-" "Mozilla/5.0 (Linux; Android 10; K) AppleWebKit/537.36 (KHTML, like Gecko) Chrome/138.0.0.0 Mobile Safari/537.36"
52.167.144.138 - - [31/Mar/2026:15:13:02 +0000] "GET /2026/03/06/new-au-pokies-10-usd-deposit/ HTTP/1.1" 404 16 "-" "Mozilla/5.0 AppleWebKit/537.36 (KHTML, like Gecko; compatible; bingbot/2.0; +http://www.bing.com/bingbot.htm) Chrome/116.0.1938.76 Safari/537.36"
114.119.130.54 - - [31/Mar/2026:15:14:17 +0000] "GET /products/detail/90575751/ HTTP/1.1" 404 16 "https://ttka.co.nz/wp-sitemap.xml" "Mozilla/5.0 (Linux; Android 7.0;) AppleWebKit/537.36 (KHTML, like Gecko) Mobile Safari/537.36 (compatible; PetalBot;+https://webmaster.petalsearch.com/site/petalbot)"
114.119.151.1 - - [31/Mar/2026:15:15:53 +0000] "GET /products/detail/90375519/ HTTP/1.1" 404 16 "https://ttka.co.nz/wp-sitemap.xml" "Mozilla/5.0 (Linux; Android 7.0;) AppleWebKit/537.36 (KHTML, like Gecko) Mobile Safari/537.36 (compatible; PetalBot;+https://webmaster.petalsearch.com/site/petalbot)"
114.119.136.188 - - [31/Mar/2026:15:17:08 +0000] "GET /products/detail/90175367/ HTTP/1.1" 404 16 "https://ttka.co.nz/wp-sitemap.xml" "Mozilla/5.0 (Linux; Android 7.0;) AppleWebKit/537.36 (KHTML, like Gecko) Mobile Safari/537.36 (compatible; PetalBot;+https://webmaster.petalsearch.com/site/petalbot)"
114.119.130.54 - - [31/Mar/2026:15:19:06 +0000] "GET /products/detail/89975125/ HTTP/1.1" 404 16 "https://ttka.co.nz/wp-sitemap.xml" "Mozilla/5.0 (Linux; Android 7.0;) AppleWebKit/537.36 (KHTML, like Gecko) Mobile Safari/537.36 (compatible; PetalBot;+https://webmaster.petalsearch.com/site/petalbot)"
66.249.64.168 - - [31/Mar/2026:15:19:17 +0000] "GET /comment.php?products/378547271 HTTP/1.1" 404 16 "-" "Mozilla/5.0 (Linux; Android 6.0.1; Nexus 5X Build/MMB29P) AppleWebKit/537.36 (KHTML, like Gecko) Chrome/146.0.7680.153 Mobile Safari/537.36 (compatible; GoogleOther)"
52.187.249.150 - - [31/Mar/2026:15:19:41 +0000] "GET /file.php HTTP/1.1" 404 16 "-" "Mozilla/5.0 (Windows NT 10.0; Win64; x64) AppleWebKit/537.36 (KHTML, like Gecko) Chrome/120.0.0.0 Safari/537.36"
52.187.249.150 - - [31/Mar/2026:15:19:41 +0000] "GET /gettest.php HTTP/1.1" 404 16 "-" "Mozilla/5.0 (Windows NT 10.0; Win64; x64) AppleWebKit/537.36 (KHTML, like Gecko) Chrome/120.0.0.0 Safari/537.36"
52.187.249.150 - - [31/Mar/2026:15:19:41 +0000] "GET /gg.php HTTP/1.1" 404 16 "-" "Mozilla/5.0 (Windows NT 10.0; Win64; x64) AppleWebKit/537.36 (KHTML, like Gecko) Chrome/120.0.0.0 Safari/537.36"
52.187.249.150 - - [31/Mar/2026:15:19:41 +0000] "GET /goods.php HTTP/1.1" 404 16 "-" "Mozilla/5.0 (Windows NT 10.0; Win64; x64) AppleWebKit/537.36 (KHTML, like Gecko) Chrome/120.0.0.0 Safari/537.36"
52.187.249.150 - - [31/Mar/2026:15:19:41 +0000] "GET /index.php HTTP/1.1" 404 16 "-" "Mozilla/5.0 (Windows NT 10.0; Win64; x64) AppleWebKit/537.36 (KHTML, like Gecko) Chrome/120.0.0.0 Safari/537.36"
52.187.249.150 - - [31/Mar/2026:15:19:41 +0000] "GET /info.php HTTP/1.1" 404 16 "-" "Mozilla/5.0 (Windows NT 10.0; Win64; x64) AppleWebKit/537.36 (KHTML, like Gecko) Chrome/120.0.0.0 Safari/537.36"
52.187.249.150 - - [31/Mar/2026:15:19:41 +0000] "GET /install.php HTTP/1.1" 404 16 "-" "Mozilla/5.0 (Windows NT 10.0; Win64; x64) AppleWebKit/537.36 (KHTML, like Gecko) Chrome/120.0.0.0 Safari/537.36"
52.187.249.150 - - [31/Mar/2026:15:19:41 +0000] "GET /item.php HTTP/1.1" 404 16 "-" "Mozilla/5.0 (Windows NT 10.0; Win64; x64) AppleWebKit/537.36 (KHTML, like Gecko) Chrome/120.0.0.0 Safari/537.36"
52.187.249.150 - - [31/Mar/2026:15:19:41 +0000] "GET /jga.php HTTP/1.1" 404 16 "-" "Mozilla/5.0 (Windows NT 10.0; Win64; x64) AppleWebKit/537.36 (KHTML, like Gecko) Chrome/120.0.0.0 Safari/537.36"
52.187.249.150 - - [31/Mar/2026:15:19:41 +0000] "GET /leaf.php HTTP/1.1" 404 16 "-" "Mozilla/5.0 (Windows NT 10.0; Win64; x64) AppleWebKit/537.36 (KHTML, like Gecko) Chrome/120.0.0.0 Safari/537.36"
52.187.249.150 - - [31/Mar/2026:15:19:41 +0000] "GET /load.php HTTP/1.1" 404 16 "-" "Mozilla/5.0 (Windows NT 10.0; Win64; x64) AppleWebKit/537.36 (KHTML, like Gecko) Chrome/120.0.0.0 Safari/537.36"
52.187.249.150 - - [31/Mar/2026:15:19:41 +0000] "GET /lock.php HTTP/1.1" 404 16 "-" "Mozilla/5.0 (Windows NT 10.0; Win64; x64) AppleWebKit/537.36 (KHTML, like Gecko) Chrome/120.0.0.0 Safari/537.36"
52.187.249.150 - - [31/Mar/2026:15:19:41 +0000] "GET /lock360.php HTTP/1.1" 404 16 "-" "Mozilla/5.0 (Windows NT 10.0; Win64; x64) AppleWebKit/537.36 (KHTML, like Gecko) Chrome/120.0.0.0 Safari/537.36"
52.187.249.150 - - [31/Mar/2026:15:19:41 +0000] "GET /log.php HTTP/1.1" 404 16 "-" "Mozilla/5.0 (Windows NT 10.0; Win64; x64) AppleWebKit/537.36 (KHTML, like Gecko) Chrome/120.0.0.0 Safari/537.36"
52.187.249.150 - - [31/Mar/2026:15:19:41 +0000] "GET /manager.php HTTP/1.1" 404 16 "-" "Mozilla/5.0 (Windows NT 10.0; Win64; x64) AppleWebKit/537.36 (KHTML, like Gecko) Chrome/120.0.0.0 Safari/537.36"
52.187.249.150 - - [31/Mar/2026:15:19:41 +0000] "GET /meta.php HTTP/1.1" 404 16 "-" "Mozilla/5.0 (Windows NT 10.0; Win64; x64) AppleWebKit/537.36 (KHTML, like Gecko) Chrome/120.0.0.0 Safari/537.36"
52.187.249.150 - - [31/Mar/2026:15:19:41 +0000] "GET /mini.php HTTP/1.1" 404 16 "-" "Mozilla/5.0 (Windows NT 10.0; Win64; x64) AppleWebKit/537.36 (KHTML, like Gecko) Chrome/120.0.0.0 Safari/537.36"
52.187.249.150 - - [31/Mar/2026:15:19:41 +0000] "GET /mjq.php HTTP/1.1" 404 16 "-" "Mozilla/5.0 (Windows NT 10.0; Win64; x64) AppleWebKit/537.36 (KHTML, like Gecko) Chrome/120.0.0.0 Safari/537.36"
52.187.249.150 - - [31/Mar/2026:15:19:41 +0000] "GET /new.php HTTP/1.1" 404 16 "-" "Mozilla/5.0 (Windows NT 10.0; Win64; x64) AppleWebKit/537.36 (KHTML, like Gecko) Chrome/120.0.0.0 Safari/537.36"
52.187.249.150 - - [31/Mar/2026:15:19:41 +0000] "GET /onclickfuns.php HTTP/1.1" 404 16 "-" "Mozilla/5.0 (Windows NT 10.0; Win64; x64) AppleWebKit/537.36 (KHTML, like Gecko) Chrome/120.0.0.0 Safari/537.36"
52.187.249.150 - - [31/Mar/2026:15:19:41 +0000] "GET /option.php HTTP/1.1" 404 16 "-" "Mozilla/5.0 (Windows NT 10.0; Win64; x64) AppleWebKit/537.36 (KHTML, like Gecko) Chrome/120.0.0.0 Safari/537.36"
52.187.249.150 - - [31/Mar/2026:15:19:41 +0000] "GET /plugin-editor.php HTTP/1.1" 404 16 "-" "Mozilla/5.0 (Windows NT 10.0; Win64; x64) AppleWebKit/537.36 (KHTML, like Gecko) Chrome/120.0.0.0 Safari/537.36"
52.187.249.150 - - [31/Mar/2026:15:19:41 +0000] "GET /profile.php HTTP/1.1" 404 16 "-" "Mozilla/5.0 (Windows NT 10.0; Win64; x64) AppleWebKit/537.36 (KHTML, like Gecko) Chrome/120.0.0.0 Safari/537.36"
52.187.249.150 - - [31/Mar/2026:15:19:41 +0000] "GET /qw_03b4ad31.php HTTP/1.1" 404 16 "-" "Mozilla/5.0 (Windows NT 10.0; Win64; x64) AppleWebKit/537.36 (KHTML, like Gecko) Chrome/120.0.0.0 Safari/537.36"
52.187.249.150 - - [31/Mar/2026:15:19:41 +0000] "GET /radio.php HTTP/1.1" 404 16 "-" "Mozilla/5.0 (Windows NT 10.0; Win64; x64) AppleWebKit/537.36 (KHTML, like Gecko) Chrome/120.0.0.0 Safari/537.36"
52.187.249.150 - - [31/Mar/2026:15:19:41 +0000] "GET /sf.php HTTP/1.1" 404 16 "-" "Mozilla/5.0 (Windows NT 10.0; Win64; x64) AppleWebKit/537.36 (KHTML, like Gecko) Chrome/120.0.0.0 Safari/537.36"
52.187.249.150 - - [31/Mar/2026:15:19:41 +0000] "GET /simple.php HTTP/1.1" 404 16 "-" "Mozilla/5.0 (Windows NT 10.0; Win64; x64) AppleWebKit/537.36 (KHTML, like Gecko) Chrome/120.0.0.0 Safari/537.36"
52.187.249.150 - - [31/Mar/2026:15:19:41 +0000] "GET /sql.php HTTP/1.1" 404 16 "-" "Mozilla/5.0 (Windows NT 10.0; Win64; x64) AppleWebKit/537.36 (KHTML, like Gecko) Chrome/120.0.0.0 Safari/537.36"
52.187.249.150 - - [31/Mar/2026:15:19:41 +0000] "GET /test.php HTTP/1.1" 404 16 "-" "Mozilla/5.0 (Windows NT 10.0; Win64; x64) AppleWebKit/537.36 (KHTML, like Gecko) Chrome/120.0.0.0 Safari/537.36"
52.187.249.150 - - [31/Mar/2026:15:19:41 +0000] "GET /test1.php HTTP/1.1" 404 16 "-" "Mozilla/5.0 (Windows NT 10.0; Win64; x64) AppleWebKit/537.36 (KHTML, like Gecko) Chrome/120.0.0.0 Safari/537.36"
52.187.249.150 - - [31/Mar/2026:15:19:41 +0000] "GET /themes.php HTTP/1.1" 404 16 "-" "Mozilla/5.0 (Windows NT 10.0; Win64; x64) AppleWebKit/537.36 (KHTML, like Gecko) Chrome/120.0.0.0 Safari/537.36"
52.187.249.150 - - [31/Mar/2026:15:19:41 +0000] "GET /upload/medialibrary HTTP/1.1" 404 16 "-" "Mozilla/5.0 (Windows NT 10.0; Win64; x64) AppleWebKit/537.36 (KHTML, like Gecko) Chrome/120.0.0.0 Safari/537.36"
52.187.249.150 - - [31/Mar/2026:15:19:41 +0000] "GET /wp-admin.php HTTP/1.1" 404 16 "-" "Mozilla/5.0 (Windows NT 10.0; Win64; x64) AppleWebKit/537.36 (KHTML, like Gecko) Chrome/120.0.0.0 Safari/537.36"
52.187.249.150 - - [31/Mar/2026:15:19:41 +0000] "GET /wp-admin/ HTTP/1.1" 302 - "-" "Mozilla/5.0 (Windows NT 10.0; Win64; x64) AppleWebKit/537.36 (KHTML, like Gecko) Chrome/120.0.0.0 Safari/537.36"
52.187.249.150 - - [31/Mar/2026:15:19:42 +0000] "GET /wp-blog-header.php HTTP/1.1" 404 - "-" "Mozilla/5.0 (Windows NT 10.0; Win64; x64) AppleWebKit/537.36 (KHTML, like Gecko) Chrome/120.0.0.0 Safari/537.36"
52.187.249.150 - - [31/Mar/2026:15:19:42 +0000] "GET /wp-config-sample.php HTTP/1.1" 500 2431 "-" "Mozilla/5.0 (Windows NT 10.0; Win64; x64) AppleWebKit/537.36 (KHTML, like Gecko) Chrome/120.0.0.0 Safari/537.36"
52.187.249.150 - - [31/Mar/2026:15:19:42 +0000] "GET /wp-content/languages/ HTTP/1.1" 404 16 "-" "Mozilla/5.0 (Windows NT 10.0; Win64; x64) AppleWebKit/537.36 (KHTML, like Gecko) Chrome/120.0.0.0 Safari/537.36"
52.187.249.150 - - [31/Mar/2026:15:19:42 +0000] "GET /wp-content/plugins/ HTTP/1.1" 200 - "-" "Mozilla/5.0 (Windows NT 10.0; Win64; x64) AppleWebKit/537.36 (KHTML, like Gecko) Chrome/120.0.0.0 Safari/537.36"
52.187.249.150 - - [31/Mar/2026:15:19:42 +0000] "GET /wp-content/themes/ HTTP/1.1" 200 - "-" "Mozilla/5.0 (Windows NT 10.0; Win64; x64) AppleWebKit/537.36 (KHTML, like Gecko) Chrome/120.0.0.0 Safari/537.36"
52.187.249.150 - - [31/Mar/2026:15:19:42 +0000] "GET /wp-includes/phpmailer/phpmailer.php HTTP/1.1" 404 16 "-" "Mozilla/5.0 (Windows NT 10.0; Win64; x64) AppleWebKit/537.36 (KHTML, like Gecko) Chrome/120.0.0.0 Safari/537.36"
52.187.249.150 - - [31/Mar/2026:15:19:42 +0000] "GET /wp.php HTTP/1.1" 404 16 "-" "Mozilla/5.0 (Windows NT 10.0; Win64; x64) AppleWebKit/537.36 (KHTML, like Gecko) Chrome/120.0.0.0 Safari/537.36"
52.187.249.150 - - [31/Mar/2026:15:19:42 +0000] "GET /xmlrpc.php HTTP/1.1" 405 42 "-" "Mozilla/5.0 (Windows NT 10.0; Win64; x64) AppleWebKit/537.36 (KHTML, like Gecko) Chrome/120.0.0.0 Safari/537.36"
114.119.130.54 - - [31/Mar/2026:15:19:49 +0000] "GET /products/detail/89774973/ HTTP/1.1" 404 16 "https://ttka.co.nz/wp-sitemap.xml" "Mozilla/5.0 (Linux; Android 7.0;) AppleWebKit/537.36 (KHTML, like Gecko) Mobile Safari/537.36 (compatible; PetalBot;+https://webmaster.petalsearch.com/site/petalbot)"
40.77.167.78 - - [31/Mar/2026:15:20:40 +0000] "GET /2026/03/06/casinos-in-central-australia/ HTTP/1.1" 404 16 "-" "Mozilla/5.0 AppleWebKit/537.36 (KHTML, like Gecko; compatible; bingbot/2.0; +http://www.bing.com/bingbot.htm) Chrome/116.0.1938.76 Safari/537.36"
114.119.136.75 - - [31/Mar/2026:15:21:48 +0000] "GET /products/detail/89574731/ HTTP/1.1" 404 16 "https://ttka.co.nz/wp-sitemap.xml" "Mozilla/5.0 (Linux; Android 7.0;) AppleWebKit/537.36 (KHTML, like Gecko) Mobile Safari/537.36 (compatible; PetalBot;+https://webmaster.petalsearch.com/site/petalbot)"
114.119.136.188 - - [31/Mar/2026:15:22:59 +0000] "GET /products/detail/89374589/ HTTP/1.1" 404 16 "https://ttka.co.nz/wp-sitemap.xml" "Mozilla/5.0 (Linux; Android 7.0;) AppleWebKit/537.36 (KHTML, like Gecko) Mobile Safari/537.36 (compatible; PetalBot;+https://webmaster.petalsearch.com/site/petalbot)"
114.119.140.186 - - [31/Mar/2026:15:24:29 +0000] "GET /products/detail/89174347/ HTTP/1.1" 404 16 "https://ttka.co.nz/wp-sitemap.xml" "Mozilla/5.0 (Linux; Android 7.0;) AppleWebKit/537.36 (KHTML, like Gecko) Mobile Safari/537.36 (compatible; PetalBot;+https://webmaster.petalsearch.com/site/petalbot)"
114.119.136.75 - - [31/Mar/2026:15:25:56 +0000] "GET /products/detail/88974105/ HTTP/1.1" 404 16 "https://ttka.co.nz/wp-sitemap.xml" "Mozilla/5.0 (Linux; Android 7.0;) AppleWebKit/537.36 (KHTML, like Gecko) Mobile Safari/537.36 (compatible; PetalBot;+https://webmaster.petalsearch.com/site/petalbot)"
114.119.136.188 - - [31/Mar/2026:15:26:58 +0000] "GET /products/detail/88773953/ HTTP/1.1" 404 16 "https://ttka.co.nz/wp-sitemap.xml" "Mozilla/5.0 (Linux; Android 7.0;) AppleWebKit/537.36 (KHTML, like Gecko) Mobile Safari/537.36 (compatible; PetalBot;+https://webmaster.petalsearch.com/site/petalbot)"
115.45.41.137 - - [31/Mar/2026:15:28:22 +0000] "GET /robots.txt HTTP/1.1" 304 - "-" "Mozilla/5.0 (Windows NT 10.0; WOW64) AppleWebKit/537.36 (KHTML, like Gecko) Chrome/62.0.3763.114 Safari/537.36 QIHU 360EE"
114.119.136.188 - - [31/Mar/2026:15:28:31 +0000] "GET /products/detail/88573711/ HTTP/1.1" 404 16 "https://ttka.co.nz/wp-sitemap.xml" "Mozilla/5.0 (Linux; Android 7.0;) AppleWebKit/537.36 (KHTML, like Gecko) Mobile Safari/537.36 (compatible; PetalBot;+https://webmaster.petalsearch.com/site/petalbot)"
45.79.238.235 - - [31/Mar/2026:15:29:06 +0000] "POST /wp-cron.php?doing_wp_cron=1774970946.1847589015960693359375 HTTP/1.1" 200 - "-" "WordPress/6.9.4; https://ttka.co.nz"
171.108.70.53 - - [31/Mar/2026:15:29:05 +0000] "POST /wp-comments-post.php HTTP/1.1" 302 - "-" "Mozilla/5.0 (Windows NT 10.0; Win64; x64) AppleWebKit/537.36 (KHTML, like Gecko) Chrome/108.0.0.0 Safari/537.36 Edg/108.0.1462.46"
171.108.70.53 - - [31/Mar/2026:15:29:06 +0000] "GET /2021/09/16/hello-world/ HTTP/1.1" 404 16 "-" "Mozilla/5.0 (Windows NT 10.0; Win64; x64) AppleWebKit/537.36 (KHTML, like Gecko) Chrome/108.0.0.0 Safari/537.36 Edg/108.0.1462.46"
52.167.144.147 - - [31/Mar/2026:15:29:38 +0000] "GET /2026/03/06/opening-slot-machines-in-new-zealand/ HTTP/1.1" 404 16 "-" "Mozilla/5.0 AppleWebKit/537.36 (KHTML, like Gecko; compatible; bingbot/2.0; +http://www.bing.com/bingbot.htm) Chrome/116.0.1938.76 Safari/537.36"
52.167.144.157 - - [31/Mar/2026:15:29:43 +0000] "GET /2026/03/06/is-there-a-casino-in-vancouver-australia/ HTTP/1.1" 404 16 "-" "Mozilla/5.0 AppleWebKit/537.36 (KHTML, like Gecko; compatible; bingbot/2.0; +http://www.bing.com/bingbot.htm) Chrome/116.0.1938.76 Safari/537.36"
114.119.151.5 - - [31/Mar/2026:15:29:58 +0000] "GET /products/detail/88373569/ HTTP/1.1" 404 16 "https://ttka.co.nz/wp-sitemap.xml" "Mozilla/5.0 (Linux; Android 7.0;) AppleWebKit/537.36 (KHTML, like Gecko) Mobile Safari/537.36 (compatible; PetalBot;+https://webmaster.petalsearch.com/site/petalbot)"
114.119.136.188 - - [31/Mar/2026:15:31:20 +0000] "GET /products/detail/88173327/ HTTP/1.1" 404 16 "https://ttka.co.nz/wp-sitemap.xml" "Mozilla/5.0 (Linux; Android 7.0;) AppleWebKit/537.36 (KHTML, like Gecko) Mobile Safari/537.36 (compatible; PetalBot;+https://webmaster.petalsearch.com/site/petalbot)"
114.119.130.54 - - [31/Mar/2026:15:32:23 +0000] "GET /products/detail/87973175/ HTTP/1.1" 404 16 "https://ttka.co.nz/wp-sitemap.xml" "Mozilla/5.0 (Linux; Android 7.0;) AppleWebKit/537.36 (KHTML, like Gecko) Mobile Safari/537.36 (compatible; PetalBot;+https://webmaster.petalsearch.com/site/petalbot)"
114.119.130.54 - - [31/Mar/2026:15:34:14 +0000] "GET /products/detail/87772933/ HTTP/1.1" 404 16 "https://ttka.co.nz/wp-sitemap.xml" "Mozilla/5.0 (Linux; Android 7.0;) AppleWebKit/537.36 (KHTML, like Gecko) Mobile Safari/537.36 (compatible; PetalBot;+https://webmaster.petalsearch.com/site/petalbot)"
114.119.137.91 - - [31/Mar/2026:15:35:28 +0000] "GET /products/detail/87572781/ HTTP/1.1" 404 16 "https://ttka.co.nz/wp-sitemap.xml" "Mozilla/5.0 (Linux; Android 7.0;) AppleWebKit/537.36 (KHTML, like Gecko) Mobile Safari/537.36 (compatible; PetalBot;+https://webmaster.petalsearch.com/site/petalbot)"
52.167.144.206 - - [31/Mar/2026:15:35:50 +0000] "GET /2026/03/06/great-online-pokies/ HTTP/1.1" 404 16 "-" "Mozilla/5.0 AppleWebKit/537.36 (KHTML, like Gecko; compatible; bingbot/2.0; +http://www.bing.com/bingbot.htm) Chrome/116.0.1938.76 Safari/537.36"
114.119.151.5 - - [31/Mar/2026:15:36:35 +0000] "GET /products/detail/90775903/ HTTP/1.1" 404 16 "-" "Mozilla/5.0 (Linux; Android 7.0;) AppleWebKit/537.36 (HTML, like Gecko) Mobile Safari/537.36 (compatible; PetalBot;+https://webmaster.petalsearch.com/site/petalbot)"
114.119.151.1 - - [31/Mar/2026:15:38:30 +0000] "GET /products/detail/87372549/ HTTP/1.1" 404 16 "https://ttka.co.nz/wp-sitemap.xml" "Mozilla/5.0 (Linux; Android 7.0;) AppleWebKit/537.36 (KHTML, like Gecko) Mobile Safari/537.36 (compatible; PetalBot;+https://webmaster.petalsearch.com/site/petalbot)"
114.119.130.54 - - [31/Mar/2026:15:39:40 +0000] "GET /products/detail/87172307/ HTTP/1.1" 404 16 "https://ttka.co.nz/wp-sitemap.xml" "Mozilla/5.0 (Linux; Android 7.0;) AppleWebKit/537.36 (KHTML, like Gecko) Mobile Safari/537.36 (compatible; PetalBot;+https://webmaster.petalsearch.com/site/petalbot)"
114.119.137.91 - - [31/Mar/2026:15:42:59 +0000] "GET /products/detail/86771913/ HTTP/1.1" 404 16 "https://ttka.co.nz/wp-sitemap.xml" "Mozilla/5.0 (Linux; Android 7.0;) AppleWebKit/537.36 (KHTML, like Gecko) Mobile Safari/537.36 (compatible; PetalBot;+https://webmaster.petalsearch.com/site/petalbot)"
114.119.132.88 - - [31/Mar/2026:15:44:04 +0000] "GET /products/detail/86571761/ HTTP/1.1" 404 16 "https://ttka.co.nz/wp-sitemap.xml" "Mozilla/5.0 (Linux; Android 7.0;) AppleWebKit/537.36 (KHTML, like Gecko) Mobile Safari/537.36 (compatible; PetalBot;+https://webmaster.petalsearch.com/site/petalbot)"
114.119.151.1 - - [31/Mar/2026:15:45:23 +0000] "GET /products/detail/86371529/ HTTP/1.1" 404 16 "https://ttka.co.nz/wp-sitemap.xml" "Mozilla/5.0 (Linux; Android 7.0;) AppleWebKit/537.36 (KHTML, like Gecko) Mobile Safari/537.36 (compatible; PetalBot;+https://webmaster.petalsearch.com/site/petalbot)"
114.119.137.91 - - [31/Mar/2026:15:47:02 +0000] "GET /products/detail/86171377/ HTTP/1.1" 404 16 "https://ttka.co.nz/wp-sitemap.xml" "Mozilla/5.0 (Linux; Android 7.0;) AppleWebKit/537.36 (KHTML, like Gecko) Mobile Safari/537.36 (compatible; PetalBot;+https://webmaster.petalsearch.com/site/petalbot)"
114.119.136.188 - - [31/Mar/2026:15:48:12 +0000] "GET /products/detail/85971135/ HTTP/1.1" 404 16 "https://ttka.co.nz/wp-sitemap.xml" "Mozilla/5.0 (Linux; Android 7.0;) AppleWebKit/537.36 (KHTML, like Gecko) Mobile Safari/537.36 (compatible; PetalBot;+https://webmaster.petalsearch.com/site/petalbot)"
114.119.136.188 - - [31/Mar/2026:15:49:22 +0000] "GET /products/detail/85770983/ HTTP/1.1" 404 16 "https://ttka.co.nz/wp-sitemap.xml" "Mozilla/5.0 (Linux; Android 7.0;) AppleWebKit/537.36 (KHTML, like Gecko) Mobile Safari/537.36 (compatible; PetalBot;+https://webmaster.petalsearch.com/site/petalbot)"
40.77.167.159 - - [31/Mar/2026:15:49:24 +0000] "GET /2026/03/06/profitable-pokies-in-new-zealand/ HTTP/1.1" 404 16 "-" "Mozilla/5.0 AppleWebKit/537.36 (KHTML, like Gecko; compatible; bingbot/2.0; +http://www.bing.com/bingbot.htm) Chrome/116.0.1938.76 Safari/537.36"
114.119.136.188 - - [31/Mar/2026:15:50:41 +0000] "GET /products/detail/85570741/ HTTP/1.1" 404 16 "https://ttka.co.nz/wp-sitemap.xml" "Mozilla/5.0 (Linux; Android 7.0;) AppleWebKit/537.36 (KHTML, like Gecko) Mobile Safari/537.36 (compatible; PetalBot;+https://webmaster.petalsearch.com/site/petalbot)"
114.119.132.88 - - [31/Mar/2026:15:52:18 +0000] "GET /products/detail/85370509/ HTTP/1.1" 404 16 "https://ttka.co.nz/wp-sitemap.xml" "Mozilla/5.0 (Linux; Android 7.0;) AppleWebKit/537.36 (KHTML, like Gecko) Mobile Safari/537.36 (compatible; PetalBot;+https://webmaster.petalsearch.com/site/petalbot)"
114.119.137.91 - - [31/Mar/2026:15:53:32 +0000] "GET /products/detail/85170357/ HTTP/1.1" 404 16 "https://ttka.co.nz/wp-sitemap.xml" "Mozilla/5.0 (Linux; Android 7.0;) AppleWebKit/537.36 (KHTML, like Gecko) Mobile Safari/537.36 (compatible; PetalBot;+https://webmaster.petalsearch.com/site/petalbot)"
114.119.130.54 - - [31/Mar/2026:15:54:44 +0000] "GET /products/detail/84970115/ HTTP/1.1" 404 16 "-" "Mozilla/5.0 (Linux; Android 7.0;) AppleWebKit/537.36 (HTML, like Gecko) Mobile Safari/537.36 (compatible; PetalBot;+https://webmaster.petalsearch.com/site/petalbot)"
114.119.137.91 - - [31/Mar/2026:15:56:28 +0000] "GET /products/detail/84769963/ HTTP/1.1" 404 16 "https://ttka.co.nz/wp-sitemap.xml" "Mozilla/5.0 (Linux; Android 7.0;) AppleWebKit/537.36 (KHTML, like Gecko) Mobile Safari/537.36 (compatible; PetalBot;+https://webmaster.petalsearch.com/site/petalbot)"
114.119.130.54 - - [31/Mar/2026:15:58:01 +0000] "GET /products/detail/84569721/ HTTP/1.1" 404 16 "https://ttka.co.nz/wp-sitemap.xml" "Mozilla/5.0 (Linux; Android 7.0;) AppleWebKit/537.36 (KHTML, like Gecko) Mobile Safari/537.36 (compatible; PetalBot;+https://webmaster.petalsearch.com/site/petalbot)"
114.119.130.54 - - [31/Mar/2026:15:59:43 +0000] "GET /products/detail/84369579/ HTTP/1.1" 404 16 "https://ttka.co.nz/wp-sitemap.xml" "Mozilla/5.0 (Linux; Android 7.0;) AppleWebKit/537.36 (KHTML, like Gecko) Mobile Safari/537.36 (compatible; PetalBot;+https://webmaster.petalsearch.com/site/petalbot)"
114.119.136.75 - - [31/Mar/2026:16:00:43 +0000] "GET /products/detail/84169337/ HTTP/1.1" 404 16 "https://ttka.co.nz/wp-sitemap.xml" "Mozilla/5.0 (Linux; Android 7.0;) AppleWebKit/537.36 (KHTML, like Gecko) Mobile Safari/537.36 (compatible; PetalBot;+https://webmaster.petalsearch.com/site/petalbot)"
114.119.136.75 - - [31/Mar/2026:16:01:39 +0000] "GET /products/detail/83969185/ HTTP/1.1" 404 16 "https://ttka.co.nz/wp-sitemap.xml" "Mozilla/5.0 (Linux; Android 7.0;) AppleWebKit/537.36 (KHTML, like Gecko) Mobile Safari/537.36 (compatible; PetalBot;+https://webmaster.petalsearch.com/site/petalbot)"
40.77.167.230 - - [31/Mar/2026:16:02:02 +0000] "GET /2026/03/07/chisholm-trail-casino-duncan-au/ HTTP/1.1" 404 16 "-" "Mozilla/5.0 AppleWebKit/537.36 (KHTML, like Gecko; compatible; bingbot/2.0; +http://www.bing.com/bingbot.htm) Chrome/116.0.1938.76 Safari/537.36"
52.167.144.220 - - [31/Mar/2026:16:02:22 +0000] "GET /2026/03/07/graton-casino-nz/ HTTP/1.1" 404 16 "-" "Mozilla/5.0 AppleWebKit/537.36 (KHTML, like Gecko; compatible; bingbot/2.0; +http://www.bing.com/bingbot.htm) Chrome/116.0.1938.76 Safari/537.36"
192.42.116.94 - - [31/Mar/2026:16:04:59 +0000] "GET / HTTP/1.1" 200 6844 "-" "Mozilla/5.0 (Linux; Android 10; K) AppleWebKit/537.36 (KHTML, like Gecko) Chrome/138.0.0.0 Mobile Safari/537.36"
45.66.35.34 - - [31/Mar/2026:16:05:05 +0000] "GET / HTTP/1.1" 200 6844 "-" "Mozilla/5.0 (Linux; Android 10; K) AppleWebKit/537.36 (KHTML, like Gecko) Chrome/138.0.0.0 Mobile Safari/537.36"
114.119.151.1 - - [31/Mar/2026:16:05:13 +0000] "GET /products/detail/83568701/ HTTP/1.1" 404 16 "https://ttka.co.nz/wp-sitemap.xml" "Mozilla/5.0 (Linux; Android 7.0;) AppleWebKit/537.36 (KHTML, like Gecko) Mobile Safari/537.36 (compatible; PetalBot;+https://webmaster.petalsearch.com/site/petalbot)"
114.119.132.88 - - [31/Mar/2026:16:06:18 +0000] "GET /products/detail/83368559/ HTTP/1.1" 404 16 "https://ttka.co.nz/wp-sitemap.xml" "Mozilla/5.0 (Linux; Android 7.0;) AppleWebKit/537.36 (KHTML, like Gecko) Mobile Safari/537.36 (compatible; PetalBot;+https://webmaster.petalsearch.com/site/petalbot)"
114.119.136.188 - - [31/Mar/2026:16:07:43 +0000] "GET /products/detail/83168317/ HTTP/1.1" 404 16 "https://ttka.co.nz/wp-sitemap.xml" "Mozilla/5.0 (Linux; Android 7.0;) AppleWebKit/537.36 (KHTML, like Gecko) Mobile Safari/537.36 (compatible; PetalBot;+https://webmaster.petalsearch.com/site/petalbot)"
38.225.2.9 - - [31/Mar/2026:16:08:59 +0000] "GET /2289-link188 HTTP/1.1" 404 16 "-" "Mozilla/5.0+(compatible;+Googlebot/2.1;++http://www.google.com/bot.html)"
114.119.136.75 - - [31/Mar/2026:16:09:31 +0000] "GET /products/detail/82968165/ HTTP/1.1" 404 16 "https://ttka.co.nz/wp-sitemap.xml" "Mozilla/5.0 (Linux; Android 7.0;) AppleWebKit/537.36 (KHTML, like Gecko) Mobile Safari/537.36 (compatible; PetalBot;+https://webmaster.petalsearch.com/site/petalbot)"
114.119.132.88 - - [31/Mar/2026:16:10:07 +0000] "GET /products/detail/82767923/ HTTP/1.1" 404 16 "https://ttka.co.nz/wp-sitemap.xml" "Mozilla/5.0 (Linux; Android 7.0;) AppleWebKit/537.36 (KHTML, like Gecko) Mobile Safari/537.36 (compatible; PetalBot;+https://webmaster.petalsearch.com/site/petalbot)"
40.77.167.43 - - [31/Mar/2026:16:11:04 +0000] "GET /2026/03/07/best-australia-casino/ HTTP/1.1" 404 16 "-" "Mozilla/5.0 AppleWebKit/537.36 (KHTML, like Gecko; compatible; bingbot/2.0; +http://www.bing.com/bingbot.htm) Chrome/116.0.1938.76 Safari/537.36"
114.119.151.5 - - [31/Mar/2026:16:11:24 +0000] "GET /products/detail/82567771/ HTTP/1.1" 404 16 "https://ttka.co.nz/wp-sitemap.xml" "Mozilla/5.0 (Linux; Android 7.0;) AppleWebKit/537.36 (KHTML, like Gecko) Mobile Safari/537.36 (compatible; PetalBot;+https://webmaster.petalsearch.com/site/petalbot)"
114.119.132.88 - - [31/Mar/2026:16:13:01 +0000] "GET /products/detail/82367539/ HTTP/1.1" 404 16 "https://ttka.co.nz/wp-sitemap.xml" "Mozilla/5.0 (Linux; Android 7.0;) AppleWebKit/537.36 (KHTML, like Gecko) Mobile Safari/537.36 (compatible; PetalBot;+https://webmaster.petalsearch.com/site/petalbot)"
114.119.132.88 - - [31/Mar/2026:16:14:13 +0000] "GET /products/detail/86972155/ HTTP/1.1" 404 16 "-" "Mozilla/5.0 (Linux; Android 7.0;) AppleWebKit/537.36 (HTML, like Gecko) Mobile Safari/537.36 (compatible; PetalBot;+https://webmaster.petalsearch.com/site/petalbot)"
40.77.167.42 - - [31/Mar/2026:16:14:26 +0000] "GET /2026/03/06/free-no-deposit-casino-bonuses-nz/ HTTP/1.1" 404 16 "-" "Mozilla/5.0 AppleWebKit/537.36 (KHTML, like Gecko; compatible; bingbot/2.0; +http://www.bing.com/bingbot.htm) Chrome/116.0.1938.76 Safari/537.36"
