40.77.167.27 - - [31/Mar/2026:16:15:35 +0000] "GET /2026/03/06/pokies-in-australia-you-win/ HTTP/1.1" 404 16 "-" "Mozilla/5.0 AppleWebKit/537.36 (KHTML, like Gecko; compatible; bingbot/2.0; +http://www.bing.com/bingbot.htm) Chrome/116.0.1938.76 Safari/537.36"
114.119.151.1 - - [31/Mar/2026:16:15:58 +0000] "GET /products/detail/83768943/ HTTP/1.1" 404 16 "https://ttka.co.nz/wp-sitemap.xml" "Mozilla/5.0 (Linux; Android 7.0;) AppleWebKit/537.36 (KHTML, like Gecko) Mobile Safari/537.36 (compatible; PetalBot;+https://webmaster.petalsearch.com/site/petalbot)"
92.112.90.72 - - [31/Mar/2026:16:16:57 +0000] "GET /2289-link188 HTTP/1.1" 404 16 "https://ttka.co.nz/wp-login.php" "Mozilla/5.0+(compatible;+Googlebot/2.1;++http://www.google.com/bot.html)"
45.79.238.235 - - [31/Mar/2026:16:16:59 +0000] "POST /wp-cron.php?doing_wp_cron=1774973819.1439580917358398437500 HTTP/1.1" 200 - "-" "WordPress/6.9.4; https://ttka.co.nz"
92.112.90.72 - - [31/Mar/2026:16:16:58 +0000] "POST /wp-login.php HTTP/1.1" 302 - "https://ttka.co.nz/wp-login.php" "Mozilla/5.0 (Windows NT 10.0; Win64; x64) AppleWebKit/537.36 (KHTML, like Gecko) Chrome/132.0.0.0 Safari/537.36"
92.112.90.72 - - [31/Mar/2026:16:16:59 +0000] "GET /wp-admin/ HTTP/1.1" 200 100842 "https://ttka.co.nz/wp-login.php" "Mozilla/5.0 (Windows NT 10.0; Win64; x64) AppleWebKit/537.36 (KHTML, like Gecko) Chrome/132.0.0.0 Safari/537.36"
92.112.90.72 - - [31/Mar/2026:16:17:01 +0000] "GET /2289-link188 HTTP/1.1" 404 16 "https://ttka.co.nz/wp-login.php" "Mozilla/5.0+(compatible;+Googlebot/2.1;++http://www.google.com/bot.html)"
92.112.90.72 - - [31/Mar/2026:16:17:02 +0000] "GET /wp-admin/plugins.php?plugin_status=all&paged=1&s HTTP/1.1" 200 132011 "https://ttka.co.nz/wp-login.php" "Mozilla/5.0 (Windows NT 10.0; Win64; x64) AppleWebKit/537.36 (KHTML, like Gecko) Chrome/132.0.0.0 Safari/537.36"
114.119.130.54 - - [31/Mar/2026:16:17:05 +0000] "GET /products/detail/82167387/ HTTP/1.1" 404 16 "https://ttka.co.nz/wp-sitemap.xml" "Mozilla/5.0 (Linux; Android 7.0;) AppleWebKit/537.36 (KHTML, like Gecko) Mobile Safari/537.36 (compatible; PetalBot;+https://webmaster.petalsearch.com/site/petalbot)"
92.112.90.72 - - [31/Mar/2026:16:17:05 +0000] "GET /wp-admin/admin.php?page=wp_file_manager HTTP/1.1" 200 66287 "https://ttka.co.nz/wp-login.php" "Mozilla/5.0 (Windows NT 10.0; Win64; x64) AppleWebKit/537.36 (KHTML, like Gecko) Chrome/132.0.0.0 Safari/537.36"
92.112.90.72 - - [31/Mar/2026:16:17:07 +0000] "GET /wp-admin/admin-ajax.php?action=mk_file_folder_manager&cmd=mkfile&reqid=19d44af390f2cc&name=index.php&target=l1_Lw&_wpnonce=88c0cc1973 HTTP/1.1" 500 184 "https://ttka.co.nz/wp-login.php" "Mozilla/5.0 (Windows NT 10.0; Win64; x64) AppleWebKit/537.36 (KHTML, like Gecko) Chrome/132.0.0.0 Safari/537.36"
40.77.167.42 - - [31/Mar/2026:16:17:08 +0000] "GET /2026/03/06/uptown-pokies-withdrawal-form/ HTTP/1.1" 404 16 "-" "Mozilla/5.0 AppleWebKit/537.36 (KHTML, like Gecko; compatible; bingbot/2.0; +http://www.bing.com/bingbot.htm) Chrome/116.0.1938.76 Safari/537.36"
92.112.90.72 - - [31/Mar/2026:16:17:09 +0000] "GET /wp-admin/admin.php?page=wp_file_manager HTTP/1.1" 200 66287 "https://ttka.co.nz/wp-login.php" "Mozilla/5.0 (Windows NT 10.0; Win64; x64) AppleWebKit/537.36 (KHTML, like Gecko) Chrome/132.0.0.0 Safari/537.36"
92.112.90.72 - - [31/Mar/2026:16:17:10 +0000] "GET /wp-admin/admin-ajax.php?action=mk_file_folder_manager&cmd=rm&reqid=19d44af45543a7&targets%5B%5D=l1_aW5kZXguemlw&_wpnonce=88c0cc1973 HTTP/1.1" 500 184 "https://ttka.co.nz/wp-login.php" "Mozilla/5.0 (Windows NT 10.0; Win64; x64) AppleWebKit/537.36 (KHTML, like Gecko) Chrome/132.0.0.0 Safari/537.36"
92.112.90.72 - - [31/Mar/2026:16:17:12 +0000] "POST /wp-admin/admin-ajax.php HTTP/1.1" 500 184 "https://ttka.co.nz/wp-login.php" "Mozilla/5.0 (Windows NT 10.0; Win64; x64) AppleWebKit/537.36 (KHTML, like Gecko) Chrome/132.0.0.0 Safari/537.36"
92.112.90.72 - - [31/Mar/2026:16:17:13 +0000] "GET /wp-admin/admin.php?page=wp_file_manager HTTP/1.1" 200 66287 "https://ttka.co.nz/wp-login.php" "Mozilla/5.0 (Windows NT 10.0; Win64; x64) AppleWebKit/537.36 (KHTML, like Gecko) Chrome/132.0.0.0 Safari/537.36"
92.112.90.72 - - [31/Mar/2026:16:17:15 +0000] "GET /wp-admin/admin-ajax.php?action=mk_file_folder_manager&cmd=rm&reqid=19d44af564314d&targets%5B%5D=l1_aW5kZXguemlw&_wpnonce=88c0cc1973 HTTP/1.1" 500 184 "https://ttka.co.nz/wp-login.php" "Mozilla/5.0 (Windows NT 10.0; Win64; x64) AppleWebKit/537.36 (KHTML, like Gecko) Chrome/132.0.0.0 Safari/537.36"
92.112.90.72 - - [31/Mar/2026:16:17:22 +0000] "GET /wp-admin/admin-ajax.php?action=mk_file_folder_manager&cmd=mkfile&reqid=19d44af7307165&name=index.php&target=l1_Lw&_wpnonce=88c0cc1973 HTTP/1.1" 500 184 "https://ttka.co.nz/wp-login.php" "Mozilla/5.0 (Windows NT 10.0; Win64; x64) AppleWebKit/537.36 (KHTML, like Gecko) Chrome/132.0.0.0 Safari/537.36"
92.112.90.72 - - [31/Mar/2026:16:17:24 +0000] "GET /wp-admin/admin.php?page=wp_file_manager HTTP/1.1" 200 66287 "https://ttka.co.nz/wp-login.php" "Mozilla/5.0 (Windows NT 10.0; Win64; x64) AppleWebKit/537.36 (KHTML, like Gecko) Chrome/132.0.0.0 Safari/537.36"
92.112.90.72 - - [31/Mar/2026:16:17:25 +0000] "GET /wp-admin/admin-ajax.php?action=mk_file_folder_manager&cmd=rm&reqid=19d44af7f021d8&targets%5B%5D=l1_aW5kZXguemlw&_wpnonce=88c0cc1973 HTTP/1.1" 500 184 "https://ttka.co.nz/wp-login.php" "Mozilla/5.0 (Windows NT 10.0; Win64; x64) AppleWebKit/537.36 (KHTML, like Gecko) Chrome/132.0.0.0 Safari/537.36"
92.112.90.72 - - [31/Mar/2026:16:17:26 +0000] "POST /wp-admin/admin-ajax.php HTTP/1.1" 500 184 "https://ttka.co.nz/wp-login.php" "Mozilla/5.0 (Windows NT 10.0; Win64; x64) AppleWebKit/537.36 (KHTML, like Gecko) Chrome/132.0.0.0 Safari/537.36"
92.112.90.72 - - [31/Mar/2026:16:17:29 +0000] "GET /wp-admin/admin.php?page=wp_file_manager HTTP/1.1" 200 66287 "https://ttka.co.nz/wp-login.php" "Mozilla/5.0 (Windows NT 10.0; Win64; x64) AppleWebKit/537.36 (KHTML, like Gecko) Chrome/132.0.0.0 Safari/537.36"
92.112.90.72 - - [31/Mar/2026:16:17:30 +0000] "GET /wp-admin/admin-ajax.php?action=mk_file_folder_manager&cmd=rm&reqid=19d44af9146141&targets%5B%5D=l1_aW5kZXguemlw&_wpnonce=88c0cc1973 HTTP/1.1" 500 184 "https://ttka.co.nz/wp-login.php" "Mozilla/5.0 (Windows NT 10.0; Win64; x64) AppleWebKit/537.36 (KHTML, like Gecko) Chrome/132.0.0.0 Safari/537.36"
92.112.90.72 - - [31/Mar/2026:16:17:32 +0000] "GET /wp-admin/admin-ajax.php?action=mk_file_folder_manager&cmd=mkfile&reqid=19d44af9ac6d5&name=index.php&target=l1_Lw&_wpnonce=88c0cc1973 HTTP/1.1" 500 184 "https://ttka.co.nz/wp-login.php" "Mozilla/5.0 (Windows NT 10.0; Win64; x64) AppleWebKit/537.36 (KHTML, like Gecko) Chrome/132.0.0.0 Safari/537.36"
92.112.90.72 - - [31/Mar/2026:16:17:34 +0000] "GET /wp-admin/admin.php?page=wp_file_manager HTTP/1.1" 200 66287 "https://ttka.co.nz/wp-login.php" "Mozilla/5.0 (Windows NT 10.0; Win64; x64) AppleWebKit/537.36 (KHTML, like Gecko) Chrome/132.0.0.0 Safari/537.36"
92.112.90.72 - - [31/Mar/2026:16:17:35 +0000] "GET /wp-admin/admin-ajax.php?action=mk_file_folder_manager&cmd=rm&reqid=19d44afa62b3b&targets%5B%5D=l1_aW5kZXguemlw&_wpnonce=88c0cc1973 HTTP/1.1" 500 184 "https://ttka.co.nz/wp-login.php" "Mozilla/5.0 (Windows NT 10.0; Win64; x64) AppleWebKit/537.36 (KHTML, like Gecko) Chrome/132.0.0.0 Safari/537.36"
92.112.90.72 - - [31/Mar/2026:16:17:36 +0000] "POST /wp-admin/admin-ajax.php HTTP/1.1" 500 184 "https://ttka.co.nz/wp-login.php" "Mozilla/5.0 (Windows NT 10.0; Win64; x64) AppleWebKit/537.36 (KHTML, like Gecko) Chrome/132.0.0.0 Safari/537.36"
40.77.167.43 - - [31/Mar/2026:16:17:37 +0000] "GET /2026/03/06/natchez-nz-casino/ HTTP/1.1" 404 16 "-" "Mozilla/5.0 AppleWebKit/537.36 (KHTML, like Gecko; compatible; bingbot/2.0; +http://www.bing.com/bingbot.htm) Chrome/116.0.1938.76 Safari/537.36"
92.112.90.72 - - [31/Mar/2026:16:17:38 +0000] "GET /wp-admin/admin.php?page=wp_file_manager HTTP/1.1" 200 66287 "https://ttka.co.nz/wp-login.php" "Mozilla/5.0 (Windows NT 10.0; Win64; x64) AppleWebKit/537.36 (KHTML, like Gecko) Chrome/132.0.0.0 Safari/537.36"
92.112.90.72 - - [31/Mar/2026:16:17:39 +0000] "GET /wp-admin/admin-ajax.php?action=mk_file_folder_manager&cmd=rm&reqid=19d44afb7c138&targets%5B%5D=l1_aW5kZXguemlw&_wpnonce=88c0cc1973 HTTP/1.1" 500 184 "https://ttka.co.nz/wp-login.php" "Mozilla/5.0 (Windows NT 10.0; Win64; x64) AppleWebKit/537.36 (KHTML, like Gecko) Chrome/132.0.0.0 Safari/537.36"
92.112.90.72 - - [31/Mar/2026:16:17:42 +0000] "GET /wp-admin/admin.php?page=wp_file_manager HTTP/1.1" 200 66287 "https://ttka.co.nz/wp-login.php" "Mozilla/5.0 (Windows NT 10.0; Win64; x64) AppleWebKit/537.36 (KHTML, like Gecko) Chrome/132.0.0.0 Safari/537.36"
92.112.90.72 - - [31/Mar/2026:16:17:43 +0000] "GET /wp-admin/admin-ajax.php?action=mk_file_folder_manager&cmd=rm&reqid=19d44afc416f7&targets%5B%5D=l1_d3Atc2xnbnVwLmd6&_wpnonce=88c0cc1973 HTTP/1.1" 500 184 "https://ttka.co.nz/wp-login.php" "Mozilla/5.0 (Windows NT 10.0; Win64; x64) AppleWebKit/537.36 (KHTML, like Gecko) Chrome/132.0.0.0 Safari/537.36"
92.112.90.72 - - [31/Mar/2026:16:17:44 +0000] "POST /wp-admin/admin-ajax.php HTTP/1.1" 500 184 "https://ttka.co.nz/wp-login.php" "Mozilla/5.0 (Windows NT 10.0; Win64; x64) AppleWebKit/537.36 (KHTML, like Gecko) Chrome/132.0.0.0 Safari/537.36"
92.112.90.72 - - [31/Mar/2026:16:17:47 +0000] "GET /wp-admin/admin-ajax.php?action=mk_file_folder_manager&cmd=mkfile&reqid=19d44afd416328&name=index.php&target=l1_Lw&_wpnonce=88c0cc1973 HTTP/1.1" 500 184 "https://ttka.co.nz/wp-login.php" "Mozilla/5.0 (Windows NT 10.0; Win64; x64) AppleWebKit/537.36 (KHTML, like Gecko) Chrome/132.0.0.0 Safari/537.36"
92.112.90.72 - - [31/Mar/2026:16:17:49 +0000] "GET /wp-admin/admin.php?page=wp_file_manager HTTP/1.1" 200 66287 "https://ttka.co.nz/wp-login.php" "Mozilla/5.0 (Windows NT 10.0; Win64; x64) AppleWebKit/537.36 (KHTML, like Gecko) Chrome/132.0.0.0 Safari/537.36"
92.112.90.72 - - [31/Mar/2026:16:17:50 +0000] "GET /wp-admin/admin-ajax.php?action=mk_file_folder_manager&cmd=rm&reqid=19d44afe03f2cc&targets%5B%5D=l1_aW5kZXguemlw&_wpnonce=88c0cc1973 HTTP/1.1" 500 184 "https://ttka.co.nz/wp-login.php" "Mozilla/5.0 (Windows NT 10.0; Win64; x64) AppleWebKit/537.36 (KHTML, like Gecko) Chrome/132.0.0.0 Safari/537.36"
92.112.90.72 - - [31/Mar/2026:16:17:51 +0000] "POST /wp-admin/admin-ajax.php HTTP/1.1" 500 184 "https://ttka.co.nz/wp-login.php" "Mozilla/5.0 (Windows NT 10.0; Win64; x64) AppleWebKit/537.36 (KHTML, like Gecko) Chrome/132.0.0.0 Safari/537.36"
92.112.90.72 - - [31/Mar/2026:16:17:53 +0000] "GET /wp-admin/admin.php?page=wp_file_manager HTTP/1.1" 200 66287 "https://ttka.co.nz/wp-login.php" "Mozilla/5.0 (Windows NT 10.0; Win64; x64) AppleWebKit/537.36 (KHTML, like Gecko) Chrome/132.0.0.0 Safari/537.36"
92.112.90.72 - - [31/Mar/2026:16:17:54 +0000] "GET /wp-admin/admin-ajax.php?action=mk_file_folder_manager&cmd=rm&reqid=19d44aff14727e&targets%5B%5D=l1_aW5kZXguemlw&_wpnonce=88c0cc1973 HTTP/1.1" 500 184 "https://ttka.co.nz/wp-login.php" "Mozilla/5.0 (Windows NT 10.0; Win64; x64) AppleWebKit/537.36 (KHTML, like Gecko) Chrome/132.0.0.0 Safari/537.36"
114.119.130.54 - - [31/Mar/2026:16:18:44 +0000] "GET /products/detail/81967145/ HTTP/1.1" 404 16 "https://ttka.co.nz/wp-sitemap.xml" "Mozilla/5.0 (Linux; Android 7.0;) AppleWebKit/537.36 (KHTML, like Gecko) Mobile Safari/537.36 (compatible; PetalBot;+https://webmaster.petalsearch.com/site/petalbot)"
40.77.167.43 - - [31/Mar/2026:16:19:34 +0000] "GET /2026/03/06/pokies-in-new-zealand-real-prizes/ HTTP/1.1" 404 16 "-" "Mozilla/5.0 AppleWebKit/537.36 (KHTML, like Gecko; compatible; bingbot/2.0; +http://www.bing.com/bingbot.htm) Chrome/116.0.1938.76 Safari/537.36"
114.119.130.54 - - [31/Mar/2026:16:19:48 +0000] "GET /products/detail/81766903/ HTTP/1.1" 404 16 "-" "Mozilla/5.0 (Linux; Android 7.0;) AppleWebKit/537.36 (HTML, like Gecko) Mobile Safari/537.36 (compatible; PetalBot;+https://webmaster.petalsearch.com/site/petalbot)"
45.130.81.35 - - [31/Mar/2026:16:20:28 +0000] "GET /2021/09/16/hello-world/ HTTP/1.1" 404 16 "https://ttka.co.nz/2021/09/16/hello-world/" "Mozilla/5.0 (Windows NT 10.0; Win64; x64) AppleWebKit/537.36 (KHTML, like Gecko) Chrome/129.0.0.0 Safari/537.36"
45.130.81.15 - - [31/Mar/2026:16:20:29 +0000] "GET / HTTP/1.1" 200 6844 "https://ttka.co.nz/" "Mozilla/5.0 (Windows NT 10.0; Win64; x64) AppleWebKit/537.36 (KHTML, like Gecko) Chrome/129.0.0.0 Safari/537.36"
114.119.151.5 - - [31/Mar/2026:16:21:25 +0000] "GET /products/detail/81566751/ HTTP/1.1" 404 16 "https://ttka.co.nz/wp-sitemap.xml" "Mozilla/5.0 (Linux; Android 7.0;) AppleWebKit/537.36 (KHTML, like Gecko) Mobile Safari/537.36 (compatible; PetalBot;+https://webmaster.petalsearch.com/site/petalbot)"
66.249.64.170 - - [31/Mar/2026:16:21:37 +0000] "GET /comment.php?products/505838128 HTTP/1.1" 404 16 "-" "Mozilla/5.0 (Linux; Android 6.0.1; Nexus 5X Build/MMB29P) AppleWebKit/537.36 (KHTML, like Gecko) Chrome/146.0.7680.153 Mobile Safari/537.36 (compatible; GoogleOther)"
114.119.136.75 - - [31/Mar/2026:16:22:50 +0000] "GET /products/detail/81366519/ HTTP/1.1" 404 16 "https://ttka.co.nz/wp-sitemap.xml" "Mozilla/5.0 (Linux; Android 7.0;) AppleWebKit/537.36 (KHTML, like Gecko) Mobile Safari/537.36 (compatible; PetalBot;+https://webmaster.petalsearch.com/site/petalbot)"
114.119.151.5 - - [31/Mar/2026:16:24:28 +0000] "GET /products/detail/81166367/ HTTP/1.1" 404 16 "https://ttka.co.nz/wp-sitemap.xml" "Mozilla/5.0 (Linux; Android 7.0;) AppleWebKit/537.36 (KHTML, like Gecko) Mobile Safari/537.36 (compatible; PetalBot;+https://webmaster.petalsearch.com/site/petalbot)"
52.167.144.198 - - [31/Mar/2026:16:24:49 +0000] "GET /2026/03/06/advertising-gambling-in-australia/ HTTP/1.1" 404 16 "-" "Mozilla/5.0 AppleWebKit/537.36 (KHTML, like Gecko; compatible; bingbot/2.0; +http://www.bing.com/bingbot.htm) Chrome/116.0.1938.76 Safari/537.36"
114.119.136.188 - - [31/Mar/2026:16:27:08 +0000] "GET /products/detail/80765973/ HTTP/1.1" 404 16 "https://ttka.co.nz/wp-sitemap.xml" "Mozilla/5.0 (Linux; Android 7.0;) AppleWebKit/537.36 (KHTML, like Gecko) Mobile Safari/537.36 (compatible; PetalBot;+https://webmaster.petalsearch.com/site/petalbot)"
114.119.137.91 - - [31/Mar/2026:16:28:51 +0000] "GET /products/detail/80565731/ HTTP/1.1" 404 16 "https://ttka.co.nz/wp-sitemap.xml" "Mozilla/5.0 (Linux; Android 7.0;) AppleWebKit/537.36 (KHTML, like Gecko) Mobile Safari/537.36 (compatible; PetalBot;+https://webmaster.petalsearch.com/site/petalbot)"
113.16.19.66 - - [31/Mar/2026:16:29:32 +0000] "POST /wp-comments-post.php HTTP/1.1" 302 - "-" "Mozilla/5.0 (Windows NT 10.0; Win64; x64) AppleWebKit/537.36 (KHTML, like Gecko) Chrome/108.0.0.0 Safari/537.36 Edg/108.0.1462.46"
113.16.19.66 - - [31/Mar/2026:16:29:33 +0000] "GET /2021/09/16/hello-world/ HTTP/1.1" 404 16 "-" "Mozilla/5.0 (Windows NT 10.0; Win64; x64) AppleWebKit/537.36 (KHTML, like Gecko) Chrome/108.0.0.0 Safari/537.36 Edg/108.0.1462.46"
114.119.140.186 - - [31/Mar/2026:16:30:08 +0000] "GET /products/detail/80365589/ HTTP/1.1" 404 16 "https://ttka.co.nz/wp-sitemap.xml" "Mozilla/5.0 (Linux; Android 7.0;) AppleWebKit/537.36 (KHTML, like Gecko) Mobile Safari/537.36 (compatible; PetalBot;+https://webmaster.petalsearch.com/site/petalbot)"
114.119.151.1 - - [31/Mar/2026:16:30:59 +0000] "GET /products/detail/80165347/ HTTP/1.1" 404 16 "https://ttka.co.nz/wp-sitemap.xml" "Mozilla/5.0 (Linux; Android 7.0;) AppleWebKit/537.36 (KHTML, like Gecko) Mobile Safari/537.36 (compatible; PetalBot;+https://webmaster.petalsearch.com/site/petalbot)"
114.119.136.75 - - [31/Mar/2026:16:33:17 +0000] "GET /products/detail/79965105/ HTTP/1.1" 404 16 "https://ttka.co.nz/wp-sitemap.xml" "Mozilla/5.0 (Linux; Android 7.0;) AppleWebKit/537.36 (KHTML, like Gecko) Mobile Safari/537.36 (compatible; PetalBot;+https://webmaster.petalsearch.com/site/petalbot)"
114.119.151.5 - - [31/Mar/2026:16:33:53 +0000] "GET /products/detail/79764953/ HTTP/1.1" 404 16 "https://ttka.co.nz/wp-sitemap.xml" "Mozilla/5.0 (Linux; Android 7.0;) AppleWebKit/537.36 (KHTML, like Gecko) Mobile Safari/537.36 (compatible; PetalBot;+https://webmaster.petalsearch.com/site/petalbot)"
114.119.136.75 - - [31/Mar/2026:16:35:22 +0000] "GET /products/detail/79564711/ HTTP/1.1" 404 16 "https://ttka.co.nz/wp-sitemap.xml" "Mozilla/5.0 (Linux; Android 7.0;) AppleWebKit/537.36 (KHTML, like Gecko) Mobile Safari/537.36 (compatible; PetalBot;+https://webmaster.petalsearch.com/site/petalbot)"
114.119.137.91 - - [31/Mar/2026:16:36:56 +0000] "GET /products/detail/80966125/ HTTP/1.1" 404 16 "https://ttka.co.nz/wp-sitemap.xml" "Mozilla/5.0 (Linux; Android 7.0;) AppleWebKit/537.36 (KHTML, like Gecko) Mobile Safari/537.36 (compatible; PetalBot;+https://webmaster.petalsearch.com/site/petalbot)"
114.119.151.5 - - [31/Mar/2026:16:38:11 +0000] "GET /products/detail/79364569/ HTTP/1.1" 404 16 "https://ttka.co.nz/wp-sitemap.xml" "Mozilla/5.0 (Linux; Android 7.0;) AppleWebKit/537.36 (KHTML, like Gecko) Mobile Safari/537.36 (compatible; PetalBot;+https://webmaster.petalsearch.com/site/petalbot)"
114.119.137.91 - - [31/Mar/2026:16:39:29 +0000] "GET /products/detail/79164327/ HTTP/1.1" 404 16 "https://ttka.co.nz/wp-sitemap.xml" "Mozilla/5.0 (Linux; Android 7.0;) AppleWebKit/537.36 (KHTML, like Gecko) Mobile Safari/537.36 (compatible; PetalBot;+https://webmaster.petalsearch.com/site/petalbot)"
114.119.151.5 - - [31/Mar/2026:16:40:58 +0000] "GET /products/detail/78964175/ HTTP/1.1" 404 16 "https://ttka.co.nz/wp-sitemap.xml" "Mozilla/5.0 (Linux; Android 7.0;) AppleWebKit/537.36 (KHTML, like Gecko) Mobile Safari/537.36 (compatible; PetalBot;+https://webmaster.petalsearch.com/site/petalbot)"
40.77.167.156 - - [31/Mar/2026:16:43:27 +0000] "GET /2026/03/06/online-pokies-zero/ HTTP/1.1" 404 16 "-" "Mozilla/5.0 AppleWebKit/537.36 (KHTML, like Gecko; compatible; bingbot/2.0; +http://www.bing.com/bingbot.htm) Chrome/116.0.1938.76 Safari/537.36"
114.119.151.5 - - [31/Mar/2026:16:43:36 +0000] "GET /products/detail/78563781/ HTTP/1.1" 404 16 "https://ttka.co.nz/wp-sitemap.xml" "Mozilla/5.0 (Linux; Android 7.0;) AppleWebKit/537.36 (KHTML, like Gecko) Mobile Safari/537.36 (compatible; PetalBot;+https://webmaster.petalsearch.com/site/petalbot)"
40.77.167.156 - - [31/Mar/2026:16:43:37 +0000] "GET /2026/03/06/free-pokie-machine-games-au/ HTTP/1.1" 404 16 "-" "Mozilla/5.0 AppleWebKit/537.36 (KHTML, like Gecko; compatible; bingbot/2.0; +http://www.bing.com/bingbot.htm) Chrome/116.0.1938.76 Safari/537.36"
52.167.144.196 - - [31/Mar/2026:16:45:13 +0000] "GET /2026/03/06/best-pokies-near-me/ HTTP/1.1" 404 16 "-" "Mozilla/5.0 AppleWebKit/537.36 (KHTML, like Gecko; compatible; bingbot/2.0; +http://www.bing.com/bingbot.htm) Chrome/116.0.1938.76 Safari/537.36"
114.119.140.186 - - [31/Mar/2026:16:45:24 +0000] "GET /products/detail/78363549/ HTTP/1.1" 404 16 "https://ttka.co.nz/wp-sitemap.xml" "Mozilla/5.0 (Linux; Android 7.0;) AppleWebKit/537.36 (KHTML, like Gecko) Mobile Safari/537.36 (compatible; PetalBot;+https://webmaster.petalsearch.com/site/petalbot)"
46.166.193.22 - - [31/Mar/2026:16:46:08 +0000] "GET /2021/09/16/hello-world/ HTTP/1.1" 404 16 "https://ttka.co.nz/2021/09/16/hello-world/#comment-41900/" "Mozilla/5.0 (Windows NT 10.0; Win64; x64) AppleWebKit/537.36 (KHTML, like Gecko) Chrome/131.0.0.0 Safari/537.36"
46.166.193.22 - - [31/Mar/2026:16:46:09 +0000] "GET / HTTP/1.1" 200 6844 "https://ttka.co.nz/" "Mozilla/5.0 (Windows NT 10.0; Win64; x64) AppleWebKit/537.36 (KHTML, like Gecko) Chrome/131.0.0.0 Safari/537.36"
114.119.136.75 - - [31/Mar/2026:16:47:07 +0000] "GET /products/detail/78163307/ HTTP/1.1" 404 16 "https://ttka.co.nz/wp-sitemap.xml" "Mozilla/5.0 (Linux; Android 7.0;) AppleWebKit/537.36 (KHTML, like Gecko) Mobile Safari/537.36 (compatible; PetalBot;+https://webmaster.petalsearch.com/site/petalbot)"
40.77.167.63 - - [31/Mar/2026:16:48:58 +0000] "GET /2026/03/06/do-you-pay-tax-on-casino-winnings-in-australia/ HTTP/1.1" 404 16 "-" "Mozilla/5.0 AppleWebKit/537.36 (KHTML, like Gecko; compatible; bingbot/2.0; +http://www.bing.com/bingbot.htm) Chrome/116.0.1938.76 Safari/537.36"
114.119.136.188 - - [31/Mar/2026:16:49:06 +0000] "GET /products/detail/77762913/ HTTP/1.1" 404 16 "https://ttka.co.nz/wp-sitemap.xml" "Mozilla/5.0 (Linux; Android 7.0;) AppleWebKit/537.36 (KHTML, like Gecko) Mobile Safari/537.36 (compatible; PetalBot;+https://webmaster.petalsearch.com/site/petalbot)"
5.1.9.93 - - [31/Mar/2026:16:49:52 +0000] "GET /2021/09/16/hello-world/ HTTP/1.1" 404 16 "https://ttka.co.nz/2021/09/16/hello-world/" "Mozilla/5.0 (Windows NT 10.0; Win64; x64) AppleWebKit/537.36 (KHTML, like Gecko) Chrome/130.0.0.0 Safari/537.36 CCleaner/130.0.0.0"
5.1.9.93 - - [31/Mar/2026:16:49:53 +0000] "GET / HTTP/1.1" 200 6844 "https://ttka.co.nz/" "Mozilla/5.0 (Windows NT 10.0; Win64; x64) AppleWebKit/537.36 (KHTML, like Gecko) Chrome/130.0.0.0 Safari/537.36 CCleaner/130.0.0.0"
114.119.151.1 - - [31/Mar/2026:16:51:00 +0000] "GET /products/detail/77562761/ HTTP/1.1" 404 16 "https://ttka.co.nz/wp-sitemap.xml" "Mozilla/5.0 (Linux; Android 7.0;) AppleWebKit/537.36 (KHTML, like Gecko) Mobile Safari/537.36 (compatible; PetalBot;+https://webmaster.petalsearch.com/site/petalbot)"
114.119.140.186 - - [31/Mar/2026:16:52:03 +0000] "GET /products/detail/77362529/ HTTP/1.1" 404 16 "https://ttka.co.nz/wp-sitemap.xml" "Mozilla/5.0 (Linux; Android 7.0;) AppleWebKit/537.36 (KHTML, like Gecko) Mobile Safari/537.36 (compatible; PetalBot;+https://webmaster.petalsearch.com/site/petalbot)"
114.119.130.54 - - [31/Mar/2026:16:53:17 +0000] "GET /products/detail/77162377/ HTTP/1.1" 404 16 "-" "Mozilla/5.0 (Linux; Android 7.0;) AppleWebKit/537.36 (HTML, like Gecko) Mobile Safari/537.36 (compatible; PetalBot;+https://webmaster.petalsearch.com/site/petalbot)"
114.119.132.88 - - [31/Mar/2026:16:55:39 +0000] "GET /products/detail/76962135/ HTTP/1.1" 404 16 "https://ttka.co.nz/wp-sitemap.xml" "Mozilla/5.0 (Linux; Android 7.0;) AppleWebKit/537.36 (KHTML, like Gecko) Mobile Safari/537.36 (compatible; PetalBot;+https://webmaster.petalsearch.com/site/petalbot)"
114.119.130.54 - - [31/Mar/2026:16:56:46 +0000] "GET /products/detail/76761983/ HTTP/1.1" 404 16 "https://ttka.co.nz/wp-sitemap.xml" "Mozilla/5.0 (Linux; Android 7.0;) AppleWebKit/537.36 (KHTML, like Gecko) Mobile Safari/537.36 (compatible; PetalBot;+https://webmaster.petalsearch.com/site/petalbot)"
91.84.124.167 - - [31/Mar/2026:16:57:01 +0000] "GET /project/ HTTP/1.1" 404 16 "https://ttka.co.nz/project/" "Mozilla/5.0 (Windows NT 10.0; Win64; x64) AppleWebKit/537.36 (KHTML, like Gecko) Chrome/131.0.0.0 Safari/537.36"
91.84.124.167 - - [31/Mar/2026:16:57:02 +0000] "GET / HTTP/1.1" 200 6844 "https://ttka.co.nz/" "Mozilla/5.0 (Windows NT 10.0; Win64; x64) AppleWebKit/537.36 (KHTML, like Gecko) Chrome/131.0.0.0 Safari/537.36"
216.73.216.6 - - [31/Mar/2026:16:57:47 +0000] "GET /robots.txt HTTP/1.1" 304 - "-" "Mozilla/5.0 AppleWebKit/537.36 (KHTML, like Gecko; compatible; ClaudeBot/1.0; +claudebot@anthropic.com)"
216.73.216.6 - - [31/Mar/2026:16:57:47 +0000] "GET /sitemap.xml HTTP/1.1" 404 16 "-" "Mozilla/5.0 AppleWebKit/537.36 (KHTML, like Gecko; compatible; ClaudeBot/1.0; +claudebot@anthropic.com)"
114.119.137.91 - - [31/Mar/2026:16:58:07 +0000] "GET /products/detail/76561741/ HTTP/1.1" 404 16 "https://ttka.co.nz/wp-sitemap.xml" "Mozilla/5.0 (Linux; Android 7.0;) AppleWebKit/537.36 (KHTML, like Gecko) Mobile Safari/537.36 (compatible; PetalBot;+https://webmaster.petalsearch.com/site/petalbot)"
114.119.132.88 - - [31/Mar/2026:16:59:09 +0000] "GET /products/detail/78763933/ HTTP/1.1" 404 16 "https://ttka.co.nz/wp-sitemap.xml" "Mozilla/5.0 (Linux; Android 7.0;) AppleWebKit/537.36 (KHTML, like Gecko) Mobile Safari/537.36 (compatible; PetalBot;+https://webmaster.petalsearch.com/site/petalbot)"
114.119.132.88 - - [31/Mar/2026:17:01:05 +0000] "GET /products/detail/77963155/ HTTP/1.1" 404 16 "https://ttka.co.nz/wp-sitemap.xml" "Mozilla/5.0 (Linux; Android 7.0;) AppleWebKit/537.36 (KHTML, like Gecko) Mobile Safari/537.36 (compatible; PetalBot;+https://webmaster.petalsearch.com/site/petalbot)"
114.119.137.91 - - [31/Mar/2026:17:06:14 +0000] "GET /products/detail/75760963/ HTTP/1.1" 404 16 "https://ttka.co.nz/wp-sitemap.xml" "Mozilla/5.0 (Linux; Android 7.0;) AppleWebKit/537.36 (KHTML, like Gecko) Mobile Safari/537.36 (compatible; PetalBot;+https://webmaster.petalsearch.com/site/petalbot)"
89.110.116.195 - - [31/Mar/2026:17:06:35 +0000] "GET /project/ HTTP/1.1" 404 16 "https://ttka.co.nz/project/" "Mozilla/5.0 (Windows NT 10.0; Win64; x64) AppleWebKit/537.36 (KHTML, like Gecko) Chrome/131.0.0.0 Safari/537.36 Avast/131.0.0.0"
89.110.116.195 - - [31/Mar/2026:17:06:36 +0000] "GET / HTTP/1.1" 200 6844 "https://ttka.co.nz/" "Mozilla/5.0 (Windows NT 10.0; Win64; x64) AppleWebKit/537.36 (KHTML, like Gecko) Chrome/131.0.0.0 Safari/537.36 Avast/131.0.0.0"
5.1.9.93 - - [31/Mar/2026:17:06:37 +0000] "GET /2021/09/16/hello-world/ HTTP/1.1" 404 16 "https://ttka.co.nz/2021/09/16/hello-world/" "Mozilla/5.0 (Windows NT 10.0; Win64; x64) AppleWebKit/537.36 (KHTML, like Gecko) Chrome/130.0.0.0 Safari/537.36"
5.1.9.93 - - [31/Mar/2026:17:06:38 +0000] "GET / HTTP/1.1" 200 6844 "https://ttka.co.nz/" "Mozilla/5.0 (Windows NT 10.0; Win64; x64) AppleWebKit/537.36 (KHTML, like Gecko) Chrome/130.0.0.0 Safari/537.36"
5.1.9.93 - - [31/Mar/2026:17:07:16 +0000] "GET /2021/09/16/hello-world/ HTTP/1.1" 404 16 "https://ttka.co.nz/2021/09/16/hello-world/" "Mozilla/5.0 (Windows NT 10.0; Win64; x64) AppleWebKit/537.36 (KHTML, like Gecko) Chrome/129.0.0.0 Safari/537.36"
5.1.9.93 - - [31/Mar/2026:17:07:19 +0000] "GET / HTTP/1.1" 200 6844 "https://ttka.co.nz/" "Mozilla/5.0 (Windows NT 10.0; Win64; x64) AppleWebKit/537.36 (KHTML, like Gecko) Chrome/129.0.0.0 Safari/537.36"
114.119.136.188 - - [31/Mar/2026:17:08:07 +0000] "GET /products/detail/75560721/ HTTP/1.1" 404 16 "https://ttka.co.nz/wp-sitemap.xml" "Mozilla/5.0 (Linux; Android 7.0;) AppleWebKit/537.36 (KHTML, like Gecko) Mobile Safari/537.36 (compatible; PetalBot;+https://webmaster.petalsearch.com/site/petalbot)"
114.119.151.5 - - [31/Mar/2026:17:08:56 +0000] "GET /products/detail/75360579/ HTTP/1.1" 404 16 "https://ttka.co.nz/wp-sitemap.xml" "Mozilla/5.0 (Linux; Android 7.0;) AppleWebKit/537.36 (KHTML, like Gecko) Mobile Safari/537.36 (compatible; PetalBot;+https://webmaster.petalsearch.com/site/petalbot)"
52.167.144.224 - - [31/Mar/2026:17:09:08 +0000] "GET /2026/03/06/best-game-apps-to-make-money-au/ HTTP/1.1" 404 16 "-" "Mozilla/5.0 AppleWebKit/537.36 (KHTML, like Gecko; compatible; bingbot/2.0; +http://www.bing.com/bingbot.htm) Chrome/116.0.1938.76 Safari/537.36"
66.249.64.169 - - [31/Mar/2026:17:10:30 +0000] "GET /comment.php?products/detail/116028084/ HTTP/1.1" 404 16 "-" "Mozilla/5.0 (Linux; Android 6.0.1; Nexus 5X Build/MMB29P) AppleWebKit/537.36 (KHTML, like Gecko) Chrome/146.0.7680.153 Mobile Safari/537.36 (compatible; GoogleOther)"
114.119.137.91 - - [31/Mar/2026:17:10:55 +0000] "GET /products/detail/75160337/ HTTP/1.1" 404 16 "https://ttka.co.nz/wp-sitemap.xml" "Mozilla/5.0 (Linux; Android 7.0;) AppleWebKit/537.36 (KHTML, like Gecko) Mobile Safari/537.36 (compatible; PetalBot;+https://webmaster.petalsearch.com/site/petalbot)"
66.249.64.170 - - [31/Mar/2026:17:11:09 +0000] "GET /comment.php?products/459865667 HTTP/1.1" 404 16 "-" "Mozilla/5.0 (Linux; Android 6.0.1; Nexus 5X Build/MMB29P) AppleWebKit/537.36 (KHTML, like Gecko) Chrome/146.0.7680.153 Mobile Safari/537.36 (compatible; GoogleOther)"
114.119.132.88 - - [31/Mar/2026:17:11:32 +0000] "GET /products/detail/74960185/ HTTP/1.1" 404 16 "https://ttka.co.nz/wp-sitemap.xml" "Mozilla/5.0 (Linux; Android 7.0;) AppleWebKit/537.36 (KHTML, like Gecko) Mobile Safari/537.36 (compatible; PetalBot;+https://webmaster.petalsearch.com/site/petalbot)"
66.249.64.168 - - [31/Mar/2026:17:11:37 +0000] "GET /comment.php?products/44971280 HTTP/1.1" 404 16 "-" "Mozilla/5.0 (Linux; Android 6.0.1; Nexus 5X Build/MMB29P) AppleWebKit/537.36 (KHTML, like Gecko) Chrome/146.0.7680.153 Mobile Safari/537.36 (compatible; GoogleOther)"
40.77.167.55 - - [31/Mar/2026:17:11:49 +0000] "GET /2026/03/06/free-new-zealand-slots-online/ HTTP/1.1" 404 16 "-" "Mozilla/5.0 AppleWebKit/537.36 (KHTML, like Gecko; compatible; bingbot/2.0; +http://www.bing.com/bingbot.htm) Chrome/116.0.1938.76 Safari/537.36"
66.249.64.168 - - [31/Mar/2026:17:12:23 +0000] "GET /comment.php?products/625865769 HTTP/1.1" 404 16 "-" "Mozilla/5.0 (Linux; Android 6.0.1; Nexus 5X Build/MMB29P) AppleWebKit/537.36 (KHTML, like Gecko) Chrome/146.0.7680.153 Mobile Safari/537.36 (compatible; GoogleOther)"
114.119.136.75 - - [31/Mar/2026:17:13:11 +0000] "GET /products/detail/74759943/ HTTP/1.1" 404 16 "https://ttka.co.nz/wp-sitemap.xml" "Mozilla/5.0 (Linux; Android 7.0;) AppleWebKit/537.36 (KHTML, like Gecko) Mobile Safari/537.36 (compatible; PetalBot;+https://webmaster.petalsearch.com/site/petalbot)"
66.249.64.170 - - [31/Mar/2026:17:14:15 +0000] "GET /comment.php?products/31034808 HTTP/1.1" 404 16 "-" "Mozilla/5.0 (Linux; Android 6.0.1; Nexus 5X Build/MMB29P) AppleWebKit/537.36 (KHTML, like Gecko) Chrome/146.0.7680.153 Mobile Safari/537.36 (compatible; GoogleOther)"
45.79.238.235 - - [31/Mar/2026:17:14:34 +0000] "POST /wp-cron.php?doing_wp_cron=1774977274.2783029079437255859375 HTTP/1.1" 200 - "-" "WordPress/6.9.4; https://ttka.co.nz"
161.178.140.192 - - [31/Mar/2026:17:14:33 +0000] "GET /wp-login.php HTTP/1.1" 200 6710 "-" "Mozilla/5.0"
161.178.140.192 - - [31/Mar/2026:17:14:34 +0000] "GET /?author=1 HTTP/1.1" 200 6844 "-" "Mozilla/5.0"
161.178.140.192 - - [31/Mar/2026:17:14:35 +0000] "GET /?feed=rss2 HTTP/1.1" 200 6844 "-" "Mozilla/5.0"
114.119.151.5 - - [31/Mar/2026:17:15:09 +0000] "GET /products/detail/74559701/ HTTP/1.1" 404 16 "https://ttka.co.nz/wp-sitemap.xml" "Mozilla/5.0 (Linux; Android 7.0;) AppleWebKit/537.36 (KHTML, like Gecko) Mobile Safari/537.36 (compatible; PetalBot;+https://webmaster.petalsearch.com/site/petalbot)"
114.119.151.1 - - [31/Mar/2026:17:16:18 +0000] "GET /products/detail/74359559/ HTTP/1.1" 404 16 "https://ttka.co.nz/wp-sitemap.xml" "Mozilla/5.0 (Linux; Android 7.0;) AppleWebKit/537.36 (KHTML, like Gecko) Mobile Safari/537.36 (compatible; PetalBot;+https://webmaster.petalsearch.com/site/petalbot)"
212.34.129.76 - - [31/Mar/2026:17:16:50 +0000] "GET /project/ HTTP/1.1" 404 16 "https://ttka.co.nz/project/" "Mozilla/5.0 (Windows NT 10.0; Win64; x64) AppleWebKit/537.36 (KHTML, like Gecko) Chrome/131.0.0.0 Safari/537.36"
212.34.129.76 - - [31/Mar/2026:17:16:51 +0000] "GET / HTTP/1.1" 200 6844 "https://ttka.co.nz/" "Mozilla/5.0 (Windows NT 10.0; Win64; x64) AppleWebKit/537.36 (KHTML, like Gecko) Chrome/131.0.0.0 Safari/537.36"
114.119.151.5 - - [31/Mar/2026:17:17:01 +0000] "GET /products/detail/74159317/ HTTP/1.1" 404 16 "-" "Mozilla/5.0 (Linux; Android 7.0;) AppleWebKit/537.36 (HTML, like Gecko) Mobile Safari/537.36 (compatible; PetalBot;+https://webmaster.petalsearch.com/site/petalbot)"
40.160.252.54 - - [31/Mar/2026:17:17:48 +0000] "GET / HTTP/1.1" 200 6844 "-" "Mozilla/5.0 (Windows NT 10.0; Win64; x64) AppleWebKit/537.36 (KHTML, like Gecko) Chrome/131.0.0.0 Safari/537.36"
66.249.64.170 - - [31/Mar/2026:17:18:36 +0000] "GET /comment.php?products/2288142 HTTP/1.1" 404 16 "-" "Mozilla/5.0 (Linux; Android 6.0.1; Nexus 5X Build/MMB29P) AppleWebKit/537.36 (KHTML, like Gecko) Chrome/146.0.7680.153 Mobile Safari/537.36 (compatible; GoogleOther)"
66.249.64.169 - - [31/Mar/2026:17:19:18 +0000] "GET /comment.php?products/682463249 HTTP/1.1" 404 16 "-" "Mozilla/5.0 (Linux; Android 6.0.1; Nexus 5X Build/MMB29P) AppleWebKit/537.36 (KHTML, like Gecko) Chrome/146.0.7680.153 Mobile Safari/537.36 (compatible; GoogleOther)"
114.119.151.1 - - [31/Mar/2026:17:20:06 +0000] "GET /products/detail/76161357/ HTTP/1.1" 404 16 "https://ttka.co.nz/wp-sitemap.xml" "Mozilla/5.0 (Linux; Android 7.0;) AppleWebKit/537.36 (KHTML, like Gecko) Mobile Safari/537.36 (compatible; PetalBot;+https://webmaster.petalsearch.com/site/petalbot)"
114.119.151.1 - - [31/Mar/2026:17:21:18 +0000] "GET /products/detail/75961115/ HTTP/1.1" 404 16 "https://ttka.co.nz/wp-sitemap.xml" "Mozilla/5.0 (Linux; Android 7.0;) AppleWebKit/537.36 (KHTML, like Gecko) Mobile Safari/537.36 (compatible; PetalBot;+https://webmaster.petalsearch.com/site/petalbot)"
114.119.132.88 - - [31/Mar/2026:17:22:58 +0000] "GET /products/detail/73959165/ HTTP/1.1" 404 16 "https://ttka.co.nz/wp-sitemap.xml" "Mozilla/5.0 (Linux; Android 7.0;) AppleWebKit/537.36 (KHTML, like Gecko) Mobile Safari/537.36 (compatible; PetalBot;+https://webmaster.petalsearch.com/site/petalbot)"
52.167.144.237 - - [31/Mar/2026:17:24:30 +0000] "GET /2026/03/06/free-spins-no-deposit-australia/ HTTP/1.1" 404 16 "-" "Mozilla/5.0 AppleWebKit/537.36 (KHTML, like Gecko; compatible; bingbot/2.0; +http://www.bing.com/bingbot.htm) Chrome/116.0.1938.76 Safari/537.36"
114.119.130.54 - - [31/Mar/2026:17:24:33 +0000] "GET /products/detail/73758923/ HTTP/1.1" 404 16 "https://ttka.co.nz/wp-sitemap.xml" "Mozilla/5.0 (Linux; Android 7.0;) AppleWebKit/537.36 (KHTML, like Gecko) Mobile Safari/537.36 (compatible; PetalBot;+https://webmaster.petalsearch.com/site/petalbot)"
114.119.132.88 - - [31/Mar/2026:17:26:04 +0000] "GET /products/detail/73558771/ HTTP/1.1" 404 16 "https://ttka.co.nz/wp-sitemap.xml" "Mozilla/5.0 (Linux; Android 7.0;) AppleWebKit/537.36 (KHTML, like Gecko) Mobile Safari/537.36 (compatible; PetalBot;+https://webmaster.petalsearch.com/site/petalbot)"
114.119.136.188 - - [31/Mar/2026:17:27:34 +0000] "GET /products/detail/73459559/ HTTP/1.1" 404 16 "https://ttka.co.nz/sitemap.xml" "Mozilla/5.0 (Linux; Android 7.0;) AppleWebKit/537.36 (KHTML, like Gecko) Mobile Safari/537.36 (compatible; PetalBot;+https://webmaster.petalsearch.com/site/petalbot)"
114.119.136.188 - - [31/Mar/2026:17:28:58 +0000] "GET /products/detail/73358539/ HTTP/1.1" 404 16 "https://ttka.co.nz/wp-sitemap.xml" "Mozilla/5.0 (Linux; Android 7.0;) AppleWebKit/537.36 (KHTML, like Gecko) Mobile Safari/537.36 (compatible; PetalBot;+https://webmaster.petalsearch.com/site/petalbot)"
114.119.132.88 - - [31/Mar/2026:17:29:58 +0000] "GET /products/detail/73259317/ HTTP/1.1" 404 16 "https://ttka.co.nz/sitemap.xml" "Mozilla/5.0 (Linux; Android 7.0;) AppleWebKit/537.36 (KHTML, like Gecko) Mobile Safari/537.36 (compatible; PetalBot;+https://webmaster.petalsearch.com/site/petalbot)"
89.110.66.63 - - [31/Mar/2026:17:32:11 +0000] "GET /project/ HTTP/1.1" 404 16 "https://ttka.co.nz/project/" "Mozilla/5.0 (Windows NT 10.0; Win64; x64) AppleWebKit/537.36 (KHTML, like Gecko) Chrome/131.0.0.0 Safari/537.36 Avast/131.0.0.0"
89.110.66.63 - - [31/Mar/2026:17:32:12 +0000] "GET / HTTP/1.1" 200 6844 "https://ttka.co.nz/" "Mozilla/5.0 (Windows NT 10.0; Win64; x64) AppleWebKit/537.36 (KHTML, like Gecko) Chrome/131.0.0.0 Safari/537.36 Avast/131.0.0.0"
114.119.132.88 - - [31/Mar/2026:17:32:52 +0000] "GET /products/detail/73059165/ HTTP/1.1" 404 16 "https://ttka.co.nz/sitemap.xml" "Mozilla/5.0 (Linux; Android 7.0;) AppleWebKit/537.36 (KHTML, like Gecko) Mobile Safari/537.36 (compatible; PetalBot;+https://webmaster.petalsearch.com/site/petalbot)"
114.119.137.91 - - [31/Mar/2026:17:33:44 +0000] "GET /products/detail/72958145/ HTTP/1.1" 404 16 "-" "Mozilla/5.0 (Linux; Android 7.0;) AppleWebKit/537.36 (HTML, like Gecko) Mobile Safari/537.36 (compatible; PetalBot;+https://webmaster.petalsearch.com/site/petalbot)"
65.111.3.96 - - [31/Mar/2026:17:34:18 +0000] "GET /content.php?2211-link200 HTTP/1.1" 404 16 "-" "Mozilla/5.0 (compatible; Yahoo! Slurp; http://help.yahoo.com/help/us/ysearch/slurp)"
65.111.0.210 - - [31/Mar/2026:17:34:18 +0000] "GET /comment.php?2185-rank119 HTTP/1.1" 404 16 "-" "Mozilla/5.0 (compatible; Yahoo! Slurp; http://help.yahoo.com/help/us/ysearch/slurp)"
114.119.151.5 - - [31/Mar/2026:17:35:06 +0000] "GET /products/detail/72858923/ HTTP/1.1" 404 16 "https://ttka.co.nz/sitemap.xml" "Mozilla/5.0 (Linux; Android 7.0;) AppleWebKit/537.36 (KHTML, like Gecko) Mobile Safari/537.36 (compatible; PetalBot;+https://webmaster.petalsearch.com/site/petalbot)"
83.217.213.120 - - [31/Mar/2026:17:35:41 +0000] "GET /2021/09/16/hello-world/ HTTP/1.1" 404 16 "https://ttka.co.nz/2021/09/16/hello-world/" "Mozilla/5.0 (Windows NT 10.0; Win64; x64) AppleWebKit/537.36 (KHTML, like Gecko) Chrome/130.0.0.0 Safari/537.36"
83.217.213.120 - - [31/Mar/2026:17:35:42 +0000] "GET / HTTP/1.1" 200 6844 "https://ttka.co.nz/" "Mozilla/5.0 (Windows NT 10.0; Win64; x64) AppleWebKit/537.36 (KHTML, like Gecko) Chrome/130.0.0.0 Safari/537.36"
114.119.151.1 - - [31/Mar/2026:17:36:29 +0000] "GET /products/detail/72757903/ HTTP/1.1" 404 16 "https://ttka.co.nz/wp-sitemap.xml" "Mozilla/5.0 (Linux; Android 7.0;) AppleWebKit/537.36 (KHTML, like Gecko) Mobile Safari/537.36 (compatible; PetalBot;+https://webmaster.petalsearch.com/site/petalbot)"
188.245.210.41 - - [31/Mar/2026:17:36:40 +0000] "GET /meta.json HTTP/1.1" 404 16 "-" "Mozilla/5.0"
114.119.151.5 - - [31/Mar/2026:17:38:03 +0000] "GET /products/detail/72658771/ HTTP/1.1" 404 16 "https://ttka.co.nz/sitemap.xml" "Mozilla/5.0 (Linux; Android 7.0;) AppleWebKit/537.36 (KHTML, like Gecko) Mobile Safari/537.36 (compatible; PetalBot;+https://webmaster.petalsearch.com/site/petalbot)"
114.119.136.188 - - [31/Mar/2026:17:39:22 +0000] "GET /products/detail/72557751/ HTTP/1.1" 404 16 "https://ttka.co.nz/wp-sitemap.xml" "Mozilla/5.0 (Linux; Android 7.0;) AppleWebKit/537.36 (KHTML, like Gecko) Mobile Safari/537.36 (compatible; PetalBot;+https://webmaster.petalsearch.com/site/petalbot)"
114.119.137.91 - - [31/Mar/2026:17:40:45 +0000] "GET /products/detail/73158387/ HTTP/1.1" 404 16 "https://ttka.co.nz/wp-sitemap.xml" "Mozilla/5.0 (Linux; Android 7.0;) AppleWebKit/537.36 (KHTML, like Gecko) Mobile Safari/537.36 (compatible; PetalBot;+https://webmaster.petalsearch.com/site/petalbot)"
114.119.137.91 - - [31/Mar/2026:17:42:03 +0000] "GET /products/detail/72458539/ HTTP/1.1" 404 16 "https://ttka.co.nz/sitemap.xml" "Mozilla/5.0 (Linux; Android 7.0;) AppleWebKit/537.36 (KHTML, like Gecko) Mobile Safari/537.36 (compatible; PetalBot;+https://webmaster.petalsearch.com/site/petalbot)"
114.119.151.1 - - [31/Mar/2026:17:43:27 +0000] "GET /products/detail/72357519/ HTTP/1.1" 404 16 "https://ttka.co.nz/wp-sitemap.xml" "Mozilla/5.0 (Linux; Android 7.0;) AppleWebKit/537.36 (KHTML, like Gecko) Mobile Safari/537.36 (compatible; PetalBot;+https://webmaster.petalsearch.com/site/petalbot)"
114.119.136.75 - - [31/Mar/2026:17:44:50 +0000] "GET /products/detail/72258387/ HTTP/1.1" 404 16 "https://ttka.co.nz/sitemap.xml" "Mozilla/5.0 (Linux; Android 7.0;) AppleWebKit/537.36 (KHTML, like Gecko) Mobile Safari/537.36 (compatible; PetalBot;+https://webmaster.petalsearch.com/site/petalbot)"
93.183.91.58 - - [31/Mar/2026:17:45:30 +0000] "GET /project/ HTTP/1.1" 404 16 "https://ttka.co.nz/project/" "Mozilla/5.0 (Windows NT 10.0; Win64; x64) AppleWebKit/537.36 (KHTML, like Gecko) Chrome/131.0.0.0 Safari/537.36 Avast/131.0.0.0"
93.183.91.58 - - [31/Mar/2026:17:45:31 +0000] "GET / HTTP/1.1" 200 6844 "https://ttka.co.nz/" "Mozilla/5.0 (Windows NT 10.0; Win64; x64) AppleWebKit/537.36 (KHTML, like Gecko) Chrome/131.0.0.0 Safari/537.36 Avast/131.0.0.0"
114.119.132.88 - - [31/Mar/2026:17:46:15 +0000] "GET /products/detail/72157367/ HTTP/1.1" 404 16 "https://ttka.co.nz/wp-sitemap.xml" "Mozilla/5.0 (Linux; Android 7.0;) AppleWebKit/537.36 (KHTML, like Gecko) Mobile Safari/537.36 (compatible; PetalBot;+https://webmaster.petalsearch.com/site/petalbot)"
52.167.144.25 - - [31/Mar/2026:17:46:21 +0000] "GET /2026/03/06/no-deposit-pokies-tips-strategies/ HTTP/1.1" 404 16 "-" "Mozilla/5.0 AppleWebKit/537.36 (KHTML, like Gecko; compatible; bingbot/2.0; +http://www.bing.com/bingbot.htm) Chrome/116.0.1938.76 Safari/537.36"
114.119.136.75 - - [31/Mar/2026:17:47:37 +0000] "GET /products/detail/72058145/ HTTP/1.1" 404 16 "https://ttka.co.nz/sitemap.xml" "Mozilla/5.0 (Linux; Android 7.0;) AppleWebKit/537.36 (KHTML, like Gecko) Mobile Safari/537.36 (compatible; PetalBot;+https://webmaster.petalsearch.com/site/petalbot)"
91.84.124.167 - - [31/Mar/2026:17:48:53 +0000] "GET /2021/09/16/hello-world/ HTTP/1.1" 404 16 "https://ttka.co.nz/2021/09/16/hello-world/" "Mozilla/5.0 (Windows NT 10.0; Win64; x64) AppleWebKit/537.36 (KHTML, like Gecko) Chrome/131.0.0.0 Safari/537.36 Avast/131.0.0.0"
91.84.124.167 - - [31/Mar/2026:17:48:54 +0000] "GET / HTTP/1.1" 200 6844 "https://ttka.co.nz/" "Mozilla/5.0 (Windows NT 10.0; Win64; x64) AppleWebKit/537.36 (KHTML, like Gecko) Chrome/131.0.0.0 Safari/537.36 Avast/131.0.0.0"
114.119.140.186 - - [31/Mar/2026:17:49:28 +0000] "GET /products/detail/71957125/ HTTP/1.1" 404 16 "https://ttka.co.nz/wp-sitemap.xml" "Mozilla/5.0 (Linux; Android 7.0;) AppleWebKit/537.36 (KHTML, like Gecko) Mobile Safari/537.36 (compatible; PetalBot;+https://webmaster.petalsearch.com/site/petalbot)"
114.119.130.54 - - [31/Mar/2026:17:50:23 +0000] "GET /products/detail/71857903/ HTTP/1.1" 404 16 "https://ttka.co.nz/sitemap.xml" "Mozilla/5.0 (Linux; Android 7.0;) AppleWebKit/537.36 (KHTML, like Gecko) Mobile Safari/537.36 (compatible; PetalBot;+https://webmaster.petalsearch.com/site/petalbot)"
5.188.118.200 - - [31/Mar/2026:17:51:30 +0000] "GET /2021/09/16/hello-world/ HTTP/1.1" 404 16 "https://ttka.co.nz/2021/09/16/hello-world/" "Mozilla/5.0 (Windows NT 6.2; Win64; x64) AppleWebKit/537.36 (KHTML, like Gecko) Chrome/103.0.0.0 Safari/537.36"
5.188.118.200 - - [31/Mar/2026:17:51:31 +0000] "GET / HTTP/1.1" 200 6844 "https://ttka.co.nz/" "Mozilla/5.0 (Windows NT 6.2; Win64; x64) AppleWebKit/537.36 (KHTML, like Gecko) Chrome/103.0.0.0 Safari/537.36"
114.119.137.91 - - [31/Mar/2026:17:51:48 +0000] "GET /products/detail/71756973/ HTTP/1.1" 404 16 "https://ttka.co.nz/wp-sitemap.xml" "Mozilla/5.0 (Linux; Android 7.0;) AppleWebKit/537.36 (KHTML, like Gecko) Mobile Safari/537.36 (compatible; PetalBot;+https://webmaster.petalsearch.com/site/petalbot)"
40.77.167.55 - - [31/Mar/2026:17:52:14 +0000] "GET /2026/03/06/no-deposit-casino-bonus-codes-for-au-players/ HTTP/1.1" 404 16 "-" "Mozilla/5.0 AppleWebKit/537.36 (KHTML, like Gecko; compatible; bingbot/2.0; +http://www.bing.com/bingbot.htm) Chrome/116.0.1938.76 Safari/537.36"
45.79.238.235 - - [31/Mar/2026:17:52:33 +0000] "POST /wp-cron.php?doing_wp_cron=1774979553.7860391139984130859375 HTTP/1.1" 200 - "-" "WordPress/6.9.4; https://ttka.co.nz"
3.93.40.64 - - [31/Mar/2026:17:52:32 +0000] "GET /wp-login.php HTTP/1.1" 200 6710 "-" "Mozilla/5.0"
3.93.40.64 - - [31/Mar/2026:17:52:34 +0000] "GET /?author=1 HTTP/1.1" 200 6844 "-" "Mozilla/5.0"
3.93.40.64 - - [31/Mar/2026:17:52:34 +0000] "GET /?feed=rss2 HTTP/1.1" 200 6844 "-" "Mozilla/5.0"
114.119.132.88 - - [31/Mar/2026:17:54:46 +0000] "GET /products/detail/71556731/ HTTP/1.1" 404 16 "https://ttka.co.nz/wp-sitemap.xml" "Mozilla/5.0 (Linux; Android 7.0;) AppleWebKit/537.36 (KHTML, like Gecko) Mobile Safari/537.36 (compatible; PetalBot;+https://webmaster.petalsearch.com/site/petalbot)"
114.119.130.54 - - [31/Mar/2026:17:56:04 +0000] "GET /products/detail/71457519/ HTTP/1.1" 404 16 "https://ttka.co.nz/sitemap.xml" "Mozilla/5.0 (Linux; Android 7.0;) AppleWebKit/537.36 (KHTML, like Gecko) Mobile Safari/537.36 (compatible; PetalBot;+https://webmaster.petalsearch.com/site/petalbot)"
114.119.136.188 - - [31/Mar/2026:17:57:21 +0000] "GET /products/detail/71356589/ HTTP/1.1" 404 16 "https://ttka.co.nz/wp-sitemap.xml" "Mozilla/5.0 (Linux; Android 7.0;) AppleWebKit/537.36 (KHTML, like Gecko) Mobile Safari/537.36 (compatible; PetalBot;+https://webmaster.petalsearch.com/site/petalbot)"
114.119.136.75 - - [31/Mar/2026:17:58:51 +0000] "GET /products/detail/71257367/ HTTP/1.1" 404 16 "https://ttka.co.nz/sitemap.xml" "Mozilla/5.0 (Linux; Android 7.0;) AppleWebKit/537.36 (KHTML, like Gecko) Mobile Safari/537.36 (compatible; PetalBot;+https://webmaster.petalsearch.com/site/petalbot)"
114.119.136.188 - - [31/Mar/2026:18:00:43 +0000] "GET /products/detail/71156347/ HTTP/1.1" 404 16 "https://ttka.co.nz/wp-sitemap.xml" "Mozilla/5.0 (Linux; Android 7.0;) AppleWebKit/537.36 (KHTML, like Gecko) Mobile Safari/537.36 (compatible; PetalBot;+https://webmaster.petalsearch.com/site/petalbot)"
114.119.136.188 - - [31/Mar/2026:18:01:52 +0000] "GET /products/detail/71657751/ HTTP/1.1" 404 16 "https://ttka.co.nz/sitemap.xml" "Mozilla/5.0 (Linux; Android 7.0;) AppleWebKit/537.36 (KHTML, like Gecko) Mobile Safari/537.36 (compatible; PetalBot;+https://webmaster.petalsearch.com/site/petalbot)"
114.119.137.91 - - [31/Mar/2026:18:03:05 +0000] "GET /products/detail/71057125/ HTTP/1.1" 404 16 "https://ttka.co.nz/sitemap.xml" "Mozilla/5.0 (Linux; Android 7.0;) AppleWebKit/537.36 (KHTML, like Gecko) Mobile Safari/537.36 (compatible; PetalBot;+https://webmaster.petalsearch.com/site/petalbot)"
93.183.90.232 - - [31/Mar/2026:18:03:08 +0000] "GET /project/ HTTP/1.1" 404 16 "https://ttka.co.nz/project/" "Mozilla/5.0 (Windows NT 10.0; Win64; x64) AppleWebKit/537.36 (KHTML, like Gecko) Chrome/130.0.0.0 Safari/537.36"
93.183.90.232 - - [31/Mar/2026:18:03:09 +0000] "GET / HTTP/1.1" 200 6844 "https://ttka.co.nz/" "Mozilla/5.0 (Windows NT 10.0; Win64; x64) AppleWebKit/537.36 (KHTML, like Gecko) Chrome/130.0.0.0 Safari/537.36"
114.119.136.75 - - [31/Mar/2026:18:04:20 +0000] "GET /products/detail/70956105/ HTTP/1.1" 404 16 "https://ttka.co.nz/wp-sitemap.xml" "Mozilla/5.0 (Linux; Android 7.0;) AppleWebKit/537.36 (KHTML, like Gecko) Mobile Safari/537.36 (compatible; PetalBot;+https://webmaster.petalsearch.com/site/petalbot)"
212.34.139.218 - - [31/Mar/2026:18:04:36 +0000] "GET /project/ HTTP/1.1" 404 16 "https://ttka.co.nz/project/" "Mozilla/5.0 (Windows NT 10.0; Win64; x64) AppleWebKit/537.36 (KHTML, like Gecko) Chrome/131.0.0.0 Safari/537.36"
212.34.139.218 - - [31/Mar/2026:18:04:38 +0000] "GET / HTTP/1.1" 200 6844 "https://ttka.co.nz/" "Mozilla/5.0 (Windows NT 10.0; Win64; x64) AppleWebKit/537.36 (KHTML, like Gecko) Chrome/131.0.0.0 Safari/537.36"
89.110.116.195 - - [31/Mar/2026:18:04:53 +0000] "GET /2021/09/16/hello-world/ HTTP/1.1" 404 16 "https://ttka.co.nz/2021/09/16/hello-world/" "Mozilla/5.0 (Windows NT 10.0; Win64; x64) AppleWebKit/537.36 (KHTML, like Gecko) Chrome/130.0.0.0 Safari/537.36"
89.110.116.195 - - [31/Mar/2026:18:04:55 +0000] "GET / HTTP/1.1" 200 6844 "https://ttka.co.nz/" "Mozilla/5.0 (Windows NT 10.0; Win64; x64) AppleWebKit/537.36 (KHTML, like Gecko) Chrome/130.0.0.0 Safari/537.36"
40.77.167.255 - - [31/Mar/2026:18:05:34 +0000] "GET /2026/03/06/best-online-casinos-australia-awesome/ HTTP/1.1" 404 16 "-" "Mozilla/5.0 AppleWebKit/537.36 (KHTML, like Gecko; compatible; bingbot/2.0; +http://www.bing.com/bingbot.htm) Chrome/116.0.1938.76 Safari/537.36"
114.119.137.91 - - [31/Mar/2026:18:05:43 +0000] "GET /products/detail/70856973/ HTTP/1.1" 404 16 "https://ttka.co.nz/sitemap.xml" "Mozilla/5.0 (Linux; Android 7.0;) AppleWebKit/537.36 (KHTML, like Gecko) Mobile Safari/537.36 (compatible; PetalBot;+https://webmaster.petalsearch.com/site/petalbot)"
51.210.32.231 - - [31/Mar/2026:18:05:51 +0000] "GET /2021/09/16/hello-world/ HTTP/1.1" 404 16 "https://ttka.co.nz/2021/09/16/hello-world/#comment-41900/" "Mozilla/5.0 (Windows NT 10.0; Win64; x64) AppleWebKit/537.36 (KHTML, like Gecko) Chrome/130.0.0.0 Safari/537.36"
51.210.32.231 - - [31/Mar/2026:18:05:52 +0000] "GET / HTTP/1.1" 200 6844 "https://ttka.co.nz/" "Mozilla/5.0 (Windows NT 10.0; Win64; x64) AppleWebKit/537.36 (KHTML, like Gecko) Chrome/130.0.0.0 Safari/537.36"
51.210.32.231 - - [31/Mar/2026:18:05:53 +0000] "GET /wp-login.php HTTP/1.1" 200 6710 "https://ttka.co.nz/wp-login.php" "Mozilla/5.0 (Windows NT 10.0; Win64; x64) AppleWebKit/537.36 (KHTML, like Gecko) Chrome/130.0.0.0 Safari/537.36"
51.210.32.231 - - [31/Mar/2026:18:05:55 +0000] "POST /wp-login.php HTTP/1.1" 200 7135 "https://ttka.co.nz/wp-login.php" "Mozilla/5.0 (Windows NT 10.0; Win64; x64) AppleWebKit/537.36 (KHTML, like Gecko) Chrome/130.0.0.0 Safari/537.36"
51.210.32.231 - - [31/Mar/2026:18:05:57 +0000] "GET /2021/09/16/hello-world/ HTTP/1.1" 404 16 "https://ttka.co.nz/2021/09/16/hello-world/#comment-41900/" "Mozilla/5.0 (Windows NT 10.0; Win64; x64) AppleWebKit/537.36 (KHTML, like Gecko) Chrome/130.0.0.0 Safari/537.36"
51.210.32.231 - - [31/Mar/2026:18:05:58 +0000] "GET /09/16/hello-world/ HTTP/1.1" 404 16 "https://ttka.co.nz/09/16/hello-world/" "Mozilla/5.0 (Windows NT 10.0; Win64; x64) AppleWebKit/537.36 (KHTML, like Gecko) Chrome/130.0.0.0 Safari/537.36"
212.111.80.4 - - [31/Mar/2026:18:06:53 +0000] "GET /project/ HTTP/1.1" 404 16 "https://ttka.co.nz/project/" "Mozilla/5.0 (Windows NT 10.0; Win64; x64) AppleWebKit/537.36 (KHTML, like Gecko) Chrome/131.0.0.0 Safari/537.36"
212.111.80.4 - - [31/Mar/2026:18:06:54 +0000] "GET / HTTP/1.1" 200 6844 "https://ttka.co.nz/" "Mozilla/5.0 (Windows NT 10.0; Win64; x64) AppleWebKit/537.36 (KHTML, like Gecko) Chrome/131.0.0.0 Safari/537.36"
114.119.140.186 - - [31/Mar/2026:18:07:19 +0000] "GET /products/detail/70755953/ HTTP/1.1" 404 16 "https://ttka.co.nz/wp-sitemap.xml" "Mozilla/5.0 (Linux; Android 7.0;) AppleWebKit/537.36 (KHTML, like Gecko) Mobile Safari/537.36 (compatible; PetalBot;+https://webmaster.petalsearch.com/site/petalbot)"
114.119.143.187 - - [31/Mar/2026:18:07:50 +0000] "GET /robots.txt HTTP/1.1" 304 - "-" "Mozilla/5.0 (compatible;PetalBot;+https://webmaster.petalsearch.com/site/petalbot)"
45.3.35.71 - - [31/Mar/2026:18:08:22 +0000] "GET /comment.php?2185-rank119 HTTP/1.1" 404 16 "https://ttka.co.nz/wp-login.php" "Mozilla/5.0+(compatible;+Googlebot/2.1;++http://www.google.com/bot.html)"
104.207.33.230 - - [31/Mar/2026:18:08:24 +0000] "GET /content.php?2211-link200 HTTP/1.1" 404 16 "https://ttka.co.nz/wp-login.php" "Mozilla/5.0+(compatible;+Googlebot/2.1;++http://www.google.com/bot.html)"
104.207.35.166 - - [31/Mar/2026:18:08:25 +0000] "POST /wp-login.php HTTP/1.1" 302 - "https://ttka.co.nz/wp-login.php" "Yjmy@2025"
104.207.35.166 - - [31/Mar/2026:18:08:26 +0000] "GET /wp-admin/ HTTP/1.1" 200 100860 "https://ttka.co.nz/wp-login.php" "Yjmy@2025"
