114.119.136.75 - - [31/Mar/2026:19:54:23 +0000] "GET /products/detail/65051185/ HTTP/1.1" 404 16 "https://ttka.co.nz/sitemap.xml" "Mozilla/5.0 (Linux; Android 7.0;) AppleWebKit/537.36 (KHTML, like Gecko) Mobile Safari/537.36 (compatible; PetalBot;+https://webmaster.petalsearch.com/site/petalbot)"
51.68.236.90 - - [31/Mar/2026:19:55:40 +0000] "GET /robots.txt HTTP/1.1" 304 - "-" "Mozilla/5.0 (compatible; MJ12bot/v2.0.5; http://mj12bot.com/)"
51.68.236.90 - - [31/Mar/2026:19:55:41 +0000] "GET / HTTP/1.1" 200 6844 "-" "Mozilla/5.0 (compatible; MJ12bot/v2.0.5; http://mj12bot.com/)"
114.119.151.5 - - [31/Mar/2026:19:55:49 +0000] "GET /products/detail/64950165/ HTTP/1.1" 404 16 "https://ttka.co.nz/wp-sitemap.xml" "Mozilla/5.0 (Linux; Android 7.0;) AppleWebKit/537.36 (KHTML, like Gecko) Mobile Safari/537.36 (compatible; PetalBot;+https://webmaster.petalsearch.com/site/petalbot)"
40.77.167.44 - - [31/Mar/2026:19:56:29 +0000] "GET /2026/03/06/play-aristocrat-pokies-for-free/ HTTP/1.1" 404 16 "-" "Mozilla/5.0 AppleWebKit/537.36 (KHTML, like Gecko; compatible; bingbot/2.0; +http://www.bing.com/bingbot.htm) Chrome/116.0.1938.76 Safari/537.36"
45.79.238.235 - - [31/Mar/2026:19:56:47 +0000] "POST /wp-cron.php?doing_wp_cron=1774987007.2061450481414794921875 HTTP/1.1" 200 - "-" "WordPress/6.9.4; https://ttka.co.nz"
5.62.143.152 - - [31/Mar/2026:19:56:46 +0000] "GET /xmlrpc.php?rsd HTTP/1.1" 200 774 "-" "Mozilla/5.0 (X11; Linux i686; rv:1.9.5.20) Gecko/8495-09-26 06:47:34.344391 Firefox/3.8"
40.77.167.42 - - [31/Mar/2026:19:56:47 +0000] "GET /2026/03/06/casino-nz-bonus-no-deposit/ HTTP/1.1" 404 16 "-" "Mozilla/5.0 AppleWebKit/537.36 (KHTML, like Gecko; compatible; bingbot/2.0; +http://www.bing.com/bingbot.htm) Chrome/116.0.1938.76 Safari/537.36"
40.77.167.74 - - [31/Mar/2026:19:56:54 +0000] "GET /2026/03/07/list-of-no-deposit-pokies/ HTTP/1.1" 404 16 "-" "Mozilla/5.0 AppleWebKit/537.36 (KHTML, like Gecko; compatible; bingbot/2.0; +http://www.bing.com/bingbot.htm) Chrome/116.0.1938.76 Safari/537.36"
40.77.167.44 - - [31/Mar/2026:19:56:59 +0000] "GET /2026/03/07/game-cheats-for-money-pokies/ HTTP/1.1" 404 16 "-" "Mozilla/5.0 AppleWebKit/537.36 (KHTML, like Gecko; compatible; bingbot/2.0; +http://www.bing.com/bingbot.htm) Chrome/116.0.1938.76 Safari/537.36"
40.77.167.44 - - [31/Mar/2026:19:57:00 +0000] "GET /2026/03/06/online-pokies-paysafe-nz/ HTTP/1.1" 404 16 "-" "Mozilla/5.0 AppleWebKit/537.36 (KHTML, like Gecko; compatible; bingbot/2.0; +http://www.bing.com/bingbot.htm) Chrome/116.0.1938.76 Safari/537.36"
40.77.167.44 - - [31/Mar/2026:19:57:05 +0000] "GET /2026/03/06/new-zealand-casino-blackjack-rules/ HTTP/1.1" 404 16 "-" "Mozilla/5.0 AppleWebKit/537.36 (KHTML, like Gecko; compatible; bingbot/2.0; +http://www.bing.com/bingbot.htm) Chrome/116.0.1938.76 Safari/537.36"
114.119.130.54 - - [31/Mar/2026:19:57:30 +0000] "GET /products/detail/63548751/ HTTP/1.1" 404 16 "https://ttka.co.nz/wp-sitemap.xml" "Mozilla/5.0 (Linux; Android 7.0;) AppleWebKit/537.36 (KHTML, like Gecko) Mobile Safari/537.36 (compatible; PetalBot;+https://webmaster.petalsearch.com/site/petalbot)"
114.119.151.1 - - [31/Mar/2026:19:58:45 +0000] "GET /products/detail/63449539/ HTTP/1.1" 404 16 "https://ttka.co.nz/sitemap.xml" "Mozilla/5.0 (Linux; Android 7.0;) AppleWebKit/537.36 (KHTML, like Gecko) Mobile Safari/537.36 (compatible; PetalBot;+https://webmaster.petalsearch.com/site/petalbot)"
40.77.167.74 - - [31/Mar/2026:19:59:34 +0000] "GET /2026/03/06/trusted-the-best-australian-pokies/ HTTP/1.1" 404 16 "-" "Mozilla/5.0 AppleWebKit/537.36 (KHTML, like Gecko; compatible; bingbot/2.0; +http://www.bing.com/bingbot.htm) Chrome/116.0.1938.76 Safari/537.36"
52.167.144.180 - - [31/Mar/2026:19:59:48 +0000] "GET /2026/03/06/online-casino-app-australia/ HTTP/1.1" 404 16 "-" "Mozilla/5.0 AppleWebKit/537.36 (KHTML, like Gecko; compatible; bingbot/2.0; +http://www.bing.com/bingbot.htm) Chrome/116.0.1938.76 Safari/537.36"
114.119.136.188 - - [31/Mar/2026:20:00:03 +0000] "GET /products/detail/63348519/ HTTP/1.1" 404 16 "https://ttka.co.nz/wp-sitemap.xml" "Mozilla/5.0 (Linux; Android 7.0;) AppleWebKit/537.36 (KHTML, like Gecko) Mobile Safari/537.36 (compatible; PetalBot;+https://webmaster.petalsearch.com/site/petalbot)"
114.119.136.75 - - [31/Mar/2026:20:01:24 +0000] "GET /products/detail/63249387/ HTTP/1.1" 404 16 "https://ttka.co.nz/sitemap.xml" "Mozilla/5.0 (Linux; Android 7.0;) AppleWebKit/537.36 (KHTML, like Gecko) Mobile Safari/537.36 (compatible; PetalBot;+https://webmaster.petalsearch.com/site/petalbot)"
114.119.140.186 - - [31/Mar/2026:20:02:49 +0000] "GET /products/detail/63148367/ HTTP/1.1" 404 16 "https://ttka.co.nz/wp-sitemap.xml" "Mozilla/5.0 (Linux; Android 7.0;) AppleWebKit/537.36 (KHTML, like Gecko) Mobile Safari/537.36 (compatible; PetalBot;+https://webmaster.petalsearch.com/site/petalbot)"
52.167.144.180 - - [31/Mar/2026:20:03:19 +0000] "GET /2026/03/06/best-online-casino-in-new-zealand-top-reviewed/ HTTP/1.1" 404 16 "-" "Mozilla/5.0 AppleWebKit/537.36 (KHTML, like Gecko; compatible; bingbot/2.0; +http://www.bing.com/bingbot.htm) Chrome/116.0.1938.76 Safari/537.36"
52.167.144.180 - - [31/Mar/2026:20:03:20 +0000] "GET /2026/03/06/best-odds-best-australian-pokies/ HTTP/1.1" 404 16 "-" "Mozilla/5.0 AppleWebKit/537.36 (KHTML, like Gecko; compatible; bingbot/2.0; +http://www.bing.com/bingbot.htm) Chrome/116.0.1938.76 Safari/537.36"
40.77.167.13 - - [31/Mar/2026:20:03:35 +0000] "GET /2026/03/06/who-owns-the-pokies-in-new-zealand/ HTTP/1.1" 404 16 "-" "Mozilla/5.0 AppleWebKit/537.36 (KHTML, like Gecko; compatible; bingbot/2.0; +http://www.bing.com/bingbot.htm) Chrome/116.0.1938.76 Safari/537.36"
114.119.151.5 - - [31/Mar/2026:20:04:26 +0000] "GET /products/detail/63049145/ HTTP/1.1" 404 16 "https://ttka.co.nz/sitemap.xml" "Mozilla/5.0 (Linux; Android 7.0;) AppleWebKit/537.36 (KHTML, like Gecko) Mobile Safari/537.36 (compatible; PetalBot;+https://webmaster.petalsearch.com/site/petalbot)"
114.119.137.91 - - [31/Mar/2026:20:05:42 +0000] "GET /products/detail/62948125/ HTTP/1.1" 404 16 "https://ttka.co.nz/wp-sitemap.xml" "Mozilla/5.0 (Linux; Android 7.0;) AppleWebKit/537.36 (KHTML, like Gecko) Mobile Safari/537.36 (compatible; PetalBot;+https://webmaster.petalsearch.com/site/petalbot)"
40.77.167.13 - - [31/Mar/2026:20:06:15 +0000] "GET /2026/03/06/canberra-casino-charles-town-au/ HTTP/1.1" 404 16 "-" "Mozilla/5.0 AppleWebKit/537.36 (KHTML, like Gecko; compatible; bingbot/2.0; +http://www.bing.com/bingbot.htm) Chrome/116.0.1938.76 Safari/537.36"
114.119.140.186 - - [31/Mar/2026:20:06:57 +0000] "GET /products/detail/62848903/ HTTP/1.1" 404 16 "https://ttka.co.nz/sitemap.xml" "Mozilla/5.0 (Linux; Android 7.0;) AppleWebKit/537.36 (KHTML, like Gecko) Mobile Safari/537.36 (compatible; PetalBot;+https://webmaster.petalsearch.com/site/petalbot)"
40.77.167.13 - - [31/Mar/2026:20:07:05 +0000] "GET /2026/03/06/win-money-pokies/ HTTP/1.1" 404 16 "-" "Mozilla/5.0 AppleWebKit/537.36 (KHTML, like Gecko; compatible; bingbot/2.0; +http://www.bing.com/bingbot.htm) Chrome/116.0.1938.76 Safari/537.36"
114.119.132.88 - - [31/Mar/2026:20:08:22 +0000] "GET /products/detail/62747973/ HTTP/1.1" 404 16 "https://ttka.co.nz/wp-sitemap.xml" "Mozilla/5.0 (Linux; Android 7.0;) AppleWebKit/537.36 (KHTML, like Gecko) Mobile Safari/537.36 (compatible; PetalBot;+https://webmaster.petalsearch.com/site/petalbot)"
114.119.140.186 - - [31/Mar/2026:20:09:49 +0000] "GET /products/detail/62648751/ HTTP/1.1" 404 16 "https://ttka.co.nz/sitemap.xml" "Mozilla/5.0 (Linux; Android 7.0;) AppleWebKit/537.36 (KHTML, like Gecko) Mobile Safari/537.36 (compatible; PetalBot;+https://webmaster.petalsearch.com/site/petalbot)"
114.119.151.5 - - [31/Mar/2026:20:11:06 +0000] "GET /products/detail/62547731/ HTTP/1.1" 404 16 "https://ttka.co.nz/wp-sitemap.xml" "Mozilla/5.0 (Linux; Android 7.0;) AppleWebKit/537.36 (KHTML, like Gecko) Mobile Safari/537.36 (compatible; PetalBot;+https://webmaster.petalsearch.com/site/petalbot)"
114.119.140.186 - - [31/Mar/2026:20:12:31 +0000] "GET /products/detail/62448519/ HTTP/1.1" 404 16 "https://ttka.co.nz/sitemap.xml" "Mozilla/5.0 (Linux; Android 7.0;) AppleWebKit/537.36 (KHTML, like Gecko) Mobile Safari/537.36 (compatible; PetalBot;+https://webmaster.petalsearch.com/site/petalbot)"
216.73.216.6 - - [31/Mar/2026:20:13:35 +0000] "GET /robots.txt HTTP/1.1" 304 - "-" "Mozilla/5.0 AppleWebKit/537.36 (KHTML, like Gecko; compatible; ClaudeBot/1.0; +claudebot@anthropic.com)"
216.73.216.6 - - [31/Mar/2026:20:13:35 +0000] "GET /sitemap.xml HTTP/1.1" 404 16 "-" "Mozilla/5.0 AppleWebKit/537.36 (KHTML, like Gecko; compatible; ClaudeBot/1.0; +claudebot@anthropic.com)"
40.77.167.4 - - [31/Mar/2026:20:13:39 +0000] "GET /2026/03/06/jennings-slot-machine-australian-head/ HTTP/1.1" 404 16 "-" "Mozilla/5.0 AppleWebKit/537.36 (KHTML, like Gecko; compatible; bingbot/2.0; +http://www.bing.com/bingbot.htm) Chrome/116.0.1938.76 Safari/537.36"
114.119.137.91 - - [31/Mar/2026:20:15:43 +0000] "GET /products/detail/62347589/ HTTP/1.1" 404 16 "https://ttka.co.nz/wp-sitemap.xml" "Mozilla/5.0 (Linux; Android 7.0;) AppleWebKit/537.36 (KHTML, like Gecko) Mobile Safari/537.36 (compatible; PetalBot;+https://webmaster.petalsearch.com/site/petalbot)"
114.119.132.88 - - [31/Mar/2026:20:16:20 +0000] "GET /products/detail/62248367/ HTTP/1.1" 404 16 "https://ttka.co.nz/sitemap.xml" "Mozilla/5.0 (Linux; Android 7.0;) AppleWebKit/537.36 (KHTML, like Gecko) Mobile Safari/537.36 (compatible; PetalBot;+https://webmaster.petalsearch.com/site/petalbot)"
195.178.110.159 - - [31/Mar/2026:20:16:20 +0000] "GET /.git/config HTTP/1.1" 403 4170 "-" "Mozilla/5.0 (Macintosh; Intel Mac OS X 10_15_7) AppleWebKit/537.36 (KHTML, like Gecko) Chrome/113.0.0.0 Safari/537.36"
52.167.144.173 - - [31/Mar/2026:20:16:22 +0000] "GET /2026/03/06/pokies-for-real-money-free/ HTTP/1.1" 404 16 "-" "Mozilla/5.0 AppleWebKit/537.36 (KHTML, like Gecko; compatible; bingbot/2.0; +http://www.bing.com/bingbot.htm) Chrome/116.0.1938.76 Safari/537.36"
114.119.132.88 - - [31/Mar/2026:20:16:45 +0000] "GET /products/detail/62147347/ HTTP/1.1" 404 16 "-" "Mozilla/5.0 (Linux; Android 7.0;) AppleWebKit/537.36 (HTML, like Gecko) Mobile Safari/537.36 (compatible; PetalBot;+https://webmaster.petalsearch.com/site/petalbot)"
52.167.144.173 - - [31/Mar/2026:20:17:02 +0000] "GET /2026/03/06/nz-no-deposit-free-spins/ HTTP/1.1" 404 16 "-" "Mozilla/5.0 AppleWebKit/537.36 (KHTML, like Gecko; compatible; bingbot/2.0; +http://www.bing.com/bingbot.htm) Chrome/116.0.1938.76 Safari/537.36"
114.119.140.186 - - [31/Mar/2026:20:18:41 +0000] "GET /products/detail/62048125/ HTTP/1.1" 404 16 "https://ttka.co.nz/sitemap.xml" "Mozilla/5.0 (Linux; Android 7.0;) AppleWebKit/537.36 (KHTML, like Gecko) Mobile Safari/537.36 (compatible; PetalBot;+https://webmaster.petalsearch.com/site/petalbot)"
114.119.130.54 - - [31/Mar/2026:20:19:40 +0000] "GET /products/detail/61947105/ HTTP/1.1" 404 16 "https://ttka.co.nz/wp-sitemap.xml" "Mozilla/5.0 (Linux; Android 7.0;) AppleWebKit/537.36 (KHTML, like Gecko) Mobile Safari/537.36 (compatible; PetalBot;+https://webmaster.petalsearch.com/site/petalbot)"
114.119.130.54 - - [31/Mar/2026:20:21:15 +0000] "GET /products/detail/61847973/ HTTP/1.1" 404 16 "https://ttka.co.nz/sitemap.xml" "Mozilla/5.0 (Linux; Android 7.0;) AppleWebKit/537.36 (KHTML, like Gecko) Mobile Safari/537.36 (compatible; PetalBot;+https://webmaster.petalsearch.com/site/petalbot)"
114.119.151.1 - - [31/Mar/2026:20:22:19 +0000] "GET /products/detail/61746953/ HTTP/1.1" 404 16 "-" "Mozilla/5.0 (Linux; Android 7.0;) AppleWebKit/537.36 (HTML, like Gecko) Mobile Safari/537.36 (compatible; PetalBot;+https://webmaster.petalsearch.com/site/petalbot)"
114.119.132.88 - - [31/Mar/2026:20:23:39 +0000] "GET /products/detail/61647731/ HTTP/1.1" 404 16 "https://ttka.co.nz/sitemap.xml" "Mozilla/5.0 (Linux; Android 7.0;) AppleWebKit/537.36 (KHTML, like Gecko) Mobile Safari/537.36 (compatible; PetalBot;+https://webmaster.petalsearch.com/site/petalbot)"
37.139.53.7 - - [31/Mar/2026:20:23:40 +0000] "GET /author/gethomas/ HTTP/1.1" 404 16 "https://ttka.co.nz/author/gethomas/" "Mozilla/5.0 (Windows NT 10.0; Win64; x64) AppleWebKit/537.36 (KHTML, like Gecko) Chrome/130.0.0.0 Safari/537.36 CCleaner/130.0.0.0"
37.139.53.7 - - [31/Mar/2026:20:23:41 +0000] "GET / HTTP/1.1" 200 6844 "https://ttka.co.nz/" "Mozilla/5.0 (Windows NT 10.0; Win64; x64) AppleWebKit/537.36 (KHTML, like Gecko) Chrome/130.0.0.0 Safari/537.36 CCleaner/130.0.0.0"
114.119.132.88 - - [31/Mar/2026:20:25:09 +0000] "GET /products/detail/61546711/ HTTP/1.1" 404 16 "https://ttka.co.nz/wp-sitemap.xml" "Mozilla/5.0 (Linux; Android 7.0;) AppleWebKit/537.36 (KHTML, like Gecko) Mobile Safari/537.36 (compatible; PetalBot;+https://webmaster.petalsearch.com/site/petalbot)"
178.130.41.194 - - [31/Mar/2026:20:26:26 +0000] "GET /2021/09/16/hello-world/ HTTP/1.1" 404 16 "https://ttka.co.nz/2021/09/16/hello-world/" "Mozilla/5.0 (Windows NT 10.0; Win64; x64) AppleWebKit/537.36 (KHTML, like Gecko) Chrome/130.0.0.0 Safari/537.36 CCleaner/130.0.0.0"
178.130.41.194 - - [31/Mar/2026:20:26:27 +0000] "GET / HTTP/1.1" 200 6844 "https://ttka.co.nz/" "Mozilla/5.0 (Windows NT 10.0; Win64; x64) AppleWebKit/537.36 (KHTML, like Gecko) Chrome/130.0.0.0 Safari/537.36 CCleaner/130.0.0.0"
114.119.132.88 - - [31/Mar/2026:20:26:32 +0000] "GET /products/detail/61447589/ HTTP/1.1" 404 16 "https://ttka.co.nz/sitemap.xml" "Mozilla/5.0 (Linux; Android 7.0;) AppleWebKit/537.36 (KHTML, like Gecko) Mobile Safari/537.36 (compatible; PetalBot;+https://webmaster.petalsearch.com/site/petalbot)"
114.119.132.88 - - [31/Mar/2026:20:27:50 +0000] "GET /products/detail/61346569/ HTTP/1.1" 404 16 "https://ttka.co.nz/wp-sitemap.xml" "Mozilla/5.0 (Linux; Android 7.0;) AppleWebKit/537.36 (KHTML, like Gecko) Mobile Safari/537.36 (compatible; PetalBot;+https://webmaster.petalsearch.com/site/petalbot)"
68.57.125.213 - - [31/Mar/2026:20:27:54 +0000] "GET /feed/ HTTP/1.1" 404 16 "-" "Mozilla/5.0 (Macintosh; PPC Mac OS X 10_12_5) AppleWebKit/534.2 (KHTML, like Gecko) Chrome/56.0.847.0 Safari/534.2"
40.77.167.63 - - [31/Mar/2026:20:29:29 +0000] "GET /2026/03/06/how-to-try-pokies-with-bonus-games/ HTTP/1.1" 404 16 "-" "Mozilla/5.0 AppleWebKit/537.36 (KHTML, like Gecko; compatible; bingbot/2.0; +http://www.bing.com/bingbot.htm) Chrome/116.0.1938.76 Safari/537.36"
114.119.151.1 - - [31/Mar/2026:20:29:44 +0000] "GET /products/detail/61247347/ HTTP/1.1" 404 16 "https://ttka.co.nz/sitemap.xml" "Mozilla/5.0 (Linux; Android 7.0;) AppleWebKit/537.36 (KHTML, like Gecko) Mobile Safari/537.36 (compatible; PetalBot;+https://webmaster.petalsearch.com/site/petalbot)"
114.119.137.91 - - [31/Mar/2026:20:30:59 +0000] "GET /products/detail/61146327/ HTTP/1.1" 404 16 "https://ttka.co.nz/wp-sitemap.xml" "Mozilla/5.0 (Linux; Android 7.0;) AppleWebKit/537.36 (KHTML, like Gecko) Mobile Safari/537.36 (compatible; PetalBot;+https://webmaster.petalsearch.com/site/petalbot)"
114.119.137.91 - - [31/Mar/2026:20:32:15 +0000] "GET /products/detail/61047105/ HTTP/1.1" 404 16 "https://ttka.co.nz/sitemap.xml" "Mozilla/5.0 (Linux; Android 7.0;) AppleWebKit/537.36 (KHTML, like Gecko) Mobile Safari/537.36 (compatible; PetalBot;+https://webmaster.petalsearch.com/site/petalbot)"
114.119.151.1 - - [31/Mar/2026:20:33:25 +0000] "GET /products/detail/60946175/ HTTP/1.1" 404 16 "https://ttka.co.nz/wp-sitemap.xml" "Mozilla/5.0 (Linux; Android 7.0;) AppleWebKit/537.36 (KHTML, like Gecko) Mobile Safari/537.36 (compatible; PetalBot;+https://webmaster.petalsearch.com/site/petalbot)"
45.79.238.235 - - [31/Mar/2026:20:33:42 +0000] "GET /?et_check_mod_pagespeed=on HTTP/1.1" 200 6844 "-" "WordPress/6.9.4; https://ttka.co.nz"
114.119.140.186 - - [31/Mar/2026:20:34:49 +0000] "GET /products/detail/60846953/ HTTP/1.1" 404 16 "https://ttka.co.nz/sitemap.xml" "Mozilla/5.0 (Linux; Android 7.0;) AppleWebKit/537.36 (KHTML, like Gecko) Mobile Safari/537.36 (compatible; PetalBot;+https://webmaster.petalsearch.com/site/petalbot)"
40.77.167.55 - - [31/Mar/2026:20:34:51 +0000] "GET /2026/03/06/bet365-australia-roulette-hints-uk/ HTTP/1.1" 404 16 "-" "Mozilla/5.0 AppleWebKit/537.36 (KHTML, like Gecko; compatible; bingbot/2.0; +http://www.bing.com/bingbot.htm) Chrome/116.0.1938.76 Safari/537.36"
173.252.95.7 - - [31/Mar/2026:20:34:57 +0000] "GET /robots.txt HTTP/1.1" 304 - "-" "facebookexternalhit/1.1 (+http://www.facebook.com/externalhit_uatext.php)"
114.119.136.188 - - [31/Mar/2026:20:36:20 +0000] "GET /products/detail/60745933/ HTTP/1.1" 404 16 "https://ttka.co.nz/wp-sitemap.xml" "Mozilla/5.0 (Linux; Android 7.0;) AppleWebKit/537.36 (KHTML, like Gecko) Mobile Safari/537.36 (compatible; PetalBot;+https://webmaster.petalsearch.com/site/petalbot)"
114.119.137.91 - - [31/Mar/2026:20:37:59 +0000] "GET /products/detail/60646711/ HTTP/1.1" 404 16 "https://ttka.co.nz/sitemap.xml" "Mozilla/5.0 (Linux; Android 7.0;) AppleWebKit/537.36 (KHTML, like Gecko) Mobile Safari/537.36 (compatible; PetalBot;+https://webmaster.petalsearch.com/site/petalbot)"
89.110.68.32 - - [31/Mar/2026:20:39:08 +0000] "GET /author/gethomas/ HTTP/1.1" 404 16 "https://ttka.co.nz/author/gethomas/" "Mozilla/5.0 (Windows NT 10.0; Win64; x64) AppleWebKit/537.36 (KHTML, like Gecko) Chrome/130.0.0.0 Safari/537.36"
89.110.68.32 - - [31/Mar/2026:20:39:10 +0000] "GET / HTTP/1.1" 200 6844 "https://ttka.co.nz/" "Mozilla/5.0 (Windows NT 10.0; Win64; x64) AppleWebKit/537.36 (KHTML, like Gecko) Chrome/130.0.0.0 Safari/537.36"
114.119.151.1 - - [31/Mar/2026:20:39:18 +0000] "GET /products/detail/60545781/ HTTP/1.1" 404 16 "https://ttka.co.nz/wp-sitemap.xml" "Mozilla/5.0 (Linux; Android 7.0;) AppleWebKit/537.36 (KHTML, like Gecko) Mobile Safari/537.36 (compatible; PetalBot;+https://webmaster.petalsearch.com/site/petalbot)"
40.77.167.55 - - [31/Mar/2026:20:39:23 +0000] "GET /2026/03/06/pokies-game-android/ HTTP/1.1" 404 16 "-" "Mozilla/5.0 AppleWebKit/537.36 (KHTML, like Gecko; compatible; bingbot/2.0; +http://www.bing.com/bingbot.htm) Chrome/116.0.1938.76 Safari/537.36"
114.119.130.54 - - [31/Mar/2026:20:42:18 +0000] "GET /products/detail/60345549/ HTTP/1.1" 404 16 "https://ttka.co.nz/wp-sitemap.xml" "Mozilla/5.0 (Linux; Android 7.0;) AppleWebKit/537.36 (KHTML, like Gecko) Mobile Safari/537.36 (compatible; PetalBot;+https://webmaster.petalsearch.com/site/petalbot)"
114.119.137.91 - - [31/Mar/2026:20:43:11 +0000] "GET /products/detail/60246327/ HTTP/1.1" 404 16 "https://ttka.co.nz/sitemap.xml" "Mozilla/5.0 (Linux; Android 7.0;) AppleWebKit/537.36 (KHTML, like Gecko) Mobile Safari/537.36 (compatible; PetalBot;+https://webmaster.petalsearch.com/site/petalbot)"
52.45.9.143 - - [31/Mar/2026:20:44:30 +0000] "GET / HTTP/1.1" 200 6844 "-" "Mozilla/5.0 (Macintosh; Intel Mac OS X 10_15_7) AppleWebKit/537.36 (KHTML, like Gecko) Chrome/124.0.0.0 Safari/537.36"
114.119.136.75 - - [31/Mar/2026:20:45:11 +0000] "GET /products/detail/60145307/ HTTP/1.1" 404 16 "https://ttka.co.nz/wp-sitemap.xml" "Mozilla/5.0 (Linux; Android 7.0;) AppleWebKit/537.36 (KHTML, like Gecko) Mobile Safari/537.36 (compatible; PetalBot;+https://webmaster.petalsearch.com/site/petalbot)"
114.119.130.54 - - [31/Mar/2026:20:46:12 +0000] "GET /products/detail/60046175/ HTTP/1.1" 404 16 "https://ttka.co.nz/sitemap.xml" "Mozilla/5.0 (Linux; Android 7.0;) AppleWebKit/537.36 (KHTML, like Gecko) Mobile Safari/537.36 (compatible; PetalBot;+https://webmaster.petalsearch.com/site/petalbot)"
65.108.234.211 - - [31/Mar/2026:20:46:44 +0000] "GET /2021/09/16/hello-world/ HTTP/1.1" 404 16 "https://ttka.co.nz/2021/09/16/hello-world/" "Mozilla/5.0 (Windows NT 10.0; Win64; x64) AppleWebKit/537.36 (KHTML, like Gecko) Chrome/131.0.0.0 Safari/537.36 Avast/131.0.0.0"
65.108.234.211 - - [31/Mar/2026:20:46:46 +0000] "GET / HTTP/1.1" 200 6844 "https://ttka.co.nz/" "Mozilla/5.0 (Windows NT 10.0; Win64; x64) AppleWebKit/537.36 (KHTML, like Gecko) Chrome/131.0.0.0 Safari/537.36 Avast/131.0.0.0"
114.119.130.54 - - [31/Mar/2026:20:47:41 +0000] "GET /products/detail/59945155/ HTTP/1.1" 404 16 "https://ttka.co.nz/wp-sitemap.xml" "Mozilla/5.0 (Linux; Android 7.0;) AppleWebKit/537.36 (KHTML, like Gecko) Mobile Safari/537.36 (compatible; PetalBot;+https://webmaster.petalsearch.com/site/petalbot)"
91.242.248.113 - - [31/Mar/2026:20:47:43 +0000] "GET /author/gethomas/ HTTP/1.1" 404 16 "https://ttka.co.nz/author/gethomas/" "Mozilla/5.0 (Windows NT 10.0; Win64; x64) AppleWebKit/537.36 (KHTML, like Gecko) Chrome/131.0.0.0 Safari/537.36 Avast/131.0.0.0"
91.242.248.113 - - [31/Mar/2026:20:47:45 +0000] "GET / HTTP/1.1" 200 6844 "https://ttka.co.nz/" "Mozilla/5.0 (Windows NT 10.0; Win64; x64) AppleWebKit/537.36 (KHTML, like Gecko) Chrome/131.0.0.0 Safari/537.36 Avast/131.0.0.0"
114.119.132.88 - - [31/Mar/2026:20:48:52 +0000] "GET /products/detail/59845933/ HTTP/1.1" 404 16 "https://ttka.co.nz/sitemap.xml" "Mozilla/5.0 (Linux; Android 7.0;) AppleWebKit/537.36 (KHTML, like Gecko) Mobile Safari/537.36 (compatible; PetalBot;+https://webmaster.petalsearch.com/site/petalbot)"
114.119.136.75 - - [31/Mar/2026:20:50:15 +0000] "GET /products/detail/59744913/ HTTP/1.1" 404 16 "https://ttka.co.nz/wp-sitemap.xml" "Mozilla/5.0 (Linux; Android 7.0;) AppleWebKit/537.36 (KHTML, like Gecko) Mobile Safari/537.36 (compatible; PetalBot;+https://webmaster.petalsearch.com/site/petalbot)"
114.119.132.88 - - [31/Mar/2026:20:51:53 +0000] "GET /products/detail/59645781/ HTTP/1.1" 404 16 "https://ttka.co.nz/sitemap.xml" "Mozilla/5.0 (Linux; Android 7.0;) AppleWebKit/537.36 (KHTML, like Gecko) Mobile Safari/537.36 (compatible; PetalBot;+https://webmaster.petalsearch.com/site/petalbot)"
114.119.140.186 - - [31/Mar/2026:20:53:14 +0000] "GET /products/detail/59544761/ HTTP/1.1" 404 16 "https://ttka.co.nz/wp-sitemap.xml" "Mozilla/5.0 (Linux; Android 7.0;) AppleWebKit/537.36 (KHTML, like Gecko) Mobile Safari/537.36 (compatible; PetalBot;+https://webmaster.petalsearch.com/site/petalbot)"
114.119.151.5 - - [31/Mar/2026:20:54:19 +0000] "GET /products/detail/59445549/ HTTP/1.1" 404 16 "https://ttka.co.nz/sitemap.xml" "Mozilla/5.0 (Linux; Android 7.0;) AppleWebKit/537.36 (KHTML, like Gecko) Mobile Safari/537.36 (compatible; PetalBot;+https://webmaster.petalsearch.com/site/petalbot)"
74.235.238.88 - - [31/Mar/2026:20:54:26 +0000] "GET /wp-admin/network/about.php HTTP/1.1" 302 - "-" "-"
74.235.238.88 - - [31/Mar/2026:20:54:28 +0000] "GET /wp-login.php?redirect_to=https%3A%2F%2Fwww.ttka.co.nz%2Fwp-admin%2Fnetwork%2Fabout.php&reauth=1 HTTP/1.1" 200 6731 "-" "-"
114.119.140.186 - - [31/Mar/2026:20:56:05 +0000] "GET /products/detail/59344529/ HTTP/1.1" 404 16 "https://ttka.co.nz/wp-sitemap.xml" "Mozilla/5.0 (Linux; Android 7.0;) AppleWebKit/537.36 (KHTML, like Gecko) Mobile Safari/537.36 (compatible; PetalBot;+https://webmaster.petalsearch.com/site/petalbot)"
114.119.136.188 - - [31/Mar/2026:20:57:05 +0000] "GET /products/detail/59245307/ HTTP/1.1" 404 16 "-" "Mozilla/5.0 (Linux; Android 7.0;) AppleWebKit/537.36 (HTML, like Gecko) Mobile Safari/537.36 (compatible; PetalBot;+https://webmaster.petalsearch.com/site/petalbot)"
114.119.137.91 - - [31/Mar/2026:20:58:31 +0000] "GET /products/detail/59144377/ HTTP/1.1" 404 16 "https://ttka.co.nz/wp-sitemap.xml" "Mozilla/5.0 (Linux; Android 7.0;) AppleWebKit/537.36 (KHTML, like Gecko) Mobile Safari/537.36 (compatible; PetalBot;+https://webmaster.petalsearch.com/site/petalbot)"
114.119.130.54 - - [31/Mar/2026:20:59:53 +0000] "GET /products/detail/60446569/ HTTP/1.1" 404 16 "https://ttka.co.nz/sitemap.xml" "Mozilla/5.0 (Linux; Android 7.0;) AppleWebKit/537.36 (KHTML, like Gecko) Mobile Safari/537.36 (compatible; PetalBot;+https://webmaster.petalsearch.com/site/petalbot)"
114.119.130.54 - - [31/Mar/2026:21:01:22 +0000] "GET /products/detail/59045155/ HTTP/1.1" 404 16 "https://ttka.co.nz/sitemap.xml" "Mozilla/5.0 (Linux; Android 7.0;) AppleWebKit/537.36 (KHTML, like Gecko) Mobile Safari/537.36 (compatible; PetalBot;+https://webmaster.petalsearch.com/site/petalbot)"
114.119.130.54 - - [31/Mar/2026:21:02:58 +0000] "GET /products/detail/58944135/ HTTP/1.1" 404 16 "https://ttka.co.nz/wp-sitemap.xml" "Mozilla/5.0 (Linux; Android 7.0;) AppleWebKit/537.36 (KHTML, like Gecko) Mobile Safari/537.36 (compatible; PetalBot;+https://webmaster.petalsearch.com/site/petalbot)"
114.119.140.186 - - [31/Mar/2026:21:04:05 +0000] "GET /products/detail/58844913/ HTTP/1.1" 404 16 "-" "Mozilla/5.0 (Linux; Android 7.0;) AppleWebKit/537.36 (HTML, like Gecko) Mobile Safari/537.36 (compatible; PetalBot;+https://webmaster.petalsearch.com/site/petalbot)"
114.119.130.54 - - [31/Mar/2026:21:05:50 +0000] "GET /products/detail/58743983/ HTTP/1.1" 404 16 "https://ttka.co.nz/wp-sitemap.xml" "Mozilla/5.0 (Linux; Android 7.0;) AppleWebKit/537.36 (KHTML, like Gecko) Mobile Safari/537.36 (compatible; PetalBot;+https://webmaster.petalsearch.com/site/petalbot)"
51.222.95.220 - - [31/Mar/2026:21:06:01 +0000] "GET /144.php HTTP/1.1" 200 13799 "-" "Mozilla/5.0 (compatible; AhrefsBot/7.0; +http://ahrefs.com/robot/)"
114.119.132.88 - - [31/Mar/2026:21:07:08 +0000] "GET /products/detail/58644761/ HTTP/1.1" 404 16 "https://ttka.co.nz/sitemap.xml" "Mozilla/5.0 (Linux; Android 7.0;) AppleWebKit/537.36 (KHTML, like Gecko) Mobile Safari/537.36 (compatible; PetalBot;+https://webmaster.petalsearch.com/site/petalbot)"
114.119.151.1 - - [31/Mar/2026:21:08:30 +0000] "GET /products/detail/58543741/ HTTP/1.1" 404 16 "https://ttka.co.nz/wp-sitemap.xml" "Mozilla/5.0 (Linux; Android 7.0;) AppleWebKit/537.36 (KHTML, like Gecko) Mobile Safari/537.36 (compatible; PetalBot;+https://webmaster.petalsearch.com/site/petalbot)"
114.119.136.188 - - [31/Mar/2026:21:09:38 +0000] "GET /products/detail/58444529/ HTTP/1.1" 404 16 "https://ttka.co.nz/sitemap.xml" "Mozilla/5.0 (Linux; Android 7.0;) AppleWebKit/537.36 (KHTML, like Gecko) Mobile Safari/537.36 (compatible; PetalBot;+https://webmaster.petalsearch.com/site/petalbot)"
114.119.151.5 - - [31/Mar/2026:21:11:04 +0000] "GET /products/detail/58343509/ HTTP/1.1" 404 16 "https://ttka.co.nz/wp-sitemap.xml" "Mozilla/5.0 (Linux; Android 7.0;) AppleWebKit/537.36 (KHTML, like Gecko) Mobile Safari/537.36 (compatible; PetalBot;+https://webmaster.petalsearch.com/site/petalbot)"
114.119.151.1 - - [31/Mar/2026:21:13:05 +0000] "GET /products/detail/58244377/ HTTP/1.1" 404 16 "https://ttka.co.nz/sitemap.xml" "Mozilla/5.0 (Linux; Android 7.0;) AppleWebKit/537.36 (KHTML, like Gecko) Mobile Safari/537.36 (compatible; PetalBot;+https://webmaster.petalsearch.com/site/petalbot)"
114.119.151.1 - - [31/Mar/2026:21:14:03 +0000] "GET /products/detail/58143357/ HTTP/1.1" 404 16 "https://ttka.co.nz/wp-sitemap.xml" "Mozilla/5.0 (Linux; Android 7.0;) AppleWebKit/537.36 (KHTML, like Gecko) Mobile Safari/537.36 (compatible; PetalBot;+https://webmaster.petalsearch.com/site/petalbot)"
114.119.151.1 - - [31/Mar/2026:21:15:12 +0000] "GET /products/detail/58044135/ HTTP/1.1" 404 16 "https://ttka.co.nz/sitemap.xml" "Mozilla/5.0 (Linux; Android 7.0;) AppleWebKit/537.36 (KHTML, like Gecko) Mobile Safari/537.36 (compatible; PetalBot;+https://webmaster.petalsearch.com/site/petalbot)"
114.119.137.91 - - [31/Mar/2026:21:16:52 +0000] "GET /products/detail/57943115/ HTTP/1.1" 404 16 "https://ttka.co.nz/wp-sitemap.xml" "Mozilla/5.0 (Linux; Android 7.0;) AppleWebKit/537.36 (KHTML, like Gecko) Mobile Safari/537.36 (compatible; PetalBot;+https://webmaster.petalsearch.com/site/petalbot)"
114.119.151.1 - - [31/Mar/2026:21:18:50 +0000] "GET /products/detail/57843983/ HTTP/1.1" 404 16 "https://ttka.co.nz/sitemap.xml" "Mozilla/5.0 (Linux; Android 7.0;) AppleWebKit/537.36 (KHTML, like Gecko) Mobile Safari/537.36 (compatible; PetalBot;+https://webmaster.petalsearch.com/site/petalbot)"
114.119.137.91 - - [31/Mar/2026:21:19:48 +0000] "GET /products/detail/57742963/ HTTP/1.1" 404 16 "https://ttka.co.nz/wp-sitemap.xml" "Mozilla/5.0 (Linux; Android 7.0;) AppleWebKit/537.36 (KHTML, like Gecko) Mobile Safari/537.36 (compatible; PetalBot;+https://webmaster.petalsearch.com/site/petalbot)"
114.119.151.5 - - [31/Mar/2026:21:21:10 +0000] "GET /products/detail/57643741/ HTTP/1.1" 404 16 "https://ttka.co.nz/sitemap.xml" "Mozilla/5.0 (Linux; Android 7.0;) AppleWebKit/537.36 (KHTML, like Gecko) Mobile Safari/537.36 (compatible; PetalBot;+https://webmaster.petalsearch.com/site/petalbot)"
114.119.136.188 - - [31/Mar/2026:21:22:44 +0000] "GET /products/detail/57542721/ HTTP/1.1" 404 16 "https://ttka.co.nz/wp-sitemap.xml" "Mozilla/5.0 (Linux; Android 7.0;) AppleWebKit/537.36 (KHTML, like Gecko) Mobile Safari/537.36 (compatible; PetalBot;+https://webmaster.petalsearch.com/site/petalbot)"
114.119.130.54 - - [31/Mar/2026:21:23:34 +0000] "GET /products/detail/57443509/ HTTP/1.1" 404 16 "https://ttka.co.nz/sitemap.xml" "Mozilla/5.0 (Linux; Android 7.0;) AppleWebKit/537.36 (KHTML, like Gecko) Mobile Safari/537.36 (compatible; PetalBot;+https://webmaster.petalsearch.com/site/petalbot)"
114.119.151.5 - - [31/Mar/2026:21:25:29 +0000] "GET /products/detail/57342579/ HTTP/1.1" 404 16 "https://ttka.co.nz/wp-sitemap.xml" "Mozilla/5.0 (Linux; Android 7.0;) AppleWebKit/537.36 (KHTML, like Gecko) Mobile Safari/537.36 (compatible; PetalBot;+https://webmaster.petalsearch.com/site/petalbot)"
114.119.132.88 - - [31/Mar/2026:21:26:22 +0000] "GET /products/detail/57243357/ HTTP/1.1" 404 16 "https://ttka.co.nz/sitemap.xml" "Mozilla/5.0 (Linux; Android 7.0;) AppleWebKit/537.36 (KHTML, like Gecko) Mobile Safari/537.36 (compatible; PetalBot;+https://webmaster.petalsearch.com/site/petalbot)"
114.119.140.186 - - [31/Mar/2026:21:27:45 +0000] "GET /products/detail/57142337/ HTTP/1.1" 404 16 "https://ttka.co.nz/wp-sitemap.xml" "Mozilla/5.0 (Linux; Android 7.0;) AppleWebKit/537.36 (KHTML, like Gecko) Mobile Safari/537.36 (compatible; PetalBot;+https://webmaster.petalsearch.com/site/petalbot)"
114.119.140.186 - - [31/Mar/2026:21:29:16 +0000] "GET /products/detail/57043115/ HTTP/1.1" 404 16 "https://ttka.co.nz/sitemap.xml" "Mozilla/5.0 (Linux; Android 7.0;) AppleWebKit/537.36 (KHTML, like Gecko) Mobile Safari/537.36 (compatible; PetalBot;+https://webmaster.petalsearch.com/site/petalbot)"
148.113.130.83 - - [31/Mar/2026:21:30:39 +0000] "GET /robots.txt HTTP/1.1" 304 - "-" "Mozilla/5.0 (compatible; AhrefsBot/7.0; +http://ahrefs.com/robot/)"
198.244.168.92 - - [31/Mar/2026:21:30:41 +0000] "GET / HTTP/1.1" 200 6844 "-" "Mozilla/5.0 (compatible; AhrefsBot/7.0; +http://ahrefs.com/robot/)"
114.119.136.188 - - [31/Mar/2026:21:31:15 +0000] "GET /products/detail/56942185/ HTTP/1.1" 404 16 "https://ttka.co.nz/wp-sitemap.xml" "Mozilla/5.0 (Linux; Android 7.0;) AppleWebKit/537.36 (KHTML, like Gecko) Mobile Safari/537.36 (compatible; PetalBot;+https://webmaster.petalsearch.com/site/petalbot)"
111.90.182.134 - - [31/Mar/2026:21:31:24 +0000] "GET / HTTP/1.1" 200 6844 "-" "Mozilla/5.0 (Windows NT 10.0; Win64; x64) AppleWebKit/537.36 (KHTML, like Gecko) Chrome/146.0.0.0 Safari/537.36"
111.90.182.134 - - [31/Mar/2026:21:31:24 +0000] "GET /favicon.ico HTTP/1.1" 404 16 "https://ttka.co.nz/" "Mozilla/5.0 (Windows NT 10.0; Win64; x64) AppleWebKit/537.36 (KHTML, like Gecko) Chrome/146.0.0.0 Safari/537.36"
111.90.182.134 - - [31/Mar/2026:21:31:43 +0000] "GET /123.php HTTP/1.1" 200 - "https://ttka.co.nz/" "Mozilla/5.0 (Windows NT 10.0; Win64; x64) AppleWebKit/537.36 (KHTML, like Gecko) Chrome/146.0.0.0 Safari/537.36"
111.90.182.134 - - [31/Mar/2026:21:31:47 +0000] "GET /144.php HTTP/1.1" 200 13799 "https://ttka.co.nz/" "Mozilla/5.0 (Windows NT 10.0; Win64; x64) AppleWebKit/537.36 (KHTML, like Gecko) Chrome/146.0.0.0 Safari/537.36"
111.90.182.134 - - [31/Mar/2026:21:31:48 +0000] "POST /144.php HTTP/1.1" 200 3007 "https://ttka.co.nz/144.php" "Mozilla/5.0 (Windows NT 10.0; Win64; x64) AppleWebKit/537.36 (KHTML, like Gecko) Chrome/146.0.0.0 Safari/537.36"
111.90.182.134 - - [31/Mar/2026:21:31:51 +0000] "GET /bless15.php HTTP/1.1" 200 126 "https://ttka.co.nz/" "Mozilla/5.0 (Windows NT 10.0; Win64; x64) AppleWebKit/537.36 (KHTML, like Gecko) Chrome/146.0.0.0 Safari/537.36"
111.90.182.134 - - [31/Mar/2026:21:31:54 +0000] "GET /dhxtfzvl.php HTTP/1.1" 200 - "https://ttka.co.nz/" "Mozilla/5.0 (Windows NT 10.0; Win64; x64) AppleWebKit/537.36 (KHTML, like Gecko) Chrome/146.0.0.0 Safari/537.36"
111.90.182.134 - - [31/Mar/2026:21:31:56 +0000] "GET /fpaeojhp.php HTTP/1.1" 200 94 "https://ttka.co.nz/" "Mozilla/5.0 (Windows NT 10.0; Win64; x64) AppleWebKit/537.36 (KHTML, like Gecko) Chrome/146.0.0.0 Safari/537.36"
114.119.151.5 - - [31/Mar/2026:21:32:21 +0000] "GET /products/detail/56842963/ HTTP/1.1" 404 16 "https://ttka.co.nz/sitemap.xml" "Mozilla/5.0 (Linux; Android 7.0;) AppleWebKit/537.36 (KHTML, like Gecko) Mobile Safari/537.36 (compatible; PetalBot;+https://webmaster.petalsearch.com/site/petalbot)"
111.90.182.134 - - [31/Mar/2026:21:32:34 +0000] "GET /rllko.php HTTP/1.1" 200 - "-" "Mozilla/5.0 (Windows NT 10.0; Win64; x64) AppleWebKit/537.36 (KHTML, like Gecko) Chrome/146.0.0.0 Safari/537.36"
185.177.72.50 - - [31/Mar/2026:21:34:39 +0000] "GET /admin HTTP/1.1" 404 16 "-" "Mozilla/5.0 (Windows NT 10.0; Win64; x64) AppleWebKit/537.36, Mozilla/5.0 (Windows NT 10.0; Win64; x64) AppleWebKit/537.36 (KHTML, like Gecko) Chrome/120.0.0.0 Safari/537.36"
185.177.72.50 - - [31/Mar/2026:21:34:39 +0000] "GET /billing HTTP/1.1" 404 16 "-" "Mozilla/5.0 (Windows NT 10.0; Win64; x64) AppleWebKit/537.36, Mozilla/5.0 (Windows NT 10.0; Win64; x64) AppleWebKit/537.36 (KHTML, like Gecko) Chrome/120.0.0.0 Safari/537.36"
185.177.72.50 - - [31/Mar/2026:21:34:39 +0000] "GET /dashboard HTTP/1.1" 404 16 "-" "Mozilla/5.0 (Windows NT 10.0; Win64; x64) AppleWebKit/537.36, Mozilla/5.0 (Windows NT 10.0; Win64; x64) AppleWebKit/537.36 (KHTML, like Gecko) Chrome/120.0.0.0 Safari/537.36"
185.177.72.50 - - [31/Mar/2026:21:34:39 +0000] "GET /payment HTTP/1.1" 404 16 "-" "Mozilla/5.0 (Windows NT 10.0; Win64; x64) AppleWebKit/537.36, Mozilla/5.0 (Windows NT 10.0; Win64; x64) AppleWebKit/537.36 (KHTML, like Gecko) Chrome/120.0.0.0 Safari/537.36"
185.177.72.50 - - [31/Mar/2026:21:34:40 +0000] "GET /register HTTP/1.1" 404 16 "-" "Mozilla/5.0 (Windows NT 10.0; Win64; x64) AppleWebKit/537.36, Mozilla/5.0 (Windows NT 10.0; Win64; x64) AppleWebKit/537.36 (KHTML, like Gecko) Chrome/120.0.0.0 Safari/537.36"
185.177.72.50 - - [31/Mar/2026:21:34:40 +0000] "GET /checkout HTTP/1.1" 404 16 "-" "Mozilla/5.0 (Windows NT 10.0; Win64; x64) AppleWebKit/537.36, Mozilla/5.0 (Windows NT 10.0; Win64; x64) AppleWebKit/537.36 (KHTML, like Gecko) Chrome/120.0.0.0 Safari/537.36"
185.177.72.50 - - [31/Mar/2026:21:34:40 +0000] "GET /index.html HTTP/1.1" 404 16 "-" "Mozilla/5.0 (Windows NT 10.0; Win64; x64) AppleWebKit/537.36, Mozilla/5.0 (Windows NT 10.0; Win64; x64) AppleWebKit/537.36 (KHTML, like Gecko) Chrome/120.0.0.0 Safari/537.36"
185.177.72.50 - - [31/Mar/2026:21:34:40 +0000] "GET /sitemap.xml HTTP/1.1" 404 16 "-" "Mozilla/5.0 (Windows NT 10.0; Win64; x64) AppleWebKit/537.36"
185.177.72.50 - - [31/Mar/2026:21:34:40 +0000] "GET / HTTP/1.1" 200 5601 "-" "Mozilla/5.0 (Windows NT 10.0; Win64; x64) AppleWebKit/537.36, Mozilla/5.0 (Windows NT 10.0; Win64; x64) AppleWebKit/537.36 (KHTML, like Gecko) Chrome/120.0.0.0 Safari/537.36"
185.177.72.50 - - [31/Mar/2026:21:34:40 +0000] "GET /donate HTTP/1.1" 404 16 "-" "Mozilla/5.0 (Windows NT 10.0; Win64; x64) AppleWebKit/537.36, Mozilla/5.0 (Windows NT 10.0; Win64; x64) AppleWebKit/537.36 (KHTML, like Gecko) Chrome/120.0.0.0 Safari/537.36"
185.177.72.50 - - [31/Mar/2026:21:34:40 +0000] "GET /products/detail/193679973/ HTTP/1.1" 404 16 "-" "Mozilla/5.0 (Windows NT 10.0; Win64; x64) AppleWebKit/537.36"
185.177.72.50 - - [31/Mar/2026:21:34:41 +0000] "GET /products/detail/268955185/ HTTP/1.1" 404 16 "-" "Mozilla/5.0 (Windows NT 10.0; Win64; x64) AppleWebKit/537.36"
185.177.72.50 - - [31/Mar/2026:21:34:41 +0000] "GET /order HTTP/1.1" 404 16 "-" "Mozilla/5.0 (Windows NT 10.0; Win64; x64) AppleWebKit/537.36, Mozilla/5.0 (Windows NT 10.0; Win64; x64) AppleWebKit/537.36 (KHTML, like Gecko) Chrome/120.0.0.0 Safari/537.36"
185.177.72.50 - - [31/Mar/2026:21:34:41 +0000] "GET /subscribe HTTP/1.1" 404 16 "-" "Mozilla/5.0 (Windows NT 10.0; Win64; x64) AppleWebKit/537.36, Mozilla/5.0 (Windows NT 10.0; Win64; x64) AppleWebKit/537.36 (KHTML, like Gecko) Chrome/120.0.0.0 Safari/537.36"
185.177.72.50 - - [31/Mar/2026:21:34:41 +0000] "GET /plans HTTP/1.1" 404 16 "-" "Mozilla/5.0 (Windows NT 10.0; Win64; x64) AppleWebKit/537.36, Mozilla/5.0 (Windows NT 10.0; Win64; x64) AppleWebKit/537.36 (KHTML, like Gecko) Chrome/120.0.0.0 Safari/537.36"
185.177.72.50 - - [31/Mar/2026:21:34:41 +0000] "GET /products/detail/233920115/ HTTP/1.1" 404 16 "-" "Mozilla/5.0 (Windows NT 10.0; Win64; x64) AppleWebKit/537.36"
185.177.72.50 - - [31/Mar/2026:21:34:42 +0000] "GET /products/detail/21807983/ HTTP/1.1" 404 16 "-" "Mozilla/5.0 (Windows NT 10.0; Win64; x64) AppleWebKit/537.36"
185.177.72.50 - - [31/Mar/2026:21:34:44 +0000] "GET /products/detail/269956115/ HTTP/1.1" 404 16 "-" "Mozilla/5.0 (Windows NT 10.0; Win64; x64) AppleWebKit/537.36"
185.177.72.50 - - [31/Mar/2026:21:34:44 +0000] "GET /products/detail/22008135/ HTTP/1.1" 404 16 "-" "Mozilla/5.0 (Windows NT 10.0; Win64; x64) AppleWebKit/537.36"
185.177.72.50 - - [31/Mar/2026:21:34:44 +0000] "GET /products/detail/294380539/ HTTP/1.1" 404 16 "-" "Mozilla/5.0 (Windows NT 10.0; Win64; x64) AppleWebKit/537.36"
185.177.72.50 - - [31/Mar/2026:21:34:46 +0000] "GET /products/detail/11597721/ HTTP/1.1" 404 16 "-" "Mozilla/5.0 (Windows NT 10.0; Win64; x64) AppleWebKit/537.36"
185.177.72.50 - - [31/Mar/2026:21:34:47 +0000] "GET /products/detail/297984135/ HTTP/1.1" 404 16 "-" "Mozilla/5.0 (Windows NT 10.0; Win64; x64) AppleWebKit/537.36"
185.177.72.50 - - [31/Mar/2026:21:34:48 +0000] "GET /products/detail/26412519/ HTTP/1.1" 404 16 "-" "Mozilla/5.0 (Windows NT 10.0; Win64; x64) AppleWebKit/537.36"
185.177.72.50 - - [31/Mar/2026:21:34:48 +0000] "GET /products/detail/273759953/ HTTP/1.1" 404 16 "-" "Mozilla/5.0 (Windows NT 10.0; Win64; x64) AppleWebKit/537.36"
185.177.72.50 - - [31/Mar/2026:21:34:49 +0000] "GET /products/detail/55841943/ HTTP/1.1" 404 16 "-" "Mozilla/5.0 (Windows NT 10.0; Win64; x64) AppleWebKit/537.36"
185.177.72.50 - - [31/Mar/2026:21:34:50 +0000] "GET /products/detail/211898125/ HTTP/1.1" 404 16 "-" "Mozilla/5.0 (Windows NT 10.0; Win64; x64) AppleWebKit/537.36"
185.177.72.50 - - [31/Mar/2026:21:34:51 +0000] "GET /products/detail/222508771/ HTTP/1.1" 404 16 "-" "Mozilla/5.0 (Windows NT 10.0; Win64; x64) AppleWebKit/537.36"
114.119.151.1 - - [31/Mar/2026:21:34:51 +0000] "GET /products/detail/56642721/ HTTP/1.1" 404 16 "https://ttka.co.nz/sitemap.xml" "Mozilla/5.0 (Linux; Android 7.0;) AppleWebKit/537.36 (KHTML, like Gecko) Mobile Safari/537.36 (compatible; PetalBot;+https://webmaster.petalsearch.com/site/petalbot)"
185.177.72.50 - - [31/Mar/2026:21:34:52 +0000] "GET /products/detail/284971145/ HTTP/1.1" 404 16 "-" "Mozilla/5.0 (Windows NT 10.0; Win64; x64) AppleWebKit/537.36"
185.177.72.50 - - [31/Mar/2026:21:34:53 +0000] "GET /products/detail/247533731/ HTTP/1.1" 404 16 "-" "Mozilla/5.0 (Windows NT 10.0; Win64; x64) AppleWebKit/537.36"
185.177.72.50 - - [31/Mar/2026:21:34:54 +0000] "GET /products/detail/217503761/ HTTP/1.1" 404 16 "-" "Mozilla/5.0 (Windows NT 10.0; Win64; x64) AppleWebKit/537.36"
185.177.72.50 - - [31/Mar/2026:21:34:55 +0000] "GET /products/detail/13799913/ HTTP/1.1" 404 16 "-" "Mozilla/5.0 (Windows NT 10.0; Win64; x64) AppleWebKit/537.36"
185.177.72.50 - - [31/Mar/2026:21:34:55 +0000] "GET /products/detail/208694913/ HTTP/1.1" 404 16 "-" "Mozilla/5.0 (Windows NT 10.0; Win64; x64) AppleWebKit/537.36"
185.177.72.50 - - [31/Mar/2026:21:34:55 +0000] "GET /products/detail/58844913/ HTTP/1.1" 404 16 "-" "Mozilla/5.0 (Windows NT 10.0; Win64; x64) AppleWebKit/537.36"
14.154.195.150 - - [31/Mar/2026:21:35:50 +0000] "GET /comment.php?products/92594156 HTTP/1.1" 404 16 "-" "Mozilla/4.0 (compatible; MSIE 6.0; Windows NT 5.1)"
114.119.130.54 - - [31/Mar/2026:21:36:18 +0000] "GET /products/detail/56541701/ HTTP/1.1" 404 16 "https://ttka.co.nz/wp-sitemap.xml" "Mozilla/5.0 (Linux; Android 7.0;) AppleWebKit/537.36 (KHTML, like Gecko) Mobile Safari/537.36 (compatible; PetalBot;+https://webmaster.petalsearch.com/site/petalbot)"
3.93.40.64 - - [31/Mar/2026:21:36:57 +0000] "POST /wp-login.php HTTP/1.1" 200 7130 "-" "Mozilla/5.0"
114.119.151.1 - - [31/Mar/2026:21:38:11 +0000] "GET /products/detail/56442579/ HTTP/1.1" 404 16 "https://ttka.co.nz/sitemap.xml" "Mozilla/5.0 (Linux; Android 7.0;) AppleWebKit/537.36 (KHTML, like Gecko) Mobile Safari/537.36 (compatible; PetalBot;+https://webmaster.petalsearch.com/site/petalbot)"
185.177.72.50 - - [31/Mar/2026:21:38:58 +0000] "GET /register HTTP/1.1" 404 16 "-" "Mozilla/5.0 (Windows NT 10.0; Win64; x64) AppleWebKit/537.36, Mozilla/5.0 (Windows NT 10.0; Win64; x64) AppleWebKit/537.36 (KHTML, like Gecko) Chrome/120.0.0.0 Safari/537.36"
185.177.72.50 - - [31/Mar/2026:21:38:58 +0000] "GET /subscribe HTTP/1.1" 404 16 "-" "Mozilla/5.0 (Windows NT 10.0; Win64; x64) AppleWebKit/537.36, Mozilla/5.0 (Windows NT 10.0; Win64; x64) AppleWebKit/537.36 (KHTML, like Gecko) Chrome/120.0.0.0 Safari/537.36"
185.177.72.50 - - [31/Mar/2026:21:38:58 +0000] "GET /checkout HTTP/1.1" 404 16 "-" "Mozilla/5.0 (Windows NT 10.0; Win64; x64) AppleWebKit/537.36, Mozilla/5.0 (Windows NT 10.0; Win64; x64) AppleWebKit/537.36 (KHTML, like Gecko) Chrome/120.0.0.0 Safari/537.36"
185.177.72.50 - - [31/Mar/2026:21:38:59 +0000] "GET / HTTP/1.1" 200 5601 "-" "Mozilla/5.0 (Windows NT 10.0; Win64; x64) AppleWebKit/537.36, Mozilla/5.0 (Windows NT 10.0; Win64; x64) AppleWebKit/537.36 (KHTML, like Gecko) Chrome/120.0.0.0 Safari/537.36"
185.177.72.50 - - [31/Mar/2026:21:38:59 +0000] "GET /donate HTTP/1.1" 404 16 "-" "Mozilla/5.0 (Windows NT 10.0; Win64; x64) AppleWebKit/537.36, Mozilla/5.0 (Windows NT 10.0; Win64; x64) AppleWebKit/537.36 (KHTML, like Gecko) Chrome/120.0.0.0 Safari/537.36"
185.177.72.50 - - [31/Mar/2026:21:38:59 +0000] "GET /sitemap.xml HTTP/1.1" 404 16 "-" "Mozilla/5.0 (Windows NT 10.0; Win64; x64) AppleWebKit/537.36"
185.177.72.50 - - [31/Mar/2026:21:38:59 +0000] "GET /cart HTTP/1.1" 404 16 "-" "Mozilla/5.0 (Windows NT 10.0; Win64; x64) AppleWebKit/537.36, Mozilla/5.0 (Windows NT 10.0; Win64; x64) AppleWebKit/537.36 (KHTML, like Gecko) Chrome/120.0.0.0 Safari/537.36"
185.177.72.50 - - [31/Mar/2026:21:38:59 +0000] "GET /account HTTP/1.1" 404 16 "-" "Mozilla/5.0 (Windows NT 10.0; Win64; x64) AppleWebKit/537.36, Mozilla/5.0 (Windows NT 10.0; Win64; x64) AppleWebKit/537.36 (KHTML, like Gecko) Chrome/120.0.0.0 Safari/537.36"
185.177.72.50 - - [31/Mar/2026:21:38:59 +0000] "GET /payment HTTP/1.1" 404 16 "-" "Mozilla/5.0 (Windows NT 10.0; Win64; x64) AppleWebKit/537.36, Mozilla/5.0 (Windows NT 10.0; Win64; x64) AppleWebKit/537.36 (KHTML, like Gecko) Chrome/120.0.0.0 Safari/537.36"
185.177.72.50 - - [31/Mar/2026:21:38:59 +0000] "GET /pricing HTTP/1.1" 404 16 "-" "Mozilla/5.0 (Windows NT 10.0; Win64; x64) AppleWebKit/537.36, Mozilla/5.0 (Windows NT 10.0; Win64; x64) AppleWebKit/537.36 (KHTML, like Gecko) Chrome/120.0.0.0 Safari/537.36"
185.177.72.50 - - [31/Mar/2026:21:38:59 +0000] "GET /.env.production HTTP/1.1" 403 4170 "-" "Mozilla/5.0 (Windows NT 10.0; Win64; x64) AppleWebKit/537.36, curl/8.4.0"
185.177.72.50 - - [31/Mar/2026:21:38:59 +0000] "GET /.env.production.local HTTP/1.1" 403 4170 "-" "Mozilla/5.0 (Windows NT 10.0; Win64; x64) AppleWebKit/537.36, curl/8.4.0"
185.177.72.50 - - [31/Mar/2026:21:38:59 +0000] "GET /.env.prod HTTP/1.1" 404 16 "-" "Mozilla/5.0 (Windows NT 10.0; Win64; x64) AppleWebKit/537.36, curl/8.4.0"
185.177.72.50 - - [31/Mar/2026:21:38:59 +0000] "GET /.env.staging HTTP/1.1" 404 16 "-" "Mozilla/5.0 (Windows NT 10.0; Win64; x64) AppleWebKit/537.36, curl/8.4.0"
185.177.72.50 - - [31/Mar/2026:21:38:59 +0000] "GET /.env.stage HTTP/1.1" 404 16 "-" "Mozilla/5.0 (Windows NT 10.0; Win64; x64) AppleWebKit/537.36, curl/8.4.0"
185.177.72.50 - - [31/Mar/2026:21:38:59 +0000] "GET /.env.development HTTP/1.1" 404 16 "-" "Mozilla/5.0 (Windows NT 10.0; Win64; x64) AppleWebKit/537.36, curl/8.4.0"
185.177.72.50 - - [31/Mar/2026:21:38:59 +0000] "GET /.env.dev HTTP/1.1" 404 16 "-" "Mozilla/5.0 (Windows NT 10.0; Win64; x64) AppleWebKit/537.36, curl/8.4.0"
185.177.72.50 - - [31/Mar/2026:21:39:00 +0000] "GET /.env.local HTTP/1.1" 404 16 "-" "Mozilla/5.0 (Windows NT 10.0; Win64; x64) AppleWebKit/537.36, curl/8.4.0"
185.177.72.50 - - [31/Mar/2026:21:39:00 +0000] "GET /.env.test HTTP/1.1" 404 16 "-" "Mozilla/5.0 (Windows NT 10.0; Win64; x64) AppleWebKit/537.36, curl/8.4.0"
185.177.72.50 - - [31/Mar/2026:21:39:00 +0000] "GET /index.html HTTP/1.1" 404 16 "-" "Mozilla/5.0 (Windows NT 10.0; Win64; x64) AppleWebKit/537.36, Mozilla/5.0 (Windows NT 10.0; Win64; x64) AppleWebKit/537.36 (KHTML, like Gecko) Chrome/120.0.0.0 Safari/537.36"
185.177.72.50 - - [31/Mar/2026:21:39:00 +0000] "GET /billing HTTP/1.1" 404 16 "-" "Mozilla/5.0 (Windows NT 10.0; Win64; x64) AppleWebKit/537.36, Mozilla/5.0 (Windows NT 10.0; Win64; x64) AppleWebKit/537.36 (KHTML, like Gecko) Chrome/120.0.0.0 Safari/537.36"
185.177.72.50 - - [31/Mar/2026:21:39:00 +0000] "GET /.env HTTP/1.1" 404 16 "-" "Mozilla/5.0 (Windows NT 10.0; Win64; x64) AppleWebKit/537.36, curl/8.4.0"
185.177.72.50 - - [31/Mar/2026:21:39:00 +0000] "GET /shop HTTP/1.1" 404 16 "-" "Mozilla/5.0 (Windows NT 10.0; Win64; x64) AppleWebKit/537.36, Mozilla/5.0 (Windows NT 10.0; Win64; x64) AppleWebKit/537.36 (KHTML, like Gecko) Chrome/120.0.0.0 Safari/537.36"
185.177.72.50 - - [31/Mar/2026:21:39:00 +0000] "GET /order HTTP/1.1" 404 16 "-" "Mozilla/5.0 (Windows NT 10.0; Win64; x64) AppleWebKit/537.36, Mozilla/5.0 (Windows NT 10.0; Win64; x64) AppleWebKit/537.36 (KHTML, like Gecko) Chrome/120.0.0.0 Safari/537.36"
185.177.72.50 - - [31/Mar/2026:21:39:00 +0000] "GET /signup HTTP/1.1" 404 16 "-" "Mozilla/5.0 (Windows NT 10.0; Win64; x64) AppleWebKit/537.36, Mozilla/5.0 (Windows NT 10.0; Win64; x64) AppleWebKit/537.36 (KHTML, like Gecko) Chrome/120.0.0.0 Safari/537.36"
185.177.72.50 - - [31/Mar/2026:21:39:00 +0000] "GET /.env.uat HTTP/1.1" 404 16 "-" "Mozilla/5.0 (Windows NT 10.0; Win64; x64) AppleWebKit/537.36, curl/8.4.0"
185.177.72.50 - - [31/Mar/2026:21:39:00 +0000] "GET /dashboard HTTP/1.1" 404 16 "-" "Mozilla/5.0 (Windows NT 10.0; Win64; x64) AppleWebKit/537.36, Mozilla/5.0 (Windows NT 10.0; Win64; x64) AppleWebKit/537.36 (KHTML, like Gecko) Chrome/120.0.0.0 Safari/537.36"
185.177.72.50 - - [31/Mar/2026:21:39:00 +0000] "GET /admin HTTP/1.1" 404 16 "-" "Mozilla/5.0 (Windows NT 10.0; Win64; x64) AppleWebKit/537.36, Mozilla/5.0 (Windows NT 10.0; Win64; x64) AppleWebKit/537.36 (KHTML, like Gecko) Chrome/120.0.0.0 Safari/537.36"
185.177.72.50 - - [31/Mar/2026:21:39:00 +0000] "GET /plans HTTP/1.1" 404 16 "-" "Mozilla/5.0 (Windows NT 10.0; Win64; x64) AppleWebKit/537.36, Mozilla/5.0 (Windows NT 10.0; Win64; x64) AppleWebKit/537.36 (KHTML, like Gecko) Chrome/120.0.0.0 Safari/537.36"
185.177.72.50 - - [31/Mar/2026:21:39:00 +0000] "GET /.env.vite HTTP/1.1" 404 16 "-" "Mozilla/5.0 (Windows NT 10.0; Win64; x64) AppleWebKit/537.36, curl/8.4.0"
185.177.72.50 - - [31/Mar/2026:21:39:00 +0000] "GET /.env.bak HTTP/1.1" 404 16 "-" "Mozilla/5.0 (Windows NT 10.0; Win64; x64) AppleWebKit/537.36, curl/8.4.0"
185.177.72.50 - - [31/Mar/2026:21:39:00 +0000] "GET /.env.backup HTTP/1.1" 404 16 "-" "Mozilla/5.0 (Windows NT 10.0; Win64; x64) AppleWebKit/537.36, curl/8.4.0"
185.177.72.50 - - [31/Mar/2026:21:39:00 +0000] "GET /.env.old HTTP/1.1" 404 16 "-" "Mozilla/5.0 (Windows NT 10.0; Win64; x64) AppleWebKit/537.36, curl/8.4.0"
185.177.72.50 - - [31/Mar/2026:21:39:00 +0000] "GET /products/detail/193679973/ HTTP/1.1" 404 16 "-" "Mozilla/5.0 (Windows NT 10.0; Win64; x64) AppleWebKit/537.36"
185.177.72.50 - - [31/Mar/2026:21:39:00 +0000] "GET /.env.save HTTP/1.1" 404 16 "-" "Mozilla/5.0 (Windows NT 10.0; Win64; x64) AppleWebKit/537.36, curl/8.4.0"
185.177.72.50 - - [31/Mar/2026:21:39:00 +0000] "GET /.env.example HTTP/1.1" 404 16 "-" "Mozilla/5.0 (Windows NT 10.0; Win64; x64) AppleWebKit/537.36, curl/8.4.0"
185.177.72.50 - - [31/Mar/2026:21:39:00 +0000] "GET /.env.dist HTTP/1.1" 404 16 "-" "Mozilla/5.0 (Windows NT 10.0; Win64; x64) AppleWebKit/537.36, curl/8.4.0"
185.177.72.50 - - [31/Mar/2026:21:39:00 +0000] "GET /.env.template HTTP/1.1" 404 16 "-" "Mozilla/5.0 (Windows NT 10.0; Win64; x64) AppleWebKit/537.36, curl/8.4.0"
185.177.72.50 - - [31/Mar/2026:21:39:00 +0000] "GET /.env.txt HTTP/1.1" 404 16 "-" "Mozilla/5.0 (Windows NT 10.0; Win64; x64) AppleWebKit/537.36, curl/8.4.0"
185.177.72.50 - - [31/Mar/2026:21:39:01 +0000] "GET /products/detail/268955185/ HTTP/1.1" 404 16 "-" "Mozilla/5.0 (Windows NT 10.0; Win64; x64) AppleWebKit/537.36"
185.177.72.50 - - [31/Mar/2026:21:39:01 +0000] "GET /.env.json HTTP/1.1" 404 16 "-" "Mozilla/5.0 (Windows NT 10.0; Win64; x64) AppleWebKit/537.36, curl/8.4.0"
185.177.72.50 - - [31/Mar/2026:21:39:01 +0000] "GET /.env.aws HTTP/1.1" 404 16 "-" "Mozilla/5.0 (Windows NT 10.0; Win64; x64) AppleWebKit/537.36, curl/8.4.0"
185.177.72.50 - - [31/Mar/2026:21:39:01 +0000] "GET /.env.stripe HTTP/1.1" 404 16 "-" "Mozilla/5.0 (Windows NT 10.0; Win64; x64) AppleWebKit/537.36, curl/8.4.0"
185.177.72.50 - - [31/Mar/2026:21:39:01 +0000] "GET /.env_sample HTTP/1.1" 404 16 "-" "Mozilla/5.0 (Windows NT 10.0; Win64; x64) AppleWebKit/537.36, curl/8.4.0"
185.177.72.50 - - [31/Mar/2026:21:39:01 +0000] "GET /env HTTP/1.1" 404 16 "-" "Mozilla/5.0 (Windows NT 10.0; Win64; x64) AppleWebKit/537.36, curl/8.4.0"
185.177.72.50 - - [31/Mar/2026:21:39:01 +0000] "GET /env.backup HTTP/1.1" 404 16 "-" "Mozilla/5.0 (Windows NT 10.0; Win64; x64) AppleWebKit/537.36, curl/8.4.0"
185.177.72.50 - - [31/Mar/2026:21:39:01 +0000] "GET /api/.env HTTP/1.1" 404 16 "-" "Mozilla/5.0 (Windows NT 10.0; Win64; x64) AppleWebKit/537.36, curl/8.4.0"
185.177.72.50 - - [31/Mar/2026:21:39:01 +0000] "GET /api/v1/.env HTTP/1.1" 404 16 "-" "Mozilla/5.0 (Windows NT 10.0; Win64; x64) AppleWebKit/537.36, curl/8.4.0"
185.177.72.50 - - [31/Mar/2026:21:39:01 +0000] "GET /api/v2/.env HTTP/1.1" 404 16 "-" "Mozilla/5.0 (Windows NT 10.0; Win64; x64) AppleWebKit/537.36, curl/8.4.0"
