ruạṛ
190.6.176.90 - - [22/Jun/2025:12:12:33 +0000] "GET /xmlrpc.php HTTP/1.1" 405 42 "http://weddingswithjoy.org.nz" "Mozilla/5.0 (Windows NT 10.0; Win64; x64) AppleWebKit/537.36 (KHTML, like Gecko) Chrome/115.0.5790.102 Safari/537.36"
45.79.238.235 - - [22/Jun/2025:12:16:56 +0000] "POST /wp-cron.php?doing_wp_cron=1750594616.3239951133728027343750 HTTP/1.1" 200 - "-" "WordPress/6.8.1; https://weddingswithjoy.org.nz"
66.94.103.209 - - [22/Jun/2025:12:16:54 +0000] "GET /xmlrpc.php HTTP/1.1" 405 42 "http://weddingswithjoy.org.nz" "Mozilla/5.0 (Macintosh; Intel Mac OS X 10_15_7; rv:125.0.1) Gecko/20100101 Firefox/125.0.1"
45.79.238.235 - - [22/Jun/2025:12:21:24 +0000] "POST /wp-cron.php?doing_wp_cron=1750594884.3726940155029296875000 HTTP/1.1" 200 - "-" "WordPress/6.8.1; https://weddingswithjoy.org.nz"
199.192.22.85 - - [22/Jun/2025:12:21:22 +0000] "GET /xmlrpc.php HTTP/1.1" 405 42 "http://weddingswithjoy.org.nz" "Mozilla/5.0 (Macintosh; Intel Mac OS X 13.3; rv:126.0) Gecko/20100101 Firefox/126.0"
45.79.238.235 - - [22/Jun/2025:12:25:48 +0000] "POST /wp-cron.php?doing_wp_cron=1750595148.6129701137542724609375 HTTP/1.1" 200 - "-" "WordPress/6.8.1; https://weddingswithjoy.org.nz"
78.135.87.2 - - [22/Jun/2025:12:25:47 +0000] "GET /xmlrpc.php HTTP/1.1" 405 42 "http://weddingswithjoy.org.nz" "Mozilla/5.0 (Macintosh; Intel Mac OS X 14_6) AppleWebKit/605.1.15 (KHTML, like Gecko) Version/17.5 Safari/605.1.15"
45.79.238.235 - - [22/Jun/2025:12:28:40 +0000] "POST /wp-cron.php?doing_wp_cron=1750595320.6449780464172363281250 HTTP/1.1" 200 - "-" "WordPress/6.8.1; https://weddingswithjoy.org.nz"
66.249.74.128 - - [22/Jun/2025:12:28:39 +0000] "GET /?utm_source=https%3A%2F%2Fwww.myweddingguide.co.nz&utm_medium=website&utmContent=website_link HTTP/1.1" 200 26512 "-" "Mozilla/5.0 (Linux; Android 6.0.1; Nexus 5X Build/MMB29P) AppleWebKit/537.36 (KHTML, like Gecko) Chrome/137.0.7151.103 Mobile Safari/537.36 (compatible; Googlebot/2.1; +http://www.google.com/bot.html)"
104.236.228.28 - - [22/Jun/2025:12:29:25 +0000] "GET /xmlrpc.php HTTP/1.1" 405 42 "http://weddingswithjoy.org.nz/xmlrpc.php" "Mozilla/5.0 (X11; Ubuntu; Linux x86_64; rv:85.0) Gecko/20100101 Firefox/91.0"
103.213.38.226 - - [22/Jun/2025:12:30:08 +0000] "GET /xmlrpc.php HTTP/1.1" 405 42 "http://weddingswithjoy.org.nz" "Mozilla/5.0 (Windows NT 10.0; Win64; x64) AppleWebKit/537.36 (KHTML, like Gecko) Chrome/126.0.0.0 Safari/537.36 Edg/126.0.0.0"
57.141.2.29 - - [22/Jun/2025:12:31:11 +0000] "GET /wp-sitemap.xml HTTP/1.1" 200 572 "-" "meta-externalagent/1.1 (+https://developers.facebook.com/docs/sharing/webmasters/crawler)"
66.249.74.130 - - [22/Jun/2025:12:31:30 +0000] "GET /wp-content/uploads/2019/06/Image01-1-1024x683.jpg HTTP/1.1" 404 21279 "-" "Googlebot-Image/1.0"
45.79.238.235 - - [22/Jun/2025:12:34:33 +0000] "POST /wp-cron.php?doing_wp_cron=1750595673.0715448856353759765625 HTTP/1.1" 200 - "-" "WordPress/6.8.1; https://weddingswithjoy.org.nz"
103.185.185.188 - - [22/Jun/2025:12:34:31 +0000] "GET /xmlrpc.php HTTP/1.1" 405 42 "http://weddingswithjoy.org.nz" "Mozilla/5.0 (Windows NT 10.0; Win64; x64) AppleWebKit/537.36 (KHTML, like Gecko) Chrome/116.0.5845.96 Safari/537.36"
45.79.238.235 - - [22/Jun/2025:12:39:02 +0000] "POST /wp-cron.php?doing_wp_cron=1750595942.3903009891510009765625 HTTP/1.1" 200 - "-" "WordPress/6.8.1; https://weddingswithjoy.org.nz"
81.93.64.34 - - [22/Jun/2025:12:39:00 +0000] "GET /xmlrpc.php HTTP/1.1" 405 42 "http://weddingswithjoy.org.nz" "Mozilla/5.0 (Macintosh; Intel Mac OS X 10_15_7; rv:127.0) Gecko/20100101 Firefox/127.0"
45.79.238.235 - - [22/Jun/2025:12:43:34 +0000] "POST /wp-cron.php?doing_wp_cron=1750596214.1998150348663330078125 HTTP/1.1" 200 - "-" "WordPress/6.8.1; https://weddingswithjoy.org.nz"
152.53.103.246 - - [22/Jun/2025:12:43:32 +0000] "GET /xmlrpc.php HTTP/1.1" 405 42 "http://weddingswithjoy.org.nz" "Mozilla/5.0 (Windows NT 10.0; Win64; x64) AppleWebKit/537.36 (KHTML, like Gecko) Chrome/112.0.5615.138 Safari/537.36"
45.79.238.235 - - [22/Jun/2025:12:48:03 +0000] "POST /wp-cron.php?doing_wp_cron=1750596483.0288980007171630859375 HTTP/1.1" 200 - "-" "WordPress/6.8.1; https://weddingswithjoy.org.nz"
194.35.13.67 - - [22/Jun/2025:12:48:01 +0000] "GET /xmlrpc.php HTTP/1.1" 405 42 "http://weddingswithjoy.org.nz" "Mozilla/5.0 (Windows NT 10.0; Win64; x64) AppleWebKit/537.36 (KHTML, like Gecko) Chrome/112.0.5615.138 Safari/537.36"
66.249.74.129 - - [22/Jun/2025:12:49:37 +0000] "GET /wp-content/uploads/2023/08/IMG_3616.jpg HTTP/1.1" 304 - "-" "Googlebot-Image/1.0"
45.79.238.235 - - [22/Jun/2025:12:53:57 +0000] "POST /wp-cron.php?doing_wp_cron=1750596837.4739899635314941406250 HTTP/1.1" 200 - "-" "WordPress/6.8.1; https://weddingswithjoy.org.nz"
74.81.38.26 - - [22/Jun/2025:12:53:55 +0000] "GET /xmlrpc.php HTTP/1.1" 405 42 "http://weddingswithjoy.org.nz/xmlrpc.php" "Mozilla/5.0 (X11; Ubuntu; Linux x86_64; rv:85.0) Gecko/20100101 Firefox/91.0"
152.53.110.39 - - [22/Jun/2025:12:56:57 +0000] "GET /xmlrpc.php HTTP/1.1" 405 42 "http://weddingswithjoy.org.nz" "Mozilla/5.0 (Windows NT 10.0; Win64; x64) AppleWebKit/537.36 (KHTML, like Gecko) Chrome/126.0.0.0 Safari/537.36"
45.79.238.235 - - [22/Jun/2025:13:01:30 +0000] "POST /wp-cron.php?doing_wp_cron=1750597290.1963069438934326171875 HTTP/1.1" 200 - "-" "WordPress/6.8.1; https://weddingswithjoy.org.nz"
178.62.201.7 - - [22/Jun/2025:13:01:28 +0000] "GET /xmlrpc.php HTTP/1.1" 405 42 "http://weddingswithjoy.org.nz" "Mozilla/5.0 (Macintosh; Intel Mac OS X 14_4_1) AppleWebKit/605.1.15 (KHTML, like Gecko) Version/17.3.1 Safari/605.1.15"
45.79.238.235 - - [22/Jun/2025:13:05:58 +0000] "POST /wp-cron.php?doing_wp_cron=1750597558.6371390819549560546875 HTTP/1.1" 200 - "-" "WordPress/6.8.1; https://weddingswithjoy.org.nz"
176.9.142.250 - - [22/Jun/2025:13:05:56 +0000] "GET /xmlrpc.php HTTP/1.1" 405 42 "http://weddingswithjoy.org.nz" "Mozilla/5.0 (Windows NT 10.0; Win64; x64; rv:125.0.1) Gecko/20100101 Firefox/125.0.1"
52.167.144.16 - - [22/Jun/2025:13:07:12 +0000] "GET /2020/12/ HTTP/1.1" 200 22722 "-" "Mozilla/5.0 AppleWebKit/537.36 (KHTML, like Gecko; compatible; bingbot/2.0; +http://www.bing.com/bingbot.htm) Chrome/116.0.1938.76 Safari/537.36"
45.79.238.235 - - [22/Jun/2025:13:10:33 +0000] "POST /wp-cron.php?doing_wp_cron=1750597833.0675311088562011718750 HTTP/1.1" 200 - "-" "WordPress/6.8.1; https://weddingswithjoy.org.nz"
209.126.9.193 - - [22/Jun/2025:13:10:31 +0000] "GET /xmlrpc.php HTTP/1.1" 405 42 "http://weddingswithjoy.org.nz" "Mozilla/5.0 (Macintosh; Intel Mac OS X 10_15_7) AppleWebKit/537.36 (KHTML, like Gecko) Chrome/115.0.5790.102 Safari/537.36"
45.79.238.235 - - [22/Jun/2025:13:15:04 +0000] "POST /wp-cron.php?doing_wp_cron=1750598104.4971389770507812500000 HTTP/1.1" 200 - "-" "WordPress/6.8.1; https://weddingswithjoy.org.nz"
103.145.63.232 - - [22/Jun/2025:13:15:02 +0000] "GET /xmlrpc.php HTTP/1.1" 405 42 "http://weddingswithjoy.org.nz" "Mozilla/5.0 (Windows NT 11.0; Win64; x64) AppleWebKit/537.36 (KHTML, like Gecko) Chrome/126.0.0.0 Safari/537.36 Edg/126.0.0.0"
45.79.238.235 - - [22/Jun/2025:13:19:36 +0000] "POST /wp-cron.php?doing_wp_cron=1750598376.2148220539093017578125 HTTP/1.1" 200 - "-" "WordPress/6.8.1; https://weddingswithjoy.org.nz"
62.88.129.75 - - [22/Jun/2025:13:19:34 +0000] "GET /xmlrpc.php HTTP/1.1" 405 42 "http://weddingswithjoy.org.nz" "Mozilla/5.0 (Macintosh; Intel Mac OS X 14_4_1) AppleWebKit/605.1.15 (KHTML, like Gecko) Version/17.3.1 Safari/605.1.15"
216.73.216.254 - - [22/Jun/2025:13:19:52 +0000] "GET /robots.txt HTTP/1.1" 200 123 "-" "Mozilla/5.0 AppleWebKit/537.36 (KHTML, like Gecko; compatible; ClaudeBot/1.0; +claudebot@anthropic.com)"
216.73.216.254 - - [22/Jun/2025:13:19:53 +0000] "GET /wp-sitemap.xml HTTP/1.1" 200 572 "-" "Mozilla/5.0 AppleWebKit/537.36 (KHTML, like Gecko; compatible; ClaudeBot/1.0; +claudebot@anthropic.com)"
54.149.84.239 - - [22/Jun/2025:13:20:01 +0000] "GET /xmlrpc.php HTTP/1.1" 405 42 "http://weddingswithjoy.org.nz/xmlrpc.php" "Mozilla/5.0 (X11; Ubuntu; Linux x86_64; rv:85.0) Gecko/20100101 Firefox/91.0"
34.29.60.191 - - [22/Jun/2025:13:20:25 +0000] "GET / HTTP/1.1" 200 26512 "-" "Mozilla/5.0 (Windows NT 10.0; Win64; x64) AppleWebKit/537.36 (KHTML, like Gecko) Chrome/78.0.3904.108 Safari/537.36"
34.29.60.191 - - [22/Jun/2025:13:20:25 +0000] "GET //wp-includes/wlwmanifest.xml HTTP/1.1" 304 - "-" "Mozilla/5.0 (Windows NT 10.0; Win64; x64) AppleWebKit/537.36 (KHTML, like Gecko) Chrome/78.0.3904.108 Safari/537.36"
34.29.60.191 - - [22/Jun/2025:13:20:25 +0000] "GET //?author=1 HTTP/1.1" 302 - "-" "Mozilla/5.0 (Windows NT 10.0; Win64; x64) AppleWebKit/537.36 (KHTML, like Gecko) Chrome/78.0.3904.108 Safari/537.36"
34.29.60.191 - - [22/Jun/2025:13:20:26 +0000] "GET //?author=2 HTTP/1.1" 302 - "-" "Mozilla/5.0 (Windows NT 10.0; Win64; x64) AppleWebKit/537.36 (KHTML, like Gecko) Chrome/78.0.3904.108 Safari/537.36"
34.29.60.191 - - [22/Jun/2025:13:20:26 +0000] "GET //wp-json/wp/v2/users/ HTTP/1.1" 302 - "-" "Mozilla/5.0 (Windows NT 10.0; Win64; x64) AppleWebKit/537.36 (KHTML, like Gecko) Chrome/78.0.3904.108 Safari/537.36"
34.29.60.191 - - [22/Jun/2025:13:20:26 +0000] "GET //wp-json/oembed/1.0/embed?url=https://weddingswithjoy.org.nz/ HTTP/1.1" 200 2131 "-" "Mozilla/5.0 (Windows NT 10.0; Win64; x64) AppleWebKit/537.36 (KHTML, like Gecko) Chrome/78.0.3904.108 Safari/537.36"
34.29.60.191 - - [22/Jun/2025:13:20:26 +0000] "POST //xmlrpc.php HTTP/1.1" 200 401 "-" "Mozilla/5.0 (Windows NT 10.0; Win64; x64) AppleWebKit/537.36 (KHTML, like Gecko) Chrome/78.0.3904.108 Safari/537.36"
34.29.60.191 - - [22/Jun/2025:13:20:27 +0000] "POST //xmlrpc.php HTTP/1.1" 200 401 "-" "Mozilla/5.0 (Windows NT 10.0; Win64; x64) AppleWebKit/537.36 (KHTML, like Gecko) Chrome/78.0.3904.108 Safari/537.36"
34.29.60.191 - - [22/Jun/2025:13:20:27 +0000] "POST //xmlrpc.php HTTP/1.1" 200 401 "-" "Mozilla/5.0 (Windows NT 10.0; Win64; x64) AppleWebKit/537.36 (KHTML, like Gecko) Chrome/78.0.3904.108 Safari/537.36"
34.29.60.191 - - [22/Jun/2025:13:20:27 +0000] "POST //xmlrpc.php HTTP/1.1" 200 401 "-" "Mozilla/5.0 (Windows NT 10.0; Win64; x64) AppleWebKit/537.36 (KHTML, like Gecko) Chrome/78.0.3904.108 Safari/537.36"
34.29.60.191 - - [22/Jun/2025:13:20:28 +0000] "POST //xmlrpc.php HTTP/1.1" 200 401 "-" "Mozilla/5.0 (Windows NT 10.0; Win64; x64) AppleWebKit/537.36 (KHTML, like Gecko) Chrome/78.0.3904.108 Safari/537.36"
34.29.60.191 - - [22/Jun/2025:13:20:28 +0000] "POST //xmlrpc.php HTTP/1.1" 200 401 "-" "Mozilla/5.0 (Windows NT 10.0; Win64; x64) AppleWebKit/537.36 (KHTML, like Gecko) Chrome/78.0.3904.108 Safari/537.36"
34.29.60.191 - - [22/Jun/2025:13:20:28 +0000] "POST //xmlrpc.php HTTP/1.1" 200 401 "-" "Mozilla/5.0 (Windows NT 10.0; Win64; x64) AppleWebKit/537.36 (KHTML, like Gecko) Chrome/78.0.3904.108 Safari/537.36"
34.29.60.191 - - [22/Jun/2025:13:20:29 +0000] "POST //xmlrpc.php HTTP/1.1" 200 401 "-" "Mozilla/5.0 (Windows NT 10.0; Win64; x64) AppleWebKit/537.36 (KHTML, like Gecko) Chrome/78.0.3904.108 Safari/537.36"
34.29.60.191 - - [22/Jun/2025:13:20:29 +0000] "POST //xmlrpc.php HTTP/1.1" 200 401 "-" "Mozilla/5.0 (Windows NT 10.0; Win64; x64) AppleWebKit/537.36 (KHTML, like Gecko) Chrome/78.0.3904.108 Safari/537.36"
34.29.60.191 - - [22/Jun/2025:13:20:29 +0000] "POST //xmlrpc.php HTTP/1.1" 200 401 "-" "Mozilla/5.0 (Windows NT 10.0; Win64; x64) AppleWebKit/537.36 (KHTML, like Gecko) Chrome/78.0.3904.108 Safari/537.36"
34.29.60.191 - - [22/Jun/2025:13:20:29 +0000] "POST //xmlrpc.php HTTP/1.1" 200 401 "-" "Mozilla/5.0 (Windows NT 10.0; Win64; x64) AppleWebKit/537.36 (KHTML, like Gecko) Chrome/78.0.3904.108 Safari/537.36"
34.29.60.191 - - [22/Jun/2025:13:20:30 +0000] "POST //xmlrpc.php HTTP/1.1" 200 401 "-" "Mozilla/5.0 (Windows NT 10.0; Win64; x64) AppleWebKit/537.36 (KHTML, like Gecko) Chrome/78.0.3904.108 Safari/537.36"
34.29.60.191 - - [22/Jun/2025:13:20:30 +0000] "POST //xmlrpc.php HTTP/1.1" 200 401 "-" "Mozilla/5.0 (Windows NT 10.0; Win64; x64) AppleWebKit/537.36 (KHTML, like Gecko) Chrome/78.0.3904.108 Safari/537.36"
34.29.60.191 - - [22/Jun/2025:13:20:30 +0000] "POST //xmlrpc.php HTTP/1.1" 200 401 "-" "Mozilla/5.0 (Windows NT 10.0; Win64; x64) AppleWebKit/537.36 (KHTML, like Gecko) Chrome/78.0.3904.108 Safari/537.36"
34.29.60.191 - - [22/Jun/2025:13:20:30 +0000] "POST //xmlrpc.php HTTP/1.1" 200 401 "-" "Mozilla/5.0 (Windows NT 10.0; Win64; x64) AppleWebKit/537.36 (KHTML, like Gecko) Chrome/78.0.3904.108 Safari/537.36"
34.29.60.191 - - [22/Jun/2025:13:20:31 +0000] "POST //xmlrpc.php HTTP/1.1" 200 401 "-" "Mozilla/5.0 (Windows NT 10.0; Win64; x64) AppleWebKit/537.36 (KHTML, like Gecko) Chrome/78.0.3904.108 Safari/537.36"
34.29.60.191 - - [22/Jun/2025:13:20:31 +0000] "POST //xmlrpc.php HTTP/1.1" 200 401 "-" "Mozilla/5.0 (Windows NT 10.0; Win64; x64) AppleWebKit/537.36 (KHTML, like Gecko) Chrome/78.0.3904.108 Safari/537.36"
34.29.60.191 - - [22/Jun/2025:13:20:31 +0000] "POST //xmlrpc.php HTTP/1.1" 200 401 "-" "Mozilla/5.0 (Windows NT 10.0; Win64; x64) AppleWebKit/537.36 (KHTML, like Gecko) Chrome/78.0.3904.108 Safari/537.36"
34.29.60.191 - - [22/Jun/2025:13:20:32 +0000] "POST //xmlrpc.php HTTP/1.1" 200 401 "-" "Mozilla/5.0 (Windows NT 10.0; Win64; x64) AppleWebKit/537.36 (KHTML, like Gecko) Chrome/78.0.3904.108 Safari/537.36"
34.29.60.191 - - [22/Jun/2025:13:20:32 +0000] "POST //xmlrpc.php HTTP/1.1" 200 401 "-" "Mozilla/5.0 (Windows NT 10.0; Win64; x64) AppleWebKit/537.36 (KHTML, like Gecko) Chrome/78.0.3904.108 Safari/537.36"
34.29.60.191 - - [22/Jun/2025:13:20:32 +0000] "POST //xmlrpc.php HTTP/1.1" 200 401 "-" "Mozilla/5.0 (Windows NT 10.0; Win64; x64) AppleWebKit/537.36 (KHTML, like Gecko) Chrome/78.0.3904.108 Safari/537.36"
34.29.60.191 - - [22/Jun/2025:13:20:32 +0000] "POST //xmlrpc.php HTTP/1.1" 200 401 "-" "Mozilla/5.0 (Windows NT 10.0; Win64; x64) AppleWebKit/537.36 (KHTML, like Gecko) Chrome/78.0.3904.108 Safari/537.36"
34.29.60.191 - - [22/Jun/2025:13:20:33 +0000] "POST //xmlrpc.php HTTP/1.1" 200 401 "-" "Mozilla/5.0 (Windows NT 10.0; Win64; x64) AppleWebKit/537.36 (KHTML, like Gecko) Chrome/78.0.3904.108 Safari/537.36"
34.29.60.191 - - [22/Jun/2025:13:20:33 +0000] "POST //xmlrpc.php HTTP/1.1" 200 401 "-" "Mozilla/5.0 (Windows NT 10.0; Win64; x64) AppleWebKit/537.36 (KHTML, like Gecko) Chrome/78.0.3904.108 Safari/537.36"
34.29.60.191 - - [22/Jun/2025:13:20:33 +0000] "POST //xmlrpc.php HTTP/1.1" 200 401 "-" "Mozilla/5.0 (Windows NT 10.0; Win64; x64) AppleWebKit/537.36 (KHTML, like Gecko) Chrome/78.0.3904.108 Safari/537.36"
34.29.60.191 - - [22/Jun/2025:13:20:33 +0000] "POST //xmlrpc.php HTTP/1.1" 200 401 "-" "Mozilla/5.0 (Windows NT 10.0; Win64; x64) AppleWebKit/537.36 (KHTML, like Gecko) Chrome/78.0.3904.108 Safari/537.36"
34.29.60.191 - - [22/Jun/2025:13:20:34 +0000] "POST //xmlrpc.php HTTP/1.1" 200 401 "-" "Mozilla/5.0 (Windows NT 10.0; Win64; x64) AppleWebKit/537.36 (KHTML, like Gecko) Chrome/78.0.3904.108 Safari/537.36"
34.29.60.191 - - [22/Jun/2025:13:20:34 +0000] "POST //xmlrpc.php HTTP/1.1" 200 401 "-" "Mozilla/5.0 (Windows NT 10.0; Win64; x64) AppleWebKit/537.36 (KHTML, like Gecko) Chrome/78.0.3904.108 Safari/537.36"
34.29.60.191 - - [22/Jun/2025:13:20:34 +0000] "POST //xmlrpc.php HTTP/1.1" 200 401 "-" "Mozilla/5.0 (Windows NT 10.0; Win64; x64) AppleWebKit/537.36 (KHTML, like Gecko) Chrome/78.0.3904.108 Safari/537.36"
34.29.60.191 - - [22/Jun/2025:13:20:35 +0000] "POST //xmlrpc.php HTTP/1.1" 200 401 "-" "Mozilla/5.0 (Windows NT 10.0; Win64; x64) AppleWebKit/537.36 (KHTML, like Gecko) Chrome/78.0.3904.108 Safari/537.36"
34.29.60.191 - - [22/Jun/2025:13:20:35 +0000] "POST //xmlrpc.php HTTP/1.1" 200 401 "-" "Mozilla/5.0 (Windows NT 10.0; Win64; x64) AppleWebKit/537.36 (KHTML, like Gecko) Chrome/78.0.3904.108 Safari/537.36"
34.29.60.191 - - [22/Jun/2025:13:20:35 +0000] "POST //xmlrpc.php HTTP/1.1" 200 401 "-" "Mozilla/5.0 (Windows NT 10.0; Win64; x64) AppleWebKit/537.36 (KHTML, like Gecko) Chrome/78.0.3904.108 Safari/537.36"
34.29.60.191 - - [22/Jun/2025:13:20:35 +0000] "POST //xmlrpc.php HTTP/1.1" 200 401 "-" "Mozilla/5.0 (Windows NT 10.0; Win64; x64) AppleWebKit/537.36 (KHTML, like Gecko) Chrome/78.0.3904.108 Safari/537.36"
34.29.60.191 - - [22/Jun/2025:13:20:36 +0000] "POST //xmlrpc.php HTTP/1.1" 200 401 "-" "Mozilla/5.0 (Windows NT 10.0; Win64; x64) AppleWebKit/537.36 (KHTML, like Gecko) Chrome/78.0.3904.108 Safari/537.36"
34.29.60.191 - - [22/Jun/2025:13:20:36 +0000] "POST //xmlrpc.php HTTP/1.1" 200 401 "-" "Mozilla/5.0 (Windows NT 10.0; Win64; x64) AppleWebKit/537.36 (KHTML, like Gecko) Chrome/78.0.3904.108 Safari/537.36"
34.29.60.191 - - [22/Jun/2025:13:20:36 +0000] "POST //xmlrpc.php HTTP/1.1" 200 401 "-" "Mozilla/5.0 (Windows NT 10.0; Win64; x64) AppleWebKit/537.36 (KHTML, like Gecko) Chrome/78.0.3904.108 Safari/537.36"
34.29.60.191 - - [22/Jun/2025:13:20:36 +0000] "POST //xmlrpc.php HTTP/1.1" 200 401 "-" "Mozilla/5.0 (Windows NT 10.0; Win64; x64) AppleWebKit/537.36 (KHTML, like Gecko) Chrome/78.0.3904.108 Safari/537.36"
34.29.60.191 - - [22/Jun/2025:13:20:37 +0000] "POST //xmlrpc.php HTTP/1.1" 200 401 "-" "Mozilla/5.0 (Windows NT 10.0; Win64; x64) AppleWebKit/537.36 (KHTML, like Gecko) Chrome/78.0.3904.108 Safari/537.36"
34.29.60.191 - - [22/Jun/2025:13:20:37 +0000] "POST //xmlrpc.php HTTP/1.1" 200 401 "-" "Mozilla/5.0 (Windows NT 10.0; Win64; x64) AppleWebKit/537.36 (KHTML, like Gecko) Chrome/78.0.3904.108 Safari/537.36"
34.29.60.191 - - [22/Jun/2025:13:20:37 +0000] "POST //xmlrpc.php HTTP/1.1" 200 401 "-" "Mozilla/5.0 (Windows NT 10.0; Win64; x64) AppleWebKit/537.36 (KHTML, like Gecko) Chrome/78.0.3904.108 Safari/537.36"
34.29.60.191 - - [22/Jun/2025:13:20:38 +0000] "POST //xmlrpc.php HTTP/1.1" 200 401 "-" "Mozilla/5.0 (Windows NT 10.0; Win64; x64) AppleWebKit/537.36 (KHTML, like Gecko) Chrome/78.0.3904.108 Safari/537.36"
34.29.60.191 - - [22/Jun/2025:13:20:38 +0000] "POST //xmlrpc.php HTTP/1.1" 200 401 "-" "Mozilla/5.0 (Windows NT 10.0; Win64; x64) AppleWebKit/537.36 (KHTML, like Gecko) Chrome/78.0.3904.108 Safari/537.36"
34.29.60.191 - - [22/Jun/2025:13:20:38 +0000] "POST //xmlrpc.php HTTP/1.1" 200 401 "-" "Mozilla/5.0 (Windows NT 10.0; Win64; x64) AppleWebKit/537.36 (KHTML, like Gecko) Chrome/78.0.3904.108 Safari/537.36"
34.29.60.191 - - [22/Jun/2025:13:20:38 +0000] "POST //xmlrpc.php HTTP/1.1" 200 401 "-" "Mozilla/5.0 (Windows NT 10.0; Win64; x64) AppleWebKit/537.36 (KHTML, like Gecko) Chrome/78.0.3904.108 Safari/537.36"
34.29.60.191 - - [22/Jun/2025:13:20:39 +0000] "POST //xmlrpc.php HTTP/1.1" 200 401 "-" "Mozilla/5.0 (Windows NT 10.0; Win64; x64) AppleWebKit/537.36 (KHTML, like Gecko) Chrome/78.0.3904.108 Safari/537.36"
34.29.60.191 - - [22/Jun/2025:13:20:39 +0000] "POST //xmlrpc.php HTTP/1.1" 200 401 "-" "Mozilla/5.0 (Windows NT 10.0; Win64; x64) AppleWebKit/537.36 (KHTML, like Gecko) Chrome/78.0.3904.108 Safari/537.36"
34.29.60.191 - - [22/Jun/2025:13:20:39 +0000] "POST //xmlrpc.php HTTP/1.1" 200 401 "-" "Mozilla/5.0 (Windows NT 10.0; Win64; x64) AppleWebKit/537.36 (KHTML, like Gecko) Chrome/78.0.3904.108 Safari/537.36"
34.29.60.191 - - [22/Jun/2025:13:20:39 +0000] "POST //xmlrpc.php HTTP/1.1" 200 401 "-" "Mozilla/5.0 (Windows NT 10.0; Win64; x64) AppleWebKit/537.36 (KHTML, like Gecko) Chrome/78.0.3904.108 Safari/537.36"
34.29.60.191 - - [22/Jun/2025:13:20:40 +0000] "POST //xmlrpc.php HTTP/1.1" 200 401 "-" "Mozilla/5.0 (Windows NT 10.0; Win64; x64) AppleWebKit/537.36 (KHTML, like Gecko) Chrome/78.0.3904.108 Safari/537.36"
34.29.60.191 - - [22/Jun/2025:13:20:40 +0000] "POST //xmlrpc.php HTTP/1.1" 200 401 "-" "Mozilla/5.0 (Windows NT 10.0; Win64; x64) AppleWebKit/537.36 (KHTML, like Gecko) Chrome/78.0.3904.108 Safari/537.36"
34.29.60.191 - - [22/Jun/2025:13:20:40 +0000] "POST //xmlrpc.php HTTP/1.1" 200 401 "-" "Mozilla/5.0 (Windows NT 10.0; Win64; x64) AppleWebKit/537.36 (KHTML, like Gecko) Chrome/78.0.3904.108 Safari/537.36"
34.29.60.191 - - [22/Jun/2025:13:20:41 +0000] "POST //xmlrpc.php HTTP/1.1" 200 401 "-" "Mozilla/5.0 (Windows NT 10.0; Win64; x64) AppleWebKit/537.36 (KHTML, like Gecko) Chrome/78.0.3904.108 Safari/537.36"
34.29.60.191 - - [22/Jun/2025:13:20:41 +0000] "POST //xmlrpc.php HTTP/1.1" 200 401 "-" "Mozilla/5.0 (Windows NT 10.0; Win64; x64) AppleWebKit/537.36 (KHTML, like Gecko) Chrome/78.0.3904.108 Safari/537.36"
34.29.60.191 - - [22/Jun/2025:13:20:41 +0000] "POST //xmlrpc.php HTTP/1.1" 200 401 "-" "Mozilla/5.0 (Windows NT 10.0; Win64; x64) AppleWebKit/537.36 (KHTML, like Gecko) Chrome/78.0.3904.108 Safari/537.36"
34.29.60.191 - - [22/Jun/2025:13:20:41 +0000] "POST //xmlrpc.php HTTP/1.1" 200 401 "-" "Mozilla/5.0 (Windows NT 10.0; Win64; x64) AppleWebKit/537.36 (KHTML, like Gecko) Chrome/78.0.3904.108 Safari/537.36"
34.29.60.191 - - [22/Jun/2025:13:20:42 +0000] "POST //xmlrpc.php HTTP/1.1" 200 401 "-" "Mozilla/5.0 (Windows NT 10.0; Win64; x64) AppleWebKit/537.36 (KHTML, like Gecko) Chrome/78.0.3904.108 Safari/537.36"
34.29.60.191 - - [22/Jun/2025:13:20:42 +0000] "POST //xmlrpc.php HTTP/1.1" 200 401 "-" "Mozilla/5.0 (Windows NT 10.0; Win64; x64) AppleWebKit/537.36 (KHTML, like Gecko) Chrome/78.0.3904.108 Safari/537.36"
34.29.60.191 - - [22/Jun/2025:13:20:42 +0000] "POST //xmlrpc.php HTTP/1.1" 200 401 "-" "Mozilla/5.0 (Windows NT 10.0; Win64; x64) AppleWebKit/537.36 (KHTML, like Gecko) Chrome/78.0.3904.108 Safari/537.36"
34.29.60.191 - - [22/Jun/2025:13:20:42 +0000] "POST //xmlrpc.php HTTP/1.1" 200 401 "-" "Mozilla/5.0 (Windows NT 10.0; Win64; x64) AppleWebKit/537.36 (KHTML, like Gecko) Chrome/78.0.3904.108 Safari/537.36"
34.29.60.191 - - [22/Jun/2025:13:20:43 +0000] "POST //xmlrpc.php HTTP/1.1" 200 401 "-" "Mozilla/5.0 (Windows NT 10.0; Win64; x64) AppleWebKit/537.36 (KHTML, like Gecko) Chrome/78.0.3904.108 Safari/537.36"
34.29.60.191 - - [22/Jun/2025:13:20:43 +0000] "POST //xmlrpc.php HTTP/1.1" 200 401 "-" "Mozilla/5.0 (Windows NT 10.0; Win64; x64) AppleWebKit/537.36 (KHTML, like Gecko) Chrome/78.0.3904.108 Safari/537.36"
34.29.60.191 - - [22/Jun/2025:13:20:43 +0000] "POST //xmlrpc.php HTTP/1.1" 200 401 "-" "Mozilla/5.0 (Windows NT 10.0; Win64; x64) AppleWebKit/537.36 (KHTML, like Gecko) Chrome/78.0.3904.108 Safari/537.36"
34.29.60.191 - - [22/Jun/2025:13:20:44 +0000] "POST //xmlrpc.php HTTP/1.1" 200 401 "-" "Mozilla/5.0 (Windows NT 10.0; Win64; x64) AppleWebKit/537.36 (KHTML, like Gecko) Chrome/78.0.3904.108 Safari/537.36"
34.29.60.191 - - [22/Jun/2025:13:20:44 +0000] "POST //xmlrpc.php HTTP/1.1" 200 401 "-" "Mozilla/5.0 (Windows NT 10.0; Win64; x64) AppleWebKit/537.36 (KHTML, like Gecko) Chrome/78.0.3904.108 Safari/537.36"
34.29.60.191 - - [22/Jun/2025:13:20:44 +0000] "POST //xmlrpc.php HTTP/1.1" 200 401 "-" "Mozilla/5.0 (Windows NT 10.0; Win64; x64) AppleWebKit/537.36 (KHTML, like Gecko) Chrome/78.0.3904.108 Safari/537.36"
34.29.60.191 - - [22/Jun/2025:13:20:44 +0000] "POST //xmlrpc.php HTTP/1.1" 200 401 "-" "Mozilla/5.0 (Windows NT 10.0; Win64; x64) AppleWebKit/537.36 (KHTML, like Gecko) Chrome/78.0.3904.108 Safari/537.36"
34.29.60.191 - - [22/Jun/2025:13:20:45 +0000] "POST //xmlrpc.php HTTP/1.1" 200 401 "-" "Mozilla/5.0 (Windows NT 10.0; Win64; x64) AppleWebKit/537.36 (KHTML, like Gecko) Chrome/78.0.3904.108 Safari/537.36"
34.29.60.191 - - [22/Jun/2025:13:20:45 +0000] "POST //xmlrpc.php HTTP/1.1" 200 401 "-" "Mozilla/5.0 (Windows NT 10.0; Win64; x64) AppleWebKit/537.36 (KHTML, like Gecko) Chrome/78.0.3904.108 Safari/537.36"
34.29.60.191 - - [22/Jun/2025:13:20:45 +0000] "POST //xmlrpc.php HTTP/1.1" 200 401 "-" "Mozilla/5.0 (Windows NT 10.0; Win64; x64) AppleWebKit/537.36 (KHTML, like Gecko) Chrome/78.0.3904.108 Safari/537.36"
34.29.60.191 - - [22/Jun/2025:13:20:45 +0000] "POST //xmlrpc.php HTTP/1.1" 200 401 "-" "Mozilla/5.0 (Windows NT 10.0; Win64; x64) AppleWebKit/537.36 (KHTML, like Gecko) Chrome/78.0.3904.108 Safari/537.36"
34.29.60.191 - - [22/Jun/2025:13:20:46 +0000] "POST //xmlrpc.php HTTP/1.1" 200 401 "-" "Mozilla/5.0 (Windows NT 10.0; Win64; x64) AppleWebKit/537.36 (KHTML, like Gecko) Chrome/78.0.3904.108 Safari/537.36"
34.29.60.191 - - [22/Jun/2025:13:20:46 +0000] "POST //xmlrpc.php HTTP/1.1" 200 401 "-" "Mozilla/5.0 (Windows NT 10.0; Win64; x64) AppleWebKit/537.36 (KHTML, like Gecko) Chrome/78.0.3904.108 Safari/537.36"
34.29.60.191 - - [22/Jun/2025:13:20:46 +0000] "POST //xmlrpc.php HTTP/1.1" 200 401 "-" "Mozilla/5.0 (Windows NT 10.0; Win64; x64) AppleWebKit/537.36 (KHTML, like Gecko) Chrome/78.0.3904.108 Safari/537.36"
34.29.60.191 - - [22/Jun/2025:13:20:46 +0000] "POST //xmlrpc.php HTTP/1.1" 200 401 "-" "Mozilla/5.0 (Windows NT 10.0; Win64; x64) AppleWebKit/537.36 (KHTML, like Gecko) Chrome/78.0.3904.108 Safari/537.36"
34.29.60.191 - - [22/Jun/2025:13:20:47 +0000] "POST //xmlrpc.php HTTP/1.1" 200 401 "-" "Mozilla/5.0 (Windows NT 10.0; Win64; x64) AppleWebKit/537.36 (KHTML, like Gecko) Chrome/78.0.3904.108 Safari/537.36"
34.29.60.191 - - [22/Jun/2025:13:20:47 +0000] "POST //xmlrpc.php HTTP/1.1" 200 401 "-" "Mozilla/5.0 (Windows NT 10.0; Win64; x64) AppleWebKit/537.36 (KHTML, like Gecko) Chrome/78.0.3904.108 Safari/537.36"
34.29.60.191 - - [22/Jun/2025:13:20:47 +0000] "POST //xmlrpc.php HTTP/1.1" 200 401 "-" "Mozilla/5.0 (Windows NT 10.0; Win64; x64) AppleWebKit/537.36 (KHTML, like Gecko) Chrome/78.0.3904.108 Safari/537.36"
34.29.60.191 - - [22/Jun/2025:13:20:48 +0000] "POST //xmlrpc.php HTTP/1.1" 200 401 "-" "Mozilla/5.0 (Windows NT 10.0; Win64; x64) AppleWebKit/537.36 (KHTML, like Gecko) Chrome/78.0.3904.108 Safari/537.36"
34.29.60.191 - - [22/Jun/2025:13:20:48 +0000] "POST //xmlrpc.php HTTP/1.1" 200 401 "-" "Mozilla/5.0 (Windows NT 10.0; Win64; x64) AppleWebKit/537.36 (KHTML, like Gecko) Chrome/78.0.3904.108 Safari/537.36"
34.29.60.191 - - [22/Jun/2025:13:20:48 +0000] "POST //xmlrpc.php HTTP/1.1" 200 401 "-" "Mozilla/5.0 (Windows NT 10.0; Win64; x64) AppleWebKit/537.36 (KHTML, like Gecko) Chrome/78.0.3904.108 Safari/537.36"
34.29.60.191 - - [22/Jun/2025:13:20:48 +0000] "POST //xmlrpc.php HTTP/1.1" 200 401 "-" "Mozilla/5.0 (Windows NT 10.0; Win64; x64) AppleWebKit/537.36 (KHTML, like Gecko) Chrome/78.0.3904.108 Safari/537.36"
34.29.60.191 - - [22/Jun/2025:13:20:49 +0000] "POST //xmlrpc.php HTTP/1.1" 200 401 "-" "Mozilla/5.0 (Windows NT 10.0; Win64; x64) AppleWebKit/537.36 (KHTML, like Gecko) Chrome/78.0.3904.108 Safari/537.36"
34.29.60.191 - - [22/Jun/2025:13:20:49 +0000] "POST //xmlrpc.php HTTP/1.1" 200 401 "-" "Mozilla/5.0 (Windows NT 10.0; Win64; x64) AppleWebKit/537.36 (KHTML, like Gecko) Chrome/78.0.3904.108 Safari/537.36"
34.29.60.191 - - [22/Jun/2025:13:20:49 +0000] "POST //xmlrpc.php HTTP/1.1" 200 401 "-" "Mozilla/5.0 (Windows NT 10.0; Win64; x64) AppleWebKit/537.36 (KHTML, like Gecko) Chrome/78.0.3904.108 Safari/537.36"
34.29.60.191 - - [22/Jun/2025:13:20:49 +0000] "POST //xmlrpc.php HTTP/1.1" 200 401 "-" "Mozilla/5.0 (Windows NT 10.0; Win64; x64) AppleWebKit/537.36 (KHTML, like Gecko) Chrome/78.0.3904.108 Safari/537.36"
34.29.60.191 - - [22/Jun/2025:13:20:50 +0000] "POST //xmlrpc.php HTTP/1.1" 200 401 "-" "Mozilla/5.0 (Windows NT 10.0; Win64; x64) AppleWebKit/537.36 (KHTML, like Gecko) Chrome/78.0.3904.108 Safari/537.36"
34.29.60.191 - - [22/Jun/2025:13:20:50 +0000] "POST //xmlrpc.php HTTP/1.1" 200 401 "-" "Mozilla/5.0 (Windows NT 10.0; Win64; x64) AppleWebKit/537.36 (KHTML, like Gecko) Chrome/78.0.3904.108 Safari/537.36"
34.29.60.191 - - [22/Jun/2025:13:20:50 +0000] "POST //xmlrpc.php HTTP/1.1" 200 401 "-" "Mozilla/5.0 (Windows NT 10.0; Win64; x64) AppleWebKit/537.36 (KHTML, like Gecko) Chrome/78.0.3904.108 Safari/537.36"
34.29.60.191 - - [22/Jun/2025:13:20:51 +0000] "POST //xmlrpc.php HTTP/1.1" 200 401 "-" "Mozilla/5.0 (Windows NT 10.0; Win64; x64) AppleWebKit/537.36 (KHTML, like Gecko) Chrome/78.0.3904.108 Safari/537.36"
34.29.60.191 - - [22/Jun/2025:13:20:51 +0000] "POST //xmlrpc.php HTTP/1.1" 200 401 "-" "Mozilla/5.0 (Windows NT 10.0; Win64; x64) AppleWebKit/537.36 (KHTML, like Gecko) Chrome/78.0.3904.108 Safari/537.36"
34.29.60.191 - - [22/Jun/2025:13:20:51 +0000] "POST //xmlrpc.php HTTP/1.1" 200 401 "-" "Mozilla/5.0 (Windows NT 10.0; Win64; x64) AppleWebKit/537.36 (KHTML, like Gecko) Chrome/78.0.3904.108 Safari/537.36"
34.29.60.191 - - [22/Jun/2025:13:20:51 +0000] "POST //xmlrpc.php HTTP/1.1" 200 401 "-" "Mozilla/5.0 (Windows NT 10.0; Win64; x64) AppleWebKit/537.36 (KHTML, like Gecko) Chrome/78.0.3904.108 Safari/537.36"
34.29.60.191 - - [22/Jun/2025:13:20:52 +0000] "POST //xmlrpc.php HTTP/1.1" 200 401 "-" "Mozilla/5.0 (Windows NT 10.0; Win64; x64) AppleWebKit/537.36 (KHTML, like Gecko) Chrome/78.0.3904.108 Safari/537.36"
34.29.60.191 - - [22/Jun/2025:13:20:52 +0000] "POST //xmlrpc.php HTTP/1.1" 200 401 "-" "Mozilla/5.0 (Windows NT 10.0; Win64; x64) AppleWebKit/537.36 (KHTML, like Gecko) Chrome/78.0.3904.108 Safari/537.36"
34.29.60.191 - - [22/Jun/2025:13:20:52 +0000] "POST //xmlrpc.php HTTP/1.1" 200 401 "-" "Mozilla/5.0 (Windows NT 10.0; Win64; x64) AppleWebKit/537.36 (KHTML, like Gecko) Chrome/78.0.3904.108 Safari/537.36"
34.29.60.191 - - [22/Jun/2025:13:20:52 +0000] "POST //xmlrpc.php HTTP/1.1" 200 401 "-" "Mozilla/5.0 (Windows NT 10.0; Win64; x64) AppleWebKit/537.36 (KHTML, like Gecko) Chrome/78.0.3904.108 Safari/537.36"
34.29.60.191 - - [22/Jun/2025:13:20:53 +0000] "POST //xmlrpc.php HTTP/1.1" 200 401 "-" "Mozilla/5.0 (Windows NT 10.0; Win64; x64) AppleWebKit/537.36 (KHTML, like Gecko) Chrome/78.0.3904.108 Safari/537.36"
34.29.60.191 - - [22/Jun/2025:13:20:53 +0000] "POST //xmlrpc.php HTTP/1.1" 200 401 "-" "Mozilla/5.0 (Windows NT 10.0; Win64; x64) AppleWebKit/537.36 (KHTML, like Gecko) Chrome/78.0.3904.108 Safari/537.36"
34.29.60.191 - - [22/Jun/2025:13:20:53 +0000] "POST //xmlrpc.php HTTP/1.1" 200 401 "-" "Mozilla/5.0 (Windows NT 10.0; Win64; x64) AppleWebKit/537.36 (KHTML, like Gecko) Chrome/78.0.3904.108 Safari/537.36"
34.29.60.191 - - [22/Jun/2025:13:20:54 +0000] "POST //xmlrpc.php HTTP/1.1" 200 401 "-" "Mozilla/5.0 (Windows NT 10.0; Win64; x64) AppleWebKit/537.36 (KHTML, like Gecko) Chrome/78.0.3904.108 Safari/537.36"
34.29.60.191 - - [22/Jun/2025:13:20:54 +0000] "POST //xmlrpc.php HTTP/1.1" 200 401 "-" "Mozilla/5.0 (Windows NT 10.0; Win64; x64) AppleWebKit/537.36 (KHTML, like Gecko) Chrome/78.0.3904.108 Safari/537.36"
34.29.60.191 - - [22/Jun/2025:13:20:54 +0000] "POST //xmlrpc.php HTTP/1.1" 200 401 "-" "Mozilla/5.0 (Windows NT 10.0; Win64; x64) AppleWebKit/537.36 (KHTML, like Gecko) Chrome/78.0.3904.108 Safari/537.36"
34.29.60.191 - - [22/Jun/2025:13:20:54 +0000] "POST //xmlrpc.php HTTP/1.1" 200 401 "-" "Mozilla/5.0 (Windows NT 10.0; Win64; x64) AppleWebKit/537.36 (KHTML, like Gecko) Chrome/78.0.3904.108 Safari/537.36"
34.29.60.191 - - [22/Jun/2025:13:20:55 +0000] "POST //xmlrpc.php HTTP/1.1" 200 401 "-" "Mozilla/5.0 (Windows NT 10.0; Win64; x64) AppleWebKit/537.36 (KHTML, like Gecko) Chrome/78.0.3904.108 Safari/537.36"
34.29.60.191 - - [22/Jun/2025:13:20:55 +0000] "POST //xmlrpc.php HTTP/1.1" 200 401 "-" "Mozilla/5.0 (Windows NT 10.0; Win64; x64) AppleWebKit/537.36 (KHTML, like Gecko) Chrome/78.0.3904.108 Safari/537.36"
34.29.60.191 - - [22/Jun/2025:13:20:55 +0000] "POST //xmlrpc.php HTTP/1.1" 200 401 "-" "Mozilla/5.0 (Windows NT 10.0; Win64; x64) AppleWebKit/537.36 (KHTML, like Gecko) Chrome/78.0.3904.108 Safari/537.36"
34.29.60.191 - - [22/Jun/2025:13:20:55 +0000] "POST //xmlrpc.php HTTP/1.1" 200 401 "-" "Mozilla/5.0 (Windows NT 10.0; Win64; x64) AppleWebKit/537.36 (KHTML, like Gecko) Chrome/78.0.3904.108 Safari/537.36"
34.29.60.191 - - [22/Jun/2025:13:20:56 +0000] "POST //xmlrpc.php HTTP/1.1" 200 401 "-" "Mozilla/5.0 (Windows NT 10.0; Win64; x64) AppleWebKit/537.36 (KHTML, like Gecko) Chrome/78.0.3904.108 Safari/537.36"
34.29.60.191 - - [22/Jun/2025:13:20:56 +0000] "POST //xmlrpc.php HTTP/1.1" 200 401 "-" "Mozilla/5.0 (Windows NT 10.0; Win64; x64) AppleWebKit/537.36 (KHTML, like Gecko) Chrome/78.0.3904.108 Safari/537.36"
34.29.60.191 - - [22/Jun/2025:13:20:56 +0000] "POST //xmlrpc.php HTTP/1.1" 200 401 "-" "Mozilla/5.0 (Windows NT 10.0; Win64; x64) AppleWebKit/537.36 (KHTML, like Gecko) Chrome/78.0.3904.108 Safari/537.36"
34.29.60.191 - - [22/Jun/2025:13:20:57 +0000] "POST //xmlrpc.php HTTP/1.1" 200 401 "-" "Mozilla/5.0 (Windows NT 10.0; Win64; x64) AppleWebKit/537.36 (KHTML, like Gecko) Chrome/78.0.3904.108 Safari/537.36"
34.29.60.191 - - [22/Jun/2025:13:20:57 +0000] "POST //xmlrpc.php HTTP/1.1" 200 401 "-" "Mozilla/5.0 (Windows NT 10.0; Win64; x64) AppleWebKit/537.36 (KHTML, like Gecko) Chrome/78.0.3904.108 Safari/537.36"
34.29.60.191 - - [22/Jun/2025:13:20:57 +0000] "POST //xmlrpc.php HTTP/1.1" 200 401 "-" "Mozilla/5.0 (Windows NT 10.0; Win64; x64) AppleWebKit/537.36 (KHTML, like Gecko) Chrome/78.0.3904.108 Safari/537.36"
34.29.60.191 - - [22/Jun/2025:13:20:57 +0000] "POST //xmlrpc.php HTTP/1.1" 200 401 "-" "Mozilla/5.0 (Windows NT 10.0; Win64; x64) AppleWebKit/537.36 (KHTML, like Gecko) Chrome/78.0.3904.108 Safari/537.36"
45.79.238.235 - - [22/Jun/2025:13:24:02 +0000] "POST /wp-cron.php?doing_wp_cron=1750598642.3102750778198242187500 HTTP/1.1" 200 - "-" "WordPress/6.8.1; https://weddingswithjoy.org.nz"
162.249.236.130 - - [22/Jun/2025:13:24:00 +0000] "GET /xmlrpc.php HTTP/1.1" 405 42 "http://weddingswithjoy.org.nz" "Mozilla/5.0 (Windows NT 10.0; Win64; x64) AppleWebKit/537.36 (KHTML, like Gecko) Chrome/116.0.5845.96 Safari/537.36"
45.79.238.235 - - [22/Jun/2025:13:28:30 +0000] "POST /wp-cron.php?doing_wp_cron=1750598910.8133230209350585937500 HTTP/1.1" 200 - "-" "WordPress/6.8.1; https://weddingswithjoy.org.nz"
81.88.53.43 - - [22/Jun/2025:13:28:29 +0000] "GET /xmlrpc.php HTTP/1.1" 405 42 "http://weddingswithjoy.org.nz" "Mozilla/5.0 (Macintosh; Intel Mac OS X 10_15_7) AppleWebKit/537.36 (KHTML, like Gecko) Chrome/114.0.5735.134 Safari/537.36"
45.79.238.235 - - [22/Jun/2025:13:33:00 +0000] "POST /wp-cron.php?doing_wp_cron=1750599180.1240758895874023437500 HTTP/1.1" 200 - "-" "WordPress/6.8.1; https://weddingswithjoy.org.nz"
66.102.128.22 - - [22/Jun/2025:13:32:58 +0000] "GET /xmlrpc.php HTTP/1.1" 405 42 "http://weddingswithjoy.org.nz" "Mozilla/5.0 (Windows NT 10.0; Win64; x64) AppleWebKit/537.36 (KHTML, like Gecko) Chrome/115.0.5790.171 Safari/537.36 Edg/115.0.1901.203"
45.79.238.235 - - [22/Jun/2025:13:41:38 +0000] "POST /wp-cron.php?doing_wp_cron=1750599698.7640020847320556640625 HTTP/1.1" 200 - "-" "WordPress/6.8.1; https://weddingswithjoy.org.nz"
66.249.74.128 - - [22/Jun/2025:13:41:37 +0000] "GET /?utm_source=https%3A%2F%2Fwww.myweddingguide.co.nz&utm_medium=website&utmContent=website_link HTTP/1.1" 200 26512 "-" "Mozilla/5.0 (Linux; Android 6.0.1; Nexus 5X Build/MMB29P) AppleWebKit/537.36 (KHTML, like Gecko) Chrome/137.0.7151.103 Mobile Safari/537.36 (compatible; Googlebot/2.1; +http://www.google.com/bot.html)"
159.89.97.218 - - [22/Jun/2025:13:41:56 +0000] "GET /xmlrpc.php HTTP/1.1" 405 42 "http://weddingswithjoy.org.nz" "Mozilla/5.0 (Macintosh; Intel Mac OS X 14_6) AppleWebKit/605.1.15 (KHTML, like Gecko) Version/17.5 Safari/605.1.15"
66.249.74.128 - - [22/Jun/2025:13:43:29 +0000] "GET /wp-content/uploads/2023/08/Glen-Mel-Feb-2018.jpg HTTP/1.1" 200 52327 "-" "Googlebot-Image/1.0"
45.79.238.235 - - [22/Jun/2025:13:47:06 +0000] "POST /wp-cron.php?doing_wp_cron=1750600026.9174408912658691406250 HTTP/1.1" 200 - "-" "WordPress/6.8.1; https://weddingswithjoy.org.nz"
89.38.23.196 - - [22/Jun/2025:13:47:05 +0000] "GET /xmlrpc.php HTTP/1.1" 405 42 "http://weddingswithjoy.org.nz" "Mozilla/5.0 (Windows NT 10.0; Win64; x64) AppleWebKit/537.36 (KHTML, like Gecko) Chrome/116.0.5845.96 Safari/537.36 Edg/116.0.1938.62"
89.38.23.196 - - [22/Jun/2025:13:47:08 +0000] "POST /wp-login.php HTTP/1.1" 200 9985 "https://weddingswithjoy.org.nz" "Mozilla/5.0 (Macintosh; Intel Mac OS X 13_3) AppleWebKit/537.36 (KHTML, like Gecko) Chrome/126.0.0.0 Safari/537.36 Edg/126.0.0.0"
45.79.238.235 - - [22/Jun/2025:13:50:50 +0000] "POST /wp-cron.php?doing_wp_cron=1750600250.1691229343414306640625 HTTP/1.1" 200 - "-" "WordPress/6.8.1; https://weddingswithjoy.org.nz"
45.134.226.158 - - [22/Jun/2025:13:50:48 +0000] "GET /xmlrpc.php HTTP/1.1" 405 42 "http://weddingswithjoy.org.nz/xmlrpc.php" "Mozilla/5.0 (X11; Ubuntu; Linux x86_64; rv:85.0) Gecko/20100101 Firefox/91.0"
45.79.238.235 - - [22/Jun/2025:13:53:44 +0000] "POST /wp-cron.php?doing_wp_cron=1750600424.6622691154479980468750 HTTP/1.1" 200 - "-" "WordPress/6.8.1; https://weddingswithjoy.org.nz"
103.42.58.99 - - [22/Jun/2025:13:53:43 +0000] "GET /xmlrpc.php HTTP/1.1" 405 42 "http://weddingswithjoy.org.nz" "Mozilla/5.0 (Macintosh; Intel Mac OS X 10_15_7) AppleWebKit/537.36 (KHTML, like Gecko) Chrome/113.0.5672.93 Safari/537.36"
103.42.58.99 - - [22/Jun/2025:13:53:45 +0000] "POST /wp-login.php HTTP/1.1" 200 9986 "https://weddingswithjoy.org.nz" "Mozilla/5.0 (Macintosh; Intel Mac OS X 10_15_7) AppleWebKit/537.36 (KHTML, like Gecko) Chrome/112.0.5615.138 Safari/537.36"
45.79.238.235 - - [22/Jun/2025:14:00:22 +0000] "POST /wp-cron.php?doing_wp_cron=1750600821.9080181121826171875000 HTTP/1.1" 200 - "-" "WordPress/6.8.1; https://weddingswithjoy.org.nz"
161.35.227.192 - - [22/Jun/2025:14:00:20 +0000] "GET /xmlrpc.php HTTP/1.1" 405 42 "http://weddingswithjoy.org.nz" "Mozilla/5.0 (Macintosh; Intel Mac OS X 14_6) AppleWebKit/605.1.15 (KHTML, like Gecko) Version/17.5 Safari/605.1.15"
161.35.227.192 - - [22/Jun/2025:14:00:22 +0000] "POST /wp-login.php HTTP/1.1" 200 9989 "https://weddingswithjoy.org.nz" "Mozilla/5.0 (Macintosh; Intel Mac OS X 10_15_7; rv:125.0.1) Gecko/20100101 Firefox/125.0.1"
45.79.238.235 - - [22/Jun/2025:14:06:57 +0000] "POST /wp-cron.php?doing_wp_cron=1750601217.2878170013427734375000 HTTP/1.1" 200 - "-" "WordPress/6.8.1; https://weddingswithjoy.org.nz"
113.45.227.187 - - [22/Jun/2025:14:06:55 +0000] "GET /xmlrpc.php HTTP/1.1" 405 42 "http://weddingswithjoy.org.nz" "Mozilla/5.0 (Windows NT 10.0; Win64; x64) AppleWebKit/537.36 (KHTML, like Gecko) Chrome/112.0.5615.138 Safari/537.36"
66.249.74.130 - - [22/Jun/2025:14:13:30 +0000] "GET /wp-content/uploads/2017/03/SH-me-handing-docs-over-683x1024.jpg HTTP/1.1" 200 158074 "-" "Googlebot-Image/1.0"
45.79.238.235 - - [22/Jun/2025:14:14:43 +0000] "POST /wp-cron.php?doing_wp_cron=1750601682.9710829257965087890625 HTTP/1.1" 200 - "-" "WordPress/6.8.1; https://weddingswithjoy.org.nz"
133.125.41.126 - - [22/Jun/2025:14:14:41 +0000] "GET /xmlrpc.php HTTP/1.1" 405 42 "http://weddingswithjoy.org.nz/xmlrpc.php" "Mozilla/5.0 (X11; Ubuntu; Linux x86_64; rv:85.0) Gecko/20100101 Firefox/91.0"
66.249.74.128 - - [22/Jun/2025:14:16:42 +0000] "GET /wp-content/uploads/2017/06/HomeImageThree-800x480.jpg HTTP/1.1" 304 - "-" "Googlebot-Image/1.0"
51.222.253.15 - - [22/Jun/2025:14:28:19 +0000] "GET /wp-sitemap.xml HTTP/1.1" 200 572 "-" "Mozilla/5.0 (compatible; AhrefsBot/7.0; +http://ahrefs.com/robot/)"
45.79.238.235 - - [22/Jun/2025:14:28:19 +0000] "POST /wp-cron.php?doing_wp_cron=1750602499.5736370086669921875000 HTTP/1.1" 200 - "-" "WordPress/6.8.1; https://weddingswithjoy.org.nz"
54.36.148.149 - - [22/Jun/2025:14:28:17 +0000] "GET /robots.txt HTTP/1.1" 200 123 "-" "Mozilla/5.0 (compatible; AhrefsBot/7.0; +http://ahrefs.com/robot/)"
51.222.253.13 - - [22/Jun/2025:14:28:21 +0000] "GET /wp-sitemap-posts-post-1.xml HTTP/1.1" 200 2141 "-" "Mozilla/5.0 (compatible; AhrefsBot/7.0; +http://ahrefs.com/robot/)"
51.222.253.18 - - [22/Jun/2025:14:28:26 +0000] "GET /wp-sitemap-posts-page-1.xml HTTP/1.1" 200 1164 "-" "Mozilla/5.0 (compatible; AhrefsBot/7.0; +http://ahrefs.com/robot/)"
51.222.253.8 - - [22/Jun/2025:14:28:31 +0000] "GET /wp-sitemap-taxonomies-category-1.xml HTTP/1.1" 200 349 "-" "Mozilla/5.0 (compatible; AhrefsBot/7.0; +http://ahrefs.com/robot/)"
51.222.253.14 - - [22/Jun/2025:14:28:35 +0000] "GET /wp-sitemap-users-1.xml HTTP/1.1" 200 338 "-" "Mozilla/5.0 (compatible; AhrefsBot/7.0; +http://ahrefs.com/robot/)"
114.119.142.210 - - [22/Jun/2025:14:29:16 +0000] "GET /2016/01 HTTP/1.1" 301 - "https://weddingswithjoy.org.nz/2018/02" "Mozilla/5.0 (Linux; Android 7.0;) AppleWebKit/537.36 (KHTML, like Gecko) Mobile Safari/537.36 (compatible; PetalBot;+https://webmaster.petalsearch.com/site/petalbot)"
114.119.142.210 - - [22/Jun/2025:14:29:19 +0000] "GET /2016/01/ HTTP/1.1" 200 22257 "https://weddingswithjoy.org.nz/2018/02" "Mozilla/5.0 (Linux; Android 7.0;) AppleWebKit/537.36 (KHTML, like Gecko) Mobile Safari/537.36 (compatible; PetalBot;+https://webmaster.petalsearch.com/site/petalbot)"
45.79.238.235 - - [22/Jun/2025:14:33:51 +0000] "POST /wp-cron.php?doing_wp_cron=1750602831.2798988819122314453125 HTTP/1.1" 200 - "-" "WordPress/6.8.1; https://weddingswithjoy.org.nz"
114.119.142.210 - - [22/Jun/2025:14:33:49 +0000] "GET /wp-login.php?action=lostpassword HTTP/1.1" 200 3679 "https://weddingswithjoy.org.nz/login" "Mozilla/5.0 (Linux; Android 7.0;) AppleWebKit/537.36 (KHTML, like Gecko) Mobile Safari/537.36 (compatible; PetalBot;+https://webmaster.petalsearch.com/site/petalbot)"
107.151.208.194 - - [22/Jun/2025:14:36:49 +0000] "GET /wp-admin/css/ HTTP/1.1" 200 19369 "binance.com" "Mozilla/5.0 (Windows NT 10.0; Win64; x64) AppleWebKit/537.36 (KHTML, like Gecko) Chrome/90.0.4430.85 Safari/537.36"
107.151.208.194 - - [22/Jun/2025:14:36:53 +0000] "GET /wp-content/uploads/2025/06/ HTTP/1.1" 200 666 "binance.com" "Mozilla/5.0 (Windows NT 10.0; Win64; x64) AppleWebKit/537.36 (KHTML, like Gecko) Chrome/90.0.4430.85 Safari/537.36"
107.151.208.194 - - [22/Jun/2025:14:36:57 +0000] "GET /wp-content/uploads/2025/05/ HTTP/1.1" 200 666 "binance.com" "Mozilla/5.0 (Windows NT 10.0; Win64; x64) AppleWebKit/537.36 (KHTML, like Gecko) Chrome/90.0.4430.85 Safari/537.36"
107.151.208.194 - - [22/Jun/2025:14:37:02 +0000] "GET /wp-content/uploads/ HTTP/1.1" 200 3082 "binance.com" "Mozilla/5.0 (Windows NT 10.0; Win64; x64) AppleWebKit/537.36 (KHTML, like Gecko) Chrome/90.0.4430.85 Safari/537.36"
107.151.208.194 - - [22/Jun/2025:14:37:09 +0000] "GET /wp-content/upgrade/ HTTP/1.1" 200 637 "binance.com" "Mozilla/5.0 (Windows NT 10.0; Win64; x64) AppleWebKit/537.36 (KHTML, like Gecko) Chrome/90.0.4430.85 Safari/537.36"
107.151.208.194 - - [22/Jun/2025:14:37:14 +0000] "GET /wp-content/languages/ HTTP/1.1" 200 15497 "binance.com" "Mozilla/5.0 (Windows NT 10.0; Win64; x64) AppleWebKit/537.36 (KHTML, like Gecko) Chrome/90.0.4430.85 Safari/537.36"
165.22.223.164 - - [22/Jun/2025:14:37:13 +0000] "GET /xmlrpc.php HTTP/1.1" 405 42 "http://weddingswithjoy.org.nz" "Mozilla/5.0 (Windows NT 10.0; Win64; x64; rv:129.0) Gecko/20100101 Firefox/129.0"
107.151.208.194 - - [22/Jun/2025:14:37:18 +0000] "GET /wp-content/languages/ HTTP/1.1" 200 15497 "binance.com" "Mozilla/5.0 (Windows NT 10.0; Win64; x64) AppleWebKit/537.36 (KHTML, like Gecko) Chrome/90.0.4430.85 Safari/537.36"
107.151.208.194 - - [22/Jun/2025:14:37:23 +0000] "GET /wp-content/languages/admin-en_NZ.l10n.php HTTP/1.1" 200 - "binance.com" "Mozilla/5.0 (Windows NT 10.0; Win64; x64) AppleWebKit/537.36 (KHTML, like Gecko) Chrome/90.0.4430.85 Safari/537.36"
107.151.208.194 - - [22/Jun/2025:14:37:26 +0000] "GET /wp-content/languages/admin-network-en_NZ.l10n.php HTTP/1.1" 200 - "binance.com" "Mozilla/5.0 (Windows NT 10.0; Win64; x64) AppleWebKit/537.36 (KHTML, like Gecko) Chrome/90.0.4430.85 Safari/537.36"
107.151.208.194 - - [22/Jun/2025:14:37:30 +0000] "GET /wp-content/languages/en_NZ.l10n.php HTTP/1.1" 200 - "binance.com" "Mozilla/5.0 (Windows NT 10.0; Win64; x64) AppleWebKit/537.36 (KHTML, like Gecko) Chrome/90.0.4430.85 Safari/537.36"
107.151.208.194 - - [22/Jun/2025:14:37:34 +0000] "GET /wp-admin/includes/ HTTP/1.1" 200 20996 "binance.com" "Mozilla/5.0 (Windows NT 10.0; Win64; x64) AppleWebKit/537.36 (KHTML, like Gecko) Chrome/90.0.4430.85 Safari/537.36"
107.151.208.194 - - [22/Jun/2025:14:37:40 +0000] "GET /wp-admin/includes/ HTTP/1.1" 200 20996 "binance.com" "Mozilla/5.0 (Windows NT 10.0; Win64; x64) AppleWebKit/537.36 (KHTML, like Gecko) Chrome/90.0.4430.85 Safari/537.36"
107.151.208.194 - - [22/Jun/2025:14:37:44 +0000] "GET /wp-admin/maint/ HTTP/1.1" 200 805 "binance.com" "Mozilla/5.0 (Windows NT 10.0; Win64; x64) AppleWebKit/537.36 (KHTML, like Gecko) Chrome/90.0.4430.85 Safari/537.36"
107.151.208.194 - - [22/Jun/2025:14:37:49 +0000] "GET /wp-admin/maint/ HTTP/1.1" 200 805 "binance.com" "Mozilla/5.0 (Windows NT 10.0; Win64; x64) AppleWebKit/537.36 (KHTML, like Gecko) Chrome/90.0.4430.85 Safari/537.36"
107.151.208.194 - - [22/Jun/2025:14:37:53 +0000] "GET /wp-admin/network/ HTTP/1.1" 302 - "binance.com" "Mozilla/5.0 (Windows NT 10.0; Win64; x64) AppleWebKit/537.36 (KHTML, like Gecko) Chrome/90.0.4430.85 Safari/537.36"
107.151.208.194 - - [22/Jun/2025:14:37:53 +0000] "GET /wp-login.php?redirect_to=https%3A%2F%2Fweddingswithjoy.org.nz%2Fwp-admin%2Fnetwork%2F&reauth=1 HTTP/1.1" 200 9682 "binance.com" "Mozilla/5.0 (Windows NT 10.0; Win64; x64) AppleWebKit/537.36 (KHTML, like Gecko) Chrome/90.0.4430.85 Safari/537.36"
45.79.238.235 - - [22/Jun/2025:14:37:59 +0000] "POST /wp-cron.php?doing_wp_cron=1750603079.2206680774688720703125 HTTP/1.1" 200 - "-" "WordPress/6.8.1; https://weddingswithjoy.org.nz"
107.151.208.194 - - [22/Jun/2025:14:37:59 +0000] "GET /wp-admin/user/ HTTP/1.1" 302 - "binance.com" "Mozilla/5.0 (Windows NT 10.0; Win64; x64) AppleWebKit/537.36 (KHTML, like Gecko) Chrome/90.0.4430.85 Safari/537.36"
107.151.208.194 - - [22/Jun/2025:14:37:59 +0000] "GET /wp-login.php?redirect_to=https%3A%2F%2Fweddingswithjoy.org.nz%2Fwp-admin%2Fuser%2F&reauth=1 HTTP/1.1" 200 9676 "binance.com" "Mozilla/5.0 (Windows NT 10.0; Win64; x64) AppleWebKit/537.36 (KHTML, like Gecko) Chrome/90.0.4430.85 Safari/537.36"
107.151.208.194 - - [22/Jun/2025:14:38:08 +0000] "GET /wp-admin/css/ HTTP/1.1" 200 19369 "binance.com" "Mozilla/5.0 (Windows NT 10.0; Win64; x64) AppleWebKit/537.36 (KHTML, like Gecko) Chrome/90.0.4430.85 Safari/537.36"
107.151.208.194 - - [22/Jun/2025:14:38:10 +0000] "GET /wp-admin/css/colors/ HTTP/1.1" 200 2585 "binance.com" "Mozilla/5.0 (Windows NT 10.0; Win64; x64) AppleWebKit/537.36 (KHTML, like Gecko) Chrome/90.0.4430.85 Safari/537.36"
107.151.208.194 - - [22/Jun/2025:14:38:14 +0000] "GET /wp-admin/css/colors/blue/ HTTP/1.1" 200 1565 "binance.com" "Mozilla/5.0 (Windows NT 10.0; Win64; x64) AppleWebKit/537.36 (KHTML, like Gecko) Chrome/90.0.4430.85 Safari/537.36"
107.151.208.194 - - [22/Jun/2025:14:38:20 +0000] "GET /wp-admin/css/colors/coffee/ HTTP/1.1" 200 1569 "binance.com" "Mozilla/5.0 (Windows NT 10.0; Win64; x64) AppleWebKit/537.36 (KHTML, like Gecko) Chrome/90.0.4430.85 Safari/537.36"
107.151.208.194 - - [22/Jun/2025:14:38:22 +0000] "GET /wp-admin/css/colors/ectoplasm/ HTTP/1.1" 200 1575 "binance.com" "Mozilla/5.0 (Windows NT 10.0; Win64; x64) AppleWebKit/537.36 (KHTML, like Gecko) Chrome/90.0.4430.85 Safari/537.36"
107.151.208.194 - - [22/Jun/2025:14:38:25 +0000] "GET /wp-admin/css/colors/light/ HTTP/1.1" 200 1567 "binance.com" "Mozilla/5.0 (Windows NT 10.0; Win64; x64) AppleWebKit/537.36 (KHTML, like Gecko) Chrome/90.0.4430.85 Safari/537.36"
107.151.208.194 - - [22/Jun/2025:14:38:29 +0000] "GET /wp-admin/css/colors/midnight/ HTTP/1.1" 200 1573 "binance.com" "Mozilla/5.0 (Windows NT 10.0; Win64; x64) AppleWebKit/537.36 (KHTML, like Gecko) Chrome/90.0.4430.85 Safari/537.36"
107.151.208.194 - - [22/Jun/2025:14:38:41 +0000] "GET /wp-admin/css/colors/modern/ HTTP/1.1" 200 1569 "binance.com" "Mozilla/5.0 (Windows NT 10.0; Win64; x64) AppleWebKit/537.36 (KHTML, like Gecko) Chrome/90.0.4430.85 Safari/537.36"
107.151.208.194 - - [22/Jun/2025:14:38:47 +0000] "GET /wp-admin/css/colors/ocean/ HTTP/1.1" 200 1567 "binance.com" "Mozilla/5.0 (Windows NT 10.0; Win64; x64) AppleWebKit/537.36 (KHTML, like Gecko) Chrome/90.0.4430.85 Safari/537.36"
107.151.208.194 - - [22/Jun/2025:14:38:55 +0000] "GET /wp-admin/css/colors/sunrise/ HTTP/1.1" 200 1571 "binance.com" "Mozilla/5.0 (Windows NT 10.0; Win64; x64) AppleWebKit/537.36 (KHTML, like Gecko) Chrome/90.0.4430.85 Safari/537.36"
107.151.208.194 - - [22/Jun/2025:14:39:00 +0000] "GET /wp-admin/images/ HTTP/1.1" 200 15678 "binance.com" "Mozilla/5.0 (Windows NT 10.0; Win64; x64) AppleWebKit/537.36 (KHTML, like Gecko) Chrome/90.0.4430.85 Safari/537.36"
107.151.208.194 - - [22/Jun/2025:14:39:04 +0000] "GET /wp-admin/js/ HTTP/1.1" 200 18683 "binance.com" "Mozilla/5.0 (Windows NT 10.0; Win64; x64) AppleWebKit/537.36 (KHTML, like Gecko) Chrome/90.0.4430.85 Safari/537.36"
107.151.208.194 - - [22/Jun/2025:14:39:08 +0000] "GET /wp-admin/js/widgets/ HTTP/1.1" 200 3313 "binance.com" "Mozilla/5.0 (Windows NT 10.0; Win64; x64) AppleWebKit/537.36 (KHTML, like Gecko) Chrome/90.0.4430.85 Safari/537.36"
107.151.208.194 - - [22/Jun/2025:14:39:12 +0000] "GET /wp-includes/ HTTP/1.1" 200 52246 "binance.com" "Mozilla/5.0 (Windows NT 10.0; Win64; x64) AppleWebKit/537.36 (KHTML, like Gecko) Chrome/90.0.4430.85 Safari/537.36"
107.151.208.194 - - [22/Jun/2025:14:39:16 +0000] "GET /wp-includes/ HTTP/1.1" 200 52246 "binance.com" "Mozilla/5.0 (Windows NT 10.0; Win64; x64) AppleWebKit/537.36 (KHTML, like Gecko) Chrome/90.0.4430.85 Safari/537.36"
107.151.208.194 - - [22/Jun/2025:14:39:21 +0000] "GET /wp-includes/block-bindings.php HTTP/1.1" 200 - "binance.com" "Mozilla/5.0 (Windows NT 10.0; Win64; x64) AppleWebKit/537.36 (KHTML, like Gecko) Chrome/90.0.4430.85 Safari/537.36"
107.151.208.194 - - [22/Jun/2025:14:39:26 +0000] "GET /wp-includes/block-editor.php HTTP/1.1" 200 - "binance.com" "Mozilla/5.0 (Windows NT 10.0; Win64; x64) AppleWebKit/537.36 (KHTML, like Gecko) Chrome/90.0.4430.85 Safari/537.36"
107.151.208.194 - - [22/Jun/2025:14:39:30 +0000] "GET /wp-includes/block-template-utils.php HTTP/1.1" 200 - "binance.com" "Mozilla/5.0 (Windows NT 10.0; Win64; x64) AppleWebKit/537.36 (KHTML, like Gecko) Chrome/90.0.4430.85 Safari/537.36"
107.151.208.194 - - [22/Jun/2025:14:39:33 +0000] "GET /wp-includes/block-template.php HTTP/1.1" 200 - "binance.com" "Mozilla/5.0 (Windows NT 10.0; Win64; x64) AppleWebKit/537.36 (KHTML, like Gecko) Chrome/90.0.4430.85 Safari/537.36"
107.151.208.194 - - [22/Jun/2025:14:39:36 +0000] "GET /wp-includes/class-avif-info.php HTTP/1.1" 200 - "binance.com" "Mozilla/5.0 (Windows NT 10.0; Win64; x64) AppleWebKit/537.36 (KHTML, like Gecko) Chrome/90.0.4430.85 Safari/537.36"
